2024-04-21T08:29:01.812+0000 7f629d945700 1 --2- 172.21.15.86:0/613807472 >> [v2:172.21.15.86:6800/2143206409,v1:172.21.15.86:6801/2143206409] conn(0x7f62840396c0 0x7f628403bb80 secure :-1 s=READY pgs=9 cs=0 l=1 rev1=1 crypto rx=0x7f6288006fd0 tx=0x7f6288006e40 comp rx=0 tx=0).ready entity=mgr.14120 client_cookie=0 server_cookie=0 in_seq=0 out_seq=0
2024-04-21T08:29:02.806 INFO:teuthology.orchestra.run.smithi086.stdout:/usr/bin/ceph: stderr
2024-04-21T08:29:01.817+0000 7f628f7fe700 1 -- 172.21.15.86:0/613807472 <== mon.0 v2:172.21.15.86:3300/0 6 ==== mon_command_ack([{"prefix": "get_command_descriptions"}]=0 v0) ==== 72+0+188370 (secure 0 0 0) 0x7f629400be50 con 0x7f6298106660
2024-04-21T08:29:02.806 INFO:teuthology.orchestra.run.smithi086.stdout:/usr/bin/ceph: stderr
2024-04-21T08:29:02.017+0000 7f62a03aa700 1 -- 172.21.15.86:0/613807472 --> [v2:172.21.15.86:6800/2143206409,v1:172.21.15.86:6801/2143206409] -- mgr_command(tid 0: {"prefix": "cephadm generate-key", "target": ["mon-mgr", ""]}) -- 0x7f62981030f0 con 0x7f62840396c0
2024-04-21T08:29:02.806 INFO:teuthology.orchestra.run.smithi086.stdout:/usr/bin/ceph: stderr
2024-04-21T08:29:02.218+0000 7f628f7fe700 1 -- 172.21.15.86:0/613807472 <== mgr.14120 v2:172.21.15.86:6800/2143206409 1 ==== mgr_command_reply(tid 0: 0 ) ==== 8+0+0 (secure 0 0 0) 0x7f62981030f0 con 0x7f62840396c0
2024-04-21T08:29:02.807 INFO:teuthology.orchestra.run.smithi086.stdout:/usr/bin/ceph: stderr
2024-04-21T08:29:02.220+0000 7f62a03aa700 1 -- 172.21.15.86:0/613807472 >> [v2:172.21.15.86:6800/2143206409,v1:172.21.15.86:6801/2143206409] conn(0x7f62840396c0 msgr2=0x7f628403bb80 secure :-1 s=STATE_CONNECTION_ESTABLISHED l=1).mark_down
2024-04-21T08:29:02.807 INFO:teuthology.orchestra.run.smithi086.stdout:/usr/bin/ceph: stderr
2024-04-21T08:29:02.220+0000 7f62a03aa700 1 --2- 172.21.15.86:0/613807472 >> [v2:172.21.15.86:6800/2143206409,v1:172.21.15.86:6801/2143206409] conn(0x7f62840396c0 0x7f628403bb80 secure :-1 s=READY pgs=9 cs=0 l=1 rev1=1 crypto rx=0x7f6288006fd0 tx=0x7f6288006e40 comp rx=0 tx=0).stop
2024-04-21T08:29:02.807 INFO:teuthology.orchestra.run.smithi086.stdout:/usr/bin/ceph: stderr
2024-04-21T08:29:02.220+0000 7f62a03aa700 1 -- 172.21.15.86:0/613807472 >> [v2:172.21.15.86:3300/0,v1:172.21.15.86:6789/0] conn(0x7f6298106660 msgr2=0x7f629819c210 secure :-1 s=STATE_CONNECTION_ESTABLISHED l=1).mark_down
2024-04-21T08:29:02.807 INFO:teuthology.orchestra.run.smithi086.stdout:/usr/bin/ceph: stderr
2024-04-21T08:29:02.220+0000 7f62a03aa700 1 --2- 172.21.15.86:0/613807472 >> [v2:172.21.15.86:3300/0,v1:172.21.15.86:6789/0] conn(0x7f6298106660 0x7f629819c210 secure :-1 s=READY pgs=42 cs=0 l=1 rev1=1 crypto rx=0x7f6294000c00 tx=0x7f6294011b70 comp rx=0 tx=0).stop
2024-04-21T08:29:02.807 INFO:teuthology.orchestra.run.smithi086.stdout:/usr/bin/ceph: stderr
2024-04-21T08:29:02.220+0000 7f62a03aa700 1 -- 172.21.15.86:0/613807472 shutdown_connections
2024-04-21T08:29:02.807 INFO:teuthology.orchestra.run.smithi086.stdout:/usr/bin/ceph: stderr
2024-04-21T08:29:02.220+0000 7f62a03aa700 1 --2- 172.21.15.86:0/613807472 >> [v2:172.21.15.86:6800/2143206409,v1:172.21.15.86:6801/2143206409] conn(0x7f62840396c0 0x7f628403bb80 unknown :-1 s=CLOSED pgs=9 cs=0 l=1 rev1=1 crypto rx=0 tx=0 comp rx=0 tx=0).stop
2024-04-21T08:29:02.807 INFO:teuthology.orchestra.run.smithi086.stdout:/usr/bin/ceph: stderr
2024-04-21T08:29:02.220+0000 7f62a03aa700 1 --2- 172.21.15.86:0/613807472 >> [v2:172.21.15.86:3300/0,v1:172.21.15.86:6789/0] conn(0x7f6298106660 0x7f629819c210 unknown :-1 s=CLOSED pgs=42 cs=0 l=1 rev1=1 crypto rx=0 tx=0 comp rx=0 tx=0).stop
2024-04-21T08:29:02.807 INFO:teuthology.orchestra.run.smithi086.stdout:/usr/bin/ceph: stderr
2024-04-21T08:29:02.220+0000 7f62a03aa700 1 -- 172.21.15.86:0/613807472 >> 172.21.15.86:0/613807472 conn(0x7f6298101fb0 msgr2=0x7f62981029e0 unknown :-1 s=STATE_NONE l=0).mark_down
2024-04-21T08:29:02.807 INFO:teuthology.orchestra.run.smithi086.stdout:/usr/bin/ceph: stderr
2024-04-21T08:29:02.220+0000 7f62a03aa700 1 -- 172.21.15.86:0/613807472 shutdown_connections
2024-04-21T08:29:02.807 INFO:teuthology.orchestra.run.smithi086.stdout:/usr/bin/ceph: stderr
2024-04-21T08:29:02.220+0000 7f62a03aa700 1 -- 172.21.15.86:0/613807472 wait complete.
2024-04-21T08:29:03.866 INFO:journalctl@ceph.mon.a.smithi086.stdout:Apr 21 08:29:03 smithi086 ceph-mon[27939]: from='client.14136 -' entity='client.admin' cmd=[{"prefix": "cephadm generate-key", "target": ["mon-mgr", ""]}]: dispatch
2024-04-21T08:29:03.866 INFO:journalctl@ceph.mon.a.smithi086.stdout:Apr 21 08:29:03 smithi086 ceph-mon[27939]: Generating ssh key...
2024-04-21T08:29:03.984 INFO:teuthology.orchestra.run.smithi086.stdout:/usr/bin/ceph: stdout ssh-rsa AAAAB3NzaC1yc2EAAAADAQABAAABgQC6kglyLLRmoLt8PcpxPgppEi4yJspZMBDoafJN50b/Kv1iDtR4x6WeIhI7YYuOnpcUKh5vBpkoRuF2oLVQ4ia5tZV6VXy2eOKB61WtSG2C2so8O/4xKbvTovqS9C5fCU6JBjknroUSIUQjr+wNMF9tbXiI07evecXfR6Vlrp1L/cDgzfvDfCvgRXiUjlCUnL0hCFBtAZ4L07pSyvMfp/LqlSPhcoe2oMgxHvryc6jXy1Iyta9+WLRRt3eqQFnx7fQINBGNtb0ZRtlPAvmIoJwDl0vSFw4yYsvzrH39shxthSQ4D0ps2tcUNk9LCPuxWx9yloixVpg3+sCDN9eDHaFVU3iCcEhuuz5Rc5Iufcy0i8SDpSC40Hs5+m6xHYPj3zbdZkseYmjMXk12Zg3wIcRLO5SLiscVHUtmEDbUCpTvXYqMbMm1KJgkNaqs9rwz8yl0+E+vcqz3itBsxr8192eVh8H7NJfiTxTM4kyPp9ebNReo9kZ5+O84zuLEJl61g20= ceph-f8cec7cc-ffb8-11ee-bc93-c7b262605968
2024-04-21T08:29:03.984 INFO:teuthology.orchestra.run.smithi086.stdout:/usr/bin/ceph: stderr
2024-04-21T08:29:03.243+0000 7f289a2c6700 1 Processor -- start
2024-04-21T08:29:03.984 INFO:teuthology.orchestra.run.smithi086.stdout:/usr/bin/ceph: stderr
2024-04-21T08:29:03.243+0000 7f289a2c6700 1 -- start start
2024-04-21T08:29:03.984 INFO:teuthology.orchestra.run.smithi086.stdout:/usr/bin/ceph: stderr
2024-04-21T08:29:03.244+0000 7f289a2c6700 1 --2- >> [v2:172.21.15.86:3300/0,v1:172.21.15.86:6789/0] conn(0x7f289407de10 0x7f289407c310 unknown :-1 s=NONE pgs=0 cs=0 l=0 rev1=0 crypto rx=0 tx=0 comp rx=0 tx=0).connect
2024-04-21T08:29:03.984 INFO:teuthology.orchestra.run.smithi086.stdout:/usr/bin/ceph: stderr
2024-04-21T08:29:03.244+0000 7f289a2c6700 1 -- --> [v2:172.21.15.86:3300/0,v1:172.21.15.86:6789/0] -- mon_getmap magic: 0 -- 0x7f289407c850 con 0x7f289407de10
2024-04-21T08:29:03.985 INFO:teuthology.orchestra.run.smithi086.stdout:/usr/bin/ceph: stderr
2024-04-21T08:29:03.244+0000 7f2893fff700 1 --2- >> [v2:172.21.15.86:3300/0,v1:172.21.15.86:6789/0] conn(0x7f289407de10 0x7f289407c310 unknown :-1 s=BANNER_CONNECTING pgs=0 cs=0 l=0 rev1=0 crypto rx=0 tx=0 comp rx=0 tx=0)._handle_peer_banner_payload supported=3 required=0
2024-04-21T08:29:03.985 INFO:teuthology.orchestra.run.smithi086.stdout:/usr/bin/ceph: stderr
2024-04-21T08:29:03.244+0000 7f2893fff700 1 --2- >> [v2:172.21.15.86:3300/0,v1:172.21.15.86:6789/0] conn(0x7f289407de10 0x7f289407c310 unknown :-1 s=HELLO_CONNECTING pgs=0 cs=0 l=0 rev1=1 crypto rx=0 tx=0 comp rx=0 tx=0).handle_hello peer v2:172.21.15.86:3300/0 says I am v2:172.21.15.86:44060/0 (socket says 172.21.15.86:44060)
2024-04-21T08:29:03.985 INFO:teuthology.orchestra.run.smithi086.stdout:/usr/bin/ceph: stderr
2024-04-21T08:29:03.244+0000 7f2893fff700 1 -- 172.21.15.86:0/1184722791 learned_addr learned my addr 172.21.15.86:0/1184722791 (peer_addr_for_me v2:172.21.15.86:0/0)
2024-04-21T08:29:03.985 INFO:teuthology.orchestra.run.smithi086.stdout:/usr/bin/ceph: stderr
2024-04-21T08:29:03.244+0000 7f2893fff700 1 -- 172.21.15.86:0/1184722791 --> [v2:172.21.15.86:3300/0,v1:172.21.15.86:6789/0] -- mon_subscribe({config=0+,monmap=0+}) -- 0x7f289407c9d0 con 0x7f289407de10
2024-04-21T08:29:03.985 INFO:teuthology.orchestra.run.smithi086.stdout:/usr/bin/ceph: stderr
2024-04-21T08:29:03.244+0000 7f2893fff700 1 --2- 172.21.15.86:0/1184722791 >> [v2:172.21.15.86:3300/0,v1:172.21.15.86:6789/0] conn(0x7f289407de10 0x7f289407c310 secure :-1 s=READY pgs=43 cs=0 l=1 rev1=1 crypto rx=0x7f28880098a0 tx=0x7f2888009bb0 comp rx=0 tx=0).ready entity=mon.0 client_cookie=1f8896c682a3cc86 server_cookie=0 in_seq=0 out_seq=0
2024-04-21T08:29:03.985 INFO:teuthology.orchestra.run.smithi086.stdout:/usr/bin/ceph: stderr
2024-04-21T08:29:03.244+0000 7f2892ffd700 1 -- 172.21.15.86:0/1184722791 <== mon.0 v2:172.21.15.86:3300/0 1 ==== mon_map magic: 0 ==== 205+0+0 (secure 0 0 0) 0x7f2888004160 con 0x7f289407de10
2024-04-21T08:29:03.985 INFO:teuthology.orchestra.run.smithi086.stdout:/usr/bin/ceph: stderr
2024-04-21T08:29:03.244+0000 7f2892ffd700 1 -- 172.21.15.86:0/1184722791 <== mon.0 v2:172.21.15.86:3300/0 2 ==== config(26 keys) ==== 1070+0+0 (secure 0 0 0) 0x7f2888004300 con 0x7f289407de10
2024-04-21T08:29:03.985 INFO:teuthology.orchestra.run.smithi086.stdout:/usr/bin/ceph: stderr
2024-04-21T08:29:03.244+0000 7f2892ffd700 1 -- 172.21.15.86:0/1184722791 <== mon.0 v2:172.21.15.86:3300/0 3 ==== mon_map magic: 0 ==== 205+0+0 (secure 0 0 0) 0x7f2888011af0 con 0x7f289407de10
2024-04-21T08:29:03.985 INFO:teuthology.orchestra.run.smithi086.stdout:/usr/bin/ceph: stderr
2024-04-21T08:29:03.245+0000 7f289a2c6700 1 -- 172.21.15.86:0/1184722791 >> [v2:172.21.15.86:3300/0,v1:172.21.15.86:6789/0] conn(0x7f289407de10 msgr2=0x7f289407c310 secure :-1 s=STATE_CONNECTION_ESTABLISHED l=1).mark_down
2024-04-21T08:29:03.985 INFO:teuthology.orchestra.run.smithi086.stdout:/usr/bin/ceph: stderr
2024-04-21T08:29:03.245+0000 7f289a2c6700 1 --2- 172.21.15.86:0/1184722791 >> [v2:172.21.15.86:3300/0,v1:172.21.15.86:6789/0] conn(0x7f289407de10 0x7f289407c310 secure :-1 s=READY pgs=43 cs=0 l=1 rev1=1 crypto rx=0x7f28880098a0 tx=0x7f2888009bb0 comp rx=0 tx=0).stop
2024-04-21T08:29:03.985 INFO:teuthology.orchestra.run.smithi086.stdout:/usr/bin/ceph: stderr
2024-04-21T08:29:03.245+0000 7f289a2c6700 1 -- 172.21.15.86:0/1184722791 shutdown_connections
2024-04-21T08:29:03.985 INFO:teuthology.orchestra.run.smithi086.stdout:/usr/bin/ceph: stderr
2024-04-21T08:29:03.245+0000 7f289a2c6700 1 --2- 172.21.15.86:0/1184722791 >> [v2:172.21.15.86:3300/0,v1:172.21.15.86:6789/0] conn(0x7f289407de10 0x7f289407c310 unknown :-1 s=CLOSED pgs=43 cs=0 l=1 rev1=1 crypto rx=0 tx=0 comp rx=0 tx=0).stop
2024-04-21T08:29:03.985 INFO:teuthology.orchestra.run.smithi086.stdout:/usr/bin/ceph: stderr
2024-04-21T08:29:03.245+0000 7f289a2c6700 1 -- 172.21.15.86:0/1184722791 >> 172.21.15.86:0/1184722791 conn(0x7f28941039c0 msgr2=0x7f2894105e40 unknown :-1 s=STATE_NONE l=0).mark_down
2024-04-21T08:29:03.985 INFO:teuthology.orchestra.run.smithi086.stdout:/usr/bin/ceph: stderr
2024-04-21T08:29:03.245+0000 7f289a2c6700 1 -- 172.21.15.86:0/1184722791 shutdown_connections
2024-04-21T08:29:03.986 INFO:teuthology.orchestra.run.smithi086.stdout:/usr/bin/ceph: stderr
2024-04-21T08:29:03.245+0000 7f289a2c6700 1 -- 172.21.15.86:0/1184722791 wait complete.
2024-04-21T08:29:03.986 INFO:teuthology.orchestra.run.smithi086.stdout:/usr/bin/ceph: stderr
2024-04-21T08:29:03.246+0000 7f289a2c6700 1 Processor -- start
2024-04-21T08:29:03.986 INFO:teuthology.orchestra.run.smithi086.stdout:/usr/bin/ceph: stderr
2024-04-21T08:29:03.246+0000 7f289a2c6700 1 -- start start
2024-04-21T08:29:03.986 INFO:teuthology.orchestra.run.smithi086.stdout:/usr/bin/ceph: stderr
2024-04-21T08:29:03.246+0000 7f289a2c6700 1 --2- >> [v2:172.21.15.86:3300/0,v1:172.21.15.86:6789/0] conn(0x7f289407de10 0x7f289419e370 unknown :-1 s=NONE pgs=0 cs=0 l=1 rev1=0 crypto rx=0 tx=0 comp rx=0 tx=0).connect
2024-04-21T08:29:03.986 INFO:teuthology.orchestra.run.smithi086.stdout:/usr/bin/ceph: stderr
2024-04-21T08:29:03.246+0000 7f289a2c6700 1 -- --> [v2:172.21.15.86:3300/0,v1:172.21.15.86:6789/0] -- mon_getmap magic: 0 -- 0x7f289410e8d0 con 0x7f289407de10
2024-04-21T08:29:03.986 INFO:teuthology.orchestra.run.smithi086.stdout:/usr/bin/ceph: stderr
2024-04-21T08:29:03.246+0000 7f2893fff700 1 --2- >> [v2:172.21.15.86:3300/0,v1:172.21.15.86:6789/0] conn(0x7f289407de10 0x7f289419e370 unknown :-1 s=BANNER_CONNECTING pgs=0 cs=0 l=1 rev1=0 crypto rx=0 tx=0 comp rx=0 tx=0)._handle_peer_banner_payload supported=3 required=0
2024-04-21T08:29:03.986 INFO:teuthology.orchestra.run.smithi086.stdout:/usr/bin/ceph: stderr
2024-04-21T08:29:03.246+0000 7f2893fff700 1 --2- >> [v2:172.21.15.86:3300/0,v1:172.21.15.86:6789/0] conn(0x7f289407de10 0x7f289419e370 unknown :-1 s=HELLO_CONNECTING pgs=0 cs=0 l=1 rev1=1 crypto rx=0 tx=0 comp rx=0 tx=0).handle_hello peer v2:172.21.15.86:3300/0 says I am v2:172.21.15.86:44074/0 (socket says 172.21.15.86:44074)
2024-04-21T08:29:03.986 INFO:teuthology.orchestra.run.smithi086.stdout:/usr/bin/ceph: stderr
2024-04-21T08:29:03.246+0000 7f2893fff700 1 -- 172.21.15.86:0/3541846477 learned_addr learned my addr 172.21.15.86:0/3541846477 (peer_addr_for_me v2:172.21.15.86:0/0)
2024-04-21T08:29:03.986 INFO:teuthology.orchestra.run.smithi086.stdout:/usr/bin/ceph: stderr
2024-04-21T08:29:03.246+0000 7f2893fff700 1 -- 172.21.15.86:0/3541846477 --> [v2:172.21.15.86:3300/0,v1:172.21.15.86:6789/0] -- mon_subscribe({config=0+,monmap=0+}) -- 0x7f289419e8b0 con 0x7f289407de10
2024-04-21T08:29:03.986 INFO:teuthology.orchestra.run.smithi086.stdout:/usr/bin/ceph: stderr
2024-04-21T08:29:03.246+0000 7f2893fff700 1 --2- 172.21.15.86:0/3541846477 >> [v2:172.21.15.86:3300/0,v1:172.21.15.86:6789/0] conn(0x7f289407de10 0x7f289419e370 secure :-1 s=READY pgs=44 cs=0 l=1 rev1=1 crypto rx=0x7f2888003f40 tx=0x7f2888011890 comp rx=0 tx=0).ready entity=mon.0 client_cookie=0 server_cookie=0 in_seq=0 out_seq=0
2024-04-21T08:29:03.986 INFO:teuthology.orchestra.run.smithi086.stdout:/usr/bin/ceph: stderr
2024-04-21T08:29:03.247+0000 7f28917fa700 1 -- 172.21.15.86:0/3541846477 <== mon.0 v2:172.21.15.86:3300/0 1 ==== mon_map magic: 0 ==== 205+0+0 (secure 0 0 0) 0x7f28880038b0 con 0x7f289407de10
2024-04-21T08:29:03.986 INFO:teuthology.orchestra.run.smithi086.stdout:/usr/bin/ceph: stderr
2024-04-21T08:29:03.247+0000 7f28917fa700 1 -- 172.21.15.86:0/3541846477 <== mon.0 v2:172.21.15.86:3300/0 2 ==== config(26 keys) ==== 1070+0+0 (secure 0 0 0) 0x7f2888003a50 con 0x7f289407de10
2024-04-21T08:29:03.986 INFO:teuthology.orchestra.run.smithi086.stdout:/usr/bin/ceph: stderr
2024-04-21T08:29:03.247+0000 7f28917fa700 1 -- 172.21.15.86:0/3541846477 <== mon.0 v2:172.21.15.86:3300/0 3 ==== mon_map magic: 0 ==== 205+0+0 (secure 0 0 0) 0x7f288801a5c0 con 0x7f289407de10
2024-04-21T08:29:03.987 INFO:teuthology.orchestra.run.smithi086.stdout:/usr/bin/ceph: stderr
2024-04-21T08:29:03.247+0000 7f289a2c6700 1 -- 172.21.15.86:0/3541846477 --> [v2:172.21.15.86:3300/0,v1:172.21.15.86:6789/0] -- mon_subscribe({mgrmap=0+}) -- 0x7f289419eb40 con 0x7f289407de10
2024-04-21T08:29:03.987 INFO:teuthology.orchestra.run.smithi086.stdout:/usr/bin/ceph: stderr
2024-04-21T08:29:03.247+0000 7f289a2c6700 1 -- 172.21.15.86:0/3541846477 --> [v2:172.21.15.86:3300/0,v1:172.21.15.86:6789/0] -- mon_subscribe({osdmap=0}) -- 0x7f28941a1830 con 0x7f289407de10
2024-04-21T08:29:03.987 INFO:teuthology.orchestra.run.smithi086.stdout:/usr/bin/ceph: stderr
2024-04-21T08:29:03.248+0000 7f28917fa700 1 -- 172.21.15.86:0/3541846477 <== mon.0 v2:172.21.15.86:3300/0 4 ==== mgrmap(e 8) ==== 46558+0+0 (secure 0 0 0) 0x7f2888024430 con 0x7f289407de10
2024-04-21T08:29:03.987 INFO:teuthology.orchestra.run.smithi086.stdout:/usr/bin/ceph: stderr
2024-04-21T08:29:03.248+0000 7f289a2c6700 1 -- 172.21.15.86:0/3541846477 --> [v2:172.21.15.86:3300/0,v1:172.21.15.86:6789/0] -- mon_command({"prefix": "get_command_descriptions"} v 0) -- 0x7f28940640a0 con 0x7f289407de10
2024-04-21T08:29:03.987 INFO:teuthology.orchestra.run.smithi086.stdout:/usr/bin/ceph: stderr
2024-04-21T08:29:03.248+0000 7f28917fa700 1 --2- 172.21.15.86:0/3541846477 >> [v2:172.21.15.86:6800/2143206409,v1:172.21.15.86:6801/2143206409] conn(0x7f287c039670 0x7f287c03bb30 unknown :-1 s=NONE pgs=0 cs=0 l=1 rev1=0 crypto rx=0 tx=0 comp rx=0 tx=0).connect
2024-04-21T08:29:03.987 INFO:teuthology.orchestra.run.smithi086.stdout:/usr/bin/ceph: stderr
2024-04-21T08:29:03.248+0000 7f28917fa700 1 -- 172.21.15.86:0/3541846477 <== mon.0 v2:172.21.15.86:3300/0 5 ==== osd_map(2..2 src has 1..2) ==== 940+0+0 (secure 0 0 0) 0x7f288804da70 con 0x7f289407de10
2024-04-21T08:29:03.987 INFO:teuthology.orchestra.run.smithi086.stdout:/usr/bin/ceph: stderr
2024-04-21T08:29:03.248+0000 7f28937fe700 1 --2- 172.21.15.86:0/3541846477 >> [v2:172.21.15.86:6800/2143206409,v1:172.21.15.86:6801/2143206409] conn(0x7f287c039670 0x7f287c03bb30 unknown :-1 s=BANNER_CONNECTING pgs=0 cs=0 l=1 rev1=0 crypto rx=0 tx=0 comp rx=0 tx=0)._handle_peer_banner_payload supported=3 required=0
2024-04-21T08:29:03.987 INFO:teuthology.orchestra.run.smithi086.stdout:/usr/bin/ceph: stderr
2024-04-21T08:29:03.248+0000 7f28937fe700 1 --2- 172.21.15.86:0/3541846477 >> [v2:172.21.15.86:6800/2143206409,v1:172.21.15.86:6801/2143206409] conn(0x7f287c039670 0x7f287c03bb30 secure :-1 s=READY pgs=10 cs=0 l=1 rev1=1 crypto rx=0x7f2884006fd0 tx=0x7f2884006e40 comp rx=0 tx=0).ready entity=mgr.14120 client_cookie=0 server_cookie=0 in_seq=0 out_seq=0
2024-04-21T08:29:03.987 INFO:teuthology.orchestra.run.smithi086.stdout:/usr/bin/ceph: stderr
2024-04-21T08:29:03.253+0000 7f28917fa700 1 -- 172.21.15.86:0/3541846477 <== mon.0 v2:172.21.15.86:3300/0 6 ==== mon_command_ack([{"prefix": "get_command_descriptions"}]=0 v0) ==== 72+0+188370 (secure 0 0 0) 0x7f288802d910 con 0x7f289407de10
2024-04-21T08:29:03.987 INFO:teuthology.orchestra.run.smithi086.stdout:/usr/bin/ceph: stderr
2024-04-21T08:29:03.450+0000 7f289a2c6700 1 -- 172.21.15.86:0/3541846477 --> [v2:172.21.15.86:6800/2143206409,v1:172.21.15.86:6801/2143206409] -- mgr_command(tid 0: {"prefix": "cephadm get-pub-key", "target": ["mon-mgr", ""]}) -- 0x7f2894104b30 con 0x7f287c039670
2024-04-21T08:29:03.987 INFO:teuthology.orchestra.run.smithi086.stdout:/usr/bin/ceph: stderr
2024-04-21T08:29:03.450+0000 7f28917fa700 1 -- 172.21.15.86:0/3541846477 <== mgr.14120 v2:172.21.15.86:6800/2143206409 1 ==== mgr_command_reply(tid 0: 0 ) ==== 8+0+595 (secure 0 0 0) 0x7f2894104b30 con 0x7f287c039670
2024-04-21T08:29:03.987 INFO:teuthology.orchestra.run.smithi086.stdout:/usr/bin/ceph: stderr
2024-04-21T08:29:03.452+0000 7f289a2c6700 1 -- 172.21.15.86:0/3541846477 >> [v2:172.21.15.86:6800/2143206409,v1:172.21.15.86:6801/2143206409] conn(0x7f287c039670 msgr2=0x7f287c03bb30 secure :-1 s=STATE_CONNECTION_ESTABLISHED l=1).mark_down
2024-04-21T08:29:03.988 INFO:teuthology.orchestra.run.smithi086.stdout:/usr/bin/ceph: stderr
2024-04-21T08:29:03.452+0000 7f289a2c6700 1 --2- 172.21.15.86:0/3541846477 >> [v2:172.21.15.86:6800/2143206409,v1:172.21.15.86:6801/2143206409] conn(0x7f287c039670 0x7f287c03bb30 secure :-1 s=READY pgs=10 cs=0 l=1 rev1=1 crypto rx=0x7f2884006fd0 tx=0x7f2884006e40 comp rx=0 tx=0).stop
2024-04-21T08:29:03.988 INFO:teuthology.orchestra.run.smithi086.stdout:/usr/bin/ceph: stderr
2024-04-21T08:29:03.452+0000 7f289a2c6700 1 -- 172.21.15.86:0/3541846477 >> [v2:172.21.15.86:3300/0,v1:172.21.15.86:6789/0] conn(0x7f289407de10 msgr2=0x7f289419e370 secure :-1 s=STATE_CONNECTION_ESTABLISHED l=1).mark_down
2024-04-21T08:29:03.988 INFO:teuthology.orchestra.run.smithi086.stdout:/usr/bin/ceph: stderr
2024-04-21T08:29:03.452+0000 7f289a2c6700 1 --2- 172.21.15.86:0/3541846477 >> [v2:172.21.15.86:3300/0,v1:172.21.15.86:6789/0] conn(0x7f289407de10 0x7f289419e370 secure :-1 s=READY pgs=44 cs=0 l=1 rev1=1 crypto rx=0x7f2888003f40 tx=0x7f2888011890 comp rx=0 tx=0).stop
2024-04-21T08:29:03.988 INFO:teuthology.orchestra.run.smithi086.stdout:/usr/bin/ceph: stderr
2024-04-21T08:29:03.453+0000 7f289a2c6700 1 -- 172.21.15.86:0/3541846477 shutdown_connections
2024-04-21T08:29:03.988 INFO:teuthology.orchestra.run.smithi086.stdout:/usr/bin/ceph: stderr
2024-04-21T08:29:03.453+0000 7f289a2c6700 1 --2- 172.21.15.86:0/3541846477 >> [v2:172.21.15.86:6800/2143206409,v1:172.21.15.86:6801/2143206409] conn(0x7f287c039670 0x7f287c03bb30 unknown :-1 s=CLOSED pgs=10 cs=0 l=1 rev1=1 crypto rx=0 tx=0 comp rx=0 tx=0).stop
2024-04-21T08:29:03.988 INFO:teuthology.orchestra.run.smithi086.stdout:/usr/bin/ceph: stderr
2024-04-21T08:29:03.453+0000 7f289a2c6700 1 --2- 172.21.15.86:0/3541846477 >> [v2:172.21.15.86:3300/0,v1:172.21.15.86:6789/0] conn(0x7f289407de10 0x7f289419e370 unknown :-1 s=CLOSED pgs=44 cs=0 l=1 rev1=1 crypto rx=0 tx=0 comp rx=0 tx=0).stop
2024-04-21T08:29:03.988 INFO:teuthology.orchestra.run.smithi086.stdout:/usr/bin/ceph: stderr
2024-04-21T08:29:03.453+0000 7f289a2c6700 1 -- 172.21.15.86:0/3541846477 >> 172.21.15.86:0/3541846477 conn(0x7f28941039c0 msgr2=0x7f2894104420 unknown :-1 s=STATE_NONE l=0).mark_down
2024-04-21T08:29:03.988 INFO:teuthology.orchestra.run.smithi086.stdout:/usr/bin/ceph: stderr
2024-04-21T08:29:03.453+0000 7f289a2c6700 1 -- 172.21.15.86:0/3541846477 shutdown_connections
2024-04-21T08:29:03.988 INFO:teuthology.orchestra.run.smithi086.stdout:/usr/bin/ceph: stderr
2024-04-21T08:29:03.453+0000 7f289a2c6700 1 -- 172.21.15.86:0/3541846477 wait complete.
2024-04-21T08:29:03.988 INFO:teuthology.orchestra.run.smithi086.stdout:Wrote public SSH key to /home/ubuntu/cephtest/ceph.pub
2024-04-21T08:29:03.988 INFO:teuthology.orchestra.run.smithi086.stdout:Adding key to root@localhost authorized_keys...
2024-04-21T08:29:03.988 INFO:teuthology.orchestra.run.smithi086.stdout:Adding host smithi086...
2024-04-21T08:29:04.754 INFO:journalctl@ceph.mon.a.smithi086.stdout:Apr 21 08:29:04 smithi086 ceph-mon[27939]: from='client.14138 -' entity='client.admin' cmd=[{"prefix": "cephadm get-pub-key", "target": ["mon-mgr", ""]}]: dispatch
2024-04-21T08:29:05.866 INFO:journalctl@ceph.mon.a.smithi086.stdout:Apr 21 08:29:05 smithi086 ceph-mon[27939]: from='client.14140 -' entity='client.admin' cmd=[{"prefix": "orch host add", "hostname": "smithi086", "addr": "172.21.15.86", "target": ["mon-mgr", ""]}]: dispatch
2024-04-21T08:29:05.866 INFO:journalctl@ceph.mon.a.smithi086.stdout:Apr 21 08:29:05 smithi086 ceph-mon[27939]: Deploying cephadm binary to smithi086
2024-04-21T08:29:09.308 INFO:teuthology.orchestra.run.smithi086.stdout:/usr/bin/ceph: stdout Added host 'smithi086' with addr '172.21.15.86'
2024-04-21T08:29:09.308 INFO:teuthology.orchestra.run.smithi086.stdout:/usr/bin/ceph: stderr
2024-04-21T08:29:04.484+0000 7fe0d9592700 1 Processor -- start
2024-04-21T08:29:09.308 INFO:teuthology.orchestra.run.smithi086.stdout:/usr/bin/ceph: stderr
2024-04-21T08:29:04.484+0000 7fe0d9592700 1 -- start start
2024-04-21T08:29:09.308 INFO:teuthology.orchestra.run.smithi086.stdout:/usr/bin/ceph: stderr
2024-04-21T08:29:04.485+0000 7fe0d9592700 1 --2- >> [v2:172.21.15.86:3300/0,v1:172.21.15.86:6789/0] conn(0x7fe0d41084b0 0x7fe0d41088d0 unknown :-1 s=NONE pgs=0 cs=0 l=0 rev1=0 crypto rx=0 tx=0 comp rx=0 tx=0).connect
2024-04-21T08:29:09.308 INFO:teuthology.orchestra.run.smithi086.stdout:/usr/bin/ceph: stderr
2024-04-21T08:29:04.485+0000 7fe0d9592700 1 -- --> [v2:172.21.15.86:3300/0,v1:172.21.15.86:6789/0] -- mon_getmap magic: 0 -- 0x7fe0d4108ea0 con 0x7fe0d41084b0
2024-04-21T08:29:09.308 INFO:teuthology.orchestra.run.smithi086.stdout:/usr/bin/ceph: stderr
2024-04-21T08:29:04.485+0000 7fe0d2ffd700 1 --2- >> [v2:172.21.15.86:3300/0,v1:172.21.15.86:6789/0] conn(0x7fe0d41084b0 0x7fe0d41088d0 unknown :-1 s=BANNER_CONNECTING pgs=0 cs=0 l=0 rev1=0 crypto rx=0 tx=0 comp rx=0 tx=0)._handle_peer_banner_payload supported=3 required=0
2024-04-21T08:29:09.308 INFO:teuthology.orchestra.run.smithi086.stdout:/usr/bin/ceph: stderr
2024-04-21T08:29:04.485+0000 7fe0d2ffd700 1 --2- >> [v2:172.21.15.86:3300/0,v1:172.21.15.86:6789/0] conn(0x7fe0d41084b0 0x7fe0d41088d0 unknown :-1 s=HELLO_CONNECTING pgs=0 cs=0 l=0 rev1=1 crypto rx=0 tx=0 comp rx=0 tx=0).handle_hello peer v2:172.21.15.86:3300/0 says I am v2:172.21.15.86:44090/0 (socket says 172.21.15.86:44090)
2024-04-21T08:29:09.308 INFO:teuthology.orchestra.run.smithi086.stdout:/usr/bin/ceph: stderr
2024-04-21T08:29:04.485+0000 7fe0d2ffd700 1 -- 172.21.15.86:0/3037879306 learned_addr learned my addr 172.21.15.86:0/3037879306 (peer_addr_for_me v2:172.21.15.86:0/0)
2024-04-21T08:29:09.308 INFO:teuthology.orchestra.run.smithi086.stdout:/usr/bin/ceph: stderr
2024-04-21T08:29:04.485+0000 7fe0d2ffd700 1 -- 172.21.15.86:0/3037879306 --> [v2:172.21.15.86:3300/0,v1:172.21.15.86:6789/0] -- mon_subscribe({config=0+,monmap=0+}) -- 0x7fe0d4109660 con 0x7fe0d41084b0
2024-04-21T08:29:09.308 INFO:teuthology.orchestra.run.smithi086.stdout:/usr/bin/ceph: stderr
2024-04-21T08:29:04.485+0000 7fe0d2ffd700 1 --2- 172.21.15.86:0/3037879306 >> [v2:172.21.15.86:3300/0,v1:172.21.15.86:6789/0] conn(0x7fe0d41084b0 0x7fe0d41088d0 secure :-1 s=READY pgs=45 cs=0 l=1 rev1=1 crypto rx=0x7fe0c40098a0 tx=0x7fe0c4009bb0 comp rx=0 tx=0).ready entity=mon.0 client_cookie=9a2ec02efdde0448 server_cookie=0 in_seq=0 out_seq=0
2024-04-21T08:29:09.309 INFO:teuthology.orchestra.run.smithi086.stdout:/usr/bin/ceph: stderr
2024-04-21T08:29:04.486+0000 7fe0d1ffb700 1 -- 172.21.15.86:0/3037879306 <== mon.0 v2:172.21.15.86:3300/0 1 ==== mon_map magic: 0 ==== 205+0+0 (secure 0 0 0) 0x7fe0c4004160 con 0x7fe0d41084b0
2024-04-21T08:29:09.309 INFO:teuthology.orchestra.run.smithi086.stdout:/usr/bin/ceph: stderr
2024-04-21T08:29:04.486+0000 7fe0d1ffb700 1 -- 172.21.15.86:0/3037879306 <== mon.0 v2:172.21.15.86:3300/0 2 ==== config(26 keys) ==== 1070+0+0 (secure 0 0 0) 0x7fe0c4004300 con 0x7fe0d41084b0
2024-04-21T08:29:09.309 INFO:teuthology.orchestra.run.smithi086.stdout:/usr/bin/ceph: stderr
2024-04-21T08:29:04.486+0000 7fe0d1ffb700 1 -- 172.21.15.86:0/3037879306 <== mon.0 v2:172.21.15.86:3300/0 3 ==== mon_map magic: 0 ==== 205+0+0 (secure 0 0 0) 0x7fe0c4011af0 con 0x7fe0d41084b0
2024-04-21T08:29:09.309 INFO:teuthology.orchestra.run.smithi086.stdout:/usr/bin/ceph: stderr
2024-04-21T08:29:04.486+0000 7fe0d9592700 1 -- 172.21.15.86:0/3037879306 >> [v2:172.21.15.86:3300/0,v1:172.21.15.86:6789/0] conn(0x7fe0d41084b0 msgr2=0x7fe0d41088d0 secure :-1 s=STATE_CONNECTION_ESTABLISHED l=1).mark_down
2024-04-21T08:29:09.309 INFO:teuthology.orchestra.run.smithi086.stdout:/usr/bin/ceph: stderr
2024-04-21T08:29:04.486+0000 7fe0d9592700 1 --2- 172.21.15.86:0/3037879306 >> [v2:172.21.15.86:3300/0,v1:172.21.15.86:6789/0] conn(0x7fe0d41084b0 0x7fe0d41088d0 secure :-1 s=READY pgs=45 cs=0 l=1 rev1=1 crypto rx=0x7fe0c40098a0 tx=0x7fe0c4009bb0 comp rx=0 tx=0).stop
2024-04-21T08:29:09.309 INFO:teuthology.orchestra.run.smithi086.stdout:/usr/bin/ceph: stderr
2024-04-21T08:29:04.486+0000 7fe0d9592700 1 -- 172.21.15.86:0/3037879306 shutdown_connections
2024-04-21T08:29:09.309 INFO:teuthology.orchestra.run.smithi086.stdout:/usr/bin/ceph: stderr
2024-04-21T08:29:04.486+0000 7fe0d9592700 1 --2- 172.21.15.86:0/3037879306 >> [v2:172.21.15.86:3300/0,v1:172.21.15.86:6789/0] conn(0x7fe0d41084b0 0x7fe0d41088d0 unknown :-1 s=CLOSED pgs=45 cs=0 l=1 rev1=1 crypto rx=0 tx=0 comp rx=0 tx=0).stop
2024-04-21T08:29:09.309 INFO:teuthology.orchestra.run.smithi086.stdout:/usr/bin/ceph: stderr
2024-04-21T08:29:04.486+0000 7fe0d9592700 1 -- 172.21.15.86:0/3037879306 >> 172.21.15.86:0/3037879306 conn(0x7fe0d4103af0 msgr2=0x7fe0d4105f10 unknown :-1 s=STATE_NONE l=0).mark_down
2024-04-21T08:29:09.309 INFO:teuthology.orchestra.run.smithi086.stdout:/usr/bin/ceph: stderr
2024-04-21T08:29:04.486+0000 7fe0d9592700 1 -- 172.21.15.86:0/3037879306 shutdown_connections
2024-04-21T08:29:09.309 INFO:teuthology.orchestra.run.smithi086.stdout:/usr/bin/ceph: stderr
2024-04-21T08:29:04.486+0000 7fe0d9592700 1 -- 172.21.15.86:0/3037879306 wait complete.
2024-04-21T08:29:09.309 INFO:teuthology.orchestra.run.smithi086.stdout:/usr/bin/ceph: stderr
2024-04-21T08:29:04.487+0000 7fe0d9592700 1 Processor -- start
2024-04-21T08:29:09.309 INFO:teuthology.orchestra.run.smithi086.stdout:/usr/bin/ceph: stderr
2024-04-21T08:29:04.487+0000 7fe0d9592700 1 -- start start
2024-04-21T08:29:09.310 INFO:teuthology.orchestra.run.smithi086.stdout:/usr/bin/ceph: stderr
2024-04-21T08:29:04.487+0000 7fe0d9592700 1 --2- >> [v2:172.21.15.86:3300/0,v1:172.21.15.86:6789/0] conn(0x7fe0d41084b0 0x7fe0d419c200 unknown :-1 s=NONE pgs=0 cs=0 l=1 rev1=0 crypto rx=0 tx=0 comp rx=0 tx=0).connect
2024-04-21T08:29:09.310 INFO:teuthology.orchestra.run.smithi086.stdout:/usr/bin/ceph: stderr
2024-04-21T08:29:04.487+0000 7fe0d9592700 1 -- --> [v2:172.21.15.86:3300/0,v1:172.21.15.86:6789/0] -- mon_getmap magic: 0 -- 0x7fe0d410c890 con 0x7fe0d41084b0
2024-04-21T08:29:09.310 INFO:teuthology.orchestra.run.smithi086.stdout:/usr/bin/ceph: stderr
2024-04-21T08:29:04.487+0000 7fe0d2ffd700 1 --2- >> [v2:172.21.15.86:3300/0,v1:172.21.15.86:6789/0] conn(0x7fe0d41084b0 0x7fe0d419c200 unknown :-1 s=BANNER_CONNECTING pgs=0 cs=0 l=1 rev1=0 crypto rx=0 tx=0 comp rx=0 tx=0)._handle_peer_banner_payload supported=3 required=0
2024-04-21T08:29:09.310 INFO:teuthology.orchestra.run.smithi086.stdout:/usr/bin/ceph: stderr
2024-04-21T08:29:04.487+0000 7fe0d2ffd700 1 --2- >> [v2:172.21.15.86:3300/0,v1:172.21.15.86:6789/0] conn(0x7fe0d41084b0 0x7fe0d419c200 unknown :-1 s=HELLO_CONNECTING pgs=0 cs=0 l=1 rev1=1 crypto rx=0 tx=0 comp rx=0 tx=0).handle_hello peer v2:172.21.15.86:3300/0 says I am v2:172.21.15.86:44100/0 (socket says 172.21.15.86:44100)
2024-04-21T08:29:09.310 INFO:teuthology.orchestra.run.smithi086.stdout:/usr/bin/ceph: stderr
2024-04-21T08:29:04.487+0000 7fe0d2ffd700 1 -- 172.21.15.86:0/3768643449 learned_addr learned my addr 172.21.15.86:0/3768643449 (peer_addr_for_me v2:172.21.15.86:0/0)
2024-04-21T08:29:09.310 INFO:teuthology.orchestra.run.smithi086.stdout:/usr/bin/ceph: stderr
2024-04-21T08:29:04.487+0000 7fe0d2ffd700 1 -- 172.21.15.86:0/3768643449 --> [v2:172.21.15.86:3300/0,v1:172.21.15.86:6789/0] -- mon_subscribe({config=0+,monmap=0+}) -- 0x7fe0d419c740 con 0x7fe0d41084b0
2024-04-21T08:29:09.310 INFO:teuthology.orchestra.run.smithi086.stdout:/usr/bin/ceph: stderr
2024-04-21T08:29:04.488+0000 7fe0d2ffd700 1 --2- 172.21.15.86:0/3768643449 >> [v2:172.21.15.86:3300/0,v1:172.21.15.86:6789/0] conn(0x7fe0d41084b0 0x7fe0d419c200 secure :-1 s=READY pgs=46 cs=0 l=1 rev1=1 crypto rx=0x7fe0c4003f40 tx=0x7fe0c4011890 comp rx=0 tx=0).ready entity=mon.0 client_cookie=0 server_cookie=0 in_seq=0 out_seq=0
2024-04-21T08:29:09.310 INFO:teuthology.orchestra.run.smithi086.stdout:/usr/bin/ceph: stderr
2024-04-21T08:29:04.488+0000 7fe0bbfff700 1 -- 172.21.15.86:0/3768643449 <== mon.0 v2:172.21.15.86:3300/0 1 ==== mon_map magic: 0 ==== 205+0+0 (secure 0 0 0) 0x7fe0c40038b0 con 0x7fe0d41084b0
2024-04-21T08:29:09.310 INFO:teuthology.orchestra.run.smithi086.stdout:/usr/bin/ceph: stderr
2024-04-21T08:29:04.488+0000 7fe0bbfff700 1 -- 172.21.15.86:0/3768643449 <== mon.0 v2:172.21.15.86:3300/0 2 ==== config(26 keys) ==== 1070+0+0 (secure 0 0 0) 0x7fe0c4003a50 con 0x7fe0d41084b0
2024-04-21T08:29:09.310 INFO:teuthology.orchestra.run.smithi086.stdout:/usr/bin/ceph: stderr
2024-04-21T08:29:04.488+0000 7fe0d9592700 1 -- 172.21.15.86:0/3768643449 --> [v2:172.21.15.86:3300/0,v1:172.21.15.86:6789/0] -- mon_subscribe({mgrmap=0+}) -- 0x7fe0d419c9d0 con 0x7fe0d41084b0
2024-04-21T08:29:09.310 INFO:teuthology.orchestra.run.smithi086.stdout:/usr/bin/ceph: stderr
2024-04-21T08:29:04.488+0000 7fe0bbfff700 1 -- 172.21.15.86:0/3768643449 <== mon.0 v2:172.21.15.86:3300/0 3 ==== mon_map magic: 0 ==== 205+0+0 (secure 0 0 0) 0x7fe0c401a5c0 con 0x7fe0d41084b0
2024-04-21T08:29:09.311 INFO:teuthology.orchestra.run.smithi086.stdout:/usr/bin/ceph: stderr
2024-04-21T08:29:04.488+0000 7fe0d9592700 1 -- 172.21.15.86:0/3768643449 --> [v2:172.21.15.86:3300/0,v1:172.21.15.86:6789/0] -- mon_subscribe({osdmap=0}) -- 0x7fe0d419f6c0 con 0x7fe0d41084b0
2024-04-21T08:29:09.311 INFO:teuthology.orchestra.run.smithi086.stdout:/usr/bin/ceph: stderr
2024-04-21T08:29:04.489+0000 7fe0bbfff700 1 -- 172.21.15.86:0/3768643449 <== mon.0 v2:172.21.15.86:3300/0 4 ==== mgrmap(e 8) ==== 46558+0+0 (secure 0 0 0) 0x7fe0c401a8c0 con 0x7fe0d41084b0
2024-04-21T08:29:09.311 INFO:teuthology.orchestra.run.smithi086.stdout:/usr/bin/ceph: stderr
2024-04-21T08:29:04.489+0000 7fe0d9592700 1 -- 172.21.15.86:0/3768643449 --> [v2:172.21.15.86:3300/0,v1:172.21.15.86:6789/0] -- mon_command({"prefix": "get_command_descriptions"} v 0) -- 0x7fe0d40640a0 con 0x7fe0d41084b0
2024-04-21T08:29:09.311 INFO:teuthology.orchestra.run.smithi086.stdout:/usr/bin/ceph: stderr
2024-04-21T08:29:04.489+0000 7fe0bbfff700 1 --2- 172.21.15.86:0/3768643449 >> [v2:172.21.15.86:6800/2143206409,v1:172.21.15.86:6801/2143206409] conn(0x7fe0bc039620 0x7fe0bc03bae0 unknown :-1 s=NONE pgs=0 cs=0 l=1 rev1=0 crypto rx=0 tx=0 comp rx=0 tx=0).connect
2024-04-21T08:29:09.311 INFO:teuthology.orchestra.run.smithi086.stdout:/usr/bin/ceph: stderr
2024-04-21T08:29:04.489+0000 7fe0bbfff700 1 -- 172.21.15.86:0/3768643449 <== mon.0 v2:172.21.15.86:3300/0 5 ==== osd_map(2..2 src has 1..2) ==== 940+0+0 (secure 0 0 0) 0x7fe0c404dad0 con 0x7fe0d41084b0
2024-04-21T08:29:09.311 INFO:teuthology.orchestra.run.smithi086.stdout:/usr/bin/ceph: stderr
2024-04-21T08:29:04.489+0000 7fe0d27fc700 1 --2- 172.21.15.86:0/3768643449 >> [v2:172.21.15.86:6800/2143206409,v1:172.21.15.86:6801/2143206409] conn(0x7fe0bc039620 0x7fe0bc03bae0 unknown :-1 s=BANNER_CONNECTING pgs=0 cs=0 l=1 rev1=0 crypto rx=0 tx=0 comp rx=0 tx=0)._handle_peer_banner_payload supported=3 required=0
2024-04-21T08:29:09.311 INFO:teuthology.orchestra.run.smithi086.stdout:/usr/bin/ceph: stderr
2024-04-21T08:29:04.489+0000 7fe0d27fc700 1 --2- 172.21.15.86:0/3768643449 >> [v2:172.21.15.86:6800/2143206409,v1:172.21.15.86:6801/2143206409] conn(0x7fe0bc039620 0x7fe0bc03bae0 secure :-1 s=READY pgs=11 cs=0 l=1 rev1=1 crypto rx=0x7fe0c8006fd0 tx=0x7fe0c8006e40 comp rx=0 tx=0).ready entity=mgr.14120 client_cookie=0 server_cookie=0 in_seq=0 out_seq=0
2024-04-21T08:29:09.311 INFO:teuthology.orchestra.run.smithi086.stdout:/usr/bin/ceph: stderr
2024-04-21T08:29:04.494+0000 7fe0bbfff700 1 -- 172.21.15.86:0/3768643449 <== mon.0 v2:172.21.15.86:3300/0 6 ==== mon_command_ack([{"prefix": "get_command_descriptions"}]=0 v0) ==== 72+0+188370 (secure 0 0 0) 0x7fe0c402d3f0 con 0x7fe0d41084b0
2024-04-21T08:29:09.311 INFO:teuthology.orchestra.run.smithi086.stdout:/usr/bin/ceph: stderr
2024-04-21T08:29:04.703+0000 7fe0d9592700 1 -- 172.21.15.86:0/3768643449 --> [v2:172.21.15.86:6800/2143206409,v1:172.21.15.86:6801/2143206409] -- mgr_command(tid 0: {"prefix": "orch host add", "hostname": "smithi086", "addr": "172.21.15.86", "target": ["mon-mgr", ""]}) -- 0x7fe0d4104c50 con 0x7fe0bc039620
2024-04-21T08:29:09.311 INFO:teuthology.orchestra.run.smithi086.stdout:/usr/bin/ceph: stderr
2024-04-21T08:29:08.769+0000 7fe0bbfff700 1 -- 172.21.15.86:0/3768643449 <== mgr.14120 v2:172.21.15.86:6800/2143206409 1 ==== mgr_command_reply(tid 0: 0 ) ==== 8+0+48 (secure 0 0 0) 0x7fe0d4104c50 con 0x7fe0bc039620
2024-04-21T08:29:09.311 INFO:teuthology.orchestra.run.smithi086.stdout:/usr/bin/ceph: stderr
2024-04-21T08:29:08.772+0000 7fe0d9592700 1 -- 172.21.15.86:0/3768643449 >> [v2:172.21.15.86:6800/2143206409,v1:172.21.15.86:6801/2143206409] conn(0x7fe0bc039620 msgr2=0x7fe0bc03bae0 secure :-1 s=STATE_CONNECTION_ESTABLISHED l=1).mark_down
2024-04-21T08:29:09.311 INFO:teuthology.orchestra.run.smithi086.stdout:/usr/bin/ceph: stderr
2024-04-21T08:29:08.772+0000 7fe0d9592700 1 --2- 172.21.15.86:0/3768643449 >> [v2:172.21.15.86:6800/2143206409,v1:172.21.15.86:6801/2143206409] conn(0x7fe0bc039620 0x7fe0bc03bae0 secure :-1 s=READY pgs=11 cs=0 l=1 rev1=1 crypto rx=0x7fe0c8006fd0 tx=0x7fe0c8006e40 comp rx=0 tx=0).stop
2024-04-21T08:29:09.312 INFO:teuthology.orchestra.run.smithi086.stdout:/usr/bin/ceph: stderr
2024-04-21T08:29:08.772+0000 7fe0d9592700 1 -- 172.21.15.86:0/3768643449 >> [v2:172.21.15.86:3300/0,v1:172.21.15.86:6789/0] conn(0x7fe0d41084b0 msgr2=0x7fe0d419c200 secure :-1 s=STATE_CONNECTION_ESTABLISHED l=1).mark_down
2024-04-21T08:29:09.312 INFO:teuthology.orchestra.run.smithi086.stdout:/usr/bin/ceph: stderr
2024-04-21T08:29:08.772+0000 7fe0d9592700 1 --2- 172.21.15.86:0/3768643449 >> [v2:172.21.15.86:3300/0,v1:172.21.15.86:6789/0] conn(0x7fe0d41084b0 0x7fe0d419c200 secure :-1 s=READY pgs=46 cs=0 l=1 rev1=1 crypto rx=0x7fe0c4003f40 tx=0x7fe0c4011890 comp rx=0 tx=0).stop
2024-04-21T08:29:09.312 INFO:teuthology.orchestra.run.smithi086.stdout:/usr/bin/ceph: stderr
2024-04-21T08:29:08.772+0000 7fe0d9592700 1 -- 172.21.15.86:0/3768643449 shutdown_connections
2024-04-21T08:29:09.312 INFO:teuthology.orchestra.run.smithi086.stdout:/usr/bin/ceph: stderr
2024-04-21T08:29:08.772+0000 7fe0d9592700 1 --2- 172.21.15.86:0/3768643449 >> [v2:172.21.15.86:6800/2143206409,v1:172.21.15.86:6801/2143206409] conn(0x7fe0bc039620 0x7fe0bc03bae0 unknown :-1 s=CLOSED pgs=11 cs=0 l=1 rev1=1 crypto rx=0 tx=0 comp rx=0 tx=0).stop
2024-04-21T08:29:09.312 INFO:teuthology.orchestra.run.smithi086.stdout:/usr/bin/ceph: stderr
2024-04-21T08:29:08.772+0000 7fe0d9592700 1 --2- 172.21.15.86:0/3768643449 >> [v2:172.21.15.86:3300/0,v1:172.21.15.86:6789/0] conn(0x7fe0d41084b0 0x7fe0d419c200 unknown :-1 s=CLOSED pgs=46 cs=0 l=1 rev1=1 crypto rx=0 tx=0 comp rx=0 tx=0).stop
2024-04-21T08:29:09.312 INFO:teuthology.orchestra.run.smithi086.stdout:/usr/bin/ceph: stderr
2024-04-21T08:29:08.772+0000 7fe0d9592700 1 -- 172.21.15.86:0/3768643449 >> 172.21.15.86:0/3768643449 conn(0x7fe0d4103af0 msgr2=0x7fe0d4104540 unknown :-1 s=STATE_NONE l=0).mark_down
2024-04-21T08:29:09.312 INFO:teuthology.orchestra.run.smithi086.stdout:/usr/bin/ceph: stderr
2024-04-21T08:29:08.772+0000 7fe0d9592700 1 -- 172.21.15.86:0/3768643449 shutdown_connections
2024-04-21T08:29:09.312 INFO:teuthology.orchestra.run.smithi086.stdout:/usr/bin/ceph: stderr
2024-04-21T08:29:08.772+0000 7fe0d9592700 1 -- 172.21.15.86:0/3768643449 wait complete.
2024-04-21T08:29:09.312 INFO:teuthology.orchestra.run.smithi086.stdout:Deploying unmanaged mon service...
2024-04-21T08:29:09.805 INFO:journalctl@ceph.mon.a.smithi086.stdout:Apr 21 08:29:09 smithi086 ceph-mon[27939]: from='mgr.14120 172.21.15.86:0/1976532381' entity='mgr.x'
2024-04-21T08:29:09.805 INFO:journalctl@ceph.mon.a.smithi086.stdout:Apr 21 08:29:09 smithi086 ceph-mon[27939]: Added host smithi086
2024-04-21T08:29:09.806 INFO:journalctl@ceph.mon.a.smithi086.stdout:Apr 21 08:29:09 smithi086 ceph-mon[27939]: from='mgr.14120 172.21.15.86:0/1976532381' entity='mgr.x' cmd=[{"prefix": "config dump", "format": "json"}]: dispatch
2024-04-21T08:29:11.095 INFO:teuthology.orchestra.run.smithi086.stdout:/usr/bin/ceph: stdout Scheduled mon update...
2024-04-21T08:29:11.095 INFO:teuthology.orchestra.run.smithi086.stdout:/usr/bin/ceph: stderr
2024-04-21T08:29:09.806+0000 7fdece51b700 1 Processor -- start
2024-04-21T08:29:11.095 INFO:teuthology.orchestra.run.smithi086.stdout:/usr/bin/ceph: stderr
2024-04-21T08:29:09.806+0000 7fdece51b700 1 -- start start
2024-04-21T08:29:11.095 INFO:teuthology.orchestra.run.smithi086.stdout:/usr/bin/ceph: stderr
2024-04-21T08:29:09.806+0000 7fdece51b700 1 --2- >> [v2:172.21.15.86:3300/0,v1:172.21.15.86:6789/0] conn(0x7fdec81084b0 0x7fdec81088d0 unknown :-1 s=NONE pgs=0 cs=0 l=0 rev1=0 crypto rx=0 tx=0 comp rx=0 tx=0).connect
2024-04-21T08:29:11.095 INFO:teuthology.orchestra.run.smithi086.stdout:/usr/bin/ceph: stderr
2024-04-21T08:29:09.806+0000 7fdece51b700 1 -- --> [v2:172.21.15.86:3300/0,v1:172.21.15.86:6789/0] -- mon_getmap magic: 0 -- 0x7fdec8108ea0 con 0x7fdec81084b0
2024-04-21T08:29:11.095 INFO:teuthology.orchestra.run.smithi086.stdout:/usr/bin/ceph: stderr
2024-04-21T08:29:09.807+0000 7fdec7fff700 1 --2- >> [v2:172.21.15.86:3300/0,v1:172.21.15.86:6789/0] conn(0x7fdec81084b0 0x7fdec81088d0 unknown :-1 s=BANNER_CONNECTING pgs=0 cs=0 l=0 rev1=0 crypto rx=0 tx=0 comp rx=0 tx=0)._handle_peer_banner_payload supported=3 required=0
2024-04-21T08:29:11.095 INFO:teuthology.orchestra.run.smithi086.stdout:/usr/bin/ceph: stderr
2024-04-21T08:29:09.807+0000 7fdec7fff700 1 --2- >> [v2:172.21.15.86:3300/0,v1:172.21.15.86:6789/0] conn(0x7fdec81084b0 0x7fdec81088d0 unknown :-1 s=HELLO_CONNECTING pgs=0 cs=0 l=0 rev1=1 crypto rx=0 tx=0 comp rx=0 tx=0).handle_hello peer v2:172.21.15.86:3300/0 says I am v2:172.21.15.86:54148/0 (socket says 172.21.15.86:54148)
2024-04-21T08:29:11.095 INFO:teuthology.orchestra.run.smithi086.stdout:/usr/bin/ceph: stderr
2024-04-21T08:29:09.807+0000 7fdec7fff700 1 -- 172.21.15.86:0/1299888267 learned_addr learned my addr 172.21.15.86:0/1299888267 (peer_addr_for_me v2:172.21.15.86:0/0)
2024-04-21T08:29:11.096 INFO:teuthology.orchestra.run.smithi086.stdout:/usr/bin/ceph: stderr
2024-04-21T08:29:09.807+0000 7fdec7fff700 1 -- 172.21.15.86:0/1299888267 --> [v2:172.21.15.86:3300/0,v1:172.21.15.86:6789/0] -- mon_subscribe({config=0+,monmap=0+}) -- 0x7fdec8109660 con 0x7fdec81084b0
2024-04-21T08:29:11.096 INFO:teuthology.orchestra.run.smithi086.stdout:/usr/bin/ceph: stderr
2024-04-21T08:29:09.807+0000 7fdec7fff700 1 --2- 172.21.15.86:0/1299888267 >> [v2:172.21.15.86:3300/0,v1:172.21.15.86:6789/0] conn(0x7fdec81084b0 0x7fdec81088d0 secure :-1 s=READY pgs=47 cs=0 l=1 rev1=1 crypto rx=0x7fdeb80098a0 tx=0x7fdeb8009bb0 comp rx=0 tx=0).ready entity=mon.0 client_cookie=d1e8041b672eaa40 server_cookie=0 in_seq=0 out_seq=0
2024-04-21T08:29:11.096 INFO:teuthology.orchestra.run.smithi086.stdout:/usr/bin/ceph: stderr
2024-04-21T08:29:09.807+0000 7fdec6ffd700 1 -- 172.21.15.86:0/1299888267 <== mon.0 v2:172.21.15.86:3300/0 1 ==== mon_map magic: 0 ==== 205+0+0 (secure 0 0 0) 0x7fdeb8004160 con 0x7fdec81084b0
2024-04-21T08:29:11.096 INFO:teuthology.orchestra.run.smithi086.stdout:/usr/bin/ceph: stderr
2024-04-21T08:29:09.807+0000 7fdec6ffd700 1 -- 172.21.15.86:0/1299888267 <== mon.0 v2:172.21.15.86:3300/0 2 ==== config(26 keys) ==== 1070+0+0 (secure 0 0 0) 0x7fdeb8004300 con 0x7fdec81084b0
2024-04-21T08:29:11.096 INFO:teuthology.orchestra.run.smithi086.stdout:/usr/bin/ceph: stderr
2024-04-21T08:29:09.807+0000 7fdec6ffd700 1 -- 172.21.15.86:0/1299888267 <== mon.0 v2:172.21.15.86:3300/0 3 ==== mon_map magic: 0 ==== 205+0+0 (secure 0 0 0) 0x7fdeb8011af0 con 0x7fdec81084b0
2024-04-21T08:29:11.096 INFO:teuthology.orchestra.run.smithi086.stdout:/usr/bin/ceph: stderr
2024-04-21T08:29:09.808+0000 7fdece51b700 1 -- 172.21.15.86:0/1299888267 >> [v2:172.21.15.86:3300/0,v1:172.21.15.86:6789/0] conn(0x7fdec81084b0 msgr2=0x7fdec81088d0 secure :-1 s=STATE_CONNECTION_ESTABLISHED l=1).mark_down
2024-04-21T08:29:11.096 INFO:teuthology.orchestra.run.smithi086.stdout:/usr/bin/ceph: stderr
2024-04-21T08:29:09.808+0000 7fdece51b700 1 --2- 172.21.15.86:0/1299888267 >> [v2:172.21.15.86:3300/0,v1:172.21.15.86:6789/0] conn(0x7fdec81084b0 0x7fdec81088d0 secure :-1 s=READY pgs=47 cs=0 l=1 rev1=1 crypto rx=0x7fdeb80098a0 tx=0x7fdeb8009bb0 comp rx=0 tx=0).stop
2024-04-21T08:29:11.096 INFO:teuthology.orchestra.run.smithi086.stdout:/usr/bin/ceph: stderr
2024-04-21T08:29:09.808+0000 7fdece51b700 1 -- 172.21.15.86:0/1299888267 shutdown_connections
2024-04-21T08:29:11.096 INFO:teuthology.orchestra.run.smithi086.stdout:/usr/bin/ceph: stderr
2024-04-21T08:29:09.808+0000 7fdece51b700 1 --2- 172.21.15.86:0/1299888267 >> [v2:172.21.15.86:3300/0,v1:172.21.15.86:6789/0] conn(0x7fdec81084b0 0x7fdec81088d0 unknown :-1 s=CLOSED pgs=47 cs=0 l=1 rev1=1 crypto rx=0 tx=0 comp rx=0 tx=0).stop
2024-04-21T08:29:11.096 INFO:teuthology.orchestra.run.smithi086.stdout:/usr/bin/ceph: stderr
2024-04-21T08:29:09.808+0000 7fdece51b700 1 -- 172.21.15.86:0/1299888267 >> 172.21.15.86:0/1299888267 conn(0x7fdec8103af0 msgr2=0x7fdec8105f10 unknown :-1 s=STATE_NONE l=0).mark_down
2024-04-21T08:29:11.096 INFO:teuthology.orchestra.run.smithi086.stdout:/usr/bin/ceph: stderr
2024-04-21T08:29:09.808+0000 7fdece51b700 1 -- 172.21.15.86:0/1299888267 shutdown_connections
2024-04-21T08:29:11.096 INFO:teuthology.orchestra.run.smithi086.stdout:/usr/bin/ceph: stderr
2024-04-21T08:29:09.808+0000 7fdece51b700 1 -- 172.21.15.86:0/1299888267 wait complete.
2024-04-21T08:29:11.096 INFO:teuthology.orchestra.run.smithi086.stdout:/usr/bin/ceph: stderr
2024-04-21T08:29:09.808+0000 7fdece51b700 1 Processor -- start
2024-04-21T08:29:11.097 INFO:teuthology.orchestra.run.smithi086.stdout:/usr/bin/ceph: stderr
2024-04-21T08:29:09.809+0000 7fdece51b700 1 -- start start
2024-04-21T08:29:11.097 INFO:teuthology.orchestra.run.smithi086.stdout:/usr/bin/ceph: stderr
2024-04-21T08:29:09.809+0000 7fdece51b700 1 --2- >> [v2:172.21.15.86:3300/0,v1:172.21.15.86:6789/0] conn(0x7fdec81084b0 0x7fdec819c200 unknown :-1 s=NONE pgs=0 cs=0 l=1 rev1=0 crypto rx=0 tx=0 comp rx=0 tx=0).connect
2024-04-21T08:29:11.097 INFO:teuthology.orchestra.run.smithi086.stdout:/usr/bin/ceph: stderr
2024-04-21T08:29:09.809+0000 7fdece51b700 1 -- --> [v2:172.21.15.86:3300/0,v1:172.21.15.86:6789/0] -- mon_getmap magic: 0 -- 0x7fdec810c890 con 0x7fdec81084b0
2024-04-21T08:29:11.097 INFO:teuthology.orchestra.run.smithi086.stdout:/usr/bin/ceph: stderr
2024-04-21T08:29:09.809+0000 7fdec7fff700 1 --2- >> [v2:172.21.15.86:3300/0,v1:172.21.15.86:6789/0] conn(0x7fdec81084b0 0x7fdec819c200 unknown :-1 s=BANNER_CONNECTING pgs=0 cs=0 l=1 rev1=0 crypto rx=0 tx=0 comp rx=0 tx=0)._handle_peer_banner_payload supported=3 required=0
2024-04-21T08:29:11.097 INFO:teuthology.orchestra.run.smithi086.stdout:/usr/bin/ceph: stderr
2024-04-21T08:29:09.809+0000 7fdec7fff700 1 --2- >> [v2:172.21.15.86:3300/0,v1:172.21.15.86:6789/0] conn(0x7fdec81084b0 0x7fdec819c200 unknown :-1 s=HELLO_CONNECTING pgs=0 cs=0 l=1 rev1=1 crypto rx=0 tx=0 comp rx=0 tx=0).handle_hello peer v2:172.21.15.86:3300/0 says I am v2:172.21.15.86:54162/0 (socket says 172.21.15.86:54162)
2024-04-21T08:29:11.097 INFO:teuthology.orchestra.run.smithi086.stdout:/usr/bin/ceph: stderr
2024-04-21T08:29:09.809+0000 7fdec7fff700 1 -- 172.21.15.86:0/3156797839 learned_addr learned my addr 172.21.15.86:0/3156797839 (peer_addr_for_me v2:172.21.15.86:0/0)
2024-04-21T08:29:11.097 INFO:teuthology.orchestra.run.smithi086.stdout:/usr/bin/ceph: stderr
2024-04-21T08:29:09.809+0000 7fdec7fff700 1 -- 172.21.15.86:0/3156797839 --> [v2:172.21.15.86:3300/0,v1:172.21.15.86:6789/0] -- mon_subscribe({config=0+,monmap=0+}) -- 0x7fdec819c740 con 0x7fdec81084b0
2024-04-21T08:29:11.097 INFO:teuthology.orchestra.run.smithi086.stdout:/usr/bin/ceph: stderr
2024-04-21T08:29:09.809+0000 7fdec7fff700 1 --2- 172.21.15.86:0/3156797839 >> [v2:172.21.15.86:3300/0,v1:172.21.15.86:6789/0] conn(0x7fdec81084b0 0x7fdec819c200 secure :-1 s=READY pgs=48 cs=0 l=1 rev1=1 crypto rx=0x7fdeb8003f40 tx=0x7fdeb8011890 comp rx=0 tx=0).ready entity=mon.0 client_cookie=0 server_cookie=0 in_seq=0 out_seq=0
2024-04-21T08:29:11.098 INFO:teuthology.orchestra.run.smithi086.stdout:/usr/bin/ceph: stderr
2024-04-21T08:29:09.809+0000 7fdec57fa700 1 -- 172.21.15.86:0/3156797839 <== mon.0 v2:172.21.15.86:3300/0 1 ==== mon_map magic: 0 ==== 205+0+0 (secure 0 0 0) 0x7fdeb80038b0 con 0x7fdec81084b0
2024-04-21T08:29:11.098 INFO:teuthology.orchestra.run.smithi086.stdout:/usr/bin/ceph: stderr
2024-04-21T08:29:09.809+0000 7fdec57fa700 1 -- 172.21.15.86:0/3156797839 <== mon.0 v2:172.21.15.86:3300/0 2 ==== config(26 keys) ==== 1070+0+0 (secure 0 0 0) 0x7fdeb8003a50 con 0x7fdec81084b0
2024-04-21T08:29:11.098 INFO:teuthology.orchestra.run.smithi086.stdout:/usr/bin/ceph: stderr
2024-04-21T08:29:09.809+0000 7fdece51b700 1 -- 172.21.15.86:0/3156797839 --> [v2:172.21.15.86:3300/0,v1:172.21.15.86:6789/0] -- mon_subscribe({mgrmap=0+}) -- 0x7fdec819c9d0 con 0x7fdec81084b0
2024-04-21T08:29:11.098 INFO:teuthology.orchestra.run.smithi086.stdout:/usr/bin/ceph: stderr
2024-04-21T08:29:09.809+0000 7fdec57fa700 1 -- 172.21.15.86:0/3156797839 <== mon.0 v2:172.21.15.86:3300/0 3 ==== mon_map magic: 0 ==== 205+0+0 (secure 0 0 0) 0x7fdeb801a5c0 con 0x7fdec81084b0
2024-04-21T08:29:11.098 INFO:teuthology.orchestra.run.smithi086.stdout:/usr/bin/ceph: stderr
2024-04-21T08:29:09.809+0000 7fdece51b700 1 -- 172.21.15.86:0/3156797839 --> [v2:172.21.15.86:3300/0,v1:172.21.15.86:6789/0] -- mon_subscribe({osdmap=0}) -- 0x7fdec819f6c0 con 0x7fdec81084b0
2024-04-21T08:29:11.098 INFO:teuthology.orchestra.run.smithi086.stdout:/usr/bin/ceph: stderr
2024-04-21T08:29:09.810+0000 7fdec57fa700 1 -- 172.21.15.86:0/3156797839 <== mon.0 v2:172.21.15.86:3300/0 4 ==== mgrmap(e 8) ==== 46558+0+0 (secure 0 0 0) 0x7fdeb801a8c0 con 0x7fdec81084b0
2024-04-21T08:29:11.098 INFO:teuthology.orchestra.run.smithi086.stdout:/usr/bin/ceph: stderr
2024-04-21T08:29:09.810+0000 7fdece51b700 1 -- 172.21.15.86:0/3156797839 --> [v2:172.21.15.86:3300/0,v1:172.21.15.86:6789/0] -- mon_command({"prefix": "get_command_descriptions"} v 0) -- 0x7fdec80640a0 con 0x7fdec81084b0
2024-04-21T08:29:11.098 INFO:teuthology.orchestra.run.smithi086.stdout:/usr/bin/ceph: stderr
2024-04-21T08:29:09.810+0000 7fdec57fa700 1 --2- 172.21.15.86:0/3156797839 >> [v2:172.21.15.86:6800/2143206409,v1:172.21.15.86:6801/2143206409] conn(0x7fdeb0039620 0x7fdeb003bae0 unknown :-1 s=NONE pgs=0 cs=0 l=1 rev1=0 crypto rx=0 tx=0 comp rx=0 tx=0).connect
2024-04-21T08:29:11.098 INFO:teuthology.orchestra.run.smithi086.stdout:/usr/bin/ceph: stderr
2024-04-21T08:29:09.810+0000 7fdec57fa700 1 -- 172.21.15.86:0/3156797839 <== mon.0 v2:172.21.15.86:3300/0 5 ==== osd_map(2..2 src has 1..2) ==== 940+0+0 (secure 0 0 0) 0x7fdeb804dc70 con 0x7fdec81084b0
2024-04-21T08:29:11.099 INFO:teuthology.orchestra.run.smithi086.stdout:/usr/bin/ceph: stderr
2024-04-21T08:29:09.811+0000 7fdec77fe700 1 --2- 172.21.15.86:0/3156797839 >> [v2:172.21.15.86:6800/2143206409,v1:172.21.15.86:6801/2143206409] conn(0x7fdeb0039620 0x7fdeb003bae0 unknown :-1 s=BANNER_CONNECTING pgs=0 cs=0 l=1 rev1=0 crypto rx=0 tx=0 comp rx=0 tx=0)._handle_peer_banner_payload supported=3 required=0
2024-04-21T08:29:11.099 INFO:teuthology.orchestra.run.smithi086.stdout:/usr/bin/ceph: stderr
2024-04-21T08:29:09.811+0000 7fdec77fe700 1 --2- 172.21.15.86:0/3156797839 >> [v2:172.21.15.86:6800/2143206409,v1:172.21.15.86:6801/2143206409] conn(0x7fdeb0039620 0x7fdeb003bae0 secure :-1 s=READY pgs=12 cs=0 l=1 rev1=1 crypto rx=0x7fdebc006fd0 tx=0x7fdebc006e40 comp rx=0 tx=0).ready entity=mgr.14120 client_cookie=0 server_cookie=0 in_seq=0 out_seq=0
2024-04-21T08:29:11.099 INFO:teuthology.orchestra.run.smithi086.stdout:/usr/bin/ceph: stderr
2024-04-21T08:29:09.816+0000 7fdec57fa700 1 -- 172.21.15.86:0/3156797839 <== mon.0 v2:172.21.15.86:3300/0 6 ==== mon_command_ack([{"prefix": "get_command_descriptions"}]=0 v0) ==== 72+0+188370 (secure 0 0 0) 0x7fdeb802d910 con 0x7fdec81084b0
