2024-04-21T08:34:44.444 INFO:teuthology.orchestra.run.smithi007.stdout:Setting orchestrator backend to cephadm...
2024-04-21T08:34:45.104 INFO:journalctl@ceph.mon.a.smithi007.stdout:Apr 21 08:34:44 smithi007 ceph-mon[28477]: from='client.14124 -' entity='client.admin' cmd=[{"prefix": "get_command_descriptions"}]: dispatch
2024-04-21T08:34:45.104 INFO:journalctl@ceph.mon.a.smithi007.stdout:Apr 21 08:34:44 smithi007 ceph-mon[28477]: from='client.14124 -' entity='client.admin' cmd=[{"prefix": "mgr_status"}]: dispatch
2024-04-21T08:34:45.104 INFO:journalctl@ceph.mon.a.smithi007.stdout:Apr 21 08:34:44 smithi007 ceph-mon[28477]: [21/Apr/2024:08:34:43] ENGINE Serving on https://172.21.15.7:7150
2024-04-21T08:34:45.104 INFO:journalctl@ceph.mon.a.smithi007.stdout:Apr 21 08:34:44 smithi007 ceph-mon[28477]: [21/Apr/2024:08:34:44] ENGINE Serving on http://172.21.15.7:8765
2024-04-21T08:34:45.104 INFO:journalctl@ceph.mon.a.smithi007.stdout:Apr 21 08:34:44 smithi007 ceph-mon[28477]: [21/Apr/2024:08:34:44] ENGINE Bus STARTED
2024-04-21T08:34:45.105 INFO:journalctl@ceph.mon.a.smithi007.stdout:Apr 21 08:34:44 smithi007 ceph-mon[28477]: from='mgr.14120 172.21.15.7:0/3328134329' entity='mgr.x' cmd=[{"prefix": "config dump", "format": "json"}]: dispatch
2024-04-21T08:34:45.653 INFO:teuthology.orchestra.run.smithi007.stdout:/usr/bin/ceph: stderr
2024-04-21T08:34:44.869+0000 7f248878f700 1 Processor -- start
2024-04-21T08:34:45.659 INFO:teuthology.orchestra.run.smithi007.stdout:/usr/bin/ceph: stderr
2024-04-21T08:34:44.869+0000 7f248878f700 1 -- start start
2024-04-21T08:34:45.659 INFO:teuthology.orchestra.run.smithi007.stdout:/usr/bin/ceph: stderr
2024-04-21T08:34:44.869+0000 7f248878f700 1 --2- >> [v2:172.21.15.7:3300/0,v1:172.21.15.7:6789/0] conn(0x7f2480108db0 0x7f248010b1a0 unknown :-1 s=NONE pgs=0 cs=0 l=0 rev1=0 crypto rx=0 tx=0 comp rx=0 tx=0).connect
2024-04-21T08:34:45.659 INFO:teuthology.orchestra.run.smithi007.stdout:/usr/bin/ceph: stderr
2024-04-21T08:34:44.869+0000 7f248878f700 1 -- --> [v2:172.21.15.7:3300/0,v1:172.21.15.7:6789/0] -- mon_getmap magic: 0 -- 0x7f248007bea0 con 0x7f2480108db0
2024-04-21T08:34:45.659 INFO:teuthology.orchestra.run.smithi007.stdout:/usr/bin/ceph: stderr
2024-04-21T08:34:44.869+0000 7f248652b700 1 --2- >> [v2:172.21.15.7:3300/0,v1:172.21.15.7:6789/0] conn(0x7f2480108db0 0x7f248010b1a0 unknown :-1 s=BANNER_CONNECTING pgs=0 cs=0 l=0 rev1=0 crypto rx=0 tx=0 comp rx=0 tx=0)._handle_peer_banner_payload supported=3 required=0
2024-04-21T08:34:45.659 INFO:teuthology.orchestra.run.smithi007.stdout:/usr/bin/ceph: stderr
2024-04-21T08:34:44.869+0000 7f248652b700 1 --2- >> [v2:172.21.15.7:3300/0,v1:172.21.15.7:6789/0] conn(0x7f2480108db0 0x7f248010b1a0 unknown :-1 s=HELLO_CONNECTING pgs=0 cs=0 l=0 rev1=1 crypto rx=0 tx=0 comp rx=0 tx=0).handle_hello peer v2:172.21.15.7:3300/0 says I am v2:172.21.15.7:39738/0 (socket says 172.21.15.7:39738)
2024-04-21T08:34:45.659 INFO:teuthology.orchestra.run.smithi007.stdout:/usr/bin/ceph: stderr
2024-04-21T08:34:44.869+0000 7f248652b700 1 -- 172.21.15.7:0/2789990051 learned_addr learned my addr 172.21.15.7:0/2789990051 (peer_addr_for_me v2:172.21.15.7:0/0)
2024-04-21T08:34:45.659 INFO:teuthology.orchestra.run.smithi007.stdout:/usr/bin/ceph: stderr
2024-04-21T08:34:44.870+0000 7f248652b700 1 -- 172.21.15.7:0/2789990051 --> [v2:172.21.15.7:3300/0,v1:172.21.15.7:6789/0] -- mon_subscribe({config=0+,monmap=0+}) -- 0x7f248010b6e0 con 0x7f2480108db0
2024-04-21T08:34:45.659 INFO:teuthology.orchestra.run.smithi007.stdout:/usr/bin/ceph: stderr
2024-04-21T08:34:44.870+0000 7f248652b700 1 --2- 172.21.15.7:0/2789990051 >> [v2:172.21.15.7:3300/0,v1:172.21.15.7:6789/0] conn(0x7f2480108db0 0x7f248010b1a0 secure :-1 s=READY pgs=37 cs=0 l=1 rev1=1 crypto rx=0x7f247c0098a0 tx=0x7f247c009bb0 comp rx=0 tx=0).ready entity=mon.0 client_cookie=61f9e16f3098a3d4 server_cookie=0 in_seq=0 out_seq=0
2024-04-21T08:34:45.660 INFO:teuthology.orchestra.run.smithi007.stdout:/usr/bin/ceph: stderr
2024-04-21T08:34:44.870+0000 7f2485529700 1 -- 172.21.15.7:0/2789990051 <== mon.0 v2:172.21.15.7:3300/0 1 ==== mon_map magic: 0 ==== 205+0+0 (secure 0 0 0) 0x7f247c004160 con 0x7f2480108db0
2024-04-21T08:34:45.660 INFO:teuthology.orchestra.run.smithi007.stdout:/usr/bin/ceph: stderr
2024-04-21T08:34:44.870+0000 7f2485529700 1 -- 172.21.15.7:0/2789990051 <== mon.0 v2:172.21.15.7:3300/0 2 ==== config(26 keys) ==== 1070+0+0 (secure 0 0 0) 0x7f247c004300 con 0x7f2480108db0
2024-04-21T08:34:45.660 INFO:teuthology.orchestra.run.smithi007.stdout:/usr/bin/ceph: stderr
2024-04-21T08:34:44.870+0000 7f2485529700 1 -- 172.21.15.7:0/2789990051 <== mon.0 v2:172.21.15.7:3300/0 3 ==== mon_map magic: 0 ==== 205+0+0 (secure 0 0 0) 0x7f247c011af0 con 0x7f2480108db0
2024-04-21T08:34:45.660 INFO:teuthology.orchestra.run.smithi007.stdout:/usr/bin/ceph: stderr
2024-04-21T08:34:44.871+0000 7f248878f700 1 -- 172.21.15.7:0/2789990051 >> [v2:172.21.15.7:3300/0,v1:172.21.15.7:6789/0] conn(0x7f2480108db0 msgr2=0x7f248010b1a0 secure :-1 s=STATE_CONNECTION_ESTABLISHED l=1).mark_down
2024-04-21T08:34:45.660 INFO:teuthology.orchestra.run.smithi007.stdout:/usr/bin/ceph: stderr
2024-04-21T08:34:44.871+0000 7f248878f700 1 --2- 172.21.15.7:0/2789990051 >> [v2:172.21.15.7:3300/0,v1:172.21.15.7:6789/0] conn(0x7f2480108db0 0x7f248010b1a0 secure :-1 s=READY pgs=37 cs=0 l=1 rev1=1 crypto rx=0x7f247c0098a0 tx=0x7f247c009bb0 comp rx=0 tx=0).stop
2024-04-21T08:34:45.660 INFO:teuthology.orchestra.run.smithi007.stdout:/usr/bin/ceph: stderr
2024-04-21T08:34:44.871+0000 7f248878f700 1 -- 172.21.15.7:0/2789990051 shutdown_connections
2024-04-21T08:34:45.660 INFO:teuthology.orchestra.run.smithi007.stdout:/usr/bin/ceph: stderr
2024-04-21T08:34:44.871+0000 7f248878f700 1 --2- 172.21.15.7:0/2789990051 >> [v2:172.21.15.7:3300/0,v1:172.21.15.7:6789/0] conn(0x7f2480108db0 0x7f248010b1a0 unknown :-1 s=CLOSED pgs=37 cs=0 l=1 rev1=1 crypto rx=0 tx=0 comp rx=0 tx=0).stop
2024-04-21T08:34:45.660 INFO:teuthology.orchestra.run.smithi007.stdout:/usr/bin/ceph: stderr
2024-04-21T08:34:44.871+0000 7f248878f700 1 -- 172.21.15.7:0/2789990051 >> 172.21.15.7:0/2789990051 conn(0x7f2480102820 msgr2=0x7f2480104c40 unknown :-1 s=STATE_NONE l=0).mark_down
2024-04-21T08:34:45.660 INFO:teuthology.orchestra.run.smithi007.stdout:/usr/bin/ceph: stderr
2024-04-21T08:34:44.871+0000 7f248878f700 1 -- 172.21.15.7:0/2789990051 shutdown_connections
2024-04-21T08:34:45.660 INFO:teuthology.orchestra.run.smithi007.stdout:/usr/bin/ceph: stderr
2024-04-21T08:34:44.871+0000 7f248878f700 1 -- 172.21.15.7:0/2789990051 wait complete.
2024-04-21T08:34:45.660 INFO:teuthology.orchestra.run.smithi007.stdout:/usr/bin/ceph: stderr
2024-04-21T08:34:44.872+0000 7f248878f700 1 Processor -- start
2024-04-21T08:34:45.660 INFO:teuthology.orchestra.run.smithi007.stdout:/usr/bin/ceph: stderr
2024-04-21T08:34:44.872+0000 7f248878f700 1 -- start start
2024-04-21T08:34:45.660 INFO:teuthology.orchestra.run.smithi007.stdout:/usr/bin/ceph: stderr
2024-04-21T08:34:44.872+0000 7f248878f700 1 --2- >> [v2:172.21.15.7:3300/0,v1:172.21.15.7:6789/0] conn(0x7f2480108db0 0x7f2480108630 unknown :-1 s=NONE pgs=0 cs=0 l=1 rev1=0 crypto rx=0 tx=0 comp rx=0 tx=0).connect
2024-04-21T08:34:45.661 INFO:teuthology.orchestra.run.smithi007.stdout:/usr/bin/ceph: stderr
2024-04-21T08:34:44.872+0000 7f248878f700 1 -- --> [v2:172.21.15.7:3300/0,v1:172.21.15.7:6789/0] -- mon_getmap magic: 0 -- 0x7f248010c6b0 con 0x7f2480108db0
2024-04-21T08:34:45.661 INFO:teuthology.orchestra.run.smithi007.stdout:/usr/bin/ceph: stderr
2024-04-21T08:34:44.872+0000 7f248652b700 1 --2- >> [v2:172.21.15.7:3300/0,v1:172.21.15.7:6789/0] conn(0x7f2480108db0 0x7f2480108630 unknown :-1 s=BANNER_CONNECTING pgs=0 cs=0 l=1 rev1=0 crypto rx=0 tx=0 comp rx=0 tx=0)._handle_peer_banner_payload supported=3 required=0
2024-04-21T08:34:45.661 INFO:teuthology.orchestra.run.smithi007.stdout:/usr/bin/ceph: stderr
2024-04-21T08:34:44.872+0000 7f248652b700 1 --2- >> [v2:172.21.15.7:3300/0,v1:172.21.15.7:6789/0] conn(0x7f2480108db0 0x7f2480108630 unknown :-1 s=HELLO_CONNECTING pgs=0 cs=0 l=1 rev1=1 crypto rx=0 tx=0 comp rx=0 tx=0).handle_hello peer v2:172.21.15.7:3300/0 says I am v2:172.21.15.7:39744/0 (socket says 172.21.15.7:39744)
2024-04-21T08:34:45.661 INFO:teuthology.orchestra.run.smithi007.stdout:/usr/bin/ceph: stderr
2024-04-21T08:34:44.872+0000 7f248652b700 1 -- 172.21.15.7:0/4022581018 learned_addr learned my addr 172.21.15.7:0/4022581018 (peer_addr_for_me v2:172.21.15.7:0/0)
2024-04-21T08:34:45.661 INFO:teuthology.orchestra.run.smithi007.stdout:/usr/bin/ceph: stderr
2024-04-21T08:34:44.872+0000 7f248652b700 1 -- 172.21.15.7:0/4022581018 --> [v2:172.21.15.7:3300/0,v1:172.21.15.7:6789/0] -- mon_subscribe({config=0+,monmap=0+}) -- 0x7f2480108b70 con 0x7f2480108db0
2024-04-21T08:34:45.661 INFO:teuthology.orchestra.run.smithi007.stdout:/usr/bin/ceph: stderr
2024-04-21T08:34:44.872+0000 7f248652b700 1 --2- 172.21.15.7:0/4022581018 >> [v2:172.21.15.7:3300/0,v1:172.21.15.7:6789/0] conn(0x7f2480108db0 0x7f2480108630 secure :-1 s=READY pgs=38 cs=0 l=1 rev1=1 crypto rx=0x7f247c003f40 tx=0x7f247c011890 comp rx=0 tx=0).ready entity=mon.0 client_cookie=0 server_cookie=0 in_seq=0 out_seq=0
2024-04-21T08:34:45.661 INFO:teuthology.orchestra.run.smithi007.stdout:/usr/bin/ceph: stderr
2024-04-21T08:34:44.873+0000 7f24777fe700 1 -- 172.21.15.7:0/4022581018 <== mon.0 v2:172.21.15.7:3300/0 1 ==== mon_map magic: 0 ==== 205+0+0 (secure 0 0 0) 0x7f247c0038b0 con 0x7f2480108db0
2024-04-21T08:34:45.661 INFO:teuthology.orchestra.run.smithi007.stdout:/usr/bin/ceph: stderr
2024-04-21T08:34:44.873+0000 7f24777fe700 1 -- 172.21.15.7:0/4022581018 <== mon.0 v2:172.21.15.7:3300/0 2 ==== config(26 keys) ==== 1070+0+0 (secure 0 0 0) 0x7f247c003a50 con 0x7f2480108db0
2024-04-21T08:34:45.661 INFO:teuthology.orchestra.run.smithi007.stdout:/usr/bin/ceph: stderr
2024-04-21T08:34:44.873+0000 7f248878f700 1 -- 172.21.15.7:0/4022581018 --> [v2:172.21.15.7:3300/0,v1:172.21.15.7:6789/0] -- mon_subscribe({mgrmap=0+}) -- 0x7f2480106d60 con 0x7f2480108db0
2024-04-21T08:34:45.661 INFO:teuthology.orchestra.run.smithi007.stdout:/usr/bin/ceph: stderr
2024-04-21T08:34:44.873+0000 7f24777fe700 1 -- 172.21.15.7:0/4022581018 <== mon.0 v2:172.21.15.7:3300/0 3 ==== mon_map magic: 0 ==== 205+0+0 (secure 0 0 0) 0x7f247c01a5c0 con 0x7f2480108db0
2024-04-21T08:34:45.661 INFO:teuthology.orchestra.run.smithi007.stdout:/usr/bin/ceph: stderr
2024-04-21T08:34:44.873+0000 7f248878f700 1 -- 172.21.15.7:0/4022581018 --> [v2:172.21.15.7:3300/0,v1:172.21.15.7:6789/0] -- mon_subscribe({osdmap=0}) -- 0x7f24801072a0 con 0x7f2480108db0
2024-04-21T08:34:45.661 INFO:teuthology.orchestra.run.smithi007.stdout:/usr/bin/ceph: stderr
2024-04-21T08:34:44.874+0000 7f24777fe700 1 -- 172.21.15.7:0/4022581018 <== mon.0 v2:172.21.15.7:3300/0 4 ==== mgrmap(e 7) ==== 46452+0+0 (secure 0 0 0) 0x7f247c024430 con 0x7f2480108db0
2024-04-21T08:34:45.661 INFO:teuthology.orchestra.run.smithi007.stdout:/usr/bin/ceph: stderr
2024-04-21T08:34:44.874+0000 7f248878f700 1 -- 172.21.15.7:0/4022581018 --> [v2:172.21.15.7:3300/0,v1:172.21.15.7:6789/0] -- mon_command({"prefix": "get_command_descriptions"} v 0) -- 0x7f24800640a0 con 0x7f2480108db0
2024-04-21T08:34:45.661 INFO:teuthology.orchestra.run.smithi007.stdout:/usr/bin/ceph: stderr
2024-04-21T08:34:44.874+0000 7f24777fe700 1 --2- 172.21.15.7:0/4022581018 >> [v2:172.21.15.7:6800/102274072,v1:172.21.15.7:6801/102274072] conn(0x7f246c039560 0x7f246c03ba20 unknown :-1 s=NONE pgs=0 cs=0 l=1 rev1=0 crypto rx=0 tx=0 comp rx=0 tx=0).connect
2024-04-21T08:34:45.662 INFO:teuthology.orchestra.run.smithi007.stdout:/usr/bin/ceph: stderr
2024-04-21T08:34:44.874+0000 7f24777fe700 1 -- 172.21.15.7:0/4022581018 <== mon.0 v2:172.21.15.7:3300/0 5 ==== osd_map(2..2 src has 1..2) ==== 940+0+0 (secure 0 0 0) 0x7f247c04d8b0 con 0x7f2480108db0
2024-04-21T08:34:45.662 INFO:teuthology.orchestra.run.smithi007.stdout:/usr/bin/ceph: stderr
2024-04-21T08:34:44.874+0000 7f2485d2a700 1 --2- 172.21.15.7:0/4022581018 >> [v2:172.21.15.7:6800/102274072,v1:172.21.15.7:6801/102274072] conn(0x7f246c039560 0x7f246c03ba20 unknown :-1 s=BANNER_CONNECTING pgs=0 cs=0 l=1 rev1=0 crypto rx=0 tx=0 comp rx=0 tx=0)._handle_peer_banner_payload supported=3 required=0
2024-04-21T08:34:45.662 INFO:teuthology.orchestra.run.smithi007.stdout:/usr/bin/ceph: stderr
2024-04-21T08:34:44.874+0000 7f2485d2a700 1 --2- 172.21.15.7:0/4022581018 >> [v2:172.21.15.7:6800/102274072,v1:172.21.15.7:6801/102274072] conn(0x7f246c039560 0x7f246c03ba20 secure :-1 s=READY pgs=7 cs=0 l=1 rev1=1 crypto rx=0x7f2470006fd0 tx=0x7f2470006e40 comp rx=0 tx=0).ready entity=mgr.14120 client_cookie=0 server_cookie=0 in_seq=0 out_seq=0
2024-04-21T08:34:45.662 INFO:teuthology.orchestra.run.smithi007.stdout:/usr/bin/ceph: stderr
2024-04-21T08:34:44.879+0000 7f24777fe700 1 -- 172.21.15.7:0/4022581018 <== mon.0 v2:172.21.15.7:3300/0 6 ==== mon_command_ack([{"prefix": "get_command_descriptions"}]=0 v0) ==== 72+0+188370 (secure 0 0 0) 0x7f247c02d910 con 0x7f2480108db0
2024-04-21T08:34:45.662 INFO:teuthology.orchestra.run.smithi007.stdout:/usr/bin/ceph: stderr
2024-04-21T08:34:44.917+0000 7f24777fe700 1 -- 172.21.15.7:0/4022581018 <== mon.0 v2:172.21.15.7:3300/0 7 ==== mgrmap(e 8) ==== 46558+0+0 (secure 0 0 0) 0x7f247c02d3f0 con 0x7f2480108db0
2024-04-21T08:34:45.662 INFO:teuthology.orchestra.run.smithi007.stdout:/usr/bin/ceph: stderr
2024-04-21T08:34:45.105+0000 7f248878f700 1 -- 172.21.15.7:0/4022581018 --> [v2:172.21.15.7:6800/102274072,v1:172.21.15.7:6801/102274072] -- mgr_command(tid 0: {"prefix": "orch set backend", "module_name": "cephadm", "target": ["mon-mgr", ""]}) -- 0x7f2480103a50 con 0x7f246c039560
2024-04-21T08:34:45.662 INFO:teuthology.orchestra.run.smithi007.stdout:/usr/bin/ceph: stderr
2024-04-21T08:34:45.110+0000 7f24777fe700 1 -- 172.21.15.7:0/4022581018 <== mgr.14120 v2:172.21.15.7:6800/102274072 1 ==== mgr_command_reply(tid 0: 0 ) ==== 8+0+0 (secure 0 0 0) 0x7f2480103a50 con 0x7f246c039560
2024-04-21T08:34:45.662 INFO:teuthology.orchestra.run.smithi007.stdout:/usr/bin/ceph: stderr
2024-04-21T08:34:45.112+0000 7f248878f700 1 -- 172.21.15.7:0/4022581018 >> [v2:172.21.15.7:6800/102274072,v1:172.21.15.7:6801/102274072] conn(0x7f246c039560 msgr2=0x7f246c03ba20 secure :-1 s=STATE_CONNECTION_ESTABLISHED l=1).mark_down
2024-04-21T08:34:45.662 INFO:teuthology.orchestra.run.smithi007.stdout:/usr/bin/ceph: stderr
2024-04-21T08:34:45.112+0000 7f248878f700 1 --2- 172.21.15.7:0/4022581018 >> [v2:172.21.15.7:6800/102274072,v1:172.21.15.7:6801/102274072] conn(0x7f246c039560 0x7f246c03ba20 secure :-1 s=READY pgs=7 cs=0 l=1 rev1=1 crypto rx=0x7f2470006fd0 tx=0x7f2470006e40 comp rx=0 tx=0).stop
2024-04-21T08:34:45.662 INFO:teuthology.orchestra.run.smithi007.stdout:/usr/bin/ceph: stderr
2024-04-21T08:34:45.112+0000 7f248878f700 1 -- 172.21.15.7:0/4022581018 >> [v2:172.21.15.7:3300/0,v1:172.21.15.7:6789/0] conn(0x7f2480108db0 msgr2=0x7f2480108630 secure :-1 s=STATE_CONNECTION_ESTABLISHED l=1).mark_down
2024-04-21T08:34:45.662 INFO:teuthology.orchestra.run.smithi007.stdout:/usr/bin/ceph: stderr
2024-04-21T08:34:45.112+0000 7f248878f700 1 --2- 172.21.15.7:0/4022581018 >> [v2:172.21.15.7:3300/0,v1:172.21.15.7:6789/0] conn(0x7f2480108db0 0x7f2480108630 secure :-1 s=READY pgs=38 cs=0 l=1 rev1=1 crypto rx=0x7f247c003f40 tx=0x7f247c011890 comp rx=0 tx=0).stop
2024-04-21T08:34:45.662 INFO:teuthology.orchestra.run.smithi007.stdout:/usr/bin/ceph: stderr
2024-04-21T08:34:45.112+0000 7f248878f700 1 -- 172.21.15.7:0/4022581018 shutdown_connections
2024-04-21T08:34:45.662 INFO:teuthology.orchestra.run.smithi007.stdout:/usr/bin/ceph: stderr
2024-04-21T08:34:45.112+0000 7f248878f700 1 --2- 172.21.15.7:0/4022581018 >> [v2:172.21.15.7:6800/102274072,v1:172.21.15.7:6801/102274072] conn(0x7f246c039560 0x7f246c03ba20 unknown :-1 s=CLOSED pgs=7 cs=0 l=1 rev1=1 crypto rx=0 tx=0 comp rx=0 tx=0).stop
2024-04-21T08:34:45.663 INFO:teuthology.orchestra.run.smithi007.stdout:/usr/bin/ceph: stderr
2024-04-21T08:34:45.112+0000 7f248878f700 1 --2- 172.21.15.7:0/4022581018 >> [v2:172.21.15.7:3300/0,v1:172.21.15.7:6789/0] conn(0x7f2480108db0 0x7f2480108630 unknown :-1 s=CLOSED pgs=38 cs=0 l=1 rev1=1 crypto rx=0 tx=0 comp rx=0 tx=0).stop
2024-04-21T08:34:45.663 INFO:teuthology.orchestra.run.smithi007.stdout:/usr/bin/ceph: stderr
2024-04-21T08:34:45.112+0000 7f248878f700 1 -- 172.21.15.7:0/4022581018 >> 172.21.15.7:0/4022581018 conn(0x7f2480102820 msgr2=0x7f2480103340 unknown :-1 s=STATE_NONE l=0).mark_down
2024-04-21T08:34:45.663 INFO:teuthology.orchestra.run.smithi007.stdout:/usr/bin/ceph: stderr
2024-04-21T08:34:45.112+0000 7f248878f700 1 -- 172.21.15.7:0/4022581018 shutdown_connections
2024-04-21T08:34:45.663 INFO:teuthology.orchestra.run.smithi007.stdout:/usr/bin/ceph: stderr
2024-04-21T08:34:45.112+0000 7f248878f700 1 -- 172.21.15.7:0/4022581018 wait complete.
2024-04-21T08:34:46.053 INFO:journalctl@ceph.mon.a.smithi007.stdout:Apr 21 08:34:45 smithi007 ceph-mon[28477]: mgrmap e8: x(active, since 2s)
2024-04-21T08:34:46.053 INFO:journalctl@ceph.mon.a.smithi007.stdout:Apr 21 08:34:45 smithi007 ceph-mon[28477]: from='client.14132 -' entity='client.admin' cmd=[{"prefix": "orch set backend", "module_name": "cephadm", "target": ["mon-mgr", ""]}]: dispatch
2024-04-21T08:34:46.053 INFO:journalctl@ceph.mon.a.smithi007.stdout:Apr 21 08:34:45 smithi007 ceph-mon[28477]: from='mgr.14120 172.21.15.7:0/3328134329' entity='mgr.x'
2024-04-21T08:34:46.053 INFO:journalctl@ceph.mon.a.smithi007.stdout:Apr 21 08:34:45 smithi007 ceph-mon[28477]: from='mgr.14120 172.21.15.7:0/3328134329' entity='mgr.x' cmd=[{"prefix": "config dump", "format": "json"}]: dispatch
2024-04-21T08:34:46.740 INFO:teuthology.orchestra.run.smithi007.stdout:/usr/bin/ceph: stdout value unchanged
2024-04-21T08:34:46.740 INFO:teuthology.orchestra.run.smithi007.stdout:/usr/bin/ceph: stderr
2024-04-21T08:34:46.053+0000 7f204bc59700 1 Processor -- start
2024-04-21T08:34:46.740 INFO:teuthology.orchestra.run.smithi007.stdout:/usr/bin/ceph: stderr
2024-04-21T08:34:46.053+0000 7f204bc59700 1 -- start start
2024-04-21T08:34:46.741 INFO:teuthology.orchestra.run.smithi007.stdout:/usr/bin/ceph: stderr
2024-04-21T08:34:46.053+0000 7f204bc59700 1 --2- >> [v2:172.21.15.7:3300/0,v1:172.21.15.7:6789/0] conn(0x7f2044108e50 0x7f204410b240 unknown :-1 s=NONE pgs=0 cs=0 l=0 rev1=0 crypto rx=0 tx=0 comp rx=0 tx=0).connect
2024-04-21T08:34:46.741 INFO:teuthology.orchestra.run.smithi007.stdout:/usr/bin/ceph: stderr
2024-04-21T08:34:46.053+0000 7f204bc59700 1 -- --> [v2:172.21.15.7:3300/0,v1:172.21.15.7:6789/0] -- mon_getmap magic: 0 -- 0x7f204407be40 con 0x7f2044108e50
2024-04-21T08:34:46.741 INFO:teuthology.orchestra.run.smithi007.stdout:/usr/bin/ceph: stderr
2024-04-21T08:34:46.054+0000 7f20499f5700 1 --2- >> [v2:172.21.15.7:3300/0,v1:172.21.15.7:6789/0] conn(0x7f2044108e50 0x7f204410b240 unknown :-1 s=BANNER_CONNECTING pgs=0 cs=0 l=0 rev1=0 crypto rx=0 tx=0 comp rx=0 tx=0)._handle_peer_banner_payload supported=3 required=0
2024-04-21T08:34:46.741 INFO:teuthology.orchestra.run.smithi007.stdout:/usr/bin/ceph: stderr
2024-04-21T08:34:46.054+0000 7f20499f5700 1 --2- >> [v2:172.21.15.7:3300/0,v1:172.21.15.7:6789/0] conn(0x7f2044108e50 0x7f204410b240 unknown :-1 s=HELLO_CONNECTING pgs=0 cs=0 l=0 rev1=1 crypto rx=0 tx=0 comp rx=0 tx=0).handle_hello peer v2:172.21.15.7:3300/0 says I am v2:172.21.15.7:39748/0 (socket says 172.21.15.7:39748)
2024-04-21T08:34:46.741 INFO:teuthology.orchestra.run.smithi007.stdout:/usr/bin/ceph: stderr
2024-04-21T08:34:46.054+0000 7f20499f5700 1 -- 172.21.15.7:0/2984182160 learned_addr learned my addr 172.21.15.7:0/2984182160 (peer_addr_for_me v2:172.21.15.7:0/0)
2024-04-21T08:34:46.741 INFO:teuthology.orchestra.run.smithi007.stdout:/usr/bin/ceph: stderr
2024-04-21T08:34:46.054+0000 7f20499f5700 1 -- 172.21.15.7:0/2984182160 --> [v2:172.21.15.7:3300/0,v1:172.21.15.7:6789/0] -- mon_subscribe({config=0+,monmap=0+}) -- 0x7f204410b780 con 0x7f2044108e50
2024-04-21T08:34:46.741 INFO:teuthology.orchestra.run.smithi007.stdout:/usr/bin/ceph: stderr
2024-04-21T08:34:46.054+0000 7f20499f5700 1 --2- 172.21.15.7:0/2984182160 >> [v2:172.21.15.7:3300/0,v1:172.21.15.7:6789/0] conn(0x7f2044108e50 0x7f204410b240 secure :-1 s=READY pgs=39 cs=0 l=1 rev1=1 crypto rx=0x7f20400098a0 tx=0x7f2040009bb0 comp rx=0 tx=0).ready entity=mon.0 client_cookie=a36b07da01f787d5 server_cookie=0 in_seq=0 out_seq=0
2024-04-21T08:34:46.741 INFO:teuthology.orchestra.run.smithi007.stdout:/usr/bin/ceph: stderr
2024-04-21T08:34:46.054+0000 7f20489f3700 1 -- 172.21.15.7:0/2984182160 <== mon.0 v2:172.21.15.7:3300/0 1 ==== mon_map magic: 0 ==== 205+0+0 (secure 0 0 0) 0x7f2040004160 con 0x7f2044108e50
2024-04-21T08:34:46.741 INFO:teuthology.orchestra.run.smithi007.stdout:/usr/bin/ceph: stderr
2024-04-21T08:34:46.054+0000 7f20489f3700 1 -- 172.21.15.7:0/2984182160 <== mon.0 v2:172.21.15.7:3300/0 2 ==== config(26 keys) ==== 1070+0+0 (secure 0 0 0) 0x7f2040004300 con 0x7f2044108e50
2024-04-21T08:34:46.741 INFO:teuthology.orchestra.run.smithi007.stdout:/usr/bin/ceph: stderr
2024-04-21T08:34:46.054+0000 7f20489f3700 1 -- 172.21.15.7:0/2984182160 <== mon.0 v2:172.21.15.7:3300/0 3 ==== mon_map magic: 0 ==== 205+0+0 (secure 0 0 0) 0x7f2040011af0 con 0x7f2044108e50
2024-04-21T08:34:46.741 INFO:teuthology.orchestra.run.smithi007.stdout:/usr/bin/ceph: stderr
2024-04-21T08:34:46.055+0000 7f204bc59700 1 -- 172.21.15.7:0/2984182160 >> [v2:172.21.15.7:3300/0,v1:172.21.15.7:6789/0] conn(0x7f2044108e50 msgr2=0x7f204410b240 secure :-1 s=STATE_CONNECTION_ESTABLISHED l=1).mark_down
2024-04-21T08:34:46.741 INFO:teuthology.orchestra.run.smithi007.stdout:/usr/bin/ceph: stderr
2024-04-21T08:34:46.055+0000 7f204bc59700 1 --2- 172.21.15.7:0/2984182160 >> [v2:172.21.15.7:3300/0,v1:172.21.15.7:6789/0] conn(0x7f2044108e50 0x7f204410b240 secure :-1 s=READY pgs=39 cs=0 l=1 rev1=1 crypto rx=0x7f20400098a0 tx=0x7f2040009bb0 comp rx=0 tx=0).stop
2024-04-21T08:34:46.741 INFO:teuthology.orchestra.run.smithi007.stdout:/usr/bin/ceph: stderr
2024-04-21T08:34:46.055+0000 7f204bc59700 1 -- 172.21.15.7:0/2984182160 shutdown_connections
2024-04-21T08:34:46.742 INFO:teuthology.orchestra.run.smithi007.stdout:/usr/bin/ceph: stderr
2024-04-21T08:34:46.055+0000 7f204bc59700 1 --2- 172.21.15.7:0/2984182160 >> [v2:172.21.15.7:3300/0,v1:172.21.15.7:6789/0] conn(0x7f2044108e50 0x7f204410b240 unknown :-1 s=CLOSED pgs=39 cs=0 l=1 rev1=1 crypto rx=0 tx=0 comp rx=0 tx=0).stop
2024-04-21T08:34:46.742 INFO:teuthology.orchestra.run.smithi007.stdout:/usr/bin/ceph: stderr
2024-04-21T08:34:46.055+0000 7f204bc59700 1 -- 172.21.15.7:0/2984182160 >> 172.21.15.7:0/2984182160 conn(0x7f2044102860 msgr2=0x7f2044104c80 unknown :-1 s=STATE_NONE l=0).mark_down
2024-04-21T08:34:46.742 INFO:teuthology.orchestra.run.smithi007.stdout:/usr/bin/ceph: stderr
2024-04-21T08:34:46.055+0000 7f204bc59700 1 -- 172.21.15.7:0/2984182160 shutdown_connections
2024-04-21T08:34:46.742 INFO:teuthology.orchestra.run.smithi007.stdout:/usr/bin/ceph: stderr
2024-04-21T08:34:46.055+0000 7f204bc59700 1 -- 172.21.15.7:0/2984182160 wait complete.
2024-04-21T08:34:46.742 INFO:teuthology.orchestra.run.smithi007.stdout:/usr/bin/ceph: stderr
2024-04-21T08:34:46.056+0000 7f204bc59700 1 Processor -- start
2024-04-21T08:34:46.742 INFO:teuthology.orchestra.run.smithi007.stdout:/usr/bin/ceph: stderr
2024-04-21T08:34:46.056+0000 7f204bc59700 1 -- start start
2024-04-21T08:34:46.742 INFO:teuthology.orchestra.run.smithi007.stdout:/usr/bin/ceph: stderr
2024-04-21T08:34:46.056+0000 7f204bc59700 1 --2- >> [v2:172.21.15.7:3300/0,v1:172.21.15.7:6789/0] conn(0x7f2044108e50 0x7f20441086d0 unknown :-1 s=NONE pgs=0 cs=0 l=1 rev1=0 crypto rx=0 tx=0 comp rx=0 tx=0).connect
2024-04-21T08:34:46.742 INFO:teuthology.orchestra.run.smithi007.stdout:/usr/bin/ceph: stderr
2024-04-21T08:34:46.056+0000 7f204bc59700 1 -- --> [v2:172.21.15.7:3300/0,v1:172.21.15.7:6789/0] -- mon_getmap magic: 0 -- 0x7f204410c6f0 con 0x7f2044108e50
2024-04-21T08:34:46.742 INFO:teuthology.orchestra.run.smithi007.stdout:/usr/bin/ceph: stderr
2024-04-21T08:34:46.056+0000 7f20499f5700 1 --2- >> [v2:172.21.15.7:3300/0,v1:172.21.15.7:6789/0] conn(0x7f2044108e50 0x7f20441086d0 unknown :-1 s=BANNER_CONNECTING pgs=0 cs=0 l=1 rev1=0 crypto rx=0 tx=0 comp rx=0 tx=0)._handle_peer_banner_payload supported=3 required=0
2024-04-21T08:34:46.742 INFO:teuthology.orchestra.run.smithi007.stdout:/usr/bin/ceph: stderr
2024-04-21T08:34:46.056+0000 7f20499f5700 1 --2- >> [v2:172.21.15.7:3300/0,v1:172.21.15.7:6789/0] conn(0x7f2044108e50 0x7f20441086d0 unknown :-1 s=HELLO_CONNECTING pgs=0 cs=0 l=1 rev1=1 crypto rx=0 tx=0 comp rx=0 tx=0).handle_hello peer v2:172.21.15.7:3300/0 says I am v2:172.21.15.7:39752/0 (socket says 172.21.15.7:39752)
2024-04-21T08:34:46.742 INFO:teuthology.orchestra.run.smithi007.stdout:/usr/bin/ceph: stderr
2024-04-21T08:34:46.056+0000 7f20499f5700 1 -- 172.21.15.7:0/919566107 learned_addr learned my addr 172.21.15.7:0/919566107 (peer_addr_for_me v2:172.21.15.7:0/0)
2024-04-21T08:34:46.742 INFO:teuthology.orchestra.run.smithi007.stdout:/usr/bin/ceph: stderr
2024-04-21T08:34:46.056+0000 7f20499f5700 1 -- 172.21.15.7:0/919566107 --> [v2:172.21.15.7:3300/0,v1:172.21.15.7:6789/0] -- mon_subscribe({config=0+,monmap=0+}) -- 0x7f2044108c10 con 0x7f2044108e50
2024-04-21T08:34:46.742 INFO:teuthology.orchestra.run.smithi007.stdout:/usr/bin/ceph: stderr
2024-04-21T08:34:46.057+0000 7f20499f5700 1 --2- 172.21.15.7:0/919566107 >> [v2:172.21.15.7:3300/0,v1:172.21.15.7:6789/0] conn(0x7f2044108e50 0x7f20441086d0 secure :-1 s=READY pgs=40 cs=0 l=1 rev1=1 crypto rx=0x7f2040011ac0 tx=0x7f2040011ba0 comp rx=0 tx=0).ready entity=mon.0 client_cookie=0 server_cookie=0 in_seq=0 out_seq=0
2024-04-21T08:34:46.743 INFO:teuthology.orchestra.run.smithi007.stdout:/usr/bin/ceph: stderr
2024-04-21T08:34:46.057+0000 7f203affd700 1 -- 172.21.15.7:0/919566107 <== mon.0 v2:172.21.15.7:3300/0 1 ==== mon_map magic: 0 ==== 205+0+0 (secure 0 0 0) 0x7f2040003b20 con 0x7f2044108e50
2024-04-21T08:34:46.743 INFO:teuthology.orchestra.run.smithi007.stdout:/usr/bin/ceph: stderr
2024-04-21T08:34:46.057+0000 7f203affd700 1 -- 172.21.15.7:0/919566107 <== mon.0 v2:172.21.15.7:3300/0 2 ==== config(26 keys) ==== 1070+0+0 (secure 0 0 0) 0x7f204001a8c0 con 0x7f2044108e50
2024-04-21T08:34:46.743 INFO:teuthology.orchestra.run.smithi007.stdout:/usr/bin/ceph: stderr
2024-04-21T08:34:46.057+0000 7f204bc59700 1 -- 172.21.15.7:0/919566107 --> [v2:172.21.15.7:3300/0,v1:172.21.15.7:6789/0] -- mon_subscribe({mgrmap=0+}) -- 0x7f2044106e00 con 0x7f2044108e50
2024-04-21T08:34:46.743 INFO:teuthology.orchestra.run.smithi007.stdout:/usr/bin/ceph: stderr
2024-04-21T08:34:46.057+0000 7f203affd700 1 -- 172.21.15.7:0/919566107 <== mon.0 v2:172.21.15.7:3300/0 3 ==== mon_map magic: 0 ==== 205+0+0 (secure 0 0 0) 0x7f20400248d0 con 0x7f2044108e50
2024-04-21T08:34:46.743 INFO:teuthology.orchestra.run.smithi007.stdout:/usr/bin/ceph: stderr
2024-04-21T08:34:46.057+0000 7f204bc59700 1 -- 172.21.15.7:0/919566107 --> [v2:172.21.15.7:3300/0,v1:172.21.15.7:6789/0] -- mon_subscribe({osdmap=0}) -- 0x7f2044107340 con 0x7f2044108e50
2024-04-21T08:34:46.743 INFO:teuthology.orchestra.run.smithi007.stdout:/usr/bin/ceph: stderr
2024-04-21T08:34:46.058+0000 7f203affd700 1 -- 172.21.15.7:0/919566107 <== mon.0 v2:172.21.15.7:3300/0 4 ==== mgrmap(e 8) ==== 46558+0+0 (secure 0 0 0) 0x7f2040022020 con 0x7f2044108e50
2024-04-21T08:34:46.743 INFO:teuthology.orchestra.run.smithi007.stdout:/usr/bin/ceph: stderr
2024-04-21T08:34:46.058+0000 7f204bc59700 1 -- 172.21.15.7:0/919566107 --> [v2:172.21.15.7:3300/0,v1:172.21.15.7:6789/0] -- mon_command({"prefix": "get_command_descriptions"} v 0) -- 0x7f2044069b50 con 0x7f2044108e50
2024-04-21T08:34:46.743 INFO:teuthology.orchestra.run.smithi007.stdout:/usr/bin/ceph: stderr
2024-04-21T08:34:46.058+0000 7f203affd700 1 --2- 172.21.15.7:0/919566107 >> [v2:172.21.15.7:6800/102274072,v1:172.21.15.7:6801/102274072] conn(0x7f2030039670 0x7f203003bb30 unknown :-1 s=NONE pgs=0 cs=0 l=1 rev1=0 crypto rx=0 tx=0 comp rx=0 tx=0).connect
2024-04-21T08:34:46.743 INFO:teuthology.orchestra.run.smithi007.stdout:/usr/bin/ceph: stderr
2024-04-21T08:34:46.058+0000 7f203affd700 1 -- 172.21.15.7:0/919566107 <== mon.0 v2:172.21.15.7:3300/0 5 ==== osd_map(2..2 src has 1..2) ==== 940+0+0 (secure 0 0 0) 0x7f204004da80 con 0x7f2044108e50
2024-04-21T08:34:46.743 INFO:teuthology.orchestra.run.smithi007.stdout:/usr/bin/ceph: stderr
2024-04-21T08:34:46.058+0000 7f20491f4700 1 --2- 172.21.15.7:0/919566107 >> [v2:172.21.15.7:6800/102274072,v1:172.21.15.7:6801/102274072] conn(0x7f2030039670 0x7f203003bb30 unknown :-1 s=BANNER_CONNECTING pgs=0 cs=0 l=1 rev1=0 crypto rx=0 tx=0 comp rx=0 tx=0)._handle_peer_banner_payload supported=3 required=0
2024-04-21T08:34:46.743 INFO:teuthology.orchestra.run.smithi007.stdout:/usr/bin/ceph: stderr
2024-04-21T08:34:46.058+0000 7f20491f4700 1 --2- 172.21.15.7:0/919566107 >> [v2:172.21.15.7:6800/102274072,v1:172.21.15.7:6801/102274072] conn(0x7f2030039670 0x7f203003bb30 secure :-1 s=READY pgs=8 cs=0 l=1 rev1=1 crypto rx=0x7f2034006fd0 tx=0x7f2034006e40 comp rx=0 tx=0).ready entity=mgr.14120 client_cookie=0 server_cookie=0 in_seq=0 out_seq=0
2024-04-21T08:34:46.743 INFO:teuthology.orchestra.run.smithi007.stdout:/usr/bin/ceph: stderr
2024-04-21T08:34:46.063+0000 7f203affd700 1 -- 172.21.15.7:0/919566107 <== mon.0 v2:172.21.15.7:3300/0 6 ==== mon_command_ack([{"prefix": "get_command_descriptions"}]=0 v0) ==== 72+0+188370 (secure 0 0 0) 0x7f204000b5a0 con 0x7f2044108e50
2024-04-21T08:34:46.743 INFO:teuthology.orchestra.run.smithi007.stdout:/usr/bin/ceph: stderr
2024-04-21T08:34:46.271+0000 7f204bc59700 1 -- 172.21.15.7:0/919566107 --> [v2:172.21.15.7:6800/102274072,v1:172.21.15.7:6801/102274072] -- mgr_command(tid 0: {"prefix": "cephadm set-user", "user": "root", "target": ["mon-mgr", ""]}) -- 0x7f2044107ba0 con 0x7f2030039670
2024-04-21T08:34:46.744 INFO:teuthology.orchestra.run.smithi007.stdout:/usr/bin/ceph: stderr
2024-04-21T08:34:46.271+0000 7f203affd700 1 -- 172.21.15.7:0/919566107 <== mgr.14120 v2:172.21.15.7:6800/102274072 1 ==== mgr_command_reply(tid 0: 0 ) ==== 8+0+16 (secure 0 0 0) 0x7f2044107ba0 con 0x7f2030039670
2024-04-21T08:34:46.744 INFO:teuthology.orchestra.run.smithi007.stdout:/usr/bin/ceph: stderr
2024-04-21T08:34:46.273+0000 7f204bc59700 1 -- 172.21.15.7:0/919566107 >> [v2:172.21.15.7:6800/102274072,v1:172.21.15.7:6801/102274072] conn(0x7f2030039670 msgr2=0x7f203003bb30 secure :-1 s=STATE_CONNECTION_ESTABLISHED l=1).mark_down
2024-04-21T08:34:46.744 INFO:teuthology.orchestra.run.smithi007.stdout:/usr/bin/ceph: stderr
2024-04-21T08:34:46.273+0000 7f204bc59700 1 --2- 172.21.15.7:0/919566107 >> [v2:172.21.15.7:6800/102274072,v1:172.21.15.7:6801/102274072] conn(0x7f2030039670 0x7f203003bb30 secure :-1 s=READY pgs=8 cs=0 l=1 rev1=1 crypto rx=0x7f2034006fd0 tx=0x7f2034006e40 comp rx=0 tx=0).stop
2024-04-21T08:34:46.744 INFO:teuthology.orchestra.run.smithi007.stdout:/usr/bin/ceph: stderr
2024-04-21T08:34:46.273+0000 7f204bc59700 1 -- 172.21.15.7:0/919566107 >> [v2:172.21.15.7:3300/0,v1:172.21.15.7:6789/0] conn(0x7f2044108e50 msgr2=0x7f20441086d0 secure :-1 s=STATE_CONNECTION_ESTABLISHED l=1).mark_down
2024-04-21T08:34:46.744 INFO:teuthology.orchestra.run.smithi007.stdout:/usr/bin/ceph: stderr
2024-04-21T08:34:46.273+0000 7f204bc59700 1 --2- 172.21.15.7:0/919566107 >> [v2:172.21.15.7:3300/0,v1:172.21.15.7:6789/0] conn(0x7f2044108e50 0x7f20441086d0 secure :-1 s=READY pgs=40 cs=0 l=1 rev1=1 crypto rx=0x7f2040011ac0 tx=0x7f2040011ba0 comp rx=0 tx=0).stop
2024-04-21T08:34:46.744 INFO:teuthology.orchestra.run.smithi007.stdout:/usr/bin/ceph: stderr
2024-04-21T08:34:46.273+0000 7f204bc59700 1 -- 172.21.15.7:0/919566107 shutdown_connections
2024-04-21T08:34:46.744 INFO:teuthology.orchestra.run.smithi007.stdout:/usr/bin/ceph: stderr
2024-04-21T08:34:46.273+0000 7f204bc59700 1 --2- 172.21.15.7:0/919566107 >> [v2:172.21.15.7:6800/102274072,v1:172.21.15.7:6801/102274072] conn(0x7f2030039670 0x7f203003bb30 unknown :-1 s=CLOSED pgs=8 cs=0 l=1 rev1=1 crypto rx=0 tx=0 comp rx=0 tx=0).stop
2024-04-21T08:34:46.744 INFO:teuthology.orchestra.run.smithi007.stdout:/usr/bin/ceph: stderr
2024-04-21T08:34:46.273+0000 7f204bc59700 1 --2- 172.21.15.7:0/919566107 >> [v2:172.21.15.7:3300/0,v1:172.21.15.7:6789/0] conn(0x7f2044108e50 0x7f20441086d0 unknown :-1 s=CLOSED pgs=40 cs=0 l=1 rev1=1 crypto rx=0 tx=0 comp rx=0 tx=0).stop
2024-04-21T08:34:46.744 INFO:teuthology.orchestra.run.smithi007.stdout:/usr/bin/ceph: stderr
2024-04-21T08:34:46.273+0000 7f204bc59700 1 -- 172.21.15.7:0/919566107 >> 172.21.15.7:0/919566107 conn(0x7f2044102860 msgr2=0x7f20441032e0 unknown :-1 s=STATE_NONE l=0).mark_down
2024-04-21T08:34:46.744 INFO:teuthology.orchestra.run.smithi007.stdout:/usr/bin/ceph: stderr
2024-04-21T08:34:46.273+0000 7f204bc59700 1 -- 172.21.15.7:0/919566107 shutdown_connections
2024-04-21T08:34:46.744 INFO:teuthology.orchestra.run.smithi007.stdout:/usr/bin/ceph: stderr
2024-04-21T08:34:46.273+0000 7f204bc59700 1 -- 172.21.15.7:0/919566107 wait complete.
2024-04-21T08:34:46.744 INFO:teuthology.orchestra.run.smithi007.stdout:Generating ssh key...
2024-04-21T08:34:47.110 INFO:journalctl@ceph.mon.a.smithi007.stdout:Apr 21 08:34:46 smithi007 ceph-mon[28477]: from='client.14134 -' entity='client.admin' cmd=[{"prefix": "cephadm set-user", "user": "root", "target": ["mon-mgr", ""]}]: dispatch
2024-04-21T08:34:47.651 INFO:journalctl@ceph.mgr.x.smithi007.stdout:Apr 21 08:34:47 smithi007 ceph-c9c60282-ffb9-11ee-bc93-c7b262605968-mgr-x[28711]: Generating public/private rsa key pair.
2024-04-21T08:34:47.651 INFO:journalctl@ceph.mgr.x.smithi007.stdout:Apr 21 08:34:47 smithi007 ceph-c9c60282-ffb9-11ee-bc93-c7b262605968-mgr-x[28711]: Your identification has been saved in /tmp/tmp53_mvh6f/key.
2024-04-21T08:34:47.652 INFO:journalctl@ceph.mgr.x.smithi007.stdout:Apr 21 08:34:47 smithi007 ceph-c9c60282-ffb9-11ee-bc93-c7b262605968-mgr-x[28711]: Your public key has been saved in /tmp/tmp53_mvh6f/key.pub.
2024-04-21T08:34:47.652 INFO:journalctl@ceph.mgr.x.smithi007.stdout:Apr 21 08:34:47 smithi007 ceph-c9c60282-ffb9-11ee-bc93-c7b262605968-mgr-x[28711]: The key fingerprint is:
2024-04-21T08:34:47.652 INFO:journalctl@ceph.mgr.x.smithi007.stdout:Apr 21 08:34:47 smithi007 ceph-c9c60282-ffb9-11ee-bc93-c7b262605968-mgr-x[28711]: SHA256:uXrTa4u30EscF34qzFFPfCzsXUIle/DyEbDT2sqqk6I ceph-c9c60282-ffb9-11ee-bc93-c7b262605968
2024-04-21T08:34:47.652 INFO:journalctl@ceph.mgr.x.smithi007.stdout:Apr 21 08:34:47 smithi007 ceph-c9c60282-ffb9-11ee-bc93-c7b262605968-mgr-x[28711]: The key's randomart image is:
2024-04-21T08:34:47.652 INFO:journalctl@ceph.mgr.x.smithi007.stdout:Apr 21 08:34:47 smithi007 ceph-c9c60282-ffb9-11ee-bc93-c7b262605968-mgr-x[28711]: +---[RSA 3072]----+
2024-04-21T08:34:47.652 INFO:journalctl@ceph.mgr.x.smithi007.stdout:Apr 21 08:34:47 smithi007 ceph-c9c60282-ffb9-11ee-bc93-c7b262605968-mgr-x[28711]: | .=o.|
2024-04-21T08:34:47.652 INFO:journalctl@ceph.mgr.x.smithi007.stdout:Apr 21 08:34:47 smithi007 ceph-c9c60282-ffb9-11ee-bc93-c7b262605968-mgr-x[28711]: | +o*.|
2024-04-21T08:34:47.652 INFO:journalctl@ceph.mgr.x.smithi007.stdout:Apr 21 08:34:47 smithi007 ceph-c9c60282-ffb9-11ee-bc93-c7b262605968-mgr-x[28711]: | ooOo*|
2024-04-21T08:34:47.652 INFO:journalctl@ceph.mgr.x.smithi007.stdout:Apr 21 08:34:47 smithi007 ceph-c9c60282-ffb9-11ee-bc93-c7b262605968-mgr-x[28711]: | . o =+Oo|
2024-04-21T08:34:47.652 INFO:journalctl@ceph.mgr.x.smithi007.stdout:Apr 21 08:34:47 smithi007 ceph-c9c60282-ffb9-11ee-bc93-c7b262605968-mgr-x[28711]: | S o o.+.o|
2024-04-21T08:34:47.652 INFO:journalctl@ceph.mgr.x.smithi007.stdout:Apr 21 08:34:47 smithi007 ceph-c9c60282-ffb9-11ee-bc93-c7b262605968-mgr-x[28711]: | * +.o. |
2024-04-21T08:34:47.652 INFO:journalctl@ceph.mgr.x.smithi007.stdout:Apr 21 08:34:47 smithi007 ceph-c9c60282-ffb9-11ee-bc93-c7b262605968-mgr-x[28711]: | o.O .o |
2024-04-21T08:34:47.652 INFO:journalctl@ceph.mgr.x.smithi007.stdout:Apr 21 08:34:47 smithi007 ceph-c9c60282-ffb9-11ee-bc93-c7b262605968-mgr-x[28711]: | oo*+o. |
2024-04-21T08:34:47.652 INFO:journalctl@ceph.mgr.x.smithi007.stdout:Apr 21 08:34:47 smithi007 ceph-c9c60282-ffb9-11ee-bc93-c7b262605968-mgr-x[28711]: | Eo.o=B= |
2024-04-21T08:34:47.653 INFO:journalctl@ceph.mgr.x.smithi007.stdout:Apr 21 08:34:47 smithi007 ceph-c9c60282-ffb9-11ee-bc93-c7b262605968-mgr-x[28711]: +----[SHA256]-----+
2024-04-21T08:34:48.198 INFO:teuthology.orchestra.run.smithi007.stdout:/usr/bin/ceph: stderr
2024-04-21T08:34:47.154+0000 7fcb62c08700 1 Processor -- start
2024-04-21T08:34:48.198 INFO:teuthology.orchestra.run.smithi007.stdout:/usr/bin/ceph: stderr
2024-04-21T08:34:47.154+0000 7fcb62c08700 1 -- start start
2024-04-21T08:34:48.198 INFO:teuthology.orchestra.run.smithi007.stdout:/usr/bin/ceph: stderr
2024-04-21T08:34:47.154+0000 7fcb62c08700 1 --2- >> [v2:172.21.15.7:3300/0,v1:172.21.15.7:6789/0] conn(0x7fcb5c1083b0 0x7fcb5c1087d0 unknown :-1 s=NONE pgs=0 cs=0 l=0 rev1=0 crypto rx=0 tx=0 comp rx=0 tx=0).connect
2024-04-21T08:34:48.198 INFO:teuthology.orchestra.run.smithi007.stdout:/usr/bin/ceph: stderr
2024-04-21T08:34:47.154+0000 7fcb62c08700 1 -- --> [v2:172.21.15.7:3300/0,v1:172.21.15.7:6789/0] -- mon_getmap magic: 0 -- 0x7fcb5c108da0 con 0x7fcb5c1083b0
2024-04-21T08:34:48.199 INFO:teuthology.orchestra.run.smithi007.stdout:/usr/bin/ceph: stderr
2024-04-21T08:34:47.154+0000 7fcb609a4700 1 --2- >> [v2:172.21.15.7:3300/0,v1:172.21.15.7:6789/0] conn(0x7fcb5c1083b0 0x7fcb5c1087d0 unknown :-1 s=BANNER_CONNECTING pgs=0 cs=0 l=0 rev1=0 crypto rx=0 tx=0 comp rx=0 tx=0)._handle_peer_banner_payload supported=3 required=0
2024-04-21T08:34:48.199 INFO:teuthology.orchestra.run.smithi007.stdout:/usr/bin/ceph: stderr
2024-04-21T08:34:47.154+0000 7fcb609a4700 1 --2- >> [v2:172.21.15.7:3300/0,v1:172.21.15.7:6789/0] conn(0x7fcb5c1083b0 0x7fcb5c1087d0 unknown :-1 s=HELLO_CONNECTING pgs=0 cs=0 l=0 rev1=1 crypto rx=0 tx=0 comp rx=0 tx=0).handle_hello peer v2:172.21.15.7:3300/0 says I am v2:172.21.15.7:39762/0 (socket says 172.21.15.7:39762)
2024-04-21T08:34:48.199 INFO:teuthology.orchestra.run.smithi007.stdout:/usr/bin/ceph: stderr
2024-04-21T08:34:47.154+0000 7fcb609a4700 1 -- 172.21.15.7:0/1547263046 learned_addr learned my addr 172.21.15.7:0/1547263046 (peer_addr_for_me v2:172.21.15.7:0/0)
2024-04-21T08:34:48.199 INFO:teuthology.orchestra.run.smithi007.stdout:/usr/bin/ceph: stderr
2024-04-21T08:34:47.155+0000 7fcb609a4700 1 -- 172.21.15.7:0/1547263046 --> [v2:172.21.15.7:3300/0,v1:172.21.15.7:6789/0] -- mon_subscribe({config=0+,monmap=0+}) -- 0x7fcb5c109560 con 0x7fcb5c1083b0
2024-04-21T08:34:48.199 INFO:teuthology.orchestra.run.smithi007.stdout:/usr/bin/ceph: stderr
2024-04-21T08:34:47.155+0000 7fcb609a4700 1 --2- 172.21.15.7:0/1547263046 >> [v2:172.21.15.7:3300/0,v1:172.21.15.7:6789/0] conn(0x7fcb5c1083b0 0x7fcb5c1087d0 secure :-1 s=READY pgs=41 cs=0 l=1 rev1=1 crypto rx=0x7fcb500098a0 tx=0x7fcb50009bb0 comp rx=0 tx=0).ready entity=mon.0 client_cookie=c68ac4f666ea6ee6 server_cookie=0 in_seq=0 out_seq=0
2024-04-21T08:34:48.199 INFO:teuthology.orchestra.run.smithi007.stdout:/usr/bin/ceph: stderr
2024-04-21T08:34:47.155+0000 7fcb5b7fe700 1 -- 172.21.15.7:0/1547263046 <== mon.0 v2:172.21.15.7:3300/0 1 ==== mon_map magic: 0 ==== 205+0+0 (secure 0 0 0) 0x7fcb50004160 con 0x7fcb5c1083b0
2024-04-21T08:34:48.199 INFO:teuthology.orchestra.run.smithi007.stdout:/usr/bin/ceph: stderr
2024-04-21T08:34:47.155+0000 7fcb5b7fe700 1 -- 172.21.15.7:0/1547263046 <== mon.0 v2:172.21.15.7:3300/0 2 ==== config(26 keys) ==== 1070+0+0 (secure 0 0 0) 0x7fcb50004300 con 0x7fcb5c1083b0
2024-04-21T08:34:48.199 INFO:teuthology.orchestra.run.smithi007.stdout:/usr/bin/ceph: stderr
2024-04-21T08:34:47.155+0000 7fcb5b7fe700 1 -- 172.21.15.7:0/1547263046 <== mon.0 v2:172.21.15.7:3300/0 3 ==== mon_map magic: 0 ==== 205+0+0 (secure 0 0 0) 0x7fcb50011af0 con 0x7fcb5c1083b0
2024-04-21T08:34:48.199 INFO:teuthology.orchestra.run.smithi007.stdout:/usr/bin/ceph: stderr
2024-04-21T08:34:47.155+0000 7fcb62c08700 1 -- 172.21.15.7:0/1547263046 >> [v2:172.21.15.7:3300/0,v1:172.21.15.7:6789/0] conn(0x7fcb5c1083b0 msgr2=0x7fcb5c1087d0 secure :-1 s=STATE_CONNECTION_ESTABLISHED l=1).mark_down
2024-04-21T08:34:48.199 INFO:teuthology.orchestra.run.smithi007.stdout:/usr/bin/ceph: stderr
2024-04-21T08:34:47.155+0000 7fcb62c08700 1 --2- 172.21.15.7:0/1547263046 >> [v2:172.21.15.7:3300/0,v1:172.21.15.7:6789/0] conn(0x7fcb5c1083b0 0x7fcb5c1087d0 secure :-1 s=READY pgs=41 cs=0 l=1 rev1=1 crypto rx=0x7fcb500098a0 tx=0x7fcb50009bb0 comp rx=0 tx=0).stop
2024-04-21T08:34:48.199 INFO:teuthology.orchestra.run.smithi007.stdout:/usr/bin/ceph: stderr
2024-04-21T08:34:47.156+0000 7fcb62c08700 1 -- 172.21.15.7:0/1547263046 shutdown_connections
2024-04-21T08:34:48.199 INFO:teuthology.orchestra.run.smithi007.stdout:/usr/bin/ceph: stderr
2024-04-21T08:34:47.156+0000 7fcb62c08700 1 --2- 172.21.15.7:0/1547263046 >> [v2:172.21.15.7:3300/0,v1:172.21.15.7:6789/0] conn(0x7fcb5c1083b0 0x7fcb5c1087d0 unknown :-1 s=CLOSED pgs=41 cs=0 l=1 rev1=1 crypto rx=0 tx=0 comp rx=0 tx=0).stop
2024-04-21T08:34:48.199 INFO:teuthology.orchestra.run.smithi007.stdout:/usr/bin/ceph: stderr
2024-04-21T08:34:47.156+0000 7fcb62c08700 1 -- 172.21.15.7:0/1547263046 >> 172.21.15.7:0/1547263046 conn(0x7fcb5c1039b0 msgr2=0x7fcb5c105dd0 unknown :-1 s=STATE_NONE l=0).mark_down
2024-04-21T08:34:48.200 INFO:teuthology.orchestra.run.smithi007.stdout:/usr/bin/ceph: stderr
2024-04-21T08:34:47.156+0000 7fcb62c08700 1 -- 172.21.15.7:0/1547263046 shutdown_connections
2024-04-21T08:34:48.200 INFO:teuthology.orchestra.run.smithi007.stdout:/usr/bin/ceph: stderr
2024-04-21T08:34:47.156+0000 7fcb62c08700 1 -- 172.21.15.7:0/1547263046 wait complete.
2024-04-21T08:34:48.200 INFO:teuthology.orchestra.run.smithi007.stdout:/usr/bin/ceph: stderr
2024-04-21T08:34:47.156+0000 7fcb62c08700 1 Processor -- start
2024-04-21T08:34:48.200 INFO:teuthology.orchestra.run.smithi007.stdout:/usr/bin/ceph: stderr
2024-04-21T08:34:47.156+0000 7fcb62c08700 1 -- start start
2024-04-21T08:34:48.200 INFO:teuthology.orchestra.run.smithi007.stdout:/usr/bin/ceph: stderr
2024-04-21T08:34:47.156+0000 7fcb62c08700 1 --2- >> [v2:172.21.15.7:3300/0,v1:172.21.15.7:6789/0] conn(0x7fcb5c1083b0 0x7fcb5c19e400 unknown :-1 s=NONE pgs=0 cs=0 l=1 rev1=0 crypto rx=0 tx=0 comp rx=0 tx=0).connect
2024-04-21T08:34:48.200 INFO:teuthology.orchestra.run.smithi007.stdout:/usr/bin/ceph: stderr
2024-04-21T08:34:47.156+0000 7fcb62c08700 1 -- --> [v2:172.21.15.7:3300/0,v1:172.21.15.7:6789/0] -- mon_getmap magic: 0 -- 0x7fcb5c10c910 con 0x7fcb5c1083b0
2024-04-21T08:34:48.200 INFO:teuthology.orchestra.run.smithi007.stdout:/usr/bin/ceph: stderr
2024-04-21T08:34:47.157+0000 7fcb609a4700 1 --2- >> [v2:172.21.15.7:3300/0,v1:172.21.15.7:6789/0] conn(0x7fcb5c1083b0 0x7fcb5c19e400 unknown :-1 s=BANNER_CONNECTING pgs=0 cs=0 l=1 rev1=0 crypto rx=0 tx=0 comp rx=0 tx=0)._handle_peer_banner_payload supported=3 required=0
2024-04-21T08:34:48.200 INFO:teuthology.orchestra.run.smithi007.stdout:/usr/bin/ceph: stderr
2024-04-21T08:34:47.157+0000 7fcb609a4700 1 --2- >> [v2:172.21.15.7:3300/0,v1:172.21.15.7:6789/0] conn(0x7fcb5c1083b0 0x7fcb5c19e400 unknown :-1 s=HELLO_CONNECTING pgs=0 cs=0 l=1 rev1=1 crypto rx=0 tx=0 comp rx=0 tx=0).handle_hello peer v2:172.21.15.7:3300/0 says I am v2:172.21.15.7:39772/0 (socket says 172.21.15.7:39772)
2024-04-21T08:34:48.200 INFO:teuthology.orchestra.run.smithi007.stdout:/usr/bin/ceph: stderr
2024-04-21T08:34:47.157+0000 7fcb609a4700 1 -- 172.21.15.7:0/4041752936 learned_addr learned my addr 172.21.15.7:0/4041752936 (peer_addr_for_me v2:172.21.15.7:0/0)
2024-04-21T08:34:48.200 INFO:teuthology.orchestra.run.smithi007.stdout:/usr/bin/ceph: stderr
2024-04-21T08:34:47.157+0000 7fcb609a4700 1 -- 172.21.15.7:0/4041752936 --> [v2:172.21.15.7:3300/0,v1:172.21.15.7:6789/0] -- mon_subscribe({config=0+,monmap=0+}) -- 0x7fcb5c19e940 con 0x7fcb5c1083b0
2024-04-21T08:34:48.200 INFO:teuthology.orchestra.run.smithi007.stdout:/usr/bin/ceph: stderr
2024-04-21T08:34:47.157+0000 7fcb609a4700 1 --2- 172.21.15.7:0/4041752936 >> [v2:172.21.15.7:3300/0,v1:172.21.15.7:6789/0] conn(0x7fcb5c1083b0 0x7fcb5c19e400 secure :-1 s=READY pgs=42 cs=0 l=1 rev1=1 crypto rx=0x7fcb50000c00 tx=0x7fcb50011b70 comp rx=0 tx=0).ready entity=mon.0 client_cookie=0 server_cookie=0 in_seq=0 out_seq=0
2024-04-21T08:34:48.200 INFO:teuthology.orchestra.run.smithi007.stdout:/usr/bin/ceph: stderr
2024-04-21T08:34:47.157+0000 7fcb59ffb700 1 -- 172.21.15.7:0/4041752936 <== mon.0 v2:172.21.15.7:3300/0 1 ==== mon_map magic: 0 ==== 205+0+0 (secure 0 0 0) 0x7fcb50003b20 con 0x7fcb5c1083b0
2024-04-21T08:34:48.200 INFO:teuthology.orchestra.run.smithi007.stdout:/usr/bin/ceph: stderr
2024-04-21T08:34:47.157+0000 7fcb62c08700 1 -- 172.21.15.7:0/4041752936 --> [v2:172.21.15.7:3300/0,v1:172.21.15.7:6789/0] -- mon_subscribe({mgrmap=0+}) -- 0x7fcb5c19ebd0 con 0x7fcb5c1083b0
2024-04-21T08:34:48.200 INFO:teuthology.orchestra.run.smithi007.stdout:/usr/bin/ceph: stderr
2024-04-21T08:34:47.157+0000 7fcb59ffb700 1 -- 172.21.15.7:0/4041752936 <== mon.0 v2:172.21.15.7:3300/0 2 ==== config(26 keys) ==== 1070+0+0 (secure 0 0 0) 0x7fcb5001a8c0 con 0x7fcb5c1083b0
2024-04-21T08:34:48.201 INFO:teuthology.orchestra.run.smithi007.stdout:/usr/bin/ceph: stderr
2024-04-21T08:34:47.157+0000 7fcb59ffb700 1 -- 172.21.15.7:0/4041752936 <== mon.0 v2:172.21.15.7:3300/0 3 ==== mon_map magic: 0 ==== 205+0+0 (secure 0 0 0) 0x7fcb50024940 con 0x7fcb5c1083b0
2024-04-21T08:34:48.201 INFO:teuthology.orchestra.run.smithi007.stdout:/usr/bin/ceph: stderr
2024-04-21T08:34:47.157+0000 7fcb62c08700 1 -- 172.21.15.7:0/4041752936 --> [v2:172.21.15.7:3300/0,v1:172.21.15.7:6789/0] -- mon_subscribe({osdmap=0}) -- 0x7fcb5c1a18c0 con 0x7fcb5c1083b0
2024-04-21T08:34:48.201 INFO:teuthology.orchestra.run.smithi007.stdout:/usr/bin/ceph: stderr
2024-04-21T08:34:47.158+0000 7fcb59ffb700 1 -- 172.21.15.7:0/4041752936 <== mon.0 v2:172.21.15.7:3300/0 4 ==== mgrmap(e 8) ==== 46558+0+0 (secure 0 0 0) 0x7fcb50022020 con 0x7fcb5c1083b0
2024-04-21T08:34:48.201 INFO:teuthology.orchestra.run.smithi007.stdout:/usr/bin/ceph: stderr
2024-04-21T08:34:47.158+0000 7fcb62c08700 1 -- 172.21.15.7:0/4041752936 --> [v2:172.21.15.7:3300/0,v1:172.21.15.7:6789/0] -- mon_command({"prefix": "get_command_descriptions"} v 0) -- 0x7fcb5c0640a0 con 0x7fcb5c1083b0
2024-04-21T08:34:48.201 INFO:teuthology.orchestra.run.smithi007.stdout:/usr/bin/ceph: stderr
2024-04-21T08:34:47.159+0000 7fcb59ffb700 1 --2- 172.21.15.7:0/4041752936 >> [v2:172.21.15.7:6800/102274072,v1:172.21.15.7:6801/102274072] conn(0x7fcb4c039670 0x7fcb4c03bb30 unknown :-1 s=NONE pgs=0 cs=0 l=1 rev1=0 crypto rx=0 tx=0 comp rx=0 tx=0).connect
2024-04-21T08:34:48.201 INFO:teuthology.orchestra.run.smithi007.stdout:/usr/bin/ceph: stderr
2024-04-21T08:34:47.159+0000 7fcb59ffb700 1 -- 172.21.15.7:0/4041752936 <== mon.0 v2:172.21.15.7:3300/0 5 ==== osd_map(2..2 src has 1..2) ==== 940+0+0 (secure 0 0 0) 0x7fcb5004d9a0 con 0x7fcb5c1083b0
2024-04-21T08:34:48.201 INFO:teuthology.orchestra.run.smithi007.stdout:/usr/bin/ceph: stderr
2024-04-21T08:34:47.159+0000 7fcb5bfff700 1 --2- 172.21.15.7:0/4041752936 >> [v2:172.21.15.7:6800/102274072,v1:172.21.15.7:6801/102274072] conn(0x7fcb4c039670 0x7fcb4c03bb30 unknown :-1 s=BANNER_CONNECTING pgs=0 cs=0 l=1 rev1=0 crypto rx=0 tx=0 comp rx=0 tx=0)._handle_peer_banner_payload supported=3 required=0
2024-04-21T08:34:48.201 INFO:teuthology.orchestra.run.smithi007.stdout:/usr/bin/ceph: stderr
2024-04-21T08:34:47.159+0000 7fcb5bfff700 1 --2- 172.21.15.7:0/4041752936 >> [v2:172.21.15.7:6800/102274072,v1:172.21.15.7:6801/102274072] conn(0x7fcb4c039670 0x7fcb4c03bb30 secure :-1 s=READY pgs=9 cs=0 l=1 rev1=1 crypto rx=0x7fcb48006fd0 tx=0x7fcb48006e40 comp rx=0 tx=0).ready entity=mgr.14120 client_cookie=0 server_cookie=0 in_seq=0 out_seq=0
2024-04-21T08:34:48.201 INFO:teuthology.orchestra.run.smithi007.stdout:/usr/bin/ceph: stderr
2024-04-21T08:34:47.164+0000 7fcb59ffb700 1 -- 172.21.15.7:0/4041752936 <== mon.0 v2:172.21.15.7:3300/0 6 ==== mon_command_ack([{"prefix": "get_command_descriptions"}]=0 v0) ==== 72+0+188370 (secure 0 0 0) 0x7fcb5001a610 con 0x7fcb5c1083b0
2024-04-21T08:34:48.201 INFO:teuthology.orchestra.run.smithi007.stdout:/usr/bin/ceph: stderr
2024-04-21T08:34:47.371+0000 7fcb62c08700 1 -- 172.21.15.7:0/4041752936 --> [v2:172.21.15.7:6800/102274072,v1:172.21.15.7:6801/102274072] -- mgr_command(tid 0: {"prefix": "cephadm generate-key", "target": ["mon-mgr", ""]}) -- 0x7fcb5c104b20 con 0x7fcb4c039670
2024-04-21T08:34:48.201 INFO:teuthology.orchestra.run.smithi007.stdout:/usr/bin/ceph: stderr
2024-04-21T08:34:47.606+0000 7fcb59ffb700 1 -- 172.21.15.7:0/4041752936 <== mgr.14120 v2:172.21.15.7:6800/102274072 1 ==== mgr_command_reply(tid 0: 0 ) ==== 8+0+0 (secure 0 0 0) 0x7fcb5c104b20 con 0x7fcb4c039670
2024-04-21T08:34:48.201 INFO:teuthology.orchestra.run.smithi007.stdout:/usr/bin/ceph: stderr
2024-04-21T08:34:47.608+0000 7fcb62c08700 1 -- 172.21.15.7:0/4041752936 >> [v2:172.21.15.7:6800/102274072,v1:172.21.15.7:6801/102274072] conn(0x7fcb4c039670 msgr2=0x7fcb4c03bb30 secure :-1 s=STATE_CONNECTION_ESTABLISHED l=1).mark_down
2024-04-21T08:34:48.201 INFO:teuthology.orchestra.run.smithi007.stdout:/usr/bin/ceph: stderr
2024-04-21T08:34:47.608+0000 7fcb62c08700 1 --2- 172.21.15.7:0/4041752936 >> [v2:172.21.15.7:6800/102274072,v1:172.21.15.7:6801/102274072] conn(0x7fcb4c039670 0x7fcb4c03bb30 secure :-1 s=READY pgs=9 cs=0 l=1 rev1=1 crypto rx=0x7fcb48006fd0 tx=0x7fcb48006e40 comp rx=0 tx=0).stop
2024-04-21T08:34:48.202 INFO:teuthology.orchestra.run.smithi007.stdout:/usr/bin/ceph: stderr
2024-04-21T08:34:47.608+0000 7fcb62c08700 1 -- 172.21.15.7:0/4041752936 >> [v2:172.21.15.7:3300/0,v1:172.21.15.7:6789/0] conn(0x7fcb5c1083b0 msgr2=0x7fcb5c19e400 secure :-1 s=STATE_CONNECTION_ESTABLISHED l=1).mark_down
2024-04-21T08:34:48.202 INFO:teuthology.orchestra.run.smithi007.stdout:/usr/bin/ceph: stderr
