2024-04-21T08:34:55.516+0000 7f4de9aed700 1 --2- 172.21.15.7:0/3755189663 >> [v2:172.21.15.7:6800/102274072,v1:172.21.15.7:6801/102274072] conn(0x7f4dcc039670 0x7f4dcc03bb30 unknown :-1 s=CLOSED pgs=12 cs=0 l=1 rev1=1 crypto rx=0 tx=0 comp rx=0 tx=0).stop
2024-04-21T08:34:56.243 INFO:teuthology.orchestra.run.smithi007.stdout:/usr/bin/ceph: stderr
2024-04-21T08:34:55.516+0000 7f4de9aed700 1 --2- 172.21.15.7:0/3755189663 >> [v2:172.21.15.7:3300/0,v1:172.21.15.7:6789/0] conn(0x7f4de4106640 0x7f4de419c210 unknown :-1 s=CLOSED pgs=48 cs=0 l=1 rev1=1 crypto rx=0 tx=0 comp rx=0 tx=0).stop
2024-04-21T08:34:56.243 INFO:teuthology.orchestra.run.smithi007.stdout:/usr/bin/ceph: stderr
2024-04-21T08:34:55.516+0000 7f4de9aed700 1 -- 172.21.15.7:0/3755189663 >> 172.21.15.7:0/3755189663 conn(0x7f4de4101fb0 msgr2=0x7f4de4102a10 unknown :-1 s=STATE_NONE l=0).mark_down
2024-04-21T08:34:56.243 INFO:teuthology.orchestra.run.smithi007.stdout:/usr/bin/ceph: stderr
2024-04-21T08:34:55.516+0000 7f4de9aed700 1 -- 172.21.15.7:0/3755189663 shutdown_connections
2024-04-21T08:34:56.243 INFO:teuthology.orchestra.run.smithi007.stdout:/usr/bin/ceph: stderr
2024-04-21T08:34:55.516+0000 7f4de9aed700 1 -- 172.21.15.7:0/3755189663 wait complete.
2024-04-21T08:34:56.243 INFO:teuthology.orchestra.run.smithi007.stdout:Deploying unmanaged mgr service...
2024-04-21T08:34:56.785 INFO:journalctl@ceph.mon.a.smithi007.stdout:Apr 21 08:34:56 smithi007 ceph-mon[28477]: from='client.14142 -' entity='client.admin' cmd=[{"prefix": "orch apply", "service_type": "mon", "unmanaged": true, "target": ["mon-mgr", ""]}]: dispatch
2024-04-21T08:34:56.988 INFO:journalctl@ceph.mon.a.smithi007.stdout:Apr 21 08:34:56 smithi007 ceph-mon[28477]: Saving service mon spec with placement count:5
2024-04-21T08:34:56.988 INFO:journalctl@ceph.mon.a.smithi007.stdout:Apr 21 08:34:56 smithi007 ceph-mon[28477]: from='mgr.14120 172.21.15.7:0/3328134329' entity='mgr.x'
2024-04-21T08:34:58.167 INFO:teuthology.orchestra.run.smithi007.stdout:/usr/bin/ceph: stdout Scheduled mgr update...
2024-04-21T08:34:58.168 INFO:teuthology.orchestra.run.smithi007.stdout:/usr/bin/ceph: stderr
2024-04-21T08:34:57.173+0000 7efd5ee42700 1 Processor -- start
2024-04-21T08:34:58.168 INFO:teuthology.orchestra.run.smithi007.stdout:/usr/bin/ceph: stderr
2024-04-21T08:34:57.173+0000 7efd5ee42700 1 -- start start
2024-04-21T08:34:58.168 INFO:teuthology.orchestra.run.smithi007.stdout:/usr/bin/ceph: stderr
2024-04-21T08:34:57.173+0000 7efd5ee42700 1 --2- >> [v2:172.21.15.7:3300/0,v1:172.21.15.7:6789/0] conn(0x7efd58107250 0x7efd58107670 unknown :-1 s=NONE pgs=0 cs=0 l=0 rev1=0 crypto rx=0 tx=0 comp rx=0 tx=0).connect
2024-04-21T08:34:58.168 INFO:teuthology.orchestra.run.smithi007.stdout:/usr/bin/ceph: stderr
2024-04-21T08:34:57.173+0000 7efd5ee42700 1 -- --> [v2:172.21.15.7:3300/0,v1:172.21.15.7:6789/0] -- mon_getmap magic: 0 -- 0x7efd58107c40 con 0x7efd58107250
2024-04-21T08:34:58.168 INFO:teuthology.orchestra.run.smithi007.stdout:/usr/bin/ceph: stderr
2024-04-21T08:34:57.173+0000 7efd5cbde700 1 --2- >> [v2:172.21.15.7:3300/0,v1:172.21.15.7:6789/0] conn(0x7efd58107250 0x7efd58107670 unknown :-1 s=BANNER_CONNECTING pgs=0 cs=0 l=0 rev1=0 crypto rx=0 tx=0 comp rx=0 tx=0)._handle_peer_banner_payload supported=3 required=0
2024-04-21T08:34:58.168 INFO:teuthology.orchestra.run.smithi007.stdout:/usr/bin/ceph: stderr
2024-04-21T08:34:57.173+0000 7efd5cbde700 1 --2- >> [v2:172.21.15.7:3300/0,v1:172.21.15.7:6789/0] conn(0x7efd58107250 0x7efd58107670 unknown :-1 s=HELLO_CONNECTING pgs=0 cs=0 l=0 rev1=1 crypto rx=0 tx=0 comp rx=0 tx=0).handle_hello peer v2:172.21.15.7:3300/0 says I am v2:172.21.15.7:46652/0 (socket says 172.21.15.7:46652)
2024-04-21T08:34:58.168 INFO:teuthology.orchestra.run.smithi007.stdout:/usr/bin/ceph: stderr
2024-04-21T08:34:57.173+0000 7efd5cbde700 1 -- 172.21.15.7:0/4015850590 learned_addr learned my addr 172.21.15.7:0/4015850590 (peer_addr_for_me v2:172.21.15.7:0/0)
2024-04-21T08:34:58.168 INFO:teuthology.orchestra.run.smithi007.stdout:/usr/bin/ceph: stderr
2024-04-21T08:34:57.173+0000 7efd5cbde700 1 -- 172.21.15.7:0/4015850590 --> [v2:172.21.15.7:3300/0,v1:172.21.15.7:6789/0] -- mon_subscribe({config=0+,monmap=0+}) -- 0x7efd58108450 con 0x7efd58107250
2024-04-21T08:34:58.168 INFO:teuthology.orchestra.run.smithi007.stdout:/usr/bin/ceph: stderr
2024-04-21T08:34:57.174+0000 7efd5cbde700 1 --2- 172.21.15.7:0/4015850590 >> [v2:172.21.15.7:3300/0,v1:172.21.15.7:6789/0] conn(0x7efd58107250 0x7efd58107670 secure :-1 s=READY pgs=49 cs=0 l=1 rev1=1 crypto rx=0x7efd480098a0 tx=0x7efd48009bb0 comp rx=0 tx=0).ready entity=mon.0 client_cookie=42f21b1d3ddcf8a6 server_cookie=0 in_seq=0 out_seq=0
2024-04-21T08:34:58.169 INFO:teuthology.orchestra.run.smithi007.stdout:/usr/bin/ceph: stderr
2024-04-21T08:34:57.174+0000 7efd577fe700 1 -- 172.21.15.7:0/4015850590 <== mon.0 v2:172.21.15.7:3300/0 1 ==== mon_map magic: 0 ==== 205+0+0 (secure 0 0 0) 0x7efd48004160 con 0x7efd58107250
2024-04-21T08:34:58.169 INFO:teuthology.orchestra.run.smithi007.stdout:/usr/bin/ceph: stderr
2024-04-21T08:34:57.174+0000 7efd577fe700 1 -- 172.21.15.7:0/4015850590 <== mon.0 v2:172.21.15.7:3300/0 2 ==== config(26 keys) ==== 1070+0+0 (secure 0 0 0) 0x7efd48004300 con 0x7efd58107250
2024-04-21T08:34:58.169 INFO:teuthology.orchestra.run.smithi007.stdout:/usr/bin/ceph: stderr
2024-04-21T08:34:57.174+0000 7efd577fe700 1 -- 172.21.15.7:0/4015850590 <== mon.0 v2:172.21.15.7:3300/0 3 ==== mon_map magic: 0 ==== 205+0+0 (secure 0 0 0) 0x7efd48011af0 con 0x7efd58107250
2024-04-21T08:34:58.169 INFO:teuthology.orchestra.run.smithi007.stdout:/usr/bin/ceph: stderr
2024-04-21T08:34:57.174+0000 7efd5ee42700 1 -- 172.21.15.7:0/4015850590 >> [v2:172.21.15.7:3300/0,v1:172.21.15.7:6789/0] conn(0x7efd58107250 msgr2=0x7efd58107670 secure :-1 s=STATE_CONNECTION_ESTABLISHED l=1).mark_down
2024-04-21T08:34:58.169 INFO:teuthology.orchestra.run.smithi007.stdout:/usr/bin/ceph: stderr
2024-04-21T08:34:57.174+0000 7efd5ee42700 1 --2- 172.21.15.7:0/4015850590 >> [v2:172.21.15.7:3300/0,v1:172.21.15.7:6789/0] conn(0x7efd58107250 0x7efd58107670 secure :-1 s=READY pgs=49 cs=0 l=1 rev1=1 crypto rx=0x7efd480098a0 tx=0x7efd48009bb0 comp rx=0 tx=0).stop
2024-04-21T08:34:58.169 INFO:teuthology.orchestra.run.smithi007.stdout:/usr/bin/ceph: stderr
2024-04-21T08:34:57.174+0000 7efd5ee42700 1 -- 172.21.15.7:0/4015850590 shutdown_connections
2024-04-21T08:34:58.169 INFO:teuthology.orchestra.run.smithi007.stdout:/usr/bin/ceph: stderr
2024-04-21T08:34:57.174+0000 7efd5ee42700 1 --2- 172.21.15.7:0/4015850590 >> [v2:172.21.15.7:3300/0,v1:172.21.15.7:6789/0] conn(0x7efd58107250 0x7efd58107670 unknown :-1 s=CLOSED pgs=49 cs=0 l=1 rev1=1 crypto rx=0 tx=0 comp rx=0 tx=0).stop
2024-04-21T08:34:58.169 INFO:teuthology.orchestra.run.smithi007.stdout:/usr/bin/ceph: stderr
2024-04-21T08:34:57.174+0000 7efd5ee42700 1 -- 172.21.15.7:0/4015850590 >> 172.21.15.7:0/4015850590 conn(0x7efd58102890 msgr2=0x7efd58104cb0 unknown :-1 s=STATE_NONE l=0).mark_down
2024-04-21T08:34:58.169 INFO:teuthology.orchestra.run.smithi007.stdout:/usr/bin/ceph: stderr
2024-04-21T08:34:57.174+0000 7efd5ee42700 1 -- 172.21.15.7:0/4015850590 shutdown_connections
2024-04-21T08:34:58.170 INFO:teuthology.orchestra.run.smithi007.stdout:/usr/bin/ceph: stderr
2024-04-21T08:34:57.174+0000 7efd5ee42700 1 -- 172.21.15.7:0/4015850590 wait complete.
2024-04-21T08:34:58.170 INFO:teuthology.orchestra.run.smithi007.stdout:/usr/bin/ceph: stderr
2024-04-21T08:34:57.175+0000 7efd5ee42700 1 Processor -- start
2024-04-21T08:34:58.170 INFO:teuthology.orchestra.run.smithi007.stdout:/usr/bin/ceph: stderr
2024-04-21T08:34:57.175+0000 7efd5ee42700 1 -- start start
2024-04-21T08:34:58.170 INFO:teuthology.orchestra.run.smithi007.stdout:/usr/bin/ceph: stderr
2024-04-21T08:34:57.175+0000 7efd5ee42700 1 --2- >> [v2:172.21.15.7:3300/0,v1:172.21.15.7:6789/0] conn(0x7efd58107250 0x7efd5819c240 unknown :-1 s=NONE pgs=0 cs=0 l=1 rev1=0 crypto rx=0 tx=0 comp rx=0 tx=0).connect
2024-04-21T08:34:58.170 INFO:teuthology.orchestra.run.smithi007.stdout:/usr/bin/ceph: stderr
2024-04-21T08:34:57.175+0000 7efd5ee42700 1 -- --> [v2:172.21.15.7:3300/0,v1:172.21.15.7:6789/0] -- mon_getmap magic: 0 -- 0x7efd5810b800 con 0x7efd58107250
2024-04-21T08:34:58.170 INFO:teuthology.orchestra.run.smithi007.stdout:/usr/bin/ceph: stderr
2024-04-21T08:34:57.175+0000 7efd5cbde700 1 --2- >> [v2:172.21.15.7:3300/0,v1:172.21.15.7:6789/0] conn(0x7efd58107250 0x7efd5819c240 unknown :-1 s=BANNER_CONNECTING pgs=0 cs=0 l=1 rev1=0 crypto rx=0 tx=0 comp rx=0 tx=0)._handle_peer_banner_payload supported=3 required=0
2024-04-21T08:34:58.170 INFO:teuthology.orchestra.run.smithi007.stdout:/usr/bin/ceph: stderr
2024-04-21T08:34:57.175+0000 7efd5cbde700 1 --2- >> [v2:172.21.15.7:3300/0,v1:172.21.15.7:6789/0] conn(0x7efd58107250 0x7efd5819c240 unknown :-1 s=HELLO_CONNECTING pgs=0 cs=0 l=1 rev1=1 crypto rx=0 tx=0 comp rx=0 tx=0).handle_hello peer v2:172.21.15.7:3300/0 says I am v2:172.21.15.7:46654/0 (socket says 172.21.15.7:46654)
2024-04-21T08:34:58.170 INFO:teuthology.orchestra.run.smithi007.stdout:/usr/bin/ceph: stderr
2024-04-21T08:34:57.175+0000 7efd5cbde700 1 -- 172.21.15.7:0/3982248862 learned_addr learned my addr 172.21.15.7:0/3982248862 (peer_addr_for_me v2:172.21.15.7:0/0)
2024-04-21T08:34:58.170 INFO:teuthology.orchestra.run.smithi007.stdout:/usr/bin/ceph: stderr
2024-04-21T08:34:57.176+0000 7efd5cbde700 1 -- 172.21.15.7:0/3982248862 --> [v2:172.21.15.7:3300/0,v1:172.21.15.7:6789/0] -- mon_subscribe({config=0+,monmap=0+}) -- 0x7efd5819c780 con 0x7efd58107250
2024-04-21T08:34:58.170 INFO:teuthology.orchestra.run.smithi007.stdout:/usr/bin/ceph: stderr
2024-04-21T08:34:57.176+0000 7efd5cbde700 1 --2- 172.21.15.7:0/3982248862 >> [v2:172.21.15.7:3300/0,v1:172.21.15.7:6789/0] conn(0x7efd58107250 0x7efd5819c240 secure :-1 s=READY pgs=50 cs=0 l=1 rev1=1 crypto rx=0x7efd48003f40 tx=0x7efd48011890 comp rx=0 tx=0).ready entity=mon.0 client_cookie=0 server_cookie=0 in_seq=0 out_seq=0
2024-04-21T08:34:58.171 INFO:teuthology.orchestra.run.smithi007.stdout:/usr/bin/ceph: stderr
2024-04-21T08:34:57.176+0000 7efd55ffb700 1 -- 172.21.15.7:0/3982248862 <== mon.0 v2:172.21.15.7:3300/0 1 ==== mon_map magic: 0 ==== 205+0+0 (secure 0 0 0) 0x7efd480038b0 con 0x7efd58107250
2024-04-21T08:34:58.171 INFO:teuthology.orchestra.run.smithi007.stdout:/usr/bin/ceph: stderr
2024-04-21T08:34:57.176+0000 7efd55ffb700 1 -- 172.21.15.7:0/3982248862 <== mon.0 v2:172.21.15.7:3300/0 2 ==== config(26 keys) ==== 1070+0+0 (secure 0 0 0) 0x7efd48003a50 con 0x7efd58107250
2024-04-21T08:34:58.171 INFO:teuthology.orchestra.run.smithi007.stdout:/usr/bin/ceph: stderr
2024-04-21T08:34:57.176+0000 7efd5ee42700 1 -- 172.21.15.7:0/3982248862 --> [v2:172.21.15.7:3300/0,v1:172.21.15.7:6789/0] -- mon_subscribe({mgrmap=0+}) -- 0x7efd5819ca10 con 0x7efd58107250
2024-04-21T08:34:58.171 INFO:teuthology.orchestra.run.smithi007.stdout:/usr/bin/ceph: stderr
2024-04-21T08:34:57.176+0000 7efd55ffb700 1 -- 172.21.15.7:0/3982248862 <== mon.0 v2:172.21.15.7:3300/0 3 ==== mon_map magic: 0 ==== 205+0+0 (secure 0 0 0) 0x7efd4801a5c0 con 0x7efd58107250
2024-04-21T08:34:58.171 INFO:teuthology.orchestra.run.smithi007.stdout:/usr/bin/ceph: stderr
2024-04-21T08:34:57.176+0000 7efd5ee42700 1 -- 172.21.15.7:0/3982248862 --> [v2:172.21.15.7:3300/0,v1:172.21.15.7:6789/0] -- mon_subscribe({osdmap=0}) -- 0x7efd5819f700 con 0x7efd58107250
2024-04-21T08:34:58.171 INFO:teuthology.orchestra.run.smithi007.stdout:/usr/bin/ceph: stderr
2024-04-21T08:34:57.177+0000 7efd55ffb700 1 -- 172.21.15.7:0/3982248862 <== mon.0 v2:172.21.15.7:3300/0 4 ==== mgrmap(e 8) ==== 46558+0+0 (secure 0 0 0) 0x7efd48024430 con 0x7efd58107250
2024-04-21T08:34:58.171 INFO:teuthology.orchestra.run.smithi007.stdout:/usr/bin/ceph: stderr
2024-04-21T08:34:57.177+0000 7efd55ffb700 1 --2- 172.21.15.7:0/3982248862 >> [v2:172.21.15.7:6800/102274072,v1:172.21.15.7:6801/102274072] conn(0x7efd40039670 0x7efd4003bb30 unknown :-1 s=NONE pgs=0 cs=0 l=1 rev1=0 crypto rx=0 tx=0 comp rx=0 tx=0).connect
2024-04-21T08:34:58.171 INFO:teuthology.orchestra.run.smithi007.stdout:/usr/bin/ceph: stderr
2024-04-21T08:34:57.177+0000 7efd5ee42700 1 -- 172.21.15.7:0/3982248862 --> [v2:172.21.15.7:3300/0,v1:172.21.15.7:6789/0] -- mon_command({"prefix": "get_command_descriptions"} v 0) -- 0x7efd580640a0 con 0x7efd58107250
2024-04-21T08:34:58.172 INFO:teuthology.orchestra.run.smithi007.stdout:/usr/bin/ceph: stderr
2024-04-21T08:34:57.177+0000 7efd57fff700 1 --2- 172.21.15.7:0/3982248862 >> [v2:172.21.15.7:6800/102274072,v1:172.21.15.7:6801/102274072] conn(0x7efd40039670 0x7efd4003bb30 unknown :-1 s=BANNER_CONNECTING pgs=0 cs=0 l=1 rev1=0 crypto rx=0 tx=0 comp rx=0 tx=0)._handle_peer_banner_payload supported=3 required=0
2024-04-21T08:34:58.172 INFO:teuthology.orchestra.run.smithi007.stdout:/usr/bin/ceph: stderr
2024-04-21T08:34:57.177+0000 7efd55ffb700 1 -- 172.21.15.7:0/3982248862 <== mon.0 v2:172.21.15.7:3300/0 5 ==== osd_map(2..2 src has 1..2) ==== 940+0+0 (secure 0 0 0) 0x7efd4804dae0 con 0x7efd58107250
2024-04-21T08:34:58.172 INFO:teuthology.orchestra.run.smithi007.stdout:/usr/bin/ceph: stderr
2024-04-21T08:34:57.178+0000 7efd57fff700 1 --2- 172.21.15.7:0/3982248862 >> [v2:172.21.15.7:6800/102274072,v1:172.21.15.7:6801/102274072] conn(0x7efd40039670 0x7efd4003bb30 secure :-1 s=READY pgs=13 cs=0 l=1 rev1=1 crypto rx=0x7efd4c006fd0 tx=0x7efd4c006e40 comp rx=0 tx=0).ready entity=mgr.14120 client_cookie=0 server_cookie=0 in_seq=0 out_seq=0
2024-04-21T08:34:58.172 INFO:teuthology.orchestra.run.smithi007.stdout:/usr/bin/ceph: stderr
2024-04-21T08:34:57.183+0000 7efd55ffb700 1 -- 172.21.15.7:0/3982248862 <== mon.0 v2:172.21.15.7:3300/0 6 ==== mon_command_ack([{"prefix": "get_command_descriptions"}]=0 v0) ==== 72+0+188370 (secure 0 0 0) 0x7efd4801f1a0 con 0x7efd58107250
2024-04-21T08:34:58.172 INFO:teuthology.orchestra.run.smithi007.stdout:/usr/bin/ceph: stderr
2024-04-21T08:34:57.403+0000 7efd5ee42700 1 -- 172.21.15.7:0/3982248862 --> [v2:172.21.15.7:6800/102274072,v1:172.21.15.7:6801/102274072] -- mgr_command(tid 0: {"prefix": "orch apply", "service_type": "mgr", "unmanaged": true, "target": ["mon-mgr", ""]}) -- 0x7efd5802e2e0 con 0x7efd40039670
2024-04-21T08:34:58.172 INFO:teuthology.orchestra.run.smithi007.stdout:/usr/bin/ceph: stderr
2024-04-21T08:34:57.407+0000 7efd55ffb700 1 -- 172.21.15.7:0/3982248862 <== mgr.14120 v2:172.21.15.7:6800/102274072 1 ==== mgr_command_reply(tid 0: 0 ) ==== 8+0+24 (secure 0 0 0) 0x7efd5802e2e0 con 0x7efd40039670
2024-04-21T08:34:58.172 INFO:teuthology.orchestra.run.smithi007.stdout:/usr/bin/ceph: stderr
2024-04-21T08:34:57.409+0000 7efd5ee42700 1 -- 172.21.15.7:0/3982248862 >> [v2:172.21.15.7:6800/102274072,v1:172.21.15.7:6801/102274072] conn(0x7efd40039670 msgr2=0x7efd4003bb30 secure :-1 s=STATE_CONNECTION_ESTABLISHED l=1).mark_down
2024-04-21T08:34:58.172 INFO:teuthology.orchestra.run.smithi007.stdout:/usr/bin/ceph: stderr
2024-04-21T08:34:57.409+0000 7efd5ee42700 1 --2- 172.21.15.7:0/3982248862 >> [v2:172.21.15.7:6800/102274072,v1:172.21.15.7:6801/102274072] conn(0x7efd40039670 0x7efd4003bb30 secure :-1 s=READY pgs=13 cs=0 l=1 rev1=1 crypto rx=0x7efd4c006fd0 tx=0x7efd4c006e40 comp rx=0 tx=0).stop
2024-04-21T08:34:58.172 INFO:teuthology.orchestra.run.smithi007.stdout:/usr/bin/ceph: stderr
2024-04-21T08:34:57.409+0000 7efd5ee42700 1 -- 172.21.15.7:0/3982248862 >> [v2:172.21.15.7:3300/0,v1:172.21.15.7:6789/0] conn(0x7efd58107250 msgr2=0x7efd5819c240 secure :-1 s=STATE_CONNECTION_ESTABLISHED l=1).mark_down
2024-04-21T08:34:58.172 INFO:teuthology.orchestra.run.smithi007.stdout:/usr/bin/ceph: stderr
2024-04-21T08:34:57.409+0000 7efd5ee42700 1 --2- 172.21.15.7:0/3982248862 >> [v2:172.21.15.7:3300/0,v1:172.21.15.7:6789/0] conn(0x7efd58107250 0x7efd5819c240 secure :-1 s=READY pgs=50 cs=0 l=1 rev1=1 crypto rx=0x7efd48003f40 tx=0x7efd48011890 comp rx=0 tx=0).stop
2024-04-21T08:34:58.172 INFO:teuthology.orchestra.run.smithi007.stdout:/usr/bin/ceph: stderr
2024-04-21T08:34:57.409+0000 7efd5ee42700 1 -- 172.21.15.7:0/3982248862 shutdown_connections
2024-04-21T08:34:58.173 INFO:teuthology.orchestra.run.smithi007.stdout:/usr/bin/ceph: stderr
2024-04-21T08:34:57.409+0000 7efd5ee42700 1 --2- 172.21.15.7:0/3982248862 >> [v2:172.21.15.7:6800/102274072,v1:172.21.15.7:6801/102274072] conn(0x7efd40039670 0x7efd4003bb30 unknown :-1 s=CLOSED pgs=13 cs=0 l=1 rev1=1 crypto rx=0 tx=0 comp rx=0 tx=0).stop
2024-04-21T08:34:58.173 INFO:teuthology.orchestra.run.smithi007.stdout:/usr/bin/ceph: stderr
2024-04-21T08:34:57.409+0000 7efd5ee42700 1 --2- 172.21.15.7:0/3982248862 >> [v2:172.21.15.7:3300/0,v1:172.21.15.7:6789/0] conn(0x7efd58107250 0x7efd5819c240 unknown :-1 s=CLOSED pgs=50 cs=0 l=1 rev1=1 crypto rx=0 tx=0 comp rx=0 tx=0).stop
2024-04-21T08:34:58.173 INFO:teuthology.orchestra.run.smithi007.stdout:/usr/bin/ceph: stderr
2024-04-21T08:34:57.409+0000 7efd5ee42700 1 -- 172.21.15.7:0/3982248862 >> 172.21.15.7:0/3982248862 conn(0x7efd58102890 msgr2=0x7efd58103670 unknown :-1 s=STATE_NONE l=0).mark_down
2024-04-21T08:34:58.173 INFO:teuthology.orchestra.run.smithi007.stdout:/usr/bin/ceph: stderr
2024-04-21T08:34:57.409+0000 7efd5ee42700 1 -- 172.21.15.7:0/3982248862 shutdown_connections
2024-04-21T08:34:58.173 INFO:teuthology.orchestra.run.smithi007.stdout:/usr/bin/ceph: stderr
2024-04-21T08:34:57.409+0000 7efd5ee42700 1 -- 172.21.15.7:0/3982248862 wait complete.
2024-04-21T08:34:58.587 INFO:journalctl@ceph.mon.a.smithi007.stdout:Apr 21 08:34:58 smithi007 ceph-mon[28477]: from='client.14144 -' entity='client.admin' cmd=[{"prefix": "orch apply", "service_type": "mgr", "unmanaged": true, "target": ["mon-mgr", ""]}]: dispatch
2024-04-21T08:34:58.588 INFO:journalctl@ceph.mon.a.smithi007.stdout:Apr 21 08:34:58 smithi007 ceph-mon[28477]: Saving service mgr spec with placement count:2
2024-04-21T08:34:58.588 INFO:journalctl@ceph.mon.a.smithi007.stdout:Apr 21 08:34:58 smithi007 ceph-mon[28477]: from='mgr.14120 172.21.15.7:0/3328134329' entity='mgr.x'
2024-04-21T08:34:58.588 INFO:journalctl@ceph.mon.a.smithi007.stdout:Apr 21 08:34:58 smithi007 ceph-mon[28477]: from='mgr.14120 172.21.15.7:0/3328134329' entity='mgr.x'
2024-04-21T08:34:58.588 INFO:journalctl@ceph.mon.a.smithi007.stdout:Apr 21 08:34:58 smithi007 ceph-mon[28477]: from='mgr.14120 172.21.15.7:0/3328134329' entity='mgr.x'
2024-04-21T08:34:59.693 INFO:teuthology.orchestra.run.smithi007.stdout:/usr/bin/ceph: stderr
2024-04-21T08:34:58.620+0000 7f2f80e75700 1 Processor -- start
2024-04-21T08:34:59.693 INFO:teuthology.orchestra.run.smithi007.stdout:/usr/bin/ceph: stderr
2024-04-21T08:34:58.620+0000 7f2f80e75700 1 -- start start
2024-04-21T08:34:59.693 INFO:teuthology.orchestra.run.smithi007.stdout:/usr/bin/ceph: stderr
2024-04-21T08:34:58.620+0000 7f2f80e75700 1 --2- >> [v2:172.21.15.7:3300/0,v1:172.21.15.7:6789/0] conn(0x7f2f7c108db0 0x7f2f7c10b1a0 unknown :-1 s=NONE pgs=0 cs=0 l=0 rev1=0 crypto rx=0 tx=0 comp rx=0 tx=0).connect
2024-04-21T08:34:59.693 INFO:teuthology.orchestra.run.smithi007.stdout:/usr/bin/ceph: stderr
2024-04-21T08:34:58.620+0000 7f2f80e75700 1 -- --> [v2:172.21.15.7:3300/0,v1:172.21.15.7:6789/0] -- mon_getmap magic: 0 -- 0x7f2f7c07bea0 con 0x7f2f7c108db0
2024-04-21T08:34:59.693 INFO:teuthology.orchestra.run.smithi007.stdout:/usr/bin/ceph: stderr
2024-04-21T08:34:58.621+0000 7f2f7a59c700 1 --2- >> [v2:172.21.15.7:3300/0,v1:172.21.15.7:6789/0] conn(0x7f2f7c108db0 0x7f2f7c10b1a0 unknown :-1 s=BANNER_CONNECTING pgs=0 cs=0 l=0 rev1=0 crypto rx=0 tx=0 comp rx=0 tx=0)._handle_peer_banner_payload supported=3 required=0
2024-04-21T08:34:59.693 INFO:teuthology.orchestra.run.smithi007.stdout:/usr/bin/ceph: stderr
2024-04-21T08:34:58.621+0000 7f2f7a59c700 1 --2- >> [v2:172.21.15.7:3300/0,v1:172.21.15.7:6789/0] conn(0x7f2f7c108db0 0x7f2f7c10b1a0 unknown :-1 s=HELLO_CONNECTING pgs=0 cs=0 l=0 rev1=1 crypto rx=0 tx=0 comp rx=0 tx=0).handle_hello peer v2:172.21.15.7:3300/0 says I am v2:172.21.15.7:46656/0 (socket says 172.21.15.7:46656)
2024-04-21T08:34:59.693 INFO:teuthology.orchestra.run.smithi007.stdout:/usr/bin/ceph: stderr
2024-04-21T08:34:58.621+0000 7f2f7a59c700 1 -- 172.21.15.7:0/3144512235 learned_addr learned my addr 172.21.15.7:0/3144512235 (peer_addr_for_me v2:172.21.15.7:0/0)
2024-04-21T08:34:59.693 INFO:teuthology.orchestra.run.smithi007.stdout:/usr/bin/ceph: stderr
2024-04-21T08:34:58.621+0000 7f2f7a59c700 1 -- 172.21.15.7:0/3144512235 --> [v2:172.21.15.7:3300/0,v1:172.21.15.7:6789/0] -- mon_subscribe({config=0+,monmap=0+}) -- 0x7f2f7c10b6e0 con 0x7f2f7c108db0
2024-04-21T08:34:59.694 INFO:teuthology.orchestra.run.smithi007.stdout:/usr/bin/ceph: stderr
2024-04-21T08:34:58.621+0000 7f2f7a59c700 1 --2- 172.21.15.7:0/3144512235 >> [v2:172.21.15.7:3300/0,v1:172.21.15.7:6789/0] conn(0x7f2f7c108db0 0x7f2f7c10b1a0 secure :-1 s=READY pgs=51 cs=0 l=1 rev1=1 crypto rx=0x7f2f700098a0 tx=0x7f2f70009bb0 comp rx=0 tx=0).ready entity=mon.0 client_cookie=dea548e7f0193fee server_cookie=0 in_seq=0 out_seq=0
2024-04-21T08:34:59.694 INFO:teuthology.orchestra.run.smithi007.stdout:/usr/bin/ceph: stderr
2024-04-21T08:34:58.621+0000 7f2f7959a700 1 -- 172.21.15.7:0/3144512235 <== mon.0 v2:172.21.15.7:3300/0 1 ==== mon_map magic: 0 ==== 205+0+0 (secure 0 0 0) 0x7f2f70004160 con 0x7f2f7c108db0
2024-04-21T08:34:59.694 INFO:teuthology.orchestra.run.smithi007.stdout:/usr/bin/ceph: stderr
2024-04-21T08:34:58.621+0000 7f2f7959a700 1 -- 172.21.15.7:0/3144512235 <== mon.0 v2:172.21.15.7:3300/0 2 ==== config(26 keys) ==== 1101+0+0 (secure 0 0 0) 0x7f2f70004300 con 0x7f2f7c108db0
2024-04-21T08:34:59.694 INFO:teuthology.orchestra.run.smithi007.stdout:/usr/bin/ceph: stderr
2024-04-21T08:34:58.621+0000 7f2f7959a700 1 -- 172.21.15.7:0/3144512235 <== mon.0 v2:172.21.15.7:3300/0 3 ==== mon_map magic: 0 ==== 205+0+0 (secure 0 0 0) 0x7f2f70011a20 con 0x7f2f7c108db0
2024-04-21T08:34:59.694 INFO:teuthology.orchestra.run.smithi007.stdout:/usr/bin/ceph: stderr
2024-04-21T08:34:58.622+0000 7f2f80e75700 1 -- 172.21.15.7:0/3144512235 >> [v2:172.21.15.7:3300/0,v1:172.21.15.7:6789/0] conn(0x7f2f7c108db0 msgr2=0x7f2f7c10b1a0 secure :-1 s=STATE_CONNECTION_ESTABLISHED l=1).mark_down
2024-04-21T08:34:59.694 INFO:teuthology.orchestra.run.smithi007.stdout:/usr/bin/ceph: stderr
2024-04-21T08:34:58.622+0000 7f2f80e75700 1 --2- 172.21.15.7:0/3144512235 >> [v2:172.21.15.7:3300/0,v1:172.21.15.7:6789/0] conn(0x7f2f7c108db0 0x7f2f7c10b1a0 secure :-1 s=READY pgs=51 cs=0 l=1 rev1=1 crypto rx=0x7f2f700098a0 tx=0x7f2f70009bb0 comp rx=0 tx=0).stop
2024-04-21T08:34:59.694 INFO:teuthology.orchestra.run.smithi007.stdout:/usr/bin/ceph: stderr
2024-04-21T08:34:58.622+0000 7f2f80e75700 1 -- 172.21.15.7:0/3144512235 shutdown_connections
2024-04-21T08:34:59.694 INFO:teuthology.orchestra.run.smithi007.stdout:/usr/bin/ceph: stderr
2024-04-21T08:34:58.622+0000 7f2f80e75700 1 --2- 172.21.15.7:0/3144512235 >> [v2:172.21.15.7:3300/0,v1:172.21.15.7:6789/0] conn(0x7f2f7c108db0 0x7f2f7c10b1a0 unknown :-1 s=CLOSED pgs=51 cs=0 l=1 rev1=1 crypto rx=0 tx=0 comp rx=0 tx=0).stop
2024-04-21T08:34:59.694 INFO:teuthology.orchestra.run.smithi007.stdout:/usr/bin/ceph: stderr
2024-04-21T08:34:58.622+0000 7f2f80e75700 1 -- 172.21.15.7:0/3144512235 >> 172.21.15.7:0/3144512235 conn(0x7f2f7c102820 msgr2=0x7f2f7c104c40 unknown :-1 s=STATE_NONE l=0).mark_down
2024-04-21T08:34:59.694 INFO:teuthology.orchestra.run.smithi007.stdout:/usr/bin/ceph: stderr
2024-04-21T08:34:58.622+0000 7f2f80e75700 1 -- 172.21.15.7:0/3144512235 shutdown_connections
2024-04-21T08:34:59.694 INFO:teuthology.orchestra.run.smithi007.stdout:/usr/bin/ceph: stderr
2024-04-21T08:34:58.622+0000 7f2f80e75700 1 -- 172.21.15.7:0/3144512235 wait complete.
2024-04-21T08:34:59.694 INFO:teuthology.orchestra.run.smithi007.stdout:/usr/bin/ceph: stderr
2024-04-21T08:34:58.623+0000 7f2f80e75700 1 Processor -- start
2024-04-21T08:34:59.695 INFO:teuthology.orchestra.run.smithi007.stdout:/usr/bin/ceph: stderr
2024-04-21T08:34:58.623+0000 7f2f80e75700 1 -- start start
2024-04-21T08:34:59.695 INFO:teuthology.orchestra.run.smithi007.stdout:/usr/bin/ceph: stderr
2024-04-21T08:34:58.623+0000 7f2f80e75700 1 --2- >> [v2:172.21.15.7:3300/0,v1:172.21.15.7:6789/0] conn(0x7f2f7c108db0 0x7f2f7c19c180 unknown :-1 s=NONE pgs=0 cs=0 l=1 rev1=0 crypto rx=0 tx=0 comp rx=0 tx=0).connect
2024-04-21T08:34:59.695 INFO:teuthology.orchestra.run.smithi007.stdout:/usr/bin/ceph: stderr
2024-04-21T08:34:58.623+0000 7f2f80e75700 1 -- --> [v2:172.21.15.7:3300/0,v1:172.21.15.7:6789/0] -- mon_getmap magic: 0 -- 0x7f2f7c10c6f0 con 0x7f2f7c108db0
2024-04-21T08:34:59.695 INFO:teuthology.orchestra.run.smithi007.stdout:/usr/bin/ceph: stderr
2024-04-21T08:34:58.623+0000 7f2f7a59c700 1 --2- >> [v2:172.21.15.7:3300/0,v1:172.21.15.7:6789/0] conn(0x7f2f7c108db0 0x7f2f7c19c180 unknown :-1 s=BANNER_CONNECTING pgs=0 cs=0 l=1 rev1=0 crypto rx=0 tx=0 comp rx=0 tx=0)._handle_peer_banner_payload supported=3 required=0
2024-04-21T08:34:59.695 INFO:teuthology.orchestra.run.smithi007.stdout:/usr/bin/ceph: stderr
2024-04-21T08:34:58.623+0000 7f2f7a59c700 1 --2- >> [v2:172.21.15.7:3300/0,v1:172.21.15.7:6789/0] conn(0x7f2f7c108db0 0x7f2f7c19c180 unknown :-1 s=HELLO_CONNECTING pgs=0 cs=0 l=1 rev1=1 crypto rx=0 tx=0 comp rx=0 tx=0).handle_hello peer v2:172.21.15.7:3300/0 says I am v2:172.21.15.7:46666/0 (socket says 172.21.15.7:46666)
2024-04-21T08:34:59.695 INFO:teuthology.orchestra.run.smithi007.stdout:/usr/bin/ceph: stderr
2024-04-21T08:34:58.623+0000 7f2f7a59c700 1 -- 172.21.15.7:0/872168655 learned_addr learned my addr 172.21.15.7:0/872168655 (peer_addr_for_me v2:172.21.15.7:0/0)
2024-04-21T08:34:59.695 INFO:teuthology.orchestra.run.smithi007.stdout:/usr/bin/ceph: stderr
2024-04-21T08:34:58.624+0000 7f2f7a59c700 1 -- 172.21.15.7:0/872168655 --> [v2:172.21.15.7:3300/0,v1:172.21.15.7:6789/0] -- mon_subscribe({config=0+,monmap=0+}) -- 0x7f2f7c19c6c0 con 0x7f2f7c108db0
2024-04-21T08:34:59.695 INFO:teuthology.orchestra.run.smithi007.stdout:/usr/bin/ceph: stderr
2024-04-21T08:34:58.624+0000 7f2f7a59c700 1 --2- 172.21.15.7:0/872168655 >> [v2:172.21.15.7:3300/0,v1:172.21.15.7:6789/0] conn(0x7f2f7c108db0 0x7f2f7c19c180 secure :-1 s=READY pgs=52 cs=0 l=1 rev1=1 crypto rx=0x7f2f700116e0 tx=0x7f2f70011aa0 comp rx=0 tx=0).ready entity=mon.0 client_cookie=0 server_cookie=0 in_seq=0 out_seq=0
2024-04-21T08:34:59.695 INFO:teuthology.orchestra.run.smithi007.stdout:/usr/bin/ceph: stderr
2024-04-21T08:34:58.624+0000 7f2f6b7fe700 1 -- 172.21.15.7:0/872168655 <== mon.0 v2:172.21.15.7:3300/0 1 ==== mon_map magic: 0 ==== 205+0+0 (secure 0 0 0) 0x7f2f70003a60 con 0x7f2f7c108db0
2024-04-21T08:34:59.695 INFO:teuthology.orchestra.run.smithi007.stdout:/usr/bin/ceph: stderr
2024-04-21T08:34:58.624+0000 7f2f6b7fe700 1 -- 172.21.15.7:0/872168655 <== mon.0 v2:172.21.15.7:3300/0 2 ==== config(26 keys) ==== 1101+0+0 (secure 0 0 0) 0x7f2f7001b8f0 con 0x7f2f7c108db0
2024-04-21T08:34:59.695 INFO:teuthology.orchestra.run.smithi007.stdout:/usr/bin/ceph: stderr
2024-04-21T08:34:58.624+0000 7f2f80e75700 1 -- 172.21.15.7:0/872168655 --> [v2:172.21.15.7:3300/0,v1:172.21.15.7:6789/0] -- mon_subscribe({mgrmap=0+}) -- 0x7f2f7c19c950 con 0x7f2f7c108db0
2024-04-21T08:34:59.695 INFO:teuthology.orchestra.run.smithi007.stdout:/usr/bin/ceph: stderr
2024-04-21T08:34:58.625+0000 7f2f6b7fe700 1 -- 172.21.15.7:0/872168655 <== mon.0 v2:172.21.15.7:3300/0 3 ==== mon_map magic: 0 ==== 205+0+0 (secure 0 0 0) 0x7f2f70019860 con 0x7f2f7c108db0
2024-04-21T08:34:59.695 INFO:teuthology.orchestra.run.smithi007.stdout:/usr/bin/ceph: stderr
2024-04-21T08:34:58.625+0000 7f2f80e75700 1 -- 172.21.15.7:0/872168655 --> [v2:172.21.15.7:3300/0,v1:172.21.15.7:6789/0] -- mon_subscribe({osdmap=0}) -- 0x7f2f7c19f640 con 0x7f2f7c108db0
2024-04-21T08:34:59.696 INFO:teuthology.orchestra.run.smithi007.stdout:/usr/bin/ceph: stderr
2024-04-21T08:34:58.625+0000 7f2f6b7fe700 1 -- 172.21.15.7:0/872168655 <== mon.0 v2:172.21.15.7:3300/0 4 ==== mgrmap(e 8) ==== 46558+0+0 (secure 0 0 0) 0x7f2f70019b30 con 0x7f2f7c108db0
2024-04-21T08:34:59.696 INFO:teuthology.orchestra.run.smithi007.stdout:/usr/bin/ceph: stderr
2024-04-21T08:34:58.625+0000 7f2f6b7fe700 1 --2- 172.21.15.7:0/872168655 >> [v2:172.21.15.7:6800/102274072,v1:172.21.15.7:6801/102274072] conn(0x7f2f64039670 0x7f2f6403bb30 unknown :-1 s=NONE pgs=0 cs=0 l=1 rev1=0 crypto rx=0 tx=0 comp rx=0 tx=0).connect
2024-04-21T08:34:59.696 INFO:teuthology.orchestra.run.smithi007.stdout:/usr/bin/ceph: stderr
2024-04-21T08:34:58.625+0000 7f2f6b7fe700 1 -- 172.21.15.7:0/872168655 <== mon.0 v2:172.21.15.7:3300/0 5 ==== osd_map(2..2 src has 1..2) ==== 940+0+0 (secure 0 0 0) 0x7f2f7001bda0 con 0x7f2f7c108db0
2024-04-21T08:34:59.696 INFO:teuthology.orchestra.run.smithi007.stdout:/usr/bin/ceph: stderr
2024-04-21T08:34:58.625+0000 7f2f79d9b700 1 --2- 172.21.15.7:0/872168655 >> [v2:172.21.15.7:6800/102274072,v1:172.21.15.7:6801/102274072] conn(0x7f2f64039670 0x7f2f6403bb30 unknown :-1 s=BANNER_CONNECTING pgs=0 cs=0 l=1 rev1=0 crypto rx=0 tx=0 comp rx=0 tx=0)._handle_peer_banner_payload supported=3 required=0
2024-04-21T08:34:59.696 INFO:teuthology.orchestra.run.smithi007.stdout:/usr/bin/ceph: stderr
2024-04-21T08:34:58.626+0000 7f2f80e75700 1 -- 172.21.15.7:0/872168655 --> [v2:172.21.15.7:3300/0,v1:172.21.15.7:6789/0] -- mon_command({"prefix": "get_command_descriptions"} v 0) -- 0x7f2f7c0640a0 con 0x7f2f7c108db0
2024-04-21T08:34:59.696 INFO:teuthology.orchestra.run.smithi007.stdout:/usr/bin/ceph: stderr
2024-04-21T08:34:58.626+0000 7f2f79d9b700 1 --2- 172.21.15.7:0/872168655 >> [v2:172.21.15.7:6800/102274072,v1:172.21.15.7:6801/102274072] conn(0x7f2f64039670 0x7f2f6403bb30 secure :-1 s=READY pgs=14 cs=0 l=1 rev1=1 crypto rx=0x7f2f6c006fd0 tx=0x7f2f6c006e40 comp rx=0 tx=0).ready entity=mgr.14120 client_cookie=0 server_cookie=0 in_seq=0 out_seq=0
2024-04-21T08:34:59.696 INFO:teuthology.orchestra.run.smithi007.stdout:/usr/bin/ceph: stderr
2024-04-21T08:34:58.631+0000 7f2f6b7fe700 1 -- 172.21.15.7:0/872168655 <== mon.0 v2:172.21.15.7:3300/0 6 ==== mon_command_ack([{"prefix": "get_command_descriptions"}]=0 v0) ==== 72+0+188370 (secure 0 0 0) 0x7f2f7001f030 con 0x7f2f7c108db0
2024-04-21T08:34:59.696 INFO:teuthology.orchestra.run.smithi007.stdout:/usr/bin/ceph: stderr
2024-04-21T08:34:58.951+0000 7f2f80e75700 1 -- 172.21.15.7:0/872168655 --> [v2:172.21.15.7:3300/0,v1:172.21.15.7:6789/0] -- mon_command([{prefix=config set, name=mgr/cephadm/container_init}] v 0) -- 0x7f2f7c19fb80 con 0x7f2f7c108db0
2024-04-21T08:34:59.696 INFO:teuthology.orchestra.run.smithi007.stdout:/usr/bin/ceph: stderr
2024-04-21T08:34:58.953+0000 7f2f6b7fe700 1 -- 172.21.15.7:0/872168655 <== mon.0 v2:172.21.15.7:3300/0 7 ==== mon_command_ack([{prefix=config set, name=mgr/cephadm/container_init}]=0 v7)=0 v7) ==== 142+0+0 (secure 0 0 0) 0x7f2f70022e00 con 0x7f2f7c108db0
2024-04-21T08:34:59.696 INFO:teuthology.orchestra.run.smithi007.stdout:/usr/bin/ceph: stderr
2024-04-21T08:34:58.955+0000 7f2f80e75700 1 -- 172.21.15.7:0/872168655 >> [v2:172.21.15.7:6800/102274072,v1:172.21.15.7:6801/102274072] conn(0x7f2f64039670 msgr2=0x7f2f6403bb30 secure :-1 s=STATE_CONNECTION_ESTABLISHED l=1).mark_down
2024-04-21T08:34:59.696 INFO:teuthology.orchestra.run.smithi007.stdout:/usr/bin/ceph: stderr
2024-04-21T08:34:58.955+0000 7f2f80e75700 1 --2- 172.21.15.7:0/872168655 >> [v2:172.21.15.7:6800/102274072,v1:172.21.15.7:6801/102274072] conn(0x7f2f64039670 0x7f2f6403bb30 secure :-1 s=READY pgs=14 cs=0 l=1 rev1=1 crypto rx=0x7f2f6c006fd0 tx=0x7f2f6c006e40 comp rx=0 tx=0).stop
2024-04-21T08:34:59.696 INFO:teuthology.orchestra.run.smithi007.stdout:/usr/bin/ceph: stderr
2024-04-21T08:34:58.955+0000 7f2f80e75700 1 -- 172.21.15.7:0/872168655 >> [v2:172.21.15.7:3300/0,v1:172.21.15.7:6789/0] conn(0x7f2f7c108db0 msgr2=0x7f2f7c19c180 secure :-1 s=STATE_CONNECTION_ESTABLISHED l=1).mark_down
2024-04-21T08:34:59.696 INFO:teuthology.orchestra.run.smithi007.stdout:/usr/bin/ceph: stderr
2024-04-21T08:34:58.955+0000 7f2f80e75700 1 --2- 172.21.15.7:0/872168655 >> [v2:172.21.15.7:3300/0,v1:172.21.15.7:6789/0] conn(0x7f2f7c108db0 0x7f2f7c19c180 secure :-1 s=READY pgs=52 cs=0 l=1 rev1=1 crypto rx=0x7f2f700116e0 tx=0x7f2f70011aa0 comp rx=0 tx=0).stop
2024-04-21T08:34:59.697 INFO:teuthology.orchestra.run.smithi007.stdout:/usr/bin/ceph: stderr
2024-04-21T08:34:58.955+0000 7f2f80e75700 1 -- 172.21.15.7:0/872168655 shutdown_connections
2024-04-21T08:34:59.697 INFO:teuthology.orchestra.run.smithi007.stdout:/usr/bin/ceph: stderr
2024-04-21T08:34:58.955+0000 7f2f80e75700 1 --2- 172.21.15.7:0/872168655 >> [v2:172.21.15.7:6800/102274072,v1:172.21.15.7:6801/102274072] conn(0x7f2f64039670 0x7f2f6403bb30 unknown :-1 s=CLOSED pgs=14 cs=0 l=1 rev1=1 crypto rx=0 tx=0 comp rx=0 tx=0).stop
2024-04-21T08:34:59.697 INFO:teuthology.orchestra.run.smithi007.stdout:/usr/bin/ceph: stderr
2024-04-21T08:34:58.955+0000 7f2f80e75700 1 --2- 172.21.15.7:0/872168655 >> [v2:172.21.15.7:3300/0,v1:172.21.15.7:6789/0] conn(0x7f2f7c108db0 0x7f2f7c19c180 unknown :-1 s=CLOSED pgs=52 cs=0 l=1 rev1=1 crypto rx=0 tx=0 comp rx=0 tx=0).stop
2024-04-21T08:34:59.697 INFO:teuthology.orchestra.run.smithi007.stdout:/usr/bin/ceph: stderr
2024-04-21T08:34:58.955+0000 7f2f80e75700 1 -- 172.21.15.7:0/872168655 >> 172.21.15.7:0/872168655 conn(0x7f2f7c102820 msgr2=0x7f2f7c103250 unknown :-1 s=STATE_NONE l=0).mark_down
2024-04-21T08:34:59.697 INFO:teuthology.orchestra.run.smithi007.stdout:/usr/bin/ceph: stderr
2024-04-21T08:34:58.956+0000 7f2f80e75700 1 -- 172.21.15.7:0/872168655 shutdown_connections
2024-04-21T08:34:59.697 INFO:teuthology.orchestra.run.smithi007.stdout:/usr/bin/ceph: stderr
2024-04-21T08:34:58.956+0000 7f2f80e75700 1 -- 172.21.15.7:0/872168655 wait complete.
2024-04-21T08:35:00.096 INFO:journalctl@ceph.mon.a.smithi007.stdout:Apr 21 08:34:59 smithi007 ceph-mon[28477]: from='client.? 172.21.15.7:0/872168655' entity='client.admin'
2024-04-21T08:35:00.895 INFO:teuthology.orchestra.run.smithi007.stdout:/usr/bin/ceph: stderr
2024-04-21T08:35:00.131+0000 7fbe255d9700 1 Processor -- start
2024-04-21T08:35:00.895 INFO:teuthology.orchestra.run.smithi007.stdout:/usr/bin/ceph: stderr
2024-04-21T08:35:00.131+0000 7fbe255d9700 1 -- start start
2024-04-21T08:35:00.895 INFO:teuthology.orchestra.run.smithi007.stdout:/usr/bin/ceph: stderr
2024-04-21T08:35:00.132+0000 7fbe255d9700 1 --2- >> [v2:172.21.15.7:3300/0,v1:172.21.15.7:6789/0] conn(0x7fbe2007de20 0x7fbe2007c2d0 unknown :-1 s=NONE pgs=0 cs=0 l=0 rev1=0 crypto rx=0 tx=0 comp rx=0 tx=0).connect
2024-04-21T08:35:00.895 INFO:teuthology.orchestra.run.smithi007.stdout:/usr/bin/ceph: stderr
2024-04-21T08:35:00.132+0000 7fbe255d9700 1 -- --> [v2:172.21.15.7:3300/0,v1:172.21.15.7:6789/0] -- mon_getmap magic: 0 -- 0x7fbe2007c810 con 0x7fbe2007de20
2024-04-21T08:35:00.896 INFO:teuthology.orchestra.run.smithi007.stdout:/usr/bin/ceph: stderr
2024-04-21T08:35:00.132+0000 7fbe1effd700 1 --2- >> [v2:172.21.15.7:3300/0,v1:172.21.15.7:6789/0] conn(0x7fbe2007de20 0x7fbe2007c2d0 unknown :-1 s=BANNER_CONNECTING pgs=0 cs=0 l=0 rev1=0 crypto rx=0 tx=0 comp rx=0 tx=0)._handle_peer_banner_payload supported=3 required=0
2024-04-21T08:35:00.896 INFO:teuthology.orchestra.run.smithi007.stdout:/usr/bin/ceph: stderr
2024-04-21T08:35:00.132+0000 7fbe1effd700 1 --2- >> [v2:172.21.15.7:3300/0,v1:172.21.15.7:6789/0] conn(0x7fbe2007de20 0x7fbe2007c2d0 unknown :-1 s=HELLO_CONNECTING pgs=0 cs=0 l=0 rev1=1 crypto rx=0 tx=0 comp rx=0 tx=0).handle_hello peer v2:172.21.15.7:3300/0 says I am v2:172.21.15.7:46670/0 (socket says 172.21.15.7:46670)
2024-04-21T08:35:00.896 INFO:teuthology.orchestra.run.smithi007.stdout:/usr/bin/ceph: stderr
2024-04-21T08:35:00.132+0000 7fbe1effd700 1 -- 172.21.15.7:0/3118198197 learned_addr learned my addr 172.21.15.7:0/3118198197 (peer_addr_for_me v2:172.21.15.7:0/0)
2024-04-21T08:35:00.896 INFO:teuthology.orchestra.run.smithi007.stdout:/usr/bin/ceph: stderr
2024-04-21T08:35:00.132+0000 7fbe1effd700 1 -- 172.21.15.7:0/3118198197 --> [v2:172.21.15.7:3300/0,v1:172.21.15.7:6789/0] -- mon_subscribe({config=0+,monmap=0+}) -- 0x7fbe2007c990 con 0x7fbe2007de20
2024-04-21T08:35:00.896 INFO:teuthology.orchestra.run.smithi007.stdout:/usr/bin/ceph: stderr
2024-04-21T08:35:00.132+0000 7fbe1effd700 1 --2- 172.21.15.7:0/3118198197 >> [v2:172.21.15.7:3300/0,v1:172.21.15.7:6789/0] conn(0x7fbe2007de20 0x7fbe2007c2d0 secure :-1 s=READY pgs=53 cs=0 l=1 rev1=1 crypto rx=0x7fbe100098a0 tx=0x7fbe10009bb0 comp rx=0 tx=0).ready entity=mon.0 client_cookie=aa953a722c0df71e server_cookie=0 in_seq=0 out_seq=0
2024-04-21T08:35:00.896 INFO:teuthology.orchestra.run.smithi007.stdout:/usr/bin/ceph: stderr
2024-04-21T08:35:00.132+0000 7fbe1dffb700 1 -- 172.21.15.7:0/3118198197 <== mon.0 v2:172.21.15.7:3300/0 1 ==== mon_map magic: 0 ==== 205+0+0 (secure 0 0 0) 0x7fbe10004160 con 0x7fbe2007de20
2024-04-21T08:35:00.896 INFO:teuthology.orchestra.run.smithi007.stdout:/usr/bin/ceph: stderr
2024-04-21T08:35:00.132+0000 7fbe1dffb700 1 -- 172.21.15.7:0/3118198197 <== mon.0 v2:172.21.15.7:3300/0 2 ==== config(26 keys) ==== 1101+0+0 (secure 0 0 0) 0x7fbe10004300 con 0x7fbe2007de20
2024-04-21T08:35:00.896 INFO:teuthology.orchestra.run.smithi007.stdout:/usr/bin/ceph: stderr
2024-04-21T08:35:00.132+0000 7fbe1dffb700 1 -- 172.21.15.7:0/3118198197 <== mon.0 v2:172.21.15.7:3300/0 3 ==== mon_map magic: 0 ==== 205+0+0 (secure 0 0 0) 0x7fbe10011a20 con 0x7fbe2007de20
2024-04-21T08:35:00.896 INFO:teuthology.orchestra.run.smithi007.stdout:/usr/bin/ceph: stderr
2024-04-21T08:35:00.133+0000 7fbe255d9700 1 -- 172.21.15.7:0/3118198197 >> [v2:172.21.15.7:3300/0,v1:172.21.15.7:6789/0] conn(0x7fbe2007de20 msgr2=0x7fbe2007c2d0 secure :-1 s=STATE_CONNECTION_ESTABLISHED l=1).mark_down
2024-04-21T08:35:00.896 INFO:teuthology.orchestra.run.smithi007.stdout:/usr/bin/ceph: stderr
2024-04-21T08:35:00.133+0000 7fbe255d9700 1 --2- 172.21.15.7:0/3118198197 >> [v2:172.21.15.7:3300/0,v1:172.21.15.7:6789/0] conn(0x7fbe2007de20 0x7fbe2007c2d0 secure :-1 s=READY pgs=53 cs=0 l=1 rev1=1 crypto rx=0x7fbe100098a0 tx=0x7fbe10009bb0 comp rx=0 tx=0).stop
2024-04-21T08:35:00.896 INFO:teuthology.orchestra.run.smithi007.stdout:/usr/bin/ceph: stderr
2024-04-21T08:35:00.133+0000 7fbe255d9700 1 -- 172.21.15.7:0/3118198197 shutdown_connections
2024-04-21T08:35:00.896 INFO:teuthology.orchestra.run.smithi007.stdout:/usr/bin/ceph: stderr
2024-04-21T08:35:00.133+0000 7fbe255d9700 1 --2- 172.21.15.7:0/3118198197 >> [v2:172.21.15.7:3300/0,v1:172.21.15.7:6789/0] conn(0x7fbe2007de20 0x7fbe2007c2d0 unknown :-1 s=CLOSED pgs=53 cs=0 l=1 rev1=1 crypto rx=0 tx=0 comp rx=0 tx=0).stop
2024-04-21T08:35:00.896 INFO:teuthology.orchestra.run.smithi007.stdout:/usr/bin/ceph: stderr
2024-04-21T08:35:00.133+0000 7fbe255d9700 1 -- 172.21.15.7:0/3118198197 >> 172.21.15.7:0/3118198197 conn(0x7fbe201039b0 msgr2=0x7fbe20105dd0 unknown :-1 s=STATE_NONE l=0).mark_down
2024-04-21T08:35:00.897 INFO:teuthology.orchestra.run.smithi007.stdout:/usr/bin/ceph: stderr
2024-04-21T08:35:00.133+0000 7fbe255d9700 1 -- 172.21.15.7:0/3118198197 shutdown_connections
2024-04-21T08:35:00.897 INFO:teuthology.orchestra.run.smithi007.stdout:/usr/bin/ceph: stderr
2024-04-21T08:35:00.133+0000 7fbe255d9700 1 -- 172.21.15.7:0/3118198197 wait complete.
2024-04-21T08:35:00.897 INFO:teuthology.orchestra.run.smithi007.stdout:/usr/bin/ceph: stderr
2024-04-21T08:35:00.134+0000 7fbe255d9700 1 Processor -- start
2024-04-21T08:35:00.897 INFO:teuthology.orchestra.run.smithi007.stdout:/usr/bin/ceph: stderr
2024-04-21T08:35:00.134+0000 7fbe255d9700 1 -- start start
2024-04-21T08:35:00.897 INFO:teuthology.orchestra.run.smithi007.stdout:/usr/bin/ceph: stderr
2024-04-21T08:35:00.134+0000 7fbe255d9700 1 --2- >> [v2:172.21.15.7:3300/0,v1:172.21.15.7:6789/0] conn(0x7fbe2007de20 0x7fbe2019e390 unknown :-1 s=NONE pgs=0 cs=0 l=1 rev1=0 crypto rx=0 tx=0 comp rx=0 tx=0).connect
2024-04-21T08:35:00.897 INFO:teuthology.orchestra.run.smithi007.stdout:/usr/bin/ceph: stderr
2024-04-21T08:35:00.134+0000 7fbe255d9700 1 -- --> [v2:172.21.15.7:3300/0,v1:172.21.15.7:6789/0] -- mon_getmap magic: 0 -- 0x7fbe2010e910 con 0x7fbe2007de20
2024-04-21T08:35:00.897 INFO:teuthology.orchestra.run.smithi007.stdout:/usr/bin/ceph: stderr
2024-04-21T08:35:00.134+0000 7fbe1effd700 1 --2- >> [v2:172.21.15.7:3300/0,v1:172.21.15.7:6789/0] conn(0x7fbe2007de20 0x7fbe2019e390 unknown :-1 s=BANNER_CONNECTING pgs=0 cs=0 l=1 rev1=0 crypto rx=0 tx=0 comp rx=0 tx=0)._handle_peer_banner_payload supported=3 required=0
2024-04-21T08:35:00.897 INFO:teuthology.orchestra.run.smithi007.stdout:/usr/bin/ceph: stderr
2024-04-21T08:35:00.134+0000 7fbe1effd700 1 --2- >> [v2:172.21.15.7:3300/0,v1:172.21.15.7:6789/0] conn(0x7fbe2007de20 0x7fbe2019e390 unknown :-1 s=HELLO_CONNECTING pgs=0 cs=0 l=1 rev1=1 crypto rx=0 tx=0 comp rx=0 tx=0).handle_hello peer v2:172.21.15.7:3300/0 says I am v2:172.21.15.7:46686/0 (socket says 172.21.15.7:46686)
2024-04-21T08:35:00.897 INFO:teuthology.orchestra.run.smithi007.stdout:/usr/bin/ceph: stderr
2024-04-21T08:35:00.134+0000 7fbe1effd700 1 -- 172.21.15.7:0/1069765 learned_addr learned my addr 172.21.15.7:0/1069765 (peer_addr_for_me v2:172.21.15.7:0/0)
2024-04-21T08:35:00.897 INFO:teuthology.orchestra.run.smithi007.stdout:/usr/bin/ceph: stderr
2024-04-21T08:35:00.134+0000 7fbe1effd700 1 -- 172.21.15.7:0/1069765 --> [v2:172.21.15.7:3300/0,v1:172.21.15.7:6789/0] -- mon_subscribe({config=0+,monmap=0+}) -- 0x7fbe2019e8d0 con 0x7fbe2007de20
2024-04-21T08:35:00.897 INFO:teuthology.orchestra.run.smithi007.stdout:/usr/bin/ceph: stderr
2024-04-21T08:35:00.134+0000 7fbe1effd700 1 --2- 172.21.15.7:0/1069765 >> [v2:172.21.15.7:3300/0,v1:172.21.15.7:6789/0] conn(0x7fbe2007de20 0x7fbe2019e390 secure :-1 s=READY pgs=54 cs=0 l=1 rev1=1 crypto rx=0x7fbe10000c00 tx=0x7fbe10011aa0 comp rx=0 tx=0).ready entity=mon.0 client_cookie=0 server_cookie=0 in_seq=0 out_seq=0
2024-04-21T08:35:00.897 INFO:teuthology.orchestra.run.smithi007.stdout:/usr/bin/ceph: stderr
2024-04-21T08:35:00.135+0000 7fbe07fff700 1 -- 172.21.15.7:0/1069765 <== mon.0 v2:172.21.15.7:3300/0 1 ==== mon_map magic: 0 ==== 205+0+0 (secure 0 0 0) 0x7fbe10003af0 con 0x7fbe2007de20
2024-04-21T08:35:00.897 INFO:teuthology.orchestra.run.smithi007.stdout:/usr/bin/ceph: stderr
2024-04-21T08:35:00.135+0000 7fbe07fff700 1 -- 172.21.15.7:0/1069765 <== mon.0 v2:172.21.15.7:3300/0 2 ==== config(26 keys) ==== 1101+0+0 (secure 0 0 0) 0x7fbe1001b8f0 con 0x7fbe2007de20
2024-04-21T08:35:00.898 INFO:teuthology.orchestra.run.smithi007.stdout:/usr/bin/ceph: stderr
2024-04-21T08:35:00.135+0000 7fbe255d9700 1 -- 172.21.15.7:0/1069765 --> [v2:172.21.15.7:3300/0,v1:172.21.15.7:6789/0] -- mon_subscribe({mgrmap=0+}) -- 0x7fbe2019eb60 con 0x7fbe2007de20
2024-04-21T08:35:00.898 INFO:teuthology.orchestra.run.smithi007.stdout:/usr/bin/ceph: stderr
2024-04-21T08:35:00.135+0000 7fbe07fff700 1 -- 172.21.15.7:0/1069765 <== mon.0 v2:172.21.15.7:3300/0 3 ==== mon_map magic: 0 ==== 205+0+0 (secure 0 0 0) 0x7fbe100238e0 con 0x7fbe2007de20
2024-04-21T08:35:00.898 INFO:teuthology.orchestra.run.smithi007.stdout:/usr/bin/ceph: stderr
2024-04-21T08:35:00.135+0000 7fbe255d9700 1 -- 172.21.15.7:0/1069765 --> [v2:172.21.15.7:3300/0,v1:172.21.15.7:6789/0] -- mon_subscribe({osdmap=0}) -- 0x7fbe201a1850 con 0x7fbe2007de20
2024-04-21T08:35:00.898 INFO:teuthology.orchestra.run.smithi007.stdout:/usr/bin/ceph: stderr
2024-04-21T08:35:00.136+0000 7fbe07fff700 1 -- 172.21.15.7:0/1069765 <== mon.0 v2:172.21.15.7:3300/0 4 ==== mgrmap(e 8) ==== 46558+0+0 (secure 0 0 0) 0x7fbe10023be0 con 0x7fbe2007de20
2024-04-21T08:35:00.898 INFO:teuthology.orchestra.run.smithi007.stdout:/usr/bin/ceph: stderr
2024-04-21T08:35:00.136+0000 7fbe255d9700 1 -- 172.21.15.7:0/1069765 --> [v2:172.21.15.7:3300/0,v1:172.21.15.7:6789/0] -- mon_command({"prefix": "get_command_descriptions"} v 0) -- 0x7fbe200640a0 con 0x7fbe2007de20
2024-04-21T08:35:00.898 INFO:teuthology.orchestra.run.smithi007.stdout:/usr/bin/ceph: stderr
2024-04-21T08:35:00.136+0000 7fbe07fff700 1 --2- 172.21.15.7:0/1069765 >> [v2:172.21.15.7:6800/102274072,v1:172.21.15.7:6801/102274072] conn(0x7fbe08039670 0x7fbe0803bb30 unknown :-1 s=NONE pgs=0 cs=0 l=1 rev1=0 crypto rx=0 tx=0 comp rx=0 tx=0).connect
2024-04-21T08:35:00.898 INFO:teuthology.orchestra.run.smithi007.stdout:/usr/bin/ceph: stderr
2024-04-21T08:35:00.136+0000 7fbe07fff700 1 -- 172.21.15.7:0/1069765 <== mon.0 v2:172.21.15.7:3300/0 5 ==== osd_map(2..2 src has 1..2) ==== 940+0+0 (secure 0 0 0) 0x7fbe1004df60 con 0x7fbe2007de20
2024-04-21T08:35:00.898 INFO:teuthology.orchestra.run.smithi007.stdout:/usr/bin/ceph: stderr
2024-04-21T08:35:00.136+0000 7fbe1e7fc700 1 --2- 172.21.15.7:0/1069765 >> [v2:172.21.15.7:6800/102274072,v1:172.21.15.7:6801/102274072] conn(0x7fbe08039670 0x7fbe0803bb30 unknown :-1 s=BANNER_CONNECTING pgs=0 cs=0 l=1 rev1=0 crypto rx=0 tx=0 comp rx=0 tx=0)._handle_peer_banner_payload supported=3 required=0
2024-04-21T08:35:00.898 INFO:teuthology.orchestra.run.smithi007.stdout:/usr/bin/ceph: stderr
2024-04-21T08:35:00.136+0000 7fbe1e7fc700 1 --2- 172.21.15.7:0/1069765 >> [v2:172.21.15.7:6800/102274072,v1:172.21.15.7:6801/102274072] conn(0x7fbe08039670 0x7fbe0803bb30 secure :-1 s=READY pgs=15 cs=0 l=1 rev1=1 crypto rx=0x7fbe14006fd0 tx=0x7fbe14006e40 comp rx=0 tx=0).ready entity=mgr.14120 client_cookie=0 server_cookie=0 in_seq=0 out_seq=0
2024-04-21T08:35:00.898 INFO:teuthology.orchestra.run.smithi007.stdout:/usr/bin/ceph: stderr
2024-04-21T08:35:00.141+0000 7fbe07fff700 1 -- 172.21.15.7:0/1069765 <== mon.0 v2:172.21.15.7:3300/0 6 ==== mon_command_ack([{"prefix": "get_command_descriptions"}]=0 v0) ==== 72+0+188370 (secure 0 0 0) 0x7fbe1001f030 con 0x7fbe2007de20
2024-04-21T08:35:00.898 INFO:teuthology.orchestra.run.smithi007.stdout:/usr/bin/ceph: stderr
2024-04-21T08:35:00.350+0000 7fbe255d9700 1 -- 172.21.15.7:0/1069765 --> [v2:172.21.15.7:3300/0,v1:172.21.15.7:6789/0] -- mon_command([{prefix=config set, name=mgr/dashboard/ssl_server_port}] v 0) -- 0x7fbe201a1eb0 con 0x7fbe2007de20
2024-04-21T08:35:00.898 INFO:teuthology.orchestra.run.smithi007.stdout:/usr/bin/ceph: stderr
2024-04-21T08:35:00.353+0000 7fbe07fff700 1 -- 172.21.15.7:0/1069765 <== mon.0 v2:172.21.15.7:3300/0 7 ==== mon_command_ack([{prefix=config set, name=mgr/dashboard/ssl_server_port}]=0 v8)=0 v8) ==== 130+0+0 (secure 0 0 0) 0x7fbe100292a0 con 0x7fbe2007de20
2024-04-21T08:35:00.899 INFO:teuthology.orchestra.run.smithi007.stdout:/usr/bin/ceph: stderr
2024-04-21T08:35:00.355+0000 7fbe255d9700 1 -- 172.21.15.7:0/1069765 >> [v2:172.21.15.7:6800/102274072,v1:172.21.15.7:6801/102274072] conn(0x7fbe08039670 msgr2=0x7fbe0803bb30 secure :-1 s=STATE_CONNECTION_ESTABLISHED l=1).mark_down
2024-04-21T08:35:00.899 INFO:teuthology.orchestra.run.smithi007.stdout:/usr/bin/ceph: stderr
2024-04-21T08:35:00.355+0000 7fbe255d9700 1 --2- 172.21.15.7:0/1069765 >> [v2:172.21.15.7:6800/102274072,v1:172.21.15.7:6801/102274072] conn(0x7fbe08039670 0x7fbe0803bb30 secure :-1 s=READY pgs=15 cs=0 l=1 rev1=1 crypto rx=0x7fbe14006fd0 tx=0x7fbe14006e40 comp rx=0 tx=0).stop
2024-04-21T08:35:00.899 INFO:teuthology.orchestra.run.smithi007.stdout:/usr/bin/ceph: stderr
2024-04-21T08:35:00.355+0000 7fbe255d9700 1 -- 172.21.15.7:0/1069765 >> [v2:172.21.15.7:3300/0,v1:172.21.15.7:6789/0] conn(0x7fbe2007de20 msgr2=0x7fbe2019e390 secure :-1 s=STATE_CONNECTION_ESTABLISHED l=1).mark_down
2024-04-21T08:35:00.899 INFO:teuthology.orchestra.run.smithi007.stdout:/usr/bin/ceph: stderr
2024-04-21T08:35:00.355+0000 7fbe255d9700 1 --2- 172.21.15.7:0/1069765 >> [v2:172.21.15.7:3300/0,v1:172.21.15.7:6789/0] conn(0x7fbe2007de20 0x7fbe2019e390 secure :-1 s=READY pgs=54 cs=0 l=1 rev1=1 crypto rx=0x7fbe10000c00 tx=0x7fbe10011aa0 comp rx=0 tx=0).stop
2024-04-21T08:35:00.899 INFO:teuthology.orchestra.run.smithi007.stdout:/usr/bin/ceph: stderr
2024-04-21T08:35:00.355+0000 7fbe255d9700 1 -- 172.21.15.7:0/1069765 shutdown_connections
2024-04-21T08:35:00.899 INFO:teuthology.orchestra.run.smithi007.stdout:/usr/bin/ceph: stderr
2024-04-21T08:35:00.356+0000 7fbe255d9700 1 --2- 172.21.15.7:0/1069765 >> [v2:172.21.15.7:6800/102274072,v1:172.21.15.7:6801/102274072] conn(0x7fbe08039670 0x7fbe0803bb30 unknown :-1 s=CLOSED pgs=15 cs=0 l=1 rev1=1 crypto rx=0 tx=0 comp rx=0 tx=0).stop
2024-04-21T08:35:00.899 INFO:teuthology.orchestra.run.smithi007.stdout:/usr/bin/ceph: stderr
2024-04-21T08:35:00.356+0000 7fbe255d9700 1 --2- 172.21.15.7:0/1069765 >> [v2:172.21.15.7:3300/0,v1:172.21.15.7:6789/0] conn(0x7fbe2007de20 0x7fbe2019e390 unknown :-1 s=CLOSED pgs=54 cs=0 l=1 rev1=1 crypto rx=0 tx=0 comp rx=0 tx=0).stop
2024-04-21T08:35:00.899 INFO:teuthology.orchestra.run.smithi007.stdout:/usr/bin/ceph: stderr
2024-04-21T08:35:00.356+0000 7fbe255d9700 1 -- 172.21.15.7:0/1069765 >> 172.21.15.7:0/1069765 conn(0x7fbe201039b0 msgr2=0x7fbe201043c0 unknown :-1 s=STATE_NONE l=0).mark_down
2024-04-21T08:35:00.899 INFO:teuthology.orchestra.run.smithi007.stdout:/usr/bin/ceph: stderr
2024-04-21T08:35:00.356+0000 7fbe255d9700 1 -- 172.21.15.7:0/1069765 shutdown_connections
2024-04-21T08:35:00.899 INFO:teuthology.orchestra.run.smithi007.stdout:/usr/bin/ceph: stderr
2024-04-21T08:35:00.356+0000 7fbe255d9700 1 -- 172.21.15.7:0/1069765 wait complete.
2024-04-21T08:35:00.899 INFO:teuthology.orchestra.run.smithi007.stdout:Enabling the dashboard module...
2024-04-21T08:35:01.581 INFO:journalctl@ceph.mon.a.smithi007.stdout:Apr 21 08:35:01 smithi007 ceph-mon[28477]: from='client.? 172.21.15.7:0/1069765' entity='client.admin'
2024-04-21T08:35:01.581 INFO:journalctl@ceph.mon.a.smithi007.stdout:Apr 21 08:35:01 smithi007 ceph-mon[28477]: from='mgr.14120 172.21.15.7:0/3328134329' entity='mgr.x'
2024-04-21T08:35:02.620 INFO:journalctl@ceph.mon.a.smithi007.stdout:Apr 21 08:35:02 smithi007 ceph-mon[28477]: from='client.? 172.21.15.7:0/184659447' entity='client.admin' cmd=[{"prefix": "mgr module enable", "module": "dashboard"}]: dispatch
2024-04-21T08:35:02.620 INFO:journalctl@ceph.mgr.x.smithi007.stdout:Apr 21 08:35:02 smithi007 ceph-c9c60282-ffb9-11ee-bc93-c7b262605968-mgr-x[28711]: ignoring --setuser ceph since I am not root
