2024-04-21T08:34:47.608+0000 7fcb62c08700 1 --2- 172.21.15.7:0/4041752936 >> [v2:172.21.15.7:3300/0,v1:172.21.15.7:6789/0] conn(0x7fcb5c1083b0 0x7fcb5c19e400 secure :-1 s=READY pgs=42 cs=0 l=1 rev1=1 crypto rx=0x7fcb50000c00 tx=0x7fcb50011b70 comp rx=0 tx=0).stop
2024-04-21T08:34:48.202 INFO:teuthology.orchestra.run.smithi007.stdout:/usr/bin/ceph: stderr
2024-04-21T08:34:47.608+0000 7fcb62c08700 1 -- 172.21.15.7:0/4041752936 shutdown_connections
2024-04-21T08:34:48.202 INFO:teuthology.orchestra.run.smithi007.stdout:/usr/bin/ceph: stderr
2024-04-21T08:34:47.608+0000 7fcb62c08700 1 --2- 172.21.15.7:0/4041752936 >> [v2:172.21.15.7:6800/102274072,v1:172.21.15.7:6801/102274072] conn(0x7fcb4c039670 0x7fcb4c03bb30 unknown :-1 s=CLOSED pgs=9 cs=0 l=1 rev1=1 crypto rx=0 tx=0 comp rx=0 tx=0).stop
2024-04-21T08:34:48.202 INFO:teuthology.orchestra.run.smithi007.stdout:/usr/bin/ceph: stderr
2024-04-21T08:34:47.608+0000 7fcb62c08700 1 --2- 172.21.15.7:0/4041752936 >> [v2:172.21.15.7:3300/0,v1:172.21.15.7:6789/0] conn(0x7fcb5c1083b0 0x7fcb5c19e400 unknown :-1 s=CLOSED pgs=42 cs=0 l=1 rev1=1 crypto rx=0 tx=0 comp rx=0 tx=0).stop
2024-04-21T08:34:48.202 INFO:teuthology.orchestra.run.smithi007.stdout:/usr/bin/ceph: stderr
2024-04-21T08:34:47.608+0000 7fcb62c08700 1 -- 172.21.15.7:0/4041752936 >> 172.21.15.7:0/4041752936 conn(0x7fcb5c1039b0 msgr2=0x7fcb5c104410 unknown :-1 s=STATE_NONE l=0).mark_down
2024-04-21T08:34:48.202 INFO:teuthology.orchestra.run.smithi007.stdout:/usr/bin/ceph: stderr
2024-04-21T08:34:47.608+0000 7fcb62c08700 1 -- 172.21.15.7:0/4041752936 shutdown_connections
2024-04-21T08:34:48.202 INFO:teuthology.orchestra.run.smithi007.stdout:/usr/bin/ceph: stderr
2024-04-21T08:34:47.608+0000 7fcb62c08700 1 -- 172.21.15.7:0/4041752936 wait complete.
2024-04-21T08:34:48.902 INFO:journalctl@ceph.mon.a.smithi007.stdout:Apr 21 08:34:48 smithi007 ceph-mon[28477]: from='client.14136 -' entity='client.admin' cmd=[{"prefix": "cephadm generate-key", "target": ["mon-mgr", ""]}]: dispatch
2024-04-21T08:34:48.902 INFO:journalctl@ceph.mon.a.smithi007.stdout:Apr 21 08:34:48 smithi007 ceph-mon[28477]: Generating ssh key...
2024-04-21T08:34:48.902 INFO:journalctl@ceph.mon.a.smithi007.stdout:Apr 21 08:34:48 smithi007 ceph-mon[28477]: from='mgr.14120 172.21.15.7:0/3328134329' entity='mgr.x'
2024-04-21T08:34:48.902 INFO:journalctl@ceph.mon.a.smithi007.stdout:Apr 21 08:34:48 smithi007 ceph-mon[28477]: from='mgr.14120 172.21.15.7:0/3328134329' entity='mgr.x'
2024-04-21T08:34:49.363 INFO:teuthology.orchestra.run.smithi007.stdout:/usr/bin/ceph: stdout ssh-rsa AAAAB3NzaC1yc2EAAAADAQABAAABgQDjzqzXzxtIZ99IN3sOmnj7DnU0JE0BpkzRL9ohpiOaPyh+gi2Cb/KrV1SizIKCVft1cfHcMEKrF/C+Bk6ez+lOnudgbkxrmIOtHAqmqunPmiH/ixL6k+To1Aoeb67MuaaKZRiPPdWhuBR5okYRDB14u+yIcmW97agV5ah5KVlFwbMSKEomPLgo6RERXRgbckqG0I9ZUwM9QClMCFEKFbie9aebQSc8sggzQsKVP8AKXSGlPA8QUtoILuGgNkW5MrmNEXFS2F8tcRvd0bXV6yLPyfeqfoEqaDcUoxSCYVPv7FzXlv/FN7p+6ArnVs13YeSlHVlW1lqb5Qb7JPE54mWugtCygGmMeNi8nCiY9H//eKwllj0OPlZU/MCgvkbk8DLP96zZPIweCFbLNVFNOb6I0pffbKSUylPCG8ydT0OCifE6VfCbXKmgPzHTHdZDeF8CpyGP63E+Hpt+mi+gkAzAW3RckqBRRlrX/DKFyfVY5SIycOAtjwr1Q+9SOUERDQk= ceph-c9c60282-ffb9-11ee-bc93-c7b262605968
2024-04-21T08:34:49.363 INFO:teuthology.orchestra.run.smithi007.stdout:/usr/bin/ceph: stderr
2024-04-21T08:34:48.588+0000 7f371a25a700 1 Processor -- start
2024-04-21T08:34:49.363 INFO:teuthology.orchestra.run.smithi007.stdout:/usr/bin/ceph: stderr
2024-04-21T08:34:48.588+0000 7f371a25a700 1 -- start start
2024-04-21T08:34:49.363 INFO:teuthology.orchestra.run.smithi007.stdout:/usr/bin/ceph: stderr
2024-04-21T08:34:48.589+0000 7f371a25a700 1 --2- >> [v2:172.21.15.7:3300/0,v1:172.21.15.7:6789/0] conn(0x7f371407de70 0x7f371407c2d0 unknown :-1 s=NONE pgs=0 cs=0 l=0 rev1=0 crypto rx=0 tx=0 comp rx=0 tx=0).connect
2024-04-21T08:34:49.363 INFO:teuthology.orchestra.run.smithi007.stdout:/usr/bin/ceph: stderr
2024-04-21T08:34:48.589+0000 7f371a25a700 1 -- --> [v2:172.21.15.7:3300/0,v1:172.21.15.7:6789/0] -- mon_getmap magic: 0 -- 0x7f371407c8a0 con 0x7f371407de70
2024-04-21T08:34:49.364 INFO:teuthology.orchestra.run.smithi007.stdout:/usr/bin/ceph: stderr
2024-04-21T08:34:48.589+0000 7f37137fe700 1 --2- >> [v2:172.21.15.7:3300/0,v1:172.21.15.7:6789/0] conn(0x7f371407de70 0x7f371407c2d0 unknown :-1 s=BANNER_CONNECTING pgs=0 cs=0 l=0 rev1=0 crypto rx=0 tx=0 comp rx=0 tx=0)._handle_peer_banner_payload supported=3 required=0
2024-04-21T08:34:49.364 INFO:teuthology.orchestra.run.smithi007.stdout:/usr/bin/ceph: stderr
2024-04-21T08:34:48.589+0000 7f37137fe700 1 --2- >> [v2:172.21.15.7:3300/0,v1:172.21.15.7:6789/0] conn(0x7f371407de70 0x7f371407c2d0 unknown :-1 s=HELLO_CONNECTING pgs=0 cs=0 l=0 rev1=1 crypto rx=0 tx=0 comp rx=0 tx=0).handle_hello peer v2:172.21.15.7:3300/0 says I am v2:172.21.15.7:39778/0 (socket says 172.21.15.7:39778)
2024-04-21T08:34:49.364 INFO:teuthology.orchestra.run.smithi007.stdout:/usr/bin/ceph: stderr
2024-04-21T08:34:48.589+0000 7f37137fe700 1 -- 172.21.15.7:0/2601748439 learned_addr learned my addr 172.21.15.7:0/2601748439 (peer_addr_for_me v2:172.21.15.7:0/0)
2024-04-21T08:34:49.364 INFO:teuthology.orchestra.run.smithi007.stdout:/usr/bin/ceph: stderr
2024-04-21T08:34:48.589+0000 7f37137fe700 1 -- 172.21.15.7:0/2601748439 --> [v2:172.21.15.7:3300/0,v1:172.21.15.7:6789/0] -- mon_subscribe({config=0+,monmap=0+}) -- 0x7f371407ca20 con 0x7f371407de70
2024-04-21T08:34:49.364 INFO:teuthology.orchestra.run.smithi007.stdout:/usr/bin/ceph: stderr
2024-04-21T08:34:48.589+0000 7f37137fe700 1 --2- 172.21.15.7:0/2601748439 >> [v2:172.21.15.7:3300/0,v1:172.21.15.7:6789/0] conn(0x7f371407de70 0x7f371407c2d0 secure :-1 s=READY pgs=43 cs=0 l=1 rev1=1 crypto rx=0x7f37040098a0 tx=0x7f3704009bb0 comp rx=0 tx=0).ready entity=mon.0 client_cookie=f7df38d1e09db318 server_cookie=0 in_seq=0 out_seq=0
2024-04-21T08:34:49.364 INFO:teuthology.orchestra.run.smithi007.stdout:/usr/bin/ceph: stderr
2024-04-21T08:34:48.590+0000 7f37127fc700 1 -- 172.21.15.7:0/2601748439 <== mon.0 v2:172.21.15.7:3300/0 1 ==== mon_map magic: 0 ==== 205+0+0 (secure 0 0 0) 0x7f3704004160 con 0x7f371407de70
2024-04-21T08:34:49.364 INFO:teuthology.orchestra.run.smithi007.stdout:/usr/bin/ceph: stderr
2024-04-21T08:34:48.590+0000 7f37127fc700 1 -- 172.21.15.7:0/2601748439 <== mon.0 v2:172.21.15.7:3300/0 2 ==== config(26 keys) ==== 1070+0+0 (secure 0 0 0) 0x7f3704004300 con 0x7f371407de70
2024-04-21T08:34:49.364 INFO:teuthology.orchestra.run.smithi007.stdout:/usr/bin/ceph: stderr
2024-04-21T08:34:48.590+0000 7f37127fc700 1 -- 172.21.15.7:0/2601748439 <== mon.0 v2:172.21.15.7:3300/0 3 ==== mon_map magic: 0 ==== 205+0+0 (secure 0 0 0) 0x7f3704011af0 con 0x7f371407de70
2024-04-21T08:34:49.364 INFO:teuthology.orchestra.run.smithi007.stdout:/usr/bin/ceph: stderr
2024-04-21T08:34:48.590+0000 7f371a25a700 1 -- 172.21.15.7:0/2601748439 >> [v2:172.21.15.7:3300/0,v1:172.21.15.7:6789/0] conn(0x7f371407de70 msgr2=0x7f371407c2d0 secure :-1 s=STATE_CONNECTION_ESTABLISHED l=1).mark_down
2024-04-21T08:34:49.364 INFO:teuthology.orchestra.run.smithi007.stdout:/usr/bin/ceph: stderr
2024-04-21T08:34:48.590+0000 7f371a25a700 1 --2- 172.21.15.7:0/2601748439 >> [v2:172.21.15.7:3300/0,v1:172.21.15.7:6789/0] conn(0x7f371407de70 0x7f371407c2d0 secure :-1 s=READY pgs=43 cs=0 l=1 rev1=1 crypto rx=0x7f37040098a0 tx=0x7f3704009bb0 comp rx=0 tx=0).stop
2024-04-21T08:34:49.364 INFO:teuthology.orchestra.run.smithi007.stdout:/usr/bin/ceph: stderr
2024-04-21T08:34:48.590+0000 7f371a25a700 1 -- 172.21.15.7:0/2601748439 shutdown_connections
2024-04-21T08:34:49.364 INFO:teuthology.orchestra.run.smithi007.stdout:/usr/bin/ceph: stderr
2024-04-21T08:34:48.590+0000 7f371a25a700 1 --2- 172.21.15.7:0/2601748439 >> [v2:172.21.15.7:3300/0,v1:172.21.15.7:6789/0] conn(0x7f371407de70 0x7f371407c2d0 unknown :-1 s=CLOSED pgs=43 cs=0 l=1 rev1=1 crypto rx=0 tx=0 comp rx=0 tx=0).stop
2024-04-21T08:34:49.365 INFO:teuthology.orchestra.run.smithi007.stdout:/usr/bin/ceph: stderr
2024-04-21T08:34:48.590+0000 7f371a25a700 1 -- 172.21.15.7:0/2601748439 >> 172.21.15.7:0/2601748439 conn(0x7f37141038f0 msgr2=0x7f3714105d30 unknown :-1 s=STATE_NONE l=0).mark_down
2024-04-21T08:34:49.365 INFO:teuthology.orchestra.run.smithi007.stdout:/usr/bin/ceph: stderr
2024-04-21T08:34:48.591+0000 7f371a25a700 1 -- 172.21.15.7:0/2601748439 shutdown_connections
2024-04-21T08:34:49.365 INFO:teuthology.orchestra.run.smithi007.stdout:/usr/bin/ceph: stderr
2024-04-21T08:34:48.591+0000 7f371a25a700 1 -- 172.21.15.7:0/2601748439 wait complete.
2024-04-21T08:34:49.365 INFO:teuthology.orchestra.run.smithi007.stdout:/usr/bin/ceph: stderr
2024-04-21T08:34:48.591+0000 7f371a25a700 1 Processor -- start
2024-04-21T08:34:49.365 INFO:teuthology.orchestra.run.smithi007.stdout:/usr/bin/ceph: stderr
2024-04-21T08:34:48.591+0000 7f371a25a700 1 -- start start
2024-04-21T08:34:49.365 INFO:teuthology.orchestra.run.smithi007.stdout:/usr/bin/ceph: stderr
2024-04-21T08:34:48.592+0000 7f371a25a700 1 --2- >> [v2:172.21.15.7:3300/0,v1:172.21.15.7:6789/0] conn(0x7f371407de70 0x7f371419e390 unknown :-1 s=NONE pgs=0 cs=0 l=1 rev1=0 crypto rx=0 tx=0 comp rx=0 tx=0).connect
2024-04-21T08:34:49.365 INFO:teuthology.orchestra.run.smithi007.stdout:/usr/bin/ceph: stderr
2024-04-21T08:34:48.592+0000 7f371a25a700 1 -- --> [v2:172.21.15.7:3300/0,v1:172.21.15.7:6789/0] -- mon_getmap magic: 0 -- 0x7f371410e920 con 0x7f371407de70
2024-04-21T08:34:49.365 INFO:teuthology.orchestra.run.smithi007.stdout:/usr/bin/ceph: stderr
2024-04-21T08:34:48.592+0000 7f37137fe700 1 --2- >> [v2:172.21.15.7:3300/0,v1:172.21.15.7:6789/0] conn(0x7f371407de70 0x7f371419e390 unknown :-1 s=BANNER_CONNECTING pgs=0 cs=0 l=1 rev1=0 crypto rx=0 tx=0 comp rx=0 tx=0)._handle_peer_banner_payload supported=3 required=0
2024-04-21T08:34:49.365 INFO:teuthology.orchestra.run.smithi007.stdout:/usr/bin/ceph: stderr
2024-04-21T08:34:48.592+0000 7f37137fe700 1 --2- >> [v2:172.21.15.7:3300/0,v1:172.21.15.7:6789/0] conn(0x7f371407de70 0x7f371419e390 unknown :-1 s=HELLO_CONNECTING pgs=0 cs=0 l=1 rev1=1 crypto rx=0 tx=0 comp rx=0 tx=0).handle_hello peer v2:172.21.15.7:3300/0 says I am v2:172.21.15.7:39794/0 (socket says 172.21.15.7:39794)
2024-04-21T08:34:49.365 INFO:teuthology.orchestra.run.smithi007.stdout:/usr/bin/ceph: stderr
2024-04-21T08:34:48.592+0000 7f37137fe700 1 -- 172.21.15.7:0/4171584148 learned_addr learned my addr 172.21.15.7:0/4171584148 (peer_addr_for_me v2:172.21.15.7:0/0)
2024-04-21T08:34:49.365 INFO:teuthology.orchestra.run.smithi007.stdout:/usr/bin/ceph: stderr
2024-04-21T08:34:48.592+0000 7f37137fe700 1 -- 172.21.15.7:0/4171584148 --> [v2:172.21.15.7:3300/0,v1:172.21.15.7:6789/0] -- mon_subscribe({config=0+,monmap=0+}) -- 0x7f371419e8d0 con 0x7f371407de70
2024-04-21T08:34:49.365 INFO:teuthology.orchestra.run.smithi007.stdout:/usr/bin/ceph: stderr
2024-04-21T08:34:48.592+0000 7f37137fe700 1 --2- 172.21.15.7:0/4171584148 >> [v2:172.21.15.7:3300/0,v1:172.21.15.7:6789/0] conn(0x7f371407de70 0x7f371419e390 secure :-1 s=READY pgs=44 cs=0 l=1 rev1=1 crypto rx=0x7f3704011ac0 tx=0x7f3704011ba0 comp rx=0 tx=0).ready entity=mon.0 client_cookie=0 server_cookie=0 in_seq=0 out_seq=0
2024-04-21T08:34:49.365 INFO:teuthology.orchestra.run.smithi007.stdout:/usr/bin/ceph: stderr
2024-04-21T08:34:48.592+0000 7f3710ff9700 1 -- 172.21.15.7:0/4171584148 <== mon.0 v2:172.21.15.7:3300/0 1 ==== mon_map magic: 0 ==== 205+0+0 (secure 0 0 0) 0x7f3704003b20 con 0x7f371407de70
2024-04-21T08:34:49.366 INFO:teuthology.orchestra.run.smithi007.stdout:/usr/bin/ceph: stderr
2024-04-21T08:34:48.592+0000 7f3710ff9700 1 -- 172.21.15.7:0/4171584148 <== mon.0 v2:172.21.15.7:3300/0 2 ==== config(26 keys) ==== 1070+0+0 (secure 0 0 0) 0x7f370401a8c0 con 0x7f371407de70
2024-04-21T08:34:49.366 INFO:teuthology.orchestra.run.smithi007.stdout:/usr/bin/ceph: stderr
2024-04-21T08:34:48.592+0000 7f371a25a700 1 -- 172.21.15.7:0/4171584148 --> [v2:172.21.15.7:3300/0,v1:172.21.15.7:6789/0] -- mon_subscribe({mgrmap=0+}) -- 0x7f371419eb60 con 0x7f371407de70
2024-04-21T08:34:49.366 INFO:teuthology.orchestra.run.smithi007.stdout:/usr/bin/ceph: stderr
2024-04-21T08:34:48.592+0000 7f3710ff9700 1 -- 172.21.15.7:0/4171584148 <== mon.0 v2:172.21.15.7:3300/0 3 ==== mon_map magic: 0 ==== 205+0+0 (secure 0 0 0) 0x7f37040248d0 con 0x7f371407de70
2024-04-21T08:34:49.366 INFO:teuthology.orchestra.run.smithi007.stdout:/usr/bin/ceph: stderr
2024-04-21T08:34:48.592+0000 7f371a25a700 1 -- 172.21.15.7:0/4171584148 --> [v2:172.21.15.7:3300/0,v1:172.21.15.7:6789/0] -- mon_subscribe({osdmap=0}) -- 0x7f37141a1850 con 0x7f371407de70
2024-04-21T08:34:49.366 INFO:teuthology.orchestra.run.smithi007.stdout:/usr/bin/ceph: stderr
2024-04-21T08:34:48.593+0000 7f3710ff9700 1 -- 172.21.15.7:0/4171584148 <== mon.0 v2:172.21.15.7:3300/0 4 ==== mgrmap(e 8) ==== 46558+0+0 (secure 0 0 0) 0x7f3704022020 con 0x7f371407de70
2024-04-21T08:34:49.366 INFO:teuthology.orchestra.run.smithi007.stdout:/usr/bin/ceph: stderr
2024-04-21T08:34:48.593+0000 7f371a25a700 1 -- 172.21.15.7:0/4171584148 --> [v2:172.21.15.7:3300/0,v1:172.21.15.7:6789/0] -- mon_command({"prefix": "get_command_descriptions"} v 0) -- 0x7f37140640a0 con 0x7f371407de70
2024-04-21T08:34:49.366 INFO:teuthology.orchestra.run.smithi007.stdout:/usr/bin/ceph: stderr
2024-04-21T08:34:48.593+0000 7f3710ff9700 1 --2- 172.21.15.7:0/4171584148 >> [v2:172.21.15.7:6800/102274072,v1:172.21.15.7:6801/102274072] conn(0x7f36fc039670 0x7f36fc03bb30 unknown :-1 s=NONE pgs=0 cs=0 l=1 rev1=0 crypto rx=0 tx=0 comp rx=0 tx=0).connect
2024-04-21T08:34:49.366 INFO:teuthology.orchestra.run.smithi007.stdout:/usr/bin/ceph: stderr
2024-04-21T08:34:48.593+0000 7f3710ff9700 1 -- 172.21.15.7:0/4171584148 <== mon.0 v2:172.21.15.7:3300/0 5 ==== osd_map(2..2 src has 1..2) ==== 940+0+0 (secure 0 0 0) 0x7f370404d8a0 con 0x7f371407de70
2024-04-21T08:34:49.366 INFO:teuthology.orchestra.run.smithi007.stdout:/usr/bin/ceph: stderr
2024-04-21T08:34:48.594+0000 7f3712ffd700 1 --2- 172.21.15.7:0/4171584148 >> [v2:172.21.15.7:6800/102274072,v1:172.21.15.7:6801/102274072] conn(0x7f36fc039670 0x7f36fc03bb30 unknown :-1 s=BANNER_CONNECTING pgs=0 cs=0 l=1 rev1=0 crypto rx=0 tx=0 comp rx=0 tx=0)._handle_peer_banner_payload supported=3 required=0
2024-04-21T08:34:49.366 INFO:teuthology.orchestra.run.smithi007.stdout:/usr/bin/ceph: stderr
2024-04-21T08:34:48.594+0000 7f3712ffd700 1 --2- 172.21.15.7:0/4171584148 >> [v2:172.21.15.7:6800/102274072,v1:172.21.15.7:6801/102274072] conn(0x7f36fc039670 0x7f36fc03bb30 secure :-1 s=READY pgs=10 cs=0 l=1 rev1=1 crypto rx=0x7f3708006fd0 tx=0x7f3708006e40 comp rx=0 tx=0).ready entity=mgr.14120 client_cookie=0 server_cookie=0 in_seq=0 out_seq=0
2024-04-21T08:34:49.366 INFO:teuthology.orchestra.run.smithi007.stdout:/usr/bin/ceph: stderr
2024-04-21T08:34:48.599+0000 7f3710ff9700 1 -- 172.21.15.7:0/4171584148 <== mon.0 v2:172.21.15.7:3300/0 6 ==== mon_command_ack([{"prefix": "get_command_descriptions"}]=0 v0) ==== 72+0+188370 (secure 0 0 0) 0x7f370400b5a0 con 0x7f371407de70
2024-04-21T08:34:49.367 INFO:teuthology.orchestra.run.smithi007.stdout:/usr/bin/ceph: stderr
2024-04-21T08:34:48.808+0000 7f371a25a700 1 -- 172.21.15.7:0/4171584148 --> [v2:172.21.15.7:6800/102274072,v1:172.21.15.7:6801/102274072] -- mgr_command(tid 0: {"prefix": "cephadm get-pub-key", "target": ["mon-mgr", ""]}) -- 0x7f3714104a40 con 0x7f36fc039670
2024-04-21T08:34:49.367 INFO:teuthology.orchestra.run.smithi007.stdout:/usr/bin/ceph: stderr
2024-04-21T08:34:48.809+0000 7f3710ff9700 1 -- 172.21.15.7:0/4171584148 <== mgr.14120 v2:172.21.15.7:6800/102274072 1 ==== mgr_command_reply(tid 0: 0 ) ==== 8+0+595 (secure 0 0 0) 0x7f3714104a40 con 0x7f36fc039670
2024-04-21T08:34:49.367 INFO:teuthology.orchestra.run.smithi007.stdout:/usr/bin/ceph: stderr
2024-04-21T08:34:48.811+0000 7f371a25a700 1 -- 172.21.15.7:0/4171584148 >> [v2:172.21.15.7:6800/102274072,v1:172.21.15.7:6801/102274072] conn(0x7f36fc039670 msgr2=0x7f36fc03bb30 secure :-1 s=STATE_CONNECTION_ESTABLISHED l=1).mark_down
2024-04-21T08:34:49.367 INFO:teuthology.orchestra.run.smithi007.stdout:/usr/bin/ceph: stderr
2024-04-21T08:34:48.811+0000 7f371a25a700 1 --2- 172.21.15.7:0/4171584148 >> [v2:172.21.15.7:6800/102274072,v1:172.21.15.7:6801/102274072] conn(0x7f36fc039670 0x7f36fc03bb30 secure :-1 s=READY pgs=10 cs=0 l=1 rev1=1 crypto rx=0x7f3708006fd0 tx=0x7f3708006e40 comp rx=0 tx=0).stop
2024-04-21T08:34:49.367 INFO:teuthology.orchestra.run.smithi007.stdout:/usr/bin/ceph: stderr
2024-04-21T08:34:48.811+0000 7f371a25a700 1 -- 172.21.15.7:0/4171584148 >> [v2:172.21.15.7:3300/0,v1:172.21.15.7:6789/0] conn(0x7f371407de70 msgr2=0x7f371419e390 secure :-1 s=STATE_CONNECTION_ESTABLISHED l=1).mark_down
2024-04-21T08:34:49.367 INFO:teuthology.orchestra.run.smithi007.stdout:/usr/bin/ceph: stderr
2024-04-21T08:34:48.811+0000 7f371a25a700 1 --2- 172.21.15.7:0/4171584148 >> [v2:172.21.15.7:3300/0,v1:172.21.15.7:6789/0] conn(0x7f371407de70 0x7f371419e390 secure :-1 s=READY pgs=44 cs=0 l=1 rev1=1 crypto rx=0x7f3704011ac0 tx=0x7f3704011ba0 comp rx=0 tx=0).stop
2024-04-21T08:34:49.367 INFO:teuthology.orchestra.run.smithi007.stdout:/usr/bin/ceph: stderr
2024-04-21T08:34:48.811+0000 7f371a25a700 1 -- 172.21.15.7:0/4171584148 shutdown_connections
2024-04-21T08:34:49.367 INFO:teuthology.orchestra.run.smithi007.stdout:/usr/bin/ceph: stderr
2024-04-21T08:34:48.811+0000 7f371a25a700 1 --2- 172.21.15.7:0/4171584148 >> [v2:172.21.15.7:6800/102274072,v1:172.21.15.7:6801/102274072] conn(0x7f36fc039670 0x7f36fc03bb30 unknown :-1 s=CLOSED pgs=10 cs=0 l=1 rev1=1 crypto rx=0 tx=0 comp rx=0 tx=0).stop
2024-04-21T08:34:49.367 INFO:teuthology.orchestra.run.smithi007.stdout:/usr/bin/ceph: stderr
2024-04-21T08:34:48.811+0000 7f371a25a700 1 --2- 172.21.15.7:0/4171584148 >> [v2:172.21.15.7:3300/0,v1:172.21.15.7:6789/0] conn(0x7f371407de70 0x7f371419e390 unknown :-1 s=CLOSED pgs=44 cs=0 l=1 rev1=1 crypto rx=0 tx=0 comp rx=0 tx=0).stop
2024-04-21T08:34:49.367 INFO:teuthology.orchestra.run.smithi007.stdout:/usr/bin/ceph: stderr
2024-04-21T08:34:48.811+0000 7f371a25a700 1 -- 172.21.15.7:0/4171584148 >> 172.21.15.7:0/4171584148 conn(0x7f37141038f0 msgr2=0x7f3714104330 unknown :-1 s=STATE_NONE l=0).mark_down
2024-04-21T08:34:49.367 INFO:teuthology.orchestra.run.smithi007.stdout:/usr/bin/ceph: stderr
2024-04-21T08:34:48.811+0000 7f371a25a700 1 -- 172.21.15.7:0/4171584148 shutdown_connections
2024-04-21T08:34:49.367 INFO:teuthology.orchestra.run.smithi007.stdout:/usr/bin/ceph: stderr
2024-04-21T08:34:48.811+0000 7f371a25a700 1 -- 172.21.15.7:0/4171584148 wait complete.
2024-04-21T08:34:49.368 INFO:teuthology.orchestra.run.smithi007.stdout:Wrote public SSH key to /home/ubuntu/cephtest/ceph.pub
2024-04-21T08:34:49.368 INFO:teuthology.orchestra.run.smithi007.stdout:Adding key to root@localhost authorized_keys...
2024-04-21T08:34:49.368 INFO:teuthology.orchestra.run.smithi007.stdout:Adding host smithi007...
2024-04-21T08:34:49.765 INFO:journalctl@ceph.mon.a.smithi007.stdout:Apr 21 08:34:49 smithi007 ceph-mon[28477]: from='client.14138 -' entity='client.admin' cmd=[{"prefix": "cephadm get-pub-key", "target": ["mon-mgr", ""]}]: dispatch
2024-04-21T08:34:50.901 INFO:journalctl@ceph.mon.a.smithi007.stdout:Apr 21 08:34:50 smithi007 ceph-mon[28477]: from='client.14140 -' entity='client.admin' cmd=[{"prefix": "orch host add", "hostname": "smithi007", "addr": "172.21.15.7", "target": ["mon-mgr", ""]}]: dispatch
2024-04-21T08:34:50.901 INFO:journalctl@ceph.mon.a.smithi007.stdout:Apr 21 08:34:50 smithi007 ceph-mon[28477]: Deploying cephadm binary to smithi007
2024-04-21T08:34:54.803 INFO:teuthology.orchestra.run.smithi007.stdout:/usr/bin/ceph: stdout Added host 'smithi007' with addr '172.21.15.7'
2024-04-21T08:34:54.804 INFO:teuthology.orchestra.run.smithi007.stdout:/usr/bin/ceph: stderr
2024-04-21T08:34:49.803+0000 7fe938168700 1 Processor -- start
2024-04-21T08:34:54.804 INFO:teuthology.orchestra.run.smithi007.stdout:/usr/bin/ceph: stderr
2024-04-21T08:34:49.804+0000 7fe938168700 1 -- start start
2024-04-21T08:34:54.804 INFO:teuthology.orchestra.run.smithi007.stdout:/usr/bin/ceph: stderr
2024-04-21T08:34:49.804+0000 7fe938168700 1 --2- >> [v2:172.21.15.7:3300/0,v1:172.21.15.7:6789/0] conn(0x7fe93007de60 0x7fe93007c310 unknown :-1 s=NONE pgs=0 cs=0 l=0 rev1=0 crypto rx=0 tx=0 comp rx=0 tx=0).connect
2024-04-21T08:34:54.804 INFO:teuthology.orchestra.run.smithi007.stdout:/usr/bin/ceph: stderr
2024-04-21T08:34:49.804+0000 7fe938168700 1 -- --> [v2:172.21.15.7:3300/0,v1:172.21.15.7:6789/0] -- mon_getmap magic: 0 -- 0x7fe93007c8e0 con 0x7fe93007de60
2024-04-21T08:34:54.804 INFO:teuthology.orchestra.run.smithi007.stdout:/usr/bin/ceph: stderr
2024-04-21T08:34:49.804+0000 7fe935f04700 1 --2- >> [v2:172.21.15.7:3300/0,v1:172.21.15.7:6789/0] conn(0x7fe93007de60 0x7fe93007c310 unknown :-1 s=BANNER_CONNECTING pgs=0 cs=0 l=0 rev1=0 crypto rx=0 tx=0 comp rx=0 tx=0)._handle_peer_banner_payload supported=3 required=0
2024-04-21T08:34:54.804 INFO:teuthology.orchestra.run.smithi007.stdout:/usr/bin/ceph: stderr
2024-04-21T08:34:49.804+0000 7fe935f04700 1 --2- >> [v2:172.21.15.7:3300/0,v1:172.21.15.7:6789/0] conn(0x7fe93007de60 0x7fe93007c310 unknown :-1 s=HELLO_CONNECTING pgs=0 cs=0 l=0 rev1=1 crypto rx=0 tx=0 comp rx=0 tx=0).handle_hello peer v2:172.21.15.7:3300/0 says I am v2:172.21.15.7:39798/0 (socket says 172.21.15.7:39798)
2024-04-21T08:34:54.804 INFO:teuthology.orchestra.run.smithi007.stdout:/usr/bin/ceph: stderr
2024-04-21T08:34:49.804+0000 7fe935f04700 1 -- 172.21.15.7:0/4080894062 learned_addr learned my addr 172.21.15.7:0/4080894062 (peer_addr_for_me v2:172.21.15.7:0/0)
2024-04-21T08:34:54.804 INFO:teuthology.orchestra.run.smithi007.stdout:/usr/bin/ceph: stderr
2024-04-21T08:34:49.804+0000 7fe935f04700 1 -- 172.21.15.7:0/4080894062 --> [v2:172.21.15.7:3300/0,v1:172.21.15.7:6789/0] -- mon_subscribe({config=0+,monmap=0+}) -- 0x7fe93007ca60 con 0x7fe93007de60
2024-04-21T08:34:54.804 INFO:teuthology.orchestra.run.smithi007.stdout:/usr/bin/ceph: stderr
2024-04-21T08:34:49.805+0000 7fe935f04700 1 --2- 172.21.15.7:0/4080894062 >> [v2:172.21.15.7:3300/0,v1:172.21.15.7:6789/0] conn(0x7fe93007de60 0x7fe93007c310 secure :-1 s=READY pgs=45 cs=0 l=1 rev1=1 crypto rx=0x7fe92c0098a0 tx=0x7fe92c009bb0 comp rx=0 tx=0).ready entity=mon.0 client_cookie=c0c9338a2f8bda21 server_cookie=0 in_seq=0 out_seq=0
2024-04-21T08:34:54.804 INFO:teuthology.orchestra.run.smithi007.stdout:/usr/bin/ceph: stderr
2024-04-21T08:34:49.805+0000 7fe934f02700 1 -- 172.21.15.7:0/4080894062 <== mon.0 v2:172.21.15.7:3300/0 1 ==== mon_map magic: 0 ==== 205+0+0 (secure 0 0 0) 0x7fe92c004160 con 0x7fe93007de60
2024-04-21T08:34:54.804 INFO:teuthology.orchestra.run.smithi007.stdout:/usr/bin/ceph: stderr
2024-04-21T08:34:49.805+0000 7fe934f02700 1 -- 172.21.15.7:0/4080894062 <== mon.0 v2:172.21.15.7:3300/0 2 ==== config(26 keys) ==== 1070+0+0 (secure 0 0 0) 0x7fe92c004300 con 0x7fe93007de60
2024-04-21T08:34:54.805 INFO:teuthology.orchestra.run.smithi007.stdout:/usr/bin/ceph: stderr
2024-04-21T08:34:49.805+0000 7fe934f02700 1 -- 172.21.15.7:0/4080894062 <== mon.0 v2:172.21.15.7:3300/0 3 ==== mon_map magic: 0 ==== 205+0+0 (secure 0 0 0) 0x7fe92c011af0 con 0x7fe93007de60
2024-04-21T08:34:54.805 INFO:teuthology.orchestra.run.smithi007.stdout:/usr/bin/ceph: stderr
2024-04-21T08:34:49.805+0000 7fe938168700 1 -- 172.21.15.7:0/4080894062 >> [v2:172.21.15.7:3300/0,v1:172.21.15.7:6789/0] conn(0x7fe93007de60 msgr2=0x7fe93007c310 secure :-1 s=STATE_CONNECTION_ESTABLISHED l=1).mark_down
2024-04-21T08:34:54.805 INFO:teuthology.orchestra.run.smithi007.stdout:/usr/bin/ceph: stderr
2024-04-21T08:34:49.805+0000 7fe938168700 1 --2- 172.21.15.7:0/4080894062 >> [v2:172.21.15.7:3300/0,v1:172.21.15.7:6789/0] conn(0x7fe93007de60 0x7fe93007c310 secure :-1 s=READY pgs=45 cs=0 l=1 rev1=1 crypto rx=0x7fe92c0098a0 tx=0x7fe92c009bb0 comp rx=0 tx=0).stop
2024-04-21T08:34:54.805 INFO:teuthology.orchestra.run.smithi007.stdout:/usr/bin/ceph: stderr
2024-04-21T08:34:49.805+0000 7fe938168700 1 -- 172.21.15.7:0/4080894062 shutdown_connections
2024-04-21T08:34:54.805 INFO:teuthology.orchestra.run.smithi007.stdout:/usr/bin/ceph: stderr
2024-04-21T08:34:49.805+0000 7fe938168700 1 --2- 172.21.15.7:0/4080894062 >> [v2:172.21.15.7:3300/0,v1:172.21.15.7:6789/0] conn(0x7fe93007de60 0x7fe93007c310 unknown :-1 s=CLOSED pgs=45 cs=0 l=1 rev1=1 crypto rx=0 tx=0 comp rx=0 tx=0).stop
2024-04-21T08:34:54.805 INFO:teuthology.orchestra.run.smithi007.stdout:/usr/bin/ceph: stderr
2024-04-21T08:34:49.805+0000 7fe938168700 1 -- 172.21.15.7:0/4080894062 >> 172.21.15.7:0/4080894062 conn(0x7fe9301039b0 msgr2=0x7fe930105dd0 unknown :-1 s=STATE_NONE l=0).mark_down
2024-04-21T08:34:54.805 INFO:teuthology.orchestra.run.smithi007.stdout:/usr/bin/ceph: stderr
2024-04-21T08:34:49.806+0000 7fe938168700 1 -- 172.21.15.7:0/4080894062 shutdown_connections
2024-04-21T08:34:54.805 INFO:teuthology.orchestra.run.smithi007.stdout:/usr/bin/ceph: stderr
2024-04-21T08:34:49.806+0000 7fe938168700 1 -- 172.21.15.7:0/4080894062 wait complete.
2024-04-21T08:34:54.805 INFO:teuthology.orchestra.run.smithi007.stdout:/usr/bin/ceph: stderr
2024-04-21T08:34:49.806+0000 7fe938168700 1 Processor -- start
2024-04-21T08:34:54.805 INFO:teuthology.orchestra.run.smithi007.stdout:/usr/bin/ceph: stderr
2024-04-21T08:34:49.806+0000 7fe938168700 1 -- start start
2024-04-21T08:34:54.805 INFO:teuthology.orchestra.run.smithi007.stdout:/usr/bin/ceph: stderr
2024-04-21T08:34:49.806+0000 7fe938168700 1 --2- >> [v2:172.21.15.7:3300/0,v1:172.21.15.7:6789/0] conn(0x7fe93007de60 0x7fe93019e3b0 unknown :-1 s=NONE pgs=0 cs=0 l=1 rev1=0 crypto rx=0 tx=0 comp rx=0 tx=0).connect
2024-04-21T08:34:54.805 INFO:teuthology.orchestra.run.smithi007.stdout:/usr/bin/ceph: stderr
2024-04-21T08:34:49.806+0000 7fe938168700 1 -- --> [v2:172.21.15.7:3300/0,v1:172.21.15.7:6789/0] -- mon_getmap magic: 0 -- 0x7fe93010e8e0 con 0x7fe93007de60
2024-04-21T08:34:54.805 INFO:teuthology.orchestra.run.smithi007.stdout:/usr/bin/ceph: stderr
2024-04-21T08:34:49.806+0000 7fe935f04700 1 --2- >> [v2:172.21.15.7:3300/0,v1:172.21.15.7:6789/0] conn(0x7fe93007de60 0x7fe93019e3b0 unknown :-1 s=BANNER_CONNECTING pgs=0 cs=0 l=1 rev1=0 crypto rx=0 tx=0 comp rx=0 tx=0)._handle_peer_banner_payload supported=3 required=0
2024-04-21T08:34:54.806 INFO:teuthology.orchestra.run.smithi007.stdout:/usr/bin/ceph: stderr
2024-04-21T08:34:49.807+0000 7fe935f04700 1 --2- >> [v2:172.21.15.7:3300/0,v1:172.21.15.7:6789/0] conn(0x7fe93007de60 0x7fe93019e3b0 unknown :-1 s=HELLO_CONNECTING pgs=0 cs=0 l=1 rev1=1 crypto rx=0 tx=0 comp rx=0 tx=0).handle_hello peer v2:172.21.15.7:3300/0 says I am v2:172.21.15.7:39804/0 (socket says 172.21.15.7:39804)
2024-04-21T08:34:54.806 INFO:teuthology.orchestra.run.smithi007.stdout:/usr/bin/ceph: stderr
2024-04-21T08:34:49.807+0000 7fe935f04700 1 -- 172.21.15.7:0/2635452227 learned_addr learned my addr 172.21.15.7:0/2635452227 (peer_addr_for_me v2:172.21.15.7:0/0)
2024-04-21T08:34:54.806 INFO:teuthology.orchestra.run.smithi007.stdout:/usr/bin/ceph: stderr
2024-04-21T08:34:49.807+0000 7fe935f04700 1 -- 172.21.15.7:0/2635452227 --> [v2:172.21.15.7:3300/0,v1:172.21.15.7:6789/0] -- mon_subscribe({config=0+,monmap=0+}) -- 0x7fe93019e8f0 con 0x7fe93007de60
2024-04-21T08:34:54.806 INFO:teuthology.orchestra.run.smithi007.stdout:/usr/bin/ceph: stderr
2024-04-21T08:34:49.807+0000 7fe935f04700 1 --2- 172.21.15.7:0/2635452227 >> [v2:172.21.15.7:3300/0,v1:172.21.15.7:6789/0] conn(0x7fe93007de60 0x7fe93019e3b0 secure :-1 s=READY pgs=46 cs=0 l=1 rev1=1 crypto rx=0x7fe92c003f40 tx=0x7fe92c011890 comp rx=0 tx=0).ready entity=mon.0 client_cookie=0 server_cookie=0 in_seq=0 out_seq=0
2024-04-21T08:34:54.806 INFO:teuthology.orchestra.run.smithi007.stdout:/usr/bin/ceph: stderr
2024-04-21T08:34:49.807+0000 7fe926ffd700 1 -- 172.21.15.7:0/2635452227 <== mon.0 v2:172.21.15.7:3300/0 1 ==== mon_map magic: 0 ==== 205+0+0 (secure 0 0 0) 0x7fe92c0038b0 con 0x7fe93007de60
2024-04-21T08:34:54.806 INFO:teuthology.orchestra.run.smithi007.stdout:/usr/bin/ceph: stderr
2024-04-21T08:34:49.807+0000 7fe938168700 1 -- 172.21.15.7:0/2635452227 --> [v2:172.21.15.7:3300/0,v1:172.21.15.7:6789/0] -- mon_subscribe({mgrmap=0+}) -- 0x7fe93019eb80 con 0x7fe93007de60
2024-04-21T08:34:54.806 INFO:teuthology.orchestra.run.smithi007.stdout:/usr/bin/ceph: stderr
2024-04-21T08:34:49.807+0000 7fe938168700 1 -- 172.21.15.7:0/2635452227 --> [v2:172.21.15.7:3300/0,v1:172.21.15.7:6789/0] -- mon_subscribe({osdmap=0}) -- 0x7fe9301a1870 con 0x7fe93007de60
2024-04-21T08:34:54.806 INFO:teuthology.orchestra.run.smithi007.stdout:/usr/bin/ceph: stderr
2024-04-21T08:34:49.807+0000 7fe926ffd700 1 -- 172.21.15.7:0/2635452227 <== mon.0 v2:172.21.15.7:3300/0 2 ==== config(26 keys) ==== 1070+0+0 (secure 0 0 0) 0x7fe92c003a50 con 0x7fe93007de60
2024-04-21T08:34:54.806 INFO:teuthology.orchestra.run.smithi007.stdout:/usr/bin/ceph: stderr
2024-04-21T08:34:49.807+0000 7fe926ffd700 1 -- 172.21.15.7:0/2635452227 <== mon.0 v2:172.21.15.7:3300/0 3 ==== mon_map magic: 0 ==== 205+0+0 (secure 0 0 0) 0x7fe92c024c80 con 0x7fe93007de60
2024-04-21T08:34:54.806 INFO:teuthology.orchestra.run.smithi007.stdout:/usr/bin/ceph: stderr
2024-04-21T08:34:49.808+0000 7fe926ffd700 1 -- 172.21.15.7:0/2635452227 <== mon.0 v2:172.21.15.7:3300/0 4 ==== mgrmap(e 8) ==== 46558+0+0 (secure 0 0 0) 0x7fe92c01a430 con 0x7fe93007de60
2024-04-21T08:34:54.806 INFO:teuthology.orchestra.run.smithi007.stdout:/usr/bin/ceph: stderr
2024-04-21T08:34:49.808+0000 7fe938168700 1 -- 172.21.15.7:0/2635452227 --> [v2:172.21.15.7:3300/0,v1:172.21.15.7:6789/0] -- mon_command({"prefix": "get_command_descriptions"} v 0) -- 0x7fe914005360 con 0x7fe93007de60
2024-04-21T08:34:54.806 INFO:teuthology.orchestra.run.smithi007.stdout:/usr/bin/ceph: stderr
2024-04-21T08:34:49.808+0000 7fe926ffd700 1 --2- 172.21.15.7:0/2635452227 >> [v2:172.21.15.7:6800/102274072,v1:172.21.15.7:6801/102274072] conn(0x7fe91c039620 0x7fe91c03bae0 unknown :-1 s=NONE pgs=0 cs=0 l=1 rev1=0 crypto rx=0 tx=0 comp rx=0 tx=0).connect
2024-04-21T08:34:54.807 INFO:teuthology.orchestra.run.smithi007.stdout:/usr/bin/ceph: stderr
2024-04-21T08:34:49.808+0000 7fe926ffd700 1 -- 172.21.15.7:0/2635452227 <== mon.0 v2:172.21.15.7:3300/0 5 ==== osd_map(2..2 src has 1..2) ==== 940+0+0 (secure 0 0 0) 0x7fe92c04d9f0 con 0x7fe93007de60
2024-04-21T08:34:54.807 INFO:teuthology.orchestra.run.smithi007.stdout:/usr/bin/ceph: stderr
2024-04-21T08:34:49.808+0000 7fe935703700 1 --2- 172.21.15.7:0/2635452227 >> [v2:172.21.15.7:6800/102274072,v1:172.21.15.7:6801/102274072] conn(0x7fe91c039620 0x7fe91c03bae0 unknown :-1 s=BANNER_CONNECTING pgs=0 cs=0 l=1 rev1=0 crypto rx=0 tx=0 comp rx=0 tx=0)._handle_peer_banner_payload supported=3 required=0
2024-04-21T08:34:54.807 INFO:teuthology.orchestra.run.smithi007.stdout:/usr/bin/ceph: stderr
2024-04-21T08:34:49.809+0000 7fe935703700 1 --2- 172.21.15.7:0/2635452227 >> [v2:172.21.15.7:6800/102274072,v1:172.21.15.7:6801/102274072] conn(0x7fe91c039620 0x7fe91c03bae0 secure :-1 s=READY pgs=11 cs=0 l=1 rev1=1 crypto rx=0x7fe920006fd0 tx=0x7fe920006e40 comp rx=0 tx=0).ready entity=mgr.14120 client_cookie=0 server_cookie=0 in_seq=0 out_seq=0
2024-04-21T08:34:54.807 INFO:teuthology.orchestra.run.smithi007.stdout:/usr/bin/ceph: stderr
2024-04-21T08:34:49.813+0000 7fe926ffd700 1 -- 172.21.15.7:0/2635452227 <== mon.0 v2:172.21.15.7:3300/0 6 ==== mon_command_ack([{"prefix": "get_command_descriptions"}]=0 v0) ==== 72+0+188370 (secure 0 0 0) 0x7fe92c016df0 con 0x7fe93007de60
2024-04-21T08:34:54.807 INFO:teuthology.orchestra.run.smithi007.stdout:/usr/bin/ceph: stderr
2024-04-21T08:34:50.031+0000 7fe938168700 1 -- 172.21.15.7:0/2635452227 --> [v2:172.21.15.7:6800/102274072,v1:172.21.15.7:6801/102274072] -- mgr_command(tid 0: {"prefix": "orch host add", "hostname": "smithi007", "addr": "172.21.15.7", "target": ["mon-mgr", ""]}) -- 0x7fe914000bf0 con 0x7fe91c039620
2024-04-21T08:34:54.807 INFO:teuthology.orchestra.run.smithi007.stdout:/usr/bin/ceph: stderr
2024-04-21T08:34:54.222+0000 7fe926ffd700 1 -- 172.21.15.7:0/2635452227 <== mgr.14120 v2:172.21.15.7:6800/102274072 1 ==== mgr_command_reply(tid 0: 0 ) ==== 8+0+47 (secure 0 0 0) 0x7fe914000bf0 con 0x7fe91c039620
2024-04-21T08:34:54.807 INFO:teuthology.orchestra.run.smithi007.stdout:/usr/bin/ceph: stderr
2024-04-21T08:34:54.225+0000 7fe938168700 1 -- 172.21.15.7:0/2635452227 >> [v2:172.21.15.7:6800/102274072,v1:172.21.15.7:6801/102274072] conn(0x7fe91c039620 msgr2=0x7fe91c03bae0 secure :-1 s=STATE_CONNECTION_ESTABLISHED l=1).mark_down
2024-04-21T08:34:54.807 INFO:teuthology.orchestra.run.smithi007.stdout:/usr/bin/ceph: stderr
2024-04-21T08:34:54.225+0000 7fe938168700 1 --2- 172.21.15.7:0/2635452227 >> [v2:172.21.15.7:6800/102274072,v1:172.21.15.7:6801/102274072] conn(0x7fe91c039620 0x7fe91c03bae0 secure :-1 s=READY pgs=11 cs=0 l=1 rev1=1 crypto rx=0x7fe920006fd0 tx=0x7fe920006e40 comp rx=0 tx=0).stop
2024-04-21T08:34:54.807 INFO:teuthology.orchestra.run.smithi007.stdout:/usr/bin/ceph: stderr
2024-04-21T08:34:54.225+0000 7fe938168700 1 -- 172.21.15.7:0/2635452227 >> [v2:172.21.15.7:3300/0,v1:172.21.15.7:6789/0] conn(0x7fe93007de60 msgr2=0x7fe93019e3b0 secure :-1 s=STATE_CONNECTION_ESTABLISHED l=1).mark_down
2024-04-21T08:34:54.807 INFO:teuthology.orchestra.run.smithi007.stdout:/usr/bin/ceph: stderr
2024-04-21T08:34:54.225+0000 7fe938168700 1 --2- 172.21.15.7:0/2635452227 >> [v2:172.21.15.7:3300/0,v1:172.21.15.7:6789/0] conn(0x7fe93007de60 0x7fe93019e3b0 secure :-1 s=READY pgs=46 cs=0 l=1 rev1=1 crypto rx=0x7fe92c003f40 tx=0x7fe92c011890 comp rx=0 tx=0).stop
2024-04-21T08:34:54.807 INFO:teuthology.orchestra.run.smithi007.stdout:/usr/bin/ceph: stderr
2024-04-21T08:34:54.225+0000 7fe938168700 1 -- 172.21.15.7:0/2635452227 shutdown_connections
2024-04-21T08:34:54.807 INFO:teuthology.orchestra.run.smithi007.stdout:/usr/bin/ceph: stderr
2024-04-21T08:34:54.225+0000 7fe938168700 1 --2- 172.21.15.7:0/2635452227 >> [v2:172.21.15.7:6800/102274072,v1:172.21.15.7:6801/102274072] conn(0x7fe91c039620 0x7fe91c03bae0 unknown :-1 s=CLOSED pgs=11 cs=0 l=1 rev1=1 crypto rx=0 tx=0 comp rx=0 tx=0).stop
2024-04-21T08:34:54.808 INFO:teuthology.orchestra.run.smithi007.stdout:/usr/bin/ceph: stderr
2024-04-21T08:34:54.225+0000 7fe938168700 1 --2- 172.21.15.7:0/2635452227 >> [v2:172.21.15.7:3300/0,v1:172.21.15.7:6789/0] conn(0x7fe93007de60 0x7fe93019e3b0 unknown :-1 s=CLOSED pgs=46 cs=0 l=1 rev1=1 crypto rx=0 tx=0 comp rx=0 tx=0).stop
2024-04-21T08:34:54.808 INFO:teuthology.orchestra.run.smithi007.stdout:/usr/bin/ceph: stderr
2024-04-21T08:34:54.225+0000 7fe938168700 1 -- 172.21.15.7:0/2635452227 >> 172.21.15.7:0/2635452227 conn(0x7fe9301039b0 msgr2=0x7fe930104430 unknown :-1 s=STATE_NONE l=0).mark_down
2024-04-21T08:34:54.808 INFO:teuthology.orchestra.run.smithi007.stdout:/usr/bin/ceph: stderr
2024-04-21T08:34:54.225+0000 7fe938168700 1 -- 172.21.15.7:0/2635452227 shutdown_connections
2024-04-21T08:34:54.808 INFO:teuthology.orchestra.run.smithi007.stdout:/usr/bin/ceph: stderr
2024-04-21T08:34:54.225+0000 7fe938168700 1 -- 172.21.15.7:0/2635452227 wait complete.
2024-04-21T08:34:54.808 INFO:teuthology.orchestra.run.smithi007.stdout:Deploying unmanaged mon service...
2024-04-21T08:34:55.401 INFO:journalctl@ceph.mon.a.smithi007.stdout:Apr 21 08:34:55 smithi007 ceph-mon[28477]: from='mgr.14120 172.21.15.7:0/3328134329' entity='mgr.x'
2024-04-21T08:34:55.401 INFO:journalctl@ceph.mon.a.smithi007.stdout:Apr 21 08:34:55 smithi007 ceph-mon[28477]: Added host smithi007
2024-04-21T08:34:55.401 INFO:journalctl@ceph.mon.a.smithi007.stdout:Apr 21 08:34:55 smithi007 ceph-mon[28477]: from='mgr.14120 172.21.15.7:0/3328134329' entity='mgr.x' cmd=[{"prefix": "config dump", "format": "json"}]: dispatch
2024-04-21T08:34:56.239 INFO:teuthology.orchestra.run.smithi007.stdout:/usr/bin/ceph: stdout Scheduled mon update...
2024-04-21T08:34:56.239 INFO:teuthology.orchestra.run.smithi007.stdout:/usr/bin/ceph: stderr
2024-04-21T08:34:55.261+0000 7f4de9aed700 1 Processor -- start
2024-04-21T08:34:56.239 INFO:teuthology.orchestra.run.smithi007.stdout:/usr/bin/ceph: stderr
2024-04-21T08:34:55.261+0000 7f4de9aed700 1 -- start start
2024-04-21T08:34:56.239 INFO:teuthology.orchestra.run.smithi007.stdout:/usr/bin/ceph: stderr
2024-04-21T08:34:55.261+0000 7f4de9aed700 1 --2- >> [v2:172.21.15.7:3300/0,v1:172.21.15.7:6789/0] conn(0x7f4de4106640 0x7f4de4106a60 unknown :-1 s=NONE pgs=0 cs=0 l=0 rev1=0 crypto rx=0 tx=0 comp rx=0 tx=0).connect
2024-04-21T08:34:56.239 INFO:teuthology.orchestra.run.smithi007.stdout:/usr/bin/ceph: stderr
2024-04-21T08:34:55.261+0000 7f4de9aed700 1 -- --> [v2:172.21.15.7:3300/0,v1:172.21.15.7:6789/0] -- mon_getmap magic: 0 -- 0x7f4de4107030 con 0x7f4de4106640
2024-04-21T08:34:56.239 INFO:teuthology.orchestra.run.smithi007.stdout:/usr/bin/ceph: stderr
2024-04-21T08:34:55.261+0000 7f4de37fe700 1 --2- >> [v2:172.21.15.7:3300/0,v1:172.21.15.7:6789/0] conn(0x7f4de4106640 0x7f4de4106a60 unknown :-1 s=BANNER_CONNECTING pgs=0 cs=0 l=0 rev1=0 crypto rx=0 tx=0 comp rx=0 tx=0)._handle_peer_banner_payload supported=3 required=0
2024-04-21T08:34:56.239 INFO:teuthology.orchestra.run.smithi007.stdout:/usr/bin/ceph: stderr
2024-04-21T08:34:55.261+0000 7f4de37fe700 1 --2- >> [v2:172.21.15.7:3300/0,v1:172.21.15.7:6789/0] conn(0x7f4de4106640 0x7f4de4106a60 unknown :-1 s=HELLO_CONNECTING pgs=0 cs=0 l=0 rev1=1 crypto rx=0 tx=0 comp rx=0 tx=0).handle_hello peer v2:172.21.15.7:3300/0 says I am v2:172.21.15.7:46638/0 (socket says 172.21.15.7:46638)
2024-04-21T08:34:56.240 INFO:teuthology.orchestra.run.smithi007.stdout:/usr/bin/ceph: stderr
2024-04-21T08:34:55.261+0000 7f4de37fe700 1 -- 172.21.15.7:0/2667581593 learned_addr learned my addr 172.21.15.7:0/2667581593 (peer_addr_for_me v2:172.21.15.7:0/0)
2024-04-21T08:34:56.240 INFO:teuthology.orchestra.run.smithi007.stdout:/usr/bin/ceph: stderr
2024-04-21T08:34:55.261+0000 7f4de37fe700 1 -- 172.21.15.7:0/2667581593 --> [v2:172.21.15.7:3300/0,v1:172.21.15.7:6789/0] -- mon_subscribe({config=0+,monmap=0+}) -- 0x7f4de4109670 con 0x7f4de4106640
2024-04-21T08:34:56.240 INFO:teuthology.orchestra.run.smithi007.stdout:/usr/bin/ceph: stderr
2024-04-21T08:34:55.261+0000 7f4de37fe700 1 --2- 172.21.15.7:0/2667581593 >> [v2:172.21.15.7:3300/0,v1:172.21.15.7:6789/0] conn(0x7f4de4106640 0x7f4de4106a60 secure :-1 s=READY pgs=47 cs=0 l=1 rev1=1 crypto rx=0x7f4dd40098a0 tx=0x7f4dd4009bb0 comp rx=0 tx=0).ready entity=mon.0 client_cookie=b5cef154f3530940 server_cookie=0 in_seq=0 out_seq=0
2024-04-21T08:34:56.240 INFO:teuthology.orchestra.run.smithi007.stdout:/usr/bin/ceph: stderr
2024-04-21T08:34:55.262+0000 7f4de27fc700 1 -- 172.21.15.7:0/2667581593 <== mon.0 v2:172.21.15.7:3300/0 1 ==== mon_map magic: 0 ==== 205+0+0 (secure 0 0 0) 0x7f4dd4004160 con 0x7f4de4106640
2024-04-21T08:34:56.240 INFO:teuthology.orchestra.run.smithi007.stdout:/usr/bin/ceph: stderr
2024-04-21T08:34:55.262+0000 7f4de27fc700 1 -- 172.21.15.7:0/2667581593 <== mon.0 v2:172.21.15.7:3300/0 2 ==== config(26 keys) ==== 1070+0+0 (secure 0 0 0) 0x7f4dd4004300 con 0x7f4de4106640
2024-04-21T08:34:56.240 INFO:teuthology.orchestra.run.smithi007.stdout:/usr/bin/ceph: stderr
2024-04-21T08:34:55.262+0000 7f4de27fc700 1 -- 172.21.15.7:0/2667581593 <== mon.0 v2:172.21.15.7:3300/0 3 ==== mon_map magic: 0 ==== 205+0+0 (secure 0 0 0) 0x7f4dd4011af0 con 0x7f4de4106640
2024-04-21T08:34:56.240 INFO:teuthology.orchestra.run.smithi007.stdout:/usr/bin/ceph: stderr
2024-04-21T08:34:55.262+0000 7f4de9aed700 1 -- 172.21.15.7:0/2667581593 >> [v2:172.21.15.7:3300/0,v1:172.21.15.7:6789/0] conn(0x7f4de4106640 msgr2=0x7f4de4106a60 secure :-1 s=STATE_CONNECTION_ESTABLISHED l=1).mark_down
2024-04-21T08:34:56.240 INFO:teuthology.orchestra.run.smithi007.stdout:/usr/bin/ceph: stderr
2024-04-21T08:34:55.262+0000 7f4de9aed700 1 --2- 172.21.15.7:0/2667581593 >> [v2:172.21.15.7:3300/0,v1:172.21.15.7:6789/0] conn(0x7f4de4106640 0x7f4de4106a60 secure :-1 s=READY pgs=47 cs=0 l=1 rev1=1 crypto rx=0x7f4dd40098a0 tx=0x7f4dd4009bb0 comp rx=0 tx=0).stop
2024-04-21T08:34:56.240 INFO:teuthology.orchestra.run.smithi007.stdout:/usr/bin/ceph: stderr
2024-04-21T08:34:55.262+0000 7f4de9aed700 1 -- 172.21.15.7:0/2667581593 shutdown_connections
2024-04-21T08:34:56.240 INFO:teuthology.orchestra.run.smithi007.stdout:/usr/bin/ceph: stderr
2024-04-21T08:34:55.262+0000 7f4de9aed700 1 --2- 172.21.15.7:0/2667581593 >> [v2:172.21.15.7:3300/0,v1:172.21.15.7:6789/0] conn(0x7f4de4106640 0x7f4de4106a60 unknown :-1 s=CLOSED pgs=47 cs=0 l=1 rev1=1 crypto rx=0 tx=0 comp rx=0 tx=0).stop
2024-04-21T08:34:56.240 INFO:teuthology.orchestra.run.smithi007.stdout:/usr/bin/ceph: stderr
2024-04-21T08:34:55.262+0000 7f4de9aed700 1 -- 172.21.15.7:0/2667581593 >> 172.21.15.7:0/2667581593 conn(0x7f4de4101fb0 msgr2=0x7f4de41043d0 unknown :-1 s=STATE_NONE l=0).mark_down
2024-04-21T08:34:56.240 INFO:teuthology.orchestra.run.smithi007.stdout:/usr/bin/ceph: stderr
2024-04-21T08:34:55.262+0000 7f4de9aed700 1 -- 172.21.15.7:0/2667581593 shutdown_connections
2024-04-21T08:34:56.240 INFO:teuthology.orchestra.run.smithi007.stdout:/usr/bin/ceph: stderr
2024-04-21T08:34:55.262+0000 7f4de9aed700 1 -- 172.21.15.7:0/2667581593 wait complete.
2024-04-21T08:34:56.240 INFO:teuthology.orchestra.run.smithi007.stdout:/usr/bin/ceph: stderr
2024-04-21T08:34:55.263+0000 7f4de9aed700 1 Processor -- start
2024-04-21T08:34:56.241 INFO:teuthology.orchestra.run.smithi007.stdout:/usr/bin/ceph: stderr
2024-04-21T08:34:55.263+0000 7f4de9aed700 1 -- start start
2024-04-21T08:34:56.241 INFO:teuthology.orchestra.run.smithi007.stdout:/usr/bin/ceph: stderr
2024-04-21T08:34:55.263+0000 7f4de9aed700 1 --2- >> [v2:172.21.15.7:3300/0,v1:172.21.15.7:6789/0] conn(0x7f4de4106640 0x7f4de419c210 unknown :-1 s=NONE pgs=0 cs=0 l=1 rev1=0 crypto rx=0 tx=0 comp rx=0 tx=0).connect
2024-04-21T08:34:56.241 INFO:teuthology.orchestra.run.smithi007.stdout:/usr/bin/ceph: stderr
2024-04-21T08:34:55.263+0000 7f4de9aed700 1 -- --> [v2:172.21.15.7:3300/0,v1:172.21.15.7:6789/0] -- mon_getmap magic: 0 -- 0x7f4de410c8a0 con 0x7f4de4106640
2024-04-21T08:34:56.241 INFO:teuthology.orchestra.run.smithi007.stdout:/usr/bin/ceph: stderr
2024-04-21T08:34:55.263+0000 7f4de37fe700 1 --2- >> [v2:172.21.15.7:3300/0,v1:172.21.15.7:6789/0] conn(0x7f4de4106640 0x7f4de419c210 unknown :-1 s=BANNER_CONNECTING pgs=0 cs=0 l=1 rev1=0 crypto rx=0 tx=0 comp rx=0 tx=0)._handle_peer_banner_payload supported=3 required=0
2024-04-21T08:34:56.241 INFO:teuthology.orchestra.run.smithi007.stdout:/usr/bin/ceph: stderr
2024-04-21T08:34:55.263+0000 7f4de37fe700 1 --2- >> [v2:172.21.15.7:3300/0,v1:172.21.15.7:6789/0] conn(0x7f4de4106640 0x7f4de419c210 unknown :-1 s=HELLO_CONNECTING pgs=0 cs=0 l=1 rev1=1 crypto rx=0 tx=0 comp rx=0 tx=0).handle_hello peer v2:172.21.15.7:3300/0 says I am v2:172.21.15.7:46640/0 (socket says 172.21.15.7:46640)
2024-04-21T08:34:56.241 INFO:teuthology.orchestra.run.smithi007.stdout:/usr/bin/ceph: stderr
2024-04-21T08:34:55.263+0000 7f4de37fe700 1 -- 172.21.15.7:0/3755189663 learned_addr learned my addr 172.21.15.7:0/3755189663 (peer_addr_for_me v2:172.21.15.7:0/0)
2024-04-21T08:34:56.241 INFO:teuthology.orchestra.run.smithi007.stdout:/usr/bin/ceph: stderr
2024-04-21T08:34:55.264+0000 7f4de37fe700 1 -- 172.21.15.7:0/3755189663 --> [v2:172.21.15.7:3300/0,v1:172.21.15.7:6789/0] -- mon_subscribe({config=0+,monmap=0+}) -- 0x7f4de419c750 con 0x7f4de4106640
2024-04-21T08:34:56.241 INFO:teuthology.orchestra.run.smithi007.stdout:/usr/bin/ceph: stderr
2024-04-21T08:34:55.264+0000 7f4de37fe700 1 --2- 172.21.15.7:0/3755189663 >> [v2:172.21.15.7:3300/0,v1:172.21.15.7:6789/0] conn(0x7f4de4106640 0x7f4de419c210 secure :-1 s=READY pgs=48 cs=0 l=1 rev1=1 crypto rx=0x7f4dd4000c00 tx=0x7f4dd4011b70 comp rx=0 tx=0).ready entity=mon.0 client_cookie=0 server_cookie=0 in_seq=0 out_seq=0
2024-04-21T08:34:56.241 INFO:teuthology.orchestra.run.smithi007.stdout:/usr/bin/ceph: stderr
2024-04-21T08:34:55.264+0000 7f4de0ff9700 1 -- 172.21.15.7:0/3755189663 <== mon.0 v2:172.21.15.7:3300/0 1 ==== mon_map magic: 0 ==== 205+0+0 (secure 0 0 0) 0x7f4dd4003b20 con 0x7f4de4106640
2024-04-21T08:34:56.241 INFO:teuthology.orchestra.run.smithi007.stdout:/usr/bin/ceph: stderr
2024-04-21T08:34:55.264+0000 7f4de0ff9700 1 -- 172.21.15.7:0/3755189663 <== mon.0 v2:172.21.15.7:3300/0 2 ==== config(26 keys) ==== 1070+0+0 (secure 0 0 0) 0x7f4dd401a8c0 con 0x7f4de4106640
2024-04-21T08:34:56.241 INFO:teuthology.orchestra.run.smithi007.stdout:/usr/bin/ceph: stderr
2024-04-21T08:34:55.264+0000 7f4de9aed700 1 -- 172.21.15.7:0/3755189663 --> [v2:172.21.15.7:3300/0,v1:172.21.15.7:6789/0] -- mon_subscribe({mgrmap=0+}) -- 0x7f4de419c9e0 con 0x7f4de4106640
2024-04-21T08:34:56.241 INFO:teuthology.orchestra.run.smithi007.stdout:/usr/bin/ceph: stderr
2024-04-21T08:34:55.264+0000 7f4de0ff9700 1 -- 172.21.15.7:0/3755189663 <== mon.0 v2:172.21.15.7:3300/0 3 ==== mon_map magic: 0 ==== 205+0+0 (secure 0 0 0) 0x7f4dd4024940 con 0x7f4de4106640
2024-04-21T08:34:56.241 INFO:teuthology.orchestra.run.smithi007.stdout:/usr/bin/ceph: stderr
2024-04-21T08:34:55.264+0000 7f4de9aed700 1 -- 172.21.15.7:0/3755189663 --> [v2:172.21.15.7:3300/0,v1:172.21.15.7:6789/0] -- mon_subscribe({osdmap=0}) -- 0x7f4de419f6d0 con 0x7f4de4106640
2024-04-21T08:34:56.241 INFO:teuthology.orchestra.run.smithi007.stdout:/usr/bin/ceph: stderr
2024-04-21T08:34:55.265+0000 7f4de0ff9700 1 -- 172.21.15.7:0/3755189663 <== mon.0 v2:172.21.15.7:3300/0 4 ==== mgrmap(e 8) ==== 46558+0+0 (secure 0 0 0) 0x7f4dd4022020 con 0x7f4de4106640
2024-04-21T08:34:56.242 INFO:teuthology.orchestra.run.smithi007.stdout:/usr/bin/ceph: stderr
2024-04-21T08:34:55.265+0000 7f4de9aed700 1 -- 172.21.15.7:0/3755189663 --> [v2:172.21.15.7:3300/0,v1:172.21.15.7:6789/0] -- mon_command({"prefix": "get_command_descriptions"} v 0) -- 0x7f4de40640a0 con 0x7f4de4106640
2024-04-21T08:34:56.242 INFO:teuthology.orchestra.run.smithi007.stdout:/usr/bin/ceph: stderr
2024-04-21T08:34:55.265+0000 7f4de0ff9700 1 --2- 172.21.15.7:0/3755189663 >> [v2:172.21.15.7:6800/102274072,v1:172.21.15.7:6801/102274072] conn(0x7f4dcc039670 0x7f4dcc03bb30 unknown :-1 s=NONE pgs=0 cs=0 l=1 rev1=0 crypto rx=0 tx=0 comp rx=0 tx=0).connect
2024-04-21T08:34:56.242 INFO:teuthology.orchestra.run.smithi007.stdout:/usr/bin/ceph: stderr
2024-04-21T08:34:55.265+0000 7f4de0ff9700 1 -- 172.21.15.7:0/3755189663 <== mon.0 v2:172.21.15.7:3300/0 5 ==== osd_map(2..2 src has 1..2) ==== 940+0+0 (secure 0 0 0) 0x7f4dd404d990 con 0x7f4de4106640
2024-04-21T08:34:56.242 INFO:teuthology.orchestra.run.smithi007.stdout:/usr/bin/ceph: stderr
2024-04-21T08:34:55.265+0000 7f4de2ffd700 1 --2- 172.21.15.7:0/3755189663 >> [v2:172.21.15.7:6800/102274072,v1:172.21.15.7:6801/102274072] conn(0x7f4dcc039670 0x7f4dcc03bb30 unknown :-1 s=BANNER_CONNECTING pgs=0 cs=0 l=1 rev1=0 crypto rx=0 tx=0 comp rx=0 tx=0)._handle_peer_banner_payload supported=3 required=0
2024-04-21T08:34:56.242 INFO:teuthology.orchestra.run.smithi007.stdout:/usr/bin/ceph: stderr
2024-04-21T08:34:55.266+0000 7f4de2ffd700 1 --2- 172.21.15.7:0/3755189663 >> [v2:172.21.15.7:6800/102274072,v1:172.21.15.7:6801/102274072] conn(0x7f4dcc039670 0x7f4dcc03bb30 secure :-1 s=READY pgs=12 cs=0 l=1 rev1=1 crypto rx=0x7f4dd8006fd0 tx=0x7f4dd8006e40 comp rx=0 tx=0).ready entity=mgr.14120 client_cookie=0 server_cookie=0 in_seq=0 out_seq=0
2024-04-21T08:34:56.242 INFO:teuthology.orchestra.run.smithi007.stdout:/usr/bin/ceph: stderr
2024-04-21T08:34:55.271+0000 7f4de0ff9700 1 -- 172.21.15.7:0/3755189663 <== mon.0 v2:172.21.15.7:3300/0 6 ==== mon_command_ack([{"prefix": "get_command_descriptions"}]=0 v0) ==== 72+0+188370 (secure 0 0 0) 0x7f4dd401aae0 con 0x7f4de4106640
2024-04-21T08:34:56.242 INFO:teuthology.orchestra.run.smithi007.stdout:/usr/bin/ceph: stderr
2024-04-21T08:34:55.509+0000 7f4de9aed700 1 -- 172.21.15.7:0/3755189663 --> [v2:172.21.15.7:6800/102274072,v1:172.21.15.7:6801/102274072] -- mgr_command(tid 0: {"prefix": "orch apply", "service_type": "mon", "unmanaged": true, "target": ["mon-mgr", ""]}) -- 0x7f4de4103120 con 0x7f4dcc039670
2024-04-21T08:34:56.242 INFO:teuthology.orchestra.run.smithi007.stdout:/usr/bin/ceph: stderr
2024-04-21T08:34:55.514+0000 7f4de0ff9700 1 -- 172.21.15.7:0/3755189663 <== mgr.14120 v2:172.21.15.7:6800/102274072 1 ==== mgr_command_reply(tid 0: 0 ) ==== 8+0+24 (secure 0 0 0) 0x7f4de4103120 con 0x7f4dcc039670
2024-04-21T08:34:56.242 INFO:teuthology.orchestra.run.smithi007.stdout:/usr/bin/ceph: stderr
2024-04-21T08:34:55.516+0000 7f4de9aed700 1 -- 172.21.15.7:0/3755189663 >> [v2:172.21.15.7:6800/102274072,v1:172.21.15.7:6801/102274072] conn(0x7f4dcc039670 msgr2=0x7f4dcc03bb30 secure :-1 s=STATE_CONNECTION_ESTABLISHED l=1).mark_down
2024-04-21T08:34:56.242 INFO:teuthology.orchestra.run.smithi007.stdout:/usr/bin/ceph: stderr
2024-04-21T08:34:55.516+0000 7f4de9aed700 1 --2- 172.21.15.7:0/3755189663 >> [v2:172.21.15.7:6800/102274072,v1:172.21.15.7:6801/102274072] conn(0x7f4dcc039670 0x7f4dcc03bb30 secure :-1 s=READY pgs=12 cs=0 l=1 rev1=1 crypto rx=0x7f4dd8006fd0 tx=0x7f4dd8006e40 comp rx=0 tx=0).stop
2024-04-21T08:34:56.242 INFO:teuthology.orchestra.run.smithi007.stdout:/usr/bin/ceph: stderr
2024-04-21T08:34:55.516+0000 7f4de9aed700 1 -- 172.21.15.7:0/3755189663 >> [v2:172.21.15.7:3300/0,v1:172.21.15.7:6789/0] conn(0x7f4de4106640 msgr2=0x7f4de419c210 secure :-1 s=STATE_CONNECTION_ESTABLISHED l=1).mark_down
2024-04-21T08:34:56.242 INFO:teuthology.orchestra.run.smithi007.stdout:/usr/bin/ceph: stderr
2024-04-21T08:34:55.516+0000 7f4de9aed700 1 --2- 172.21.15.7:0/3755189663 >> [v2:172.21.15.7:3300/0,v1:172.21.15.7:6789/0] conn(0x7f4de4106640 0x7f4de419c210 secure :-1 s=READY pgs=48 cs=0 l=1 rev1=1 crypto rx=0x7f4dd4000c00 tx=0x7f4dd4011b70 comp rx=0 tx=0).stop
2024-04-21T08:34:56.242 INFO:teuthology.orchestra.run.smithi007.stdout:/usr/bin/ceph: stderr
2024-04-21T08:34:55.516+0000 7f4de9aed700 1 -- 172.21.15.7:0/3755189663 shutdown_connections
2024-04-21T08:34:56.243 INFO:teuthology.orchestra.run.smithi007.stdout:/usr/bin/ceph: stderr
