2024-04-21T08:35:30.287+0000 7fb4c991f700 1 --2- 172.21.15.57:0/552509172 >> [v2:172.21.15.57:6800/2928520021,v1:172.21.15.57:6801/2928520021] conn(0x7fb4ac03b920 0x7fb4ac03dde0 secure :-1 s=READY pgs=12 cs=0 l=1 rev1=1 crypto rx=0x7fb4b8006fd0 tx=0x7fb4b8006e40 comp rx=0 tx=0).ready entity=mgr.14120 client_cookie=0 server_cookie=0 in_seq=0 out_seq=0
2024-04-21T08:35:31.289 INFO:teuthology.orchestra.run.smithi057.stdout:/usr/bin/ceph: stderr
2024-04-21T08:35:30.295+0000 7fb4c37fe700 1 -- 172.21.15.57:0/552509172 <== mon.0 v2:172.21.15.57:3300/0 6 ==== mon_command_ack([{"prefix": "get_command_descriptions"}]=0 v0) ==== 72+0+188370 (secure 0 0 0) 0x7fb4b402a020 con 0x7fb4c4108820
2024-04-21T08:35:31.289 INFO:teuthology.orchestra.run.smithi057.stdout:/usr/bin/ceph: stderr
2024-04-21T08:35:30.552+0000 7fb4cc384700 1 -- 172.21.15.57:0/552509172 --> [v2:172.21.15.57:6800/2928520021,v1:172.21.15.57:6801/2928520021] -- mgr_command(tid 0: {"prefix": "orch apply", "service_type": "mon", "unmanaged": true, "target": ["mon-mgr", ""]}) -- 0x7fb4c4062e80 con 0x7fb4ac03b920
2024-04-21T08:35:31.289 INFO:teuthology.orchestra.run.smithi057.stdout:/usr/bin/ceph: stderr
2024-04-21T08:35:30.557+0000 7fb4c37fe700 1 -- 172.21.15.57:0/552509172 <== mgr.14120 v2:172.21.15.57:6800/2928520021 1 ==== mgr_command_reply(tid 0: 0 ) ==== 8+0+24 (secure 0 0 0) 0x7fb4c4062e80 con 0x7fb4ac03b920
2024-04-21T08:35:31.289 INFO:teuthology.orchestra.run.smithi057.stdout:/usr/bin/ceph: stderr
2024-04-21T08:35:30.559+0000 7fb4cc384700 1 -- 172.21.15.57:0/552509172 >> [v2:172.21.15.57:6800/2928520021,v1:172.21.15.57:6801/2928520021] conn(0x7fb4ac03b920 msgr2=0x7fb4ac03dde0 secure :-1 s=STATE_CONNECTION_ESTABLISHED l=1).mark_down
2024-04-21T08:35:31.289 INFO:teuthology.orchestra.run.smithi057.stdout:/usr/bin/ceph: stderr
2024-04-21T08:35:30.559+0000 7fb4cc384700 1 --2- 172.21.15.57:0/552509172 >> [v2:172.21.15.57:6800/2928520021,v1:172.21.15.57:6801/2928520021] conn(0x7fb4ac03b920 0x7fb4ac03dde0 secure :-1 s=READY pgs=12 cs=0 l=1 rev1=1 crypto rx=0x7fb4b8006fd0 tx=0x7fb4b8006e40 comp rx=0 tx=0).stop
2024-04-21T08:35:31.289 INFO:teuthology.orchestra.run.smithi057.stdout:/usr/bin/ceph: stderr
2024-04-21T08:35:30.559+0000 7fb4cc384700 1 -- 172.21.15.57:0/552509172 >> [v2:172.21.15.57:3300/0,v1:172.21.15.57:6789/0] conn(0x7fb4c4108820 msgr2=0x7fb4c4199fc0 secure :-1 s=STATE_CONNECTION_ESTABLISHED l=1).mark_down
2024-04-21T08:35:31.289 INFO:teuthology.orchestra.run.smithi057.stdout:/usr/bin/ceph: stderr
2024-04-21T08:35:30.559+0000 7fb4cc384700 1 --2- 172.21.15.57:0/552509172 >> [v2:172.21.15.57:3300/0,v1:172.21.15.57:6789/0] conn(0x7fb4c4108820 0x7fb4c4199fc0 secure :-1 s=READY pgs=48 cs=0 l=1 rev1=1 crypto rx=0x7fb4b4004a60 tx=0x7fb4b400bd50 comp rx=0 tx=0).stop
2024-04-21T08:35:31.289 INFO:teuthology.orchestra.run.smithi057.stdout:/usr/bin/ceph: stderr
2024-04-21T08:35:30.559+0000 7fb4cc384700 1 -- 172.21.15.57:0/552509172 shutdown_connections
2024-04-21T08:35:31.289 INFO:teuthology.orchestra.run.smithi057.stdout:/usr/bin/ceph: stderr
2024-04-21T08:35:30.559+0000 7fb4cc384700 1 --2- 172.21.15.57:0/552509172 >> [v2:172.21.15.57:6800/2928520021,v1:172.21.15.57:6801/2928520021] conn(0x7fb4ac03b920 0x7fb4ac03dde0 unknown :-1 s=CLOSED pgs=12 cs=0 l=1 rev1=1 crypto rx=0 tx=0 comp rx=0 tx=0).stop
2024-04-21T08:35:31.289 INFO:teuthology.orchestra.run.smithi057.stdout:/usr/bin/ceph: stderr
2024-04-21T08:35:30.559+0000 7fb4cc384700 1 --2- 172.21.15.57:0/552509172 >> [v2:172.21.15.57:3300/0,v1:172.21.15.57:6789/0] conn(0x7fb4c4108820 0x7fb4c4199fc0 unknown :-1 s=CLOSED pgs=48 cs=0 l=1 rev1=1 crypto rx=0 tx=0 comp rx=0 tx=0).stop
2024-04-21T08:35:31.289 INFO:teuthology.orchestra.run.smithi057.stdout:/usr/bin/ceph: stderr
2024-04-21T08:35:30.559+0000 7fb4cc384700 1 -- 172.21.15.57:0/552509172 >> 172.21.15.57:0/552509172 conn(0x7fb4c4101fa0 msgr2=0x7fb4c4190600 unknown :-1 s=STATE_NONE l=0).mark_down
2024-04-21T08:35:31.290 INFO:teuthology.orchestra.run.smithi057.stdout:/usr/bin/ceph: stderr
2024-04-21T08:35:30.559+0000 7fb4cc384700 1 -- 172.21.15.57:0/552509172 shutdown_connections
2024-04-21T08:35:31.290 INFO:teuthology.orchestra.run.smithi057.stdout:/usr/bin/ceph: stderr
2024-04-21T08:35:30.559+0000 7fb4cc384700 1 -- 172.21.15.57:0/552509172 wait complete.
2024-04-21T08:35:31.290 INFO:teuthology.orchestra.run.smithi057.stdout:Deploying unmanaged mgr service...
2024-04-21T08:35:31.838 INFO:journalctl@ceph.mon.a.smithi057.stdout:Apr 21 08:35:31 smithi057 ceph-mon[27968]: from='client.14142 -' entity='client.admin' cmd=[{"prefix": "orch apply", "service_type": "mon", "unmanaged": true, "target": ["mon-mgr", ""]}]: dispatch
2024-04-21T08:35:31.839 INFO:journalctl@ceph.mon.a.smithi057.stdout:Apr 21 08:35:31 smithi057 ceph-mon[27968]: Saving service mon spec with placement count:5
2024-04-21T08:35:31.839 INFO:journalctl@ceph.mon.a.smithi057.stdout:Apr 21 08:35:31 smithi057 ceph-mon[27968]: from='mgr.14120 172.21.15.57:0/3977184544' entity='mgr.x'
2024-04-21T08:35:33.088 INFO:journalctl@ceph.mon.a.smithi057.stdout:Apr 21 08:35:33 smithi057 ceph-mon[27968]: from='client.14144 -' entity='client.admin' cmd=[{"prefix": "orch apply", "service_type": "mgr", "unmanaged": true, "target": ["mon-mgr", ""]}]: dispatch
2024-04-21T08:35:33.089 INFO:journalctl@ceph.mon.a.smithi057.stdout:Apr 21 08:35:33 smithi057 ceph-mon[27968]: Saving service mgr spec with placement count:2
2024-04-21T08:35:33.089 INFO:journalctl@ceph.mon.a.smithi057.stdout:Apr 21 08:35:33 smithi057 ceph-mon[27968]: from='mgr.14120 172.21.15.57:0/3977184544' entity='mgr.x'
2024-04-21T08:35:33.089 INFO:journalctl@ceph.mon.a.smithi057.stdout:Apr 21 08:35:33 smithi057 ceph-mon[27968]: from='mgr.14120 172.21.15.57:0/3977184544' entity='mgr.x'
2024-04-21T08:35:33.422 INFO:teuthology.orchestra.run.smithi057.stdout:/usr/bin/ceph: stdout Scheduled mgr update...
2024-04-21T08:35:33.422 INFO:teuthology.orchestra.run.smithi057.stdout:/usr/bin/ceph: stderr
2024-04-21T08:35:31.768+0000 7f6d55197700 1 Processor -- start
2024-04-21T08:35:33.422 INFO:teuthology.orchestra.run.smithi057.stdout:/usr/bin/ceph: stderr
2024-04-21T08:35:31.768+0000 7f6d55197700 1 -- start start
2024-04-21T08:35:33.423 INFO:teuthology.orchestra.run.smithi057.stdout:/usr/bin/ceph: stderr
2024-04-21T08:35:31.768+0000 7f6d55197700 1 --2- >> [v2:172.21.15.57:3300/0,v1:172.21.15.57:6789/0] conn(0x7f6d50106c40 0x7f6d50107060 unknown :-1 s=NONE pgs=0 cs=0 l=0 rev1=0 crypto rx=0 tx=0 comp rx=0 tx=0).connect
2024-04-21T08:35:33.423 INFO:teuthology.orchestra.run.smithi057.stdout:/usr/bin/ceph: stderr
2024-04-21T08:35:31.768+0000 7f6d55197700 1 -- --> [v2:172.21.15.57:3300/0,v1:172.21.15.57:6789/0] -- mon_getmap magic: 0 -- 0x7f6d5007be20 con 0x7f6d50106c40
2024-04-21T08:35:33.423 INFO:teuthology.orchestra.run.smithi057.stdout:/usr/bin/ceph: stderr
2024-04-21T08:35:31.768+0000 7f6d4ed9d700 1 --2- >> [v2:172.21.15.57:3300/0,v1:172.21.15.57:6789/0] conn(0x7f6d50106c40 0x7f6d50107060 unknown :-1 s=BANNER_CONNECTING pgs=0 cs=0 l=0 rev1=0 crypto rx=0 tx=0 comp rx=0 tx=0)._handle_peer_banner_payload supported=3 required=0
2024-04-21T08:35:33.423 INFO:teuthology.orchestra.run.smithi057.stdout:/usr/bin/ceph: stderr
2024-04-21T08:35:31.769+0000 7f6d4ed9d700 1 --2- >> [v2:172.21.15.57:3300/0,v1:172.21.15.57:6789/0] conn(0x7f6d50106c40 0x7f6d50107060 unknown :-1 s=HELLO_CONNECTING pgs=0 cs=0 l=0 rev1=1 crypto rx=0 tx=0 comp rx=0 tx=0).handle_hello peer v2:172.21.15.57:3300/0 says I am v2:172.21.15.57:45018/0 (socket says 172.21.15.57:45018)
2024-04-21T08:35:33.423 INFO:teuthology.orchestra.run.smithi057.stdout:/usr/bin/ceph: stderr
2024-04-21T08:35:31.769+0000 7f6d4ed9d700 1 -- 172.21.15.57:0/2139147707 learned_addr learned my addr 172.21.15.57:0/2139147707 (peer_addr_for_me v2:172.21.15.57:0/0)
2024-04-21T08:35:33.423 INFO:teuthology.orchestra.run.smithi057.stdout:/usr/bin/ceph: stderr
2024-04-21T08:35:31.769+0000 7f6d4ed9d700 1 -- 172.21.15.57:0/2139147707 --> [v2:172.21.15.57:3300/0,v1:172.21.15.57:6789/0] -- mon_subscribe({config=0+,monmap=0+}) -- 0x7f6d501075a0 con 0x7f6d50106c40
2024-04-21T08:35:33.423 INFO:teuthology.orchestra.run.smithi057.stdout:/usr/bin/ceph: stderr
2024-04-21T08:35:31.769+0000 7f6d4ed9d700 1 --2- 172.21.15.57:0/2139147707 >> [v2:172.21.15.57:3300/0,v1:172.21.15.57:6789/0] conn(0x7f6d50106c40 0x7f6d50107060 secure :-1 s=READY pgs=49 cs=0 l=1 rev1=1 crypto rx=0x7f6d48009e80 tx=0x7f6d4800b330 comp rx=0 tx=0).ready entity=mon.0 client_cookie=540ed39ae292d8a0 server_cookie=0 in_seq=0 out_seq=0
2024-04-21T08:35:33.423 INFO:teuthology.orchestra.run.smithi057.stdout:/usr/bin/ceph: stderr
2024-04-21T08:35:31.769+0000 7f6d4dd9b700 1 -- 172.21.15.57:0/2139147707 <== mon.0 v2:172.21.15.57:3300/0 1 ==== mon_map magic: 0 ==== 205+0+0 (secure 0 0 0) 0x7f6d48017070 con 0x7f6d50106c40
2024-04-21T08:35:33.423 INFO:teuthology.orchestra.run.smithi057.stdout:/usr/bin/ceph: stderr
2024-04-21T08:35:31.769+0000 7f6d4dd9b700 1 -- 172.21.15.57:0/2139147707 <== mon.0 v2:172.21.15.57:3300/0 2 ==== config(26 keys) ==== 1070+0+0 (secure 0 0 0) 0x7f6d4800b8c0 con 0x7f6d50106c40
2024-04-21T08:35:33.423 INFO:teuthology.orchestra.run.smithi057.stdout:/usr/bin/ceph: stderr
2024-04-21T08:35:31.769+0000 7f6d4dd9b700 1 -- 172.21.15.57:0/2139147707 <== mon.0 v2:172.21.15.57:3300/0 3 ==== mon_map magic: 0 ==== 205+0+0 (secure 0 0 0) 0x7f6d48004490 con 0x7f6d50106c40
2024-04-21T08:35:33.423 INFO:teuthology.orchestra.run.smithi057.stdout:/usr/bin/ceph: stderr
2024-04-21T08:35:31.770+0000 7f6d55197700 1 -- 172.21.15.57:0/2139147707 >> [v2:172.21.15.57:3300/0,v1:172.21.15.57:6789/0] conn(0x7f6d50106c40 msgr2=0x7f6d50107060 secure :-1 s=STATE_CONNECTION_ESTABLISHED l=1).mark_down
2024-04-21T08:35:33.423 INFO:teuthology.orchestra.run.smithi057.stdout:/usr/bin/ceph: stderr
2024-04-21T08:35:31.770+0000 7f6d55197700 1 --2- 172.21.15.57:0/2139147707 >> [v2:172.21.15.57:3300/0,v1:172.21.15.57:6789/0] conn(0x7f6d50106c40 0x7f6d50107060 secure :-1 s=READY pgs=49 cs=0 l=1 rev1=1 crypto rx=0x7f6d48009e80 tx=0x7f6d4800b330 comp rx=0 tx=0).stop
2024-04-21T08:35:33.423 INFO:teuthology.orchestra.run.smithi057.stdout:/usr/bin/ceph: stderr
2024-04-21T08:35:31.770+0000 7f6d55197700 1 -- 172.21.15.57:0/2139147707 shutdown_connections
2024-04-21T08:35:33.424 INFO:teuthology.orchestra.run.smithi057.stdout:/usr/bin/ceph: stderr
2024-04-21T08:35:31.770+0000 7f6d55197700 1 --2- 172.21.15.57:0/2139147707 >> [v2:172.21.15.57:3300/0,v1:172.21.15.57:6789/0] conn(0x7f6d50106c40 0x7f6d50107060 unknown :-1 s=CLOSED pgs=49 cs=0 l=1 rev1=1 crypto rx=0 tx=0 comp rx=0 tx=0).stop
2024-04-21T08:35:33.424 INFO:teuthology.orchestra.run.smithi057.stdout:/usr/bin/ceph: stderr
2024-04-21T08:35:31.770+0000 7f6d55197700 1 -- 172.21.15.57:0/2139147707 >> 172.21.15.57:0/2139147707 conn(0x7f6d50102820 msgr2=0x7f6d50104c40 unknown :-1 s=STATE_NONE l=0).mark_down
2024-04-21T08:35:33.424 INFO:teuthology.orchestra.run.smithi057.stdout:/usr/bin/ceph: stderr
2024-04-21T08:35:31.770+0000 7f6d55197700 1 -- 172.21.15.57:0/2139147707 shutdown_connections
2024-04-21T08:35:33.424 INFO:teuthology.orchestra.run.smithi057.stdout:/usr/bin/ceph: stderr
2024-04-21T08:35:31.770+0000 7f6d55197700 1 -- 172.21.15.57:0/2139147707 wait complete.
2024-04-21T08:35:33.424 INFO:teuthology.orchestra.run.smithi057.stdout:/usr/bin/ceph: stderr
2024-04-21T08:35:31.771+0000 7f6d55197700 1 Processor -- start
2024-04-21T08:35:33.424 INFO:teuthology.orchestra.run.smithi057.stdout:/usr/bin/ceph: stderr
2024-04-21T08:35:31.771+0000 7f6d55197700 1 -- start start
2024-04-21T08:35:33.424 INFO:teuthology.orchestra.run.smithi057.stdout:/usr/bin/ceph: stderr
2024-04-21T08:35:31.771+0000 7f6d55197700 1 --2- >> [v2:172.21.15.57:3300/0,v1:172.21.15.57:6789/0] conn(0x7f6d50106c40 0x7f6d5019e3b0 unknown :-1 s=NONE pgs=0 cs=0 l=1 rev1=0 crypto rx=0 tx=0 comp rx=0 tx=0).connect
2024-04-21T08:35:33.424 INFO:teuthology.orchestra.run.smithi057.stdout:/usr/bin/ceph: stderr
2024-04-21T08:35:31.771+0000 7f6d55197700 1 -- --> [v2:172.21.15.57:3300/0,v1:172.21.15.57:6789/0] -- mon_getmap magic: 0 -- 0x7f6d501085d0 con 0x7f6d50106c40
2024-04-21T08:35:33.424 INFO:teuthology.orchestra.run.smithi057.stdout:/usr/bin/ceph: stderr
2024-04-21T08:35:31.771+0000 7f6d4ed9d700 1 --2- >> [v2:172.21.15.57:3300/0,v1:172.21.15.57:6789/0] conn(0x7f6d50106c40 0x7f6d5019e3b0 unknown :-1 s=BANNER_CONNECTING pgs=0 cs=0 l=1 rev1=0 crypto rx=0 tx=0 comp rx=0 tx=0)._handle_peer_banner_payload supported=3 required=0
2024-04-21T08:35:33.425 INFO:teuthology.orchestra.run.smithi057.stdout:/usr/bin/ceph: stderr
2024-04-21T08:35:31.771+0000 7f6d4ed9d700 1 --2- >> [v2:172.21.15.57:3300/0,v1:172.21.15.57:6789/0] conn(0x7f6d50106c40 0x7f6d5019e3b0 unknown :-1 s=HELLO_CONNECTING pgs=0 cs=0 l=1 rev1=1 crypto rx=0 tx=0 comp rx=0 tx=0).handle_hello peer v2:172.21.15.57:3300/0 says I am v2:172.21.15.57:45028/0 (socket says 172.21.15.57:45028)
2024-04-21T08:35:33.425 INFO:teuthology.orchestra.run.smithi057.stdout:/usr/bin/ceph: stderr
2024-04-21T08:35:31.771+0000 7f6d4ed9d700 1 -- 172.21.15.57:0/3944647439 learned_addr learned my addr 172.21.15.57:0/3944647439 (peer_addr_for_me v2:172.21.15.57:0/0)
2024-04-21T08:35:33.425 INFO:teuthology.orchestra.run.smithi057.stdout:/usr/bin/ceph: stderr
2024-04-21T08:35:31.771+0000 7f6d4ed9d700 1 -- 172.21.15.57:0/3944647439 --> [v2:172.21.15.57:3300/0,v1:172.21.15.57:6789/0] -- mon_subscribe({config=0+,monmap=0+}) -- 0x7f6d5019e8f0 con 0x7f6d50106c40
2024-04-21T08:35:33.425 INFO:teuthology.orchestra.run.smithi057.stdout:/usr/bin/ceph: stderr
2024-04-21T08:35:31.772+0000 7f6d4ed9d700 1 --2- 172.21.15.57:0/3944647439 >> [v2:172.21.15.57:3300/0,v1:172.21.15.57:6789/0] conn(0x7f6d50106c40 0x7f6d5019e3b0 secure :-1 s=READY pgs=50 cs=0 l=1 rev1=1 crypto rx=0x7f6d4800b7b0 tx=0x7f6d4800be20 comp rx=0 tx=0).ready entity=mon.0 client_cookie=0 server_cookie=0 in_seq=0 out_seq=0
2024-04-21T08:35:33.425 INFO:teuthology.orchestra.run.smithi057.stdout:/usr/bin/ceph: stderr
2024-04-21T08:35:31.772+0000 7f6d47fff700 1 -- 172.21.15.57:0/3944647439 <== mon.0 v2:172.21.15.57:3300/0 1 ==== mon_map magic: 0 ==== 205+0+0 (secure 0 0 0) 0x7f6d48020020 con 0x7f6d50106c40
2024-04-21T08:35:33.425 INFO:teuthology.orchestra.run.smithi057.stdout:/usr/bin/ceph: stderr
2024-04-21T08:35:31.772+0000 7f6d55197700 1 -- 172.21.15.57:0/3944647439 --> [v2:172.21.15.57:3300/0,v1:172.21.15.57:6789/0] -- mon_subscribe({mgrmap=0+}) -- 0x7f6d5019eb80 con 0x7f6d50106c40
2024-04-21T08:35:33.425 INFO:teuthology.orchestra.run.smithi057.stdout:/usr/bin/ceph: stderr
2024-04-21T08:35:31.772+0000 7f6d47fff700 1 -- 172.21.15.57:0/3944647439 <== mon.0 v2:172.21.15.57:3300/0 2 ==== config(26 keys) ==== 1070+0+0 (secure 0 0 0) 0x7f6d48012430 con 0x7f6d50106c40
2024-04-21T08:35:33.425 INFO:teuthology.orchestra.run.smithi057.stdout:/usr/bin/ceph: stderr
2024-04-21T08:35:31.772+0000 7f6d47fff700 1 -- 172.21.15.57:0/3944647439 <== mon.0 v2:172.21.15.57:3300/0 3 ==== mon_map magic: 0 ==== 205+0+0 (secure 0 0 0) 0x7f6d48017040 con 0x7f6d50106c40
2024-04-21T08:35:33.425 INFO:teuthology.orchestra.run.smithi057.stdout:/usr/bin/ceph: stderr
2024-04-21T08:35:31.772+0000 7f6d55197700 1 -- 172.21.15.57:0/3944647439 --> [v2:172.21.15.57:3300/0,v1:172.21.15.57:6789/0] -- mon_subscribe({osdmap=0}) -- 0x7f6d501a1870 con 0x7f6d50106c40
2024-04-21T08:35:33.425 INFO:teuthology.orchestra.run.smithi057.stdout:/usr/bin/ceph: stderr
2024-04-21T08:35:31.773+0000 7f6d47fff700 1 -- 172.21.15.57:0/3944647439 <== mon.0 v2:172.21.15.57:3300/0 4 ==== mgrmap(e 8) ==== 46558+0+0 (secure 0 0 0) 0x7f6d48023020 con 0x7f6d50106c40
2024-04-21T08:35:33.425 INFO:teuthology.orchestra.run.smithi057.stdout:/usr/bin/ceph: stderr
2024-04-21T08:35:31.773+0000 7f6d55197700 1 -- 172.21.15.57:0/3944647439 --> [v2:172.21.15.57:3300/0,v1:172.21.15.57:6789/0] -- mon_command({"prefix": "get_command_descriptions"} v 0) -- 0x7f6d500640a0 con 0x7f6d50106c40
2024-04-21T08:35:33.425 INFO:teuthology.orchestra.run.smithi057.stdout:/usr/bin/ceph: stderr
2024-04-21T08:35:31.773+0000 7f6d47fff700 1 --2- 172.21.15.57:0/3944647439 >> [v2:172.21.15.57:6800/2928520021,v1:172.21.15.57:6801/2928520021] conn(0x7f6d3c039620 0x7f6d3c03bae0 unknown :-1 s=NONE pgs=0 cs=0 l=1 rev1=0 crypto rx=0 tx=0 comp rx=0 tx=0).connect
2024-04-21T08:35:33.425 INFO:teuthology.orchestra.run.smithi057.stdout:/usr/bin/ceph: stderr
2024-04-21T08:35:31.773+0000 7f6d47fff700 1 -- 172.21.15.57:0/3944647439 <== mon.0 v2:172.21.15.57:3300/0 5 ==== osd_map(2..2 src has 1..2) ==== 940+0+0 (secure 0 0 0) 0x7f6d4800f050 con 0x7f6d50106c40
2024-04-21T08:35:33.426 INFO:teuthology.orchestra.run.smithi057.stdout:/usr/bin/ceph: stderr
2024-04-21T08:35:31.773+0000 7f6d4e59c700 1 --2- 172.21.15.57:0/3944647439 >> [v2:172.21.15.57:6800/2928520021,v1:172.21.15.57:6801/2928520021] conn(0x7f6d3c039620 0x7f6d3c03bae0 unknown :-1 s=BANNER_CONNECTING pgs=0 cs=0 l=1 rev1=0 crypto rx=0 tx=0 comp rx=0 tx=0)._handle_peer_banner_payload supported=3 required=0
2024-04-21T08:35:33.426 INFO:teuthology.orchestra.run.smithi057.stdout:/usr/bin/ceph: stderr
2024-04-21T08:35:31.773+0000 7f6d4e59c700 1 --2- 172.21.15.57:0/3944647439 >> [v2:172.21.15.57:6800/2928520021,v1:172.21.15.57:6801/2928520021] conn(0x7f6d3c039620 0x7f6d3c03bae0 secure :-1 s=READY pgs=13 cs=0 l=1 rev1=1 crypto rx=0x7f6d38006fd0 tx=0x7f6d38006e40 comp rx=0 tx=0).ready entity=mgr.14120 client_cookie=0 server_cookie=0 in_seq=0 out_seq=0
2024-04-21T08:35:33.426 INFO:teuthology.orchestra.run.smithi057.stdout:/usr/bin/ceph: stderr
2024-04-21T08:35:31.778+0000 7f6d47fff700 1 -- 172.21.15.57:0/3944647439 <== mon.0 v2:172.21.15.57:3300/0 6 ==== mon_command_ack([{"prefix": "get_command_descriptions"}]=0 v0) ==== 72+0+188370 (secure 0 0 0) 0x7f6d4802a020 con 0x7f6d50106c40
2024-04-21T08:35:33.426 INFO:teuthology.orchestra.run.smithi057.stdout:/usr/bin/ceph: stderr
2024-04-21T08:35:32.006+0000 7f6d55197700 1 -- 172.21.15.57:0/3944647439 --> [v2:172.21.15.57:6800/2928520021,v1:172.21.15.57:6801/2928520021] -- mgr_command(tid 0: {"prefix": "orch apply", "service_type": "mgr", "unmanaged": true, "target": ["mon-mgr", ""]}) -- 0x7f6d5002e360 con 0x7f6d3c039620
2024-04-21T08:35:33.426 INFO:teuthology.orchestra.run.smithi057.stdout:/usr/bin/ceph: stderr
2024-04-21T08:35:32.011+0000 7f6d47fff700 1 -- 172.21.15.57:0/3944647439 <== mgr.14120 v2:172.21.15.57:6800/2928520021 1 ==== mgr_command_reply(tid 0: 0 ) ==== 8+0+24 (secure 0 0 0) 0x7f6d5002e360 con 0x7f6d3c039620
2024-04-21T08:35:33.426 INFO:teuthology.orchestra.run.smithi057.stdout:/usr/bin/ceph: stderr
2024-04-21T08:35:32.013+0000 7f6d55197700 1 -- 172.21.15.57:0/3944647439 >> [v2:172.21.15.57:6800/2928520021,v1:172.21.15.57:6801/2928520021] conn(0x7f6d3c039620 msgr2=0x7f6d3c03bae0 secure :-1 s=STATE_CONNECTION_ESTABLISHED l=1).mark_down
2024-04-21T08:35:33.426 INFO:teuthology.orchestra.run.smithi057.stdout:/usr/bin/ceph: stderr
2024-04-21T08:35:32.013+0000 7f6d55197700 1 --2- 172.21.15.57:0/3944647439 >> [v2:172.21.15.57:6800/2928520021,v1:172.21.15.57:6801/2928520021] conn(0x7f6d3c039620 0x7f6d3c03bae0 secure :-1 s=READY pgs=13 cs=0 l=1 rev1=1 crypto rx=0x7f6d38006fd0 tx=0x7f6d38006e40 comp rx=0 tx=0).stop
2024-04-21T08:35:33.426 INFO:teuthology.orchestra.run.smithi057.stdout:/usr/bin/ceph: stderr
2024-04-21T08:35:32.013+0000 7f6d55197700 1 -- 172.21.15.57:0/3944647439 >> [v2:172.21.15.57:3300/0,v1:172.21.15.57:6789/0] conn(0x7f6d50106c40 msgr2=0x7f6d5019e3b0 secure :-1 s=STATE_CONNECTION_ESTABLISHED l=1).mark_down
2024-04-21T08:35:33.426 INFO:teuthology.orchestra.run.smithi057.stdout:/usr/bin/ceph: stderr
2024-04-21T08:35:32.013+0000 7f6d55197700 1 --2- 172.21.15.57:0/3944647439 >> [v2:172.21.15.57:3300/0,v1:172.21.15.57:6789/0] conn(0x7f6d50106c40 0x7f6d5019e3b0 secure :-1 s=READY pgs=50 cs=0 l=1 rev1=1 crypto rx=0x7f6d4800b7b0 tx=0x7f6d4800be20 comp rx=0 tx=0).stop
2024-04-21T08:35:33.426 INFO:teuthology.orchestra.run.smithi057.stdout:/usr/bin/ceph: stderr
2024-04-21T08:35:32.013+0000 7f6d55197700 1 -- 172.21.15.57:0/3944647439 shutdown_connections
2024-04-21T08:35:33.426 INFO:teuthology.orchestra.run.smithi057.stdout:/usr/bin/ceph: stderr
2024-04-21T08:35:32.013+0000 7f6d55197700 1 --2- 172.21.15.57:0/3944647439 >> [v2:172.21.15.57:6800/2928520021,v1:172.21.15.57:6801/2928520021] conn(0x7f6d3c039620 0x7f6d3c03bae0 unknown :-1 s=CLOSED pgs=13 cs=0 l=1 rev1=1 crypto rx=0 tx=0 comp rx=0 tx=0).stop
2024-04-21T08:35:33.426 INFO:teuthology.orchestra.run.smithi057.stdout:/usr/bin/ceph: stderr
2024-04-21T08:35:32.013+0000 7f6d55197700 1 --2- 172.21.15.57:0/3944647439 >> [v2:172.21.15.57:3300/0,v1:172.21.15.57:6789/0] conn(0x7f6d50106c40 0x7f6d5019e3b0 unknown :-1 s=CLOSED pgs=50 cs=0 l=1 rev1=1 crypto rx=0 tx=0 comp rx=0 tx=0).stop
2024-04-21T08:35:33.426 INFO:teuthology.orchestra.run.smithi057.stdout:/usr/bin/ceph: stderr
2024-04-21T08:35:32.013+0000 7f6d55197700 1 -- 172.21.15.57:0/3944647439 >> 172.21.15.57:0/3944647439 conn(0x7f6d50102820 msgr2=0x7f6d50194ff0 unknown :-1 s=STATE_NONE l=0).mark_down
2024-04-21T08:35:33.426 INFO:teuthology.orchestra.run.smithi057.stdout:/usr/bin/ceph: stderr
2024-04-21T08:35:32.013+0000 7f6d55197700 1 -- 172.21.15.57:0/3944647439 shutdown_connections
2024-04-21T08:35:33.427 INFO:teuthology.orchestra.run.smithi057.stdout:/usr/bin/ceph: stderr
2024-04-21T08:35:32.013+0000 7f6d55197700 1 -- 172.21.15.57:0/3944647439 wait complete.
2024-04-21T08:35:34.753 INFO:journalctl@ceph.mon.a.smithi057.stdout:Apr 21 08:35:34 smithi057 ceph-mon[27968]: from='mgr.14120 172.21.15.57:0/3977184544' entity='mgr.x'
2024-04-21T08:35:34.754 INFO:journalctl@ceph.mon.a.smithi057.stdout:Apr 21 08:35:34 smithi057 ceph-mon[27968]: from='client.? 172.21.15.57:0/1100507907' entity='client.admin'
2024-04-21T08:35:35.364 INFO:teuthology.orchestra.run.smithi057.stdout:/usr/bin/ceph: stderr
2024-04-21T08:35:33.881+0000 7f7eb6687700 1 Processor -- start
2024-04-21T08:35:35.364 INFO:teuthology.orchestra.run.smithi057.stdout:/usr/bin/ceph: stderr
2024-04-21T08:35:33.881+0000 7f7eb6687700 1 -- start start
2024-04-21T08:35:35.364 INFO:teuthology.orchestra.run.smithi057.stdout:/usr/bin/ceph: stderr
2024-04-21T08:35:33.881+0000 7f7eb6687700 1 --2- >> [v2:172.21.15.57:3300/0,v1:172.21.15.57:6789/0] conn(0x7f7eb0107260 0x7f7eb0107680 unknown :-1 s=NONE pgs=0 cs=0 l=0 rev1=0 crypto rx=0 tx=0 comp rx=0 tx=0).connect
2024-04-21T08:35:35.365 INFO:teuthology.orchestra.run.smithi057.stdout:/usr/bin/ceph: stderr
2024-04-21T08:35:33.881+0000 7f7eb6687700 1 -- --> [v2:172.21.15.57:3300/0,v1:172.21.15.57:6789/0] -- mon_getmap magic: 0 -- 0x7f7eb0107c50 con 0x7f7eb0107260
2024-04-21T08:35:35.365 INFO:teuthology.orchestra.run.smithi057.stdout:/usr/bin/ceph: stderr
2024-04-21T08:35:33.882+0000 7f7eaffff700 1 --2- >> [v2:172.21.15.57:3300/0,v1:172.21.15.57:6789/0] conn(0x7f7eb0107260 0x7f7eb0107680 unknown :-1 s=BANNER_CONNECTING pgs=0 cs=0 l=0 rev1=0 crypto rx=0 tx=0 comp rx=0 tx=0)._handle_peer_banner_payload supported=3 required=0
2024-04-21T08:35:35.365 INFO:teuthology.orchestra.run.smithi057.stdout:/usr/bin/ceph: stderr
2024-04-21T08:35:33.882+0000 7f7eaffff700 1 --2- >> [v2:172.21.15.57:3300/0,v1:172.21.15.57:6789/0] conn(0x7f7eb0107260 0x7f7eb0107680 unknown :-1 s=HELLO_CONNECTING pgs=0 cs=0 l=0 rev1=1 crypto rx=0 tx=0 comp rx=0 tx=0).handle_hello peer v2:172.21.15.57:3300/0 says I am v2:172.21.15.57:51180/0 (socket says 172.21.15.57:51180)
2024-04-21T08:35:35.365 INFO:teuthology.orchestra.run.smithi057.stdout:/usr/bin/ceph: stderr
2024-04-21T08:35:33.882+0000 7f7eaffff700 1 -- 172.21.15.57:0/2237858341 learned_addr learned my addr 172.21.15.57:0/2237858341 (peer_addr_for_me v2:172.21.15.57:0/0)
2024-04-21T08:35:35.365 INFO:teuthology.orchestra.run.smithi057.stdout:/usr/bin/ceph: stderr
2024-04-21T08:35:33.882+0000 7f7eaffff700 1 -- 172.21.15.57:0/2237858341 --> [v2:172.21.15.57:3300/0,v1:172.21.15.57:6789/0] -- mon_subscribe({config=0+,monmap=0+}) -- 0x7f7eb0108460 con 0x7f7eb0107260
2024-04-21T08:35:35.365 INFO:teuthology.orchestra.run.smithi057.stdout:/usr/bin/ceph: stderr
2024-04-21T08:35:33.882+0000 7f7eaffff700 1 --2- 172.21.15.57:0/2237858341 >> [v2:172.21.15.57:3300/0,v1:172.21.15.57:6789/0] conn(0x7f7eb0107260 0x7f7eb0107680 secure :-1 s=READY pgs=51 cs=0 l=1 rev1=1 crypto rx=0x7f7ea000bb40 tx=0x7f7ea000be50 comp rx=0 tx=0).ready entity=mon.0 client_cookie=ce217c6bb85c5d80 server_cookie=0 in_seq=0 out_seq=0
2024-04-21T08:35:35.365 INFO:teuthology.orchestra.run.smithi057.stdout:/usr/bin/ceph: stderr
2024-04-21T08:35:33.882+0000 7f7eaeffd700 1 -- 172.21.15.57:0/2237858341 <== mon.0 v2:172.21.15.57:3300/0 1 ==== mon_map magic: 0 ==== 205+0+0 (secure 0 0 0) 0x7f7ea000dbe0 con 0x7f7eb0107260
2024-04-21T08:35:35.365 INFO:teuthology.orchestra.run.smithi057.stdout:/usr/bin/ceph: stderr
2024-04-21T08:35:33.882+0000 7f7eaeffd700 1 -- 172.21.15.57:0/2237858341 <== mon.0 v2:172.21.15.57:3300/0 2 ==== config(26 keys) ==== 1101+0+0 (secure 0 0 0) 0x7f7ea00044e0 con 0x7f7eb0107260
2024-04-21T08:35:35.365 INFO:teuthology.orchestra.run.smithi057.stdout:/usr/bin/ceph: stderr
2024-04-21T08:35:33.882+0000 7f7eaeffd700 1 -- 172.21.15.57:0/2237858341 <== mon.0 v2:172.21.15.57:3300/0 3 ==== mon_map magic: 0 ==== 205+0+0 (secure 0 0 0) 0x7f7ea0010470 con 0x7f7eb0107260
2024-04-21T08:35:35.365 INFO:teuthology.orchestra.run.smithi057.stdout:/usr/bin/ceph: stderr
2024-04-21T08:35:33.883+0000 7f7eb6687700 1 -- 172.21.15.57:0/2237858341 >> [v2:172.21.15.57:3300/0,v1:172.21.15.57:6789/0] conn(0x7f7eb0107260 msgr2=0x7f7eb0107680 secure :-1 s=STATE_CONNECTION_ESTABLISHED l=1).mark_down
2024-04-21T08:35:35.365 INFO:teuthology.orchestra.run.smithi057.stdout:/usr/bin/ceph: stderr
2024-04-21T08:35:33.883+0000 7f7eb6687700 1 --2- 172.21.15.57:0/2237858341 >> [v2:172.21.15.57:3300/0,v1:172.21.15.57:6789/0] conn(0x7f7eb0107260 0x7f7eb0107680 secure :-1 s=READY pgs=51 cs=0 l=1 rev1=1 crypto rx=0x7f7ea000bb40 tx=0x7f7ea000be50 comp rx=0 tx=0).stop
2024-04-21T08:35:35.365 INFO:teuthology.orchestra.run.smithi057.stdout:/usr/bin/ceph: stderr
2024-04-21T08:35:33.883+0000 7f7eb6687700 1 -- 172.21.15.57:0/2237858341 shutdown_connections
2024-04-21T08:35:35.365 INFO:teuthology.orchestra.run.smithi057.stdout:/usr/bin/ceph: stderr
2024-04-21T08:35:33.883+0000 7f7eb6687700 1 --2- 172.21.15.57:0/2237858341 >> [v2:172.21.15.57:3300/0,v1:172.21.15.57:6789/0] conn(0x7f7eb0107260 0x7f7eb0107680 unknown :-1 s=CLOSED pgs=51 cs=0 l=1 rev1=1 crypto rx=0 tx=0 comp rx=0 tx=0).stop
2024-04-21T08:35:35.365 INFO:teuthology.orchestra.run.smithi057.stdout:/usr/bin/ceph: stderr
2024-04-21T08:35:33.883+0000 7f7eb6687700 1 -- 172.21.15.57:0/2237858341 >> 172.21.15.57:0/2237858341 conn(0x7f7eb0102820 msgr2=0x7f7eb0104c40 unknown :-1 s=STATE_NONE l=0).mark_down
2024-04-21T08:35:35.366 INFO:teuthology.orchestra.run.smithi057.stdout:/usr/bin/ceph: stderr
2024-04-21T08:35:33.883+0000 7f7eb6687700 1 -- 172.21.15.57:0/2237858341 shutdown_connections
2024-04-21T08:35:35.366 INFO:teuthology.orchestra.run.smithi057.stdout:/usr/bin/ceph: stderr
2024-04-21T08:35:33.883+0000 7f7eb6687700 1 -- 172.21.15.57:0/2237858341 wait complete.
2024-04-21T08:35:35.366 INFO:teuthology.orchestra.run.smithi057.stdout:/usr/bin/ceph: stderr
2024-04-21T08:35:33.884+0000 7f7eb6687700 1 Processor -- start
2024-04-21T08:35:35.366 INFO:teuthology.orchestra.run.smithi057.stdout:/usr/bin/ceph: stderr
2024-04-21T08:35:33.884+0000 7f7eb6687700 1 -- start start
2024-04-21T08:35:35.366 INFO:teuthology.orchestra.run.smithi057.stdout:/usr/bin/ceph: stderr
2024-04-21T08:35:33.884+0000 7f7eb6687700 1 --2- >> [v2:172.21.15.57:3300/0,v1:172.21.15.57:6789/0] conn(0x7f7eb0107260 0x7f7eb019e3f0 unknown :-1 s=NONE pgs=0 cs=0 l=1 rev1=0 crypto rx=0 tx=0 comp rx=0 tx=0).connect
2024-04-21T08:35:35.366 INFO:teuthology.orchestra.run.smithi057.stdout:/usr/bin/ceph: stderr
2024-04-21T08:35:33.884+0000 7f7eb6687700 1 -- --> [v2:172.21.15.57:3300/0,v1:172.21.15.57:6789/0] -- mon_getmap magic: 0 -- 0x7f7eb007afc0 con 0x7f7eb0107260
2024-04-21T08:35:35.366 INFO:teuthology.orchestra.run.smithi057.stdout:/usr/bin/ceph: stderr
2024-04-21T08:35:33.884+0000 7f7eaffff700 1 --2- >> [v2:172.21.15.57:3300/0,v1:172.21.15.57:6789/0] conn(0x7f7eb0107260 0x7f7eb019e3f0 unknown :-1 s=BANNER_CONNECTING pgs=0 cs=0 l=1 rev1=0 crypto rx=0 tx=0 comp rx=0 tx=0)._handle_peer_banner_payload supported=3 required=0
2024-04-21T08:35:35.366 INFO:teuthology.orchestra.run.smithi057.stdout:/usr/bin/ceph: stderr
2024-04-21T08:35:33.884+0000 7f7eaffff700 1 --2- >> [v2:172.21.15.57:3300/0,v1:172.21.15.57:6789/0] conn(0x7f7eb0107260 0x7f7eb019e3f0 unknown :-1 s=HELLO_CONNECTING pgs=0 cs=0 l=1 rev1=1 crypto rx=0 tx=0 comp rx=0 tx=0).handle_hello peer v2:172.21.15.57:3300/0 says I am v2:172.21.15.57:51192/0 (socket says 172.21.15.57:51192)
2024-04-21T08:35:35.366 INFO:teuthology.orchestra.run.smithi057.stdout:/usr/bin/ceph: stderr
2024-04-21T08:35:33.884+0000 7f7eaffff700 1 -- 172.21.15.57:0/1100507907 learned_addr learned my addr 172.21.15.57:0/1100507907 (peer_addr_for_me v2:172.21.15.57:0/0)
2024-04-21T08:35:35.366 INFO:teuthology.orchestra.run.smithi057.stdout:/usr/bin/ceph: stderr
2024-04-21T08:35:33.884+0000 7f7eaffff700 1 -- 172.21.15.57:0/1100507907 --> [v2:172.21.15.57:3300/0,v1:172.21.15.57:6789/0] -- mon_subscribe({config=0+,monmap=0+}) -- 0x7f7eb019e930 con 0x7f7eb0107260
2024-04-21T08:35:35.366 INFO:teuthology.orchestra.run.smithi057.stdout:/usr/bin/ceph: stderr
2024-04-21T08:35:33.884+0000 7f7eaffff700 1 --2- 172.21.15.57:0/1100507907 >> [v2:172.21.15.57:3300/0,v1:172.21.15.57:6789/0] conn(0x7f7eb0107260 0x7f7eb019e3f0 secure :-1 s=READY pgs=52 cs=0 l=1 rev1=1 crypto rx=0x7f7ea0003c30 tx=0x7f7ea0003d10 comp rx=0 tx=0).ready entity=mon.0 client_cookie=0 server_cookie=0 in_seq=0 out_seq=0
2024-04-21T08:35:35.366 INFO:teuthology.orchestra.run.smithi057.stdout:/usr/bin/ceph: stderr
2024-04-21T08:35:33.885+0000 7f7ead7fa700 1 -- 172.21.15.57:0/1100507907 <== mon.0 v2:172.21.15.57:3300/0 1 ==== mon_map magic: 0 ==== 205+0+0 (secure 0 0 0) 0x7f7ea0010720 con 0x7f7eb0107260
2024-04-21T08:35:35.366 INFO:teuthology.orchestra.run.smithi057.stdout:/usr/bin/ceph: stderr
2024-04-21T08:35:33.885+0000 7f7ead7fa700 1 -- 172.21.15.57:0/1100507907 <== mon.0 v2:172.21.15.57:3300/0 2 ==== config(26 keys) ==== 1101+0+0 (secure 0 0 0) 0x7f7ea001d070 con 0x7f7eb0107260
2024-04-21T08:35:35.367 INFO:teuthology.orchestra.run.smithi057.stdout:/usr/bin/ceph: stderr
2024-04-21T08:35:33.885+0000 7f7eb6687700 1 -- 172.21.15.57:0/1100507907 --> [v2:172.21.15.57:3300/0,v1:172.21.15.57:6789/0] -- mon_subscribe({mgrmap=0+}) -- 0x7f7eb019ebc0 con 0x7f7eb0107260
2024-04-21T08:35:35.367 INFO:teuthology.orchestra.run.smithi057.stdout:/usr/bin/ceph: stderr
2024-04-21T08:35:33.885+0000 7f7eb6687700 1 -- 172.21.15.57:0/1100507907 --> [v2:172.21.15.57:3300/0,v1:172.21.15.57:6789/0] -- mon_subscribe({osdmap=0}) -- 0x7f7eb01a18b0 con 0x7f7eb0107260
2024-04-21T08:35:35.367 INFO:teuthology.orchestra.run.smithi057.stdout:/usr/bin/ceph: stderr
2024-04-21T08:35:33.885+0000 7f7ead7fa700 1 -- 172.21.15.57:0/1100507907 <== mon.0 v2:172.21.15.57:3300/0 3 ==== mon_map magic: 0 ==== 205+0+0 (secure 0 0 0) 0x7f7ea0021aa0 con 0x7f7eb0107260
2024-04-21T08:35:35.367 INFO:teuthology.orchestra.run.smithi057.stdout:/usr/bin/ceph: stderr
2024-04-21T08:35:33.886+0000 7f7ead7fa700 1 -- 172.21.15.57:0/1100507907 <== mon.0 v2:172.21.15.57:3300/0 4 ==== mgrmap(e 8) ==== 46558+0+0 (secure 0 0 0) 0x7f7ea001f030 con 0x7f7eb0107260
2024-04-21T08:35:35.367 INFO:teuthology.orchestra.run.smithi057.stdout:/usr/bin/ceph: stderr
2024-04-21T08:35:33.886+0000 7f7eb6687700 1 -- 172.21.15.57:0/1100507907 --> [v2:172.21.15.57:3300/0,v1:172.21.15.57:6789/0] -- mon_command({"prefix": "get_command_descriptions"} v 0) -- 0x7f7e90005360 con 0x7f7eb0107260
2024-04-21T08:35:35.367 INFO:teuthology.orchestra.run.smithi057.stdout:/usr/bin/ceph: stderr
2024-04-21T08:35:33.886+0000 7f7ead7fa700 1 --2- 172.21.15.57:0/1100507907 >> [v2:172.21.15.57:6800/2928520021,v1:172.21.15.57:6801/2928520021] conn(0x7f7e9c039670 0x7f7e9c03bb30 unknown :-1 s=NONE pgs=0 cs=0 l=1 rev1=0 crypto rx=0 tx=0 comp rx=0 tx=0).connect
2024-04-21T08:35:35.367 INFO:teuthology.orchestra.run.smithi057.stdout:/usr/bin/ceph: stderr
2024-04-21T08:35:33.886+0000 7f7ead7fa700 1 -- 172.21.15.57:0/1100507907 <== mon.0 v2:172.21.15.57:3300/0 5 ==== osd_map(2..2 src has 1..2) ==== 940+0+0 (secure 0 0 0) 0x7f7ea004e3e0 con 0x7f7eb0107260
2024-04-21T08:35:35.367 INFO:teuthology.orchestra.run.smithi057.stdout:/usr/bin/ceph: stderr
2024-04-21T08:35:33.886+0000 7f7eaf7fe700 1 --2- 172.21.15.57:0/1100507907 >> [v2:172.21.15.57:6800/2928520021,v1:172.21.15.57:6801/2928520021] conn(0x7f7e9c039670 0x7f7e9c03bb30 unknown :-1 s=BANNER_CONNECTING pgs=0 cs=0 l=1 rev1=0 crypto rx=0 tx=0 comp rx=0 tx=0)._handle_peer_banner_payload supported=3 required=0
2024-04-21T08:35:35.367 INFO:teuthology.orchestra.run.smithi057.stdout:/usr/bin/ceph: stderr
2024-04-21T08:35:33.887+0000 7f7eaf7fe700 1 --2- 172.21.15.57:0/1100507907 >> [v2:172.21.15.57:6800/2928520021,v1:172.21.15.57:6801/2928520021] conn(0x7f7e9c039670 0x7f7e9c03bb30 secure :-1 s=READY pgs=14 cs=0 l=1 rev1=1 crypto rx=0x7f7e98006fd0 tx=0x7f7e98006e40 comp rx=0 tx=0).ready entity=mgr.14120 client_cookie=0 server_cookie=0 in_seq=0 out_seq=0
2024-04-21T08:35:35.367 INFO:teuthology.orchestra.run.smithi057.stdout:/usr/bin/ceph: stderr
2024-04-21T08:35:33.891+0000 7f7ead7fa700 1 -- 172.21.15.57:0/1100507907 <== mon.0 v2:172.21.15.57:3300/0 6 ==== mon_command_ack([{"prefix": "get_command_descriptions"}]=0 v0) ==== 72+0+188370 (secure 0 0 0) 0x7f7ea0015070 con 0x7f7eb0107260
2024-04-21T08:35:35.367 INFO:teuthology.orchestra.run.smithi057.stdout:/usr/bin/ceph: stderr
2024-04-21T08:35:34.109+0000 7f7eb6687700 1 -- 172.21.15.57:0/1100507907 --> [v2:172.21.15.57:3300/0,v1:172.21.15.57:6789/0] -- mon_command([{prefix=config set, name=mgr/cephadm/container_init}] v 0) -- 0x7f7e90005650 con 0x7f7eb0107260
2024-04-21T08:35:35.367 INFO:teuthology.orchestra.run.smithi057.stdout:/usr/bin/ceph: stderr
2024-04-21T08:35:34.111+0000 7f7ead7fa700 1 -- 172.21.15.57:0/1100507907 <== mon.0 v2:172.21.15.57:3300/0 7 ==== mon_command_ack([{prefix=config set, name=mgr/cephadm/container_init}]=0 v7)=0 v7) ==== 142+0+0 (secure 0 0 0) 0x7f7ea0021d40 con 0x7f7eb0107260
2024-04-21T08:35:35.367 INFO:teuthology.orchestra.run.smithi057.stdout:/usr/bin/ceph: stderr
2024-04-21T08:35:34.114+0000 7f7eb6687700 1 -- 172.21.15.57:0/1100507907 >> [v2:172.21.15.57:6800/2928520021,v1:172.21.15.57:6801/2928520021] conn(0x7f7e9c039670 msgr2=0x7f7e9c03bb30 secure :-1 s=STATE_CONNECTION_ESTABLISHED l=1).mark_down
2024-04-21T08:35:35.367 INFO:teuthology.orchestra.run.smithi057.stdout:/usr/bin/ceph: stderr
2024-04-21T08:35:34.114+0000 7f7eb6687700 1 --2- 172.21.15.57:0/1100507907 >> [v2:172.21.15.57:6800/2928520021,v1:172.21.15.57:6801/2928520021] conn(0x7f7e9c039670 0x7f7e9c03bb30 secure :-1 s=READY pgs=14 cs=0 l=1 rev1=1 crypto rx=0x7f7e98006fd0 tx=0x7f7e98006e40 comp rx=0 tx=0).stop
2024-04-21T08:35:35.368 INFO:teuthology.orchestra.run.smithi057.stdout:/usr/bin/ceph: stderr
2024-04-21T08:35:34.114+0000 7f7eb6687700 1 -- 172.21.15.57:0/1100507907 >> [v2:172.21.15.57:3300/0,v1:172.21.15.57:6789/0] conn(0x7f7eb0107260 msgr2=0x7f7eb019e3f0 secure :-1 s=STATE_CONNECTION_ESTABLISHED l=1).mark_down
2024-04-21T08:35:35.368 INFO:teuthology.orchestra.run.smithi057.stdout:/usr/bin/ceph: stderr
2024-04-21T08:35:34.114+0000 7f7eb6687700 1 --2- 172.21.15.57:0/1100507907 >> [v2:172.21.15.57:3300/0,v1:172.21.15.57:6789/0] conn(0x7f7eb0107260 0x7f7eb019e3f0 secure :-1 s=READY pgs=52 cs=0 l=1 rev1=1 crypto rx=0x7f7ea0003c30 tx=0x7f7ea0003d10 comp rx=0 tx=0).stop
2024-04-21T08:35:35.368 INFO:teuthology.orchestra.run.smithi057.stdout:/usr/bin/ceph: stderr
2024-04-21T08:35:34.114+0000 7f7eb6687700 1 -- 172.21.15.57:0/1100507907 shutdown_connections
2024-04-21T08:35:35.368 INFO:teuthology.orchestra.run.smithi057.stdout:/usr/bin/ceph: stderr
2024-04-21T08:35:34.114+0000 7f7eb6687700 1 --2- 172.21.15.57:0/1100507907 >> [v2:172.21.15.57:6800/2928520021,v1:172.21.15.57:6801/2928520021] conn(0x7f7e9c039670 0x7f7e9c03bb30 unknown :-1 s=CLOSED pgs=14 cs=0 l=1 rev1=1 crypto rx=0 tx=0 comp rx=0 tx=0).stop
2024-04-21T08:35:35.368 INFO:teuthology.orchestra.run.smithi057.stdout:/usr/bin/ceph: stderr
2024-04-21T08:35:34.114+0000 7f7eb6687700 1 --2- 172.21.15.57:0/1100507907 >> [v2:172.21.15.57:3300/0,v1:172.21.15.57:6789/0] conn(0x7f7eb0107260 0x7f7eb019e3f0 unknown :-1 s=CLOSED pgs=52 cs=0 l=1 rev1=1 crypto rx=0 tx=0 comp rx=0 tx=0).stop
2024-04-21T08:35:35.368 INFO:teuthology.orchestra.run.smithi057.stdout:/usr/bin/ceph: stderr
2024-04-21T08:35:34.114+0000 7f7eb6687700 1 -- 172.21.15.57:0/1100507907 >> 172.21.15.57:0/1100507907 conn(0x7f7eb0102820 msgr2=0x7f7eb0190620 unknown :-1 s=STATE_NONE l=0).mark_down
2024-04-21T08:35:35.368 INFO:teuthology.orchestra.run.smithi057.stdout:/usr/bin/ceph: stderr
2024-04-21T08:35:34.114+0000 7f7eb6687700 1 -- 172.21.15.57:0/1100507907 shutdown_connections
2024-04-21T08:35:35.368 INFO:teuthology.orchestra.run.smithi057.stdout:/usr/bin/ceph: stderr
2024-04-21T08:35:34.114+0000 7f7eb6687700 1 -- 172.21.15.57:0/1100507907 wait complete.
2024-04-21T08:35:36.312 INFO:journalctl@ceph.mon.a.smithi057.stdout:Apr 21 08:35:36 smithi057 ceph-mon[27968]: from='mgr.14120 172.21.15.57:0/3977184544' entity='mgr.x'
2024-04-21T08:35:36.312 INFO:journalctl@ceph.mon.a.smithi057.stdout:Apr 21 08:35:36 smithi057 ceph-mon[27968]: from='client.? 172.21.15.57:0/483289524' entity='client.admin'
2024-04-21T08:35:36.575 INFO:teuthology.orchestra.run.smithi057.stdout:/usr/bin/ceph: stderr
2024-04-21T08:35:35.786+0000 7fd69bc55700 1 Processor -- start
2024-04-21T08:35:36.575 INFO:teuthology.orchestra.run.smithi057.stdout:/usr/bin/ceph: stderr
2024-04-21T08:35:35.787+0000 7fd69bc55700 1 -- start start
2024-04-21T08:35:36.575 INFO:teuthology.orchestra.run.smithi057.stdout:/usr/bin/ceph: stderr
2024-04-21T08:35:35.787+0000 7fd69bc55700 1 --2- >> [v2:172.21.15.57:3300/0,v1:172.21.15.57:6789/0] conn(0x7fd694108e00 0x7fd69410b1f0 unknown :-1 s=NONE pgs=0 cs=0 l=0 rev1=0 crypto rx=0 tx=0 comp rx=0 tx=0).connect
2024-04-21T08:35:36.575 INFO:teuthology.orchestra.run.smithi057.stdout:/usr/bin/ceph: stderr
2024-04-21T08:35:35.787+0000 7fd69bc55700 1 -- --> [v2:172.21.15.57:3300/0,v1:172.21.15.57:6789/0] -- mon_getmap magic: 0 -- 0x7fd69407be60 con 0x7fd694108e00
2024-04-21T08:35:36.575 INFO:teuthology.orchestra.run.smithi057.stdout:/usr/bin/ceph: stderr
2024-04-21T08:35:35.787+0000 7fd6999f1700 1 --2- >> [v2:172.21.15.57:3300/0,v1:172.21.15.57:6789/0] conn(0x7fd694108e00 0x7fd69410b1f0 unknown :-1 s=BANNER_CONNECTING pgs=0 cs=0 l=0 rev1=0 crypto rx=0 tx=0 comp rx=0 tx=0)._handle_peer_banner_payload supported=3 required=0
2024-04-21T08:35:36.575 INFO:teuthology.orchestra.run.smithi057.stdout:/usr/bin/ceph: stderr
2024-04-21T08:35:35.787+0000 7fd6999f1700 1 --2- >> [v2:172.21.15.57:3300/0,v1:172.21.15.57:6789/0] conn(0x7fd694108e00 0x7fd69410b1f0 unknown :-1 s=HELLO_CONNECTING pgs=0 cs=0 l=0 rev1=1 crypto rx=0 tx=0 comp rx=0 tx=0).handle_hello peer v2:172.21.15.57:3300/0 says I am v2:172.21.15.57:51198/0 (socket says 172.21.15.57:51198)
2024-04-21T08:35:36.575 INFO:teuthology.orchestra.run.smithi057.stdout:/usr/bin/ceph: stderr
2024-04-21T08:35:35.787+0000 7fd6999f1700 1 -- 172.21.15.57:0/1259747127 learned_addr learned my addr 172.21.15.57:0/1259747127 (peer_addr_for_me v2:172.21.15.57:0/0)
2024-04-21T08:35:36.575 INFO:teuthology.orchestra.run.smithi057.stdout:/usr/bin/ceph: stderr
2024-04-21T08:35:35.787+0000 7fd6999f1700 1 -- 172.21.15.57:0/1259747127 --> [v2:172.21.15.57:3300/0,v1:172.21.15.57:6789/0] -- mon_subscribe({config=0+,monmap=0+}) -- 0x7fd69410b730 con 0x7fd694108e00
2024-04-21T08:35:36.576 INFO:teuthology.orchestra.run.smithi057.stdout:/usr/bin/ceph: stderr
2024-04-21T08:35:35.788+0000 7fd6999f1700 1 --2- 172.21.15.57:0/1259747127 >> [v2:172.21.15.57:3300/0,v1:172.21.15.57:6789/0] conn(0x7fd694108e00 0x7fd69410b1f0 secure :-1 s=READY pgs=53 cs=0 l=1 rev1=1 crypto rx=0x7fd6900098a0 tx=0x7fd690009bb0 comp rx=0 tx=0).ready entity=mon.0 client_cookie=980a57bb3de4b633 server_cookie=0 in_seq=0 out_seq=0
2024-04-21T08:35:36.576 INFO:teuthology.orchestra.run.smithi057.stdout:/usr/bin/ceph: stderr
2024-04-21T08:35:35.788+0000 7fd6989ef700 1 -- 172.21.15.57:0/1259747127 <== mon.0 v2:172.21.15.57:3300/0 1 ==== mon_map magic: 0 ==== 205+0+0 (secure 0 0 0) 0x7fd690004160 con 0x7fd694108e00
2024-04-21T08:35:36.576 INFO:teuthology.orchestra.run.smithi057.stdout:/usr/bin/ceph: stderr
2024-04-21T08:35:35.788+0000 7fd6989ef700 1 -- 172.21.15.57:0/1259747127 <== mon.0 v2:172.21.15.57:3300/0 2 ==== config(26 keys) ==== 1101+0+0 (secure 0 0 0) 0x7fd690004300 con 0x7fd694108e00
2024-04-21T08:35:36.576 INFO:teuthology.orchestra.run.smithi057.stdout:/usr/bin/ceph: stderr
2024-04-21T08:35:35.788+0000 7fd6989ef700 1 -- 172.21.15.57:0/1259747127 <== mon.0 v2:172.21.15.57:3300/0 3 ==== mon_map magic: 0 ==== 205+0+0 (secure 0 0 0) 0x7fd690011a20 con 0x7fd694108e00
2024-04-21T08:35:36.576 INFO:teuthology.orchestra.run.smithi057.stdout:/usr/bin/ceph: stderr
2024-04-21T08:35:35.788+0000 7fd69bc55700 1 -- 172.21.15.57:0/1259747127 >> [v2:172.21.15.57:3300/0,v1:172.21.15.57:6789/0] conn(0x7fd694108e00 msgr2=0x7fd69410b1f0 secure :-1 s=STATE_CONNECTION_ESTABLISHED l=1).mark_down
2024-04-21T08:35:36.576 INFO:teuthology.orchestra.run.smithi057.stdout:/usr/bin/ceph: stderr
2024-04-21T08:35:35.789+0000 7fd69bc55700 1 --2- 172.21.15.57:0/1259747127 >> [v2:172.21.15.57:3300/0,v1:172.21.15.57:6789/0] conn(0x7fd694108e00 0x7fd69410b1f0 secure :-1 s=READY pgs=53 cs=0 l=1 rev1=1 crypto rx=0x7fd6900098a0 tx=0x7fd690009bb0 comp rx=0 tx=0).stop
2024-04-21T08:35:36.576 INFO:teuthology.orchestra.run.smithi057.stdout:/usr/bin/ceph: stderr
2024-04-21T08:35:35.789+0000 7fd69bc55700 1 -- 172.21.15.57:0/1259747127 shutdown_connections
2024-04-21T08:35:36.576 INFO:teuthology.orchestra.run.smithi057.stdout:/usr/bin/ceph: stderr
2024-04-21T08:35:35.789+0000 7fd69bc55700 1 --2- 172.21.15.57:0/1259747127 >> [v2:172.21.15.57:3300/0,v1:172.21.15.57:6789/0] conn(0x7fd694108e00 0x7fd69410b1f0 unknown :-1 s=CLOSED pgs=53 cs=0 l=1 rev1=1 crypto rx=0 tx=0 comp rx=0 tx=0).stop
2024-04-21T08:35:36.576 INFO:teuthology.orchestra.run.smithi057.stdout:/usr/bin/ceph: stderr
2024-04-21T08:35:35.789+0000 7fd69bc55700 1 -- 172.21.15.57:0/1259747127 >> 172.21.15.57:0/1259747127 conn(0x7fd694102890 msgr2=0x7fd694104cb0 unknown :-1 s=STATE_NONE l=0).mark_down
2024-04-21T08:35:36.576 INFO:teuthology.orchestra.run.smithi057.stdout:/usr/bin/ceph: stderr
2024-04-21T08:35:35.789+0000 7fd69bc55700 1 -- 172.21.15.57:0/1259747127 shutdown_connections
2024-04-21T08:35:36.576 INFO:teuthology.orchestra.run.smithi057.stdout:/usr/bin/ceph: stderr
2024-04-21T08:35:35.789+0000 7fd69bc55700 1 -- 172.21.15.57:0/1259747127 wait complete.
2024-04-21T08:35:36.576 INFO:teuthology.orchestra.run.smithi057.stdout:/usr/bin/ceph: stderr
2024-04-21T08:35:35.789+0000 7fd69bc55700 1 Processor -- start
2024-04-21T08:35:36.576 INFO:teuthology.orchestra.run.smithi057.stdout:/usr/bin/ceph: stderr
2024-04-21T08:35:35.789+0000 7fd69bc55700 1 -- start start
2024-04-21T08:35:36.576 INFO:teuthology.orchestra.run.smithi057.stdout:/usr/bin/ceph: stderr
2024-04-21T08:35:35.789+0000 7fd69bc55700 1 --2- >> [v2:172.21.15.57:3300/0,v1:172.21.15.57:6789/0] conn(0x7fd694108e00 0x7fd69419c140 unknown :-1 s=NONE pgs=0 cs=0 l=1 rev1=0 crypto rx=0 tx=0 comp rx=0 tx=0).connect
2024-04-21T08:35:36.577 INFO:teuthology.orchestra.run.smithi057.stdout:/usr/bin/ceph: stderr
2024-04-21T08:35:35.789+0000 7fd69bc55700 1 -- --> [v2:172.21.15.57:3300/0,v1:172.21.15.57:6789/0] -- mon_getmap magic: 0 -- 0x7fd69410c730 con 0x7fd694108e00
2024-04-21T08:35:36.577 INFO:teuthology.orchestra.run.smithi057.stdout:/usr/bin/ceph: stderr
2024-04-21T08:35:35.790+0000 7fd6999f1700 1 --2- >> [v2:172.21.15.57:3300/0,v1:172.21.15.57:6789/0] conn(0x7fd694108e00 0x7fd69419c140 unknown :-1 s=BANNER_CONNECTING pgs=0 cs=0 l=1 rev1=0 crypto rx=0 tx=0 comp rx=0 tx=0)._handle_peer_banner_payload supported=3 required=0
2024-04-21T08:35:36.577 INFO:teuthology.orchestra.run.smithi057.stdout:/usr/bin/ceph: stderr
2024-04-21T08:35:35.790+0000 7fd6999f1700 1 --2- >> [v2:172.21.15.57:3300/0,v1:172.21.15.57:6789/0] conn(0x7fd694108e00 0x7fd69419c140 unknown :-1 s=HELLO_CONNECTING pgs=0 cs=0 l=1 rev1=1 crypto rx=0 tx=0 comp rx=0 tx=0).handle_hello peer v2:172.21.15.57:3300/0 says I am v2:172.21.15.57:51202/0 (socket says 172.21.15.57:51202)
2024-04-21T08:35:36.577 INFO:teuthology.orchestra.run.smithi057.stdout:/usr/bin/ceph: stderr
2024-04-21T08:35:35.790+0000 7fd6999f1700 1 -- 172.21.15.57:0/483289524 learned_addr learned my addr 172.21.15.57:0/483289524 (peer_addr_for_me v2:172.21.15.57:0/0)
2024-04-21T08:35:36.577 INFO:teuthology.orchestra.run.smithi057.stdout:/usr/bin/ceph: stderr
2024-04-21T08:35:35.790+0000 7fd6999f1700 1 -- 172.21.15.57:0/483289524 --> [v2:172.21.15.57:3300/0,v1:172.21.15.57:6789/0] -- mon_subscribe({config=0+,monmap=0+}) -- 0x7fd69419c680 con 0x7fd694108e00
2024-04-21T08:35:36.577 INFO:teuthology.orchestra.run.smithi057.stdout:/usr/bin/ceph: stderr
2024-04-21T08:35:35.790+0000 7fd6999f1700 1 --2- 172.21.15.57:0/483289524 >> [v2:172.21.15.57:3300/0,v1:172.21.15.57:6789/0] conn(0x7fd694108e00 0x7fd69419c140 secure :-1 s=READY pgs=54 cs=0 l=1 rev1=1 crypto rx=0x7fd690000c00 tx=0x7fd690011aa0 comp rx=0 tx=0).ready entity=mon.0 client_cookie=0 server_cookie=0 in_seq=0 out_seq=0
2024-04-21T08:35:36.577 INFO:teuthology.orchestra.run.smithi057.stdout:/usr/bin/ceph: stderr
2024-04-21T08:35:35.790+0000 7fd68affd700 1 -- 172.21.15.57:0/483289524 <== mon.0 v2:172.21.15.57:3300/0 1 ==== mon_map magic: 0 ==== 205+0+0 (secure 0 0 0) 0x7fd690003aa0 con 0x7fd694108e00
2024-04-21T08:35:36.577 INFO:teuthology.orchestra.run.smithi057.stdout:/usr/bin/ceph: stderr
2024-04-21T08:35:35.790+0000 7fd69bc55700 1 -- 172.21.15.57:0/483289524 --> [v2:172.21.15.57:3300/0,v1:172.21.15.57:6789/0] -- mon_subscribe({mgrmap=0+}) -- 0x7fd69419c910 con 0x7fd694108e00
2024-04-21T08:35:36.577 INFO:teuthology.orchestra.run.smithi057.stdout:/usr/bin/ceph: stderr
2024-04-21T08:35:35.790+0000 7fd68affd700 1 -- 172.21.15.57:0/483289524 <== mon.0 v2:172.21.15.57:3300/0 2 ==== config(26 keys) ==== 1101+0+0 (secure 0 0 0) 0x7fd69001b8f0 con 0x7fd694108e00
2024-04-21T08:35:36.577 INFO:teuthology.orchestra.run.smithi057.stdout:/usr/bin/ceph: stderr
2024-04-21T08:35:35.790+0000 7fd68affd700 1 -- 172.21.15.57:0/483289524 <== mon.0 v2:172.21.15.57:3300/0 3 ==== mon_map magic: 0 ==== 205+0+0 (secure 0 0 0) 0x7fd690023870 con 0x7fd694108e00
2024-04-21T08:35:36.577 INFO:teuthology.orchestra.run.smithi057.stdout:/usr/bin/ceph: stderr
2024-04-21T08:35:35.790+0000 7fd69bc55700 1 -- 172.21.15.57:0/483289524 --> [v2:172.21.15.57:3300/0,v1:172.21.15.57:6789/0] -- mon_subscribe({osdmap=0}) -- 0x7fd69419f600 con 0x7fd694108e00
2024-04-21T08:35:36.577 INFO:teuthology.orchestra.run.smithi057.stdout:/usr/bin/ceph: stderr
2024-04-21T08:35:35.791+0000 7fd68affd700 1 -- 172.21.15.57:0/483289524 <== mon.0 v2:172.21.15.57:3300/0 4 ==== mgrmap(e 8) ==== 46558+0+0 (secure 0 0 0) 0x7fd690023b70 con 0x7fd694108e00
2024-04-21T08:35:36.577 INFO:teuthology.orchestra.run.smithi057.stdout:/usr/bin/ceph: stderr
2024-04-21T08:35:35.791+0000 7fd69bc55700 1 -- 172.21.15.57:0/483289524 --> [v2:172.21.15.57:3300/0,v1:172.21.15.57:6789/0] -- mon_command({"prefix": "get_command_descriptions"} v 0) -- 0x7fd6940640a0 con 0x7fd694108e00
2024-04-21T08:35:36.577 INFO:teuthology.orchestra.run.smithi057.stdout:/usr/bin/ceph: stderr
2024-04-21T08:35:35.791+0000 7fd68affd700 1 --2- 172.21.15.57:0/483289524 >> [v2:172.21.15.57:6800/2928520021,v1:172.21.15.57:6801/2928520021] conn(0x7fd680039670 0x7fd68003bb30 unknown :-1 s=NONE pgs=0 cs=0 l=1 rev1=0 crypto rx=0 tx=0 comp rx=0 tx=0).connect
2024-04-21T08:35:36.578 INFO:teuthology.orchestra.run.smithi057.stdout:/usr/bin/ceph: stderr
2024-04-21T08:35:35.791+0000 7fd68affd700 1 -- 172.21.15.57:0/483289524 <== mon.0 v2:172.21.15.57:3300/0 5 ==== osd_map(2..2 src has 1..2) ==== 940+0+0 (secure 0 0 0) 0x7fd69004dea0 con 0x7fd694108e00
2024-04-21T08:35:36.578 INFO:teuthology.orchestra.run.smithi057.stdout:/usr/bin/ceph: stderr
2024-04-21T08:35:35.792+0000 7fd6991f0700 1 --2- 172.21.15.57:0/483289524 >> [v2:172.21.15.57:6800/2928520021,v1:172.21.15.57:6801/2928520021] conn(0x7fd680039670 0x7fd68003bb30 unknown :-1 s=BANNER_CONNECTING pgs=0 cs=0 l=1 rev1=0 crypto rx=0 tx=0 comp rx=0 tx=0)._handle_peer_banner_payload supported=3 required=0
2024-04-21T08:35:36.578 INFO:teuthology.orchestra.run.smithi057.stdout:/usr/bin/ceph: stderr
2024-04-21T08:35:35.792+0000 7fd6991f0700 1 --2- 172.21.15.57:0/483289524 >> [v2:172.21.15.57:6800/2928520021,v1:172.21.15.57:6801/2928520021] conn(0x7fd680039670 0x7fd68003bb30 secure :-1 s=READY pgs=15 cs=0 l=1 rev1=1 crypto rx=0x7fd684006fd0 tx=0x7fd684006e40 comp rx=0 tx=0).ready entity=mgr.14120 client_cookie=0 server_cookie=0 in_seq=0 out_seq=0
2024-04-21T08:35:36.578 INFO:teuthology.orchestra.run.smithi057.stdout:/usr/bin/ceph: stderr
2024-04-21T08:35:35.797+0000 7fd68affd700 1 -- 172.21.15.57:0/483289524 <== mon.0 v2:172.21.15.57:3300/0 6 ==== mon_command_ack([{"prefix": "get_command_descriptions"}]=0 v0) ==== 72+0+188370 (secure 0 0 0) 0x7fd69001f030 con 0x7fd694108e00
2024-04-21T08:35:36.578 INFO:teuthology.orchestra.run.smithi057.stdout:/usr/bin/ceph: stderr
2024-04-21T08:35:36.007+0000 7fd69bc55700 1 -- 172.21.15.57:0/483289524 --> [v2:172.21.15.57:3300/0,v1:172.21.15.57:6789/0] -- mon_command([{prefix=config set, name=mgr/dashboard/ssl_server_port}] v 0) -- 0x7fd69419f7d0 con 0x7fd694108e00
2024-04-21T08:35:36.578 INFO:teuthology.orchestra.run.smithi057.stdout:/usr/bin/ceph: stderr
2024-04-21T08:35:36.014+0000 7fd68affd700 1 -- 172.21.15.57:0/483289524 <== mon.0 v2:172.21.15.57:3300/0 7 ==== mon_command_ack([{prefix=config set, name=mgr/dashboard/ssl_server_port}]=0 v8)=0 v8) ==== 130+0+0 (secure 0 0 0) 0x7fd690018e30 con 0x7fd694108e00
