2024-04-21T08:36:44.641+0000 7fd66de7c700 1 -- --> [v2:172.21.15.82:3300/0,v1:172.21.15.82:6789/0] -- mon_getmap magic: 0 -- 0x7fd668107c90 con 0x7fd6681072a0
2024-04-21T08:36:50.837 INFO:teuthology.orchestra.run.smithi082.stdout:/usr/bin/ceph: stderr
2024-04-21T08:36:44.641+0000 7fd6677fe700 1 --2- >> [v2:172.21.15.82:3300/0,v1:172.21.15.82:6789/0] conn(0x7fd6681072a0 0x7fd6681076c0 unknown :-1 s=BANNER_CONNECTING pgs=0 cs=0 l=0 rev1=0 crypto rx=0 tx=0 comp rx=0 tx=0)._handle_peer_banner_payload supported=3 required=0
2024-04-21T08:36:50.837 INFO:teuthology.orchestra.run.smithi082.stdout:/usr/bin/ceph: stderr
2024-04-21T08:36:44.641+0000 7fd6677fe700 1 --2- >> [v2:172.21.15.82:3300/0,v1:172.21.15.82:6789/0] conn(0x7fd6681072a0 0x7fd6681076c0 unknown :-1 s=HELLO_CONNECTING pgs=0 cs=0 l=0 rev1=1 crypto rx=0 tx=0 comp rx=0 tx=0).handle_hello peer v2:172.21.15.82:3300/0 says I am v2:172.21.15.82:54784/0 (socket says 172.21.15.82:54784)
2024-04-21T08:36:50.837 INFO:teuthology.orchestra.run.smithi082.stdout:/usr/bin/ceph: stderr
2024-04-21T08:36:44.641+0000 7fd6677fe700 1 -- 172.21.15.82:0/2004960860 learned_addr learned my addr 172.21.15.82:0/2004960860 (peer_addr_for_me v2:172.21.15.82:0/0)
2024-04-21T08:36:50.837 INFO:teuthology.orchestra.run.smithi082.stdout:/usr/bin/ceph: stderr
2024-04-21T08:36:44.641+0000 7fd6677fe700 1 -- 172.21.15.82:0/2004960860 --> [v2:172.21.15.82:3300/0,v1:172.21.15.82:6789/0] -- mon_subscribe({config=0+,monmap=0+}) -- 0x7fd6681084a0 con 0x7fd6681072a0
2024-04-21T08:36:50.837 INFO:teuthology.orchestra.run.smithi082.stdout:/usr/bin/ceph: stderr
2024-04-21T08:36:44.642+0000 7fd6677fe700 1 --2- 172.21.15.82:0/2004960860 >> [v2:172.21.15.82:3300/0,v1:172.21.15.82:6789/0] conn(0x7fd6681072a0 0x7fd6681076c0 secure :-1 s=READY pgs=18 cs=0 l=1 rev1=1 crypto rx=0x7fd6580098a0 tx=0x7fd658009bb0 comp rx=0 tx=0).ready entity=mon.0 client_cookie=2c61a5c5cc0eac69 server_cookie=0 in_seq=0 out_seq=0
2024-04-21T08:36:50.837 INFO:teuthology.orchestra.run.smithi082.stdout:/usr/bin/ceph: stderr
2024-04-21T08:36:44.642+0000 7fd6667fc700 1 -- 172.21.15.82:0/2004960860 <== mon.0 v2:172.21.15.82:3300/0 1 ==== mon_map magic: 0 ==== 205+0+0 (secure 0 0 0) 0x7fd658004160 con 0x7fd6681072a0
2024-04-21T08:36:50.837 INFO:teuthology.orchestra.run.smithi082.stdout:/usr/bin/ceph: stderr
2024-04-21T08:36:44.642+0000 7fd6667fc700 1 -- 172.21.15.82:0/2004960860 <== mon.0 v2:172.21.15.82:3300/0 2 ==== config(26 keys) ==== 1070+0+0 (secure 0 0 0) 0x7fd658004300 con 0x7fd6681072a0
2024-04-21T08:36:50.837 INFO:teuthology.orchestra.run.smithi082.stdout:/usr/bin/ceph: stderr
2024-04-21T08:36:44.642+0000 7fd6667fc700 1 -- 172.21.15.82:0/2004960860 <== mon.0 v2:172.21.15.82:3300/0 3 ==== mon_map magic: 0 ==== 205+0+0 (secure 0 0 0) 0x7fd658011af0 con 0x7fd6681072a0
2024-04-21T08:36:50.838 INFO:teuthology.orchestra.run.smithi082.stdout:/usr/bin/ceph: stderr
2024-04-21T08:36:44.642+0000 7fd66de7c700 1 -- 172.21.15.82:0/2004960860 >> [v2:172.21.15.82:3300/0,v1:172.21.15.82:6789/0] conn(0x7fd6681072a0 msgr2=0x7fd6681076c0 secure :-1 s=STATE_CONNECTION_ESTABLISHED l=1).mark_down
2024-04-21T08:36:50.838 INFO:teuthology.orchestra.run.smithi082.stdout:/usr/bin/ceph: stderr
2024-04-21T08:36:44.642+0000 7fd66de7c700 1 --2- 172.21.15.82:0/2004960860 >> [v2:172.21.15.82:3300/0,v1:172.21.15.82:6789/0] conn(0x7fd6681072a0 0x7fd6681076c0 secure :-1 s=READY pgs=18 cs=0 l=1 rev1=1 crypto rx=0x7fd6580098a0 tx=0x7fd658009bb0 comp rx=0 tx=0).stop
2024-04-21T08:36:50.838 INFO:teuthology.orchestra.run.smithi082.stdout:/usr/bin/ceph: stderr
2024-04-21T08:36:44.642+0000 7fd66de7c700 1 -- 172.21.15.82:0/2004960860 shutdown_connections
2024-04-21T08:36:50.838 INFO:teuthology.orchestra.run.smithi082.stdout:/usr/bin/ceph: stderr
2024-04-21T08:36:44.642+0000 7fd66de7c700 1 --2- 172.21.15.82:0/2004960860 >> [v2:172.21.15.82:3300/0,v1:172.21.15.82:6789/0] conn(0x7fd6681072a0 0x7fd6681076c0 unknown :-1 s=CLOSED pgs=18 cs=0 l=1 rev1=1 crypto rx=0 tx=0 comp rx=0 tx=0).stop
2024-04-21T08:36:50.838 INFO:teuthology.orchestra.run.smithi082.stdout:/usr/bin/ceph: stderr
2024-04-21T08:36:44.642+0000 7fd66de7c700 1 -- 172.21.15.82:0/2004960860 >> 172.21.15.82:0/2004960860 conn(0x7fd6681028e0 msgr2=0x7fd668104d00 unknown :-1 s=STATE_NONE l=0).mark_down
2024-04-21T08:36:50.838 INFO:teuthology.orchestra.run.smithi082.stdout:/usr/bin/ceph: stderr
2024-04-21T08:36:44.642+0000 7fd66de7c700 1 -- 172.21.15.82:0/2004960860 shutdown_connections
2024-04-21T08:36:50.838 INFO:teuthology.orchestra.run.smithi082.stdout:/usr/bin/ceph: stderr
2024-04-21T08:36:44.642+0000 7fd66de7c700 1 -- 172.21.15.82:0/2004960860 wait complete.
2024-04-21T08:36:50.838 INFO:teuthology.orchestra.run.smithi082.stdout:/usr/bin/ceph: stderr
2024-04-21T08:36:44.643+0000 7fd66de7c700 1 Processor -- start
2024-04-21T08:36:50.838 INFO:teuthology.orchestra.run.smithi082.stdout:/usr/bin/ceph: stderr
2024-04-21T08:36:44.643+0000 7fd66de7c700 1 -- start start
2024-04-21T08:36:50.838 INFO:teuthology.orchestra.run.smithi082.stdout:/usr/bin/ceph: stderr
2024-04-21T08:36:44.643+0000 7fd66de7c700 1 --2- >> [v2:172.21.15.82:3300/0,v1:172.21.15.82:6789/0] conn(0x7fd6681072a0 0x7fd66819c200 unknown :-1 s=NONE pgs=0 cs=0 l=1 rev1=0 crypto rx=0 tx=0 comp rx=0 tx=0).connect
2024-04-21T08:36:50.838 INFO:teuthology.orchestra.run.smithi082.stdout:/usr/bin/ceph: stderr
2024-04-21T08:36:44.643+0000 7fd66de7c700 1 -- --> [v2:172.21.15.82:3300/0,v1:172.21.15.82:6789/0] -- mon_getmap magic: 0 -- 0x7fd66810b6d0 con 0x7fd6681072a0
2024-04-21T08:36:50.838 INFO:teuthology.orchestra.run.smithi082.stdout:/usr/bin/ceph: stderr
2024-04-21T08:36:44.643+0000 7fd6677fe700 1 --2- >> [v2:172.21.15.82:3300/0,v1:172.21.15.82:6789/0] conn(0x7fd6681072a0 0x7fd66819c200 unknown :-1 s=BANNER_CONNECTING pgs=0 cs=0 l=1 rev1=0 crypto rx=0 tx=0 comp rx=0 tx=0)._handle_peer_banner_payload supported=3 required=0
2024-04-21T08:36:50.838 INFO:teuthology.orchestra.run.smithi082.stdout:/usr/bin/ceph: stderr
2024-04-21T08:36:44.643+0000 7fd6677fe700 1 --2- >> [v2:172.21.15.82:3300/0,v1:172.21.15.82:6789/0] conn(0x7fd6681072a0 0x7fd66819c200 unknown :-1 s=HELLO_CONNECTING pgs=0 cs=0 l=1 rev1=1 crypto rx=0 tx=0 comp rx=0 tx=0).handle_hello peer v2:172.21.15.82:3300/0 says I am v2:172.21.15.82:54798/0 (socket says 172.21.15.82:54798)
2024-04-21T08:36:50.839 INFO:teuthology.orchestra.run.smithi082.stdout:/usr/bin/ceph: stderr
2024-04-21T08:36:44.643+0000 7fd6677fe700 1 -- 172.21.15.82:0/734256757 learned_addr learned my addr 172.21.15.82:0/734256757 (peer_addr_for_me v2:172.21.15.82:0/0)
2024-04-21T08:36:50.839 INFO:teuthology.orchestra.run.smithi082.stdout:/usr/bin/ceph: stderr
2024-04-21T08:36:44.644+0000 7fd6677fe700 1 -- 172.21.15.82:0/734256757 --> [v2:172.21.15.82:3300/0,v1:172.21.15.82:6789/0] -- mon_subscribe({config=0+,monmap=0+}) -- 0x7fd66819c740 con 0x7fd6681072a0
2024-04-21T08:36:50.839 INFO:teuthology.orchestra.run.smithi082.stdout:/usr/bin/ceph: stderr
2024-04-21T08:36:44.644+0000 7fd6677fe700 1 --2- 172.21.15.82:0/734256757 >> [v2:172.21.15.82:3300/0,v1:172.21.15.82:6789/0] conn(0x7fd6681072a0 0x7fd66819c200 secure :-1 s=READY pgs=19 cs=0 l=1 rev1=1 crypto rx=0x7fd658003f40 tx=0x7fd658011890 comp rx=0 tx=0).ready entity=mon.0 client_cookie=0 server_cookie=0 in_seq=0 out_seq=0
2024-04-21T08:36:50.839 INFO:teuthology.orchestra.run.smithi082.stdout:/usr/bin/ceph: stderr
2024-04-21T08:36:44.644+0000 7fd664ff9700 1 -- 172.21.15.82:0/734256757 <== mon.0 v2:172.21.15.82:3300/0 1 ==== mon_map magic: 0 ==== 205+0+0 (secure 0 0 0) 0x7fd6580038b0 con 0x7fd6681072a0
2024-04-21T08:36:50.839 INFO:teuthology.orchestra.run.smithi082.stdout:/usr/bin/ceph: stderr
2024-04-21T08:36:44.644+0000 7fd66de7c700 1 -- 172.21.15.82:0/734256757 --> [v2:172.21.15.82:3300/0,v1:172.21.15.82:6789/0] -- mon_subscribe({mgrmap=0+}) -- 0x7fd66819c9d0 con 0x7fd6681072a0
2024-04-21T08:36:50.839 INFO:teuthology.orchestra.run.smithi082.stdout:/usr/bin/ceph: stderr
2024-04-21T08:36:44.644+0000 7fd664ff9700 1 -- 172.21.15.82:0/734256757 <== mon.0 v2:172.21.15.82:3300/0 2 ==== config(26 keys) ==== 1070+0+0 (secure 0 0 0) 0x7fd658003a50 con 0x7fd6681072a0
2024-04-21T08:36:50.839 INFO:teuthology.orchestra.run.smithi082.stdout:/usr/bin/ceph: stderr
2024-04-21T08:36:44.644+0000 7fd664ff9700 1 -- 172.21.15.82:0/734256757 <== mon.0 v2:172.21.15.82:3300/0 3 ==== mon_map magic: 0 ==== 205+0+0 (secure 0 0 0) 0x7fd65801a5c0 con 0x7fd6681072a0
2024-04-21T08:36:50.839 INFO:teuthology.orchestra.run.smithi082.stdout:/usr/bin/ceph: stderr
2024-04-21T08:36:44.644+0000 7fd66de7c700 1 -- 172.21.15.82:0/734256757 --> [v2:172.21.15.82:3300/0,v1:172.21.15.82:6789/0] -- mon_subscribe({osdmap=0}) -- 0x7fd66819f6c0 con 0x7fd6681072a0
2024-04-21T08:36:50.839 INFO:teuthology.orchestra.run.smithi082.stdout:/usr/bin/ceph: stderr
2024-04-21T08:36:44.645+0000 7fd664ff9700 1 -- 172.21.15.82:0/734256757 <== mon.0 v2:172.21.15.82:3300/0 4 ==== mgrmap(e 4) ==== 46547+0+0 (secure 0 0 0) 0x7fd65801a8c0 con 0x7fd6681072a0
2024-04-21T08:36:50.839 INFO:teuthology.orchestra.run.smithi082.stdout:/usr/bin/ceph: stderr
2024-04-21T08:36:44.645+0000 7fd66de7c700 1 -- 172.21.15.82:0/734256757 --> [v2:172.21.15.82:3300/0,v1:172.21.15.82:6789/0] -- mon_command({"prefix": "get_command_descriptions"} v 0) -- 0x7fd66810b850 con 0x7fd6681072a0
2024-04-21T08:36:50.839 INFO:teuthology.orchestra.run.smithi082.stdout:/usr/bin/ceph: stderr
2024-04-21T08:36:44.645+0000 7fd664ff9700 1 --2- 172.21.15.82:0/734256757 >> [v2:172.21.15.82:6800/2710226711,v1:172.21.15.82:6801/2710226711] conn(0x7fd6500395d0 0x7fd65003ba90 unknown :-1 s=NONE pgs=0 cs=0 l=1 rev1=0 crypto rx=0 tx=0 comp rx=0 tx=0).connect
2024-04-21T08:36:50.839 INFO:teuthology.orchestra.run.smithi082.stdout:/usr/bin/ceph: stderr
2024-04-21T08:36:44.645+0000 7fd664ff9700 1 -- 172.21.15.82:0/734256757 <== mon.0 v2:172.21.15.82:3300/0 5 ==== osd_map(1..1 src has 1..1) ==== 725+0+0 (secure 0 0 0) 0x7fd65804db80 con 0x7fd6681072a0
2024-04-21T08:36:50.839 INFO:teuthology.orchestra.run.smithi082.stdout:/usr/bin/ceph: stderr
2024-04-21T08:36:44.645+0000 7fd666ffd700 1 --2- 172.21.15.82:0/734256757 >> [v2:172.21.15.82:6800/2710226711,v1:172.21.15.82:6801/2710226711] conn(0x7fd6500395d0 0x7fd65003ba90 unknown :-1 s=BANNER_CONNECTING pgs=0 cs=0 l=1 rev1=0 crypto rx=0 tx=0 comp rx=0 tx=0)._handle_peer_banner_payload supported=3 required=0
2024-04-21T08:36:50.839 INFO:teuthology.orchestra.run.smithi082.stdout:/usr/bin/ceph: stderr
2024-04-21T08:36:44.646+0000 7fd666ffd700 1 --2- 172.21.15.82:0/734256757 >> [v2:172.21.15.82:6800/2710226711,v1:172.21.15.82:6801/2710226711] conn(0x7fd6500395d0 0x7fd65003ba90 secure :-1 s=READY pgs=6 cs=0 l=1 rev1=1 crypto rx=0x7fd65c006fd0 tx=0x7fd65c006e40 comp rx=0 tx=0).ready entity=mgr.14100 client_cookie=0 server_cookie=0 in_seq=0 out_seq=0
2024-04-21T08:36:50.840 INFO:teuthology.orchestra.run.smithi082.stdout:/usr/bin/ceph: stderr
2024-04-21T08:36:44.651+0000 7fd664ff9700 1 -- 172.21.15.82:0/734256757 <== mon.0 v2:172.21.15.82:3300/0 6 ==== mon_command_ack([{"prefix": "get_command_descriptions"}]=0 v0) ==== 72+0+188370 (secure 0 0 0) 0x7fd658019c70 con 0x7fd6681072a0
2024-04-21T08:36:50.840 INFO:teuthology.orchestra.run.smithi082.stdout:/usr/bin/ceph: stderr
2024-04-21T08:36:44.930+0000 7fd66de7c700 1 -- 172.21.15.82:0/734256757 --> [v2:172.21.15.82:3300/0,v1:172.21.15.82:6789/0] -- mon_command({"prefix": "status", "format": "json-pretty"} v 0) -- 0x7fd66802e360 con 0x7fd6681072a0
2024-04-21T08:36:50.840 INFO:teuthology.orchestra.run.smithi082.stdout:/usr/bin/ceph: stderr
2024-04-21T08:36:44.931+0000 7fd664ff9700 1 -- 172.21.15.82:0/734256757 <== mon.0 v2:172.21.15.82:3300/0 7 ==== mon_command_ack([{"prefix": "status", "format": "json-pretty"}]=0 v0) ==== 79+0+1239 (secure 0 0 0) 0x7fd65804d5a0 con 0x7fd6681072a0
2024-04-21T08:36:50.840 INFO:teuthology.orchestra.run.smithi082.stdout:/usr/bin/ceph: stderr
2024-04-21T08:36:44.934+0000 7fd66de7c700 1 -- 172.21.15.82:0/734256757 >> [v2:172.21.15.82:6800/2710226711,v1:172.21.15.82:6801/2710226711] conn(0x7fd6500395d0 msgr2=0x7fd65003ba90 secure :-1 s=STATE_CONNECTION_ESTABLISHED l=1).mark_down
2024-04-21T08:36:50.840 INFO:teuthology.orchestra.run.smithi082.stdout:/usr/bin/ceph: stderr
2024-04-21T08:36:44.934+0000 7fd66de7c700 1 --2- 172.21.15.82:0/734256757 >> [v2:172.21.15.82:6800/2710226711,v1:172.21.15.82:6801/2710226711] conn(0x7fd6500395d0 0x7fd65003ba90 secure :-1 s=READY pgs=6 cs=0 l=1 rev1=1 crypto rx=0x7fd65c006fd0 tx=0x7fd65c006e40 comp rx=0 tx=0).stop
2024-04-21T08:36:50.840 INFO:teuthology.orchestra.run.smithi082.stdout:/usr/bin/ceph: stderr
2024-04-21T08:36:44.934+0000 7fd66de7c700 1 -- 172.21.15.82:0/734256757 >> [v2:172.21.15.82:3300/0,v1:172.21.15.82:6789/0] conn(0x7fd6681072a0 msgr2=0x7fd66819c200 secure :-1 s=STATE_CONNECTION_ESTABLISHED l=1).mark_down
2024-04-21T08:36:50.840 INFO:teuthology.orchestra.run.smithi082.stdout:/usr/bin/ceph: stderr
2024-04-21T08:36:44.934+0000 7fd66de7c700 1 --2- 172.21.15.82:0/734256757 >> [v2:172.21.15.82:3300/0,v1:172.21.15.82:6789/0] conn(0x7fd6681072a0 0x7fd66819c200 secure :-1 s=READY pgs=19 cs=0 l=1 rev1=1 crypto rx=0x7fd658003f40 tx=0x7fd658011890 comp rx=0 tx=0).stop
2024-04-21T08:36:50.840 INFO:teuthology.orchestra.run.smithi082.stdout:/usr/bin/ceph: stderr
2024-04-21T08:36:44.934+0000 7fd66de7c700 1 -- 172.21.15.82:0/734256757 shutdown_connections
2024-04-21T08:36:50.840 INFO:teuthology.orchestra.run.smithi082.stdout:/usr/bin/ceph: stderr
2024-04-21T08:36:44.934+0000 7fd66de7c700 1 --2- 172.21.15.82:0/734256757 >> [v2:172.21.15.82:6800/2710226711,v1:172.21.15.82:6801/2710226711] conn(0x7fd6500395d0 0x7fd65003ba90 unknown :-1 s=CLOSED pgs=6 cs=0 l=1 rev1=1 crypto rx=0 tx=0 comp rx=0 tx=0).stop
2024-04-21T08:36:50.840 INFO:teuthology.orchestra.run.smithi082.stdout:/usr/bin/ceph: stderr
2024-04-21T08:36:44.934+0000 7fd66de7c700 1 --2- 172.21.15.82:0/734256757 >> [v2:172.21.15.82:3300/0,v1:172.21.15.82:6789/0] conn(0x7fd6681072a0 0x7fd66819c200 unknown :-1 s=CLOSED pgs=19 cs=0 l=1 rev1=1 crypto rx=0 tx=0 comp rx=0 tx=0).stop
2024-04-21T08:36:50.840 INFO:teuthology.orchestra.run.smithi082.stdout:/usr/bin/ceph: stderr
2024-04-21T08:36:44.934+0000 7fd66de7c700 1 -- 172.21.15.82:0/734256757 >> 172.21.15.82:0/734256757 conn(0x7fd6681028e0 msgr2=0x7fd6681036f0 unknown :-1 s=STATE_NONE l=0).mark_down
2024-04-21T08:36:50.840 INFO:teuthology.orchestra.run.smithi082.stdout:/usr/bin/ceph: stderr
2024-04-21T08:36:44.934+0000 7fd66de7c700 1 -- 172.21.15.82:0/734256757 shutdown_connections
2024-04-21T08:36:50.840 INFO:teuthology.orchestra.run.smithi082.stdout:/usr/bin/ceph: stderr
2024-04-21T08:36:44.934+0000 7fd66de7c700 1 -- 172.21.15.82:0/734256757 wait complete.
2024-04-21T08:36:50.840 INFO:teuthology.orchestra.run.smithi082.stdout:mgr is available
2024-04-21T08:36:51.781 INFO:journalctl@ceph.mon.a.smithi082.stdout:Apr 21 08:36:51 smithi082 ceph-mon[27967]: from='client.? 172.21.15.82:0/1734338042' entity='client.admin' cmd=[{"prefix": "config assimilate-conf"}]: dispatch
2024-04-21T08:36:52.033 INFO:teuthology.orchestra.run.smithi082.stdout:/usr/bin/ceph: stdout
2024-04-21T08:36:52.033 INFO:teuthology.orchestra.run.smithi082.stdout:/usr/bin/ceph: stdout [global]
2024-04-21T08:36:52.033 INFO:teuthology.orchestra.run.smithi082.stdout:/usr/bin/ceph: stdout fsid = 24d05dee-ffba-11ee-bc93-c7b262605968
2024-04-21T08:36:52.033 INFO:teuthology.orchestra.run.smithi082.stdout:/usr/bin/ceph: stdout mon_cluster_log_file_level = debug
2024-04-21T08:36:52.033 INFO:teuthology.orchestra.run.smithi082.stdout:/usr/bin/ceph: stdout mon_osd_allow_pg_remap = true
2024-04-21T08:36:52.033 INFO:teuthology.orchestra.run.smithi082.stdout:/usr/bin/ceph: stdout mon_osd_allow_primary_affinity = true
2024-04-21T08:36:52.033 INFO:teuthology.orchestra.run.smithi082.stdout:/usr/bin/ceph: stdout mon_warn_on_no_sortbitwise = false
2024-04-21T08:36:52.033 INFO:teuthology.orchestra.run.smithi082.stdout:/usr/bin/ceph: stdout osd_crush_chooseleaf_type = 0
2024-04-21T08:36:52.034 INFO:teuthology.orchestra.run.smithi082.stdout:/usr/bin/ceph: stdout
2024-04-21T08:36:52.034 INFO:teuthology.orchestra.run.smithi082.stdout:/usr/bin/ceph: stdout [mgr]
2024-04-21T08:36:52.034 INFO:teuthology.orchestra.run.smithi082.stdout:/usr/bin/ceph: stdout mgr/telemetry/nag = false
2024-04-21T08:36:52.034 INFO:teuthology.orchestra.run.smithi082.stdout:/usr/bin/ceph: stdout
2024-04-21T08:36:52.034 INFO:teuthology.orchestra.run.smithi082.stdout:/usr/bin/ceph: stdout [osd]
2024-04-21T08:36:52.034 INFO:teuthology.orchestra.run.smithi082.stdout:/usr/bin/ceph: stdout mon_osd_backfillfull_ratio = 0.85
2024-04-21T08:36:52.034 INFO:teuthology.orchestra.run.smithi082.stdout:/usr/bin/ceph: stdout mon_osd_full_ratio = 0.9
2024-04-21T08:36:52.034 INFO:teuthology.orchestra.run.smithi082.stdout:/usr/bin/ceph: stdout mon_osd_nearfull_ratio = 0.8
2024-04-21T08:36:52.034 INFO:teuthology.orchestra.run.smithi082.stdout:/usr/bin/ceph: stdout osd_map_max_advance = 10
2024-04-21T08:36:52.034 INFO:teuthology.orchestra.run.smithi082.stdout:/usr/bin/ceph: stdout osd_sloppy_crc = true
2024-04-21T08:36:52.034 INFO:teuthology.orchestra.run.smithi082.stdout:/usr/bin/ceph: stderr
2024-04-21T08:36:51.268+0000 7f3602f16700 1 Processor -- start
2024-04-21T08:36:52.034 INFO:teuthology.orchestra.run.smithi082.stdout:/usr/bin/ceph: stderr
2024-04-21T08:36:51.268+0000 7f3602f16700 1 -- start start
2024-04-21T08:36:52.035 INFO:teuthology.orchestra.run.smithi082.stdout:/usr/bin/ceph: stderr
2024-04-21T08:36:51.268+0000 7f3602f16700 1 --2- >> [v2:172.21.15.82:3300/0,v1:172.21.15.82:6789/0] conn(0x7f35fc107310 0x7f35fc107730 unknown :-1 s=NONE pgs=0 cs=0 l=0 rev1=0 crypto rx=0 tx=0 comp rx=0 tx=0).connect
2024-04-21T08:36:52.035 INFO:teuthology.orchestra.run.smithi082.stdout:/usr/bin/ceph: stderr
2024-04-21T08:36:51.268+0000 7f3602f16700 1 -- --> [v2:172.21.15.82:3300/0,v1:172.21.15.82:6789/0] -- mon_getmap magic: 0 -- 0x7f35fc107d00 con 0x7f35fc107310
2024-04-21T08:36:52.035 INFO:teuthology.orchestra.run.smithi082.stdout:/usr/bin/ceph: stderr
2024-04-21T08:36:51.269+0000 7f3600cb2700 1 --2- >> [v2:172.21.15.82:3300/0,v1:172.21.15.82:6789/0] conn(0x7f35fc107310 0x7f35fc107730 unknown :-1 s=BANNER_CONNECTING pgs=0 cs=0 l=0 rev1=0 crypto rx=0 tx=0 comp rx=0 tx=0)._handle_peer_banner_payload supported=3 required=0
2024-04-21T08:36:52.035 INFO:teuthology.orchestra.run.smithi082.stdout:/usr/bin/ceph: stderr
2024-04-21T08:36:51.269+0000 7f3600cb2700 1 --2- >> [v2:172.21.15.82:3300/0,v1:172.21.15.82:6789/0] conn(0x7f35fc107310 0x7f35fc107730 unknown :-1 s=HELLO_CONNECTING pgs=0 cs=0 l=0 rev1=1 crypto rx=0 tx=0 comp rx=0 tx=0).handle_hello peer v2:172.21.15.82:3300/0 says I am v2:172.21.15.82:54806/0 (socket says 172.21.15.82:54806)
2024-04-21T08:36:52.035 INFO:teuthology.orchestra.run.smithi082.stdout:/usr/bin/ceph: stderr
2024-04-21T08:36:51.269+0000 7f3600cb2700 1 -- 172.21.15.82:0/3137133830 learned_addr learned my addr 172.21.15.82:0/3137133830 (peer_addr_for_me v2:172.21.15.82:0/0)
2024-04-21T08:36:52.035 INFO:teuthology.orchestra.run.smithi082.stdout:/usr/bin/ceph: stderr
2024-04-21T08:36:51.269+0000 7f3600cb2700 1 -- 172.21.15.82:0/3137133830 --> [v2:172.21.15.82:3300/0,v1:172.21.15.82:6789/0] -- mon_subscribe({config=0+,monmap=0+}) -- 0x7f35fc108510 con 0x7f35fc107310
2024-04-21T08:36:52.035 INFO:teuthology.orchestra.run.smithi082.stdout:/usr/bin/ceph: stderr
2024-04-21T08:36:51.269+0000 7f3600cb2700 1 --2- 172.21.15.82:0/3137133830 >> [v2:172.21.15.82:3300/0,v1:172.21.15.82:6789/0] conn(0x7f35fc107310 0x7f35fc107730 secure :-1 s=READY pgs=20 cs=0 l=1 rev1=1 crypto rx=0x7f35f00098a0 tx=0x7f35f0009bb0 comp rx=0 tx=0).ready entity=mon.0 client_cookie=70a1972abf126f35 server_cookie=0 in_seq=0 out_seq=0
2024-04-21T08:36:52.035 INFO:teuthology.orchestra.run.smithi082.stdout:/usr/bin/ceph: stderr
2024-04-21T08:36:51.269+0000 7f35fb7fe700 1 -- 172.21.15.82:0/3137133830 <== mon.0 v2:172.21.15.82:3300/0 1 ==== mon_map magic: 0 ==== 205+0+0 (secure 0 0 0) 0x7f35f0004160 con 0x7f35fc107310
2024-04-21T08:36:52.035 INFO:teuthology.orchestra.run.smithi082.stdout:/usr/bin/ceph: stderr
2024-04-21T08:36:51.269+0000 7f35fb7fe700 1 -- 172.21.15.82:0/3137133830 <== mon.0 v2:172.21.15.82:3300/0 2 ==== config(26 keys) ==== 1070+0+0 (secure 0 0 0) 0x7f35f0004300 con 0x7f35fc107310
2024-04-21T08:36:52.035 INFO:teuthology.orchestra.run.smithi082.stdout:/usr/bin/ceph: stderr
2024-04-21T08:36:51.269+0000 7f35fb7fe700 1 -- 172.21.15.82:0/3137133830 <== mon.0 v2:172.21.15.82:3300/0 3 ==== mon_map magic: 0 ==== 205+0+0 (secure 0 0 0) 0x7f35f0011af0 con 0x7f35fc107310
2024-04-21T08:36:52.035 INFO:teuthology.orchestra.run.smithi082.stdout:/usr/bin/ceph: stderr
2024-04-21T08:36:51.270+0000 7f3602f16700 1 -- 172.21.15.82:0/3137133830 >> [v2:172.21.15.82:3300/0,v1:172.21.15.82:6789/0] conn(0x7f35fc107310 msgr2=0x7f35fc107730 secure :-1 s=STATE_CONNECTION_ESTABLISHED l=1).mark_down
2024-04-21T08:36:52.035 INFO:teuthology.orchestra.run.smithi082.stdout:/usr/bin/ceph: stderr
2024-04-21T08:36:51.270+0000 7f3602f16700 1 --2- 172.21.15.82:0/3137133830 >> [v2:172.21.15.82:3300/0,v1:172.21.15.82:6789/0] conn(0x7f35fc107310 0x7f35fc107730 secure :-1 s=READY pgs=20 cs=0 l=1 rev1=1 crypto rx=0x7f35f00098a0 tx=0x7f35f0009bb0 comp rx=0 tx=0).stop
2024-04-21T08:36:52.035 INFO:teuthology.orchestra.run.smithi082.stdout:/usr/bin/ceph: stderr
2024-04-21T08:36:51.270+0000 7f3602f16700 1 -- 172.21.15.82:0/3137133830 shutdown_connections
2024-04-21T08:36:52.036 INFO:teuthology.orchestra.run.smithi082.stdout:/usr/bin/ceph: stderr
2024-04-21T08:36:51.270+0000 7f3602f16700 1 --2- 172.21.15.82:0/3137133830 >> [v2:172.21.15.82:3300/0,v1:172.21.15.82:6789/0] conn(0x7f35fc107310 0x7f35fc107730 unknown :-1 s=CLOSED pgs=20 cs=0 l=1 rev1=1 crypto rx=0 tx=0 comp rx=0 tx=0).stop
2024-04-21T08:36:52.036 INFO:teuthology.orchestra.run.smithi082.stdout:/usr/bin/ceph: stderr
2024-04-21T08:36:51.270+0000 7f3602f16700 1 -- 172.21.15.82:0/3137133830 >> 172.21.15.82:0/3137133830 conn(0x7f35fc1028b0 msgr2=0x7f35fc104cf0 unknown :-1 s=STATE_NONE l=0).mark_down
2024-04-21T08:36:52.036 INFO:teuthology.orchestra.run.smithi082.stdout:/usr/bin/ceph: stderr
2024-04-21T08:36:51.270+0000 7f3602f16700 1 -- 172.21.15.82:0/3137133830 shutdown_connections
2024-04-21T08:36:52.036 INFO:teuthology.orchestra.run.smithi082.stdout:/usr/bin/ceph: stderr
2024-04-21T08:36:51.270+0000 7f3602f16700 1 -- 172.21.15.82:0/3137133830 wait complete.
2024-04-21T08:36:52.036 INFO:teuthology.orchestra.run.smithi082.stdout:/usr/bin/ceph: stderr
2024-04-21T08:36:51.271+0000 7f3602f16700 1 Processor -- start
2024-04-21T08:36:52.036 INFO:teuthology.orchestra.run.smithi082.stdout:/usr/bin/ceph: stderr
2024-04-21T08:36:51.271+0000 7f3602f16700 1 -- start start
2024-04-21T08:36:52.036 INFO:teuthology.orchestra.run.smithi082.stdout:/usr/bin/ceph: stderr
2024-04-21T08:36:51.271+0000 7f3602f16700 1 --2- >> [v2:172.21.15.82:3300/0,v1:172.21.15.82:6789/0] conn(0x7f35fc107310 0x7f35fc07ba40 unknown :-1 s=NONE pgs=0 cs=0 l=1 rev1=0 crypto rx=0 tx=0 comp rx=0 tx=0).connect
2024-04-21T08:36:52.036 INFO:teuthology.orchestra.run.smithi082.stdout:/usr/bin/ceph: stderr
2024-04-21T08:36:51.271+0000 7f3602f16700 1 -- --> [v2:172.21.15.82:3300/0,v1:172.21.15.82:6789/0] -- mon_getmap magic: 0 -- 0x7f35fc10b740 con 0x7f35fc107310
2024-04-21T08:36:52.036 INFO:teuthology.orchestra.run.smithi082.stdout:/usr/bin/ceph: stderr
2024-04-21T08:36:51.271+0000 7f3600cb2700 1 --2- >> [v2:172.21.15.82:3300/0,v1:172.21.15.82:6789/0] conn(0x7f35fc107310 0x7f35fc07ba40 unknown :-1 s=BANNER_CONNECTING pgs=0 cs=0 l=1 rev1=0 crypto rx=0 tx=0 comp rx=0 tx=0)._handle_peer_banner_payload supported=3 required=0
2024-04-21T08:36:52.036 INFO:teuthology.orchestra.run.smithi082.stdout:/usr/bin/ceph: stderr
2024-04-21T08:36:51.271+0000 7f3600cb2700 1 --2- >> [v2:172.21.15.82:3300/0,v1:172.21.15.82:6789/0] conn(0x7f35fc107310 0x7f35fc07ba40 unknown :-1 s=HELLO_CONNECTING pgs=0 cs=0 l=1 rev1=1 crypto rx=0 tx=0 comp rx=0 tx=0).handle_hello peer v2:172.21.15.82:3300/0 says I am v2:172.21.15.82:54810/0 (socket says 172.21.15.82:54810)
2024-04-21T08:36:52.036 INFO:teuthology.orchestra.run.smithi082.stdout:/usr/bin/ceph: stderr
2024-04-21T08:36:51.271+0000 7f3600cb2700 1 -- 172.21.15.82:0/1734338042 learned_addr learned my addr 172.21.15.82:0/1734338042 (peer_addr_for_me v2:172.21.15.82:0/0)
2024-04-21T08:36:52.036 INFO:teuthology.orchestra.run.smithi082.stdout:/usr/bin/ceph: stderr
2024-04-21T08:36:51.271+0000 7f3600cb2700 1 -- 172.21.15.82:0/1734338042 --> [v2:172.21.15.82:3300/0,v1:172.21.15.82:6789/0] -- mon_subscribe({config=0+,monmap=0+}) -- 0x7f35fc19efe0 con 0x7f35fc107310
2024-04-21T08:36:52.036 INFO:teuthology.orchestra.run.smithi082.stdout:/usr/bin/ceph: stderr
2024-04-21T08:36:51.271+0000 7f3600cb2700 1 --2- 172.21.15.82:0/1734338042 >> [v2:172.21.15.82:3300/0,v1:172.21.15.82:6789/0] conn(0x7f35fc107310 0x7f35fc07ba40 secure :-1 s=READY pgs=21 cs=0 l=1 rev1=1 crypto rx=0x7f35f00117b0 tx=0x7f35f0011b70 comp rx=0 tx=0).ready entity=mon.0 client_cookie=0 server_cookie=0 in_seq=0 out_seq=0
2024-04-21T08:36:52.036 INFO:teuthology.orchestra.run.smithi082.stdout:/usr/bin/ceph: stderr
2024-04-21T08:36:51.271+0000 7f35f9ffb700 1 -- 172.21.15.82:0/1734338042 <== mon.0 v2:172.21.15.82:3300/0 1 ==== mon_map magic: 0 ==== 205+0+0 (secure 0 0 0) 0x7f35f0003af0 con 0x7f35fc107310
2024-04-21T08:36:52.037 INFO:teuthology.orchestra.run.smithi082.stdout:/usr/bin/ceph: stderr
2024-04-21T08:36:51.271+0000 7f35f9ffb700 1 -- 172.21.15.82:0/1734338042 <== mon.0 v2:172.21.15.82:3300/0 2 ==== config(26 keys) ==== 1070+0+0 (secure 0 0 0) 0x7f35f0020070 con 0x7f35fc107310
2024-04-21T08:36:52.037 INFO:teuthology.orchestra.run.smithi082.stdout:/usr/bin/ceph: stderr
2024-04-21T08:36:51.271+0000 7f3602f16700 1 -- 172.21.15.82:0/1734338042 --> [v2:172.21.15.82:3300/0,v1:172.21.15.82:6789/0] -- mon_subscribe({mgrmap=0+}) -- 0x7f35fc19f1b0 con 0x7f35fc107310
2024-04-21T08:36:52.037 INFO:teuthology.orchestra.run.smithi082.stdout:/usr/bin/ceph: stderr
2024-04-21T08:36:51.271+0000 7f35f9ffb700 1 -- 172.21.15.82:0/1734338042 <== mon.0 v2:172.21.15.82:3300/0 3 ==== mon_map magic: 0 ==== 205+0+0 (secure 0 0 0) 0x7f35f0019630 con 0x7f35fc107310
2024-04-21T08:36:52.037 INFO:teuthology.orchestra.run.smithi082.stdout:/usr/bin/ceph: stderr
2024-04-21T08:36:51.272+0000 7f3602f16700 1 -- 172.21.15.82:0/1734338042 --> [v2:172.21.15.82:3300/0,v1:172.21.15.82:6789/0] -- mon_subscribe({osdmap=0}) -- 0x7f35fc19f550 con 0x7f35fc107310
2024-04-21T08:36:52.037 INFO:teuthology.orchestra.run.smithi082.stdout:/usr/bin/ceph: stderr
2024-04-21T08:36:51.272+0000 7f35f9ffb700 1 -- 172.21.15.82:0/1734338042 <== mon.0 v2:172.21.15.82:3300/0 4 ==== mgrmap(e 4) ==== 46547+0+0 (secure 0 0 0) 0x7f35f00198a0 con 0x7f35fc107310
2024-04-21T08:36:52.037 INFO:teuthology.orchestra.run.smithi082.stdout:/usr/bin/ceph: stderr
2024-04-21T08:36:51.273+0000 7f3602f16700 1 -- 172.21.15.82:0/1734338042 --> [v2:172.21.15.82:3300/0,v1:172.21.15.82:6789/0] -- mon_command({"prefix": "get_command_descriptions"} v 0) -- 0x7f35fc10b8c0 con 0x7f35fc107310
2024-04-21T08:36:52.037 INFO:teuthology.orchestra.run.smithi082.stdout:/usr/bin/ceph: stderr
2024-04-21T08:36:51.273+0000 7f35f9ffb700 1 --2- 172.21.15.82:0/1734338042 >> [v2:172.21.15.82:6800/2710226711,v1:172.21.15.82:6801/2710226711] conn(0x7f35ec039670 0x7f35ec03bb30 unknown :-1 s=NONE pgs=0 cs=0 l=1 rev1=0 crypto rx=0 tx=0 comp rx=0 tx=0).connect
2024-04-21T08:36:52.037 INFO:teuthology.orchestra.run.smithi082.stdout:/usr/bin/ceph: stderr
2024-04-21T08:36:51.273+0000 7f35f9ffb700 1 -- 172.21.15.82:0/1734338042 <== mon.0 v2:172.21.15.82:3300/0 5 ==== osd_map(1..1 src has 1..1) ==== 725+0+0 (secure 0 0 0) 0x7f35f004dae0 con 0x7f35fc107310
2024-04-21T08:36:52.037 INFO:teuthology.orchestra.run.smithi082.stdout:/usr/bin/ceph: stderr
2024-04-21T08:36:51.273+0000 7f35fbfff700 1 --2- 172.21.15.82:0/1734338042 >> [v2:172.21.15.82:6800/2710226711,v1:172.21.15.82:6801/2710226711] conn(0x7f35ec039670 0x7f35ec03bb30 unknown :-1 s=BANNER_CONNECTING pgs=0 cs=0 l=1 rev1=0 crypto rx=0 tx=0 comp rx=0 tx=0)._handle_peer_banner_payload supported=3 required=0
2024-04-21T08:36:52.037 INFO:teuthology.orchestra.run.smithi082.stdout:/usr/bin/ceph: stderr
2024-04-21T08:36:51.273+0000 7f35fbfff700 1 --2- 172.21.15.82:0/1734338042 >> [v2:172.21.15.82:6800/2710226711,v1:172.21.15.82:6801/2710226711] conn(0x7f35ec039670 0x7f35ec03bb30 secure :-1 s=READY pgs=7 cs=0 l=1 rev1=1 crypto rx=0x7f35e8006fd0 tx=0x7f35e8006e40 comp rx=0 tx=0).ready entity=mgr.14100 client_cookie=0 server_cookie=0 in_seq=0 out_seq=0
2024-04-21T08:36:52.037 INFO:teuthology.orchestra.run.smithi082.stdout:/usr/bin/ceph: stderr
2024-04-21T08:36:51.278+0000 7f35f9ffb700 1 -- 172.21.15.82:0/1734338042 <== mon.0 v2:172.21.15.82:3300/0 6 ==== mon_command_ack([{"prefix": "get_command_descriptions"}]=0 v0) ==== 72+0+188370 (secure 0 0 0) 0x7f35f004d500 con 0x7f35fc107310
2024-04-21T08:36:52.037 INFO:teuthology.orchestra.run.smithi082.stdout:/usr/bin/ceph: stderr
2024-04-21T08:36:51.470+0000 7f3602f16700 1 -- 172.21.15.82:0/1734338042 --> [v2:172.21.15.82:3300/0,v1:172.21.15.82:6789/0] -- mon_command({"prefix": "config assimilate-conf"} v 0) -- 0x7f35fc0640a0 con 0x7f35fc107310
2024-04-21T08:36:52.037 INFO:teuthology.orchestra.run.smithi082.stdout:/usr/bin/ceph: stderr
2024-04-21T08:36:51.471+0000 7f35f9ffb700 1 -- 172.21.15.82:0/1734338042 <== mon.0 v2:172.21.15.82:3300/0 7 ==== mon_command_ack([{"prefix": "config assimilate-conf"}]=0 v3) ==== 70+0+409 (secure 0 0 0) 0x7f35f00042a0 con 0x7f35fc107310
2024-04-21T08:36:52.038 INFO:teuthology.orchestra.run.smithi082.stdout:/usr/bin/ceph: stderr
2024-04-21T08:36:51.474+0000 7f3602f16700 1 -- 172.21.15.82:0/1734338042 >> [v2:172.21.15.82:6800/2710226711,v1:172.21.15.82:6801/2710226711] conn(0x7f35ec039670 msgr2=0x7f35ec03bb30 secure :-1 s=STATE_CONNECTION_ESTABLISHED l=1).mark_down
2024-04-21T08:36:52.038 INFO:teuthology.orchestra.run.smithi082.stdout:/usr/bin/ceph: stderr
2024-04-21T08:36:51.474+0000 7f3602f16700 1 --2- 172.21.15.82:0/1734338042 >> [v2:172.21.15.82:6800/2710226711,v1:172.21.15.82:6801/2710226711] conn(0x7f35ec039670 0x7f35ec03bb30 secure :-1 s=READY pgs=7 cs=0 l=1 rev1=1 crypto rx=0x7f35e8006fd0 tx=0x7f35e8006e40 comp rx=0 tx=0).stop
2024-04-21T08:36:52.038 INFO:teuthology.orchestra.run.smithi082.stdout:/usr/bin/ceph: stderr
2024-04-21T08:36:51.474+0000 7f3602f16700 1 -- 172.21.15.82:0/1734338042 >> [v2:172.21.15.82:3300/0,v1:172.21.15.82:6789/0] conn(0x7f35fc107310 msgr2=0x7f35fc07ba40 secure :-1 s=STATE_CONNECTION_ESTABLISHED l=1).mark_down
2024-04-21T08:36:52.038 INFO:teuthology.orchestra.run.smithi082.stdout:/usr/bin/ceph: stderr
2024-04-21T08:36:51.474+0000 7f3602f16700 1 --2- 172.21.15.82:0/1734338042 >> [v2:172.21.15.82:3300/0,v1:172.21.15.82:6789/0] conn(0x7f35fc107310 0x7f35fc07ba40 secure :-1 s=READY pgs=21 cs=0 l=1 rev1=1 crypto rx=0x7f35f00117b0 tx=0x7f35f0011b70 comp rx=0 tx=0).stop
2024-04-21T08:36:52.038 INFO:teuthology.orchestra.run.smithi082.stdout:/usr/bin/ceph: stderr
2024-04-21T08:36:51.474+0000 7f3602f16700 1 -- 172.21.15.82:0/1734338042 shutdown_connections
2024-04-21T08:36:52.038 INFO:teuthology.orchestra.run.smithi082.stdout:/usr/bin/ceph: stderr
2024-04-21T08:36:51.474+0000 7f3602f16700 1 --2- 172.21.15.82:0/1734338042 >> [v2:172.21.15.82:6800/2710226711,v1:172.21.15.82:6801/2710226711] conn(0x7f35ec039670 0x7f35ec03bb30 unknown :-1 s=CLOSED pgs=7 cs=0 l=1 rev1=1 crypto rx=0 tx=0 comp rx=0 tx=0).stop
2024-04-21T08:36:52.038 INFO:teuthology.orchestra.run.smithi082.stdout:/usr/bin/ceph: stderr
2024-04-21T08:36:51.474+0000 7f3602f16700 1 --2- 172.21.15.82:0/1734338042 >> [v2:172.21.15.82:3300/0,v1:172.21.15.82:6789/0] conn(0x7f35fc107310 0x7f35fc07ba40 unknown :-1 s=CLOSED pgs=21 cs=0 l=1 rev1=1 crypto rx=0 tx=0 comp rx=0 tx=0).stop
2024-04-21T08:36:52.038 INFO:teuthology.orchestra.run.smithi082.stdout:/usr/bin/ceph: stderr
2024-04-21T08:36:51.474+0000 7f3602f16700 1 -- 172.21.15.82:0/1734338042 >> 172.21.15.82:0/1734338042 conn(0x7f35fc1028b0 msgr2=0x7f35fc1033a0 unknown :-1 s=STATE_NONE l=0).mark_down
2024-04-21T08:36:52.038 INFO:teuthology.orchestra.run.smithi082.stdout:/usr/bin/ceph: stderr
2024-04-21T08:36:51.474+0000 7f3602f16700 1 -- 172.21.15.82:0/1734338042 shutdown_connections
2024-04-21T08:36:52.038 INFO:teuthology.orchestra.run.smithi082.stdout:/usr/bin/ceph: stderr
2024-04-21T08:36:51.474+0000 7f3602f16700 1 -- 172.21.15.82:0/1734338042 wait complete.
2024-04-21T08:36:52.038 INFO:teuthology.orchestra.run.smithi082.stdout:Enabling cephadm module...
2024-04-21T08:36:53.108 INFO:journalctl@ceph.mon.a.smithi082.stdout:Apr 21 08:36:52 smithi082 ceph-mon[27967]: from='client.? 172.21.15.82:0/4112960383' entity='client.admin' cmd=[{"prefix": "mgr module enable", "module": "cephadm"}]: dispatch
2024-04-21T08:36:53.108 INFO:journalctl@ceph.mgr.x.smithi082.stdout:Apr 21 08:36:52 smithi082 ceph-24d05dee-ffba-11ee-bc93-c7b262605968-mgr-x[28197]: ignoring --setuser ceph since I am not root
2024-04-21T08:36:53.108 INFO:journalctl@ceph.mgr.x.smithi082.stdout:Apr 21 08:36:52 smithi082 ceph-24d05dee-ffba-11ee-bc93-c7b262605968-mgr-x[28197]: ignoring --setgroup ceph since I am not root
2024-04-21T08:36:53.108 INFO:journalctl@ceph.mgr.x.smithi082.stdout:Apr 21 08:36:52 smithi082 ceph-24d05dee-ffba-11ee-bc93-c7b262605968-mgr-x[28197]:
2024-04-21T08:36:52.948+0000 7fb9d33f9200 -1 mgr[py] Module balancer has missing NOTIFY_TYPES member
2024-04-21T08:36:53.536 INFO:journalctl@ceph.mgr.x.smithi082.stdout:Apr 21 08:36:53 smithi082 ceph-24d05dee-ffba-11ee-bc93-c7b262605968-mgr-x[28197]:
2024-04-21T08:36:53.131+0000 7fb9d33f9200 -1 mgr[py] Module orchestrator has missing NOTIFY_TYPES member
2024-04-21T08:36:53.537 INFO:journalctl@ceph.mgr.x.smithi082.stdout:Apr 21 08:36:53 smithi082 ceph-24d05dee-ffba-11ee-bc93-c7b262605968-mgr-x[28197]:
2024-04-21T08:36:53.234+0000 7fb9d33f9200 -1 mgr[py] Module snap_schedule has missing NOTIFY_TYPES member
2024-04-21T08:36:53.537 INFO:journalctl@ceph.mgr.x.smithi082.stdout:Apr 21 08:36:53 smithi082 ceph-24d05dee-ffba-11ee-bc93-c7b262605968-mgr-x[28197]:
2024-04-21T08:36:53.537+0000 7fb9d33f9200 -1 mgr[py] Module progress has missing NOTIFY_TYPES member
2024-04-21T08:36:53.787 INFO:journalctl@ceph.mgr.x.smithi082.stdout:Apr 21 08:36:53 smithi082 ceph-24d05dee-ffba-11ee-bc93-c7b262605968-mgr-x[28197]:
2024-04-21T08:36:53.622+0000 7fb9d33f9200 -1 mgr[py] Module influx has missing NOTIFY_TYPES member
2024-04-21T08:36:53.980 INFO:teuthology.orchestra.run.smithi082.stdout:/usr/bin/ceph: stderr
2024-04-21T08:36:52.469+0000 7f211cf80700 1 Processor -- start
2024-04-21T08:36:53.980 INFO:teuthology.orchestra.run.smithi082.stdout:/usr/bin/ceph: stderr
2024-04-21T08:36:52.469+0000 7f211cf80700 1 -- start start
2024-04-21T08:36:53.981 INFO:teuthology.orchestra.run.smithi082.stdout:/usr/bin/ceph: stderr
2024-04-21T08:36:52.469+0000 7f211cf80700 1 --2- >> [v2:172.21.15.82:3300/0,v1:172.21.15.82:6789/0] conn(0x7f21181084b0 0x7f21181088d0 unknown :-1 s=NONE pgs=0 cs=0 l=0 rev1=0 crypto rx=0 tx=0 comp rx=0 tx=0).connect
2024-04-21T08:36:53.981 INFO:teuthology.orchestra.run.smithi082.stdout:/usr/bin/ceph: stderr
2024-04-21T08:36:52.469+0000 7f211cf80700 1 -- --> [v2:172.21.15.82:3300/0,v1:172.21.15.82:6789/0] -- mon_getmap magic: 0 -- 0x7f2118108ea0 con 0x7f21181084b0
2024-04-21T08:36:53.981 INFO:teuthology.orchestra.run.smithi082.stdout:/usr/bin/ceph: stderr
2024-04-21T08:36:52.469+0000 7f211659c700 1 --2- >> [v2:172.21.15.82:3300/0,v1:172.21.15.82:6789/0] conn(0x7f21181084b0 0x7f21181088d0 unknown :-1 s=BANNER_CONNECTING pgs=0 cs=0 l=0 rev1=0 crypto rx=0 tx=0 comp rx=0 tx=0)._handle_peer_banner_payload supported=3 required=0
2024-04-21T08:36:53.981 INFO:teuthology.orchestra.run.smithi082.stdout:/usr/bin/ceph: stderr
2024-04-21T08:36:52.469+0000 7f211659c700 1 --2- >> [v2:172.21.15.82:3300/0,v1:172.21.15.82:6789/0] conn(0x7f21181084b0 0x7f21181088d0 unknown :-1 s=HELLO_CONNECTING pgs=0 cs=0 l=0 rev1=1 crypto rx=0 tx=0 comp rx=0 tx=0).handle_hello peer v2:172.21.15.82:3300/0 says I am v2:172.21.15.82:54822/0 (socket says 172.21.15.82:54822)
2024-04-21T08:36:53.981 INFO:teuthology.orchestra.run.smithi082.stdout:/usr/bin/ceph: stderr
2024-04-21T08:36:52.469+0000 7f211659c700 1 -- 172.21.15.82:0/2398264852 learned_addr learned my addr 172.21.15.82:0/2398264852 (peer_addr_for_me v2:172.21.15.82:0/0)
2024-04-21T08:36:53.981 INFO:teuthology.orchestra.run.smithi082.stdout:/usr/bin/ceph: stderr
2024-04-21T08:36:52.470+0000 7f211659c700 1 -- 172.21.15.82:0/2398264852 --> [v2:172.21.15.82:3300/0,v1:172.21.15.82:6789/0] -- mon_subscribe({config=0+,monmap=0+}) -- 0x7f2118109660 con 0x7f21181084b0
2024-04-21T08:36:53.981 INFO:teuthology.orchestra.run.smithi082.stdout:/usr/bin/ceph: stderr
2024-04-21T08:36:52.470+0000 7f211659c700 1 --2- 172.21.15.82:0/2398264852 >> [v2:172.21.15.82:3300/0,v1:172.21.15.82:6789/0] conn(0x7f21181084b0 0x7f21181088d0 secure :-1 s=READY pgs=22 cs=0 l=1 rev1=1 crypto rx=0x7f2110009e80 tx=0x7f211000b330 comp rx=0 tx=0).ready entity=mon.0 client_cookie=17f0e430b0676360 server_cookie=0 in_seq=0 out_seq=0
2024-04-21T08:36:53.981 INFO:teuthology.orchestra.run.smithi082.stdout:/usr/bin/ceph: stderr
2024-04-21T08:36:52.470+0000 7f211559a700 1 -- 172.21.15.82:0/2398264852 <== mon.0 v2:172.21.15.82:3300/0 1 ==== mon_map magic: 0 ==== 205+0+0 (secure 0 0 0) 0x7f2110017070 con 0x7f21181084b0
2024-04-21T08:36:53.981 INFO:teuthology.orchestra.run.smithi082.stdout:/usr/bin/ceph: stderr
2024-04-21T08:36:52.470+0000 7f211559a700 1 -- 172.21.15.82:0/2398264852 <== mon.0 v2:172.21.15.82:3300/0 2 ==== config(26 keys) ==== 1070+0+0 (secure 0 0 0) 0x7f211000b8c0 con 0x7f21181084b0
2024-04-21T08:36:53.981 INFO:teuthology.orchestra.run.smithi082.stdout:/usr/bin/ceph: stderr
2024-04-21T08:36:52.470+0000 7f211559a700 1 -- 172.21.15.82:0/2398264852 <== mon.0 v2:172.21.15.82:3300/0 3 ==== mon_map magic: 0 ==== 205+0+0 (secure 0 0 0) 0x7f2110004490 con 0x7f21181084b0
2024-04-21T08:36:53.981 INFO:teuthology.orchestra.run.smithi082.stdout:/usr/bin/ceph: stderr
2024-04-21T08:36:52.471+0000 7f211cf80700 1 -- 172.21.15.82:0/2398264852 >> [v2:172.21.15.82:3300/0,v1:172.21.15.82:6789/0] conn(0x7f21181084b0 msgr2=0x7f21181088d0 secure :-1 s=STATE_CONNECTION_ESTABLISHED l=1).mark_down
2024-04-21T08:36:53.981 INFO:teuthology.orchestra.run.smithi082.stdout:/usr/bin/ceph: stderr
2024-04-21T08:36:52.471+0000 7f211cf80700 1 --2- 172.21.15.82:0/2398264852 >> [v2:172.21.15.82:3300/0,v1:172.21.15.82:6789/0] conn(0x7f21181084b0 0x7f21181088d0 secure :-1 s=READY pgs=22 cs=0 l=1 rev1=1 crypto rx=0x7f2110009e80 tx=0x7f211000b330 comp rx=0 tx=0).stop
2024-04-21T08:36:53.981 INFO:teuthology.orchestra.run.smithi082.stdout:/usr/bin/ceph: stderr
2024-04-21T08:36:52.471+0000 7f211cf80700 1 -- 172.21.15.82:0/2398264852 shutdown_connections
2024-04-21T08:36:53.982 INFO:teuthology.orchestra.run.smithi082.stdout:/usr/bin/ceph: stderr
2024-04-21T08:36:52.471+0000 7f211cf80700 1 --2- 172.21.15.82:0/2398264852 >> [v2:172.21.15.82:3300/0,v1:172.21.15.82:6789/0] conn(0x7f21181084b0 0x7f21181088d0 unknown :-1 s=CLOSED pgs=22 cs=0 l=1 rev1=1 crypto rx=0 tx=0 comp rx=0 tx=0).stop
2024-04-21T08:36:53.982 INFO:teuthology.orchestra.run.smithi082.stdout:/usr/bin/ceph: stderr
2024-04-21T08:36:52.471+0000 7f211cf80700 1 -- 172.21.15.82:0/2398264852 >> 172.21.15.82:0/2398264852 conn(0x7f2118103af0 msgr2=0x7f2118105f10 unknown :-1 s=STATE_NONE l=0).mark_down
2024-04-21T08:36:53.982 INFO:teuthology.orchestra.run.smithi082.stdout:/usr/bin/ceph: stderr
2024-04-21T08:36:52.471+0000 7f211cf80700 1 -- 172.21.15.82:0/2398264852 shutdown_connections
2024-04-21T08:36:53.982 INFO:teuthology.orchestra.run.smithi082.stdout:/usr/bin/ceph: stderr
2024-04-21T08:36:52.471+0000 7f211cf80700 1 -- 172.21.15.82:0/2398264852 wait complete.
2024-04-21T08:36:53.982 INFO:teuthology.orchestra.run.smithi082.stdout:/usr/bin/ceph: stderr
2024-04-21T08:36:52.471+0000 7f211cf80700 1 Processor -- start
2024-04-21T08:36:53.982 INFO:teuthology.orchestra.run.smithi082.stdout:/usr/bin/ceph: stderr
2024-04-21T08:36:52.471+0000 7f211cf80700 1 -- start start
2024-04-21T08:36:53.982 INFO:teuthology.orchestra.run.smithi082.stdout:/usr/bin/ceph: stderr
2024-04-21T08:36:52.472+0000 7f211cf80700 1 --2- >> [v2:172.21.15.82:3300/0,v1:172.21.15.82:6789/0] conn(0x7f21181084b0 0x7f211819c180 unknown :-1 s=NONE pgs=0 cs=0 l=1 rev1=0 crypto rx=0 tx=0 comp rx=0 tx=0).connect
2024-04-21T08:36:53.982 INFO:teuthology.orchestra.run.smithi082.stdout:/usr/bin/ceph: stderr
2024-04-21T08:36:52.472+0000 7f211cf80700 1 -- --> [v2:172.21.15.82:3300/0,v1:172.21.15.82:6789/0] -- mon_getmap magic: 0 -- 0x7f211810c890 con 0x7f21181084b0
2024-04-21T08:36:53.982 INFO:teuthology.orchestra.run.smithi082.stdout:/usr/bin/ceph: stderr
2024-04-21T08:36:52.472+0000 7f211659c700 1 --2- >> [v2:172.21.15.82:3300/0,v1:172.21.15.82:6789/0] conn(0x7f21181084b0 0x7f211819c180 unknown :-1 s=BANNER_CONNECTING pgs=0 cs=0 l=1 rev1=0 crypto rx=0 tx=0 comp rx=0 tx=0)._handle_peer_banner_payload supported=3 required=0
2024-04-21T08:36:53.982 INFO:teuthology.orchestra.run.smithi082.stdout:/usr/bin/ceph: stderr
2024-04-21T08:36:52.472+0000 7f211659c700 1 --2- >> [v2:172.21.15.82:3300/0,v1:172.21.15.82:6789/0] conn(0x7f21181084b0 0x7f211819c180 unknown :-1 s=HELLO_CONNECTING pgs=0 cs=0 l=1 rev1=1 crypto rx=0 tx=0 comp rx=0 tx=0).handle_hello peer v2:172.21.15.82:3300/0 says I am v2:172.21.15.82:54826/0 (socket says 172.21.15.82:54826)
2024-04-21T08:36:53.982 INFO:teuthology.orchestra.run.smithi082.stdout:/usr/bin/ceph: stderr
2024-04-21T08:36:52.472+0000 7f211659c700 1 -- 172.21.15.82:0/4112960383 learned_addr learned my addr 172.21.15.82:0/4112960383 (peer_addr_for_me v2:172.21.15.82:0/0)
2024-04-21T08:36:53.982 INFO:teuthology.orchestra.run.smithi082.stdout:/usr/bin/ceph: stderr
2024-04-21T08:36:52.472+0000 7f211659c700 1 -- 172.21.15.82:0/4112960383 --> [v2:172.21.15.82:3300/0,v1:172.21.15.82:6789/0] -- mon_subscribe({config=0+,monmap=0+}) -- 0x7f211819c6c0 con 0x7f21181084b0
2024-04-21T08:36:53.982 INFO:teuthology.orchestra.run.smithi082.stdout:/usr/bin/ceph: stderr
2024-04-21T08:36:52.472+0000 7f211659c700 1 --2- 172.21.15.82:0/4112960383 >> [v2:172.21.15.82:3300/0,v1:172.21.15.82:6789/0] conn(0x7f21181084b0 0x7f211819c180 secure :-1 s=READY pgs=23 cs=0 l=1 rev1=1 crypto rx=0x7f2110004a60 tx=0x7f211000bd50 comp rx=0 tx=0).ready entity=mon.0 client_cookie=0 server_cookie=0 in_seq=0 out_seq=0
2024-04-21T08:36:53.983 INFO:teuthology.orchestra.run.smithi082.stdout:/usr/bin/ceph: stderr
2024-04-21T08:36:52.472+0000 7f21077fe700 1 -- 172.21.15.82:0/4112960383 <== mon.0 v2:172.21.15.82:3300/0 1 ==== mon_map magic: 0 ==== 205+0+0 (secure 0 0 0) 0x7f2110020020 con 0x7f21181084b0
2024-04-21T08:36:53.983 INFO:teuthology.orchestra.run.smithi082.stdout:/usr/bin/ceph: stderr
2024-04-21T08:36:52.472+0000 7f21077fe700 1 -- 172.21.15.82:0/4112960383 <== mon.0 v2:172.21.15.82:3300/0 2 ==== config(26 keys) ==== 1070+0+0 (secure 0 0 0) 0x7f2110003c60 con 0x7f21181084b0
2024-04-21T08:36:53.983 INFO:teuthology.orchestra.run.smithi082.stdout:/usr/bin/ceph: stderr
2024-04-21T08:36:52.472+0000 7f21077fe700 1 -- 172.21.15.82:0/4112960383 <== mon.0 v2:172.21.15.82:3300/0 3 ==== mon_map magic: 0 ==== 205+0+0 (secure 0 0 0) 0x7f2110017040 con 0x7f21181084b0
2024-04-21T08:36:53.983 INFO:teuthology.orchestra.run.smithi082.stdout:/usr/bin/ceph: stderr
2024-04-21T08:36:52.472+0000 7f211cf80700 1 -- 172.21.15.82:0/4112960383 --> [v2:172.21.15.82:3300/0,v1:172.21.15.82:6789/0] -- mon_subscribe({mgrmap=0+}) -- 0x7f211819c950 con 0x7f21181084b0
2024-04-21T08:36:53.983 INFO:teuthology.orchestra.run.smithi082.stdout:/usr/bin/ceph: stderr
2024-04-21T08:36:52.472+0000 7f211cf80700 1 -- 172.21.15.82:0/4112960383 --> [v2:172.21.15.82:3300/0,v1:172.21.15.82:6789/0] -- mon_subscribe({osdmap=0}) -- 0x7f211819f640 con 0x7f21181084b0
2024-04-21T08:36:53.983 INFO:teuthology.orchestra.run.smithi082.stdout:/usr/bin/ceph: stderr
2024-04-21T08:36:52.473+0000 7f21077fe700 1 -- 172.21.15.82:0/4112960383 <== mon.0 v2:172.21.15.82:3300/0 4 ==== mgrmap(e 4) ==== 46547+0+0 (secure 0 0 0) 0x7f2110023020 con 0x7f21181084b0
2024-04-21T08:36:53.983 INFO:teuthology.orchestra.run.smithi082.stdout:/usr/bin/ceph: stderr
2024-04-21T08:36:52.473+0000 7f211cf80700 1 -- 172.21.15.82:0/4112960383 --> [v2:172.21.15.82:3300/0,v1:172.21.15.82:6789/0] -- mon_command({"prefix": "get_command_descriptions"} v 0) -- 0x7f21180640a0 con 0x7f21181084b0
2024-04-21T08:36:53.983 INFO:teuthology.orchestra.run.smithi082.stdout:/usr/bin/ceph: stderr
2024-04-21T08:36:52.473+0000 7f21077fe700 1 --2- 172.21.15.82:0/4112960383 >> [v2:172.21.15.82:6800/2710226711,v1:172.21.15.82:6801/2710226711] conn(0x7f2100039670 0x7f210003bb30 unknown :-1 s=NONE pgs=0 cs=0 l=1 rev1=0 crypto rx=0 tx=0 comp rx=0 tx=0).connect
2024-04-21T08:36:53.983 INFO:teuthology.orchestra.run.smithi082.stdout:/usr/bin/ceph: stderr
2024-04-21T08:36:52.473+0000 7f21077fe700 1 -- 172.21.15.82:0/4112960383 <== mon.0 v2:172.21.15.82:3300/0 5 ==== osd_map(1..1 src has 1..1) ==== 725+0+0 (secure 0 0 0) 0x7f211000f050 con 0x7f21181084b0
2024-04-21T08:36:53.983 INFO:teuthology.orchestra.run.smithi082.stdout:/usr/bin/ceph: stderr
2024-04-21T08:36:52.473+0000 7f2115d9b700 1 --2- 172.21.15.82:0/4112960383 >> [v2:172.21.15.82:6800/2710226711,v1:172.21.15.82:6801/2710226711] conn(0x7f2100039670 0x7f210003bb30 unknown :-1 s=BANNER_CONNECTING pgs=0 cs=0 l=1 rev1=0 crypto rx=0 tx=0 comp rx=0 tx=0)._handle_peer_banner_payload supported=3 required=0
2024-04-21T08:36:53.983 INFO:teuthology.orchestra.run.smithi082.stdout:/usr/bin/ceph: stderr
2024-04-21T08:36:52.474+0000 7f2115d9b700 1 --2- 172.21.15.82:0/4112960383 >> [v2:172.21.15.82:6800/2710226711,v1:172.21.15.82:6801/2710226711] conn(0x7f2100039670 0x7f210003bb30 secure :-1 s=READY pgs=8 cs=0 l=1 rev1=1 crypto rx=0x7f210c006fd0 tx=0x7f210c006e40 comp rx=0 tx=0).ready entity=mgr.14100 client_cookie=0 server_cookie=0 in_seq=0 out_seq=0
2024-04-21T08:36:53.983 INFO:teuthology.orchestra.run.smithi082.stdout:/usr/bin/ceph: stderr
2024-04-21T08:36:52.478+0000 7f21077fe700 1 -- 172.21.15.82:0/4112960383 <== mon.0 v2:172.21.15.82:3300/0 6 ==== mon_command_ack([{"prefix": "get_command_descriptions"}]=0 v0) ==== 72+0+188370 (secure 0 0 0) 0x7f211002a020 con 0x7f21181084b0
2024-04-21T08:36:53.983 INFO:teuthology.orchestra.run.smithi082.stdout:/usr/bin/ceph: stderr
2024-04-21T08:36:52.731+0000 7f211cf80700 1 -- 172.21.15.82:0/4112960383 --> [v2:172.21.15.82:3300/0,v1:172.21.15.82:6789/0] -- mon_command({"prefix": "mgr module enable", "module": "cephadm"} v 0) -- 0x7f211819fd30 con 0x7f21181084b0
2024-04-21T08:36:53.984 INFO:teuthology.orchestra.run.smithi082.stdout:/usr/bin/ceph: stderr
2024-04-21T08:36:52.783+0000 7f21077fe700 1 -- 172.21.15.82:0/4112960383 <== mon.0 v2:172.21.15.82:3300/0 7 ==== mon_command_ack([{"prefix": "mgr module enable", "module": "cephadm"}]=0 v5) ==== 86+0+0 (secure 0 0 0) 0x7f2110003e80 con 0x7f21181084b0
2024-04-21T08:36:53.984 INFO:teuthology.orchestra.run.smithi082.stdout:/usr/bin/ceph: stderr
2024-04-21T08:36:52.784+0000 7f21077fe700 1 -- 172.21.15.82:0/4112960383 <== mon.0 v2:172.21.15.82:3300/0 8 ==== mgrmap(e 5) ==== 46558+0+0 (secure 0 0 0) 0x7f2110025400 con 0x7f21181084b0
2024-04-21T08:36:53.984 INFO:teuthology.orchestra.run.smithi082.stdout:/usr/bin/ceph: stderr
2024-04-21T08:36:52.785+0000 7f211cf80700 1 -- 172.21.15.82:0/4112960383 >> [v2:172.21.15.82:6800/2710226711,v1:172.21.15.82:6801/2710226711] conn(0x7f2100039670 msgr2=0x7f210003bb30 secure :-1 s=STATE_CONNECTION_ESTABLISHED l=1).mark_down
2024-04-21T08:36:53.984 INFO:teuthology.orchestra.run.smithi082.stdout:/usr/bin/ceph: stderr
2024-04-21T08:36:52.785+0000 7f211cf80700 1 --2- 172.21.15.82:0/4112960383 >> [v2:172.21.15.82:6800/2710226711,v1:172.21.15.82:6801/2710226711] conn(0x7f2100039670 0x7f210003bb30 secure :-1 s=READY pgs=8 cs=0 l=1 rev1=1 crypto rx=0x7f210c006fd0 tx=0x7f210c006e40 comp rx=0 tx=0).stop
2024-04-21T08:36:53.984 INFO:teuthology.orchestra.run.smithi082.stdout:/usr/bin/ceph: stderr
2024-04-21T08:36:52.785+0000 7f211cf80700 1 -- 172.21.15.82:0/4112960383 >> [v2:172.21.15.82:3300/0,v1:172.21.15.82:6789/0] conn(0x7f21181084b0 msgr2=0x7f211819c180 secure :-1 s=STATE_CONNECTION_ESTABLISHED l=1).mark_down
2024-04-21T08:36:53.984 INFO:teuthology.orchestra.run.smithi082.stdout:/usr/bin/ceph: stderr
2024-04-21T08:36:52.785+0000 7f211cf80700 1 --2- 172.21.15.82:0/4112960383 >> [v2:172.21.15.82:3300/0,v1:172.21.15.82:6789/0] conn(0x7f21181084b0 0x7f211819c180 secure :-1 s=READY pgs=23 cs=0 l=1 rev1=1 crypto rx=0x7f2110004a60 tx=0x7f211000bd50 comp rx=0 tx=0).stop
2024-04-21T08:36:53.984 INFO:teuthology.orchestra.run.smithi082.stdout:/usr/bin/ceph: stderr
2024-04-21T08:36:52.785+0000 7f211cf80700 1 -- 172.21.15.82:0/4112960383 shutdown_connections
2024-04-21T08:36:53.984 INFO:teuthology.orchestra.run.smithi082.stdout:/usr/bin/ceph: stderr
2024-04-21T08:36:52.785+0000 7f211cf80700 1 --2- 172.21.15.82:0/4112960383 >> [v2:172.21.15.82:6800/2710226711,v1:172.21.15.82:6801/2710226711] conn(0x7f2100039670 0x7f210003bb30 unknown :-1 s=CLOSED pgs=8 cs=0 l=1 rev1=1 crypto rx=0 tx=0 comp rx=0 tx=0).stop
2024-04-21T08:36:53.984 INFO:teuthology.orchestra.run.smithi082.stdout:/usr/bin/ceph: stderr
2024-04-21T08:36:52.786+0000 7f211cf80700 1 --2- 172.21.15.82:0/4112960383 >> [v2:172.21.15.82:3300/0,v1:172.21.15.82:6789/0] conn(0x7f21181084b0 0x7f211819c180 unknown :-1 s=CLOSED pgs=23 cs=0 l=1 rev1=1 crypto rx=0 tx=0 comp rx=0 tx=0).stop
2024-04-21T08:36:53.984 INFO:teuthology.orchestra.run.smithi082.stdout:/usr/bin/ceph: stderr
2024-04-21T08:36:52.786+0000 7f211cf80700 1 -- 172.21.15.82:0/4112960383 >> 172.21.15.82:0/4112960383 conn(0x7f2118103af0 msgr2=0x7f21181044a0 unknown :-1 s=STATE_NONE l=0).mark_down
2024-04-21T08:36:53.984 INFO:teuthology.orchestra.run.smithi082.stdout:/usr/bin/ceph: stderr
2024-04-21T08:36:52.786+0000 7f211cf80700 1 -- 172.21.15.82:0/4112960383 shutdown_connections
