2024-04-21T08:37:19.696+0000 7fce901d1200 -1 mgr[py] Module orchestrator has missing NOTIFY_TYPES member
2024-04-21T08:37:20.108 INFO:journalctl@ceph.mgr.x.smithi082.stdout:Apr 21 08:37:19 smithi082 ceph-24d05dee-ffba-11ee-bc93-c7b262605968-mgr-x[28197]:
2024-04-21T08:37:19.806+0000 7fce901d1200 -1 mgr[py] Module snap_schedule has missing NOTIFY_TYPES member
2024-04-21T08:37:20.125 INFO:teuthology.orchestra.run.smithi082.stdout:/usr/bin/ceph: stderr
2024-04-21T08:37:18.337+0000 7f40dd39d700 1 Processor -- start
2024-04-21T08:37:20.125 INFO:teuthology.orchestra.run.smithi082.stdout:/usr/bin/ceph: stderr
2024-04-21T08:37:18.337+0000 7f40dd39d700 1 -- start start
2024-04-21T08:37:20.125 INFO:teuthology.orchestra.run.smithi082.stdout:/usr/bin/ceph: stderr
2024-04-21T08:37:18.337+0000 7f40dd39d700 1 --2- >> [v2:172.21.15.82:3300/0,v1:172.21.15.82:6789/0] conn(0x7f40d80681b0 0x7f40d81069d0 unknown :-1 s=NONE pgs=0 cs=0 l=0 rev1=0 crypto rx=0 tx=0 comp rx=0 tx=0).connect
2024-04-21T08:37:20.125 INFO:teuthology.orchestra.run.smithi082.stdout:/usr/bin/ceph: stderr
2024-04-21T08:37:18.337+0000 7f40dd39d700 1 -- --> [v2:172.21.15.82:3300/0,v1:172.21.15.82:6789/0] -- mon_getmap magic: 0 -- 0x7f40d8068660 con 0x7f40d80681b0
2024-04-21T08:37:20.125 INFO:teuthology.orchestra.run.smithi082.stdout:/usr/bin/ceph: stderr
2024-04-21T08:37:18.337+0000 7f40d6ffd700 1 --2- >> [v2:172.21.15.82:3300/0,v1:172.21.15.82:6789/0] conn(0x7f40d80681b0 0x7f40d81069d0 unknown :-1 s=BANNER_CONNECTING pgs=0 cs=0 l=0 rev1=0 crypto rx=0 tx=0 comp rx=0 tx=0)._handle_peer_banner_payload supported=3 required=0
2024-04-21T08:37:20.125 INFO:teuthology.orchestra.run.smithi082.stdout:/usr/bin/ceph: stderr
2024-04-21T08:37:18.337+0000 7f40d6ffd700 1 --2- >> [v2:172.21.15.82:3300/0,v1:172.21.15.82:6789/0] conn(0x7f40d80681b0 0x7f40d81069d0 unknown :-1 s=HELLO_CONNECTING pgs=0 cs=0 l=0 rev1=1 crypto rx=0 tx=0 comp rx=0 tx=0).handle_hello peer v2:172.21.15.82:3300/0 says I am v2:172.21.15.82:57874/0 (socket says 172.21.15.82:57874)
2024-04-21T08:37:20.125 INFO:teuthology.orchestra.run.smithi082.stdout:/usr/bin/ceph: stderr
2024-04-21T08:37:18.337+0000 7f40d6ffd700 1 -- 172.21.15.82:0/2063476470 learned_addr learned my addr 172.21.15.82:0/2063476470 (peer_addr_for_me v2:172.21.15.82:0/0)
2024-04-21T08:37:20.126 INFO:teuthology.orchestra.run.smithi082.stdout:/usr/bin/ceph: stderr
2024-04-21T08:37:18.338+0000 7f40d6ffd700 1 -- 172.21.15.82:0/2063476470 --> [v2:172.21.15.82:3300/0,v1:172.21.15.82:6789/0] -- mon_subscribe({config=0+,monmap=0+}) -- 0x7f40d80687e0 con 0x7f40d80681b0
2024-04-21T08:37:20.126 INFO:teuthology.orchestra.run.smithi082.stdout:/usr/bin/ceph: stderr
2024-04-21T08:37:18.338+0000 7f40d6ffd700 1 --2- 172.21.15.82:0/2063476470 >> [v2:172.21.15.82:3300/0,v1:172.21.15.82:6789/0] conn(0x7f40d80681b0 0x7f40d81069d0 secure :-1 s=READY pgs=55 cs=0 l=1 rev1=1 crypto rx=0x7f40c80098a0 tx=0x7f40c8009bb0 comp rx=0 tx=0).ready entity=mon.0 client_cookie=7759b3fe670b05bc server_cookie=0 in_seq=0 out_seq=0
2024-04-21T08:37:20.126 INFO:teuthology.orchestra.run.smithi082.stdout:/usr/bin/ceph: stderr
2024-04-21T08:37:18.338+0000 7f40d5ffb700 1 -- 172.21.15.82:0/2063476470 <== mon.0 v2:172.21.15.82:3300/0 1 ==== mon_map magic: 0 ==== 205+0+0 (secure 0 0 0) 0x7f40c8004160 con 0x7f40d80681b0
2024-04-21T08:37:20.126 INFO:teuthology.orchestra.run.smithi082.stdout:/usr/bin/ceph: stderr
2024-04-21T08:37:18.338+0000 7f40d5ffb700 1 -- 172.21.15.82:0/2063476470 <== mon.0 v2:172.21.15.82:3300/0 2 ==== config(26 keys) ==== 1101+0+0 (secure 0 0 0) 0x7f40c8004300 con 0x7f40d80681b0
2024-04-21T08:37:20.126 INFO:teuthology.orchestra.run.smithi082.stdout:/usr/bin/ceph: stderr
2024-04-21T08:37:18.338+0000 7f40d5ffb700 1 -- 172.21.15.82:0/2063476470 <== mon.0 v2:172.21.15.82:3300/0 3 ==== mon_map magic: 0 ==== 205+0+0 (secure 0 0 0) 0x7f40c8011a20 con 0x7f40d80681b0
2024-04-21T08:37:20.126 INFO:teuthology.orchestra.run.smithi082.stdout:/usr/bin/ceph: stderr
2024-04-21T08:37:18.339+0000 7f40dd39d700 1 -- 172.21.15.82:0/2063476470 >> [v2:172.21.15.82:3300/0,v1:172.21.15.82:6789/0] conn(0x7f40d80681b0 msgr2=0x7f40d81069d0 secure :-1 s=STATE_CONNECTION_ESTABLISHED l=1).mark_down
2024-04-21T08:37:20.126 INFO:teuthology.orchestra.run.smithi082.stdout:/usr/bin/ceph: stderr
2024-04-21T08:37:18.339+0000 7f40dd39d700 1 --2- 172.21.15.82:0/2063476470 >> [v2:172.21.15.82:3300/0,v1:172.21.15.82:6789/0] conn(0x7f40d80681b0 0x7f40d81069d0 secure :-1 s=READY pgs=55 cs=0 l=1 rev1=1 crypto rx=0x7f40c80098a0 tx=0x7f40c8009bb0 comp rx=0 tx=0).stop
2024-04-21T08:37:20.126 INFO:teuthology.orchestra.run.smithi082.stdout:/usr/bin/ceph: stderr
2024-04-21T08:37:18.339+0000 7f40dd39d700 1 -- 172.21.15.82:0/2063476470 shutdown_connections
2024-04-21T08:37:20.126 INFO:teuthology.orchestra.run.smithi082.stdout:/usr/bin/ceph: stderr
2024-04-21T08:37:18.339+0000 7f40dd39d700 1 --2- 172.21.15.82:0/2063476470 >> [v2:172.21.15.82:3300/0,v1:172.21.15.82:6789/0] conn(0x7f40d80681b0 0x7f40d81069d0 unknown :-1 s=CLOSED pgs=55 cs=0 l=1 rev1=1 crypto rx=0 tx=0 comp rx=0 tx=0).stop
2024-04-21T08:37:20.126 INFO:teuthology.orchestra.run.smithi082.stdout:/usr/bin/ceph: stderr
2024-04-21T08:37:18.339+0000 7f40dd39d700 1 -- 172.21.15.82:0/2063476470 >> 172.21.15.82:0/2063476470 conn(0x7f40d8101f50 msgr2=0x7f40d81043b0 unknown :-1 s=STATE_NONE l=0).mark_down
2024-04-21T08:37:20.126 INFO:teuthology.orchestra.run.smithi082.stdout:/usr/bin/ceph: stderr
2024-04-21T08:37:18.339+0000 7f40dd39d700 1 -- 172.21.15.82:0/2063476470 shutdown_connections
2024-04-21T08:37:20.126 INFO:teuthology.orchestra.run.smithi082.stdout:/usr/bin/ceph: stderr
2024-04-21T08:37:18.339+0000 7f40dd39d700 1 -- 172.21.15.82:0/2063476470 wait complete.
2024-04-21T08:37:20.126 INFO:teuthology.orchestra.run.smithi082.stdout:/usr/bin/ceph: stderr
2024-04-21T08:37:18.339+0000 7f40dd39d700 1 Processor -- start
2024-04-21T08:37:20.126 INFO:teuthology.orchestra.run.smithi082.stdout:/usr/bin/ceph: stderr
2024-04-21T08:37:18.340+0000 7f40dd39d700 1 -- start start
2024-04-21T08:37:20.127 INFO:teuthology.orchestra.run.smithi082.stdout:/usr/bin/ceph: stderr
2024-04-21T08:37:18.340+0000 7f40dd39d700 1 --2- >> [v2:172.21.15.82:3300/0,v1:172.21.15.82:6789/0] conn(0x7f40d80681b0 0x7f40d819e400 unknown :-1 s=NONE pgs=0 cs=0 l=1 rev1=0 crypto rx=0 tx=0 comp rx=0 tx=0).connect
2024-04-21T08:37:20.127 INFO:teuthology.orchestra.run.smithi082.stdout:/usr/bin/ceph: stderr
2024-04-21T08:37:18.340+0000 7f40dd39d700 1 -- --> [v2:172.21.15.82:3300/0,v1:172.21.15.82:6789/0] -- mon_getmap magic: 0 -- 0x7f40d8108350 con 0x7f40d80681b0
2024-04-21T08:37:20.127 INFO:teuthology.orchestra.run.smithi082.stdout:/usr/bin/ceph: stderr
2024-04-21T08:37:18.340+0000 7f40d6ffd700 1 --2- >> [v2:172.21.15.82:3300/0,v1:172.21.15.82:6789/0] conn(0x7f40d80681b0 0x7f40d819e400 unknown :-1 s=BANNER_CONNECTING pgs=0 cs=0 l=1 rev1=0 crypto rx=0 tx=0 comp rx=0 tx=0)._handle_peer_banner_payload supported=3 required=0
2024-04-21T08:37:20.127 INFO:teuthology.orchestra.run.smithi082.stdout:/usr/bin/ceph: stderr
2024-04-21T08:37:18.340+0000 7f40d6ffd700 1 --2- >> [v2:172.21.15.82:3300/0,v1:172.21.15.82:6789/0] conn(0x7f40d80681b0 0x7f40d819e400 unknown :-1 s=HELLO_CONNECTING pgs=0 cs=0 l=1 rev1=1 crypto rx=0 tx=0 comp rx=0 tx=0).handle_hello peer v2:172.21.15.82:3300/0 says I am v2:172.21.15.82:57890/0 (socket says 172.21.15.82:57890)
2024-04-21T08:37:20.127 INFO:teuthology.orchestra.run.smithi082.stdout:/usr/bin/ceph: stderr
2024-04-21T08:37:18.340+0000 7f40d6ffd700 1 -- 172.21.15.82:0/2958685518 learned_addr learned my addr 172.21.15.82:0/2958685518 (peer_addr_for_me v2:172.21.15.82:0/0)
2024-04-21T08:37:20.127 INFO:teuthology.orchestra.run.smithi082.stdout:/usr/bin/ceph: stderr
2024-04-21T08:37:18.340+0000 7f40d6ffd700 1 -- 172.21.15.82:0/2958685518 --> [v2:172.21.15.82:3300/0,v1:172.21.15.82:6789/0] -- mon_subscribe({config=0+,monmap=0+}) -- 0x7f40d819e940 con 0x7f40d80681b0
2024-04-21T08:37:20.127 INFO:teuthology.orchestra.run.smithi082.stdout:/usr/bin/ceph: stderr
2024-04-21T08:37:18.340+0000 7f40d6ffd700 1 --2- 172.21.15.82:0/2958685518 >> [v2:172.21.15.82:3300/0,v1:172.21.15.82:6789/0] conn(0x7f40d80681b0 0x7f40d819e400 secure :-1 s=READY pgs=56 cs=0 l=1 rev1=1 crypto rx=0x7f40c8009520 tx=0x7f40c8011aa0 comp rx=0 tx=0).ready entity=mon.0 client_cookie=0 server_cookie=0 in_seq=0 out_seq=0
2024-04-21T08:37:20.127 INFO:teuthology.orchestra.run.smithi082.stdout:/usr/bin/ceph: stderr
2024-04-21T08:37:18.341+0000 7f40bffff700 1 -- 172.21.15.82:0/2958685518 <== mon.0 v2:172.21.15.82:3300/0 1 ==== mon_map magic: 0 ==== 205+0+0 (secure 0 0 0) 0x7f40c8003af0 con 0x7f40d80681b0
2024-04-21T08:37:20.127 INFO:teuthology.orchestra.run.smithi082.stdout:/usr/bin/ceph: stderr
2024-04-21T08:37:18.341+0000 7f40bffff700 1 -- 172.21.15.82:0/2958685518 <== mon.0 v2:172.21.15.82:3300/0 2 ==== config(26 keys) ==== 1101+0+0 (secure 0 0 0) 0x7f40c801a8e0 con 0x7f40d80681b0
2024-04-21T08:37:20.127 INFO:teuthology.orchestra.run.smithi082.stdout:/usr/bin/ceph: stderr
2024-04-21T08:37:18.341+0000 7f40dd39d700 1 -- 172.21.15.82:0/2958685518 --> [v2:172.21.15.82:3300/0,v1:172.21.15.82:6789/0] -- mon_subscribe({mgrmap=0+}) -- 0x7f40d819ebd0 con 0x7f40d80681b0
2024-04-21T08:37:20.127 INFO:teuthology.orchestra.run.smithi082.stdout:/usr/bin/ceph: stderr
2024-04-21T08:37:18.341+0000 7f40bffff700 1 -- 172.21.15.82:0/2958685518 <== mon.0 v2:172.21.15.82:3300/0 3 ==== mon_map magic: 0 ==== 205+0+0 (secure 0 0 0) 0x7f40c80247a0 con 0x7f40d80681b0
2024-04-21T08:37:20.127 INFO:teuthology.orchestra.run.smithi082.stdout:/usr/bin/ceph: stderr
2024-04-21T08:37:18.341+0000 7f40dd39d700 1 -- 172.21.15.82:0/2958685518 --> [v2:172.21.15.82:3300/0,v1:172.21.15.82:6789/0] -- mon_subscribe({osdmap=0}) -- 0x7f40d81a18c0 con 0x7f40d80681b0
2024-04-21T08:37:20.127 INFO:teuthology.orchestra.run.smithi082.stdout:/usr/bin/ceph: stderr
2024-04-21T08:37:18.342+0000 7f40dd39d700 1 -- 172.21.15.82:0/2958685518 --> [v2:172.21.15.82:3300/0,v1:172.21.15.82:6789/0] -- mon_command({"prefix": "get_command_descriptions"} v 0) -- 0x7f40d80640a0 con 0x7f40d80681b0
2024-04-21T08:37:20.128 INFO:teuthology.orchestra.run.smithi082.stdout:/usr/bin/ceph: stderr
2024-04-21T08:37:18.342+0000 7f40bffff700 1 -- 172.21.15.82:0/2958685518 <== mon.0 v2:172.21.15.82:3300/0 4 ==== mgrmap(e 8) ==== 46558+0+0 (secure 0 0 0) 0x7f40c8022020 con 0x7f40d80681b0
2024-04-21T08:37:20.128 INFO:teuthology.orchestra.run.smithi082.stdout:/usr/bin/ceph: stderr
2024-04-21T08:37:18.342+0000 7f40bffff700 1 --2- 172.21.15.82:0/2958685518 >> [v2:172.21.15.82:6800/880382736,v1:172.21.15.82:6801/880382736] conn(0x7f40c0039850 0x7f40c003bd10 unknown :-1 s=NONE pgs=0 cs=0 l=1 rev1=0 crypto rx=0 tx=0 comp rx=0 tx=0).connect
2024-04-21T08:37:20.128 INFO:teuthology.orchestra.run.smithi082.stdout:/usr/bin/ceph: stderr
2024-04-21T08:37:18.342+0000 7f40bffff700 1 -- 172.21.15.82:0/2958685518 <== mon.0 v2:172.21.15.82:3300/0 5 ==== osd_map(2..2 src has 1..2) ==== 940+0+0 (secure 0 0 0) 0x7f40c800b7e0 con 0x7f40d80681b0
2024-04-21T08:37:20.128 INFO:teuthology.orchestra.run.smithi082.stdout:/usr/bin/ceph: stderr
2024-04-21T08:37:18.342+0000 7f40d67fc700 1 --2- 172.21.15.82:0/2958685518 >> [v2:172.21.15.82:6800/880382736,v1:172.21.15.82:6801/880382736] conn(0x7f40c0039850 0x7f40c003bd10 unknown :-1 s=BANNER_CONNECTING pgs=0 cs=0 l=1 rev1=0 crypto rx=0 tx=0 comp rx=0 tx=0)._handle_peer_banner_payload supported=3 required=0
2024-04-21T08:37:20.128 INFO:teuthology.orchestra.run.smithi082.stdout:/usr/bin/ceph: stderr
2024-04-21T08:37:18.343+0000 7f40d67fc700 1 --2- 172.21.15.82:0/2958685518 >> [v2:172.21.15.82:6800/880382736,v1:172.21.15.82:6801/880382736] conn(0x7f40c0039850 0x7f40c003bd10 secure :-1 s=READY pgs=16 cs=0 l=1 rev1=1 crypto rx=0x7f40cc006fd0 tx=0x7f40cc006e40 comp rx=0 tx=0).ready entity=mgr.14120 client_cookie=0 server_cookie=0 in_seq=0 out_seq=0
2024-04-21T08:37:20.128 INFO:teuthology.orchestra.run.smithi082.stdout:/usr/bin/ceph: stderr
2024-04-21T08:37:18.348+0000 7f40bffff700 1 -- 172.21.15.82:0/2958685518 <== mon.0 v2:172.21.15.82:3300/0 6 ==== mon_command_ack([{"prefix": "get_command_descriptions"}]=0 v0) ==== 72+0+188370 (secure 0 0 0) 0x7f40c8018710 con 0x7f40d80681b0
2024-04-21T08:37:20.128 INFO:teuthology.orchestra.run.smithi082.stdout:/usr/bin/ceph: stderr
2024-04-21T08:37:18.614+0000 7f40dd39d700 1 -- 172.21.15.82:0/2958685518 --> [v2:172.21.15.82:3300/0,v1:172.21.15.82:6789/0] -- mon_command({"prefix": "mgr module enable", "module": "dashboard"} v 0) -- 0x7f40d81a1a90 con 0x7f40d80681b0
2024-04-21T08:37:20.128 INFO:teuthology.orchestra.run.smithi082.stdout:/usr/bin/ceph: stderr
2024-04-21T08:37:19.320+0000 7f40bffff700 1 -- 172.21.15.82:0/2958685518 <== mon.0 v2:172.21.15.82:3300/0 7 ==== mon_command_ack([{"prefix": "mgr module enable", "module": "dashboard"}]=0 v9) ==== 88+0+0 (secure 0 0 0) 0x7f40c8032020 con 0x7f40d80681b0
2024-04-21T08:37:20.128 INFO:teuthology.orchestra.run.smithi082.stdout:/usr/bin/ceph: stderr
2024-04-21T08:37:19.321+0000 7f40bffff700 1 -- 172.21.15.82:0/2958685518 <== mon.0 v2:172.21.15.82:3300/0 8 ==== mgrmap(e 9) ==== 46571+0+0 (secure 0 0 0) 0x7f40c8022020 con 0x7f40d80681b0
2024-04-21T08:37:20.128 INFO:teuthology.orchestra.run.smithi082.stdout:/usr/bin/ceph: stderr
2024-04-21T08:37:19.323+0000 7f40dd39d700 1 -- 172.21.15.82:0/2958685518 >> [v2:172.21.15.82:6800/880382736,v1:172.21.15.82:6801/880382736] conn(0x7f40c0039850 msgr2=0x7f40c003bd10 secure :-1 s=STATE_CONNECTION_ESTABLISHED l=1).mark_down
2024-04-21T08:37:20.128 INFO:teuthology.orchestra.run.smithi082.stdout:/usr/bin/ceph: stderr
2024-04-21T08:37:19.323+0000 7f40dd39d700 1 --2- 172.21.15.82:0/2958685518 >> [v2:172.21.15.82:6800/880382736,v1:172.21.15.82:6801/880382736] conn(0x7f40c0039850 0x7f40c003bd10 secure :-1 s=READY pgs=16 cs=0 l=1 rev1=1 crypto rx=0x7f40cc006fd0 tx=0x7f40cc006e40 comp rx=0 tx=0).stop
2024-04-21T08:37:20.128 INFO:teuthology.orchestra.run.smithi082.stdout:/usr/bin/ceph: stderr
2024-04-21T08:37:19.323+0000 7f40dd39d700 1 -- 172.21.15.82:0/2958685518 >> [v2:172.21.15.82:3300/0,v1:172.21.15.82:6789/0] conn(0x7f40d80681b0 msgr2=0x7f40d819e400 secure :-1 s=STATE_CONNECTION_ESTABLISHED l=1).mark_down
2024-04-21T08:37:20.128 INFO:teuthology.orchestra.run.smithi082.stdout:/usr/bin/ceph: stderr
2024-04-21T08:37:19.323+0000 7f40dd39d700 1 --2- 172.21.15.82:0/2958685518 >> [v2:172.21.15.82:3300/0,v1:172.21.15.82:6789/0] conn(0x7f40d80681b0 0x7f40d819e400 secure :-1 s=READY pgs=56 cs=0 l=1 rev1=1 crypto rx=0x7f40c8009520 tx=0x7f40c8011aa0 comp rx=0 tx=0).stop
2024-04-21T08:37:20.128 INFO:teuthology.orchestra.run.smithi082.stdout:/usr/bin/ceph: stderr
2024-04-21T08:37:19.323+0000 7f40dd39d700 1 -- 172.21.15.82:0/2958685518 shutdown_connections
2024-04-21T08:37:20.129 INFO:teuthology.orchestra.run.smithi082.stdout:/usr/bin/ceph: stderr
2024-04-21T08:37:19.323+0000 7f40dd39d700 1 --2- 172.21.15.82:0/2958685518 >> [v2:172.21.15.82:6800/880382736,v1:172.21.15.82:6801/880382736] conn(0x7f40c0039850 0x7f40c003bd10 unknown :-1 s=CLOSED pgs=16 cs=0 l=1 rev1=1 crypto rx=0 tx=0 comp rx=0 tx=0).stop
2024-04-21T08:37:20.129 INFO:teuthology.orchestra.run.smithi082.stdout:/usr/bin/ceph: stderr
2024-04-21T08:37:19.323+0000 7f40dd39d700 1 --2- 172.21.15.82:0/2958685518 >> [v2:172.21.15.82:3300/0,v1:172.21.15.82:6789/0] conn(0x7f40d80681b0 0x7f40d819e400 unknown :-1 s=CLOSED pgs=56 cs=0 l=1 rev1=1 crypto rx=0 tx=0 comp rx=0 tx=0).stop
2024-04-21T08:37:20.129 INFO:teuthology.orchestra.run.smithi082.stdout:/usr/bin/ceph: stderr
2024-04-21T08:37:19.323+0000 7f40dd39d700 1 -- 172.21.15.82:0/2958685518 >> 172.21.15.82:0/2958685518 conn(0x7f40d8101f50 msgr2=0x7f40d810bf00 unknown :-1 s=STATE_NONE l=0).mark_down
2024-04-21T08:37:20.129 INFO:teuthology.orchestra.run.smithi082.stdout:/usr/bin/ceph: stderr
2024-04-21T08:37:19.324+0000 7f40dd39d700 1 -- 172.21.15.82:0/2958685518 shutdown_connections
2024-04-21T08:37:20.129 INFO:teuthology.orchestra.run.smithi082.stdout:/usr/bin/ceph: stderr
2024-04-21T08:37:19.324+0000 7f40dd39d700 1 -- 172.21.15.82:0/2958685518 wait complete.
2024-04-21T08:37:20.385 INFO:journalctl@ceph.mon.a.smithi082.stdout:Apr 21 08:37:20 smithi082 ceph-mon[27967]: from='client.? 172.21.15.82:0/2958685518' entity='client.admin' cmd='[{"prefix": "mgr module enable", "module": "dashboard"}]': finished
2024-04-21T08:37:20.386 INFO:journalctl@ceph.mon.a.smithi082.stdout:Apr 21 08:37:20 smithi082 ceph-mon[27967]: mgrmap e9: x(active, since 19s)
2024-04-21T08:37:20.386 INFO:journalctl@ceph.mgr.x.smithi082.stdout:Apr 21 08:37:20 smithi082 ceph-24d05dee-ffba-11ee-bc93-c7b262605968-mgr-x[28197]:
2024-04-21T08:37:20.130+0000 7fce901d1200 -1 mgr[py] Module progress has missing NOTIFY_TYPES member
2024-04-21T08:37:20.386 INFO:journalctl@ceph.mgr.x.smithi082.stdout:Apr 21 08:37:20 smithi082 ceph-24d05dee-ffba-11ee-bc93-c7b262605968-mgr-x[28197]:
2024-04-21T08:37:20.226+0000 7fce901d1200 -1 mgr[py] Module influx has missing NOTIFY_TYPES member
2024-04-21T08:37:21.448 INFO:teuthology.orchestra.run.smithi082.stdout:/usr/bin/ceph: stdout {
2024-04-21T08:37:21.448 INFO:teuthology.orchestra.run.smithi082.stdout:/usr/bin/ceph: stdout "epoch": 9,
2024-04-21T08:37:21.448 INFO:teuthology.orchestra.run.smithi082.stdout:/usr/bin/ceph: stdout "available": true,
2024-04-21T08:37:21.448 INFO:teuthology.orchestra.run.smithi082.stdout:/usr/bin/ceph: stdout "active_name": "x",
2024-04-21T08:37:21.448 INFO:teuthology.orchestra.run.smithi082.stdout:/usr/bin/ceph: stdout "num_standby": 0
2024-04-21T08:37:21.448 INFO:teuthology.orchestra.run.smithi082.stdout:/usr/bin/ceph: stdout }
2024-04-21T08:37:21.448 INFO:teuthology.orchestra.run.smithi082.stdout:/usr/bin/ceph: stderr
2024-04-21T08:37:20.644+0000 7f62ca5c6700 1 Processor -- start
2024-04-21T08:37:21.448 INFO:teuthology.orchestra.run.smithi082.stdout:/usr/bin/ceph: stderr
2024-04-21T08:37:20.644+0000 7f62ca5c6700 1 -- start start
2024-04-21T08:37:21.448 INFO:teuthology.orchestra.run.smithi082.stdout:/usr/bin/ceph: stderr
2024-04-21T08:37:20.645+0000 7f62ca5c6700 1 --2- >> [v2:172.21.15.82:3300/0,v1:172.21.15.82:6789/0] conn(0x7f62bc005990 0x7f62bc005db0 unknown :-1 s=NONE pgs=0 cs=0 l=0 rev1=0 crypto rx=0 tx=0 comp rx=0 tx=0).connect
2024-04-21T08:37:21.449 INFO:teuthology.orchestra.run.smithi082.stdout:/usr/bin/ceph: stderr
2024-04-21T08:37:20.645+0000 7f62ca5c6700 1 -- --> [v2:172.21.15.82:3300/0,v1:172.21.15.82:6789/0] -- mon_getmap magic: 0 -- 0x7f62bc006380 con 0x7f62bc005990
2024-04-21T08:37:21.449 INFO:teuthology.orchestra.run.smithi082.stdout:/usr/bin/ceph: stderr
2024-04-21T08:37:20.645+0000 7f62c95c4700 1 --2- >> [v2:172.21.15.82:3300/0,v1:172.21.15.82:6789/0] conn(0x7f62bc005990 0x7f62bc005db0 unknown :-1 s=BANNER_CONNECTING pgs=0 cs=0 l=0 rev1=0 crypto rx=0 tx=0 comp rx=0 tx=0)._handle_peer_banner_payload supported=3 required=0
2024-04-21T08:37:21.449 INFO:teuthology.orchestra.run.smithi082.stdout:/usr/bin/ceph: stderr
2024-04-21T08:37:20.645+0000 7f62c95c4700 1 --2- >> [v2:172.21.15.82:3300/0,v1:172.21.15.82:6789/0] conn(0x7f62bc005990 0x7f62bc005db0 unknown :-1 s=HELLO_CONNECTING pgs=0 cs=0 l=0 rev1=1 crypto rx=0 tx=0 comp rx=0 tx=0).handle_hello peer v2:172.21.15.82:3300/0 says I am v2:172.21.15.82:57918/0 (socket says 172.21.15.82:57918)
2024-04-21T08:37:21.449 INFO:teuthology.orchestra.run.smithi082.stdout:/usr/bin/ceph: stderr
2024-04-21T08:37:20.645+0000 7f62c95c4700 1 -- 172.21.15.82:0/3158861394 learned_addr learned my addr 172.21.15.82:0/3158861394 (peer_addr_for_me v2:172.21.15.82:0/0)
2024-04-21T08:37:21.449 INFO:teuthology.orchestra.run.smithi082.stdout:/usr/bin/ceph: stderr
2024-04-21T08:37:20.647+0000 7f62c95c4700 1 -- 172.21.15.82:0/3158861394 --> [v2:172.21.15.82:3300/0,v1:172.21.15.82:6789/0] -- mon_subscribe({config=0+,monmap=0+}) -- 0x7f62bc006be0 con 0x7f62bc005990
2024-04-21T08:37:21.449 INFO:teuthology.orchestra.run.smithi082.stdout:/usr/bin/ceph: stderr
2024-04-21T08:37:20.648+0000 7f62c95c4700 1 --2- 172.21.15.82:0/3158861394 >> [v2:172.21.15.82:3300/0,v1:172.21.15.82:6789/0] conn(0x7f62bc005990 0x7f62bc005db0 secure :-1 s=READY pgs=59 cs=0 l=1 rev1=1 crypto rx=0x7f62c406abb0 tx=0x7f62c40773b0 comp rx=0 tx=0).ready entity=mon.0 client_cookie=4fd57c3252451696 server_cookie=0 in_seq=0 out_seq=0
2024-04-21T08:37:21.449 INFO:teuthology.orchestra.run.smithi082.stdout:/usr/bin/ceph: stderr
2024-04-21T08:37:20.648+0000 7f62bbfff700 1 -- 172.21.15.82:0/3158861394 <== mon.0 v2:172.21.15.82:3300/0 1 ==== mon_map magic: 0 ==== 205+0+0 (secure 0 0 0) 0x7f62c4068ea0 con 0x7f62bc005990
2024-04-21T08:37:21.449 INFO:teuthology.orchestra.run.smithi082.stdout:/usr/bin/ceph: stderr
2024-04-21T08:37:20.648+0000 7f62bbfff700 1 -- 172.21.15.82:0/3158861394 <== mon.0 v2:172.21.15.82:3300/0 2 ==== config(26 keys) ==== 1101+0+0 (secure 0 0 0) 0x7f62c4084070 con 0x7f62bc005990
2024-04-21T08:37:21.449 INFO:teuthology.orchestra.run.smithi082.stdout:/usr/bin/ceph: stderr
2024-04-21T08:37:20.649+0000 7f62ca5c6700 1 -- 172.21.15.82:0/3158861394 >> [v2:172.21.15.82:3300/0,v1:172.21.15.82:6789/0] conn(0x7f62bc005990 msgr2=0x7f62bc005db0 secure :-1 s=STATE_CONNECTION_ESTABLISHED l=1).mark_down
2024-04-21T08:37:21.449 INFO:teuthology.orchestra.run.smithi082.stdout:/usr/bin/ceph: stderr
2024-04-21T08:37:20.649+0000 7f62ca5c6700 1 --2- 172.21.15.82:0/3158861394 >> [v2:172.21.15.82:3300/0,v1:172.21.15.82:6789/0] conn(0x7f62bc005990 0x7f62bc005db0 secure :-1 s=READY pgs=59 cs=0 l=1 rev1=1 crypto rx=0x7f62c406abb0 tx=0x7f62c40773b0 comp rx=0 tx=0).stop
2024-04-21T08:37:21.449 INFO:teuthology.orchestra.run.smithi082.stdout:/usr/bin/ceph: stderr
2024-04-21T08:37:20.649+0000 7f62ca5c6700 1 -- 172.21.15.82:0/3158861394 shutdown_connections
2024-04-21T08:37:21.449 INFO:teuthology.orchestra.run.smithi082.stdout:/usr/bin/ceph: stderr
2024-04-21T08:37:20.649+0000 7f62ca5c6700 1 --2- 172.21.15.82:0/3158861394 >> [v2:172.21.15.82:3300/0,v1:172.21.15.82:6789/0] conn(0x7f62bc005990 0x7f62bc005db0 unknown :-1 s=CLOSED pgs=59 cs=0 l=1 rev1=1 crypto rx=0 tx=0 comp rx=0 tx=0).stop
2024-04-21T08:37:21.449 INFO:teuthology.orchestra.run.smithi082.stdout:/usr/bin/ceph: stderr
2024-04-21T08:37:20.649+0000 7f62ca5c6700 1 -- 172.21.15.82:0/3158861394 >> 172.21.15.82:0/3158861394 conn(0x7f62bc09fd10 msgr2=0x7f62bc0a2170 unknown :-1 s=STATE_NONE l=0).mark_down
2024-04-21T08:37:21.449 INFO:teuthology.orchestra.run.smithi082.stdout:/usr/bin/ceph: stderr
2024-04-21T08:37:20.650+0000 7f62ca5c6700 1 -- 172.21.15.82:0/3158861394 shutdown_connections
2024-04-21T08:37:21.450 INFO:teuthology.orchestra.run.smithi082.stdout:/usr/bin/ceph: stderr
2024-04-21T08:37:20.650+0000 7f62ca5c6700 1 -- 172.21.15.82:0/3158861394 wait complete.
2024-04-21T08:37:21.450 INFO:teuthology.orchestra.run.smithi082.stdout:/usr/bin/ceph: stderr
2024-04-21T08:37:20.650+0000 7f62ca5c6700 1 Processor -- start
2024-04-21T08:37:21.450 INFO:teuthology.orchestra.run.smithi082.stdout:/usr/bin/ceph: stderr
2024-04-21T08:37:20.654+0000 7f62ca5c6700 1 -- start start
2024-04-21T08:37:21.450 INFO:teuthology.orchestra.run.smithi082.stdout:/usr/bin/ceph: stderr
2024-04-21T08:37:20.654+0000 7f62ca5c6700 1 --2- >> [v2:172.21.15.82:3300/0,v1:172.21.15.82:6789/0] conn(0x7f62bc005990 0x7f62bc014bb0 unknown :-1 s=NONE pgs=0 cs=0 l=1 rev1=0 crypto rx=0 tx=0 comp rx=0 tx=0).connect
2024-04-21T08:37:21.450 INFO:teuthology.orchestra.run.smithi082.stdout:/usr/bin/ceph: stderr
2024-04-21T08:37:20.654+0000 7f62ca5c6700 1 -- --> [v2:172.21.15.82:3300/0,v1:172.21.15.82:6789/0] -- mon_getmap magic: 0 -- 0x7f62bc009fb0 con 0x7f62bc005990
2024-04-21T08:37:21.450 INFO:teuthology.orchestra.run.smithi082.stdout:/usr/bin/ceph: stderr
2024-04-21T08:37:20.658+0000 7f62c95c4700 1 --2- >> [v2:172.21.15.82:3300/0,v1:172.21.15.82:6789/0] conn(0x7f62bc005990 0x7f62bc014bb0 unknown :-1 s=BANNER_CONNECTING pgs=0 cs=0 l=1 rev1=0 crypto rx=0 tx=0 comp rx=0 tx=0)._handle_peer_banner_payload supported=3 required=0
2024-04-21T08:37:21.450 INFO:teuthology.orchestra.run.smithi082.stdout:/usr/bin/ceph: stderr
2024-04-21T08:37:20.658+0000 7f62c95c4700 1 --2- >> [v2:172.21.15.82:3300/0,v1:172.21.15.82:6789/0] conn(0x7f62bc005990 0x7f62bc014bb0 unknown :-1 s=HELLO_CONNECTING pgs=0 cs=0 l=1 rev1=1 crypto rx=0 tx=0 comp rx=0 tx=0).handle_hello peer v2:172.21.15.82:3300/0 says I am v2:172.21.15.82:57930/0 (socket says 172.21.15.82:57930)
2024-04-21T08:37:21.450 INFO:teuthology.orchestra.run.smithi082.stdout:/usr/bin/ceph: stderr
2024-04-21T08:37:20.658+0000 7f62c95c4700 1 -- 172.21.15.82:0/2348454940 learned_addr learned my addr 172.21.15.82:0/2348454940 (peer_addr_for_me v2:172.21.15.82:0/0)
2024-04-21T08:37:21.450 INFO:teuthology.orchestra.run.smithi082.stdout:/usr/bin/ceph: stderr
2024-04-21T08:37:20.668+0000 7f62c95c4700 1 -- 172.21.15.82:0/2348454940 --> [v2:172.21.15.82:3300/0,v1:172.21.15.82:6789/0] -- mon_subscribe({config=0+,monmap=0+}) -- 0x7f62bc0150f0 con 0x7f62bc005990
2024-04-21T08:37:21.450 INFO:teuthology.orchestra.run.smithi082.stdout:/usr/bin/ceph: stderr
2024-04-21T08:37:20.676+0000 7f62c95c4700 1 --2- 172.21.15.82:0/2348454940 >> [v2:172.21.15.82:3300/0,v1:172.21.15.82:6789/0] conn(0x7f62bc005990 0x7f62bc014bb0 secure :-1 s=READY pgs=60 cs=0 l=1 rev1=1 crypto rx=0x7f62c406bac0 tx=0x7f62c4051840 comp rx=0 tx=0).ready entity=mon.0 client_cookie=0 server_cookie=0 in_seq=0 out_seq=0
2024-04-21T08:37:21.450 INFO:teuthology.orchestra.run.smithi082.stdout:/usr/bin/ceph: stderr
2024-04-21T08:37:20.681+0000 7f62ba7fc700 1 -- 172.21.15.82:0/2348454940 <== mon.0 v2:172.21.15.82:3300/0 1 ==== mon_map magic: 0 ==== 205+0+0 (secure 0 0 0) 0x7f62c40698e0 con 0x7f62bc005990
2024-04-21T08:37:21.450 INFO:teuthology.orchestra.run.smithi082.stdout:/usr/bin/ceph: stderr
2024-04-21T08:37:20.681+0000 7f62ba7fc700 1 -- 172.21.15.82:0/2348454940 <== mon.0 v2:172.21.15.82:3300/0 2 ==== config(26 keys) ==== 1101+0+0 (secure 0 0 0) 0x7f62c4084070 con 0x7f62bc005990
2024-04-21T08:37:21.450 INFO:teuthology.orchestra.run.smithi082.stdout:/usr/bin/ceph: stderr
2024-04-21T08:37:20.681+0000 7f62ca5c6700 1 -- 172.21.15.82:0/2348454940 --> [v2:172.21.15.82:3300/0,v1:172.21.15.82:6789/0] -- mon_subscribe({mgrmap=0+}) -- 0x7f62bc015380 con 0x7f62bc005990
2024-04-21T08:37:21.451 INFO:teuthology.orchestra.run.smithi082.stdout:/usr/bin/ceph: stderr
2024-04-21T08:37:20.681+0000 7f62ca5c6700 1 -- 172.21.15.82:0/2348454940 --> [v2:172.21.15.82:3300/0,v1:172.21.15.82:6789/0] -- mon_subscribe({osdmap=0}) -- 0x7f62bc015860 con 0x7f62bc005990
2024-04-21T08:37:21.451 INFO:teuthology.orchestra.run.smithi082.stdout:/usr/bin/ceph: stderr
2024-04-21T08:37:20.682+0000 7f62ba7fc700 1 -- 172.21.15.82:0/2348454940 <== mon.0 v2:172.21.15.82:3300/0 3 ==== mon_map magic: 0 ==== 205+0+0 (secure 0 0 0) 0x7f62c4068630 con 0x7f62bc005990
2024-04-21T08:37:21.451 INFO:teuthology.orchestra.run.smithi082.stdout:/usr/bin/ceph: stderr
2024-04-21T08:37:20.682+0000 7f62ba7fc700 1 -- 172.21.15.82:0/2348454940 <== mon.0 v2:172.21.15.82:3300/0 4 ==== mgrmap(e 9) ==== 46571+0+0 (secure 0 0 0) 0x7f62c4068850 con 0x7f62bc005990
2024-04-21T08:37:21.451 INFO:teuthology.orchestra.run.smithi082.stdout:/usr/bin/ceph: stderr
2024-04-21T08:37:20.682+0000 7f62ca5c6700 1 -- 172.21.15.82:0/2348454940 --> [v2:172.21.15.82:3300/0,v1:172.21.15.82:6789/0] -- mon_command({"prefix": "get_command_descriptions"} v 0) -- 0x7f62bc0048c0 con 0x7f62bc005990
2024-04-21T08:37:21.451 INFO:teuthology.orchestra.run.smithi082.stdout:/usr/bin/ceph: stderr
2024-04-21T08:37:20.682+0000 7f62ba7fc700 1 --2- 172.21.15.82:0/2348454940 >> [v2:172.21.15.82:6800/880382736,v1:172.21.15.82:6801/880382736] conn(0x7f62b00396a0 0x7f62b003bb60 unknown :-1 s=NONE pgs=0 cs=0 l=1 rev1=0 crypto rx=0 tx=0 comp rx=0 tx=0).connect
2024-04-21T08:37:21.451 INFO:teuthology.orchestra.run.smithi082.stdout:/usr/bin/ceph: stderr
2024-04-21T08:37:20.682+0000 7f62ba7fc700 1 -- 172.21.15.82:0/2348454940 <== mon.0 v2:172.21.15.82:3300/0 5 ==== osd_map(2..2 src has 1..2) ==== 940+0+0 (secure 0 0 0) 0x7f62c40bb870 con 0x7f62bc005990
2024-04-21T08:37:21.451 INFO:teuthology.orchestra.run.smithi082.stdout:/usr/bin/ceph: stderr
2024-04-21T08:37:20.682+0000 7f62c8dc3700 1 -- 172.21.15.82:0/2348454940 >> [v2:172.21.15.82:6800/880382736,v1:172.21.15.82:6801/880382736] conn(0x7f62b00396a0 msgr2=0x7f62b003bb60 unknown :-1 s=STATE_CONNECTING_RE l=1).process reconnect failed to v2:172.21.15.82:6800/880382736
2024-04-21T08:37:21.451 INFO:teuthology.orchestra.run.smithi082.stdout:/usr/bin/ceph: stderr
2024-04-21T08:37:20.682+0000 7f62c8dc3700 1 --2- 172.21.15.82:0/2348454940 >> [v2:172.21.15.82:6800/880382736,v1:172.21.15.82:6801/880382736] conn(0x7f62b00396a0 0x7f62b003bb60 unknown :-1 s=START_CONNECT pgs=0 cs=0 l=1 rev1=0 crypto rx=0 tx=0 comp rx=0 tx=0)._fault waiting 0.200000
2024-04-21T08:37:21.451 INFO:teuthology.orchestra.run.smithi082.stdout:/usr/bin/ceph: stderr
2024-04-21T08:37:20.690+0000 7f62ba7fc700 1 -- 172.21.15.82:0/2348454940 <== mon.0 v2:172.21.15.82:3300/0 6 ==== mon_command_ack([{"prefix": "get_command_descriptions"}]=0 v0) ==== 72+0+188370 (secure 0 0 0) 0x7f62c4098070 con 0x7f62bc005990
2024-04-21T08:37:21.451 INFO:teuthology.orchestra.run.smithi082.stdout:/usr/bin/ceph: stderr
2024-04-21T08:37:20.883+0000 7f62c8dc3700 1 -- 172.21.15.82:0/2348454940 >> [v2:172.21.15.82:6800/880382736,v1:172.21.15.82:6801/880382736] conn(0x7f62b00396a0 msgr2=0x7f62b003bb60 unknown :-1 s=STATE_CONNECTING_RE l=1).process reconnect failed to v2:172.21.15.82:6800/880382736
2024-04-21T08:37:21.451 INFO:teuthology.orchestra.run.smithi082.stdout:/usr/bin/ceph: stderr
2024-04-21T08:37:20.883+0000 7f62c8dc3700 1 --2- 172.21.15.82:0/2348454940 >> [v2:172.21.15.82:6800/880382736,v1:172.21.15.82:6801/880382736] conn(0x7f62b00396a0 0x7f62b003bb60 unknown :-1 s=START_CONNECT pgs=0 cs=0 l=1 rev1=0 crypto rx=0 tx=0 comp rx=0 tx=0)._fault waiting 0.400000
2024-04-21T08:37:21.451 INFO:teuthology.orchestra.run.smithi082.stdout:/usr/bin/ceph: stderr
2024-04-21T08:37:20.954+0000 7f62ca5c6700 1 -- 172.21.15.82:0/2348454940 --> [v2:172.21.15.82:3300/0,v1:172.21.15.82:6789/0] -- mon_command({"prefix": "mgr stat"} v 0) -- 0x7f62bc14d210 con 0x7f62bc005990
2024-04-21T08:37:21.451 INFO:teuthology.orchestra.run.smithi082.stdout:/usr/bin/ceph: stderr
2024-04-21T08:37:20.955+0000 7f62ba7fc700 1 -- 172.21.15.82:0/2348454940 <== mon.0 v2:172.21.15.82:3300/0 7 ==== mon_command_ack([{"prefix": "mgr stat"}]=0 v9) ==== 56+0+88 (secure 0 0 0) 0x7f62c4088e60 con 0x7f62bc005990
2024-04-21T08:37:21.452 INFO:teuthology.orchestra.run.smithi082.stdout:/usr/bin/ceph: stderr
2024-04-21T08:37:20.957+0000 7f62ca5c6700 1 -- 172.21.15.82:0/2348454940 >> [v2:172.21.15.82:6800/880382736,v1:172.21.15.82:6801/880382736] conn(0x7f62b00396a0 msgr2=0x7f62b003bb60 unknown :-1 s=STATE_CONNECTING l=1).mark_down
2024-04-21T08:37:21.452 INFO:teuthology.orchestra.run.smithi082.stdout:/usr/bin/ceph: stderr
2024-04-21T08:37:20.957+0000 7f62ca5c6700 1 --2- 172.21.15.82:0/2348454940 >> [v2:172.21.15.82:6800/880382736,v1:172.21.15.82:6801/880382736] conn(0x7f62b00396a0 0x7f62b003bb60 unknown :-1 s=START_CONNECT pgs=0 cs=0 l=1 rev1=0 crypto rx=0 tx=0 comp rx=0 tx=0).stop
2024-04-21T08:37:21.452 INFO:teuthology.orchestra.run.smithi082.stdout:/usr/bin/ceph: stderr
2024-04-21T08:37:20.957+0000 7f62ca5c6700 1 -- 172.21.15.82:0/2348454940 >> [v2:172.21.15.82:3300/0,v1:172.21.15.82:6789/0] conn(0x7f62bc005990 msgr2=0x7f62bc014bb0 secure :-1 s=STATE_CONNECTION_ESTABLISHED l=1).mark_down
2024-04-21T08:37:21.452 INFO:teuthology.orchestra.run.smithi082.stdout:/usr/bin/ceph: stderr
2024-04-21T08:37:20.957+0000 7f62ca5c6700 1 --2- 172.21.15.82:0/2348454940 >> [v2:172.21.15.82:3300/0,v1:172.21.15.82:6789/0] conn(0x7f62bc005990 0x7f62bc014bb0 secure :-1 s=READY pgs=60 cs=0 l=1 rev1=1 crypto rx=0x7f62c406bac0 tx=0x7f62c4051840 comp rx=0 tx=0).stop
2024-04-21T08:37:21.452 INFO:teuthology.orchestra.run.smithi082.stdout:/usr/bin/ceph: stderr
2024-04-21T08:37:20.957+0000 7f62ca5c6700 1 -- 172.21.15.82:0/2348454940 shutdown_connections
2024-04-21T08:37:21.452 INFO:teuthology.orchestra.run.smithi082.stdout:/usr/bin/ceph: stderr
2024-04-21T08:37:20.957+0000 7f62ca5c6700 1 --2- 172.21.15.82:0/2348454940 >> [v2:172.21.15.82:6800/880382736,v1:172.21.15.82:6801/880382736] conn(0x7f62b00396a0 0x7f62b003bb60 unknown :-1 s=CLOSED pgs=0 cs=0 l=1 rev1=0 crypto rx=0 tx=0 comp rx=0 tx=0).stop
2024-04-21T08:37:21.452 INFO:teuthology.orchestra.run.smithi082.stdout:/usr/bin/ceph: stderr
2024-04-21T08:37:20.957+0000 7f62ca5c6700 1 --2- 172.21.15.82:0/2348454940 >> [v2:172.21.15.82:3300/0,v1:172.21.15.82:6789/0] conn(0x7f62bc005990 0x7f62bc014bb0 unknown :-1 s=CLOSED pgs=60 cs=0 l=1 rev1=1 crypto rx=0 tx=0 comp rx=0 tx=0).stop
2024-04-21T08:37:21.452 INFO:teuthology.orchestra.run.smithi082.stdout:/usr/bin/ceph: stderr
2024-04-21T08:37:20.957+0000 7f62ca5c6700 1 -- 172.21.15.82:0/2348454940 >> 172.21.15.82:0/2348454940 conn(0x7f62bc09fd10 msgr2=0x7f62bc0a0780 unknown :-1 s=STATE_NONE l=0).mark_down
2024-04-21T08:37:21.452 INFO:teuthology.orchestra.run.smithi082.stdout:/usr/bin/ceph: stderr
2024-04-21T08:37:20.957+0000 7f62ca5c6700 1 -- 172.21.15.82:0/2348454940 shutdown_connections
2024-04-21T08:37:21.452 INFO:teuthology.orchestra.run.smithi082.stdout:/usr/bin/ceph: stderr
2024-04-21T08:37:20.957+0000 7f62ca5c6700 1 -- 172.21.15.82:0/2348454940 wait complete.
2024-04-21T08:37:21.452 INFO:teuthology.orchestra.run.smithi082.stdout:Waiting for the mgr to restart...
2024-04-21T08:37:21.452 INFO:teuthology.orchestra.run.smithi082.stdout:Waiting for mgr epoch 9...
2024-04-21T08:37:21.573 INFO:journalctl@ceph.mon.a.smithi082.stdout:Apr 21 08:37:21 smithi082 ceph-mon[27967]: from='client.? 172.21.15.82:0/2348454940' entity='client.admin' cmd=[{"prefix": "mgr stat"}]: dispatch
2024-04-21T08:37:21.574 INFO:journalctl@ceph.mgr.x.smithi082.stdout:Apr 21 08:37:21 smithi082 ceph-24d05dee-ffba-11ee-bc93-c7b262605968-mgr-x[28197]:
2024-04-21T08:37:21.447+0000 7fce901d1200 -1 mgr[py] Module telegraf has missing NOTIFY_TYPES member
2024-04-21T08:37:21.858 INFO:journalctl@ceph.mgr.x.smithi082.stdout:Apr 21 08:37:21 smithi082 ceph-24d05dee-ffba-11ee-bc93-c7b262605968-mgr-x[28197]:
2024-04-21T08:37:21.623+0000 7fce901d1200 -1 mgr[py] Module osd_support has missing NOTIFY_TYPES member
2024-04-21T08:37:21.858 INFO:journalctl@ceph.mgr.x.smithi082.stdout:Apr 21 08:37:21 smithi082 ceph-24d05dee-ffba-11ee-bc93-c7b262605968-mgr-x[28197]:
2024-04-21T08:37:21.799+0000 7fce901d1200 -1 mgr[py] Module iostat has missing NOTIFY_TYPES member
2024-04-21T08:37:22.186 INFO:journalctl@ceph.mgr.x.smithi082.stdout:Apr 21 08:37:22 smithi082 ceph-24d05dee-ffba-11ee-bc93-c7b262605968-mgr-x[28197]:
2024-04-21T08:37:22.093+0000 7fce901d1200 -1 mgr[py] Module alerts has missing NOTIFY_TYPES member
2024-04-21T08:37:22.186 INFO:journalctl@ceph.mgr.x.smithi082.stdout:Apr 21 08:37:22 smithi082 ceph-24d05dee-ffba-11ee-bc93-c7b262605968-mgr-x[28197]:
2024-04-21T08:37:22.186+0000 7fce901d1200 -1 mgr[py] Module selftest has missing NOTIFY_TYPES member
2024-04-21T08:37:22.499 INFO:journalctl@ceph.mgr.x.smithi082.stdout:Apr 21 08:37:22 smithi082 ceph-24d05dee-ffba-11ee-bc93-c7b262605968-mgr-x[28197]:
2024-04-21T08:37:22.391+0000 7fce901d1200 -1 mgr[py] Module pg_autoscaler has missing NOTIFY_TYPES member
2024-04-21T08:37:22.858 INFO:journalctl@ceph.mgr.x.smithi082.stdout:Apr 21 08:37:22 smithi082 ceph-24d05dee-ffba-11ee-bc93-c7b262605968-mgr-x[28197]:
2024-04-21T08:37:22.584+0000 7fce901d1200 -1 mgr[py] Module test_orchestrator has missing NOTIFY_TYPES member
2024-04-21T08:37:23.599 INFO:journalctl@ceph.mgr.x.smithi082.stdout:Apr 21 08:37:23 smithi082 ceph-24d05dee-ffba-11ee-bc93-c7b262605968-mgr-x[28197]:
2024-04-21T08:37:23.179+0000 7fce901d1200 -1 mgr[py] Module rook has missing NOTIFY_TYPES member
2024-04-21T08:37:23.858 INFO:journalctl@ceph.mgr.x.smithi082.stdout:Apr 21 08:37:23 smithi082 ceph-24d05dee-ffba-11ee-bc93-c7b262605968-mgr-x[28197]:
2024-04-21T08:37:23.600+0000 7fce901d1200 -1 mgr[py] Module volumes has missing NOTIFY_TYPES member
2024-04-21T08:37:23.858 INFO:journalctl@ceph.mgr.x.smithi082.stdout:Apr 21 08:37:23 smithi082 ceph-24d05dee-ffba-11ee-bc93-c7b262605968-mgr-x[28197]:
2024-04-21T08:37:23.695+0000 7fce901d1200 -1 mgr[py] Module crash has missing NOTIFY_TYPES member
2024-04-21T08:37:24.358 INFO:journalctl@ceph.mgr.x.smithi082.stdout:Apr 21 08:37:23 smithi082 ceph-24d05dee-ffba-11ee-bc93-c7b262605968-mgr-x[28197]:
2024-04-21T08:37:23.895+0000 7fce901d1200 -1 mgr[py] Module rgw has missing NOTIFY_TYPES member
2024-04-21T08:37:24.750 INFO:journalctl@ceph.mgr.x.smithi082.stdout:Apr 21 08:37:24 smithi082 ceph-24d05dee-ffba-11ee-bc93-c7b262605968-mgr-x[28197]:
2024-04-21T08:37:24.413+0000 7fce901d1200 -1 mgr[py] Module prometheus has missing NOTIFY_TYPES member
2024-04-21T08:37:24.750 INFO:journalctl@ceph.mgr.x.smithi082.stdout:Apr 21 08:37:24 smithi082 ceph-24d05dee-ffba-11ee-bc93-c7b262605968-mgr-x[28197]:
2024-04-21T08:37:24.505+0000 7fce901d1200 -1 mgr[py] Module devicehealth has missing NOTIFY_TYPES member
2024-04-21T08:37:25.097 INFO:journalctl@ceph.mgr.x.smithi082.stdout:Apr 21 08:37:24 smithi082 ceph-24d05dee-ffba-11ee-bc93-c7b262605968-mgr-x[28197]:
2024-04-21T08:37:24.750+0000 7fce901d1200 -1 mgr[py] Module telemetry has missing NOTIFY_TYPES member
2024-04-21T08:37:25.097 INFO:journalctl@ceph.mgr.x.smithi082.stdout:Apr 21 08:37:24 smithi082 ceph-24d05dee-ffba-11ee-bc93-c7b262605968-mgr-x[28197]:
2024-04-21T08:37:24.883+0000 7fce901d1200 -1 mgr[py] Module diskprediction_local has missing NOTIFY_TYPES member
2024-04-21T08:37:25.098 INFO:journalctl@ceph.mgr.x.smithi082.stdout:Apr 21 08:37:24 smithi082 ceph-24d05dee-ffba-11ee-bc93-c7b262605968-mgr-x[28197]:
2024-04-21T08:37:24.979+0000 7fce901d1200 -1 mgr[py] Module osd_perf_query has missing NOTIFY_TYPES member
2024-04-21T08:37:25.098 INFO:journalctl@ceph.mgr.x.smithi082.stdout:Apr 21 08:37:25 smithi082 ceph-24d05dee-ffba-11ee-bc93-c7b262605968-mgr-x[28197]:
2024-04-21T08:37:25.098+0000 7fce901d1200 -1 mgr[py] Module rbd_support has missing NOTIFY_TYPES member
2024-04-21T08:37:25.858 INFO:journalctl@ceph.mgr.x.smithi082.stdout:Apr 21 08:37:25 smithi082 ceph-24d05dee-ffba-11ee-bc93-c7b262605968-mgr-x[28197]:
2024-04-21T08:37:25.409+0000 7fce901d1200 -1 mgr[py] Module zabbix has missing NOTIFY_TYPES member
2024-04-21T08:37:26.278 INFO:journalctl@ceph.mgr.x.smithi082.stdout:Apr 21 08:37:26 smithi082 ceph-24d05dee-ffba-11ee-bc93-c7b262605968-mgr-x[28197]:
2024-04-21T08:37:26.008+0000 7fce901d1200 -1 mgr[py] Module status has missing NOTIFY_TYPES member
2024-04-21T08:37:26.278 INFO:journalctl@ceph.mgr.x.smithi082.stdout:Apr 21 08:37:26 smithi082 ceph-24d05dee-ffba-11ee-bc93-c7b262605968-mgr-x[28197]:
2024-04-21T08:37:26.225+0000 7fce901d1200 -1 mgr[py] Module nfs has missing NOTIFY_TYPES member
2024-04-21T08:37:26.608 INFO:journalctl@ceph.mon.a.smithi082.stdout:Apr 21 08:37:26 smithi082 ceph-mon[27967]: Active manager daemon x restarted
2024-04-21T08:37:26.608 INFO:journalctl@ceph.mon.a.smithi082.stdout:Apr 21 08:37:26 smithi082 ceph-mon[27967]: Activating manager daemon x
2024-04-21T08:37:26.608 INFO:journalctl@ceph.mon.a.smithi082.stdout:Apr 21 08:37:26 smithi082 ceph-mon[27967]: osdmap e3: 0 total, 0 up, 0 in
2024-04-21T08:37:26.608 INFO:journalctl@ceph.mon.a.smithi082.stdout:Apr 21 08:37:26 smithi082 ceph-mon[27967]: mgrmap e10: x(active, starting, since 0.00355108s)
2024-04-21T08:37:26.608 INFO:journalctl@ceph.mon.a.smithi082.stdout:Apr 21 08:37:26 smithi082 ceph-mon[27967]: from='mgr.14152 172.21.15.82:0/454131767' entity='mgr.x' cmd=[{"prefix": "mon metadata", "id": "a"}]: dispatch
2024-04-21T08:37:26.608 INFO:journalctl@ceph.mon.a.smithi082.stdout:Apr 21 08:37:26 smithi082 ceph-mon[27967]: from='mgr.14152 172.21.15.82:0/454131767' entity='mgr.x' cmd=[{"prefix": "mgr metadata", "who": "x", "id": "x"}]: dispatch
2024-04-21T08:37:26.608 INFO:journalctl@ceph.mon.a.smithi082.stdout:Apr 21 08:37:26 smithi082 ceph-mon[27967]: from='mgr.14152 172.21.15.82:0/454131767' entity='mgr.x' cmd=[{"prefix": "mds metadata"}]: dispatch
2024-04-21T08:37:26.608 INFO:journalctl@ceph.mon.a.smithi082.stdout:Apr 21 08:37:26 smithi082 ceph-mon[27967]: from='mgr.14152 172.21.15.82:0/454131767' entity='mgr.x' cmd=[{"prefix": "osd metadata"}]: dispatch
2024-04-21T08:37:26.609 INFO:journalctl@ceph.mon.a.smithi082.stdout:Apr 21 08:37:26 smithi082 ceph-mon[27967]: from='mgr.14152 172.21.15.82:0/454131767' entity='mgr.x' cmd=[{"prefix": "mon metadata"}]: dispatch
2024-04-21T08:37:26.609 INFO:journalctl@ceph.mon.a.smithi082.stdout:Apr 21 08:37:26 smithi082 ceph-mon[27967]: Manager daemon x is now available
2024-04-21T08:37:26.609 INFO:journalctl@ceph.mon.a.smithi082.stdout:Apr 21 08:37:26 smithi082 ceph-mon[27967]: from='mgr.14152 172.21.15.82:0/454131767' entity='mgr.x' cmd=[{"prefix": "config dump", "format": "json"}]: dispatch
2024-04-21T08:37:26.609 INFO:journalctl@ceph.mon.a.smithi082.stdout:Apr 21 08:37:26 smithi082 ceph-mon[27967]: from='mgr.14152 172.21.15.82:0/454131767' entity='mgr.x' cmd=[{"prefix":"config rm","who":"mgr","name":"mgr/rbd_support/x/mirror_snapshot_schedule"}]: dispatch
2024-04-21T08:37:27.560 INFO:journalctl@ceph.mon.a.smithi082.stdout:Apr 21 08:37:27 smithi082 ceph-mon[27967]: from='mgr.14152 172.21.15.82:0/454131767' entity='mgr.x' cmd=[{"prefix":"config rm","who":"mgr","name":"mgr/rbd_support/x/trash_purge_schedule"}]: dispatch
2024-04-21T08:37:27.560 INFO:journalctl@ceph.mon.a.smithi082.stdout:Apr 21 08:37:27 smithi082 ceph-mon[27967]: mgrmap e11: x(active, since 1.00605s)
2024-04-21T08:37:27.833 INFO:teuthology.orchestra.run.smithi082.stdout:/usr/bin/ceph: stdout {
2024-04-21T08:37:27.841 INFO:teuthology.orchestra.run.smithi082.stdout:/usr/bin/ceph: stdout "mgrmap_epoch": 11,
2024-04-21T08:37:27.841 INFO:teuthology.orchestra.run.smithi082.stdout:/usr/bin/ceph: stdout "initialized": true
2024-04-21T08:37:27.841 INFO:teuthology.orchestra.run.smithi082.stdout:/usr/bin/ceph: stdout }
2024-04-21T08:37:27.841 INFO:teuthology.orchestra.run.smithi082.stdout:/usr/bin/ceph: stderr
2024-04-21T08:37:21.893+0000 7f2917b0a700 1 Processor -- start
2024-04-21T08:37:27.841 INFO:teuthology.orchestra.run.smithi082.stdout:/usr/bin/ceph: stderr
2024-04-21T08:37:21.894+0000 7f2917b0a700 1 -- start start
2024-04-21T08:37:27.841 INFO:teuthology.orchestra.run.smithi082.stdout:/usr/bin/ceph: stderr
2024-04-21T08:37:21.894+0000 7f2917b0a700 1 --2- >> [v2:172.21.15.82:3300/0,v1:172.21.15.82:6789/0] conn(0x7f2910108ec0 0x7f291010b2b0 unknown :-1 s=NONE pgs=0 cs=0 l=0 rev1=0 crypto rx=0 tx=0 comp rx=0 tx=0).connect
2024-04-21T08:37:27.841 INFO:teuthology.orchestra.run.smithi082.stdout:/usr/bin/ceph: stderr
2024-04-21T08:37:21.894+0000 7f2917b0a700 1 -- --> [v2:172.21.15.82:3300/0,v1:172.21.15.82:6789/0] -- mon_getmap magic: 0 -- 0x7f291007be40 con 0x7f2910108ec0
2024-04-21T08:37:27.841 INFO:teuthology.orchestra.run.smithi082.stdout:/usr/bin/ceph: stderr
2024-04-21T08:37:21.894+0000 7f29158a6700 1 --2- >> [v2:172.21.15.82:3300/0,v1:172.21.15.82:6789/0] conn(0x7f2910108ec0 0x7f291010b2b0 unknown :-1 s=BANNER_CONNECTING pgs=0 cs=0 l=0 rev1=0 crypto rx=0 tx=0 comp rx=0 tx=0)._handle_peer_banner_payload supported=3 required=0
2024-04-21T08:37:27.841 INFO:teuthology.orchestra.run.smithi082.stdout:/usr/bin/ceph: stderr
2024-04-21T08:37:21.894+0000 7f29158a6700 1 --2- >> [v2:172.21.15.82:3300/0,v1:172.21.15.82:6789/0] conn(0x7f2910108ec0 0x7f291010b2b0 unknown :-1 s=HELLO_CONNECTING pgs=0 cs=0 l=0 rev1=1 crypto rx=0 tx=0 comp rx=0 tx=0).handle_hello peer v2:172.21.15.82:3300/0 says I am v2:172.21.15.82:57934/0 (socket says 172.21.15.82:57934)
2024-04-21T08:37:27.841 INFO:teuthology.orchestra.run.smithi082.stdout:/usr/bin/ceph: stderr
2024-04-21T08:37:21.894+0000 7f29158a6700 1 -- 172.21.15.82:0/2160406102 learned_addr learned my addr 172.21.15.82:0/2160406102 (peer_addr_for_me v2:172.21.15.82:0/0)
2024-04-21T08:37:27.841 INFO:teuthology.orchestra.run.smithi082.stdout:/usr/bin/ceph: stderr
2024-04-21T08:37:21.894+0000 7f29158a6700 1 -- 172.21.15.82:0/2160406102 --> [v2:172.21.15.82:3300/0,v1:172.21.15.82:6789/0] -- mon_subscribe({config=0+,monmap=0+}) -- 0x7f291010b7f0 con 0x7f2910108ec0
2024-04-21T08:37:27.841 INFO:teuthology.orchestra.run.smithi082.stdout:/usr/bin/ceph: stderr
2024-04-21T08:37:21.894+0000 7f29158a6700 1 --2- 172.21.15.82:0/2160406102 >> [v2:172.21.15.82:3300/0,v1:172.21.15.82:6789/0] conn(0x7f2910108ec0 0x7f291010b2b0 secure :-1 s=READY pgs=61 cs=0 l=1 rev1=1 crypto rx=0x7f29000098a0 tx=0x7f2900009bb0 comp rx=0 tx=0).ready entity=mon.0 client_cookie=391bd756413e4062 server_cookie=0 in_seq=0 out_seq=0
2024-04-21T08:37:27.842 INFO:teuthology.orchestra.run.smithi082.stdout:/usr/bin/ceph: stderr
2024-04-21T08:37:21.895+0000 7f29148a4700 1 -- 172.21.15.82:0/2160406102 <== mon.0 v2:172.21.15.82:3300/0 1 ==== mon_map magic: 0 ==== 205+0+0 (secure 0 0 0) 0x7f2900004160 con 0x7f2910108ec0
2024-04-21T08:37:27.842 INFO:teuthology.orchestra.run.smithi082.stdout:/usr/bin/ceph: stderr
2024-04-21T08:37:21.895+0000 7f29148a4700 1 -- 172.21.15.82:0/2160406102 <== mon.0 v2:172.21.15.82:3300/0 2 ==== config(26 keys) ==== 1101+0+0 (secure 0 0 0) 0x7f2900004300 con 0x7f2910108ec0
2024-04-21T08:37:27.842 INFO:teuthology.orchestra.run.smithi082.stdout:/usr/bin/ceph: stderr
2024-04-21T08:37:21.895+0000 7f29148a4700 1 -- 172.21.15.82:0/2160406102 <== mon.0 v2:172.21.15.82:3300/0 3 ==== mon_map magic: 0 ==== 205+0+0 (secure 0 0 0) 0x7f2900011a20 con 0x7f2910108ec0
2024-04-21T08:37:27.842 INFO:teuthology.orchestra.run.smithi082.stdout:/usr/bin/ceph: stderr
2024-04-21T08:37:21.895+0000 7f2917b0a700 1 -- 172.21.15.82:0/2160406102 >> [v2:172.21.15.82:3300/0,v1:172.21.15.82:6789/0] conn(0x7f2910108ec0 msgr2=0x7f291010b2b0 secure :-1 s=STATE_CONNECTION_ESTABLISHED l=1).mark_down
2024-04-21T08:37:27.842 INFO:teuthology.orchestra.run.smithi082.stdout:/usr/bin/ceph: stderr
2024-04-21T08:37:21.895+0000 7f2917b0a700 1 --2- 172.21.15.82:0/2160406102 >> [v2:172.21.15.82:3300/0,v1:172.21.15.82:6789/0] conn(0x7f2910108ec0 0x7f291010b2b0 secure :-1 s=READY pgs=61 cs=0 l=1 rev1=1 crypto rx=0x7f29000098a0 tx=0x7f2900009bb0 comp rx=0 tx=0).stop
2024-04-21T08:37:27.842 INFO:teuthology.orchestra.run.smithi082.stdout:/usr/bin/ceph: stderr
2024-04-21T08:37:21.895+0000 7f2917b0a700 1 -- 172.21.15.82:0/2160406102 shutdown_connections
2024-04-21T08:37:27.842 INFO:teuthology.orchestra.run.smithi082.stdout:/usr/bin/ceph: stderr
2024-04-21T08:37:21.895+0000 7f2917b0a700 1 --2- 172.21.15.82:0/2160406102 >> [v2:172.21.15.82:3300/0,v1:172.21.15.82:6789/0] conn(0x7f2910108ec0 0x7f291010b2b0 unknown :-1 s=CLOSED pgs=61 cs=0 l=1 rev1=1 crypto rx=0 tx=0 comp rx=0 tx=0).stop
2024-04-21T08:37:27.842 INFO:teuthology.orchestra.run.smithi082.stdout:/usr/bin/ceph: stderr
2024-04-21T08:37:21.895+0000 7f2917b0a700 1 -- 172.21.15.82:0/2160406102 >> 172.21.15.82:0/2160406102 conn(0x7f2910102890 msgr2=0x7f2910104cd0 unknown :-1 s=STATE_NONE l=0).mark_down
2024-04-21T08:37:27.842 INFO:teuthology.orchestra.run.smithi082.stdout:/usr/bin/ceph: stderr
2024-04-21T08:37:21.896+0000 7f2917b0a700 1 -- 172.21.15.82:0/2160406102 shutdown_connections
2024-04-21T08:37:27.842 INFO:teuthology.orchestra.run.smithi082.stdout:/usr/bin/ceph: stderr
2024-04-21T08:37:21.896+0000 7f2917b0a700 1 -- 172.21.15.82:0/2160406102 wait complete.
2024-04-21T08:37:27.842 INFO:teuthology.orchestra.run.smithi082.stdout:/usr/bin/ceph: stderr
2024-04-21T08:37:21.896+0000 7f2917b0a700 1 Processor -- start
2024-04-21T08:37:27.842 INFO:teuthology.orchestra.run.smithi082.stdout:/usr/bin/ceph: stderr
2024-04-21T08:37:21.896+0000 7f2917b0a700 1 -- start start
2024-04-21T08:37:27.842 INFO:teuthology.orchestra.run.smithi082.stdout:/usr/bin/ceph: stderr
2024-04-21T08:37:21.896+0000 7f2917b0a700 1 --2- >> [v2:172.21.15.82:3300/0,v1:172.21.15.82:6789/0] conn(0x7f2910108ec0 0x7f291019c190 unknown :-1 s=NONE pgs=0 cs=0 l=1 rev1=0 crypto rx=0 tx=0 comp rx=0 tx=0).connect
2024-04-21T08:37:27.843 INFO:teuthology.orchestra.run.smithi082.stdout:/usr/bin/ceph: stderr
2024-04-21T08:37:21.896+0000 7f2917b0a700 1 -- --> [v2:172.21.15.82:3300/0,v1:172.21.15.82:6789/0] -- mon_getmap magic: 0 -- 0x7f291010c7a0 con 0x7f2910108ec0
2024-04-21T08:37:27.843 INFO:teuthology.orchestra.run.smithi082.stdout:/usr/bin/ceph: stderr
2024-04-21T08:37:21.896+0000 7f29158a6700 1 --2- >> [v2:172.21.15.82:3300/0,v1:172.21.15.82:6789/0] conn(0x7f2910108ec0 0x7f291019c190 unknown :-1 s=BANNER_CONNECTING pgs=0 cs=0 l=1 rev1=0 crypto rx=0 tx=0 comp rx=0 tx=0)._handle_peer_banner_payload supported=3 required=0
2024-04-21T08:37:27.843 INFO:teuthology.orchestra.run.smithi082.stdout:/usr/bin/ceph: stderr
2024-04-21T08:37:21.896+0000 7f29158a6700 1 --2- >> [v2:172.21.15.82:3300/0,v1:172.21.15.82:6789/0] conn(0x7f2910108ec0 0x7f291019c190 unknown :-1 s=HELLO_CONNECTING pgs=0 cs=0 l=1 rev1=1 crypto rx=0 tx=0 comp rx=0 tx=0).handle_hello peer v2:172.21.15.82:3300/0 says I am v2:172.21.15.82:57950/0 (socket says 172.21.15.82:57950)
2024-04-21T08:37:27.843 INFO:teuthology.orchestra.run.smithi082.stdout:/usr/bin/ceph: stderr
2024-04-21T08:37:21.896+0000 7f29158a6700 1 -- 172.21.15.82:0/3139980322 learned_addr learned my addr 172.21.15.82:0/3139980322 (peer_addr_for_me v2:172.21.15.82:0/0)
2024-04-21T08:37:27.843 INFO:teuthology.orchestra.run.smithi082.stdout:/usr/bin/ceph: stderr
2024-04-21T08:37:21.897+0000 7f29158a6700 1 -- 172.21.15.82:0/3139980322 --> [v2:172.21.15.82:3300/0,v1:172.21.15.82:6789/0] -- mon_subscribe({config=0+,monmap=0+}) -- 0x7f291019c6d0 con 0x7f2910108ec0
2024-04-21T08:37:27.843 INFO:teuthology.orchestra.run.smithi082.stdout:/usr/bin/ceph: stderr
2024-04-21T08:37:21.897+0000 7f29158a6700 1 --2- 172.21.15.82:0/3139980322 >> [v2:172.21.15.82:3300/0,v1:172.21.15.82:6789/0] conn(0x7f2910108ec0 0x7f291019c190 secure :-1 s=READY pgs=62 cs=0 l=1 rev1=1 crypto rx=0x7f29000116e0 tx=0x7f2900011aa0 comp rx=0 tx=0).ready entity=mon.0 client_cookie=0 server_cookie=0 in_seq=0 out_seq=0
2024-04-21T08:37:27.843 INFO:teuthology.orchestra.run.smithi082.stdout:/usr/bin/ceph: stderr
