2024-04-21T08:41:25.937+0000 7f103f7fe700 1 -- 172.21.15.28:0/2777294366 <== mon.0 v2:172.21.15.28:3300/0 7 ==== mon_command_ack([{prefix=config set, name=mgr/dashboard/ssl_server_port}]=0 v8)=0 v8) ==== 130+0+0 (secure 0 0 0) 0x7f1040029260 con 0x7f1050109020
2024-04-21T08:41:26.489 INFO:teuthology.orchestra.run.smithi028.stdout:/usr/bin/ceph: stderr
2024-04-21T08:41:25.940+0000 7f1054edf700 1 -- 172.21.15.28:0/2777294366 >> [v2:172.21.15.28:6800/334321812,v1:172.21.15.28:6801/334321812] conn(0x7f103803d9c0 msgr2=0x7f103803fe80 secure :-1 s=STATE_CONNECTION_ESTABLISHED l=1).mark_down
2024-04-21T08:41:26.489 INFO:teuthology.orchestra.run.smithi028.stdout:/usr/bin/ceph: stderr
2024-04-21T08:41:25.940+0000 7f1054edf700 1 --2- 172.21.15.28:0/2777294366 >> [v2:172.21.15.28:6800/334321812,v1:172.21.15.28:6801/334321812] conn(0x7f103803d9c0 0x7f103803fe80 secure :-1 s=READY pgs=15 cs=0 l=1 rev1=1 crypto rx=0x7f1044006fd0 tx=0x7f1044006e40 comp rx=0 tx=0).stop
2024-04-21T08:41:26.489 INFO:teuthology.orchestra.run.smithi028.stdout:/usr/bin/ceph: stderr
2024-04-21T08:41:25.940+0000 7f1054edf700 1 -- 172.21.15.28:0/2777294366 >> [v2:172.21.15.28:3300/0,v1:172.21.15.28:6789/0] conn(0x7f1050109020 msgr2=0x7f105019c420 secure :-1 s=STATE_CONNECTION_ESTABLISHED l=1).mark_down
2024-04-21T08:41:26.489 INFO:teuthology.orchestra.run.smithi028.stdout:/usr/bin/ceph: stderr
2024-04-21T08:41:25.940+0000 7f1054edf700 1 --2- 172.21.15.28:0/2777294366 >> [v2:172.21.15.28:3300/0,v1:172.21.15.28:6789/0] conn(0x7f1050109020 0x7f105019c420 secure :-1 s=READY pgs=54 cs=0 l=1 rev1=1 crypto rx=0x7f10400116e0 tx=0x7f1040011aa0 comp rx=0 tx=0).stop
2024-04-21T08:41:26.489 INFO:teuthology.orchestra.run.smithi028.stdout:/usr/bin/ceph: stderr
2024-04-21T08:41:25.940+0000 7f1054edf700 1 -- 172.21.15.28:0/2777294366 shutdown_connections
2024-04-21T08:41:26.489 INFO:teuthology.orchestra.run.smithi028.stdout:/usr/bin/ceph: stderr
2024-04-21T08:41:25.940+0000 7f1054edf700 1 --2- 172.21.15.28:0/2777294366 >> [v2:172.21.15.28:6800/334321812,v1:172.21.15.28:6801/334321812] conn(0x7f103803d9c0 0x7f103803fe80 unknown :-1 s=CLOSED pgs=15 cs=0 l=1 rev1=1 crypto rx=0 tx=0 comp rx=0 tx=0).stop
2024-04-21T08:41:26.489 INFO:teuthology.orchestra.run.smithi028.stdout:/usr/bin/ceph: stderr
2024-04-21T08:41:25.940+0000 7f1054edf700 1 --2- 172.21.15.28:0/2777294366 >> [v2:172.21.15.28:3300/0,v1:172.21.15.28:6789/0] conn(0x7f1050109020 0x7f105019c420 unknown :-1 s=CLOSED pgs=54 cs=0 l=1 rev1=1 crypto rx=0 tx=0 comp rx=0 tx=0).stop
2024-04-21T08:41:26.489 INFO:teuthology.orchestra.run.smithi028.stdout:/usr/bin/ceph: stderr
2024-04-21T08:41:25.940+0000 7f1054edf700 1 -- 172.21.15.28:0/2777294366 >> 172.21.15.28:0/2777294366 conn(0x7f10501029f0 msgr2=0x7f1050103490 unknown :-1 s=STATE_NONE l=0).mark_down
2024-04-21T08:41:26.489 INFO:teuthology.orchestra.run.smithi028.stdout:/usr/bin/ceph: stderr
2024-04-21T08:41:25.940+0000 7f1054edf700 1 -- 172.21.15.28:0/2777294366 shutdown_connections
2024-04-21T08:41:26.489 INFO:teuthology.orchestra.run.smithi028.stdout:/usr/bin/ceph: stderr
2024-04-21T08:41:25.940+0000 7f1054edf700 1 -- 172.21.15.28:0/2777294366 wait complete.
2024-04-21T08:41:26.489 INFO:teuthology.orchestra.run.smithi028.stdout:Enabling the dashboard module...
2024-04-21T08:41:26.982 INFO:journalctl@ceph.mon.a.smithi028.stdout:Apr 21 08:41:26 smithi028 ceph-mon[28003]: from='mgr.14120 172.21.15.28:0/2824909112' entity='mgr.x'
2024-04-21T08:41:26.982 INFO:journalctl@ceph.mon.a.smithi028.stdout:Apr 21 08:41:26 smithi028 ceph-mon[28003]: from='client.? 172.21.15.28:0/2777294366' entity='client.admin'
2024-04-21T08:41:28.410 INFO:journalctl@ceph.mon.a.smithi028.stdout:Apr 21 08:41:28 smithi028 ceph-mon[28003]: from='mgr.14120 172.21.15.28:0/2824909112' entity='mgr.x'
2024-04-21T08:41:28.410 INFO:journalctl@ceph.mon.a.smithi028.stdout:Apr 21 08:41:28 smithi028 ceph-mon[28003]: from='client.? 172.21.15.28:0/1640190867' entity='client.admin' cmd=[{"prefix": "mgr module enable", "module": "dashboard"}]: dispatch
2024-04-21T08:41:28.410 INFO:journalctl@ceph.mgr.x.smithi028.stdout:Apr 21 08:41:28 smithi028 ceph-b51a76c8-ffba-11ee-bc93-c7b262605968-mgr-x[28237]: ignoring --setuser ceph since I am not root
2024-04-21T08:41:28.410 INFO:journalctl@ceph.mgr.x.smithi028.stdout:Apr 21 08:41:28 smithi028 ceph-b51a76c8-ffba-11ee-bc93-c7b262605968-mgr-x[28237]: ignoring --setgroup ceph since I am not root
2024-04-21T08:41:28.410 INFO:journalctl@ceph.mgr.x.smithi028.stdout:Apr 21 08:41:28 smithi028 ceph-b51a76c8-ffba-11ee-bc93-c7b262605968-mgr-x[28237]:
2024-04-21T08:41:28.410+0000 7f33bb1dc200 -1 mgr[py] Module balancer has missing NOTIFY_TYPES member
2024-04-21T08:41:28.709 INFO:journalctl@ceph.mgr.x.smithi028.stdout:Apr 21 08:41:28 smithi028 ceph-b51a76c8-ffba-11ee-bc93-c7b262605968-mgr-x[28237]:
2024-04-21T08:41:28.602+0000 7f33bb1dc200 -1 mgr[py] Module orchestrator has missing NOTIFY_TYPES member
2024-04-21T08:41:28.709 INFO:journalctl@ceph.mgr.x.smithi028.stdout:Apr 21 08:41:28 smithi028 ceph-b51a76c8-ffba-11ee-bc93-c7b262605968-mgr-x[28237]:
2024-04-21T08:41:28.709+0000 7f33bb1dc200 -1 mgr[py] Module snap_schedule has missing NOTIFY_TYPES member
2024-04-21T08:41:28.886 INFO:teuthology.orchestra.run.smithi028.stdout:/usr/bin/ceph: stderr
2024-04-21T08:41:26.972+0000 7fa6aac6d700 1 Processor -- start
2024-04-21T08:41:28.887 INFO:teuthology.orchestra.run.smithi028.stdout:/usr/bin/ceph: stderr
2024-04-21T08:41:26.972+0000 7fa6aac6d700 1 -- start start
2024-04-21T08:41:28.887 INFO:teuthology.orchestra.run.smithi028.stdout:/usr/bin/ceph: stderr
2024-04-21T08:41:26.972+0000 7fa6aac6d700 1 --2- >> [v2:172.21.15.28:3300/0,v1:172.21.15.28:6789/0] conn(0x7fa6a4108fe0 0x7fa6a410b3d0 unknown :-1 s=NONE pgs=0 cs=0 l=0 rev1=0 crypto rx=0 tx=0 comp rx=0 tx=0).connect
2024-04-21T08:41:28.887 INFO:teuthology.orchestra.run.smithi028.stdout:/usr/bin/ceph: stderr
2024-04-21T08:41:26.972+0000 7fa6aac6d700 1 -- --> [v2:172.21.15.28:3300/0,v1:172.21.15.28:6789/0] -- mon_getmap magic: 0 -- 0x7fa6a407bea0 con 0x7fa6a4108fe0
2024-04-21T08:41:28.887 INFO:teuthology.orchestra.run.smithi028.stdout:/usr/bin/ceph: stderr
2024-04-21T08:41:26.973+0000 7fa6a8a09700 1 --2- >> [v2:172.21.15.28:3300/0,v1:172.21.15.28:6789/0] conn(0x7fa6a4108fe0 0x7fa6a410b3d0 unknown :-1 s=BANNER_CONNECTING pgs=0 cs=0 l=0 rev1=0 crypto rx=0 tx=0 comp rx=0 tx=0)._handle_peer_banner_payload supported=3 required=0
2024-04-21T08:41:28.887 INFO:teuthology.orchestra.run.smithi028.stdout:/usr/bin/ceph: stderr
2024-04-21T08:41:26.973+0000 7fa6a8a09700 1 --2- >> [v2:172.21.15.28:3300/0,v1:172.21.15.28:6789/0] conn(0x7fa6a4108fe0 0x7fa6a410b3d0 unknown :-1 s=HELLO_CONNECTING pgs=0 cs=0 l=0 rev1=1 crypto rx=0 tx=0 comp rx=0 tx=0).handle_hello peer v2:172.21.15.28:3300/0 says I am v2:172.21.15.28:53472/0 (socket says 172.21.15.28:53472)
2024-04-21T08:41:28.887 INFO:teuthology.orchestra.run.smithi028.stdout:/usr/bin/ceph: stderr
2024-04-21T08:41:26.973+0000 7fa6a8a09700 1 -- 172.21.15.28:0/2658290323 learned_addr learned my addr 172.21.15.28:0/2658290323 (peer_addr_for_me v2:172.21.15.28:0/0)
2024-04-21T08:41:28.887 INFO:teuthology.orchestra.run.smithi028.stdout:/usr/bin/ceph: stderr
2024-04-21T08:41:26.973+0000 7fa6a8a09700 1 -- 172.21.15.28:0/2658290323 --> [v2:172.21.15.28:3300/0,v1:172.21.15.28:6789/0] -- mon_subscribe({config=0+,monmap=0+}) -- 0x7fa6a410b910 con 0x7fa6a4108fe0
2024-04-21T08:41:28.887 INFO:teuthology.orchestra.run.smithi028.stdout:/usr/bin/ceph: stderr
2024-04-21T08:41:26.973+0000 7fa6a8a09700 1 --2- 172.21.15.28:0/2658290323 >> [v2:172.21.15.28:3300/0,v1:172.21.15.28:6789/0] conn(0x7fa6a4108fe0 0x7fa6a410b3d0 secure :-1 s=READY pgs=55 cs=0 l=1 rev1=1 crypto rx=0x7fa6980098a0 tx=0x7fa698009bb0 comp rx=0 tx=0).ready entity=mon.0 client_cookie=a88acca6bedb15b3 server_cookie=0 in_seq=0 out_seq=0
2024-04-21T08:41:28.887 INFO:teuthology.orchestra.run.smithi028.stdout:/usr/bin/ceph: stderr
2024-04-21T08:41:26.973+0000 7fa6a37fe700 1 -- 172.21.15.28:0/2658290323 <== mon.0 v2:172.21.15.28:3300/0 1 ==== mon_map magic: 0 ==== 205+0+0 (secure 0 0 0) 0x7fa698004160 con 0x7fa6a4108fe0
2024-04-21T08:41:28.887 INFO:teuthology.orchestra.run.smithi028.stdout:/usr/bin/ceph: stderr
2024-04-21T08:41:26.974+0000 7fa6a37fe700 1 -- 172.21.15.28:0/2658290323 <== mon.0 v2:172.21.15.28:3300/0 2 ==== config(26 keys) ==== 1101+0+0 (secure 0 0 0) 0x7fa698004300 con 0x7fa6a4108fe0
2024-04-21T08:41:28.887 INFO:teuthology.orchestra.run.smithi028.stdout:/usr/bin/ceph: stderr
2024-04-21T08:41:26.974+0000 7fa6a37fe700 1 -- 172.21.15.28:0/2658290323 <== mon.0 v2:172.21.15.28:3300/0 3 ==== mon_map magic: 0 ==== 205+0+0 (secure 0 0 0) 0x7fa698011a20 con 0x7fa6a4108fe0
2024-04-21T08:41:28.887 INFO:teuthology.orchestra.run.smithi028.stdout:/usr/bin/ceph: stderr
2024-04-21T08:41:26.974+0000 7fa6aac6d700 1 -- 172.21.15.28:0/2658290323 >> [v2:172.21.15.28:3300/0,v1:172.21.15.28:6789/0] conn(0x7fa6a4108fe0 msgr2=0x7fa6a410b3d0 secure :-1 s=STATE_CONNECTION_ESTABLISHED l=1).mark_down
2024-04-21T08:41:28.887 INFO:teuthology.orchestra.run.smithi028.stdout:/usr/bin/ceph: stderr
2024-04-21T08:41:26.974+0000 7fa6aac6d700 1 --2- 172.21.15.28:0/2658290323 >> [v2:172.21.15.28:3300/0,v1:172.21.15.28:6789/0] conn(0x7fa6a4108fe0 0x7fa6a410b3d0 secure :-1 s=READY pgs=55 cs=0 l=1 rev1=1 crypto rx=0x7fa6980098a0 tx=0x7fa698009bb0 comp rx=0 tx=0).stop
2024-04-21T08:41:28.888 INFO:teuthology.orchestra.run.smithi028.stdout:/usr/bin/ceph: stderr
2024-04-21T08:41:26.975+0000 7fa6aac6d700 1 -- 172.21.15.28:0/2658290323 shutdown_connections
2024-04-21T08:41:28.888 INFO:teuthology.orchestra.run.smithi028.stdout:/usr/bin/ceph: stderr
2024-04-21T08:41:26.975+0000 7fa6aac6d700 1 --2- 172.21.15.28:0/2658290323 >> [v2:172.21.15.28:3300/0,v1:172.21.15.28:6789/0] conn(0x7fa6a4108fe0 0x7fa6a410b3d0 unknown :-1 s=CLOSED pgs=55 cs=0 l=1 rev1=1 crypto rx=0 tx=0 comp rx=0 tx=0).stop
2024-04-21T08:41:28.888 INFO:teuthology.orchestra.run.smithi028.stdout:/usr/bin/ceph: stderr
2024-04-21T08:41:26.975+0000 7fa6aac6d700 1 -- 172.21.15.28:0/2658290323 >> 172.21.15.28:0/2658290323 conn(0x7fa6a41029d0 msgr2=0x7fa6a4104e30 unknown :-1 s=STATE_NONE l=0).mark_down
2024-04-21T08:41:28.888 INFO:teuthology.orchestra.run.smithi028.stdout:/usr/bin/ceph: stderr
2024-04-21T08:41:26.975+0000 7fa6aac6d700 1 -- 172.21.15.28:0/2658290323 shutdown_connections
2024-04-21T08:41:28.888 INFO:teuthology.orchestra.run.smithi028.stdout:/usr/bin/ceph: stderr
2024-04-21T08:41:26.975+0000 7fa6aac6d700 1 -- 172.21.15.28:0/2658290323 wait complete.
2024-04-21T08:41:28.888 INFO:teuthology.orchestra.run.smithi028.stdout:/usr/bin/ceph: stderr
2024-04-21T08:41:26.975+0000 7fa6aac6d700 1 Processor -- start
2024-04-21T08:41:28.888 INFO:teuthology.orchestra.run.smithi028.stdout:/usr/bin/ceph: stderr
2024-04-21T08:41:26.975+0000 7fa6aac6d700 1 -- start start
2024-04-21T08:41:28.888 INFO:teuthology.orchestra.run.smithi028.stdout:/usr/bin/ceph: stderr
2024-04-21T08:41:26.975+0000 7fa6aac6d700 1 --2- >> [v2:172.21.15.28:3300/0,v1:172.21.15.28:6789/0] conn(0x7fa6a4108fe0 0x7fa6a419e660 unknown :-1 s=NONE pgs=0 cs=0 l=1 rev1=0 crypto rx=0 tx=0 comp rx=0 tx=0).connect
2024-04-21T08:41:28.888 INFO:teuthology.orchestra.run.smithi028.stdout:/usr/bin/ceph: stderr
2024-04-21T08:41:26.975+0000 7fa6aac6d700 1 -- --> [v2:172.21.15.28:3300/0,v1:172.21.15.28:6789/0] -- mon_getmap magic: 0 -- 0x7fa6a410c8b0 con 0x7fa6a4108fe0
2024-04-21T08:41:28.888 INFO:teuthology.orchestra.run.smithi028.stdout:/usr/bin/ceph: stderr
2024-04-21T08:41:26.976+0000 7fa6a8a09700 1 --2- >> [v2:172.21.15.28:3300/0,v1:172.21.15.28:6789/0] conn(0x7fa6a4108fe0 0x7fa6a419e660 unknown :-1 s=BANNER_CONNECTING pgs=0 cs=0 l=1 rev1=0 crypto rx=0 tx=0 comp rx=0 tx=0)._handle_peer_banner_payload supported=3 required=0
2024-04-21T08:41:28.888 INFO:teuthology.orchestra.run.smithi028.stdout:/usr/bin/ceph: stderr
2024-04-21T08:41:26.976+0000 7fa6a8a09700 1 --2- >> [v2:172.21.15.28:3300/0,v1:172.21.15.28:6789/0] conn(0x7fa6a4108fe0 0x7fa6a419e660 unknown :-1 s=HELLO_CONNECTING pgs=0 cs=0 l=1 rev1=1 crypto rx=0 tx=0 comp rx=0 tx=0).handle_hello peer v2:172.21.15.28:3300/0 says I am v2:172.21.15.28:53486/0 (socket says 172.21.15.28:53486)
2024-04-21T08:41:28.888 INFO:teuthology.orchestra.run.smithi028.stdout:/usr/bin/ceph: stderr
2024-04-21T08:41:26.976+0000 7fa6a8a09700 1 -- 172.21.15.28:0/1640190867 learned_addr learned my addr 172.21.15.28:0/1640190867 (peer_addr_for_me v2:172.21.15.28:0/0)
2024-04-21T08:41:28.888 INFO:teuthology.orchestra.run.smithi028.stdout:/usr/bin/ceph: stderr
2024-04-21T08:41:26.976+0000 7fa6a8a09700 1 -- 172.21.15.28:0/1640190867 --> [v2:172.21.15.28:3300/0,v1:172.21.15.28:6789/0] -- mon_subscribe({config=0+,monmap=0+}) -- 0x7fa6a419eba0 con 0x7fa6a4108fe0
2024-04-21T08:41:28.888 INFO:teuthology.orchestra.run.smithi028.stdout:/usr/bin/ceph: stderr
2024-04-21T08:41:26.976+0000 7fa6a8a09700 1 --2- 172.21.15.28:0/1640190867 >> [v2:172.21.15.28:3300/0,v1:172.21.15.28:6789/0] conn(0x7fa6a4108fe0 0x7fa6a419e660 secure :-1 s=READY pgs=56 cs=0 l=1 rev1=1 crypto rx=0x7fa6980116e0 tx=0x7fa698011aa0 comp rx=0 tx=0).ready entity=mon.0 client_cookie=0 server_cookie=0 in_seq=0 out_seq=0
2024-04-21T08:41:28.889 INFO:teuthology.orchestra.run.smithi028.stdout:/usr/bin/ceph: stderr
2024-04-21T08:41:26.976+0000 7fa6a1ffb700 1 -- 172.21.15.28:0/1640190867 <== mon.0 v2:172.21.15.28:3300/0 1 ==== mon_map magic: 0 ==== 205+0+0 (secure 0 0 0) 0x7fa698003b20 con 0x7fa6a4108fe0
2024-04-21T08:41:28.889 INFO:teuthology.orchestra.run.smithi028.stdout:/usr/bin/ceph: stderr
2024-04-21T08:41:26.976+0000 7fa6a1ffb700 1 -- 172.21.15.28:0/1640190867 <== mon.0 v2:172.21.15.28:3300/0 2 ==== config(26 keys) ==== 1101+0+0 (secure 0 0 0) 0x7fa69801b8f0 con 0x7fa6a4108fe0
2024-04-21T08:41:28.889 INFO:teuthology.orchestra.run.smithi028.stdout:/usr/bin/ceph: stderr
2024-04-21T08:41:26.976+0000 7fa6aac6d700 1 -- 172.21.15.28:0/1640190867 --> [v2:172.21.15.28:3300/0,v1:172.21.15.28:6789/0] -- mon_subscribe({mgrmap=0+}) -- 0x7fa6a419ee90 con 0x7fa6a4108fe0
2024-04-21T08:41:28.889 INFO:teuthology.orchestra.run.smithi028.stdout:/usr/bin/ceph: stderr
2024-04-21T08:41:26.976+0000 7fa6a1ffb700 1 -- 172.21.15.28:0/1640190867 <== mon.0 v2:172.21.15.28:3300/0 3 ==== mon_map magic: 0 ==== 205+0+0 (secure 0 0 0) 0x7fa6980238c0 con 0x7fa6a4108fe0
2024-04-21T08:41:28.889 INFO:teuthology.orchestra.run.smithi028.stdout:/usr/bin/ceph: stderr
2024-04-21T08:41:26.976+0000 7fa6aac6d700 1 -- 172.21.15.28:0/1640190867 --> [v2:172.21.15.28:3300/0,v1:172.21.15.28:6789/0] -- mon_subscribe({osdmap=0}) -- 0x7fa6a41a1b20 con 0x7fa6a4108fe0
2024-04-21T08:41:28.889 INFO:teuthology.orchestra.run.smithi028.stdout:/usr/bin/ceph: stderr
2024-04-21T08:41:26.977+0000 7fa6a1ffb700 1 -- 172.21.15.28:0/1640190867 <== mon.0 v2:172.21.15.28:3300/0 4 ==== mgrmap(e 8) ==== 46558+0+0 (secure 0 0 0) 0x7fa698023b70 con 0x7fa6a4108fe0
2024-04-21T08:41:28.889 INFO:teuthology.orchestra.run.smithi028.stdout:/usr/bin/ceph: stderr
2024-04-21T08:41:26.977+0000 7fa6a1ffb700 1 --2- 172.21.15.28:0/1640190867 >> [v2:172.21.15.28:6800/334321812,v1:172.21.15.28:6801/334321812] conn(0x7fa694039560 0x7fa69403ba20 unknown :-1 s=NONE pgs=0 cs=0 l=1 rev1=0 crypto rx=0 tx=0 comp rx=0 tx=0).connect
2024-04-21T08:41:28.889 INFO:teuthology.orchestra.run.smithi028.stdout:/usr/bin/ceph: stderr
2024-04-21T08:41:26.977+0000 7fa6a1ffb700 1 -- 172.21.15.28:0/1640190867 <== mon.0 v2:172.21.15.28:3300/0 5 ==== osd_map(2..2 src has 1..2) ==== 940+0+0 (secure 0 0 0) 0x7fa69804eeb0 con 0x7fa6a4108fe0
2024-04-21T08:41:28.889 INFO:teuthology.orchestra.run.smithi028.stdout:/usr/bin/ceph: stderr
2024-04-21T08:41:26.978+0000 7fa6a3fff700 1 --2- 172.21.15.28:0/1640190867 >> [v2:172.21.15.28:6800/334321812,v1:172.21.15.28:6801/334321812] conn(0x7fa694039560 0x7fa69403ba20 unknown :-1 s=BANNER_CONNECTING pgs=0 cs=0 l=1 rev1=0 crypto rx=0 tx=0 comp rx=0 tx=0)._handle_peer_banner_payload supported=3 required=0
2024-04-21T08:41:28.889 INFO:teuthology.orchestra.run.smithi028.stdout:/usr/bin/ceph: stderr
2024-04-21T08:41:26.978+0000 7fa6aac6d700 1 -- 172.21.15.28:0/1640190867 --> [v2:172.21.15.28:3300/0,v1:172.21.15.28:6789/0] -- mon_command({"prefix": "get_command_descriptions"} v 0) -- 0x7fa6a40640a0 con 0x7fa6a4108fe0
2024-04-21T08:41:28.889 INFO:teuthology.orchestra.run.smithi028.stdout:/usr/bin/ceph: stderr
2024-04-21T08:41:26.978+0000 7fa6a3fff700 1 --2- 172.21.15.28:0/1640190867 >> [v2:172.21.15.28:6800/334321812,v1:172.21.15.28:6801/334321812] conn(0x7fa694039560 0x7fa69403ba20 secure :-1 s=READY pgs=16 cs=0 l=1 rev1=1 crypto rx=0x7fa690006fd0 tx=0x7fa690006e40 comp rx=0 tx=0).ready entity=mgr.14120 client_cookie=0 server_cookie=0 in_seq=0 out_seq=0
2024-04-21T08:41:28.889 INFO:teuthology.orchestra.run.smithi028.stdout:/usr/bin/ceph: stderr
2024-04-21T08:41:26.983+0000 7fa6a1ffb700 1 -- 172.21.15.28:0/1640190867 <== mon.0 v2:172.21.15.28:3300/0 6 ==== mon_command_ack([{"prefix": "get_command_descriptions"}]=0 v0) ==== 72+0+188370 (secure 0 0 0) 0x7fa69801f030 con 0x7fa6a4108fe0
2024-04-21T08:41:28.889 INFO:teuthology.orchestra.run.smithi028.stdout:/usr/bin/ceph: stderr
2024-04-21T08:41:27.258+0000 7fa6aac6d700 1 -- 172.21.15.28:0/1640190867 --> [v2:172.21.15.28:3300/0,v1:172.21.15.28:6789/0] -- mon_command({"prefix": "mgr module enable", "module": "dashboard"} v 0) -- 0x7fa6a41a20f0 con 0x7fa6a4108fe0
2024-04-21T08:41:28.890 INFO:teuthology.orchestra.run.smithi028.stdout:/usr/bin/ceph: stderr
2024-04-21T08:41:28.227+0000 7fa6a1ffb700 1 -- 172.21.15.28:0/1640190867 <== mon.0 v2:172.21.15.28:3300/0 7 ==== mon_command_ack([{"prefix": "mgr module enable", "module": "dashboard"}]=0 v9) ==== 88+0+0 (secure 0 0 0) 0x7fa698018e30 con 0x7fa6a4108fe0
2024-04-21T08:41:28.890 INFO:teuthology.orchestra.run.smithi028.stdout:/usr/bin/ceph: stderr
2024-04-21T08:41:28.228+0000 7fa6a1ffb700 1 -- 172.21.15.28:0/1640190867 <== mon.0 v2:172.21.15.28:3300/0 8 ==== mgrmap(e 9) ==== 46571+0+0 (secure 0 0 0) 0x7fa69801baa0 con 0x7fa6a4108fe0
2024-04-21T08:41:28.890 INFO:teuthology.orchestra.run.smithi028.stdout:/usr/bin/ceph: stderr
2024-04-21T08:41:28.230+0000 7fa6aac6d700 1 -- 172.21.15.28:0/1640190867 >> [v2:172.21.15.28:6800/334321812,v1:172.21.15.28:6801/334321812] conn(0x7fa694039560 msgr2=0x7fa69403ba20 secure :-1 s=STATE_CONNECTION_ESTABLISHED l=1).mark_down
2024-04-21T08:41:28.890 INFO:teuthology.orchestra.run.smithi028.stdout:/usr/bin/ceph: stderr
2024-04-21T08:41:28.230+0000 7fa6aac6d700 1 --2- 172.21.15.28:0/1640190867 >> [v2:172.21.15.28:6800/334321812,v1:172.21.15.28:6801/334321812] conn(0x7fa694039560 0x7fa69403ba20 secure :-1 s=READY pgs=16 cs=0 l=1 rev1=1 crypto rx=0x7fa690006fd0 tx=0x7fa690006e40 comp rx=0 tx=0).stop
2024-04-21T08:41:28.890 INFO:teuthology.orchestra.run.smithi028.stdout:/usr/bin/ceph: stderr
2024-04-21T08:41:28.230+0000 7fa6aac6d700 1 -- 172.21.15.28:0/1640190867 >> [v2:172.21.15.28:3300/0,v1:172.21.15.28:6789/0] conn(0x7fa6a4108fe0 msgr2=0x7fa6a419e660 secure :-1 s=STATE_CONNECTION_ESTABLISHED l=1).mark_down
2024-04-21T08:41:28.890 INFO:teuthology.orchestra.run.smithi028.stdout:/usr/bin/ceph: stderr
2024-04-21T08:41:28.230+0000 7fa6aac6d700 1 --2- 172.21.15.28:0/1640190867 >> [v2:172.21.15.28:3300/0,v1:172.21.15.28:6789/0] conn(0x7fa6a4108fe0 0x7fa6a419e660 secure :-1 s=READY pgs=56 cs=0 l=1 rev1=1 crypto rx=0x7fa6980116e0 tx=0x7fa698011aa0 comp rx=0 tx=0).stop
2024-04-21T08:41:28.890 INFO:teuthology.orchestra.run.smithi028.stdout:/usr/bin/ceph: stderr
2024-04-21T08:41:28.231+0000 7fa6aac6d700 1 -- 172.21.15.28:0/1640190867 shutdown_connections
2024-04-21T08:41:28.890 INFO:teuthology.orchestra.run.smithi028.stdout:/usr/bin/ceph: stderr
2024-04-21T08:41:28.231+0000 7fa6aac6d700 1 --2- 172.21.15.28:0/1640190867 >> [v2:172.21.15.28:6800/334321812,v1:172.21.15.28:6801/334321812] conn(0x7fa694039560 0x7fa69403ba20 unknown :-1 s=CLOSED pgs=16 cs=0 l=1 rev1=1 crypto rx=0 tx=0 comp rx=0 tx=0).stop
2024-04-21T08:41:28.890 INFO:teuthology.orchestra.run.smithi028.stdout:/usr/bin/ceph: stderr
2024-04-21T08:41:28.231+0000 7fa6aac6d700 1 --2- 172.21.15.28:0/1640190867 >> [v2:172.21.15.28:3300/0,v1:172.21.15.28:6789/0] conn(0x7fa6a4108fe0 0x7fa6a419e660 unknown :-1 s=CLOSED pgs=56 cs=0 l=1 rev1=1 crypto rx=0 tx=0 comp rx=0 tx=0).stop
2024-04-21T08:41:28.890 INFO:teuthology.orchestra.run.smithi028.stdout:/usr/bin/ceph: stderr
2024-04-21T08:41:28.231+0000 7fa6aac6d700 1 -- 172.21.15.28:0/1640190867 >> 172.21.15.28:0/1640190867 conn(0x7fa6a41029d0 msgr2=0x7fa6a41034e0 unknown :-1 s=STATE_NONE l=0).mark_down
2024-04-21T08:41:28.890 INFO:teuthology.orchestra.run.smithi028.stdout:/usr/bin/ceph: stderr
2024-04-21T08:41:28.231+0000 7fa6aac6d700 1 -- 172.21.15.28:0/1640190867 shutdown_connections
2024-04-21T08:41:28.890 INFO:teuthology.orchestra.run.smithi028.stdout:/usr/bin/ceph: stderr
2024-04-21T08:41:28.231+0000 7fa6aac6d700 1 -- 172.21.15.28:0/1640190867 wait complete.
2024-04-21T08:41:29.266 INFO:journalctl@ceph.mon.a.smithi028.stdout:Apr 21 08:41:29 smithi028 ceph-mon[28003]: from='client.? 172.21.15.28:0/1640190867' entity='client.admin' cmd='[{"prefix": "mgr module enable", "module": "dashboard"}]': finished
2024-04-21T08:41:29.266 INFO:journalctl@ceph.mon.a.smithi028.stdout:Apr 21 08:41:29 smithi028 ceph-mon[28003]: mgrmap e9: x(active, since 20s)
2024-04-21T08:41:29.266 INFO:journalctl@ceph.mgr.x.smithi028.stdout:Apr 21 08:41:29 smithi028 ceph-b51a76c8-ffba-11ee-bc93-c7b262605968-mgr-x[28237]:
2024-04-21T08:41:29.042+0000 7f33bb1dc200 -1 mgr[py] Module progress has missing NOTIFY_TYPES member
2024-04-21T08:41:29.266 INFO:journalctl@ceph.mgr.x.smithi028.stdout:Apr 21 08:41:29 smithi028 ceph-b51a76c8-ffba-11ee-bc93-c7b262605968-mgr-x[28237]:
2024-04-21T08:41:29.134+0000 7f33bb1dc200 -1 mgr[py] Module influx has missing NOTIFY_TYPES member
2024-04-21T08:41:30.354 INFO:journalctl@ceph.mon.a.smithi028.stdout:Apr 21 08:41:30 smithi028 ceph-mon[28003]: from='client.? 172.21.15.28:0/3116140454' entity='client.admin' cmd=[{"prefix": "mgr stat"}]: dispatch
2024-04-21T08:41:30.454 INFO:teuthology.orchestra.run.smithi028.stdout:/usr/bin/ceph: stdout {
2024-04-21T08:41:30.455 INFO:teuthology.orchestra.run.smithi028.stdout:/usr/bin/ceph: stdout "epoch": 9,
2024-04-21T08:41:30.455 INFO:teuthology.orchestra.run.smithi028.stdout:/usr/bin/ceph: stdout "available": true,
2024-04-21T08:41:30.455 INFO:teuthology.orchestra.run.smithi028.stdout:/usr/bin/ceph: stdout "active_name": "x",
2024-04-21T08:41:30.455 INFO:teuthology.orchestra.run.smithi028.stdout:/usr/bin/ceph: stdout "num_standby": 0
2024-04-21T08:41:30.455 INFO:teuthology.orchestra.run.smithi028.stdout:/usr/bin/ceph: stdout }
2024-04-21T08:41:30.455 INFO:teuthology.orchestra.run.smithi028.stdout:/usr/bin/ceph: stderr
2024-04-21T08:41:29.285+0000 7fbadf107700 1 Processor -- start
2024-04-21T08:41:30.455 INFO:teuthology.orchestra.run.smithi028.stdout:/usr/bin/ceph: stderr
2024-04-21T08:41:29.285+0000 7fbadf107700 1 -- start start
2024-04-21T08:41:30.455 INFO:teuthology.orchestra.run.smithi028.stdout:/usr/bin/ceph: stderr
2024-04-21T08:41:29.286+0000 7fbadf107700 1 --2- >> [v2:172.21.15.28:3300/0,v1:172.21.15.28:6789/0] conn(0x7fbad8108540 0x7fbad8108960 unknown :-1 s=NONE pgs=0 cs=0 l=0 rev1=0 crypto rx=0 tx=0 comp rx=0 tx=0).connect
2024-04-21T08:41:30.455 INFO:teuthology.orchestra.run.smithi028.stdout:/usr/bin/ceph: stderr
2024-04-21T08:41:29.286+0000 7fbadf107700 1 -- --> [v2:172.21.15.28:3300/0,v1:172.21.15.28:6789/0] -- mon_getmap magic: 0 -- 0x7fbad8108f30 con 0x7fbad8108540
2024-04-21T08:41:30.455 INFO:teuthology.orchestra.run.smithi028.stdout:/usr/bin/ceph: stderr
2024-04-21T08:41:29.286+0000 7fbadcea3700 1 --2- >> [v2:172.21.15.28:3300/0,v1:172.21.15.28:6789/0] conn(0x7fbad8108540 0x7fbad8108960 unknown :-1 s=BANNER_CONNECTING pgs=0 cs=0 l=0 rev1=0 crypto rx=0 tx=0 comp rx=0 tx=0)._handle_peer_banner_payload supported=3 required=0
2024-04-21T08:41:30.455 INFO:teuthology.orchestra.run.smithi028.stdout:/usr/bin/ceph: stderr
2024-04-21T08:41:29.286+0000 7fbadcea3700 1 --2- >> [v2:172.21.15.28:3300/0,v1:172.21.15.28:6789/0] conn(0x7fbad8108540 0x7fbad8108960 unknown :-1 s=HELLO_CONNECTING pgs=0 cs=0 l=0 rev1=1 crypto rx=0 tx=0 comp rx=0 tx=0).handle_hello peer v2:172.21.15.28:3300/0 says I am v2:172.21.15.28:53504/0 (socket says 172.21.15.28:53504)
2024-04-21T08:41:30.455 INFO:teuthology.orchestra.run.smithi028.stdout:/usr/bin/ceph: stderr
2024-04-21T08:41:29.286+0000 7fbadcea3700 1 -- 172.21.15.28:0/1284658576 learned_addr learned my addr 172.21.15.28:0/1284658576 (peer_addr_for_me v2:172.21.15.28:0/0)
2024-04-21T08:41:30.456 INFO:teuthology.orchestra.run.smithi028.stdout:/usr/bin/ceph: stderr
2024-04-21T08:41:29.286+0000 7fbadcea3700 1 -- 172.21.15.28:0/1284658576 --> [v2:172.21.15.28:3300/0,v1:172.21.15.28:6789/0] -- mon_subscribe({config=0+,monmap=0+}) -- 0x7fbad81096f0 con 0x7fbad8108540
2024-04-21T08:41:30.456 INFO:teuthology.orchestra.run.smithi028.stdout:/usr/bin/ceph: stderr
2024-04-21T08:41:29.286+0000 7fbadcea3700 1 --2- 172.21.15.28:0/1284658576 >> [v2:172.21.15.28:3300/0,v1:172.21.15.28:6789/0] conn(0x7fbad8108540 0x7fbad8108960 secure :-1 s=READY pgs=59 cs=0 l=1 rev1=1 crypto rx=0x7fbacc0098a0 tx=0x7fbacc009bb0 comp rx=0 tx=0).ready entity=mon.0 client_cookie=ff499f4077c9e224 server_cookie=0 in_seq=0 out_seq=0
2024-04-21T08:41:30.456 INFO:teuthology.orchestra.run.smithi028.stdout:/usr/bin/ceph: stderr
2024-04-21T08:41:29.286+0000 7fbad77fe700 1 -- 172.21.15.28:0/1284658576 <== mon.0 v2:172.21.15.28:3300/0 1 ==== mon_map magic: 0 ==== 205+0+0 (secure 0 0 0) 0x7fbacc004160 con 0x7fbad8108540
2024-04-21T08:41:30.456 INFO:teuthology.orchestra.run.smithi028.stdout:/usr/bin/ceph: stderr
2024-04-21T08:41:29.287+0000 7fbad77fe700 1 -- 172.21.15.28:0/1284658576 <== mon.0 v2:172.21.15.28:3300/0 2 ==== config(26 keys) ==== 1101+0+0 (secure 0 0 0) 0x7fbacc004300 con 0x7fbad8108540
2024-04-21T08:41:30.456 INFO:teuthology.orchestra.run.smithi028.stdout:/usr/bin/ceph: stderr
2024-04-21T08:41:29.287+0000 7fbad77fe700 1 -- 172.21.15.28:0/1284658576 <== mon.0 v2:172.21.15.28:3300/0 3 ==== mon_map magic: 0 ==== 205+0+0 (secure 0 0 0) 0x7fbacc011a20 con 0x7fbad8108540
2024-04-21T08:41:30.456 INFO:teuthology.orchestra.run.smithi028.stdout:/usr/bin/ceph: stderr
2024-04-21T08:41:29.287+0000 7fbadf107700 1 -- 172.21.15.28:0/1284658576 >> [v2:172.21.15.28:3300/0,v1:172.21.15.28:6789/0] conn(0x7fbad8108540 msgr2=0x7fbad8108960 secure :-1 s=STATE_CONNECTION_ESTABLISHED l=1).mark_down
2024-04-21T08:41:30.456 INFO:teuthology.orchestra.run.smithi028.stdout:/usr/bin/ceph: stderr
2024-04-21T08:41:29.287+0000 7fbadf107700 1 --2- 172.21.15.28:0/1284658576 >> [v2:172.21.15.28:3300/0,v1:172.21.15.28:6789/0] conn(0x7fbad8108540 0x7fbad8108960 secure :-1 s=READY pgs=59 cs=0 l=1 rev1=1 crypto rx=0x7fbacc0098a0 tx=0x7fbacc009bb0 comp rx=0 tx=0).stop
2024-04-21T08:41:30.456 INFO:teuthology.orchestra.run.smithi028.stdout:/usr/bin/ceph: stderr
2024-04-21T08:41:29.287+0000 7fbadf107700 1 -- 172.21.15.28:0/1284658576 shutdown_connections
2024-04-21T08:41:30.456 INFO:teuthology.orchestra.run.smithi028.stdout:/usr/bin/ceph: stderr
2024-04-21T08:41:29.287+0000 7fbadf107700 1 --2- 172.21.15.28:0/1284658576 >> [v2:172.21.15.28:3300/0,v1:172.21.15.28:6789/0] conn(0x7fbad8108540 0x7fbad8108960 unknown :-1 s=CLOSED pgs=59 cs=0 l=1 rev1=1 crypto rx=0 tx=0 comp rx=0 tx=0).stop
2024-04-21T08:41:30.456 INFO:teuthology.orchestra.run.smithi028.stdout:/usr/bin/ceph: stderr
2024-04-21T08:41:29.287+0000 7fbadf107700 1 -- 172.21.15.28:0/1284658576 >> 172.21.15.28:0/1284658576 conn(0x7fbad8103ae0 msgr2=0x7fbad8105f20 unknown :-1 s=STATE_NONE l=0).mark_down
2024-04-21T08:41:30.456 INFO:teuthology.orchestra.run.smithi028.stdout:/usr/bin/ceph: stderr
2024-04-21T08:41:29.287+0000 7fbadf107700 1 -- 172.21.15.28:0/1284658576 shutdown_connections
2024-04-21T08:41:30.456 INFO:teuthology.orchestra.run.smithi028.stdout:/usr/bin/ceph: stderr
2024-04-21T08:41:29.287+0000 7fbadf107700 1 -- 172.21.15.28:0/1284658576 wait complete.
2024-04-21T08:41:30.456 INFO:teuthology.orchestra.run.smithi028.stdout:/usr/bin/ceph: stderr
2024-04-21T08:41:29.288+0000 7fbadf107700 1 Processor -- start
2024-04-21T08:41:30.456 INFO:teuthology.orchestra.run.smithi028.stdout:/usr/bin/ceph: stderr
2024-04-21T08:41:29.288+0000 7fbadf107700 1 -- start start
2024-04-21T08:41:30.457 INFO:teuthology.orchestra.run.smithi028.stdout:/usr/bin/ceph: stderr
2024-04-21T08:41:29.288+0000 7fbadf107700 1 --2- >> [v2:172.21.15.28:3300/0,v1:172.21.15.28:6789/0] conn(0x7fbad8108540 0x7fbad819e680 unknown :-1 s=NONE pgs=0 cs=0 l=1 rev1=0 crypto rx=0 tx=0 comp rx=0 tx=0).connect
2024-04-21T08:41:30.457 INFO:teuthology.orchestra.run.smithi028.stdout:/usr/bin/ceph: stderr
2024-04-21T08:41:29.288+0000 7fbadf107700 1 -- --> [v2:172.21.15.28:3300/0,v1:172.21.15.28:6789/0] -- mon_getmap magic: 0 -- 0x7fbad810caa0 con 0x7fbad8108540
2024-04-21T08:41:30.457 INFO:teuthology.orchestra.run.smithi028.stdout:/usr/bin/ceph: stderr
2024-04-21T08:41:29.288+0000 7fbadcea3700 1 --2- >> [v2:172.21.15.28:3300/0,v1:172.21.15.28:6789/0] conn(0x7fbad8108540 0x7fbad819e680 unknown :-1 s=BANNER_CONNECTING pgs=0 cs=0 l=1 rev1=0 crypto rx=0 tx=0 comp rx=0 tx=0)._handle_peer_banner_payload supported=3 required=0
2024-04-21T08:41:30.457 INFO:teuthology.orchestra.run.smithi028.stdout:/usr/bin/ceph: stderr
2024-04-21T08:41:29.288+0000 7fbadcea3700 1 --2- >> [v2:172.21.15.28:3300/0,v1:172.21.15.28:6789/0] conn(0x7fbad8108540 0x7fbad819e680 unknown :-1 s=HELLO_CONNECTING pgs=0 cs=0 l=1 rev1=1 crypto rx=0 tx=0 comp rx=0 tx=0).handle_hello peer v2:172.21.15.28:3300/0 says I am v2:172.21.15.28:53520/0 (socket says 172.21.15.28:53520)
2024-04-21T08:41:30.457 INFO:teuthology.orchestra.run.smithi028.stdout:/usr/bin/ceph: stderr
2024-04-21T08:41:29.288+0000 7fbadcea3700 1 -- 172.21.15.28:0/3116140454 learned_addr learned my addr 172.21.15.28:0/3116140454 (peer_addr_for_me v2:172.21.15.28:0/0)
2024-04-21T08:41:30.457 INFO:teuthology.orchestra.run.smithi028.stdout:/usr/bin/ceph: stderr
2024-04-21T08:41:29.289+0000 7fbadcea3700 1 -- 172.21.15.28:0/3116140454 --> [v2:172.21.15.28:3300/0,v1:172.21.15.28:6789/0] -- mon_subscribe({config=0+,monmap=0+}) -- 0x7fbad819ebc0 con 0x7fbad8108540
2024-04-21T08:41:30.457 INFO:teuthology.orchestra.run.smithi028.stdout:/usr/bin/ceph: stderr
2024-04-21T08:41:29.289+0000 7fbadcea3700 1 --2- 172.21.15.28:0/3116140454 >> [v2:172.21.15.28:3300/0,v1:172.21.15.28:6789/0] conn(0x7fbad8108540 0x7fbad819e680 secure :-1 s=READY pgs=60 cs=0 l=1 rev1=1 crypto rx=0x7fbacc000c00 tx=0x7fbacc011aa0 comp rx=0 tx=0).ready entity=mon.0 client_cookie=0 server_cookie=0 in_seq=0 out_seq=0
2024-04-21T08:41:30.457 INFO:teuthology.orchestra.run.smithi028.stdout:/usr/bin/ceph: stderr
2024-04-21T08:41:29.289+0000 7fbad5ffb700 1 -- 172.21.15.28:0/3116140454 <== mon.0 v2:172.21.15.28:3300/0 1 ==== mon_map magic: 0 ==== 205+0+0 (secure 0 0 0) 0x7fbacc003aa0 con 0x7fbad8108540
2024-04-21T08:41:30.457 INFO:teuthology.orchestra.run.smithi028.stdout:/usr/bin/ceph: stderr
2024-04-21T08:41:29.289+0000 7fbadf107700 1 -- 172.21.15.28:0/3116140454 --> [v2:172.21.15.28:3300/0,v1:172.21.15.28:6789/0] -- mon_subscribe({mgrmap=0+}) -- 0x7fbad819ee50 con 0x7fbad8108540
2024-04-21T08:41:30.457 INFO:teuthology.orchestra.run.smithi028.stdout:/usr/bin/ceph: stderr
2024-04-21T08:41:29.289+0000 7fbad5ffb700 1 -- 172.21.15.28:0/3116140454 <== mon.0 v2:172.21.15.28:3300/0 2 ==== config(26 keys) ==== 1101+0+0 (secure 0 0 0) 0x7fbacc01b8f0 con 0x7fbad8108540
2024-04-21T08:41:30.457 INFO:teuthology.orchestra.run.smithi028.stdout:/usr/bin/ceph: stderr
2024-04-21T08:41:29.289+0000 7fbad5ffb700 1 -- 172.21.15.28:0/3116140454 <== mon.0 v2:172.21.15.28:3300/0 3 ==== mon_map magic: 0 ==== 205+0+0 (secure 0 0 0) 0x7fbacc023890 con 0x7fbad8108540
2024-04-21T08:41:30.457 INFO:teuthology.orchestra.run.smithi028.stdout:/usr/bin/ceph: stderr
2024-04-21T08:41:29.289+0000 7fbadf107700 1 -- 172.21.15.28:0/3116140454 --> [v2:172.21.15.28:3300/0,v1:172.21.15.28:6789/0] -- mon_subscribe({osdmap=0}) -- 0x7fbad81a1b40 con 0x7fbad8108540
2024-04-21T08:41:30.457 INFO:teuthology.orchestra.run.smithi028.stdout:/usr/bin/ceph: stderr
2024-04-21T08:41:29.290+0000 7fbadf107700 1 -- 172.21.15.28:0/3116140454 --> [v2:172.21.15.28:3300/0,v1:172.21.15.28:6789/0] -- mon_command({"prefix": "get_command_descriptions"} v 0) -- 0x7fbad80640a0 con 0x7fbad8108540
2024-04-21T08:41:30.457 INFO:teuthology.orchestra.run.smithi028.stdout:/usr/bin/ceph: stderr
2024-04-21T08:41:29.290+0000 7fbad5ffb700 1 -- 172.21.15.28:0/3116140454 <== mon.0 v2:172.21.15.28:3300/0 4 ==== mgrmap(e 9) ==== 46571+0+0 (secure 0 0 0) 0x7fbacc02c3f0 con 0x7fbad8108540
2024-04-21T08:41:30.457 INFO:teuthology.orchestra.run.smithi028.stdout:/usr/bin/ceph: stderr
2024-04-21T08:41:29.290+0000 7fbad5ffb700 1 --2- 172.21.15.28:0/3116140454 >> [v2:172.21.15.28:6800/334321812,v1:172.21.15.28:6801/334321812] conn(0x7fbac8039600 0x7fbac803bac0 unknown :-1 s=NONE pgs=0 cs=0 l=1 rev1=0 crypto rx=0 tx=0 comp rx=0 tx=0).connect
2024-04-21T08:41:30.458 INFO:teuthology.orchestra.run.smithi028.stdout:/usr/bin/ceph: stderr
2024-04-21T08:41:29.290+0000 7fbad5ffb700 1 -- 172.21.15.28:0/3116140454 <== mon.0 v2:172.21.15.28:3300/0 5 ==== osd_map(2..2 src has 1..2) ==== 940+0+0 (secure 0 0 0) 0x7fbacc04e080 con 0x7fbad8108540
2024-04-21T08:41:30.458 INFO:teuthology.orchestra.run.smithi028.stdout:/usr/bin/ceph: stderr
2024-04-21T08:41:29.290+0000 7fbad7fff700 1 -- 172.21.15.28:0/3116140454 >> [v2:172.21.15.28:6800/334321812,v1:172.21.15.28:6801/334321812] conn(0x7fbac8039600 msgr2=0x7fbac803bac0 unknown :-1 s=STATE_CONNECTING_RE l=1).process reconnect failed to v2:172.21.15.28:6800/334321812
2024-04-21T08:41:30.458 INFO:teuthology.orchestra.run.smithi028.stdout:/usr/bin/ceph: stderr
2024-04-21T08:41:29.290+0000 7fbad7fff700 1 --2- 172.21.15.28:0/3116140454 >> [v2:172.21.15.28:6800/334321812,v1:172.21.15.28:6801/334321812] conn(0x7fbac8039600 0x7fbac803bac0 unknown :-1 s=START_CONNECT pgs=0 cs=0 l=1 rev1=0 crypto rx=0 tx=0 comp rx=0 tx=0)._fault waiting 0.200000
2024-04-21T08:41:30.458 INFO:teuthology.orchestra.run.smithi028.stdout:/usr/bin/ceph: stderr
2024-04-21T08:41:29.295+0000 7fbad5ffb700 1 -- 172.21.15.28:0/3116140454 <== mon.0 v2:172.21.15.28:3300/0 6 ==== mon_command_ack([{"prefix": "get_command_descriptions"}]=0 v0) ==== 72+0+188370 (secure 0 0 0) 0x7fbacc01f030 con 0x7fbad8108540
2024-04-21T08:41:30.458 INFO:teuthology.orchestra.run.smithi028.stdout:/usr/bin/ceph: stderr
2024-04-21T08:41:29.491+0000 7fbad7fff700 1 -- 172.21.15.28:0/3116140454 >> [v2:172.21.15.28:6800/334321812,v1:172.21.15.28:6801/334321812] conn(0x7fbac8039600 msgr2=0x7fbac803bac0 unknown :-1 s=STATE_CONNECTING_RE l=1).process reconnect failed to v2:172.21.15.28:6800/334321812
2024-04-21T08:41:30.458 INFO:teuthology.orchestra.run.smithi028.stdout:/usr/bin/ceph: stderr
2024-04-21T08:41:29.491+0000 7fbad7fff700 1 --2- 172.21.15.28:0/3116140454 >> [v2:172.21.15.28:6800/334321812,v1:172.21.15.28:6801/334321812] conn(0x7fbac8039600 0x7fbac803bac0 unknown :-1 s=START_CONNECT pgs=0 cs=0 l=1 rev1=0 crypto rx=0 tx=0 comp rx=0 tx=0)._fault waiting 0.400000
2024-04-21T08:41:30.458 INFO:teuthology.orchestra.run.smithi028.stdout:/usr/bin/ceph: stderr
2024-04-21T08:41:29.609+0000 7fbadf107700 1 -- 172.21.15.28:0/3116140454 --> [v2:172.21.15.28:3300/0,v1:172.21.15.28:6789/0] -- mon_command({"prefix": "mgr stat"} v 0) -- 0x7fbad81a1d10 con 0x7fbad8108540
2024-04-21T08:41:30.458 INFO:teuthology.orchestra.run.smithi028.stdout:/usr/bin/ceph: stderr
2024-04-21T08:41:29.609+0000 7fbad5ffb700 1 -- 172.21.15.28:0/3116140454 <== mon.0 v2:172.21.15.28:3300/0 7 ==== mon_command_ack([{"prefix": "mgr stat"}]=0 v9) ==== 56+0+88 (secure 0 0 0) 0x7fbacc00be50 con 0x7fbad8108540
2024-04-21T08:41:30.458 INFO:teuthology.orchestra.run.smithi028.stdout:/usr/bin/ceph: stderr
2024-04-21T08:41:29.612+0000 7fbadf107700 1 -- 172.21.15.28:0/3116140454 >> [v2:172.21.15.28:6800/334321812,v1:172.21.15.28:6801/334321812] conn(0x7fbac8039600 msgr2=0x7fbac803bac0 unknown :-1 s=STATE_CONNECTING l=1).mark_down
2024-04-21T08:41:30.458 INFO:teuthology.orchestra.run.smithi028.stdout:/usr/bin/ceph: stderr
2024-04-21T08:41:29.612+0000 7fbadf107700 1 --2- 172.21.15.28:0/3116140454 >> [v2:172.21.15.28:6800/334321812,v1:172.21.15.28:6801/334321812] conn(0x7fbac8039600 0x7fbac803bac0 unknown :-1 s=START_CONNECT pgs=0 cs=0 l=1 rev1=0 crypto rx=0 tx=0 comp rx=0 tx=0).stop
2024-04-21T08:41:30.458 INFO:teuthology.orchestra.run.smithi028.stdout:/usr/bin/ceph: stderr
2024-04-21T08:41:29.612+0000 7fbadf107700 1 -- 172.21.15.28:0/3116140454 >> [v2:172.21.15.28:3300/0,v1:172.21.15.28:6789/0] conn(0x7fbad8108540 msgr2=0x7fbad819e680 secure :-1 s=STATE_CONNECTION_ESTABLISHED l=1).mark_down
2024-04-21T08:41:30.458 INFO:teuthology.orchestra.run.smithi028.stdout:/usr/bin/ceph: stderr
2024-04-21T08:41:29.612+0000 7fbadf107700 1 --2- 172.21.15.28:0/3116140454 >> [v2:172.21.15.28:3300/0,v1:172.21.15.28:6789/0] conn(0x7fbad8108540 0x7fbad819e680 secure :-1 s=READY pgs=60 cs=0 l=1 rev1=1 crypto rx=0x7fbacc000c00 tx=0x7fbacc011aa0 comp rx=0 tx=0).stop
2024-04-21T08:41:30.458 INFO:teuthology.orchestra.run.smithi028.stdout:/usr/bin/ceph: stderr
2024-04-21T08:41:29.612+0000 7fbadf107700 1 -- 172.21.15.28:0/3116140454 shutdown_connections
2024-04-21T08:41:30.458 INFO:teuthology.orchestra.run.smithi028.stdout:/usr/bin/ceph: stderr
2024-04-21T08:41:29.612+0000 7fbadf107700 1 --2- 172.21.15.28:0/3116140454 >> [v2:172.21.15.28:6800/334321812,v1:172.21.15.28:6801/334321812] conn(0x7fbac8039600 0x7fbac803bac0 unknown :-1 s=CLOSED pgs=0 cs=0 l=1 rev1=0 crypto rx=0 tx=0 comp rx=0 tx=0).stop
2024-04-21T08:41:30.458 INFO:teuthology.orchestra.run.smithi028.stdout:/usr/bin/ceph: stderr
2024-04-21T08:41:29.612+0000 7fbadf107700 1 --2- 172.21.15.28:0/3116140454 >> [v2:172.21.15.28:3300/0,v1:172.21.15.28:6789/0] conn(0x7fbad8108540 0x7fbad819e680 unknown :-1 s=CLOSED pgs=60 cs=0 l=1 rev1=1 crypto rx=0 tx=0 comp rx=0 tx=0).stop
2024-04-21T08:41:30.459 INFO:teuthology.orchestra.run.smithi028.stdout:/usr/bin/ceph: stderr
2024-04-21T08:41:29.612+0000 7fbadf107700 1 -- 172.21.15.28:0/3116140454 >> 172.21.15.28:0/3116140454 conn(0x7fbad8103ae0 msgr2=0x7fbad8104600 unknown :-1 s=STATE_NONE l=0).mark_down
2024-04-21T08:41:30.459 INFO:teuthology.orchestra.run.smithi028.stdout:/usr/bin/ceph: stderr
2024-04-21T08:41:29.612+0000 7fbadf107700 1 -- 172.21.15.28:0/3116140454 shutdown_connections
2024-04-21T08:41:30.459 INFO:teuthology.orchestra.run.smithi028.stdout:/usr/bin/ceph: stderr
2024-04-21T08:41:29.612+0000 7fbadf107700 1 -- 172.21.15.28:0/3116140454 wait complete.
2024-04-21T08:41:30.459 INFO:teuthology.orchestra.run.smithi028.stdout:Waiting for the mgr to restart...
2024-04-21T08:41:30.459 INFO:teuthology.orchestra.run.smithi028.stdout:Waiting for mgr epoch 9...
2024-04-21T08:41:30.682 INFO:journalctl@ceph.mgr.x.smithi028.stdout:Apr 21 08:41:30 smithi028 ceph-b51a76c8-ffba-11ee-bc93-c7b262605968-mgr-x[28237]:
2024-04-21T08:41:30.397+0000 7f33bb1dc200 -1 mgr[py] Module telegraf has missing NOTIFY_TYPES member
2024-04-21T08:41:30.682 INFO:journalctl@ceph.mgr.x.smithi028.stdout:Apr 21 08:41:30 smithi028 ceph-b51a76c8-ffba-11ee-bc93-c7b262605968-mgr-x[28237]:
2024-04-21T08:41:30.579+0000 7f33bb1dc200 -1 mgr[py] Module osd_support has missing NOTIFY_TYPES member
2024-04-21T08:41:31.065 INFO:journalctl@ceph.mgr.x.smithi028.stdout:Apr 21 08:41:30 smithi028 ceph-b51a76c8-ffba-11ee-bc93-c7b262605968-mgr-x[28237]:
2024-04-21T08:41:30.760+0000 7f33bb1dc200 -1 mgr[py] Module iostat has missing NOTIFY_TYPES member
2024-04-21T08:41:31.354 INFO:journalctl@ceph.mgr.x.smithi028.stdout:Apr 21 08:41:31 smithi028 ceph-b51a76c8-ffba-11ee-bc93-c7b262605968-mgr-x[28237]:
2024-04-21T08:41:31.066+0000 7f33bb1dc200 -1 mgr[py] Module alerts has missing NOTIFY_TYPES member
2024-04-21T08:41:31.355 INFO:journalctl@ceph.mgr.x.smithi028.stdout:Apr 21 08:41:31 smithi028 ceph-b51a76c8-ffba-11ee-bc93-c7b262605968-mgr-x[28237]:
2024-04-21T08:41:31.163+0000 7f33bb1dc200 -1 mgr[py] Module selftest has missing NOTIFY_TYPES member
2024-04-21T08:41:31.855 INFO:journalctl@ceph.mgr.x.smithi028.stdout:Apr 21 08:41:31 smithi028 ceph-b51a76c8-ffba-11ee-bc93-c7b262605968-mgr-x[28237]:
2024-04-21T08:41:31.374+0000 7f33bb1dc200 -1 mgr[py] Module pg_autoscaler has missing NOTIFY_TYPES member
2024-04-21T08:41:31.855 INFO:journalctl@ceph.mgr.x.smithi028.stdout:Apr 21 08:41:31 smithi028 ceph-b51a76c8-ffba-11ee-bc93-c7b262605968-mgr-x[28237]:
2024-04-21T08:41:31.575+0000 7f33bb1dc200 -1 mgr[py] Module test_orchestrator has missing NOTIFY_TYPES member
2024-04-21T08:41:32.604 INFO:journalctl@ceph.mgr.x.smithi028.stdout:Apr 21 08:41:32 smithi028 ceph-b51a76c8-ffba-11ee-bc93-c7b262605968-mgr-x[28237]:
2024-04-21T08:41:32.202+0000 7f33bb1dc200 -1 mgr[py] Module rook has missing NOTIFY_TYPES member
2024-04-21T08:41:32.952 INFO:journalctl@ceph.mgr.x.smithi028.stdout:Apr 21 08:41:32 smithi028 ceph-b51a76c8-ffba-11ee-bc93-c7b262605968-mgr-x[28237]:
2024-04-21T08:41:32.642+0000 7f33bb1dc200 -1 mgr[py] Module volumes has missing NOTIFY_TYPES member
2024-04-21T08:41:32.952 INFO:journalctl@ceph.mgr.x.smithi028.stdout:Apr 21 08:41:32 smithi028 ceph-b51a76c8-ffba-11ee-bc93-c7b262605968-mgr-x[28237]:
2024-04-21T08:41:32.742+0000 7f33bb1dc200 -1 mgr[py] Module crash has missing NOTIFY_TYPES member
2024-04-21T08:41:32.952 INFO:journalctl@ceph.mgr.x.smithi028.stdout:Apr 21 08:41:32 smithi028 ceph-b51a76c8-ffba-11ee-bc93-c7b262605968-mgr-x[28237]:
2024-04-21T08:41:32.953+0000 7f33bb1dc200 -1 mgr[py] Module rgw has missing NOTIFY_TYPES member
2024-04-21T08:41:33.847 INFO:journalctl@ceph.mgr.x.smithi028.stdout:Apr 21 08:41:33 smithi028 ceph-b51a76c8-ffba-11ee-bc93-c7b262605968-mgr-x[28237]:
2024-04-21T08:41:33.498+0000 7f33bb1dc200 -1 mgr[py] Module prometheus has missing NOTIFY_TYPES member
2024-04-21T08:41:33.847 INFO:journalctl@ceph.mgr.x.smithi028.stdout:Apr 21 08:41:33 smithi028 ceph-b51a76c8-ffba-11ee-bc93-c7b262605968-mgr-x[28237]:
2024-04-21T08:41:33.594+0000 7f33bb1dc200 -1 mgr[py] Module devicehealth has missing NOTIFY_TYPES member
2024-04-21T08:41:34.104 INFO:journalctl@ceph.mgr.x.smithi028.stdout:Apr 21 08:41:33 smithi028 ceph-b51a76c8-ffba-11ee-bc93-c7b262605968-mgr-x[28237]:
2024-04-21T08:41:33.847+0000 7f33bb1dc200 -1 mgr[py] Module telemetry has missing NOTIFY_TYPES member
2024-04-21T08:41:34.105 INFO:journalctl@ceph.mgr.x.smithi028.stdout:Apr 21 08:41:33 smithi028 ceph-b51a76c8-ffba-11ee-bc93-c7b262605968-mgr-x[28237]:
2024-04-21T08:41:33.985+0000 7f33bb1dc200 -1 mgr[py] Module diskprediction_local has missing NOTIFY_TYPES member
2024-04-21T08:41:34.105 INFO:journalctl@ceph.mgr.x.smithi028.stdout:Apr 21 08:41:34 smithi028 ceph-b51a76c8-ffba-11ee-bc93-c7b262605968-mgr-x[28237]:
2024-04-21T08:41:34.085+0000 7f33bb1dc200 -1 mgr[py] Module osd_perf_query has missing NOTIFY_TYPES member
2024-04-21T08:41:34.517 INFO:journalctl@ceph.mgr.x.smithi028.stdout:Apr 21 08:41:34 smithi028 ceph-b51a76c8-ffba-11ee-bc93-c7b262605968-mgr-x[28237]:
2024-04-21T08:41:34.205+0000 7f33bb1dc200 -1 mgr[py] Module rbd_support has missing NOTIFY_TYPES member
2024-04-21T08:41:34.517 INFO:journalctl@ceph.mgr.x.smithi028.stdout:Apr 21 08:41:34 smithi028 ceph-b51a76c8-ffba-11ee-bc93-c7b262605968-mgr-x[28237]:
2024-04-21T08:41:34.518+0000 7f33bb1dc200 -1 mgr[py] Module zabbix has missing NOTIFY_TYPES member
2024-04-21T08:41:35.424 INFO:journalctl@ceph.mgr.x.smithi028.stdout:Apr 21 08:41:35 smithi028 ceph-b51a76c8-ffba-11ee-bc93-c7b262605968-mgr-x[28237]:
2024-04-21T08:41:35.147+0000 7f33bb1dc200 -1 mgr[py] Module status has missing NOTIFY_TYPES member
2024-04-21T08:41:35.424 INFO:journalctl@ceph.mgr.x.smithi028.stdout:Apr 21 08:41:35 smithi028 ceph-b51a76c8-ffba-11ee-bc93-c7b262605968-mgr-x[28237]:
2024-04-21T08:41:35.372+0000 7f33bb1dc200 -1 mgr[py] Module nfs has missing NOTIFY_TYPES member
2024-04-21T08:41:35.854 INFO:journalctl@ceph.mon.a.smithi028.stdout:Apr 21 08:41:35 smithi028 ceph-mon[28003]: Active manager daemon x restarted
2024-04-21T08:41:35.855 INFO:journalctl@ceph.mon.a.smithi028.stdout:Apr 21 08:41:35 smithi028 ceph-mon[28003]: Activating manager daemon x
2024-04-21T08:41:35.855 INFO:journalctl@ceph.mon.a.smithi028.stdout:Apr 21 08:41:35 smithi028 ceph-mon[28003]: osdmap e3: 0 total, 0 up, 0 in
2024-04-21T08:41:35.855 INFO:journalctl@ceph.mon.a.smithi028.stdout:Apr 21 08:41:35 smithi028 ceph-mon[28003]: mgrmap e10: x(active, starting, since 0.00352158s)
2024-04-21T08:41:35.855 INFO:journalctl@ceph.mon.a.smithi028.stdout:Apr 21 08:41:35 smithi028 ceph-mon[28003]: from='mgr.14152 172.21.15.28:0/289953998' entity='mgr.x' cmd=[{"prefix": "mon metadata", "id": "a"}]: dispatch
2024-04-21T08:41:35.855 INFO:journalctl@ceph.mon.a.smithi028.stdout:Apr 21 08:41:35 smithi028 ceph-mon[28003]: from='mgr.14152 172.21.15.28:0/289953998' entity='mgr.x' cmd=[{"prefix": "mgr metadata", "who": "x", "id": "x"}]: dispatch
2024-04-21T08:41:35.855 INFO:journalctl@ceph.mon.a.smithi028.stdout:Apr 21 08:41:35 smithi028 ceph-mon[28003]: from='mgr.14152 172.21.15.28:0/289953998' entity='mgr.x' cmd=[{"prefix": "mds metadata"}]: dispatch
2024-04-21T08:41:35.855 INFO:journalctl@ceph.mon.a.smithi028.stdout:Apr 21 08:41:35 smithi028 ceph-mon[28003]: from='mgr.14152 172.21.15.28:0/289953998' entity='mgr.x' cmd=[{"prefix": "osd metadata"}]: dispatch
2024-04-21T08:41:35.855 INFO:journalctl@ceph.mon.a.smithi028.stdout:Apr 21 08:41:35 smithi028 ceph-mon[28003]: from='mgr.14152 172.21.15.28:0/289953998' entity='mgr.x' cmd=[{"prefix": "mon metadata"}]: dispatch
2024-04-21T08:41:35.855 INFO:journalctl@ceph.mon.a.smithi028.stdout:Apr 21 08:41:35 smithi028 ceph-mon[28003]: Manager daemon x is now available
2024-04-21T08:41:35.855 INFO:journalctl@ceph.mon.a.smithi028.stdout:Apr 21 08:41:35 smithi028 ceph-mon[28003]: from='mgr.14152 172.21.15.28:0/289953998' entity='mgr.x' cmd=[{"prefix": "config dump", "format": "json"}]: dispatch
2024-04-21T08:41:36.604 INFO:journalctl@ceph.mon.a.smithi028.stdout:Apr 21 08:41:36 smithi028 ceph-mon[28003]: from='mgr.14152 172.21.15.28:0/289953998' entity='mgr.x' cmd=[{"prefix":"config rm","who":"mgr","name":"mgr/rbd_support/x/mirror_snapshot_schedule"}]: dispatch
2024-04-21T08:41:36.605 INFO:journalctl@ceph.mon.a.smithi028.stdout:Apr 21 08:41:36 smithi028 ceph-mon[28003]: from='mgr.14152 172.21.15.28:0/289953998' entity='mgr.x' cmd=[{"prefix":"config rm","who":"mgr","name":"mgr/rbd_support/x/trash_purge_schedule"}]: dispatch
2024-04-21T08:41:36.605 INFO:journalctl@ceph.mon.a.smithi028.stdout:Apr 21 08:41:36 smithi028 ceph-mon[28003]: [21/Apr/2024:08:41:35] ENGINE Bus STARTING
2024-04-21T08:41:36.605 INFO:journalctl@ceph.mon.a.smithi028.stdout:Apr 21 08:41:36 smithi028 ceph-mon[28003]: [21/Apr/2024:08:41:35] ENGINE Serving on https://172.21.15.28:7150
2024-04-21T08:41:36.605 INFO:journalctl@ceph.mon.a.smithi028.stdout:Apr 21 08:41:36 smithi028 ceph-mon[28003]: [21/Apr/2024:08:41:36] ENGINE Serving on http://172.21.15.28:8765
2024-04-21T08:41:36.605 INFO:journalctl@ceph.mon.a.smithi028.stdout:Apr 21 08:41:36 smithi028 ceph-mon[28003]: [21/Apr/2024:08:41:36] ENGINE Bus STARTED
2024-04-21T08:41:36.605 INFO:journalctl@ceph.mon.a.smithi028.stdout:Apr 21 08:41:36 smithi028 ceph-mon[28003]: mgrmap e11: x(active, since 1.00616s)
2024-04-21T08:41:37.388 INFO:teuthology.orchestra.run.smithi028.stdout:/usr/bin/ceph: stdout {
2024-04-21T08:41:37.388 INFO:teuthology.orchestra.run.smithi028.stdout:/usr/bin/ceph: stdout "mgrmap_epoch": 11,
2024-04-21T08:41:37.389 INFO:teuthology.orchestra.run.smithi028.stdout:/usr/bin/ceph: stdout "initialized": true
2024-04-21T08:41:37.389 INFO:teuthology.orchestra.run.smithi028.stdout:/usr/bin/ceph: stdout }
2024-04-21T08:41:37.389 INFO:teuthology.orchestra.run.smithi028.stdout:/usr/bin/ceph: stderr
2024-04-21T08:41:30.877+0000 7f2b29a05700 1 Processor -- start
2024-04-21T08:41:37.389 INFO:teuthology.orchestra.run.smithi028.stdout:/usr/bin/ceph: stderr
2024-04-21T08:41:30.877+0000 7f2b29a05700 1 -- start start
2024-04-21T08:41:37.389 INFO:teuthology.orchestra.run.smithi028.stdout:/usr/bin/ceph: stderr
2024-04-21T08:41:30.877+0000 7f2b29a05700 1 --2- >> [v2:172.21.15.28:3300/0,v1:172.21.15.28:6789/0] conn(0x7f2b24108590 0x7f2b241089b0 unknown :-1 s=NONE pgs=0 cs=0 l=0 rev1=0 crypto rx=0 tx=0 comp rx=0 tx=0).connect
2024-04-21T08:41:37.389 INFO:teuthology.orchestra.run.smithi028.stdout:/usr/bin/ceph: stderr
2024-04-21T08:41:30.877+0000 7f2b29a05700 1 -- --> [v2:172.21.15.28:3300/0,v1:172.21.15.28:6789/0] -- mon_getmap magic: 0 -- 0x7f2b24108f80 con 0x7f2b24108590
2024-04-21T08:41:37.389 INFO:teuthology.orchestra.run.smithi028.stdout:/usr/bin/ceph: stderr
2024-04-21T08:41:30.877+0000 7f2b22ffd700 1 --2- >> [v2:172.21.15.28:3300/0,v1:172.21.15.28:6789/0] conn(0x7f2b24108590 0x7f2b241089b0 unknown :-1 s=BANNER_CONNECTING pgs=0 cs=0 l=0 rev1=0 crypto rx=0 tx=0 comp rx=0 tx=0)._handle_peer_banner_payload supported=3 required=0
2024-04-21T08:41:37.389 INFO:teuthology.orchestra.run.smithi028.stdout:/usr/bin/ceph: stderr
2024-04-21T08:41:30.877+0000 7f2b22ffd700 1 --2- >> [v2:172.21.15.28:3300/0,v1:172.21.15.28:6789/0] conn(0x7f2b24108590 0x7f2b241089b0 unknown :-1 s=HELLO_CONNECTING pgs=0 cs=0 l=0 rev1=1 crypto rx=0 tx=0 comp rx=0 tx=0).handle_hello peer v2:172.21.15.28:3300/0 says I am v2:172.21.15.28:53532/0 (socket says 172.21.15.28:53532)
2024-04-21T08:41:37.389 INFO:teuthology.orchestra.run.smithi028.stdout:/usr/bin/ceph: stderr
2024-04-21T08:41:30.877+0000 7f2b22ffd700 1 -- 172.21.15.28:0/1521686375 learned_addr learned my addr 172.21.15.28:0/1521686375 (peer_addr_for_me v2:172.21.15.28:0/0)
2024-04-21T08:41:37.389 INFO:teuthology.orchestra.run.smithi028.stdout:/usr/bin/ceph: stderr
2024-04-21T08:41:30.877+0000 7f2b22ffd700 1 -- 172.21.15.28:0/1521686375 --> [v2:172.21.15.28:3300/0,v1:172.21.15.28:6789/0] -- mon_subscribe({config=0+,monmap=0+}) -- 0x7f2b24109740 con 0x7f2b24108590
2024-04-21T08:41:37.389 INFO:teuthology.orchestra.run.smithi028.stdout:/usr/bin/ceph: stderr
