2024-04-21T08:41:30.878+0000 7f2b22ffd700 1 --2- 172.21.15.28:0/1521686375 >> [v2:172.21.15.28:3300/0,v1:172.21.15.28:6789/0] conn(0x7f2b24108590 0x7f2b241089b0 secure :-1 s=READY pgs=61 cs=0 l=1 rev1=1 crypto rx=0x7f2b140098a0 tx=0x7f2b14009bb0 comp rx=0 tx=0).ready entity=mon.0 client_cookie=f8d4b64546c611f7 server_cookie=0 in_seq=0 out_seq=0
2024-04-21T08:41:37.389 INFO:teuthology.orchestra.run.smithi028.stdout:/usr/bin/ceph: stderr
2024-04-21T08:41:30.878+0000 7f2b21ffb700 1 -- 172.21.15.28:0/1521686375 <== mon.0 v2:172.21.15.28:3300/0 1 ==== mon_map magic: 0 ==== 205+0+0 (secure 0 0 0) 0x7f2b14004160 con 0x7f2b24108590
2024-04-21T08:41:37.389 INFO:teuthology.orchestra.run.smithi028.stdout:/usr/bin/ceph: stderr
2024-04-21T08:41:30.878+0000 7f2b21ffb700 1 -- 172.21.15.28:0/1521686375 <== mon.0 v2:172.21.15.28:3300/0 2 ==== config(26 keys) ==== 1101+0+0 (secure 0 0 0) 0x7f2b14004300 con 0x7f2b24108590
2024-04-21T08:41:37.389 INFO:teuthology.orchestra.run.smithi028.stdout:/usr/bin/ceph: stderr
2024-04-21T08:41:30.878+0000 7f2b21ffb700 1 -- 172.21.15.28:0/1521686375 <== mon.0 v2:172.21.15.28:3300/0 3 ==== mon_map magic: 0 ==== 205+0+0 (secure 0 0 0) 0x7f2b14011a20 con 0x7f2b24108590
2024-04-21T08:41:37.390 INFO:teuthology.orchestra.run.smithi028.stdout:/usr/bin/ceph: stderr
2024-04-21T08:41:30.878+0000 7f2b29a05700 1 -- 172.21.15.28:0/1521686375 >> [v2:172.21.15.28:3300/0,v1:172.21.15.28:6789/0] conn(0x7f2b24108590 msgr2=0x7f2b241089b0 secure :-1 s=STATE_CONNECTION_ESTABLISHED l=1).mark_down
2024-04-21T08:41:37.390 INFO:teuthology.orchestra.run.smithi028.stdout:/usr/bin/ceph: stderr
2024-04-21T08:41:30.878+0000 7f2b29a05700 1 --2- 172.21.15.28:0/1521686375 >> [v2:172.21.15.28:3300/0,v1:172.21.15.28:6789/0] conn(0x7f2b24108590 0x7f2b241089b0 secure :-1 s=READY pgs=61 cs=0 l=1 rev1=1 crypto rx=0x7f2b140098a0 tx=0x7f2b14009bb0 comp rx=0 tx=0).stop
2024-04-21T08:41:37.390 INFO:teuthology.orchestra.run.smithi028.stdout:/usr/bin/ceph: stderr
2024-04-21T08:41:30.878+0000 7f2b29a05700 1 -- 172.21.15.28:0/1521686375 shutdown_connections
2024-04-21T08:41:37.390 INFO:teuthology.orchestra.run.smithi028.stdout:/usr/bin/ceph: stderr
2024-04-21T08:41:30.878+0000 7f2b29a05700 1 --2- 172.21.15.28:0/1521686375 >> [v2:172.21.15.28:3300/0,v1:172.21.15.28:6789/0] conn(0x7f2b24108590 0x7f2b241089b0 unknown :-1 s=CLOSED pgs=61 cs=0 l=1 rev1=1 crypto rx=0 tx=0 comp rx=0 tx=0).stop
2024-04-21T08:41:37.390 INFO:teuthology.orchestra.run.smithi028.stdout:/usr/bin/ceph: stderr
2024-04-21T08:41:30.878+0000 7f2b29a05700 1 -- 172.21.15.28:0/1521686375 >> 172.21.15.28:0/1521686375 conn(0x7f2b24103b70 msgr2=0x7f2b24105f90 unknown :-1 s=STATE_NONE l=0).mark_down
2024-04-21T08:41:37.390 INFO:teuthology.orchestra.run.smithi028.stdout:/usr/bin/ceph: stderr
2024-04-21T08:41:30.878+0000 7f2b29a05700 1 -- 172.21.15.28:0/1521686375 shutdown_connections
2024-04-21T08:41:37.390 INFO:teuthology.orchestra.run.smithi028.stdout:/usr/bin/ceph: stderr
2024-04-21T08:41:30.878+0000 7f2b29a05700 1 -- 172.21.15.28:0/1521686375 wait complete.
2024-04-21T08:41:37.390 INFO:teuthology.orchestra.run.smithi028.stdout:/usr/bin/ceph: stderr
2024-04-21T08:41:30.879+0000 7f2b29a05700 1 Processor -- start
2024-04-21T08:41:37.390 INFO:teuthology.orchestra.run.smithi028.stdout:/usr/bin/ceph: stderr
2024-04-21T08:41:30.879+0000 7f2b29a05700 1 -- start start
2024-04-21T08:41:37.390 INFO:teuthology.orchestra.run.smithi028.stdout:/usr/bin/ceph: stderr
2024-04-21T08:41:30.879+0000 7f2b29a05700 1 --2- >> [v2:172.21.15.28:3300/0,v1:172.21.15.28:6789/0] conn(0x7f2b24108590 0x7f2b2419c4b0 unknown :-1 s=NONE pgs=0 cs=0 l=1 rev1=0 crypto rx=0 tx=0 comp rx=0 tx=0).connect
2024-04-21T08:41:37.390 INFO:teuthology.orchestra.run.smithi028.stdout:/usr/bin/ceph: stderr
2024-04-21T08:41:30.879+0000 7f2b29a05700 1 -- --> [v2:172.21.15.28:3300/0,v1:172.21.15.28:6789/0] -- mon_getmap magic: 0 -- 0x7f2b2410caf0 con 0x7f2b24108590
2024-04-21T08:41:37.390 INFO:teuthology.orchestra.run.smithi028.stdout:/usr/bin/ceph: stderr
2024-04-21T08:41:30.880+0000 7f2b22ffd700 1 --2- >> [v2:172.21.15.28:3300/0,v1:172.21.15.28:6789/0] conn(0x7f2b24108590 0x7f2b2419c4b0 unknown :-1 s=BANNER_CONNECTING pgs=0 cs=0 l=1 rev1=0 crypto rx=0 tx=0 comp rx=0 tx=0)._handle_peer_banner_payload supported=3 required=0
2024-04-21T08:41:37.390 INFO:teuthology.orchestra.run.smithi028.stdout:/usr/bin/ceph: stderr
2024-04-21T08:41:30.880+0000 7f2b22ffd700 1 --2- >> [v2:172.21.15.28:3300/0,v1:172.21.15.28:6789/0] conn(0x7f2b24108590 0x7f2b2419c4b0 unknown :-1 s=HELLO_CONNECTING pgs=0 cs=0 l=1 rev1=1 crypto rx=0 tx=0 comp rx=0 tx=0).handle_hello peer v2:172.21.15.28:3300/0 says I am v2:172.21.15.28:53548/0 (socket says 172.21.15.28:53548)
2024-04-21T08:41:37.390 INFO:teuthology.orchestra.run.smithi028.stdout:/usr/bin/ceph: stderr
2024-04-21T08:41:30.880+0000 7f2b22ffd700 1 -- 172.21.15.28:0/2422437206 learned_addr learned my addr 172.21.15.28:0/2422437206 (peer_addr_for_me v2:172.21.15.28:0/0)
2024-04-21T08:41:37.390 INFO:teuthology.orchestra.run.smithi028.stdout:/usr/bin/ceph: stderr
2024-04-21T08:41:30.880+0000 7f2b22ffd700 1 -- 172.21.15.28:0/2422437206 --> [v2:172.21.15.28:3300/0,v1:172.21.15.28:6789/0] -- mon_subscribe({config=0+,monmap=0+}) -- 0x7f2b2419c9f0 con 0x7f2b24108590
2024-04-21T08:41:37.391 INFO:teuthology.orchestra.run.smithi028.stdout:/usr/bin/ceph: stderr
2024-04-21T08:41:30.880+0000 7f2b22ffd700 1 --2- 172.21.15.28:0/2422437206 >> [v2:172.21.15.28:3300/0,v1:172.21.15.28:6789/0] conn(0x7f2b24108590 0x7f2b2419c4b0 secure :-1 s=READY pgs=62 cs=0 l=1 rev1=1 crypto rx=0x7f2b140119f0 tx=0x7f2b14011ad0 comp rx=0 tx=0).ready entity=mon.0 client_cookie=0 server_cookie=0 in_seq=0 out_seq=0
2024-04-21T08:41:37.391 INFO:teuthology.orchestra.run.smithi028.stdout:/usr/bin/ceph: stderr
2024-04-21T08:41:30.880+0000 7f2b28a03700 1 -- 172.21.15.28:0/2422437206 <== mon.0 v2:172.21.15.28:3300/0 1 ==== mon_map magic: 0 ==== 205+0+0 (secure 0 0 0) 0x7f2b140039e0 con 0x7f2b24108590
2024-04-21T08:41:37.391 INFO:teuthology.orchestra.run.smithi028.stdout:/usr/bin/ceph: stderr
2024-04-21T08:41:30.880+0000 7f2b29a05700 1 -- 172.21.15.28:0/2422437206 --> [v2:172.21.15.28:3300/0,v1:172.21.15.28:6789/0] -- mon_subscribe({mgrmap=0+}) -- 0x7f2b2419cc80 con 0x7f2b24108590
2024-04-21T08:41:37.391 INFO:teuthology.orchestra.run.smithi028.stdout:/usr/bin/ceph: stderr
2024-04-21T08:41:30.880+0000 7f2b28a03700 1 -- 172.21.15.28:0/2422437206 <== mon.0 v2:172.21.15.28:3300/0 2 ==== config(26 keys) ==== 1101+0+0 (secure 0 0 0) 0x7f2b1401b8f0 con 0x7f2b24108590
2024-04-21T08:41:37.391 INFO:teuthology.orchestra.run.smithi028.stdout:/usr/bin/ceph: stderr
2024-04-21T08:41:30.880+0000 7f2b28a03700 1 -- 172.21.15.28:0/2422437206 <== mon.0 v2:172.21.15.28:3300/0 3 ==== mon_map magic: 0 ==== 205+0+0 (secure 0 0 0) 0x7f2b140237a0 con 0x7f2b24108590
2024-04-21T08:41:37.391 INFO:teuthology.orchestra.run.smithi028.stdout:/usr/bin/ceph: stderr
2024-04-21T08:41:30.880+0000 7f2b29a05700 1 -- 172.21.15.28:0/2422437206 --> [v2:172.21.15.28:3300/0,v1:172.21.15.28:6789/0] -- mon_subscribe({osdmap=0}) -- 0x7f2b2419f970 con 0x7f2b24108590
2024-04-21T08:41:37.391 INFO:teuthology.orchestra.run.smithi028.stdout:/usr/bin/ceph: stderr
2024-04-21T08:41:30.881+0000 7f2b28a03700 1 -- 172.21.15.28:0/2422437206 <== mon.0 v2:172.21.15.28:3300/0 4 ==== mgrmap(e 9) ==== 46571+0+0 (secure 0 0 0) 0x7f2b1402c3f0 con 0x7f2b24108590
2024-04-21T08:41:37.391 INFO:teuthology.orchestra.run.smithi028.stdout:/usr/bin/ceph: stderr
2024-04-21T08:41:30.881+0000 7f2b28a03700 1 --2- 172.21.15.28:0/2422437206 >> [v2:172.21.15.28:6800/334321812,v1:172.21.15.28:6801/334321812] conn(0x7f2b0c0395b0 0x7f2b0c03ba70 unknown :-1 s=NONE pgs=0 cs=0 l=1 rev1=0 crypto rx=0 tx=0 comp rx=0 tx=0).connect
2024-04-21T08:41:37.391 INFO:teuthology.orchestra.run.smithi028.stdout:/usr/bin/ceph: stderr
2024-04-21T08:41:30.881+0000 7f2b29a05700 1 -- 172.21.15.28:0/2422437206 --> [v2:172.21.15.28:6800/334321812,v1:172.21.15.28:6801/334321812] -- command(tid 0: {"prefix": "get_command_descriptions"}) -- 0x7f2b24069ba0 con 0x7f2b0c0395b0
2024-04-21T08:41:37.391 INFO:teuthology.orchestra.run.smithi028.stdout:/usr/bin/ceph: stderr
2024-04-21T08:41:30.881+0000 7f2b28a03700 1 -- 172.21.15.28:0/2422437206 <== mon.0 v2:172.21.15.28:3300/0 5 ==== osd_map(2..2 src has 1..2) ==== 940+0+0 (secure 0 0 0) 0x7f2b1404dee0 con 0x7f2b24108590
2024-04-21T08:41:37.391 INFO:teuthology.orchestra.run.smithi028.stdout:/usr/bin/ceph: stderr
2024-04-21T08:41:30.881+0000 7f2b227fc700 1 -- 172.21.15.28:0/2422437206 >> [v2:172.21.15.28:6800/334321812,v1:172.21.15.28:6801/334321812] conn(0x7f2b0c0395b0 msgr2=0x7f2b0c03ba70 unknown :-1 s=STATE_CONNECTING_RE l=1).process reconnect failed to v2:172.21.15.28:6800/334321812
2024-04-21T08:41:37.391 INFO:teuthology.orchestra.run.smithi028.stdout:/usr/bin/ceph: stderr
2024-04-21T08:41:30.882+0000 7f2b227fc700 1 --2- 172.21.15.28:0/2422437206 >> [v2:172.21.15.28:6800/334321812,v1:172.21.15.28:6801/334321812] conn(0x7f2b0c0395b0 0x7f2b0c03ba70 unknown :-1 s=START_CONNECT pgs=0 cs=0 l=1 rev1=0 crypto rx=0 tx=0 comp rx=0 tx=0)._fault waiting 0.200000
2024-04-21T08:41:37.391 INFO:teuthology.orchestra.run.smithi028.stdout:/usr/bin/ceph: stderr
2024-04-21T08:41:31.083+0000 7f2b227fc700 1 -- 172.21.15.28:0/2422437206 >> [v2:172.21.15.28:6800/334321812,v1:172.21.15.28:6801/334321812] conn(0x7f2b0c0395b0 msgr2=0x7f2b0c03ba70 unknown :-1 s=STATE_CONNECTING_RE l=1).process reconnect failed to v2:172.21.15.28:6800/334321812
2024-04-21T08:41:37.392 INFO:teuthology.orchestra.run.smithi028.stdout:/usr/bin/ceph: stderr
2024-04-21T08:41:31.083+0000 7f2b227fc700 1 --2- 172.21.15.28:0/2422437206 >> [v2:172.21.15.28:6800/334321812,v1:172.21.15.28:6801/334321812] conn(0x7f2b0c0395b0 0x7f2b0c03ba70 unknown :-1 s=START_CONNECT pgs=0 cs=0 l=1 rev1=0 crypto rx=0 tx=0 comp rx=0 tx=0)._fault waiting 0.400000
2024-04-21T08:41:37.392 INFO:teuthology.orchestra.run.smithi028.stdout:/usr/bin/ceph: stderr
2024-04-21T08:41:31.484+0000 7f2b227fc700 1 -- 172.21.15.28:0/2422437206 >> [v2:172.21.15.28:6800/334321812,v1:172.21.15.28:6801/334321812] conn(0x7f2b0c0395b0 msgr2=0x7f2b0c03ba70 unknown :-1 s=STATE_CONNECTING_RE l=1).process reconnect failed to v2:172.21.15.28:6800/334321812
2024-04-21T08:41:37.392 INFO:teuthology.orchestra.run.smithi028.stdout:/usr/bin/ceph: stderr
2024-04-21T08:41:31.484+0000 7f2b227fc700 1 --2- 172.21.15.28:0/2422437206 >> [v2:172.21.15.28:6800/334321812,v1:172.21.15.28:6801/334321812] conn(0x7f2b0c0395b0 0x7f2b0c03ba70 unknown :-1 s=START_CONNECT pgs=0 cs=0 l=1 rev1=0 crypto rx=0 tx=0 comp rx=0 tx=0)._fault waiting 0.800000
2024-04-21T08:41:37.392 INFO:teuthology.orchestra.run.smithi028.stdout:/usr/bin/ceph: stderr
2024-04-21T08:41:32.285+0000 7f2b227fc700 1 -- 172.21.15.28:0/2422437206 >> [v2:172.21.15.28:6800/334321812,v1:172.21.15.28:6801/334321812] conn(0x7f2b0c0395b0 msgr2=0x7f2b0c03ba70 unknown :-1 s=STATE_CONNECTING_RE l=1).process reconnect failed to v2:172.21.15.28:6800/334321812
2024-04-21T08:41:37.392 INFO:teuthology.orchestra.run.smithi028.stdout:/usr/bin/ceph: stderr
2024-04-21T08:41:32.285+0000 7f2b227fc700 1 --2- 172.21.15.28:0/2422437206 >> [v2:172.21.15.28:6800/334321812,v1:172.21.15.28:6801/334321812] conn(0x7f2b0c0395b0 0x7f2b0c03ba70 unknown :-1 s=START_CONNECT pgs=0 cs=0 l=1 rev1=0 crypto rx=0 tx=0 comp rx=0 tx=0)._fault waiting 1.600000
2024-04-21T08:41:37.392 INFO:teuthology.orchestra.run.smithi028.stdout:/usr/bin/ceph: stderr
2024-04-21T08:41:33.886+0000 7f2b227fc700 1 -- 172.21.15.28:0/2422437206 >> [v2:172.21.15.28:6800/334321812,v1:172.21.15.28:6801/334321812] conn(0x7f2b0c0395b0 msgr2=0x7f2b0c03ba70 unknown :-1 s=STATE_CONNECTING_RE l=1).process reconnect failed to v2:172.21.15.28:6800/334321812
2024-04-21T08:41:37.392 INFO:teuthology.orchestra.run.smithi028.stdout:/usr/bin/ceph: stderr
2024-04-21T08:41:33.886+0000 7f2b227fc700 1 --2- 172.21.15.28:0/2422437206 >> [v2:172.21.15.28:6800/334321812,v1:172.21.15.28:6801/334321812] conn(0x7f2b0c0395b0 0x7f2b0c03ba70 unknown :-1 s=START_CONNECT pgs=0 cs=0 l=1 rev1=0 crypto rx=0 tx=0 comp rx=0 tx=0)._fault waiting 3.200000
2024-04-21T08:41:37.392 INFO:teuthology.orchestra.run.smithi028.stdout:/usr/bin/ceph: stderr
2024-04-21T08:41:35.375+0000 7f2b28a03700 1 -- 172.21.15.28:0/2422437206 <== mon.0 v2:172.21.15.28:3300/0 6 ==== mgrmap(e 10) ==== 46338+0+0 (secure 0 0 0) 0x7f2b1402bc70 con 0x7f2b24108590
2024-04-21T08:41:37.392 INFO:teuthology.orchestra.run.smithi028.stdout:/usr/bin/ceph: stderr
2024-04-21T08:41:35.375+0000 7f2b28a03700 1 -- 172.21.15.28:0/2422437206 >> [v2:172.21.15.28:6800/334321812,v1:172.21.15.28:6801/334321812] conn(0x7f2b0c0395b0 msgr2=0x7f2b0c03ba70 unknown :-1 s=STATE_CONNECTING l=1).mark_down
2024-04-21T08:41:37.392 INFO:teuthology.orchestra.run.smithi028.stdout:/usr/bin/ceph: stderr
2024-04-21T08:41:35.375+0000 7f2b28a03700 1 --2- 172.21.15.28:0/2422437206 >> [v2:172.21.15.28:6800/334321812,v1:172.21.15.28:6801/334321812] conn(0x7f2b0c0395b0 0x7f2b0c03ba70 unknown :-1 s=START_CONNECT pgs=0 cs=0 l=1 rev1=0 crypto rx=0 tx=0 comp rx=0 tx=0).stop
2024-04-21T08:41:37.392 INFO:teuthology.orchestra.run.smithi028.stdout:/usr/bin/ceph: stderr
2024-04-21T08:41:36.377+0000 7f2b28a03700 1 -- 172.21.15.28:0/2422437206 <== mon.0 v2:172.21.15.28:3300/0 7 ==== mgrmap(e 11) ==== 46465+0+0 (secure 0 0 0) 0x7f2b1404fad0 con 0x7f2b24108590
2024-04-21T08:41:37.392 INFO:teuthology.orchestra.run.smithi028.stdout:/usr/bin/ceph: stderr
2024-04-21T08:41:36.377+0000 7f2b28a03700 1 --2- 172.21.15.28:0/2422437206 >> [v2:172.21.15.28:6800/226897930,v1:172.21.15.28:6801/226897930] conn(0x7f2b0c03ce40 0x7f2b0c03f230 unknown :-1 s=NONE pgs=0 cs=0 l=1 rev1=0 crypto rx=0 tx=0 comp rx=0 tx=0).connect
2024-04-21T08:41:37.392 INFO:teuthology.orchestra.run.smithi028.stdout:/usr/bin/ceph: stderr
2024-04-21T08:41:36.378+0000 7f2b28a03700 1 -- 172.21.15.28:0/2422437206 --> [v2:172.21.15.28:6800/226897930,v1:172.21.15.28:6801/226897930] -- command(tid 0: {"prefix": "get_command_descriptions"}) -- 0x7f2b24069ba0 con 0x7f2b0c03ce40
2024-04-21T08:41:37.392 INFO:teuthology.orchestra.run.smithi028.stdout:/usr/bin/ceph: stderr
2024-04-21T08:41:36.378+0000 7f2b227fc700 1 --2- 172.21.15.28:0/2422437206 >> [v2:172.21.15.28:6800/226897930,v1:172.21.15.28:6801/226897930] conn(0x7f2b0c03ce40 0x7f2b0c03f230 unknown :-1 s=BANNER_CONNECTING pgs=0 cs=0 l=1 rev1=0 crypto rx=0 tx=0 comp rx=0 tx=0)._handle_peer_banner_payload supported=3 required=0
2024-04-21T08:41:37.393 INFO:teuthology.orchestra.run.smithi028.stdout:/usr/bin/ceph: stderr
2024-04-21T08:41:36.379+0000 7f2b227fc700 1 --2- 172.21.15.28:0/2422437206 >> [v2:172.21.15.28:6800/226897930,v1:172.21.15.28:6801/226897930] conn(0x7f2b0c03ce40 0x7f2b0c03f230 secure :-1 s=READY pgs=5 cs=0 l=1 rev1=1 crypto rx=0x7f2b18003a10 tx=0x7f2b180092b0 comp rx=0 tx=0).ready entity=mgr.14152 client_cookie=0 server_cookie=0 in_seq=0 out_seq=0
2024-04-21T08:41:37.393 INFO:teuthology.orchestra.run.smithi028.stdout:/usr/bin/ceph: stderr
2024-04-21T08:41:36.380+0000 7f2b28a03700 1 -- 172.21.15.28:0/2422437206 <== mgr.14152 v2:172.21.15.28:6800/226897930 1 ==== command_reply(tid 0: 0 ) ==== 8+0+7774 (secure 0 0 0) 0x7f2b24069ba0 con 0x7f2b0c03ce40
2024-04-21T08:41:37.393 INFO:teuthology.orchestra.run.smithi028.stdout:/usr/bin/ceph: stderr
2024-04-21T08:41:36.386+0000 7f2b29a05700 1 -- 172.21.15.28:0/2422437206 --> [v2:172.21.15.28:6800/226897930,v1:172.21.15.28:6801/226897930] -- command(tid 1: {"prefix": "mgr_status"}) -- 0x7f2b24104dc0 con 0x7f2b0c03ce40
2024-04-21T08:41:37.393 INFO:teuthology.orchestra.run.smithi028.stdout:/usr/bin/ceph: stderr
2024-04-21T08:41:36.386+0000 7f2b28a03700 1 -- 172.21.15.28:0/2422437206 <== mgr.14152 v2:172.21.15.28:6800/226897930 2 ==== command_reply(tid 1: 0 ) ==== 8+0+52 (secure 0 0 0) 0x7f2b24104dc0 con 0x7f2b0c03ce40
2024-04-21T08:41:37.393 INFO:teuthology.orchestra.run.smithi028.stdout:/usr/bin/ceph: stderr
2024-04-21T08:41:36.387+0000 7f2b29a05700 1 -- 172.21.15.28:0/2422437206 >> [v2:172.21.15.28:6800/226897930,v1:172.21.15.28:6801/226897930] conn(0x7f2b0c03ce40 msgr2=0x7f2b0c03f230 secure :-1 s=STATE_CONNECTION_ESTABLISHED l=1).mark_down
2024-04-21T08:41:37.393 INFO:teuthology.orchestra.run.smithi028.stdout:/usr/bin/ceph: stderr
2024-04-21T08:41:36.387+0000 7f2b29a05700 1 --2- 172.21.15.28:0/2422437206 >> [v2:172.21.15.28:6800/226897930,v1:172.21.15.28:6801/226897930] conn(0x7f2b0c03ce40 0x7f2b0c03f230 secure :-1 s=READY pgs=5 cs=0 l=1 rev1=1 crypto rx=0x7f2b18003a10 tx=0x7f2b180092b0 comp rx=0 tx=0).stop
2024-04-21T08:41:37.393 INFO:teuthology.orchestra.run.smithi028.stdout:/usr/bin/ceph: stderr
2024-04-21T08:41:36.387+0000 7f2b29a05700 1 -- 172.21.15.28:0/2422437206 >> [v2:172.21.15.28:3300/0,v1:172.21.15.28:6789/0] conn(0x7f2b24108590 msgr2=0x7f2b2419c4b0 secure :-1 s=STATE_CONNECTION_ESTABLISHED l=1).mark_down
2024-04-21T08:41:37.393 INFO:teuthology.orchestra.run.smithi028.stdout:/usr/bin/ceph: stderr
2024-04-21T08:41:36.387+0000 7f2b29a05700 1 --2- 172.21.15.28:0/2422437206 >> [v2:172.21.15.28:3300/0,v1:172.21.15.28:6789/0] conn(0x7f2b24108590 0x7f2b2419c4b0 secure :-1 s=READY pgs=62 cs=0 l=1 rev1=1 crypto rx=0x7f2b140119f0 tx=0x7f2b14011ad0 comp rx=0 tx=0).stop
2024-04-21T08:41:37.393 INFO:teuthology.orchestra.run.smithi028.stdout:/usr/bin/ceph: stderr
2024-04-21T08:41:36.387+0000 7f2b29a05700 1 -- 172.21.15.28:0/2422437206 shutdown_connections
2024-04-21T08:41:37.393 INFO:teuthology.orchestra.run.smithi028.stdout:/usr/bin/ceph: stderr
2024-04-21T08:41:36.387+0000 7f2b29a05700 1 --2- 172.21.15.28:0/2422437206 >> [v2:172.21.15.28:6800/226897930,v1:172.21.15.28:6801/226897930] conn(0x7f2b0c03ce40 0x7f2b0c03f230 unknown :-1 s=CLOSED pgs=5 cs=0 l=1 rev1=1 crypto rx=0 tx=0 comp rx=0 tx=0).stop
2024-04-21T08:41:37.393 INFO:teuthology.orchestra.run.smithi028.stdout:/usr/bin/ceph: stderr
2024-04-21T08:41:36.387+0000 7f2b29a05700 1 --2- 172.21.15.28:0/2422437206 >> [v2:172.21.15.28:3300/0,v1:172.21.15.28:6789/0] conn(0x7f2b24108590 0x7f2b2419c4b0 unknown :-1 s=CLOSED pgs=62 cs=0 l=1 rev1=1 crypto rx=0 tx=0 comp rx=0 tx=0).stop
2024-04-21T08:41:37.393 INFO:teuthology.orchestra.run.smithi028.stdout:/usr/bin/ceph: stderr
2024-04-21T08:41:36.387+0000 7f2b29a05700 1 --2- 172.21.15.28:0/2422437206 >> [v2:172.21.15.28:6800/334321812,v1:172.21.15.28:6801/334321812] conn(0x7f2b0c0395b0 0x7f2b0c03ba70 unknown :-1 s=CLOSED pgs=0 cs=0 l=1 rev1=0 crypto rx=0 tx=0 comp rx=0 tx=0).stop
2024-04-21T08:41:37.393 INFO:teuthology.orchestra.run.smithi028.stdout:/usr/bin/ceph: stderr
2024-04-21T08:41:36.387+0000 7f2b29a05700 1 -- 172.21.15.28:0/2422437206 >> 172.21.15.28:0/2422437206 conn(0x7f2b24103b70 msgr2=0x7f2b241046b0 unknown :-1 s=STATE_NONE l=0).mark_down
2024-04-21T08:41:37.393 INFO:teuthology.orchestra.run.smithi028.stdout:/usr/bin/ceph: stderr
2024-04-21T08:41:36.387+0000 7f2b29a05700 1 -- 172.21.15.28:0/2422437206 shutdown_connections
2024-04-21T08:41:37.394 INFO:teuthology.orchestra.run.smithi028.stdout:/usr/bin/ceph: stderr
2024-04-21T08:41:36.387+0000 7f2b29a05700 1 -- 172.21.15.28:0/2422437206 wait complete.
2024-04-21T08:41:37.394 INFO:teuthology.orchestra.run.smithi028.stdout:mgr epoch 9 is available
2024-04-21T08:41:37.394 INFO:teuthology.orchestra.run.smithi028.stdout:Generating a dashboard self-signed certificate...
2024-04-21T08:41:38.354 INFO:journalctl@ceph.mon.a.smithi028.stdout:Apr 21 08:41:37 smithi028 ceph-mon[28003]: from='client.14156 -' entity='client.admin' cmd=[{"prefix": "get_command_descriptions"}]: dispatch
2024-04-21T08:41:38.354 INFO:journalctl@ceph.mon.a.smithi028.stdout:Apr 21 08:41:37 smithi028 ceph-mon[28003]: from='client.14156 -' entity='client.admin' cmd=[{"prefix": "mgr_status"}]: dispatch
2024-04-21T08:41:38.354 INFO:journalctl@ceph.mon.a.smithi028.stdout:Apr 21 08:41:37 smithi028 ceph-mon[28003]: from='mgr.14152 172.21.15.28:0/289953998' entity='mgr.x'
2024-04-21T08:41:38.750 INFO:teuthology.orchestra.run.smithi028.stdout:/usr/bin/ceph: stdout Self-signed certificate created
2024-04-21T08:41:38.750 INFO:teuthology.orchestra.run.smithi028.stdout:/usr/bin/ceph: stderr
2024-04-21T08:41:37.786+0000 7f28c487a700 1 Processor -- start
2024-04-21T08:41:38.751 INFO:teuthology.orchestra.run.smithi028.stdout:/usr/bin/ceph: stderr
2024-04-21T08:41:37.786+0000 7f28c487a700 1 -- start start
2024-04-21T08:41:38.751 INFO:teuthology.orchestra.run.smithi028.stdout:/usr/bin/ceph: stderr
2024-04-21T08:41:37.787+0000 7f28c487a700 1 --2- >> [v2:172.21.15.28:3300/0,v1:172.21.15.28:6789/0] conn(0x7f28c0106820 0x7f28c0106c40 unknown :-1 s=NONE pgs=0 cs=0 l=0 rev1=0 crypto rx=0 tx=0 comp rx=0 tx=0).connect
2024-04-21T08:41:38.751 INFO:teuthology.orchestra.run.smithi028.stdout:/usr/bin/ceph: stderr
2024-04-21T08:41:37.787+0000 7f28c487a700 1 -- --> [v2:172.21.15.28:3300/0,v1:172.21.15.28:6789/0] -- mon_getmap magic: 0 -- 0x7f28c0107210 con 0x7f28c0106820
2024-04-21T08:41:38.751 INFO:teuthology.orchestra.run.smithi028.stdout:/usr/bin/ceph: stderr
2024-04-21T08:41:37.787+0000 7f28be59c700 1 --2- >> [v2:172.21.15.28:3300/0,v1:172.21.15.28:6789/0] conn(0x7f28c0106820 0x7f28c0106c40 unknown :-1 s=BANNER_CONNECTING pgs=0 cs=0 l=0 rev1=0 crypto rx=0 tx=0 comp rx=0 tx=0)._handle_peer_banner_payload supported=3 required=0
2024-04-21T08:41:38.751 INFO:teuthology.orchestra.run.smithi028.stdout:/usr/bin/ceph: stderr
2024-04-21T08:41:37.787+0000 7f28be59c700 1 --2- >> [v2:172.21.15.28:3300/0,v1:172.21.15.28:6789/0] conn(0x7f28c0106820 0x7f28c0106c40 unknown :-1 s=HELLO_CONNECTING pgs=0 cs=0 l=0 rev1=1 crypto rx=0 tx=0 comp rx=0 tx=0).handle_hello peer v2:172.21.15.28:3300/0 says I am v2:172.21.15.28:50998/0 (socket says 172.21.15.28:50998)
2024-04-21T08:41:38.751 INFO:teuthology.orchestra.run.smithi028.stdout:/usr/bin/ceph: stderr
2024-04-21T08:41:37.787+0000 7f28be59c700 1 -- 172.21.15.28:0/2956960958 learned_addr learned my addr 172.21.15.28:0/2956960958 (peer_addr_for_me v2:172.21.15.28:0/0)
2024-04-21T08:41:38.751 INFO:teuthology.orchestra.run.smithi028.stdout:/usr/bin/ceph: stderr
2024-04-21T08:41:37.787+0000 7f28be59c700 1 -- 172.21.15.28:0/2956960958 --> [v2:172.21.15.28:3300/0,v1:172.21.15.28:6789/0] -- mon_subscribe({config=0+,monmap=0+}) -- 0x7f28c01097b0 con 0x7f28c0106820
2024-04-21T08:41:38.751 INFO:teuthology.orchestra.run.smithi028.stdout:/usr/bin/ceph: stderr
2024-04-21T08:41:37.787+0000 7f28be59c700 1 --2- 172.21.15.28:0/2956960958 >> [v2:172.21.15.28:3300/0,v1:172.21.15.28:6789/0] conn(0x7f28c0106820 0x7f28c0106c40 secure :-1 s=READY pgs=70 cs=0 l=1 rev1=1 crypto rx=0x7f28b00098a0 tx=0x7f28b0009bb0 comp rx=0 tx=0).ready entity=mon.0 client_cookie=1e1f439cb4a342ef server_cookie=0 in_seq=0 out_seq=0
2024-04-21T08:41:38.751 INFO:teuthology.orchestra.run.smithi028.stdout:/usr/bin/ceph: stderr
2024-04-21T08:41:37.787+0000 7f28bd59a700 1 -- 172.21.15.28:0/2956960958 <== mon.0 v2:172.21.15.28:3300/0 1 ==== mon_map magic: 0 ==== 205+0+0 (secure 0 0 0) 0x7f28b0004160 con 0x7f28c0106820
2024-04-21T08:41:38.751 INFO:teuthology.orchestra.run.smithi028.stdout:/usr/bin/ceph: stderr
2024-04-21T08:41:37.787+0000 7f28bd59a700 1 -- 172.21.15.28:0/2956960958 <== mon.0 v2:172.21.15.28:3300/0 2 ==== config(26 keys) ==== 1101+0+0 (secure 0 0 0) 0x7f28b0004300 con 0x7f28c0106820
2024-04-21T08:41:38.751 INFO:teuthology.orchestra.run.smithi028.stdout:/usr/bin/ceph: stderr
2024-04-21T08:41:37.787+0000 7f28bd59a700 1 -- 172.21.15.28:0/2956960958 <== mon.0 v2:172.21.15.28:3300/0 3 ==== mon_map magic: 0 ==== 205+0+0 (secure 0 0 0) 0x7f28b0011a20 con 0x7f28c0106820
2024-04-21T08:41:38.751 INFO:teuthology.orchestra.run.smithi028.stdout:/usr/bin/ceph: stderr
2024-04-21T08:41:37.788+0000 7f28c487a700 1 -- 172.21.15.28:0/2956960958 >> [v2:172.21.15.28:3300/0,v1:172.21.15.28:6789/0] conn(0x7f28c0106820 msgr2=0x7f28c0106c40 secure :-1 s=STATE_CONNECTION_ESTABLISHED l=1).mark_down
2024-04-21T08:41:38.751 INFO:teuthology.orchestra.run.smithi028.stdout:/usr/bin/ceph: stderr
2024-04-21T08:41:37.788+0000 7f28c487a700 1 --2- 172.21.15.28:0/2956960958 >> [v2:172.21.15.28:3300/0,v1:172.21.15.28:6789/0] conn(0x7f28c0106820 0x7f28c0106c40 secure :-1 s=READY pgs=70 cs=0 l=1 rev1=1 crypto rx=0x7f28b00098a0 tx=0x7f28b0009bb0 comp rx=0 tx=0).stop
2024-04-21T08:41:38.751 INFO:teuthology.orchestra.run.smithi028.stdout:/usr/bin/ceph: stderr
2024-04-21T08:41:37.788+0000 7f28c487a700 1 -- 172.21.15.28:0/2956960958 shutdown_connections
2024-04-21T08:41:38.752 INFO:teuthology.orchestra.run.smithi028.stdout:/usr/bin/ceph: stderr
2024-04-21T08:41:37.788+0000 7f28c487a700 1 --2- 172.21.15.28:0/2956960958 >> [v2:172.21.15.28:3300/0,v1:172.21.15.28:6789/0] conn(0x7f28c0106820 0x7f28c0106c40 unknown :-1 s=CLOSED pgs=70 cs=0 l=1 rev1=1 crypto rx=0 tx=0 comp rx=0 tx=0).stop
2024-04-21T08:41:38.752 INFO:teuthology.orchestra.run.smithi028.stdout:/usr/bin/ceph: stderr
2024-04-21T08:41:37.788+0000 7f28c487a700 1 -- 172.21.15.28:0/2956960958 >> 172.21.15.28:0/2956960958 conn(0x7f28c0102130 msgr2=0x7f28c0104590 unknown :-1 s=STATE_NONE l=0).mark_down
2024-04-21T08:41:38.752 INFO:teuthology.orchestra.run.smithi028.stdout:/usr/bin/ceph: stderr
2024-04-21T08:41:37.788+0000 7f28c487a700 1 -- 172.21.15.28:0/2956960958 shutdown_connections
2024-04-21T08:41:38.752 INFO:teuthology.orchestra.run.smithi028.stdout:/usr/bin/ceph: stderr
2024-04-21T08:41:37.788+0000 7f28c487a700 1 -- 172.21.15.28:0/2956960958 wait complete.
2024-04-21T08:41:38.752 INFO:teuthology.orchestra.run.smithi028.stdout:/usr/bin/ceph: stderr
2024-04-21T08:41:37.789+0000 7f28c487a700 1 Processor -- start
2024-04-21T08:41:38.752 INFO:teuthology.orchestra.run.smithi028.stdout:/usr/bin/ceph: stderr
2024-04-21T08:41:37.789+0000 7f28c487a700 1 -- start start
2024-04-21T08:41:38.752 INFO:teuthology.orchestra.run.smithi028.stdout:/usr/bin/ceph: stderr
2024-04-21T08:41:37.789+0000 7f28c487a700 1 --2- >> [v2:172.21.15.28:3300/0,v1:172.21.15.28:6789/0] conn(0x7f28c0106820 0x7f28c019c440 unknown :-1 s=NONE pgs=0 cs=0 l=1 rev1=0 crypto rx=0 tx=0 comp rx=0 tx=0).connect
2024-04-21T08:41:38.752 INFO:teuthology.orchestra.run.smithi028.stdout:/usr/bin/ceph: stderr
2024-04-21T08:41:37.789+0000 7f28c487a700 1 -- --> [v2:172.21.15.28:3300/0,v1:172.21.15.28:6789/0] -- mon_getmap magic: 0 -- 0x7f28c010cb60 con 0x7f28c0106820
2024-04-21T08:41:38.752 INFO:teuthology.orchestra.run.smithi028.stdout:/usr/bin/ceph: stderr
2024-04-21T08:41:37.789+0000 7f28be59c700 1 --2- >> [v2:172.21.15.28:3300/0,v1:172.21.15.28:6789/0] conn(0x7f28c0106820 0x7f28c019c440 unknown :-1 s=BANNER_CONNECTING pgs=0 cs=0 l=1 rev1=0 crypto rx=0 tx=0 comp rx=0 tx=0)._handle_peer_banner_payload supported=3 required=0
2024-04-21T08:41:38.752 INFO:teuthology.orchestra.run.smithi028.stdout:/usr/bin/ceph: stderr
2024-04-21T08:41:37.789+0000 7f28be59c700 1 --2- >> [v2:172.21.15.28:3300/0,v1:172.21.15.28:6789/0] conn(0x7f28c0106820 0x7f28c019c440 unknown :-1 s=HELLO_CONNECTING pgs=0 cs=0 l=1 rev1=1 crypto rx=0 tx=0 comp rx=0 tx=0).handle_hello peer v2:172.21.15.28:3300/0 says I am v2:172.21.15.28:51012/0 (socket says 172.21.15.28:51012)
2024-04-21T08:41:38.752 INFO:teuthology.orchestra.run.smithi028.stdout:/usr/bin/ceph: stderr
2024-04-21T08:41:37.789+0000 7f28be59c700 1 -- 172.21.15.28:0/211498932 learned_addr learned my addr 172.21.15.28:0/211498932 (peer_addr_for_me v2:172.21.15.28:0/0)
2024-04-21T08:41:38.752 INFO:teuthology.orchestra.run.smithi028.stdout:/usr/bin/ceph: stderr
2024-04-21T08:41:37.789+0000 7f28be59c700 1 -- 172.21.15.28:0/211498932 --> [v2:172.21.15.28:3300/0,v1:172.21.15.28:6789/0] -- mon_subscribe({config=0+,monmap=0+}) -- 0x7f28c019c980 con 0x7f28c0106820
2024-04-21T08:41:38.752 INFO:teuthology.orchestra.run.smithi028.stdout:/usr/bin/ceph: stderr
2024-04-21T08:41:37.790+0000 7f28be59c700 1 --2- 172.21.15.28:0/211498932 >> [v2:172.21.15.28:3300/0,v1:172.21.15.28:6789/0] conn(0x7f28c0106820 0x7f28c019c440 secure :-1 s=READY pgs=71 cs=0 l=1 rev1=1 crypto rx=0x7f28b0009520 tx=0x7f28b0011aa0 comp rx=0 tx=0).ready entity=mon.0 client_cookie=0 server_cookie=0 in_seq=0 out_seq=0
2024-04-21T08:41:38.752 INFO:teuthology.orchestra.run.smithi028.stdout:/usr/bin/ceph: stderr
2024-04-21T08:41:37.790+0000 7f28af7fe700 1 -- 172.21.15.28:0/211498932 <== mon.0 v2:172.21.15.28:3300/0 1 ==== mon_map magic: 0 ==== 205+0+0 (secure 0 0 0) 0x7f28b00039e0 con 0x7f28c0106820
2024-04-21T08:41:38.753 INFO:teuthology.orchestra.run.smithi028.stdout:/usr/bin/ceph: stderr
2024-04-21T08:41:37.790+0000 7f28af7fe700 1 -- 172.21.15.28:0/211498932 <== mon.0 v2:172.21.15.28:3300/0 2 ==== config(26 keys) ==== 1101+0+0 (secure 0 0 0) 0x7f28b001b8f0 con 0x7f28c0106820
2024-04-21T08:41:38.753 INFO:teuthology.orchestra.run.smithi028.stdout:/usr/bin/ceph: stderr
2024-04-21T08:41:37.790+0000 7f28c487a700 1 -- 172.21.15.28:0/211498932 --> [v2:172.21.15.28:3300/0,v1:172.21.15.28:6789/0] -- mon_subscribe({mgrmap=0+}) -- 0x7f28c019cc10 con 0x7f28c0106820
2024-04-21T08:41:38.753 INFO:teuthology.orchestra.run.smithi028.stdout:/usr/bin/ceph: stderr
2024-04-21T08:41:37.790+0000 7f28af7fe700 1 -- 172.21.15.28:0/211498932 <== mon.0 v2:172.21.15.28:3300/0 3 ==== mon_map magic: 0 ==== 205+0+0 (secure 0 0 0) 0x7f28b0019770 con 0x7f28c0106820
2024-04-21T08:41:38.753 INFO:teuthology.orchestra.run.smithi028.stdout:/usr/bin/ceph: stderr
2024-04-21T08:41:37.790+0000 7f28c487a700 1 -- 172.21.15.28:0/211498932 --> [v2:172.21.15.28:3300/0,v1:172.21.15.28:6789/0] -- mon_subscribe({osdmap=0}) -- 0x7f28c019f900 con 0x7f28c0106820
2024-04-21T08:41:38.753 INFO:teuthology.orchestra.run.smithi028.stdout:/usr/bin/ceph: stderr
2024-04-21T08:41:37.791+0000 7f28af7fe700 1 -- 172.21.15.28:0/211498932 <== mon.0 v2:172.21.15.28:3300/0 4 ==== mgrmap(e 11) ==== 46465+0+0 (secure 0 0 0) 0x7f28b0019a70 con 0x7f28c0106820
2024-04-21T08:41:38.753 INFO:teuthology.orchestra.run.smithi028.stdout:/usr/bin/ceph: stderr
2024-04-21T08:41:37.791+0000 7f28c487a700 1 -- 172.21.15.28:0/211498932 --> [v2:172.21.15.28:3300/0,v1:172.21.15.28:6789/0] -- mon_command({"prefix": "get_command_descriptions"} v 0) -- 0x7f28c00640a0 con 0x7f28c0106820
2024-04-21T08:41:38.753 INFO:teuthology.orchestra.run.smithi028.stdout:/usr/bin/ceph: stderr
2024-04-21T08:41:37.791+0000 7f28af7fe700 1 --2- 172.21.15.28:0/211498932 >> [v2:172.21.15.28:6800/226897930,v1:172.21.15.28:6801/226897930] conn(0x7f28a80394e0 0x7f28a803b9a0 unknown :-1 s=NONE pgs=0 cs=0 l=1 rev1=0 crypto rx=0 tx=0 comp rx=0 tx=0).connect
2024-04-21T08:41:38.753 INFO:teuthology.orchestra.run.smithi028.stdout:/usr/bin/ceph: stderr
2024-04-21T08:41:37.791+0000 7f28af7fe700 1 -- 172.21.15.28:0/211498932 <== mon.0 v2:172.21.15.28:3300/0 5 ==== osd_map(3..3 src has 1..3) ==== 1155+0+0 (secure 0 0 0) 0x7f28b004dfa0 con 0x7f28c0106820
2024-04-21T08:41:38.753 INFO:teuthology.orchestra.run.smithi028.stdout:/usr/bin/ceph: stderr
2024-04-21T08:41:37.791+0000 7f28bdd9b700 1 --2- 172.21.15.28:0/211498932 >> [v2:172.21.15.28:6800/226897930,v1:172.21.15.28:6801/226897930] conn(0x7f28a80394e0 0x7f28a803b9a0 unknown :-1 s=BANNER_CONNECTING pgs=0 cs=0 l=1 rev1=0 crypto rx=0 tx=0 comp rx=0 tx=0)._handle_peer_banner_payload supported=3 required=0
2024-04-21T08:41:38.753 INFO:teuthology.orchestra.run.smithi028.stdout:/usr/bin/ceph: stderr
2024-04-21T08:41:37.791+0000 7f28bdd9b700 1 --2- 172.21.15.28:0/211498932 >> [v2:172.21.15.28:6800/226897930,v1:172.21.15.28:6801/226897930] conn(0x7f28a80394e0 0x7f28a803b9a0 secure :-1 s=READY pgs=7 cs=0 l=1 rev1=1 crypto rx=0x7f28b4006fd0 tx=0x7f28b4006e40 comp rx=0 tx=0).ready entity=mgr.14152 client_cookie=0 server_cookie=0 in_seq=0 out_seq=0
2024-04-21T08:41:38.753 INFO:teuthology.orchestra.run.smithi028.stdout:/usr/bin/ceph: stderr
2024-04-21T08:41:37.796+0000 7f28af7fe700 1 -- 172.21.15.28:0/211498932 <== mon.0 v2:172.21.15.28:3300/0 6 ==== mon_command_ack([{"prefix": "get_command_descriptions"}]=0 v0) ==== 72+0+188370 (secure 0 0 0) 0x7f28b001f030 con 0x7f28c0106820
2024-04-21T08:41:38.753 INFO:teuthology.orchestra.run.smithi028.stdout:/usr/bin/ceph: stderr
2024-04-21T08:41:37.987+0000 7f28af7fe700 1 -- 172.21.15.28:0/211498932 <== mon.0 v2:172.21.15.28:3300/0 7 ==== mgrmap(e 12) ==== 46571+0+0 (secure 0 0 0) 0x7f28b001a8f0 con 0x7f28c0106820
2024-04-21T08:41:38.753 INFO:teuthology.orchestra.run.smithi028.stdout:/usr/bin/ceph: stderr
2024-04-21T08:41:38.016+0000 7f28c487a700 1 -- 172.21.15.28:0/211498932 --> [v2:172.21.15.28:6800/226897930,v1:172.21.15.28:6801/226897930] -- mgr_command(tid 0: {"prefix": "dashboard create-self-signed-cert", "target": ["mon-mgr", ""]}) -- 0x7f28c0103290 con 0x7f28a80394e0
2024-04-21T08:41:38.753 INFO:teuthology.orchestra.run.smithi028.stdout:/usr/bin/ceph: stderr
2024-04-21T08:41:38.206+0000 7f28af7fe700 1 -- 172.21.15.28:0/211498932 <== mgr.14152 v2:172.21.15.28:6800/226897930 1 ==== mgr_command_reply(tid 0: 0 ) ==== 8+0+32 (secure 0 0 0) 0x7f28c0103290 con 0x7f28a80394e0
2024-04-21T08:41:38.754 INFO:teuthology.orchestra.run.smithi028.stdout:/usr/bin/ceph: stderr
2024-04-21T08:41:38.208+0000 7f28c487a700 1 -- 172.21.15.28:0/211498932 >> [v2:172.21.15.28:6800/226897930,v1:172.21.15.28:6801/226897930] conn(0x7f28a80394e0 msgr2=0x7f28a803b9a0 secure :-1 s=STATE_CONNECTION_ESTABLISHED l=1).mark_down
2024-04-21T08:41:38.754 INFO:teuthology.orchestra.run.smithi028.stdout:/usr/bin/ceph: stderr
2024-04-21T08:41:38.208+0000 7f28c487a700 1 --2- 172.21.15.28:0/211498932 >> [v2:172.21.15.28:6800/226897930,v1:172.21.15.28:6801/226897930] conn(0x7f28a80394e0 0x7f28a803b9a0 secure :-1 s=READY pgs=7 cs=0 l=1 rev1=1 crypto rx=0x7f28b4006fd0 tx=0x7f28b4006e40 comp rx=0 tx=0).stop
2024-04-21T08:41:38.754 INFO:teuthology.orchestra.run.smithi028.stdout:/usr/bin/ceph: stderr
2024-04-21T08:41:38.208+0000 7f28c487a700 1 -- 172.21.15.28:0/211498932 >> [v2:172.21.15.28:3300/0,v1:172.21.15.28:6789/0] conn(0x7f28c0106820 msgr2=0x7f28c019c440 secure :-1 s=STATE_CONNECTION_ESTABLISHED l=1).mark_down
2024-04-21T08:41:38.754 INFO:teuthology.orchestra.run.smithi028.stdout:/usr/bin/ceph: stderr
2024-04-21T08:41:38.208+0000 7f28c487a700 1 --2- 172.21.15.28:0/211498932 >> [v2:172.21.15.28:3300/0,v1:172.21.15.28:6789/0] conn(0x7f28c0106820 0x7f28c019c440 secure :-1 s=READY pgs=71 cs=0 l=1 rev1=1 crypto rx=0x7f28b0009520 tx=0x7f28b0011aa0 comp rx=0 tx=0).stop
2024-04-21T08:41:38.754 INFO:teuthology.orchestra.run.smithi028.stdout:/usr/bin/ceph: stderr
2024-04-21T08:41:38.208+0000 7f28c487a700 1 -- 172.21.15.28:0/211498932 shutdown_connections
2024-04-21T08:41:38.754 INFO:teuthology.orchestra.run.smithi028.stdout:/usr/bin/ceph: stderr
2024-04-21T08:41:38.208+0000 7f28c487a700 1 --2- 172.21.15.28:0/211498932 >> [v2:172.21.15.28:6800/226897930,v1:172.21.15.28:6801/226897930] conn(0x7f28a80394e0 0x7f28a803b9a0 unknown :-1 s=CLOSED pgs=7 cs=0 l=1 rev1=1 crypto rx=0 tx=0 comp rx=0 tx=0).stop
2024-04-21T08:41:38.754 INFO:teuthology.orchestra.run.smithi028.stdout:/usr/bin/ceph: stderr
2024-04-21T08:41:38.208+0000 7f28c487a700 1 --2- 172.21.15.28:0/211498932 >> [v2:172.21.15.28:3300/0,v1:172.21.15.28:6789/0] conn(0x7f28c0106820 0x7f28c019c440 unknown :-1 s=CLOSED pgs=71 cs=0 l=1 rev1=1 crypto rx=0 tx=0 comp rx=0 tx=0).stop
2024-04-21T08:41:38.754 INFO:teuthology.orchestra.run.smithi028.stdout:/usr/bin/ceph: stderr
2024-04-21T08:41:38.208+0000 7f28c487a700 1 -- 172.21.15.28:0/211498932 >> 172.21.15.28:0/211498932 conn(0x7f28c0102130 msgr2=0x7f28c0102b80 unknown :-1 s=STATE_NONE l=0).mark_down
2024-04-21T08:41:38.754 INFO:teuthology.orchestra.run.smithi028.stdout:/usr/bin/ceph: stderr
2024-04-21T08:41:38.208+0000 7f28c487a700 1 -- 172.21.15.28:0/211498932 shutdown_connections
2024-04-21T08:41:38.754 INFO:teuthology.orchestra.run.smithi028.stdout:/usr/bin/ceph: stderr
2024-04-21T08:41:38.208+0000 7f28c487a700 1 -- 172.21.15.28:0/211498932 wait complete.
2024-04-21T08:41:38.754 INFO:teuthology.orchestra.run.smithi028.stdout:Creating initial admin user...
2024-04-21T08:41:39.145 INFO:journalctl@ceph.mon.a.smithi028.stdout:Apr 21 08:41:38 smithi028 ceph-mon[28003]: mgrmap e12: x(active, since 2s)
2024-04-21T08:41:39.145 INFO:journalctl@ceph.mon.a.smithi028.stdout:Apr 21 08:41:38 smithi028 ceph-mon[28003]: from='client.14164 -' entity='client.admin' cmd=[{"prefix": "dashboard create-self-signed-cert", "target": ["mon-mgr", ""]}]: dispatch
2024-04-21T08:41:39.145 INFO:journalctl@ceph.mon.a.smithi028.stdout:Apr 21 08:41:38 smithi028 ceph-mon[28003]: from='mgr.14152 172.21.15.28:0/289953998' entity='mgr.x'
2024-04-21T08:41:39.145 INFO:journalctl@ceph.mon.a.smithi028.stdout:Apr 21 08:41:38 smithi028 ceph-mon[28003]: from='mgr.14152 172.21.15.28:0/289953998' entity='mgr.x'
2024-04-21T08:41:40.301 INFO:journalctl@ceph.mon.a.smithi028.stdout:Apr 21 08:41:40 smithi028 ceph-mon[28003]: from='mgr.14152 172.21.15.28:0/289953998' entity='mgr.x'
2024-04-21T08:41:40.301 INFO:journalctl@ceph.mon.a.smithi028.stdout:Apr 21 08:41:40 smithi028 ceph-mon[28003]: from='mgr.14152 172.21.15.28:0/289953998' entity='mgr.x'
2024-04-21T08:41:41.221 INFO:journalctl@ceph.mon.a.smithi028.stdout:Apr 21 08:41:41 smithi028 ceph-mon[28003]: from='client.14166 -' entity='client.admin' cmd=[{"prefix": "dashboard ac-user-create", "username": "admin", "rolename": "administrator", "force_password": true, "pwd_update_required": true, "target": ["mon-mgr", ""]}]: dispatch
2024-04-21T08:41:41.235 INFO:teuthology.orchestra.run.smithi028.stdout:/usr/bin/ceph: stdout {"username": "admin", "password": "$2b$12$dB/OZCnDIn0w7Q703A6Cgu04nVUk/pkH.Z8MdXJJyEiPh3HiU0WcS", "roles": ["administrator"], "name": null, "email": null, "lastUpdate": 1713688899, "enabled": true, "pwdExpirationDate": null, "pwdUpdateRequired": true}
2024-04-21T08:41:41.235 INFO:teuthology.orchestra.run.smithi028.stdout:/usr/bin/ceph: stderr
2024-04-21T08:41:39.172+0000 7f06d3830700 1 Processor -- start
2024-04-21T08:41:41.235 INFO:teuthology.orchestra.run.smithi028.stdout:/usr/bin/ceph: stderr
2024-04-21T08:41:39.173+0000 7f06d3830700 1 -- start start
2024-04-21T08:41:41.235 INFO:teuthology.orchestra.run.smithi028.stdout:/usr/bin/ceph: stderr
2024-04-21T08:41:39.173+0000 7f06d3830700 1 --2- >> [v2:172.21.15.28:3300/0,v1:172.21.15.28:6789/0] conn(0x7f06cc106e20 0x7f06cc107240 unknown :-1 s=NONE pgs=0 cs=0 l=0 rev1=0 crypto rx=0 tx=0 comp rx=0 tx=0).connect
2024-04-21T08:41:41.235 INFO:teuthology.orchestra.run.smithi028.stdout:/usr/bin/ceph: stderr
2024-04-21T08:41:39.173+0000 7f06d3830700 1 -- --> [v2:172.21.15.28:3300/0,v1:172.21.15.28:6789/0] -- mon_getmap magic: 0 -- 0x7f06cc07be40 con 0x7f06cc106e20
2024-04-21T08:41:41.235 INFO:teuthology.orchestra.run.smithi028.stdout:/usr/bin/ceph: stderr
2024-04-21T08:41:39.173+0000 7f06d15cc700 1 --2- >> [v2:172.21.15.28:3300/0,v1:172.21.15.28:6789/0] conn(0x7f06cc106e20 0x7f06cc107240 unknown :-1 s=BANNER_CONNECTING pgs=0 cs=0 l=0 rev1=0 crypto rx=0 tx=0 comp rx=0 tx=0)._handle_peer_banner_payload supported=3 required=0
2024-04-21T08:41:41.235 INFO:teuthology.orchestra.run.smithi028.stdout:/usr/bin/ceph: stderr
2024-04-21T08:41:39.173+0000 7f06d15cc700 1 --2- >> [v2:172.21.15.28:3300/0,v1:172.21.15.28:6789/0] conn(0x7f06cc106e20 0x7f06cc107240 unknown :-1 s=HELLO_CONNECTING pgs=0 cs=0 l=0 rev1=1 crypto rx=0 tx=0 comp rx=0 tx=0).handle_hello peer v2:172.21.15.28:3300/0 says I am v2:172.21.15.28:51018/0 (socket says 172.21.15.28:51018)
2024-04-21T08:41:41.235 INFO:teuthology.orchestra.run.smithi028.stdout:/usr/bin/ceph: stderr
2024-04-21T08:41:39.173+0000 7f06d15cc700 1 -- 172.21.15.28:0/3403945172 learned_addr learned my addr 172.21.15.28:0/3403945172 (peer_addr_for_me v2:172.21.15.28:0/0)
2024-04-21T08:41:41.235 INFO:teuthology.orchestra.run.smithi028.stdout:/usr/bin/ceph: stderr
2024-04-21T08:41:39.173+0000 7f06d15cc700 1 -- 172.21.15.28:0/3403945172 --> [v2:172.21.15.28:3300/0,v1:172.21.15.28:6789/0] -- mon_subscribe({config=0+,monmap=0+}) -- 0x7f06cc107780 con 0x7f06cc106e20
2024-04-21T08:41:41.235 INFO:teuthology.orchestra.run.smithi028.stdout:/usr/bin/ceph: stderr
2024-04-21T08:41:39.173+0000 7f06d15cc700 1 --2- 172.21.15.28:0/3403945172 >> [v2:172.21.15.28:3300/0,v1:172.21.15.28:6789/0] conn(0x7f06cc106e20 0x7f06cc107240 secure :-1 s=READY pgs=72 cs=0 l=1 rev1=1 crypto rx=0x7f06c80098a0 tx=0x7f06c8009bb0 comp rx=0 tx=0).ready entity=mon.0 client_cookie=dc53d26294e6ec1c server_cookie=0 in_seq=0 out_seq=0
2024-04-21T08:41:41.235 INFO:teuthology.orchestra.run.smithi028.stdout:/usr/bin/ceph: stderr
2024-04-21T08:41:39.174+0000 7f06bffff700 1 -- 172.21.15.28:0/3403945172 <== mon.0 v2:172.21.15.28:3300/0 1 ==== mon_map magic: 0 ==== 205+0+0 (secure 0 0 0) 0x7f06c8004160 con 0x7f06cc106e20
2024-04-21T08:41:41.235 INFO:teuthology.orchestra.run.smithi028.stdout:/usr/bin/ceph: stderr
2024-04-21T08:41:39.174+0000 7f06bffff700 1 -- 172.21.15.28:0/3403945172 <== mon.0 v2:172.21.15.28:3300/0 2 ==== config(26 keys) ==== 1101+0+0 (secure 0 0 0) 0x7f06c8004300 con 0x7f06cc106e20
2024-04-21T08:41:41.235 INFO:teuthology.orchestra.run.smithi028.stdout:/usr/bin/ceph: stderr
2024-04-21T08:41:39.174+0000 7f06bffff700 1 -- 172.21.15.28:0/3403945172 <== mon.0 v2:172.21.15.28:3300/0 3 ==== mon_map magic: 0 ==== 205+0+0 (secure 0 0 0) 0x7f06c8011a20 con 0x7f06cc106e20
2024-04-21T08:41:41.236 INFO:teuthology.orchestra.run.smithi028.stdout:/usr/bin/ceph: stderr
2024-04-21T08:41:39.174+0000 7f06d3830700 1 -- 172.21.15.28:0/3403945172 >> [v2:172.21.15.28:3300/0,v1:172.21.15.28:6789/0] conn(0x7f06cc106e20 msgr2=0x7f06cc107240 secure :-1 s=STATE_CONNECTION_ESTABLISHED l=1).mark_down
2024-04-21T08:41:41.236 INFO:teuthology.orchestra.run.smithi028.stdout:/usr/bin/ceph: stderr
2024-04-21T08:41:39.174+0000 7f06d3830700 1 --2- 172.21.15.28:0/3403945172 >> [v2:172.21.15.28:3300/0,v1:172.21.15.28:6789/0] conn(0x7f06cc106e20 0x7f06cc107240 secure :-1 s=READY pgs=72 cs=0 l=1 rev1=1 crypto rx=0x7f06c80098a0 tx=0x7f06c8009bb0 comp rx=0 tx=0).stop
2024-04-21T08:41:41.236 INFO:teuthology.orchestra.run.smithi028.stdout:/usr/bin/ceph: stderr
2024-04-21T08:41:39.174+0000 7f06d3830700 1 -- 172.21.15.28:0/3403945172 shutdown_connections
2024-04-21T08:41:41.236 INFO:teuthology.orchestra.run.smithi028.stdout:/usr/bin/ceph: stderr
2024-04-21T08:41:39.174+0000 7f06d3830700 1 --2- 172.21.15.28:0/3403945172 >> [v2:172.21.15.28:3300/0,v1:172.21.15.28:6789/0] conn(0x7f06cc106e20 0x7f06cc107240 unknown :-1 s=CLOSED pgs=72 cs=0 l=1 rev1=1 crypto rx=0 tx=0 comp rx=0 tx=0).stop
2024-04-21T08:41:41.236 INFO:teuthology.orchestra.run.smithi028.stdout:/usr/bin/ceph: stderr
2024-04-21T08:41:39.174+0000 7f06d3830700 1 -- 172.21.15.28:0/3403945172 >> 172.21.15.28:0/3403945172 conn(0x7f06cc102a60 msgr2=0x7f06cc104e80 unknown :-1 s=STATE_NONE l=0).mark_down
2024-04-21T08:41:41.236 INFO:teuthology.orchestra.run.smithi028.stdout:/usr/bin/ceph: stderr
2024-04-21T08:41:39.174+0000 7f06d3830700 1 -- 172.21.15.28:0/3403945172 shutdown_connections
2024-04-21T08:41:41.236 INFO:teuthology.orchestra.run.smithi028.stdout:/usr/bin/ceph: stderr
2024-04-21T08:41:39.174+0000 7f06d3830700 1 -- 172.21.15.28:0/3403945172 wait complete.
2024-04-21T08:41:41.236 INFO:teuthology.orchestra.run.smithi028.stdout:/usr/bin/ceph: stderr
2024-04-21T08:41:39.175+0000 7f06d3830700 1 Processor -- start
2024-04-21T08:41:41.236 INFO:teuthology.orchestra.run.smithi028.stdout:/usr/bin/ceph: stderr
2024-04-21T08:41:39.175+0000 7f06d3830700 1 -- start start
2024-04-21T08:41:41.236 INFO:teuthology.orchestra.run.smithi028.stdout:/usr/bin/ceph: stderr
2024-04-21T08:41:39.175+0000 7f06d3830700 1 --2- >> [v2:172.21.15.28:3300/0,v1:172.21.15.28:6789/0] conn(0x7f06cc106e20 0x7f06cc19e690 unknown :-1 s=NONE pgs=0 cs=0 l=1 rev1=0 crypto rx=0 tx=0 comp rx=0 tx=0).connect
2024-04-21T08:41:41.236 INFO:teuthology.orchestra.run.smithi028.stdout:/usr/bin/ceph: stderr
2024-04-21T08:41:39.175+0000 7f06d3830700 1 -- --> [v2:172.21.15.28:3300/0,v1:172.21.15.28:6789/0] -- mon_getmap magic: 0 -- 0x7f06cc1087f0 con 0x7f06cc106e20
2024-04-21T08:41:41.236 INFO:teuthology.orchestra.run.smithi028.stdout:/usr/bin/ceph: stderr
2024-04-21T08:41:39.175+0000 7f06d15cc700 1 --2- >> [v2:172.21.15.28:3300/0,v1:172.21.15.28:6789/0] conn(0x7f06cc106e20 0x7f06cc19e690 unknown :-1 s=BANNER_CONNECTING pgs=0 cs=0 l=1 rev1=0 crypto rx=0 tx=0 comp rx=0 tx=0)._handle_peer_banner_payload supported=3 required=0
2024-04-21T08:41:41.236 INFO:teuthology.orchestra.run.smithi028.stdout:/usr/bin/ceph: stderr
2024-04-21T08:41:39.175+0000 7f06d15cc700 1 --2- >> [v2:172.21.15.28:3300/0,v1:172.21.15.28:6789/0] conn(0x7f06cc106e20 0x7f06cc19e690 unknown :-1 s=HELLO_CONNECTING pgs=0 cs=0 l=1 rev1=1 crypto rx=0 tx=0 comp rx=0 tx=0).handle_hello peer v2:172.21.15.28:3300/0 says I am v2:172.21.15.28:51022/0 (socket says 172.21.15.28:51022)
2024-04-21T08:41:41.237 INFO:teuthology.orchestra.run.smithi028.stdout:/usr/bin/ceph: stderr
2024-04-21T08:41:39.175+0000 7f06d15cc700 1 -- 172.21.15.28:0/2387205655 learned_addr learned my addr 172.21.15.28:0/2387205655 (peer_addr_for_me v2:172.21.15.28:0/0)
2024-04-21T08:41:41.237 INFO:teuthology.orchestra.run.smithi028.stdout:/usr/bin/ceph: stderr
2024-04-21T08:41:39.176+0000 7f06d15cc700 1 -- 172.21.15.28:0/2387205655 --> [v2:172.21.15.28:3300/0,v1:172.21.15.28:6789/0] -- mon_subscribe({config=0+,monmap=0+}) -- 0x7f06cc19ebd0 con 0x7f06cc106e20
2024-04-21T08:41:41.237 INFO:teuthology.orchestra.run.smithi028.stdout:/usr/bin/ceph: stderr
2024-04-21T08:41:39.176+0000 7f06d15cc700 1 --2- 172.21.15.28:0/2387205655 >> [v2:172.21.15.28:3300/0,v1:172.21.15.28:6789/0] conn(0x7f06cc106e20 0x7f06cc19e690 secure :-1 s=READY pgs=73 cs=0 l=1 rev1=1 crypto rx=0x7f06c8004660 tx=0x7f06c8011aa0 comp rx=0 tx=0).ready entity=mon.0 client_cookie=0 server_cookie=0 in_seq=0 out_seq=0
2024-04-21T08:41:41.237 INFO:teuthology.orchestra.run.smithi028.stdout:/usr/bin/ceph: stderr
2024-04-21T08:41:39.176+0000 7f06be7fc700 1 -- 172.21.15.28:0/2387205655 <== mon.0 v2:172.21.15.28:3300/0 1 ==== mon_map magic: 0 ==== 205+0+0 (secure 0 0 0) 0x7f06c8003aa0 con 0x7f06cc106e20
2024-04-21T08:41:41.237 INFO:teuthology.orchestra.run.smithi028.stdout:/usr/bin/ceph: stderr
2024-04-21T08:41:39.176+0000 7f06be7fc700 1 -- 172.21.15.28:0/2387205655 <== mon.0 v2:172.21.15.28:3300/0 2 ==== config(26 keys) ==== 1101+0+0 (secure 0 0 0) 0x7f06c801b8f0 con 0x7f06cc106e20
2024-04-21T08:41:41.237 INFO:teuthology.orchestra.run.smithi028.stdout:/usr/bin/ceph: stderr
2024-04-21T08:41:39.176+0000 7f06d3830700 1 -- 172.21.15.28:0/2387205655 --> [v2:172.21.15.28:3300/0,v1:172.21.15.28:6789/0] -- mon_subscribe({mgrmap=0+}) -- 0x7f06cc19ee60 con 0x7f06cc106e20
2024-04-21T08:41:41.237 INFO:teuthology.orchestra.run.smithi028.stdout:/usr/bin/ceph: stderr
2024-04-21T08:41:39.176+0000 7f06be7fc700 1 -- 172.21.15.28:0/2387205655 <== mon.0 v2:172.21.15.28:3300/0 3 ==== mon_map magic: 0 ==== 205+0+0 (secure 0 0 0) 0x7f06c8023900 con 0x7f06cc106e20
2024-04-21T08:41:41.237 INFO:teuthology.orchestra.run.smithi028.stdout:/usr/bin/ceph: stderr
2024-04-21T08:41:39.176+0000 7f06d3830700 1 -- 172.21.15.28:0/2387205655 --> [v2:172.21.15.28:3300/0,v1:172.21.15.28:6789/0] -- mon_subscribe({osdmap=0}) -- 0x7f06cc1a1b50 con 0x7f06cc106e20
2024-04-21T08:41:41.237 INFO:teuthology.orchestra.run.smithi028.stdout:/usr/bin/ceph: stderr
2024-04-21T08:41:39.177+0000 7f06be7fc700 1 -- 172.21.15.28:0/2387205655 <== mon.0 v2:172.21.15.28:3300/0 4 ==== mgrmap(e 12) ==== 46571+0+0 (secure 0 0 0) 0x7f06c8023b70 con 0x7f06cc106e20
2024-04-21T08:41:41.237 INFO:teuthology.orchestra.run.smithi028.stdout:/usr/bin/ceph: stderr
2024-04-21T08:41:39.177+0000 7f06be7fc700 1 --2- 172.21.15.28:0/2387205655 >> [v2:172.21.15.28:6800/226897930,v1:172.21.15.28:6801/226897930] conn(0x7f06b8039660 0x7f06b803bb20 unknown :-1 s=NONE pgs=0 cs=0 l=1 rev1=0 crypto rx=0 tx=0 comp rx=0 tx=0).connect
2024-04-21T08:41:41.237 INFO:teuthology.orchestra.run.smithi028.stdout:/usr/bin/ceph: stderr
2024-04-21T08:41:39.177+0000 7f06be7fc700 1 -- 172.21.15.28:0/2387205655 <== mon.0 v2:172.21.15.28:3300/0 5 ==== osd_map(3..3 src has 1..3) ==== 1155+0+0 (secure 0 0 0) 0x7f06c804df70 con 0x7f06cc106e20
2024-04-21T08:41:41.237 INFO:teuthology.orchestra.run.smithi028.stdout:/usr/bin/ceph: stderr
2024-04-21T08:41:39.177+0000 7f06d3830700 1 -- 172.21.15.28:0/2387205655 --> [v2:172.21.15.28:3300/0,v1:172.21.15.28:6789/0] -- mon_command({"prefix": "get_command_descriptions"} v 0) -- 0x7f06cc0640a0 con 0x7f06cc106e20
2024-04-21T08:41:41.237 INFO:teuthology.orchestra.run.smithi028.stdout:/usr/bin/ceph: stderr
2024-04-21T08:41:39.177+0000 7f06d0dcb700 1 --2- 172.21.15.28:0/2387205655 >> [v2:172.21.15.28:6800/226897930,v1:172.21.15.28:6801/226897930] conn(0x7f06b8039660 0x7f06b803bb20 unknown :-1 s=BANNER_CONNECTING pgs=0 cs=0 l=1 rev1=0 crypto rx=0 tx=0 comp rx=0 tx=0)._handle_peer_banner_payload supported=3 required=0
2024-04-21T08:41:41.237 INFO:teuthology.orchestra.run.smithi028.stdout:/usr/bin/ceph: stderr
2024-04-21T08:41:39.178+0000 7f06d0dcb700 1 --2- 172.21.15.28:0/2387205655 >> [v2:172.21.15.28:6800/226897930,v1:172.21.15.28:6801/226897930] conn(0x7f06b8039660 0x7f06b803bb20 secure :-1 s=READY pgs=8 cs=0 l=1 rev1=1 crypto rx=0x7f06c0006fd0 tx=0x7f06c0006e40 comp rx=0 tx=0).ready entity=mgr.14152 client_cookie=0 server_cookie=0 in_seq=0 out_seq=0
2024-04-21T08:41:41.238 INFO:teuthology.orchestra.run.smithi028.stdout:/usr/bin/ceph: stderr
2024-04-21T08:41:39.183+0000 7f06be7fc700 1 -- 172.21.15.28:0/2387205655 <== mon.0 v2:172.21.15.28:3300/0 6 ==== mon_command_ack([{"prefix": "get_command_descriptions"}]=0 v0) ==== 72+0+188370 (secure 0 0 0) 0x7f06c801f030 con 0x7f06cc106e20
2024-04-21T08:41:41.238 INFO:teuthology.orchestra.run.smithi028.stdout:/usr/bin/ceph: stderr
2024-04-21T08:41:39.410+0000 7f06d3830700 1 -- 172.21.15.28:0/2387205655 --> [v2:172.21.15.28:6800/226897930,v1:172.21.15.28:6801/226897930] -- mgr_command(tid 0: {"prefix": "dashboard ac-user-create", "username": "admin", "rolename": "administrator", "force_password": true, "pwd_update_required": true, "target": ["mon-mgr", ""]}) -- 0x7f06cc1981f0 con 0x7f06b8039660
2024-04-21T08:41:41.238 INFO:teuthology.orchestra.run.smithi028.stdout:/usr/bin/ceph: stderr
