2024-04-21T08:46:42.508 INFO:teuthology.orchestra.run.smithi103.stdout:/usr/bin/ceph: stderr
2024-04-21T08:46:41.717+0000 7fb7fbf98700 1 Processor -- start
2024-04-21T08:46:42.508 INFO:teuthology.orchestra.run.smithi103.stdout:/usr/bin/ceph: stderr
2024-04-21T08:46:41.717+0000 7fb7fbf98700 1 -- start start
2024-04-21T08:46:42.508 INFO:teuthology.orchestra.run.smithi103.stdout:/usr/bin/ceph: stderr
2024-04-21T08:46:41.717+0000 7fb7fbf98700 1 --2- >> [v2:172.21.15.103:3300/0,v1:172.21.15.103:6789/0] conn(0x7fb7f4107710 0x7fb7f4107b30 unknown :-1 s=NONE pgs=0 cs=0 l=0 rev1=0 crypto rx=0 tx=0 comp rx=0 tx=0).connect
2024-04-21T08:46:42.508 INFO:teuthology.orchestra.run.smithi103.stdout:/usr/bin/ceph: stderr
2024-04-21T08:46:41.717+0000 7fb7fbf98700 1 -- --> [v2:172.21.15.103:3300/0,v1:172.21.15.103:6789/0] -- mon_getmap magic: 0 -- 0x7fb7f4108100 con 0x7fb7f4107710
2024-04-21T08:46:42.509 INFO:teuthology.orchestra.run.smithi103.stdout:/usr/bin/ceph: stderr
2024-04-21T08:46:41.718+0000 7fb7f9d34700 1 --2- >> [v2:172.21.15.103:3300/0,v1:172.21.15.103:6789/0] conn(0x7fb7f4107710 0x7fb7f4107b30 unknown :-1 s=BANNER_CONNECTING pgs=0 cs=0 l=0 rev1=0 crypto rx=0 tx=0 comp rx=0 tx=0)._handle_peer_banner_payload supported=3 required=0
2024-04-21T08:46:42.509 INFO:teuthology.orchestra.run.smithi103.stdout:/usr/bin/ceph: stderr
2024-04-21T08:46:41.718+0000 7fb7f9d34700 1 --2- >> [v2:172.21.15.103:3300/0,v1:172.21.15.103:6789/0] conn(0x7fb7f4107710 0x7fb7f4107b30 unknown :-1 s=HELLO_CONNECTING pgs=0 cs=0 l=0 rev1=1 crypto rx=0 tx=0 comp rx=0 tx=0).handle_hello peer v2:172.21.15.103:3300/0 says I am v2:172.21.15.103:58178/0 (socket says 172.21.15.103:58178)
2024-04-21T08:46:42.509 INFO:teuthology.orchestra.run.smithi103.stdout:/usr/bin/ceph: stderr
2024-04-21T08:46:41.718+0000 7fb7f9d34700 1 -- 172.21.15.103:0/3833944211 learned_addr learned my addr 172.21.15.103:0/3833944211 (peer_addr_for_me v2:172.21.15.103:0/0)
2024-04-21T08:46:42.509 INFO:teuthology.orchestra.run.smithi103.stdout:/usr/bin/ceph: stderr
2024-04-21T08:46:41.718+0000 7fb7f9d34700 1 -- 172.21.15.103:0/3833944211 --> [v2:172.21.15.103:3300/0,v1:172.21.15.103:6789/0] -- mon_subscribe({config=0+,monmap=0+}) -- 0x7fb7f4108430 con 0x7fb7f4107710
2024-04-21T08:46:42.509 INFO:teuthology.orchestra.run.smithi103.stdout:/usr/bin/ceph: stderr
2024-04-21T08:46:41.718+0000 7fb7f9d34700 1 --2- 172.21.15.103:0/3833944211 >> [v2:172.21.15.103:3300/0,v1:172.21.15.103:6789/0] conn(0x7fb7f4107710 0x7fb7f4107b30 secure :-1 s=READY pgs=74 cs=0 l=1 rev1=1 crypto rx=0x7fb7f00098a0 tx=0x7fb7f0009bb0 comp rx=0 tx=0).ready entity=mon.0 client_cookie=aca7fc335e9fffae server_cookie=0 in_seq=0 out_seq=0
2024-04-21T08:46:42.509 INFO:teuthology.orchestra.run.smithi103.stdout:/usr/bin/ceph: stderr
2024-04-21T08:46:41.718+0000 7fb7f8d32700 1 -- 172.21.15.103:0/3833944211 <== mon.0 v2:172.21.15.103:3300/0 1 ==== mon_map magic: 0 ==== 205+0+0 (secure 0 0 0) 0x7fb7f0004160 con 0x7fb7f4107710
2024-04-21T08:46:42.514 INFO:teuthology.orchestra.run.smithi103.stdout:/usr/bin/ceph: stderr
2024-04-21T08:46:41.718+0000 7fb7f8d32700 1 -- 172.21.15.103:0/3833944211 <== mon.0 v2:172.21.15.103:3300/0 2 ==== config(26 keys) ==== 1101+0+0 (secure 0 0 0) 0x7fb7f0004300 con 0x7fb7f4107710
2024-04-21T08:46:42.514 INFO:teuthology.orchestra.run.smithi103.stdout:/usr/bin/ceph: stderr
2024-04-21T08:46:41.718+0000 7fb7f8d32700 1 -- 172.21.15.103:0/3833944211 <== mon.0 v2:172.21.15.103:3300/0 3 ==== mon_map magic: 0 ==== 205+0+0 (secure 0 0 0) 0x7fb7f0011a20 con 0x7fb7f4107710
2024-04-21T08:46:42.514 INFO:teuthology.orchestra.run.smithi103.stdout:/usr/bin/ceph: stderr
2024-04-21T08:46:41.719+0000 7fb7fbf98700 1 -- 172.21.15.103:0/3833944211 >> [v2:172.21.15.103:3300/0,v1:172.21.15.103:6789/0] conn(0x7fb7f4107710 msgr2=0x7fb7f4107b30 secure :-1 s=STATE_CONNECTION_ESTABLISHED l=1).mark_down
2024-04-21T08:46:42.514 INFO:teuthology.orchestra.run.smithi103.stdout:/usr/bin/ceph: stderr
2024-04-21T08:46:41.719+0000 7fb7fbf98700 1 --2- 172.21.15.103:0/3833944211 >> [v2:172.21.15.103:3300/0,v1:172.21.15.103:6789/0] conn(0x7fb7f4107710 0x7fb7f4107b30 secure :-1 s=READY pgs=74 cs=0 l=1 rev1=1 crypto rx=0x7fb7f00098a0 tx=0x7fb7f0009bb0 comp rx=0 tx=0).stop
2024-04-21T08:46:42.514 INFO:teuthology.orchestra.run.smithi103.stdout:/usr/bin/ceph: stderr
2024-04-21T08:46:41.719+0000 7fb7fbf98700 1 -- 172.21.15.103:0/3833944211 shutdown_connections
2024-04-21T08:46:42.514 INFO:teuthology.orchestra.run.smithi103.stdout:/usr/bin/ceph: stderr
2024-04-21T08:46:41.719+0000 7fb7fbf98700 1 --2- 172.21.15.103:0/3833944211 >> [v2:172.21.15.103:3300/0,v1:172.21.15.103:6789/0] conn(0x7fb7f4107710 0x7fb7f4107b30 unknown :-1 s=CLOSED pgs=74 cs=0 l=1 rev1=1 crypto rx=0 tx=0 comp rx=0 tx=0).stop
2024-04-21T08:46:42.515 INFO:teuthology.orchestra.run.smithi103.stdout:/usr/bin/ceph: stderr
2024-04-21T08:46:41.719+0000 7fb7fbf98700 1 -- 172.21.15.103:0/3833944211 >> 172.21.15.103:0/3833944211 conn(0x7fb7f4101fd0 msgr2=0x7fb7f41043f0 unknown :-1 s=STATE_NONE l=0).mark_down
2024-04-21T08:46:42.515 INFO:teuthology.orchestra.run.smithi103.stdout:/usr/bin/ceph: stderr
2024-04-21T08:46:41.719+0000 7fb7fbf98700 1 -- 172.21.15.103:0/3833944211 shutdown_connections
2024-04-21T08:46:42.515 INFO:teuthology.orchestra.run.smithi103.stdout:/usr/bin/ceph: stderr
2024-04-21T08:46:41.719+0000 7fb7fbf98700 1 -- 172.21.15.103:0/3833944211 wait complete.
2024-04-21T08:46:42.515 INFO:teuthology.orchestra.run.smithi103.stdout:/usr/bin/ceph: stderr
2024-04-21T08:46:41.719+0000 7fb7fbf98700 1 Processor -- start
2024-04-21T08:46:42.515 INFO:teuthology.orchestra.run.smithi103.stdout:/usr/bin/ceph: stderr
2024-04-21T08:46:41.720+0000 7fb7fbf98700 1 -- start start
2024-04-21T08:46:42.515 INFO:teuthology.orchestra.run.smithi103.stdout:/usr/bin/ceph: stderr
2024-04-21T08:46:41.720+0000 7fb7fbf98700 1 --2- >> [v2:172.21.15.103:3300/0,v1:172.21.15.103:6789/0] conn(0x7fb7f4107710 0x7fb7f419c240 unknown :-1 s=NONE pgs=0 cs=0 l=1 rev1=0 crypto rx=0 tx=0 comp rx=0 tx=0).connect
2024-04-21T08:46:42.515 INFO:teuthology.orchestra.run.smithi103.stdout:/usr/bin/ceph: stderr
2024-04-21T08:46:41.720+0000 7fb7fbf98700 1 -- --> [v2:172.21.15.103:3300/0,v1:172.21.15.103:6789/0] -- mon_getmap magic: 0 -- 0x7fb7f410b7e0 con 0x7fb7f4107710
2024-04-21T08:46:42.515 INFO:teuthology.orchestra.run.smithi103.stdout:/usr/bin/ceph: stderr
2024-04-21T08:46:41.720+0000 7fb7f9d34700 1 --2- >> [v2:172.21.15.103:3300/0,v1:172.21.15.103:6789/0] conn(0x7fb7f4107710 0x7fb7f419c240 unknown :-1 s=BANNER_CONNECTING pgs=0 cs=0 l=1 rev1=0 crypto rx=0 tx=0 comp rx=0 tx=0)._handle_peer_banner_payload supported=3 required=0
2024-04-21T08:46:42.515 INFO:teuthology.orchestra.run.smithi103.stdout:/usr/bin/ceph: stderr
2024-04-21T08:46:41.720+0000 7fb7f9d34700 1 --2- >> [v2:172.21.15.103:3300/0,v1:172.21.15.103:6789/0] conn(0x7fb7f4107710 0x7fb7f419c240 unknown :-1 s=HELLO_CONNECTING pgs=0 cs=0 l=1 rev1=1 crypto rx=0 tx=0 comp rx=0 tx=0).handle_hello peer v2:172.21.15.103:3300/0 says I am v2:172.21.15.103:58190/0 (socket says 172.21.15.103:58190)
2024-04-21T08:46:42.515 INFO:teuthology.orchestra.run.smithi103.stdout:/usr/bin/ceph: stderr
2024-04-21T08:46:41.720+0000 7fb7f9d34700 1 -- 172.21.15.103:0/3213403525 learned_addr learned my addr 172.21.15.103:0/3213403525 (peer_addr_for_me v2:172.21.15.103:0/0)
2024-04-21T08:46:42.516 INFO:teuthology.orchestra.run.smithi103.stdout:/usr/bin/ceph: stderr
2024-04-21T08:46:41.720+0000 7fb7f9d34700 1 -- 172.21.15.103:0/3213403525 --> [v2:172.21.15.103:3300/0,v1:172.21.15.103:6789/0] -- mon_subscribe({config=0+,monmap=0+}) -- 0x7fb7f419c780 con 0x7fb7f4107710
2024-04-21T08:46:42.516 INFO:teuthology.orchestra.run.smithi103.stdout:/usr/bin/ceph: stderr
2024-04-21T08:46:41.720+0000 7fb7f9d34700 1 --2- 172.21.15.103:0/3213403525 >> [v2:172.21.15.103:3300/0,v1:172.21.15.103:6789/0] conn(0x7fb7f4107710 0x7fb7f419c240 secure :-1 s=READY pgs=75 cs=0 l=1 rev1=1 crypto rx=0x7fb7f00119f0 tx=0x7fb7f0011ad0 comp rx=0 tx=0).ready entity=mon.0 client_cookie=0 server_cookie=0 in_seq=0 out_seq=0
2024-04-21T08:46:42.516 INFO:teuthology.orchestra.run.smithi103.stdout:/usr/bin/ceph: stderr
2024-04-21T08:46:41.720+0000 7fb7eaffd700 1 -- 172.21.15.103:0/3213403525 <== mon.0 v2:172.21.15.103:3300/0 1 ==== mon_map magic: 0 ==== 205+0+0 (secure 0 0 0) 0x7fb7f00039e0 con 0x7fb7f4107710
2024-04-21T08:46:42.516 INFO:teuthology.orchestra.run.smithi103.stdout:/usr/bin/ceph: stderr
2024-04-21T08:46:41.720+0000 7fb7eaffd700 1 -- 172.21.15.103:0/3213403525 <== mon.0 v2:172.21.15.103:3300/0 2 ==== config(26 keys) ==== 1101+0+0 (secure 0 0 0) 0x7fb7f001b8f0 con 0x7fb7f4107710
2024-04-21T08:46:42.516 INFO:teuthology.orchestra.run.smithi103.stdout:/usr/bin/ceph: stderr
2024-04-21T08:46:41.720+0000 7fb7eaffd700 1 -- 172.21.15.103:0/3213403525 <== mon.0 v2:172.21.15.103:3300/0 3 ==== mon_map magic: 0 ==== 205+0+0 (secure 0 0 0) 0x7fb7f00237a0 con 0x7fb7f4107710
2024-04-21T08:46:42.516 INFO:teuthology.orchestra.run.smithi103.stdout:/usr/bin/ceph: stderr
2024-04-21T08:46:41.720+0000 7fb7fbf98700 1 -- 172.21.15.103:0/3213403525 --> [v2:172.21.15.103:3300/0,v1:172.21.15.103:6789/0] -- mon_subscribe({mgrmap=0+}) -- 0x7fb7f419ca10 con 0x7fb7f4107710
2024-04-21T08:46:42.516 INFO:teuthology.orchestra.run.smithi103.stdout:/usr/bin/ceph: stderr
2024-04-21T08:46:41.720+0000 7fb7fbf98700 1 -- 172.21.15.103:0/3213403525 --> [v2:172.21.15.103:3300/0,v1:172.21.15.103:6789/0] -- mon_subscribe({osdmap=0}) -- 0x7fb7f419f700 con 0x7fb7f4107710
2024-04-21T08:46:42.516 INFO:teuthology.orchestra.run.smithi103.stdout:/usr/bin/ceph: stderr
2024-04-21T08:46:41.721+0000 7fb7eaffd700 1 -- 172.21.15.103:0/3213403525 <== mon.0 v2:172.21.15.103:3300/0 4 ==== mgrmap(e 13) ==== 46615+0+0 (secure 0 0 0) 0x7fb7f002c3f0 con 0x7fb7f4107710
2024-04-21T08:46:42.516 INFO:teuthology.orchestra.run.smithi103.stdout:/usr/bin/ceph: stderr
2024-04-21T08:46:41.721+0000 7fb7eaffd700 1 --2- 172.21.15.103:0/3213403525 >> [v2:172.21.15.103:6800/651685468,v1:172.21.15.103:6801/651685468] conn(0x7fb7e0039650 0x7fb7e003bb10 unknown :-1 s=NONE pgs=0 cs=0 l=1 rev1=0 crypto rx=0 tx=0 comp rx=0 tx=0).connect
2024-04-21T08:46:42.516 INFO:teuthology.orchestra.run.smithi103.stdout:/usr/bin/ceph: stderr
2024-04-21T08:46:41.721+0000 7fb7eaffd700 1 -- 172.21.15.103:0/3213403525 <== mon.0 v2:172.21.15.103:3300/0 5 ==== osd_map(3..3 src has 1..3) ==== 1155+0+0 (secure 0 0 0) 0x7fb7f004e1b0 con 0x7fb7f4107710
2024-04-21T08:46:42.516 INFO:teuthology.orchestra.run.smithi103.stdout:/usr/bin/ceph: stderr
2024-04-21T08:46:41.721+0000 7fb7fbf98700 1 -- 172.21.15.103:0/3213403525 --> [v2:172.21.15.103:3300/0,v1:172.21.15.103:6789/0] -- mon_command({"prefix": "get_command_descriptions"} v 0) -- 0x7fb7f40640a0 con 0x7fb7f4107710
2024-04-21T08:46:42.516 INFO:teuthology.orchestra.run.smithi103.stdout:/usr/bin/ceph: stderr
2024-04-21T08:46:41.722+0000 7fb7f9533700 1 --2- 172.21.15.103:0/3213403525 >> [v2:172.21.15.103:6800/651685468,v1:172.21.15.103:6801/651685468] conn(0x7fb7e0039650 0x7fb7e003bb10 unknown :-1 s=BANNER_CONNECTING pgs=0 cs=0 l=1 rev1=0 crypto rx=0 tx=0 comp rx=0 tx=0)._handle_peer_banner_payload supported=3 required=0
2024-04-21T08:46:42.517 INFO:teuthology.orchestra.run.smithi103.stdout:/usr/bin/ceph: stderr
2024-04-21T08:46:41.722+0000 7fb7f9533700 1 --2- 172.21.15.103:0/3213403525 >> [v2:172.21.15.103:6800/651685468,v1:172.21.15.103:6801/651685468] conn(0x7fb7e0039650 0x7fb7e003bb10 secure :-1 s=READY pgs=10 cs=0 l=1 rev1=1 crypto rx=0x7fb7e4006fd0 tx=0x7fb7e4006e40 comp rx=0 tx=0).ready entity=mgr.14150 client_cookie=0 server_cookie=0 in_seq=0 out_seq=0
2024-04-21T08:46:42.517 INFO:teuthology.orchestra.run.smithi103.stdout:/usr/bin/ceph: stderr
2024-04-21T08:46:41.727+0000 7fb7eaffd700 1 -- 172.21.15.103:0/3213403525 <== mon.0 v2:172.21.15.103:3300/0 6 ==== mon_command_ack([{"prefix": "get_command_descriptions"}]=0 v0) ==== 72+0+188370 (secure 0 0 0) 0x7fb7f001f030 con 0x7fb7f4107710
2024-04-21T08:46:42.517 INFO:teuthology.orchestra.run.smithi103.stdout:/usr/bin/ceph: stderr
2024-04-21T08:46:41.928+0000 7fb7fbf98700 1 -- 172.21.15.103:0/3213403525 --> [v2:172.21.15.103:3300/0,v1:172.21.15.103:6789/0] -- mon_command([{prefix=config set, name=osd_memory_target_autotune}] v 0) -- 0x7fb7f402e140 con 0x7fb7f4107710
2024-04-21T08:46:42.517 INFO:teuthology.orchestra.run.smithi103.stdout:/usr/bin/ceph: stderr
2024-04-21T08:46:41.928+0000 7fb7eaffd700 1 -- 172.21.15.103:0/3213403525 <== mon.0 v2:172.21.15.103:3300/0 7 ==== mon_command_ack([{prefix=config set, name=osd_memory_target_autotune}]=0 v8)=0 v8) ==== 127+0+0 (secure 0 0 0) 0x7fb7f0031020 con 0x7fb7f4107710
2024-04-21T08:46:42.517 INFO:teuthology.orchestra.run.smithi103.stdout:/usr/bin/ceph: stderr
2024-04-21T08:46:41.930+0000 7fb7fbf98700 1 -- 172.21.15.103:0/3213403525 >> [v2:172.21.15.103:6800/651685468,v1:172.21.15.103:6801/651685468] conn(0x7fb7e0039650 msgr2=0x7fb7e003bb10 secure :-1 s=STATE_CONNECTION_ESTABLISHED l=1).mark_down
2024-04-21T08:46:42.517 INFO:teuthology.orchestra.run.smithi103.stdout:/usr/bin/ceph: stderr
2024-04-21T08:46:41.930+0000 7fb7fbf98700 1 --2- 172.21.15.103:0/3213403525 >> [v2:172.21.15.103:6800/651685468,v1:172.21.15.103:6801/651685468] conn(0x7fb7e0039650 0x7fb7e003bb10 secure :-1 s=READY pgs=10 cs=0 l=1 rev1=1 crypto rx=0x7fb7e4006fd0 tx=0x7fb7e4006e40 comp rx=0 tx=0).stop
2024-04-21T08:46:42.517 INFO:teuthology.orchestra.run.smithi103.stdout:/usr/bin/ceph: stderr
2024-04-21T08:46:41.930+0000 7fb7fbf98700 1 -- 172.21.15.103:0/3213403525 >> [v2:172.21.15.103:3300/0,v1:172.21.15.103:6789/0] conn(0x7fb7f4107710 msgr2=0x7fb7f419c240 secure :-1 s=STATE_CONNECTION_ESTABLISHED l=1).mark_down
2024-04-21T08:46:42.517 INFO:teuthology.orchestra.run.smithi103.stdout:/usr/bin/ceph: stderr
2024-04-21T08:46:41.930+0000 7fb7fbf98700 1 --2- 172.21.15.103:0/3213403525 >> [v2:172.21.15.103:3300/0,v1:172.21.15.103:6789/0] conn(0x7fb7f4107710 0x7fb7f419c240 secure :-1 s=READY pgs=75 cs=0 l=1 rev1=1 crypto rx=0x7fb7f00119f0 tx=0x7fb7f0011ad0 comp rx=0 tx=0).stop
2024-04-21T08:46:42.517 INFO:teuthology.orchestra.run.smithi103.stdout:/usr/bin/ceph: stderr
2024-04-21T08:46:41.930+0000 7fb7fbf98700 1 -- 172.21.15.103:0/3213403525 shutdown_connections
2024-04-21T08:46:42.517 INFO:teuthology.orchestra.run.smithi103.stdout:/usr/bin/ceph: stderr
2024-04-21T08:46:41.930+0000 7fb7fbf98700 1 --2- 172.21.15.103:0/3213403525 >> [v2:172.21.15.103:6800/651685468,v1:172.21.15.103:6801/651685468] conn(0x7fb7e0039650 0x7fb7e003bb10 unknown :-1 s=CLOSED pgs=10 cs=0 l=1 rev1=1 crypto rx=0 tx=0 comp rx=0 tx=0).stop
2024-04-21T08:46:42.517 INFO:teuthology.orchestra.run.smithi103.stdout:/usr/bin/ceph: stderr
2024-04-21T08:46:41.930+0000 7fb7fbf98700 1 --2- 172.21.15.103:0/3213403525 >> [v2:172.21.15.103:3300/0,v1:172.21.15.103:6789/0] conn(0x7fb7f4107710 0x7fb7f419c240 unknown :-1 s=CLOSED pgs=75 cs=0 l=1 rev1=1 crypto rx=0 tx=0 comp rx=0 tx=0).stop
2024-04-21T08:46:42.517 INFO:teuthology.orchestra.run.smithi103.stdout:/usr/bin/ceph: stderr
2024-04-21T08:46:41.930+0000 7fb7fbf98700 1 -- 172.21.15.103:0/3213403525 >> 172.21.15.103:0/3213403525 conn(0x7fb7f4101fd0 msgr2=0x7fb7f4102e50 unknown :-1 s=STATE_NONE l=0).mark_down
2024-04-21T08:46:42.517 INFO:teuthology.orchestra.run.smithi103.stdout:/usr/bin/ceph: stderr
2024-04-21T08:46:41.930+0000 7fb7fbf98700 1 -- 172.21.15.103:0/3213403525 shutdown_connections
2024-04-21T08:46:42.518 INFO:teuthology.orchestra.run.smithi103.stdout:/usr/bin/ceph: stderr
2024-04-21T08:46:41.930+0000 7fb7fbf98700 1 -- 172.21.15.103:0/3213403525 wait complete.
2024-04-21T08:46:43.833 INFO:teuthology.orchestra.run.smithi103.stdout:/usr/bin/ceph: stderr
2024-04-21T08:46:42.913+0000 7f1c176d1700 1 Processor -- start
2024-04-21T08:46:43.834 INFO:teuthology.orchestra.run.smithi103.stdout:/usr/bin/ceph: stderr
2024-04-21T08:46:42.914+0000 7f1c176d1700 1 -- start start
2024-04-21T08:46:43.834 INFO:teuthology.orchestra.run.smithi103.stdout:/usr/bin/ceph: stderr
2024-04-21T08:46:42.914+0000 7f1c176d1700 1 --2- >> [v2:172.21.15.103:3300/0,v1:172.21.15.103:6789/0] conn(0x7f1c10108310 0x7f1c10108730 unknown :-1 s=NONE pgs=0 cs=0 l=0 rev1=0 crypto rx=0 tx=0 comp rx=0 tx=0).connect
2024-04-21T08:46:43.834 INFO:teuthology.orchestra.run.smithi103.stdout:/usr/bin/ceph: stderr
2024-04-21T08:46:42.914+0000 7f1c176d1700 1 -- --> [v2:172.21.15.103:3300/0,v1:172.21.15.103:6789/0] -- mon_getmap magic: 0 -- 0x7f1c10108d00 con 0x7f1c10108310
2024-04-21T08:46:43.834 INFO:teuthology.orchestra.run.smithi103.stdout:/usr/bin/ceph: stderr
2024-04-21T08:46:42.914+0000 7f1c1546d700 1 --2- >> [v2:172.21.15.103:3300/0,v1:172.21.15.103:6789/0] conn(0x7f1c10108310 0x7f1c10108730 unknown :-1 s=BANNER_CONNECTING pgs=0 cs=0 l=0 rev1=0 crypto rx=0 tx=0 comp rx=0 tx=0)._handle_peer_banner_payload supported=3 required=0
2024-04-21T08:46:43.834 INFO:teuthology.orchestra.run.smithi103.stdout:/usr/bin/ceph: stderr
2024-04-21T08:46:42.914+0000 7f1c1546d700 1 --2- >> [v2:172.21.15.103:3300/0,v1:172.21.15.103:6789/0] conn(0x7f1c10108310 0x7f1c10108730 unknown :-1 s=HELLO_CONNECTING pgs=0 cs=0 l=0 rev1=1 crypto rx=0 tx=0 comp rx=0 tx=0).handle_hello peer v2:172.21.15.103:3300/0 says I am v2:172.21.15.103:58204/0 (socket says 172.21.15.103:58204)
2024-04-21T08:46:43.834 INFO:teuthology.orchestra.run.smithi103.stdout:/usr/bin/ceph: stderr
2024-04-21T08:46:42.914+0000 7f1c1546d700 1 -- 172.21.15.103:0/1294957883 learned_addr learned my addr 172.21.15.103:0/1294957883 (peer_addr_for_me v2:172.21.15.103:0/0)
2024-04-21T08:46:43.834 INFO:teuthology.orchestra.run.smithi103.stdout:/usr/bin/ceph: stderr
2024-04-21T08:46:42.914+0000 7f1c1546d700 1 -- 172.21.15.103:0/1294957883 --> [v2:172.21.15.103:3300/0,v1:172.21.15.103:6789/0] -- mon_subscribe({config=0+,monmap=0+}) -- 0x7f1c101094c0 con 0x7f1c10108310
2024-04-21T08:46:43.834 INFO:teuthology.orchestra.run.smithi103.stdout:/usr/bin/ceph: stderr
2024-04-21T08:46:42.914+0000 7f1c1546d700 1 --2- 172.21.15.103:0/1294957883 >> [v2:172.21.15.103:3300/0,v1:172.21.15.103:6789/0] conn(0x7f1c10108310 0x7f1c10108730 secure :-1 s=READY pgs=76 cs=0 l=1 rev1=1 crypto rx=0x7f1c000098a0 tx=0x7f1c00009bb0 comp rx=0 tx=0).ready entity=mon.0 client_cookie=1ad6a4b4185456dc server_cookie=0 in_seq=0 out_seq=0
2024-04-21T08:46:43.834 INFO:teuthology.orchestra.run.smithi103.stdout:/usr/bin/ceph: stderr
2024-04-21T08:46:42.915+0000 7f1c07fff700 1 -- 172.21.15.103:0/1294957883 <== mon.0 v2:172.21.15.103:3300/0 1 ==== mon_map magic: 0 ==== 205+0+0 (secure 0 0 0) 0x7f1c00004160 con 0x7f1c10108310
2024-04-21T08:46:43.834 INFO:teuthology.orchestra.run.smithi103.stdout:/usr/bin/ceph: stderr
2024-04-21T08:46:42.915+0000 7f1c07fff700 1 -- 172.21.15.103:0/1294957883 <== mon.0 v2:172.21.15.103:3300/0 2 ==== config(26 keys) ==== 1101+0+0 (secure 0 0 0) 0x7f1c00004300 con 0x7f1c10108310
2024-04-21T08:46:43.834 INFO:teuthology.orchestra.run.smithi103.stdout:/usr/bin/ceph: stderr
2024-04-21T08:46:42.915+0000 7f1c07fff700 1 -- 172.21.15.103:0/1294957883 <== mon.0 v2:172.21.15.103:3300/0 3 ==== mon_map magic: 0 ==== 205+0+0 (secure 0 0 0) 0x7f1c00011a20 con 0x7f1c10108310
2024-04-21T08:46:43.835 INFO:teuthology.orchestra.run.smithi103.stdout:/usr/bin/ceph: stderr
2024-04-21T08:46:42.915+0000 7f1c176d1700 1 -- 172.21.15.103:0/1294957883 >> [v2:172.21.15.103:3300/0,v1:172.21.15.103:6789/0] conn(0x7f1c10108310 msgr2=0x7f1c10108730 secure :-1 s=STATE_CONNECTION_ESTABLISHED l=1).mark_down
2024-04-21T08:46:43.835 INFO:teuthology.orchestra.run.smithi103.stdout:/usr/bin/ceph: stderr
2024-04-21T08:46:42.915+0000 7f1c176d1700 1 --2- 172.21.15.103:0/1294957883 >> [v2:172.21.15.103:3300/0,v1:172.21.15.103:6789/0] conn(0x7f1c10108310 0x7f1c10108730 secure :-1 s=READY pgs=76 cs=0 l=1 rev1=1 crypto rx=0x7f1c000098a0 tx=0x7f1c00009bb0 comp rx=0 tx=0).stop
2024-04-21T08:46:43.835 INFO:teuthology.orchestra.run.smithi103.stdout:/usr/bin/ceph: stderr
2024-04-21T08:46:42.915+0000 7f1c176d1700 1 -- 172.21.15.103:0/1294957883 shutdown_connections
2024-04-21T08:46:43.835 INFO:teuthology.orchestra.run.smithi103.stdout:/usr/bin/ceph: stderr
2024-04-21T08:46:42.915+0000 7f1c176d1700 1 --2- 172.21.15.103:0/1294957883 >> [v2:172.21.15.103:3300/0,v1:172.21.15.103:6789/0] conn(0x7f1c10108310 0x7f1c10108730 unknown :-1 s=CLOSED pgs=76 cs=0 l=1 rev1=1 crypto rx=0 tx=0 comp rx=0 tx=0).stop
2024-04-21T08:46:43.835 INFO:teuthology.orchestra.run.smithi103.stdout:/usr/bin/ceph: stderr
2024-04-21T08:46:42.915+0000 7f1c176d1700 1 -- 172.21.15.103:0/1294957883 >> 172.21.15.103:0/1294957883 conn(0x7f1c10103930 msgr2=0x7f1c10105d50 unknown :-1 s=STATE_NONE l=0).mark_down
2024-04-21T08:46:43.835 INFO:teuthology.orchestra.run.smithi103.stdout:/usr/bin/ceph: stderr
2024-04-21T08:46:42.915+0000 7f1c176d1700 1 -- 172.21.15.103:0/1294957883 shutdown_connections
2024-04-21T08:46:43.835 INFO:teuthology.orchestra.run.smithi103.stdout:/usr/bin/ceph: stderr
2024-04-21T08:46:42.915+0000 7f1c176d1700 1 -- 172.21.15.103:0/1294957883 wait complete.
2024-04-21T08:46:43.835 INFO:teuthology.orchestra.run.smithi103.stdout:/usr/bin/ceph: stderr
2024-04-21T08:46:42.916+0000 7f1c176d1700 1 Processor -- start
2024-04-21T08:46:43.835 INFO:teuthology.orchestra.run.smithi103.stdout:/usr/bin/ceph: stderr
2024-04-21T08:46:42.916+0000 7f1c176d1700 1 -- start start
2024-04-21T08:46:43.835 INFO:teuthology.orchestra.run.smithi103.stdout:/usr/bin/ceph: stderr
2024-04-21T08:46:42.916+0000 7f1c176d1700 1 --2- >> [v2:172.21.15.103:3300/0,v1:172.21.15.103:6789/0] conn(0x7f1c10108310 0x7f1c1019c210 unknown :-1 s=NONE pgs=0 cs=0 l=1 rev1=0 crypto rx=0 tx=0 comp rx=0 tx=0).connect
2024-04-21T08:46:43.835 INFO:teuthology.orchestra.run.smithi103.stdout:/usr/bin/ceph: stderr
2024-04-21T08:46:42.916+0000 7f1c176d1700 1 -- --> [v2:172.21.15.103:3300/0,v1:172.21.15.103:6789/0] -- mon_getmap magic: 0 -- 0x7f1c1010c870 con 0x7f1c10108310
2024-04-21T08:46:43.835 INFO:teuthology.orchestra.run.smithi103.stdout:/usr/bin/ceph: stderr
2024-04-21T08:46:42.916+0000 7f1c1546d700 1 --2- >> [v2:172.21.15.103:3300/0,v1:172.21.15.103:6789/0] conn(0x7f1c10108310 0x7f1c1019c210 unknown :-1 s=BANNER_CONNECTING pgs=0 cs=0 l=1 rev1=0 crypto rx=0 tx=0 comp rx=0 tx=0)._handle_peer_banner_payload supported=3 required=0
2024-04-21T08:46:43.836 INFO:teuthology.orchestra.run.smithi103.stdout:/usr/bin/ceph: stderr
2024-04-21T08:46:42.916+0000 7f1c1546d700 1 --2- >> [v2:172.21.15.103:3300/0,v1:172.21.15.103:6789/0] conn(0x7f1c10108310 0x7f1c1019c210 unknown :-1 s=HELLO_CONNECTING pgs=0 cs=0 l=1 rev1=1 crypto rx=0 tx=0 comp rx=0 tx=0).handle_hello peer v2:172.21.15.103:3300/0 says I am v2:172.21.15.103:58212/0 (socket says 172.21.15.103:58212)
2024-04-21T08:46:43.836 INFO:teuthology.orchestra.run.smithi103.stdout:/usr/bin/ceph: stderr
2024-04-21T08:46:42.916+0000 7f1c1546d700 1 -- 172.21.15.103:0/169937498 learned_addr learned my addr 172.21.15.103:0/169937498 (peer_addr_for_me v2:172.21.15.103:0/0)
2024-04-21T08:46:43.836 INFO:teuthology.orchestra.run.smithi103.stdout:/usr/bin/ceph: stderr
2024-04-21T08:46:42.916+0000 7f1c1546d700 1 -- 172.21.15.103:0/169937498 --> [v2:172.21.15.103:3300/0,v1:172.21.15.103:6789/0] -- mon_subscribe({config=0+,monmap=0+}) -- 0x7f1c1019c750 con 0x7f1c10108310
2024-04-21T08:46:43.836 INFO:teuthology.orchestra.run.smithi103.stdout:/usr/bin/ceph: stderr
2024-04-21T08:46:42.917+0000 7f1c1546d700 1 --2- 172.21.15.103:0/169937498 >> [v2:172.21.15.103:3300/0,v1:172.21.15.103:6789/0] conn(0x7f1c10108310 0x7f1c1019c210 secure :-1 s=READY pgs=77 cs=0 l=1 rev1=1 crypto rx=0x7f1c00000c00 tx=0x7f1c00011aa0 comp rx=0 tx=0).ready entity=mon.0 client_cookie=0 server_cookie=0 in_seq=0 out_seq=0
2024-04-21T08:46:43.836 INFO:teuthology.orchestra.run.smithi103.stdout:/usr/bin/ceph: stderr
2024-04-21T08:46:42.917+0000 7f1c067fc700 1 -- 172.21.15.103:0/169937498 <== mon.0 v2:172.21.15.103:3300/0 1 ==== mon_map magic: 0 ==== 205+0+0 (secure 0 0 0) 0x7f1c00003aa0 con 0x7f1c10108310
2024-04-21T08:46:43.836 INFO:teuthology.orchestra.run.smithi103.stdout:/usr/bin/ceph: stderr
2024-04-21T08:46:42.917+0000 7f1c067fc700 1 -- 172.21.15.103:0/169937498 <== mon.0 v2:172.21.15.103:3300/0 2 ==== config(26 keys) ==== 1101+0+0 (secure 0 0 0) 0x7f1c0001b8f0 con 0x7f1c10108310
2024-04-21T08:46:43.836 INFO:teuthology.orchestra.run.smithi103.stdout:/usr/bin/ceph: stderr
2024-04-21T08:46:42.917+0000 7f1c067fc700 1 -- 172.21.15.103:0/169937498 <== mon.0 v2:172.21.15.103:3300/0 3 ==== mon_map magic: 0 ==== 205+0+0 (secure 0 0 0) 0x7f1c00023890 con 0x7f1c10108310
2024-04-21T08:46:43.836 INFO:teuthology.orchestra.run.smithi103.stdout:/usr/bin/ceph: stderr
2024-04-21T08:46:42.917+0000 7f1c176d1700 1 -- 172.21.15.103:0/169937498 --> [v2:172.21.15.103:3300/0,v1:172.21.15.103:6789/0] -- mon_subscribe({mgrmap=0+}) -- 0x7f1c1019c9e0 con 0x7f1c10108310
2024-04-21T08:46:43.836 INFO:teuthology.orchestra.run.smithi103.stdout:/usr/bin/ceph: stderr
2024-04-21T08:46:42.917+0000 7f1c176d1700 1 -- 172.21.15.103:0/169937498 --> [v2:172.21.15.103:3300/0,v1:172.21.15.103:6789/0] -- mon_subscribe({osdmap=0}) -- 0x7f1c1019f6d0 con 0x7f1c10108310
2024-04-21T08:46:43.836 INFO:teuthology.orchestra.run.smithi103.stdout:/usr/bin/ceph: stderr
2024-04-21T08:46:42.918+0000 7f1c067fc700 1 -- 172.21.15.103:0/169937498 <== mon.0 v2:172.21.15.103:3300/0 4 ==== mgrmap(e 13) ==== 46615+0+0 (secure 0 0 0) 0x7f1c0002c3f0 con 0x7f1c10108310
2024-04-21T08:46:43.836 INFO:teuthology.orchestra.run.smithi103.stdout:/usr/bin/ceph: stderr
2024-04-21T08:46:42.918+0000 7f1c176d1700 1 -- 172.21.15.103:0/169937498 --> [v2:172.21.15.103:3300/0,v1:172.21.15.103:6789/0] -- mon_command({"prefix": "get_command_descriptions"} v 0) -- 0x7f1c100640a0 con 0x7f1c10108310
2024-04-21T08:46:43.836 INFO:teuthology.orchestra.run.smithi103.stdout:/usr/bin/ceph: stderr
2024-04-21T08:46:42.918+0000 7f1c067fc700 1 --2- 172.21.15.103:0/169937498 >> [v2:172.21.15.103:6800/651685468,v1:172.21.15.103:6801/651685468] conn(0x7f1bfc0396a0 0x7f1bfc03bb60 unknown :-1 s=NONE pgs=0 cs=0 l=1 rev1=0 crypto rx=0 tx=0 comp rx=0 tx=0).connect
2024-04-21T08:46:43.837 INFO:teuthology.orchestra.run.smithi103.stdout:/usr/bin/ceph: stderr
2024-04-21T08:46:42.918+0000 7f1c067fc700 1 -- 172.21.15.103:0/169937498 <== mon.0 v2:172.21.15.103:3300/0 5 ==== osd_map(3..3 src has 1..3) ==== 1155+0+0 (secure 0 0 0) 0x7f1c0004e1e0 con 0x7f1c10108310
2024-04-21T08:46:43.837 INFO:teuthology.orchestra.run.smithi103.stdout:/usr/bin/ceph: stderr
2024-04-21T08:46:42.918+0000 7f1c14c6c700 1 --2- 172.21.15.103:0/169937498 >> [v2:172.21.15.103:6800/651685468,v1:172.21.15.103:6801/651685468] conn(0x7f1bfc0396a0 0x7f1bfc03bb60 unknown :-1 s=BANNER_CONNECTING pgs=0 cs=0 l=1 rev1=0 crypto rx=0 tx=0 comp rx=0 tx=0)._handle_peer_banner_payload supported=3 required=0
2024-04-21T08:46:43.837 INFO:teuthology.orchestra.run.smithi103.stdout:/usr/bin/ceph: stderr
2024-04-21T08:46:42.918+0000 7f1c14c6c700 1 --2- 172.21.15.103:0/169937498 >> [v2:172.21.15.103:6800/651685468,v1:172.21.15.103:6801/651685468] conn(0x7f1bfc0396a0 0x7f1bfc03bb60 secure :-1 s=READY pgs=11 cs=0 l=1 rev1=1 crypto rx=0x7f1c0c006fd0 tx=0x7f1c0c006e40 comp rx=0 tx=0).ready entity=mgr.14150 client_cookie=0 server_cookie=0 in_seq=0 out_seq=0
2024-04-21T08:46:43.837 INFO:teuthology.orchestra.run.smithi103.stdout:/usr/bin/ceph: stderr
2024-04-21T08:46:42.923+0000 7f1c067fc700 1 -- 172.21.15.103:0/169937498 <== mon.0 v2:172.21.15.103:3300/0 6 ==== mon_command_ack([{"prefix": "get_command_descriptions"}]=0 v0) ==== 72+0+188370 (secure 0 0 0) 0x7f1c0001f030 con 0x7f1c10108310
2024-04-21T08:46:43.837 INFO:teuthology.orchestra.run.smithi103.stdout:/usr/bin/ceph: stderr
2024-04-21T08:46:43.230+0000 7f1c176d1700 1 -- 172.21.15.103:0/169937498 --> [v2:172.21.15.103:3300/0,v1:172.21.15.103:6789/0] -- mon_command([{prefix=config-key set, key=mgr/dashboard/cluster/status}] v 0) -- 0x7f1c1019fcc0 con 0x7f1c10108310
2024-04-21T08:46:43.837 INFO:teuthology.orchestra.run.smithi103.stdout:/usr/bin/ceph: stderr
2024-04-21T08:46:43.233+0000 7f1c067fc700 1 -- 172.21.15.103:0/169937498 <== mon.0 v2:172.21.15.103:3300/0 7 ==== mon_command_ack([{prefix=config-key set, key=mgr/dashboard/cluster/status}]=0 set mgr/dashboard/cluster/status v28)=0 set mgr/dashboard/cluster/status v28) ==== 153+0+0 (secure 0 0 0) 0x7f1c000105e0 con 0x7f1c10108310
2024-04-21T08:46:43.837 INFO:teuthology.orchestra.run.smithi103.stdout:/usr/bin/ceph: stderr
2024-04-21T08:46:43.235+0000 7f1c176d1700 1 -- 172.21.15.103:0/169937498 >> [v2:172.21.15.103:6800/651685468,v1:172.21.15.103:6801/651685468] conn(0x7f1bfc0396a0 msgr2=0x7f1bfc03bb60 secure :-1 s=STATE_CONNECTION_ESTABLISHED l=1).mark_down
2024-04-21T08:46:43.837 INFO:teuthology.orchestra.run.smithi103.stdout:/usr/bin/ceph: stderr
2024-04-21T08:46:43.235+0000 7f1c176d1700 1 --2- 172.21.15.103:0/169937498 >> [v2:172.21.15.103:6800/651685468,v1:172.21.15.103:6801/651685468] conn(0x7f1bfc0396a0 0x7f1bfc03bb60 secure :-1 s=READY pgs=11 cs=0 l=1 rev1=1 crypto rx=0x7f1c0c006fd0 tx=0x7f1c0c006e40 comp rx=0 tx=0).stop
2024-04-21T08:46:43.837 INFO:teuthology.orchestra.run.smithi103.stdout:/usr/bin/ceph: stderr
2024-04-21T08:46:43.235+0000 7f1c176d1700 1 -- 172.21.15.103:0/169937498 >> [v2:172.21.15.103:3300/0,v1:172.21.15.103:6789/0] conn(0x7f1c10108310 msgr2=0x7f1c1019c210 secure :-1 s=STATE_CONNECTION_ESTABLISHED l=1).mark_down
2024-04-21T08:46:43.837 INFO:teuthology.orchestra.run.smithi103.stdout:/usr/bin/ceph: stderr
2024-04-21T08:46:43.235+0000 7f1c176d1700 1 --2- 172.21.15.103:0/169937498 >> [v2:172.21.15.103:3300/0,v1:172.21.15.103:6789/0] conn(0x7f1c10108310 0x7f1c1019c210 secure :-1 s=READY pgs=77 cs=0 l=1 rev1=1 crypto rx=0x7f1c00000c00 tx=0x7f1c00011aa0 comp rx=0 tx=0).stop
2024-04-21T08:46:43.837 INFO:teuthology.orchestra.run.smithi103.stdout:/usr/bin/ceph: stderr
2024-04-21T08:46:43.235+0000 7f1c176d1700 1 -- 172.21.15.103:0/169937498 shutdown_connections
2024-04-21T08:46:43.837 INFO:teuthology.orchestra.run.smithi103.stdout:/usr/bin/ceph: stderr
2024-04-21T08:46:43.235+0000 7f1c176d1700 1 --2- 172.21.15.103:0/169937498 >> [v2:172.21.15.103:6800/651685468,v1:172.21.15.103:6801/651685468] conn(0x7f1bfc0396a0 0x7f1bfc03bb60 unknown :-1 s=CLOSED pgs=11 cs=0 l=1 rev1=1 crypto rx=0 tx=0 comp rx=0 tx=0).stop
2024-04-21T08:46:43.837 INFO:teuthology.orchestra.run.smithi103.stdout:/usr/bin/ceph: stderr
2024-04-21T08:46:43.235+0000 7f1c176d1700 1 --2- 172.21.15.103:0/169937498 >> [v2:172.21.15.103:3300/0,v1:172.21.15.103:6789/0] conn(0x7f1c10108310 0x7f1c1019c210 unknown :-1 s=CLOSED pgs=77 cs=0 l=1 rev1=1 crypto rx=0 tx=0 comp rx=0 tx=0).stop
2024-04-21T08:46:43.838 INFO:teuthology.orchestra.run.smithi103.stdout:/usr/bin/ceph: stderr
2024-04-21T08:46:43.235+0000 7f1c176d1700 1 -- 172.21.15.103:0/169937498 >> 172.21.15.103:0/169937498 conn(0x7f1c10103930 msgr2=0x7f1c10104490 unknown :-1 s=STATE_NONE l=0).mark_down
2024-04-21T08:46:43.838 INFO:teuthology.orchestra.run.smithi103.stdout:/usr/bin/ceph: stderr
2024-04-21T08:46:43.235+0000 7f1c176d1700 1 -- 172.21.15.103:0/169937498 shutdown_connections
2024-04-21T08:46:43.838 INFO:teuthology.orchestra.run.smithi103.stdout:/usr/bin/ceph: stderr
2024-04-21T08:46:43.235+0000 7f1c176d1700 1 -- 172.21.15.103:0/169937498 wait complete.
2024-04-21T08:46:43.838 INFO:teuthology.orchestra.run.smithi103.stdout:/usr/bin/ceph: stderr set mgr/dashboard/cluster/status
2024-04-21T08:46:43.838 INFO:teuthology.orchestra.run.smithi103.stdout:You can access the Ceph CLI as following in case of multi-cluster or non-default config:
2024-04-21T08:46:43.838 INFO:teuthology.orchestra.run.smithi103.stdout:
2024-04-21T08:46:43.838 INFO:teuthology.orchestra.run.smithi103.stdout: sudo /home/ubuntu/cephtest/cephadm shell --fsid 66532cb4-ffbb-11ee-bc93-c7b262605968 -c /etc/ceph/ceph.conf -k /etc/ceph/ceph.client.admin.keyring
2024-04-21T08:46:43.838 INFO:teuthology.orchestra.run.smithi103.stdout:
2024-04-21T08:46:43.838 INFO:teuthology.orchestra.run.smithi103.stdout:Or, if you are only running a single cluster on this host:
2024-04-21T08:46:43.838 INFO:teuthology.orchestra.run.smithi103.stdout:
2024-04-21T08:46:43.838 INFO:teuthology.orchestra.run.smithi103.stdout: sudo /home/ubuntu/cephtest/cephadm shell
2024-04-21T08:46:43.838 INFO:teuthology.orchestra.run.smithi103.stdout:
2024-04-21T08:46:43.838 INFO:teuthology.orchestra.run.smithi103.stdout:Please consider enabling telemetry to help improve Ceph:
2024-04-21T08:46:43.839 INFO:teuthology.orchestra.run.smithi103.stdout:
2024-04-21T08:46:43.839 INFO:teuthology.orchestra.run.smithi103.stdout: ceph telemetry on
2024-04-21T08:46:43.839 INFO:teuthology.orchestra.run.smithi103.stdout:
2024-04-21T08:46:43.839 INFO:teuthology.orchestra.run.smithi103.stdout:For more information see:
2024-04-21T08:46:43.839 INFO:teuthology.orchestra.run.smithi103.stdout:
2024-04-21T08:46:43.839 INFO:teuthology.orchestra.run.smithi103.stdout: https://docs.ceph.com/en/latest/mgr/telemetry/
2024-04-21T08:46:43.839 INFO:teuthology.orchestra.run.smithi103.stdout:
2024-04-21T08:46:43.839 INFO:teuthology.orchestra.run.smithi103.stdout:Bootstrap complete.
2024-04-21T08:46:43.870 INFO:tasks.cephadm:Fetching config...
2024-04-21T08:46:43.870 DEBUG:teuthology.orchestra.run.smithi103:> set -ex
2024-04-21T08:46:43.870 DEBUG:teuthology.orchestra.run.smithi103:> dd if=/etc/ceph/ceph.conf of=/dev/stdout
2024-04-21T08:46:43.885 INFO:tasks.cephadm:Fetching client.admin keyring...
2024-04-21T08:46:43.886 DEBUG:teuthology.orchestra.run.smithi103:> set -ex
2024-04-21T08:46:43.886 DEBUG:teuthology.orchestra.run.smithi103:> dd if=/etc/ceph/ceph.client.admin.keyring of=/dev/stdout
2024-04-21T08:46:43.941 INFO:tasks.cephadm:Fetching mon keyring...
2024-04-21T08:46:43.941 DEBUG:teuthology.orchestra.run.smithi103:> set -ex
2024-04-21T08:46:43.941 DEBUG:teuthology.orchestra.run.smithi103:> sudo dd if=/var/lib/ceph/66532cb4-ffbb-11ee-bc93-c7b262605968/mon.a/keyring of=/dev/stdout
2024-04-21T08:46:44.004 INFO:tasks.cephadm:Fetching pub ssh key...
2024-04-21T08:46:44.004 DEBUG:teuthology.orchestra.run.smithi103:> set -ex
2024-04-21T08:46:44.004 DEBUG:teuthology.orchestra.run.smithi103:> dd if=/home/ubuntu/cephtest/ceph.pub of=/dev/stdout
2024-04-21T08:46:44.060 INFO:tasks.cephadm:Installing pub ssh key for root users...
2024-04-21T08:46:44.060 DEBUG:teuthology.orchestra.run.smithi103:> sudo install -d -m 0700 /root/.ssh && echo 'ssh-rsa AAAAB3NzaC1yc2EAAAADAQABAAABgQCgEhw/3heVTdvGoNUL4N0QXaW9Azo/VaXosLWClHKq3sr7F5AO3sjV8On85Uh5Oh1ZS66DsGJzzdntVXTgO3J9HcobNsUqM15O7Q7TkFQc3b67ndLrvKRtxzZwc5uIfHTZpVQ0FQKUM/NNwVqT0au17oJaEQtQknRmB0gva9C1PHETY6/RTJArZarIsygYP0g6IBN/FU4FUsv0FJzTsISKpMgxi3jz3k5R4IKzE5CFswxuQAs65MUMAViTDSTaF7m+8M1Kht4AQhF1fVuD9ZTI8W6WMA4SRzENDpubQoahWK9xzR4M2wDmjtJWnuOKtWCa3l+qcypRCf78xeCn5k45BzI3cZdTqF04JF8tvCPxveQNFk6LgqXG4VdLenIsLeZJBy0YgQuLMMfvziQ3xxOhNyi21Ch4A5oSohZK0Kukm58GAp43HezR82GmPhzlEzBp7QgSWbSx3dglZOsRKab53uhLa3bjmLhEHKDzZRg3STAjECIWMpML8/2HyT+mRWk= ceph-66532cb4-ffbb-11ee-bc93-c7b262605968' | sudo tee -a /root/.ssh/authorized_keys && sudo chmod 0600 /root/.ssh/authorized_keys
2024-04-21T08:46:44.131 INFO:teuthology.orchestra.run.smithi103.stdout:ssh-rsa AAAAB3NzaC1yc2EAAAADAQABAAABgQCgEhw/3heVTdvGoNUL4N0QXaW9Azo/VaXosLWClHKq3sr7F5AO3sjV8On85Uh5Oh1ZS66DsGJzzdntVXTgO3J9HcobNsUqM15O7Q7TkFQc3b67ndLrvKRtxzZwc5uIfHTZpVQ0FQKUM/NNwVqT0au17oJaEQtQknRmB0gva9C1PHETY6/RTJArZarIsygYP0g6IBN/FU4FUsv0FJzTsISKpMgxi3jz3k5R4IKzE5CFswxuQAs65MUMAViTDSTaF7m+8M1Kht4AQhF1fVuD9ZTI8W6WMA4SRzENDpubQoahWK9xzR4M2wDmjtJWnuOKtWCa3l+qcypRCf78xeCn5k45BzI3cZdTqF04JF8tvCPxveQNFk6LgqXG4VdLenIsLeZJBy0YgQuLMMfvziQ3xxOhNyi21Ch4A5oSohZK0Kukm58GAp43HezR82GmPhzlEzBp7QgSWbSx3dglZOsRKab53uhLa3bjmLhEHKDzZRg3STAjECIWMpML8/2HyT+mRWk= ceph-66532cb4-ffbb-11ee-bc93-c7b262605968
2024-04-21T08:46:44.142 DEBUG:teuthology.orchestra.run.smithi177:> sudo install -d -m 0700 /root/.ssh && echo 'ssh-rsa AAAAB3NzaC1yc2EAAAADAQABAAABgQCgEhw/3heVTdvGoNUL4N0QXaW9Azo/VaXosLWClHKq3sr7F5AO3sjV8On85Uh5Oh1ZS66DsGJzzdntVXTgO3J9HcobNsUqM15O7Q7TkFQc3b67ndLrvKRtxzZwc5uIfHTZpVQ0FQKUM/NNwVqT0au17oJaEQtQknRmB0gva9C1PHETY6/RTJArZarIsygYP0g6IBN/FU4FUsv0FJzTsISKpMgxi3jz3k5R4IKzE5CFswxuQAs65MUMAViTDSTaF7m+8M1Kht4AQhF1fVuD9ZTI8W6WMA4SRzENDpubQoahWK9xzR4M2wDmjtJWnuOKtWCa3l+qcypRCf78xeCn5k45BzI3cZdTqF04JF8tvCPxveQNFk6LgqXG4VdLenIsLeZJBy0YgQuLMMfvziQ3xxOhNyi21Ch4A5oSohZK0Kukm58GAp43HezR82GmPhzlEzBp7QgSWbSx3dglZOsRKab53uhLa3bjmLhEHKDzZRg3STAjECIWMpML8/2HyT+mRWk= ceph-66532cb4-ffbb-11ee-bc93-c7b262605968' | sudo tee -a /root/.ssh/authorized_keys && sudo chmod 0600 /root/.ssh/authorized_keys
2024-04-21T08:46:44.180 INFO:teuthology.orchestra.run.smithi177.stdout:ssh-rsa AAAAB3NzaC1yc2EAAAADAQABAAABgQCgEhw/3heVTdvGoNUL4N0QXaW9Azo/VaXosLWClHKq3sr7F5AO3sjV8On85Uh5Oh1ZS66DsGJzzdntVXTgO3J9HcobNsUqM15O7Q7TkFQc3b67ndLrvKRtxzZwc5uIfHTZpVQ0FQKUM/NNwVqT0au17oJaEQtQknRmB0gva9C1PHETY6/RTJArZarIsygYP0g6IBN/FU4FUsv0FJzTsISKpMgxi3jz3k5R4IKzE5CFswxuQAs65MUMAViTDSTaF7m+8M1Kht4AQhF1fVuD9ZTI8W6WMA4SRzENDpubQoahWK9xzR4M2wDmjtJWnuOKtWCa3l+qcypRCf78xeCn5k45BzI3cZdTqF04JF8tvCPxveQNFk6LgqXG4VdLenIsLeZJBy0YgQuLMMfvziQ3xxOhNyi21Ch4A5oSohZK0Kukm58GAp43HezR82GmPhzlEzBp7QgSWbSx3dglZOsRKab53uhLa3bjmLhEHKDzZRg3STAjECIWMpML8/2HyT+mRWk= ceph-66532cb4-ffbb-11ee-bc93-c7b262605968
2024-04-21T08:46:44.192 DEBUG:teuthology.orchestra.run.smithi204:> sudo install -d -m 0700 /root/.ssh && echo 'ssh-rsa AAAAB3NzaC1yc2EAAAADAQABAAABgQCgEhw/3heVTdvGoNUL4N0QXaW9Azo/VaXosLWClHKq3sr7F5AO3sjV8On85Uh5Oh1ZS66DsGJzzdntVXTgO3J9HcobNsUqM15O7Q7TkFQc3b67ndLrvKRtxzZwc5uIfHTZpVQ0FQKUM/NNwVqT0au17oJaEQtQknRmB0gva9C1PHETY6/RTJArZarIsygYP0g6IBN/FU4FUsv0FJzTsISKpMgxi3jz3k5R4IKzE5CFswxuQAs65MUMAViTDSTaF7m+8M1Kht4AQhF1fVuD9ZTI8W6WMA4SRzENDpubQoahWK9xzR4M2wDmjtJWnuOKtWCa3l+qcypRCf78xeCn5k45BzI3cZdTqF04JF8tvCPxveQNFk6LgqXG4VdLenIsLeZJBy0YgQuLMMfvziQ3xxOhNyi21Ch4A5oSohZK0Kukm58GAp43HezR82GmPhzlEzBp7QgSWbSx3dglZOsRKab53uhLa3bjmLhEHKDzZRg3STAjECIWMpML8/2HyT+mRWk= ceph-66532cb4-ffbb-11ee-bc93-c7b262605968' | sudo tee -a /root/.ssh/authorized_keys && sudo chmod 0600 /root/.ssh/authorized_keys
2024-04-21T08:46:44.231 INFO:teuthology.orchestra.run.smithi204.stdout:ssh-rsa AAAAB3NzaC1yc2EAAAADAQABAAABgQCgEhw/3heVTdvGoNUL4N0QXaW9Azo/VaXosLWClHKq3sr7F5AO3sjV8On85Uh5Oh1ZS66DsGJzzdntVXTgO3J9HcobNsUqM15O7Q7TkFQc3b67ndLrvKRtxzZwc5uIfHTZpVQ0FQKUM/NNwVqT0au17oJaEQtQknRmB0gva9C1PHETY6/RTJArZarIsygYP0g6IBN/FU4FUsv0FJzTsISKpMgxi3jz3k5R4IKzE5CFswxuQAs65MUMAViTDSTaF7m+8M1Kht4AQhF1fVuD9ZTI8W6WMA4SRzENDpubQoahWK9xzR4M2wDmjtJWnuOKtWCa3l+qcypRCf78xeCn5k45BzI3cZdTqF04JF8tvCPxveQNFk6LgqXG4VdLenIsLeZJBy0YgQuLMMfvziQ3xxOhNyi21Ch4A5oSohZK0Kukm58GAp43HezR82GmPhzlEzBp7QgSWbSx3dglZOsRKab53uhLa3bjmLhEHKDzZRg3STAjECIWMpML8/2HyT+mRWk= ceph-66532cb4-ffbb-11ee-bc93-c7b262605968
2024-04-21T08:46:44.243 DEBUG:teuthology.orchestra.run.smithi103:> sudo /home/ubuntu/cephtest/cephadm --image quay-quay-quay.apps.os.sepia.ceph.com/ceph-ci/ceph:a630765c1f93c6e61d9b40c4b76437611d5ef29e shell -c /etc/ceph/ceph.conf -k /etc/ceph/ceph.client.admin.keyring --fsid 66532cb4-ffbb-11ee-bc93-c7b262605968 -- ceph config set mgr mgr/cephadm/allow_ptrace true
2024-04-21T08:46:44.264 INFO:journalctl@ceph.mon.a.smithi103.stdout:Apr 21 08:46:44 smithi103 ceph-mon[27953]: from='client.? 172.21.15.103:0/169937498' entity='client.admin'
2024-04-21T08:46:44.487 INFO:teuthology.orchestra.run.smithi103.stderr:Inferring config /var/lib/ceph/66532cb4-ffbb-11ee-bc93-c7b262605968/mon.a/config
2024-04-21T08:46:46.983 INFO:teuthology.orchestra.run.smithi103.stderr:2024-04-21T08:46:46.981+0000 7f73b1588700 1 -- 172.21.15.103:0/1013419623 >> [v2:172.21.15.103:3300/0,v1:172.21.15.103:6789/0] conn(0x7f73ac1013b0 msgr2=0x7f73ac1017d0 secure :-1 s=STATE_CONNECTION_ESTABLISHED l=1).mark_down
2024-04-21T08:46:46.984 INFO:teuthology.orchestra.run.smithi103.stderr:2024-04-21T08:46:46.981+0000 7f73b1588700 1 --2- 172.21.15.103:0/1013419623 >> [v2:172.21.15.103:3300/0,v1:172.21.15.103:6789/0] conn(0x7f73ac1013b0 0x7f73ac1017d0 secure :-1 s=READY pgs=78 cs=0 l=1 rev1=1 crypto rx=0x7f7394009910 tx=0x7f7394009c20 comp rx=0 tx=0).stop
2024-04-21T08:46:46.984 INFO:teuthology.orchestra.run.smithi103.stderr:2024-04-21T08:46:46.982+0000 7f73b1588700 1 -- 172.21.15.103:0/1013419623 shutdown_connections
2024-04-21T08:46:46.984 INFO:teuthology.orchestra.run.smithi103.stderr:2024-04-21T08:46:46.982+0000 7f73b1588700 1 --2- 172.21.15.103:0/1013419623 >> [v2:172.21.15.103:3300/0,v1:172.21.15.103:6789/0] conn(0x7f73ac1013b0 0x7f73ac1017d0 unknown :-1 s=CLOSED pgs=78 cs=0 l=1 rev1=1 crypto rx=0 tx=0 comp rx=0 tx=0).stop
2024-04-21T08:46:46.984 INFO:teuthology.orchestra.run.smithi103.stderr:2024-04-21T08:46:46.982+0000 7f73b1588700 1 -- 172.21.15.103:0/1013419623 >> 172.21.15.103:0/1013419623 conn(0x7f73ac0fc950 msgr2=0x7f73ac0fed90 unknown :-1 s=STATE_NONE l=0).mark_down
2024-04-21T08:46:46.984 INFO:teuthology.orchestra.run.smithi103.stderr:2024-04-21T08:46:46.982+0000 7f73b1588700 1 -- 172.21.15.103:0/1013419623 shutdown_connections
2024-04-21T08:46:46.984 INFO:teuthology.orchestra.run.smithi103.stderr:2024-04-21T08:46:46.982+0000 7f73b1588700 1 -- 172.21.15.103:0/1013419623 wait complete.
2024-04-21T08:46:46.984 INFO:teuthology.orchestra.run.smithi103.stderr:2024-04-21T08:46:46.982+0000 7f73b1588700 1 Processor -- start
2024-04-21T08:46:46.984 INFO:teuthology.orchestra.run.smithi103.stderr:2024-04-21T08:46:46.982+0000 7f73b1588700 1 -- start start
2024-04-21T08:46:46.984 INFO:teuthology.orchestra.run.smithi103.stderr:2024-04-21T08:46:46.983+0000 7f73b1588700 1 --2- >> [v2:172.21.15.103:3300/0,v1:172.21.15.103:6789/0] conn(0x7f73ac1013b0 0x7f73ac1969c0 unknown :-1 s=NONE pgs=0 cs=0 l=1 rev1=0 crypto rx=0 tx=0 comp rx=0 tx=0).connect
2024-04-21T08:46:46.984 INFO:teuthology.orchestra.run.smithi103.stderr:2024-04-21T08:46:46.983+0000 7f73b1588700 1 -- --> [v2:172.21.15.103:3300/0,v1:172.21.15.103:6789/0] -- mon_getmap magic: 0 -- 0x7f73ac1072f0 con 0x7f73ac1013b0
2024-04-21T08:46:46.984 INFO:teuthology.orchestra.run.smithi103.stderr:2024-04-21T08:46:46.983+0000 7f73aaffd700 1 --2- >> [v2:172.21.15.103:3300/0,v1:172.21.15.103:6789/0] conn(0x7f73ac1013b0 0x7f73ac1969c0 unknown :-1 s=BANNER_CONNECTING pgs=0 cs=0 l=1 rev1=0 crypto rx=0 tx=0 comp rx=0 tx=0)._handle_peer_banner_payload supported=3 required=0
2024-04-21T08:46:46.984 INFO:teuthology.orchestra.run.smithi103.stderr:2024-04-21T08:46:46.983+0000 7f73aaffd700 1 --2- >> [v2:172.21.15.103:3300/0,v1:172.21.15.103:6789/0] conn(0x7f73ac1013b0 0x7f73ac1969c0 unknown :-1 s=HELLO_CONNECTING pgs=0 cs=0 l=1 rev1=1 crypto rx=0 tx=0 comp rx=0 tx=0).handle_hello peer v2:172.21.15.103:3300/0 says I am v2:172.21.15.103:57746/0 (socket says 172.21.15.103:57746)
2024-04-21T08:46:46.985 INFO:teuthology.orchestra.run.smithi103.stderr:2024-04-21T08:46:46.983+0000 7f73aaffd700 1 -- 172.21.15.103:0/905388291 learned_addr learned my addr 172.21.15.103:0/905388291 (peer_addr_for_me v2:172.21.15.103:0/0)
2024-04-21T08:46:46.985 INFO:teuthology.orchestra.run.smithi103.stderr:2024-04-21T08:46:46.983+0000 7f73aaffd700 1 -- 172.21.15.103:0/905388291 --> [v2:172.21.15.103:3300/0,v1:172.21.15.103:6789/0] -- mon_subscribe({config=0+,monmap=0+}) -- 0x7f73ac196f00 con 0x7f73ac1013b0
2024-04-21T08:46:46.985 INFO:teuthology.orchestra.run.smithi103.stderr:2024-04-21T08:46:46.983+0000 7f73aaffd700 1 --2- 172.21.15.103:0/905388291 >> [v2:172.21.15.103:3300/0,v1:172.21.15.103:6789/0] conn(0x7f73ac1013b0 0x7f73ac1969c0 secure :-1 s=READY pgs=79 cs=0 l=1 rev1=1 crypto rx=0x7f7394005800 tx=0x7f7394009f60 comp rx=0 tx=0).ready entity=mon.0 client_cookie=0 server_cookie=0 in_seq=0 out_seq=0
2024-04-21T08:46:46.985 INFO:teuthology.orchestra.run.smithi103.stderr:2024-04-21T08:46:46.983+0000 7f73a3fff700 1 -- 172.21.15.103:0/905388291 <== mon.0 v2:172.21.15.103:3300/0 1 ==== mon_map magic: 0 ==== 205+0+0 (secure 0 0 0) 0x7f7394027070 con 0x7f73ac1013b0
2024-04-21T08:46:46.985 INFO:teuthology.orchestra.run.smithi103.stderr:2024-04-21T08:46:46.983+0000 7f73a3fff700 1 -- 172.21.15.103:0/905388291 <== mon.0 v2:172.21.15.103:3300/0 2 ==== config(26 keys) ==== 1101+0+0 (secure 0 0 0) 0x7f739400be10 con 0x7f73ac1013b0
2024-04-21T08:46:46.985 INFO:teuthology.orchestra.run.smithi103.stderr:2024-04-21T08:46:46.983+0000 7f73a3fff700 1 -- 172.21.15.103:0/905388291 <== mon.0 v2:172.21.15.103:3300/0 3 ==== mon_map magic: 0 ==== 205+0+0 (secure 0 0 0) 0x7f739400f460 con 0x7f73ac1013b0
2024-04-21T08:46:46.985 INFO:teuthology.orchestra.run.smithi103.stderr:2024-04-21T08:46:46.983+0000 7f73b1588700 1 -- 172.21.15.103:0/905388291 --> [v2:172.21.15.103:3300/0,v1:172.21.15.103:6789/0] -- mon_subscribe({mgrmap=0+}) -- 0x7f73ac197190 con 0x7f73ac1013b0
2024-04-21T08:46:46.985 INFO:teuthology.orchestra.run.smithi103.stderr:2024-04-21T08:46:46.983+0000 7f73b1588700 1 -- 172.21.15.103:0/905388291 --> [v2:172.21.15.103:3300/0,v1:172.21.15.103:6789/0] -- mon_subscribe({osdmap=0}) -- 0x7f73ac199e80 con 0x7f73ac1013b0
2024-04-21T08:46:46.986 INFO:teuthology.orchestra.run.smithi103.stderr:2024-04-21T08:46:46.984+0000 7f73a3fff700 1 -- 172.21.15.103:0/905388291 <== mon.0 v2:172.21.15.103:3300/0 4 ==== mgrmap(e 13) ==== 46615+0+0 (secure 0 0 0) 0x7f739402a070 con 0x7f73ac1013b0
2024-04-21T08:46:46.986 INFO:teuthology.orchestra.run.smithi103.stderr:2024-04-21T08:46:46.984+0000 7f73b1588700 1 -- 172.21.15.103:0/905388291 --> [v2:172.21.15.103:3300/0,v1:172.21.15.103:6789/0] -- mon_command({"prefix": "get_command_descriptions"} v 0) -- 0x7f73ac107a70 con 0x7f73ac1013b0
2024-04-21T08:46:46.986 INFO:teuthology.orchestra.run.smithi103.stderr:2024-04-21T08:46:46.984+0000 7f73a3fff700 1 --2- 172.21.15.103:0/905388291 >> [v2:172.21.15.103:6800/651685468,v1:172.21.15.103:6801/651685468] conn(0x7f73980396b0 0x7f739803bb70 unknown :-1 s=NONE pgs=0 cs=0 l=1 rev1=0 crypto rx=0 tx=0 comp rx=0 tx=0).connect
2024-04-21T08:46:46.986 INFO:teuthology.orchestra.run.smithi103.stderr:2024-04-21T08:46:46.984+0000 7f73a3fff700 1 -- 172.21.15.103:0/905388291 <== mon.0 v2:172.21.15.103:3300/0 5 ==== osd_map(3..3 src has 1..3) ==== 1155+0+0 (secure 0 0 0) 0x7f739401e030 con 0x7f73ac1013b0
2024-04-21T08:46:46.986 INFO:teuthology.orchestra.run.smithi103.stderr:2024-04-21T08:46:46.985+0000 7f73aa7fc700 1 --2- 172.21.15.103:0/905388291 >> [v2:172.21.15.103:6800/651685468,v1:172.21.15.103:6801/651685468] conn(0x7f73980396b0 0x7f739803bb70 unknown :-1 s=BANNER_CONNECTING pgs=0 cs=0 l=1 rev1=0 crypto rx=0 tx=0 comp rx=0 tx=0)._handle_peer_banner_payload supported=3 required=0
2024-04-21T08:46:46.986 INFO:teuthology.orchestra.run.smithi103.stderr:2024-04-21T08:46:46.985+0000 7f73aa7fc700 1 --2- 172.21.15.103:0/905388291 >> [v2:172.21.15.103:6800/651685468,v1:172.21.15.103:6801/651685468] conn(0x7f73980396b0 0x7f739803bb70 secure :-1 s=READY pgs=12 cs=0 l=1 rev1=1 crypto rx=0x7f739c006fd0 tx=0x7f739c006e40 comp rx=0 tx=0).ready entity=mgr.14150 client_cookie=0 server_cookie=0 in_seq=0 out_seq=0
2024-04-21T08:46:46.990 INFO:teuthology.orchestra.run.smithi103.stderr:2024-04-21T08:46:46.989+0000 7f73a3fff700 1 -- 172.21.15.103:0/905388291 <== mon.0 v2:172.21.15.103:3300/0 6 ==== mon_command_ack([{"prefix": "get_command_descriptions"}]=0 v0) ==== 72+0+188370 (secure 0 0 0) 0x7f7394013070 con 0x7f73ac1013b0
2024-04-21T08:46:47.195 INFO:teuthology.orchestra.run.smithi103.stderr:2024-04-21T08:46:47.195+0000 7f73b1588700 1 -- 172.21.15.103:0/905388291 --> [v2:172.21.15.103:3300/0,v1:172.21.15.103:6789/0] -- mon_command([{prefix=config set, name=mgr/cephadm/allow_ptrace}] v 0) -- 0x7f73ac02e090 con 0x7f73ac1013b0
2024-04-21T08:46:47.197 INFO:teuthology.orchestra.run.smithi103.stderr:2024-04-21T08:46:47.197+0000 7f73a3fff700 1 -- 172.21.15.103:0/905388291 <== mon.0 v2:172.21.15.103:3300/0 7 ==== mon_command_ack([{prefix=config set, name=mgr/cephadm/allow_ptrace}]=0 v9)=0 v9) ==== 125+0+0 (secure 0 0 0) 0x7f7394031020 con 0x7f73ac1013b0
2024-04-21T08:46:47.200 INFO:teuthology.orchestra.run.smithi103.stderr:2024-04-21T08:46:47.199+0000 7f73b1588700 1 -- 172.21.15.103:0/905388291 >> [v2:172.21.15.103:6800/651685468,v1:172.21.15.103:6801/651685468] conn(0x7f73980396b0 msgr2=0x7f739803bb70 secure :-1 s=STATE_CONNECTION_ESTABLISHED l=1).mark_down
2024-04-21T08:46:47.200 INFO:teuthology.orchestra.run.smithi103.stderr:2024-04-21T08:46:47.199+0000 7f73b1588700 1 --2- 172.21.15.103:0/905388291 >> [v2:172.21.15.103:6800/651685468,v1:172.21.15.103:6801/651685468] conn(0x7f73980396b0 0x7f739803bb70 secure :-1 s=READY pgs=12 cs=0 l=1 rev1=1 crypto rx=0x7f739c006fd0 tx=0x7f739c006e40 comp rx=0 tx=0).stop
2024-04-21T08:46:47.200 INFO:teuthology.orchestra.run.smithi103.stderr:2024-04-21T08:46:47.199+0000 7f73b1588700 1 -- 172.21.15.103:0/905388291 >> [v2:172.21.15.103:3300/0,v1:172.21.15.103:6789/0] conn(0x7f73ac1013b0 msgr2=0x7f73ac1969c0 secure :-1 s=STATE_CONNECTION_ESTABLISHED l=1).mark_down
2024-04-21T08:46:47.200 INFO:teuthology.orchestra.run.smithi103.stderr:2024-04-21T08:46:47.199+0000 7f73b1588700 1 --2- 172.21.15.103:0/905388291 >> [v2:172.21.15.103:3300/0,v1:172.21.15.103:6789/0] conn(0x7f73ac1013b0 0x7f73ac1969c0 secure :-1 s=READY pgs=79 cs=0 l=1 rev1=1 crypto rx=0x7f7394005800 tx=0x7f7394009f60 comp rx=0 tx=0).stop
2024-04-21T08:46:47.200 INFO:teuthology.orchestra.run.smithi103.stderr:2024-04-21T08:46:47.199+0000 7f73b1588700 1 -- 172.21.15.103:0/905388291 shutdown_connections
2024-04-21T08:46:47.200 INFO:teuthology.orchestra.run.smithi103.stderr:2024-04-21T08:46:47.199+0000 7f73b1588700 1 --2- 172.21.15.103:0/905388291 >> [v2:172.21.15.103:6800/651685468,v1:172.21.15.103:6801/651685468] conn(0x7f73980396b0 0x7f739803bb70 unknown :-1 s=CLOSED pgs=12 cs=0 l=1 rev1=1 crypto rx=0 tx=0 comp rx=0 tx=0).stop
2024-04-21T08:46:47.200 INFO:teuthology.orchestra.run.smithi103.stderr:2024-04-21T08:46:47.199+0000 7f73b1588700 1 --2- 172.21.15.103:0/905388291 >> [v2:172.21.15.103:3300/0,v1:172.21.15.103:6789/0] conn(0x7f73ac1013b0 0x7f73ac1969c0 unknown :-1 s=CLOSED pgs=79 cs=0 l=1 rev1=1 crypto rx=0 tx=0 comp rx=0 tx=0).stop
