2024-04-21T08:46:28.831 INFO:journalctl@ceph.mgr.x.smithi103.stdout:Apr 21 08:46:28 smithi103 ceph-66532cb4-ffbb-11ee-bc93-c7b262605968-mgr-x[28181]:
2024-04-21T08:46:28.507+0000 7f2f4790e200 -1 mgr[py] Module influx has missing NOTIFY_TYPES member
2024-04-21T08:46:29.578 INFO:teuthology.orchestra.run.smithi103.stdout:/usr/bin/ceph: stdout {
2024-04-21T08:46:29.578 INFO:teuthology.orchestra.run.smithi103.stdout:/usr/bin/ceph: stdout "epoch": 9,
2024-04-21T08:46:29.578 INFO:teuthology.orchestra.run.smithi103.stdout:/usr/bin/ceph: stdout "available": true,
2024-04-21T08:46:29.578 INFO:teuthology.orchestra.run.smithi103.stdout:/usr/bin/ceph: stdout "active_name": "x",
2024-04-21T08:46:29.578 INFO:teuthology.orchestra.run.smithi103.stdout:/usr/bin/ceph: stdout "num_standby": 0
2024-04-21T08:46:29.578 INFO:teuthology.orchestra.run.smithi103.stdout:/usr/bin/ceph: stdout }
2024-04-21T08:46:29.578 INFO:teuthology.orchestra.run.smithi103.stdout:/usr/bin/ceph: stderr
2024-04-21T08:46:28.676+0000 7fa07a029700 1 Processor -- start
2024-04-21T08:46:29.579 INFO:teuthology.orchestra.run.smithi103.stdout:/usr/bin/ceph: stderr
2024-04-21T08:46:28.676+0000 7fa07a029700 1 -- start start
2024-04-21T08:46:29.579 INFO:teuthology.orchestra.run.smithi103.stdout:/usr/bin/ceph: stderr
2024-04-21T08:46:28.676+0000 7fa07a029700 1 --2- >> [v2:172.21.15.103:3300/0,v1:172.21.15.103:6789/0] conn(0x7fa07407de20 0x7fa07407c320 unknown :-1 s=NONE pgs=0 cs=0 l=0 rev1=0 crypto rx=0 tx=0 comp rx=0 tx=0).connect
2024-04-21T08:46:29.579 INFO:teuthology.orchestra.run.smithi103.stdout:/usr/bin/ceph: stderr
2024-04-21T08:46:28.676+0000 7fa07a029700 1 -- --> [v2:172.21.15.103:3300/0,v1:172.21.15.103:6789/0] -- mon_getmap magic: 0 -- 0x7fa07407c860 con 0x7fa07407de20
2024-04-21T08:46:29.579 INFO:teuthology.orchestra.run.smithi103.stdout:/usr/bin/ceph: stderr
2024-04-21T08:46:28.677+0000 7fa0737fe700 1 --2- >> [v2:172.21.15.103:3300/0,v1:172.21.15.103:6789/0] conn(0x7fa07407de20 0x7fa07407c320 unknown :-1 s=BANNER_CONNECTING pgs=0 cs=0 l=0 rev1=0 crypto rx=0 tx=0 comp rx=0 tx=0)._handle_peer_banner_payload supported=3 required=0
2024-04-21T08:46:29.579 INFO:teuthology.orchestra.run.smithi103.stdout:/usr/bin/ceph: stderr
2024-04-21T08:46:28.677+0000 7fa0737fe700 1 --2- >> [v2:172.21.15.103:3300/0,v1:172.21.15.103:6789/0] conn(0x7fa07407de20 0x7fa07407c320 unknown :-1 s=HELLO_CONNECTING pgs=0 cs=0 l=0 rev1=1 crypto rx=0 tx=0 comp rx=0 tx=0).handle_hello peer v2:172.21.15.103:3300/0 says I am v2:172.21.15.103:58432/0 (socket says 172.21.15.103:58432)
2024-04-21T08:46:29.579 INFO:teuthology.orchestra.run.smithi103.stdout:/usr/bin/ceph: stderr
2024-04-21T08:46:28.677+0000 7fa0737fe700 1 -- 172.21.15.103:0/416580142 learned_addr learned my addr 172.21.15.103:0/416580142 (peer_addr_for_me v2:172.21.15.103:0/0)
2024-04-21T08:46:29.579 INFO:teuthology.orchestra.run.smithi103.stdout:/usr/bin/ceph: stderr
2024-04-21T08:46:28.677+0000 7fa0737fe700 1 -- 172.21.15.103:0/416580142 --> [v2:172.21.15.103:3300/0,v1:172.21.15.103:6789/0] -- mon_subscribe({config=0+,monmap=0+}) -- 0x7fa07407c9e0 con 0x7fa07407de20
2024-04-21T08:46:29.579 INFO:teuthology.orchestra.run.smithi103.stdout:/usr/bin/ceph: stderr
2024-04-21T08:46:28.677+0000 7fa0737fe700 1 --2- 172.21.15.103:0/416580142 >> [v2:172.21.15.103:3300/0,v1:172.21.15.103:6789/0] conn(0x7fa07407de20 0x7fa07407c320 secure :-1 s=READY pgs=57 cs=0 l=1 rev1=1 crypto rx=0x7fa0680098a0 tx=0x7fa068009bb0 comp rx=0 tx=0).ready entity=mon.0 client_cookie=6f0249bf4267c852 server_cookie=0 in_seq=0 out_seq=0
2024-04-21T08:46:29.579 INFO:teuthology.orchestra.run.smithi103.stdout:/usr/bin/ceph: stderr
2024-04-21T08:46:28.677+0000 7fa0727fc700 1 -- 172.21.15.103:0/416580142 <== mon.0 v2:172.21.15.103:3300/0 1 ==== mon_map magic: 0 ==== 205+0+0 (secure 0 0 0) 0x7fa068004160 con 0x7fa07407de20
2024-04-21T08:46:29.579 INFO:teuthology.orchestra.run.smithi103.stdout:/usr/bin/ceph: stderr
2024-04-21T08:46:28.677+0000 7fa0727fc700 1 -- 172.21.15.103:0/416580142 <== mon.0 v2:172.21.15.103:3300/0 2 ==== config(26 keys) ==== 1101+0+0 (secure 0 0 0) 0x7fa068004300 con 0x7fa07407de20
2024-04-21T08:46:29.579 INFO:teuthology.orchestra.run.smithi103.stdout:/usr/bin/ceph: stderr
2024-04-21T08:46:28.677+0000 7fa0727fc700 1 -- 172.21.15.103:0/416580142 <== mon.0 v2:172.21.15.103:3300/0 3 ==== mon_map magic: 0 ==== 205+0+0 (secure 0 0 0) 0x7fa068011a20 con 0x7fa07407de20
2024-04-21T08:46:29.579 INFO:teuthology.orchestra.run.smithi103.stdout:/usr/bin/ceph: stderr
2024-04-21T08:46:28.678+0000 7fa07a029700 1 -- 172.21.15.103:0/416580142 >> [v2:172.21.15.103:3300/0,v1:172.21.15.103:6789/0] conn(0x7fa07407de20 msgr2=0x7fa07407c320 secure :-1 s=STATE_CONNECTION_ESTABLISHED l=1).mark_down
2024-04-21T08:46:29.579 INFO:teuthology.orchestra.run.smithi103.stdout:/usr/bin/ceph: stderr
2024-04-21T08:46:28.678+0000 7fa07a029700 1 --2- 172.21.15.103:0/416580142 >> [v2:172.21.15.103:3300/0,v1:172.21.15.103:6789/0] conn(0x7fa07407de20 0x7fa07407c320 secure :-1 s=READY pgs=57 cs=0 l=1 rev1=1 crypto rx=0x7fa0680098a0 tx=0x7fa068009bb0 comp rx=0 tx=0).stop
2024-04-21T08:46:29.580 INFO:teuthology.orchestra.run.smithi103.stdout:/usr/bin/ceph: stderr
2024-04-21T08:46:28.678+0000 7fa07a029700 1 -- 172.21.15.103:0/416580142 shutdown_connections
2024-04-21T08:46:29.580 INFO:teuthology.orchestra.run.smithi103.stdout:/usr/bin/ceph: stderr
2024-04-21T08:46:28.678+0000 7fa07a029700 1 --2- 172.21.15.103:0/416580142 >> [v2:172.21.15.103:3300/0,v1:172.21.15.103:6789/0] conn(0x7fa07407de20 0x7fa07407c320 unknown :-1 s=CLOSED pgs=57 cs=0 l=1 rev1=1 crypto rx=0 tx=0 comp rx=0 tx=0).stop
2024-04-21T08:46:29.580 INFO:teuthology.orchestra.run.smithi103.stdout:/usr/bin/ceph: stderr
2024-04-21T08:46:28.678+0000 7fa07a029700 1 -- 172.21.15.103:0/416580142 >> 172.21.15.103:0/416580142 conn(0x7fa0741038e0 msgr2=0x7fa074105d40 unknown :-1 s=STATE_NONE l=0).mark_down
2024-04-21T08:46:29.580 INFO:teuthology.orchestra.run.smithi103.stdout:/usr/bin/ceph: stderr
2024-04-21T08:46:28.678+0000 7fa07a029700 1 -- 172.21.15.103:0/416580142 shutdown_connections
2024-04-21T08:46:29.580 INFO:teuthology.orchestra.run.smithi103.stdout:/usr/bin/ceph: stderr
2024-04-21T08:46:28.678+0000 7fa07a029700 1 -- 172.21.15.103:0/416580142 wait complete.
2024-04-21T08:46:29.580 INFO:teuthology.orchestra.run.smithi103.stdout:/usr/bin/ceph: stderr
2024-04-21T08:46:28.679+0000 7fa07a029700 1 Processor -- start
2024-04-21T08:46:29.580 INFO:teuthology.orchestra.run.smithi103.stdout:/usr/bin/ceph: stderr
2024-04-21T08:46:28.679+0000 7fa07a029700 1 -- start start
2024-04-21T08:46:29.580 INFO:teuthology.orchestra.run.smithi103.stdout:/usr/bin/ceph: stderr
2024-04-21T08:46:28.679+0000 7fa07a029700 1 --2- >> [v2:172.21.15.103:3300/0,v1:172.21.15.103:6789/0] conn(0x7fa07407de20 0x7fa07419e3c0 unknown :-1 s=NONE pgs=0 cs=0 l=1 rev1=0 crypto rx=0 tx=0 comp rx=0 tx=0).connect
2024-04-21T08:46:29.580 INFO:teuthology.orchestra.run.smithi103.stdout:/usr/bin/ceph: stderr
2024-04-21T08:46:28.679+0000 7fa07a029700 1 -- --> [v2:172.21.15.103:3300/0,v1:172.21.15.103:6789/0] -- mon_getmap magic: 0 -- 0x7fa07410e860 con 0x7fa07407de20
2024-04-21T08:46:29.580 INFO:teuthology.orchestra.run.smithi103.stdout:/usr/bin/ceph: stderr
2024-04-21T08:46:28.680+0000 7fa0737fe700 1 --2- >> [v2:172.21.15.103:3300/0,v1:172.21.15.103:6789/0] conn(0x7fa07407de20 0x7fa07419e3c0 unknown :-1 s=BANNER_CONNECTING pgs=0 cs=0 l=1 rev1=0 crypto rx=0 tx=0 comp rx=0 tx=0)._handle_peer_banner_payload supported=3 required=0
2024-04-21T08:46:29.580 INFO:teuthology.orchestra.run.smithi103.stdout:/usr/bin/ceph: stderr
2024-04-21T08:46:28.680+0000 7fa0737fe700 1 --2- >> [v2:172.21.15.103:3300/0,v1:172.21.15.103:6789/0] conn(0x7fa07407de20 0x7fa07419e3c0 unknown :-1 s=HELLO_CONNECTING pgs=0 cs=0 l=1 rev1=1 crypto rx=0 tx=0 comp rx=0 tx=0).handle_hello peer v2:172.21.15.103:3300/0 says I am v2:172.21.15.103:58436/0 (socket says 172.21.15.103:58436)
2024-04-21T08:46:29.580 INFO:teuthology.orchestra.run.smithi103.stdout:/usr/bin/ceph: stderr
2024-04-21T08:46:28.680+0000 7fa0737fe700 1 -- 172.21.15.103:0/3945975835 learned_addr learned my addr 172.21.15.103:0/3945975835 (peer_addr_for_me v2:172.21.15.103:0/0)
2024-04-21T08:46:29.580 INFO:teuthology.orchestra.run.smithi103.stdout:/usr/bin/ceph: stderr
2024-04-21T08:46:28.680+0000 7fa0737fe700 1 -- 172.21.15.103:0/3945975835 --> [v2:172.21.15.103:3300/0,v1:172.21.15.103:6789/0] -- mon_subscribe({config=0+,monmap=0+}) -- 0x7fa07419e900 con 0x7fa07407de20
2024-04-21T08:46:29.581 INFO:teuthology.orchestra.run.smithi103.stdout:/usr/bin/ceph: stderr
2024-04-21T08:46:28.680+0000 7fa0737fe700 1 --2- 172.21.15.103:0/3945975835 >> [v2:172.21.15.103:3300/0,v1:172.21.15.103:6789/0] conn(0x7fa07407de20 0x7fa07419e3c0 secure :-1 s=READY pgs=58 cs=0 l=1 rev1=1 crypto rx=0x7fa0680116e0 tx=0x7fa068011aa0 comp rx=0 tx=0).ready entity=mon.0 client_cookie=0 server_cookie=0 in_seq=0 out_seq=0
2024-04-21T08:46:29.581 INFO:teuthology.orchestra.run.smithi103.stdout:/usr/bin/ceph: stderr
2024-04-21T08:46:28.680+0000 7fa070ff9700 1 -- 172.21.15.103:0/3945975835 <== mon.0 v2:172.21.15.103:3300/0 1 ==== mon_map magic: 0 ==== 205+0+0 (secure 0 0 0) 0x7fa068003b20 con 0x7fa07407de20
2024-04-21T08:46:29.581 INFO:teuthology.orchestra.run.smithi103.stdout:/usr/bin/ceph: stderr
2024-04-21T08:46:28.680+0000 7fa070ff9700 1 -- 172.21.15.103:0/3945975835 <== mon.0 v2:172.21.15.103:3300/0 2 ==== config(26 keys) ==== 1101+0+0 (secure 0 0 0) 0x7fa06801b8f0 con 0x7fa07407de20
2024-04-21T08:46:29.581 INFO:teuthology.orchestra.run.smithi103.stdout:/usr/bin/ceph: stderr
2024-04-21T08:46:28.680+0000 7fa07a029700 1 -- 172.21.15.103:0/3945975835 --> [v2:172.21.15.103:3300/0,v1:172.21.15.103:6789/0] -- mon_subscribe({mgrmap=0+}) -- 0x7fa07419eb90 con 0x7fa07407de20
2024-04-21T08:46:29.581 INFO:teuthology.orchestra.run.smithi103.stdout:/usr/bin/ceph: stderr
2024-04-21T08:46:28.680+0000 7fa07a029700 1 -- 172.21.15.103:0/3945975835 --> [v2:172.21.15.103:3300/0,v1:172.21.15.103:6789/0] -- mon_subscribe({osdmap=0}) -- 0x7fa0741a1880 con 0x7fa07407de20
2024-04-21T08:46:29.581 INFO:teuthology.orchestra.run.smithi103.stdout:/usr/bin/ceph: stderr
2024-04-21T08:46:28.680+0000 7fa070ff9700 1 -- 172.21.15.103:0/3945975835 <== mon.0 v2:172.21.15.103:3300/0 3 ==== mon_map magic: 0 ==== 205+0+0 (secure 0 0 0) 0x7fa0680238c0 con 0x7fa07407de20
2024-04-21T08:46:29.581 INFO:teuthology.orchestra.run.smithi103.stdout:/usr/bin/ceph: stderr
2024-04-21T08:46:28.681+0000 7fa070ff9700 1 -- 172.21.15.103:0/3945975835 <== mon.0 v2:172.21.15.103:3300/0 4 ==== mgrmap(e 9) ==== 46571+0+0 (secure 0 0 0) 0x7fa068023b40 con 0x7fa07407de20
2024-04-21T08:46:29.581 INFO:teuthology.orchestra.run.smithi103.stdout:/usr/bin/ceph: stderr
2024-04-21T08:46:28.681+0000 7fa07a029700 1 -- 172.21.15.103:0/3945975835 --> [v2:172.21.15.103:3300/0,v1:172.21.15.103:6789/0] -- mon_command({"prefix": "get_command_descriptions"} v 0) -- 0x7fa060005360 con 0x7fa07407de20
2024-04-21T08:46:29.581 INFO:teuthology.orchestra.run.smithi103.stdout:/usr/bin/ceph: stderr
2024-04-21T08:46:28.682+0000 7fa070ff9700 1 --2- 172.21.15.103:0/3945975835 >> [v2:172.21.15.103:6800/1944195092,v1:172.21.15.103:6801/1944195092] conn(0x7fa05c039610 0x7fa05c03bad0 unknown :-1 s=NONE pgs=0 cs=0 l=1 rev1=0 crypto rx=0 tx=0 comp rx=0 tx=0).connect
2024-04-21T08:46:29.581 INFO:teuthology.orchestra.run.smithi103.stdout:/usr/bin/ceph: stderr
2024-04-21T08:46:28.682+0000 7fa070ff9700 1 -- 172.21.15.103:0/3945975835 <== mon.0 v2:172.21.15.103:3300/0 5 ==== osd_map(2..2 src has 1..2) ==== 940+0+0 (secure 0 0 0) 0x7fa06804e000 con 0x7fa07407de20
2024-04-21T08:46:29.581 INFO:teuthology.orchestra.run.smithi103.stdout:/usr/bin/ceph: stderr
2024-04-21T08:46:28.682+0000 7fa072ffd700 1 -- 172.21.15.103:0/3945975835 >> [v2:172.21.15.103:6800/1944195092,v1:172.21.15.103:6801/1944195092] conn(0x7fa05c039610 msgr2=0x7fa05c03bad0 unknown :-1 s=STATE_CONNECTING_RE l=1).process reconnect failed to v2:172.21.15.103:6800/1944195092
2024-04-21T08:46:29.581 INFO:teuthology.orchestra.run.smithi103.stdout:/usr/bin/ceph: stderr
2024-04-21T08:46:28.682+0000 7fa072ffd700 1 --2- 172.21.15.103:0/3945975835 >> [v2:172.21.15.103:6800/1944195092,v1:172.21.15.103:6801/1944195092] conn(0x7fa05c039610 0x7fa05c03bad0 unknown :-1 s=START_CONNECT pgs=0 cs=0 l=1 rev1=0 crypto rx=0 tx=0 comp rx=0 tx=0)._fault waiting 0.200000
2024-04-21T08:46:29.581 INFO:teuthology.orchestra.run.smithi103.stdout:/usr/bin/ceph: stderr
2024-04-21T08:46:28.687+0000 7fa070ff9700 1 -- 172.21.15.103:0/3945975835 <== mon.0 v2:172.21.15.103:3300/0 6 ==== mon_command_ack([{"prefix": "get_command_descriptions"}]=0 v0) ==== 72+0+188370 (secure 0 0 0) 0x7fa06801f030 con 0x7fa07407de20
2024-04-21T08:46:29.582 INFO:teuthology.orchestra.run.smithi103.stdout:/usr/bin/ceph: stderr
2024-04-21T08:46:28.883+0000 7fa072ffd700 1 -- 172.21.15.103:0/3945975835 >> [v2:172.21.15.103:6800/1944195092,v1:172.21.15.103:6801/1944195092] conn(0x7fa05c039610 msgr2=0x7fa05c03bad0 unknown :-1 s=STATE_CONNECTING_RE l=1).process reconnect failed to v2:172.21.15.103:6800/1944195092
2024-04-21T08:46:29.582 INFO:teuthology.orchestra.run.smithi103.stdout:/usr/bin/ceph: stderr
2024-04-21T08:46:28.883+0000 7fa072ffd700 1 --2- 172.21.15.103:0/3945975835 >> [v2:172.21.15.103:6800/1944195092,v1:172.21.15.103:6801/1944195092] conn(0x7fa05c039610 0x7fa05c03bad0 unknown :-1 s=START_CONNECT pgs=0 cs=0 l=1 rev1=0 crypto rx=0 tx=0 comp rx=0 tx=0)._fault waiting 0.400000
2024-04-21T08:46:29.582 INFO:teuthology.orchestra.run.smithi103.stdout:/usr/bin/ceph: stderr
2024-04-21T08:46:28.986+0000 7fa07a029700 1 -- 172.21.15.103:0/3945975835 --> [v2:172.21.15.103:3300/0,v1:172.21.15.103:6789/0] -- mon_command({"prefix": "mgr stat"} v 0) -- 0x7fa060005e60 con 0x7fa07407de20
2024-04-21T08:46:29.582 INFO:teuthology.orchestra.run.smithi103.stdout:/usr/bin/ceph: stderr
2024-04-21T08:46:28.986+0000 7fa070ff9700 1 -- 172.21.15.103:0/3945975835 <== mon.0 v2:172.21.15.103:3300/0 7 ==== mon_command_ack([{"prefix": "mgr stat"}]=0 v9) ==== 56+0+88 (secure 0 0 0) 0x7fa068010380 con 0x7fa07407de20
2024-04-21T08:46:29.582 INFO:teuthology.orchestra.run.smithi103.stdout:/usr/bin/ceph: stderr
2024-04-21T08:46:28.988+0000 7fa07a029700 1 -- 172.21.15.103:0/3945975835 >> [v2:172.21.15.103:6800/1944195092,v1:172.21.15.103:6801/1944195092] conn(0x7fa05c039610 msgr2=0x7fa05c03bad0 unknown :-1 s=STATE_CONNECTING l=1).mark_down
2024-04-21T08:46:29.582 INFO:teuthology.orchestra.run.smithi103.stdout:/usr/bin/ceph: stderr
2024-04-21T08:46:28.988+0000 7fa07a029700 1 --2- 172.21.15.103:0/3945975835 >> [v2:172.21.15.103:6800/1944195092,v1:172.21.15.103:6801/1944195092] conn(0x7fa05c039610 0x7fa05c03bad0 unknown :-1 s=START_CONNECT pgs=0 cs=0 l=1 rev1=0 crypto rx=0 tx=0 comp rx=0 tx=0).stop
2024-04-21T08:46:29.582 INFO:teuthology.orchestra.run.smithi103.stdout:/usr/bin/ceph: stderr
2024-04-21T08:46:28.988+0000 7fa07a029700 1 -- 172.21.15.103:0/3945975835 >> [v2:172.21.15.103:3300/0,v1:172.21.15.103:6789/0] conn(0x7fa07407de20 msgr2=0x7fa07419e3c0 secure :-1 s=STATE_CONNECTION_ESTABLISHED l=1).mark_down
2024-04-21T08:46:29.582 INFO:teuthology.orchestra.run.smithi103.stdout:/usr/bin/ceph: stderr
2024-04-21T08:46:28.988+0000 7fa07a029700 1 --2- 172.21.15.103:0/3945975835 >> [v2:172.21.15.103:3300/0,v1:172.21.15.103:6789/0] conn(0x7fa07407de20 0x7fa07419e3c0 secure :-1 s=READY pgs=58 cs=0 l=1 rev1=1 crypto rx=0x7fa0680116e0 tx=0x7fa068011aa0 comp rx=0 tx=0).stop
2024-04-21T08:46:29.582 INFO:teuthology.orchestra.run.smithi103.stdout:/usr/bin/ceph: stderr
2024-04-21T08:46:28.988+0000 7fa07a029700 1 -- 172.21.15.103:0/3945975835 shutdown_connections
2024-04-21T08:46:29.582 INFO:teuthology.orchestra.run.smithi103.stdout:/usr/bin/ceph: stderr
2024-04-21T08:46:28.988+0000 7fa07a029700 1 --2- 172.21.15.103:0/3945975835 >> [v2:172.21.15.103:6800/1944195092,v1:172.21.15.103:6801/1944195092] conn(0x7fa05c039610 0x7fa05c03bad0 unknown :-1 s=CLOSED pgs=0 cs=0 l=1 rev1=0 crypto rx=0 tx=0 comp rx=0 tx=0).stop
2024-04-21T08:46:29.582 INFO:teuthology.orchestra.run.smithi103.stdout:/usr/bin/ceph: stderr
2024-04-21T08:46:28.988+0000 7fa07a029700 1 --2- 172.21.15.103:0/3945975835 >> [v2:172.21.15.103:3300/0,v1:172.21.15.103:6789/0] conn(0x7fa07407de20 0x7fa07419e3c0 unknown :-1 s=CLOSED pgs=58 cs=0 l=1 rev1=1 crypto rx=0 tx=0 comp rx=0 tx=0).stop
2024-04-21T08:46:29.583 INFO:teuthology.orchestra.run.smithi103.stdout:/usr/bin/ceph: stderr
2024-04-21T08:46:28.988+0000 7fa07a029700 1 -- 172.21.15.103:0/3945975835 >> 172.21.15.103:0/3945975835 conn(0x7fa0741038e0 msgr2=0x7fa074104420 unknown :-1 s=STATE_NONE l=0).mark_down
2024-04-21T08:46:29.583 INFO:teuthology.orchestra.run.smithi103.stdout:/usr/bin/ceph: stderr
2024-04-21T08:46:28.989+0000 7fa07a029700 1 -- 172.21.15.103:0/3945975835 shutdown_connections
2024-04-21T08:46:29.583 INFO:teuthology.orchestra.run.smithi103.stdout:/usr/bin/ceph: stderr
2024-04-21T08:46:28.989+0000 7fa07a029700 1 -- 172.21.15.103:0/3945975835 wait complete.
2024-04-21T08:46:29.583 INFO:teuthology.orchestra.run.smithi103.stdout:Waiting for the mgr to restart...
2024-04-21T08:46:29.583 INFO:teuthology.orchestra.run.smithi103.stdout:Waiting for mgr epoch 9...
2024-04-21T08:46:29.830 INFO:journalctl@ceph.mon.a.smithi103.stdout:Apr 21 08:46:29 smithi103 ceph-mon[27953]: from='client.? 172.21.15.103:0/3945975835' entity='client.admin' cmd=[{"prefix": "mgr stat"}]: dispatch
2024-04-21T08:46:29.830 INFO:journalctl@ceph.mgr.x.smithi103.stdout:Apr 21 08:46:29 smithi103 ceph-66532cb4-ffbb-11ee-bc93-c7b262605968-mgr-x[28181]:
2024-04-21T08:46:29.717+0000 7f2f4790e200 -1 mgr[py] Module telegraf has missing NOTIFY_TYPES member
2024-04-21T08:46:30.279 INFO:journalctl@ceph.mgr.x.smithi103.stdout:Apr 21 08:46:29 smithi103 ceph-66532cb4-ffbb-11ee-bc93-c7b262605968-mgr-x[28181]:
2024-04-21T08:46:29.890+0000 7f2f4790e200 -1 mgr[py] Module osd_support has missing NOTIFY_TYPES member
2024-04-21T08:46:30.279 INFO:journalctl@ceph.mgr.x.smithi103.stdout:Apr 21 08:46:30 smithi103 ceph-66532cb4-ffbb-11ee-bc93-c7b262605968-mgr-x[28181]:
2024-04-21T08:46:30.064+0000 7f2f4790e200 -1 mgr[py] Module iostat has missing NOTIFY_TYPES member
2024-04-21T08:46:30.580 INFO:journalctl@ceph.mgr.x.smithi103.stdout:Apr 21 08:46:30 smithi103 ceph-66532cb4-ffbb-11ee-bc93-c7b262605968-mgr-x[28181]:
2024-04-21T08:46:30.356+0000 7f2f4790e200 -1 mgr[py] Module alerts has missing NOTIFY_TYPES member
2024-04-21T08:46:30.580 INFO:journalctl@ceph.mgr.x.smithi103.stdout:Apr 21 08:46:30 smithi103 ceph-66532cb4-ffbb-11ee-bc93-c7b262605968-mgr-x[28181]:
2024-04-21T08:46:30.449+0000 7f2f4790e200 -1 mgr[py] Module selftest has missing NOTIFY_TYPES member
2024-04-21T08:46:31.080 INFO:journalctl@ceph.mgr.x.smithi103.stdout:Apr 21 08:46:30 smithi103 ceph-66532cb4-ffbb-11ee-bc93-c7b262605968-mgr-x[28181]:
2024-04-21T08:46:30.649+0000 7f2f4790e200 -1 mgr[py] Module pg_autoscaler has missing NOTIFY_TYPES member
2024-04-21T08:46:31.080 INFO:journalctl@ceph.mgr.x.smithi103.stdout:Apr 21 08:46:30 smithi103 ceph-66532cb4-ffbb-11ee-bc93-c7b262605968-mgr-x[28181]:
2024-04-21T08:46:30.842+0000 7f2f4790e200 -1 mgr[py] Module test_orchestrator has missing NOTIFY_TYPES member
2024-04-21T08:46:31.830 INFO:journalctl@ceph.mgr.x.smithi103.stdout:Apr 21 08:46:31 smithi103 ceph-66532cb4-ffbb-11ee-bc93-c7b262605968-mgr-x[28181]:
2024-04-21T08:46:31.435+0000 7f2f4790e200 -1 mgr[py] Module rook has missing NOTIFY_TYPES member
2024-04-21T08:46:32.152 INFO:journalctl@ceph.mgr.x.smithi103.stdout:Apr 21 08:46:31 smithi103 ceph-66532cb4-ffbb-11ee-bc93-c7b262605968-mgr-x[28181]:
2024-04-21T08:46:31.856+0000 7f2f4790e200 -1 mgr[py] Module volumes has missing NOTIFY_TYPES member
2024-04-21T08:46:32.153 INFO:journalctl@ceph.mgr.x.smithi103.stdout:Apr 21 08:46:31 smithi103 ceph-66532cb4-ffbb-11ee-bc93-c7b262605968-mgr-x[28181]:
2024-04-21T08:46:31.952+0000 7f2f4790e200 -1 mgr[py] Module crash has missing NOTIFY_TYPES member
2024-04-21T08:46:32.153 INFO:journalctl@ceph.mgr.x.smithi103.stdout:Apr 21 08:46:32 smithi103 ceph-66532cb4-ffbb-11ee-bc93-c7b262605968-mgr-x[28181]:
2024-04-21T08:46:32.152+0000 7f2f4790e200 -1 mgr[py] Module rgw has missing NOTIFY_TYPES member
2024-04-21T08:46:33.003 INFO:journalctl@ceph.mgr.x.smithi103.stdout:Apr 21 08:46:32 smithi103 ceph-66532cb4-ffbb-11ee-bc93-c7b262605968-mgr-x[28181]:
2024-04-21T08:46:32.669+0000 7f2f4790e200 -1 mgr[py] Module prometheus has missing NOTIFY_TYPES member
2024-04-21T08:46:33.003 INFO:journalctl@ceph.mgr.x.smithi103.stdout:Apr 21 08:46:32 smithi103 ceph-66532cb4-ffbb-11ee-bc93-c7b262605968-mgr-x[28181]:
2024-04-21T08:46:32.761+0000 7f2f4790e200 -1 mgr[py] Module devicehealth has missing NOTIFY_TYPES member
2024-04-21T08:46:33.330 INFO:journalctl@ceph.mgr.x.smithi103.stdout:Apr 21 08:46:33 smithi103 ceph-66532cb4-ffbb-11ee-bc93-c7b262605968-mgr-x[28181]:
2024-04-21T08:46:33.003+0000 7f2f4790e200 -1 mgr[py] Module telemetry has missing NOTIFY_TYPES member
2024-04-21T08:46:33.330 INFO:journalctl@ceph.mgr.x.smithi103.stdout:Apr 21 08:46:33 smithi103 ceph-66532cb4-ffbb-11ee-bc93-c7b262605968-mgr-x[28181]:
2024-04-21T08:46:33.133+0000 7f2f4790e200 -1 mgr[py] Module diskprediction_local has missing NOTIFY_TYPES member
2024-04-21T08:46:33.330 INFO:journalctl@ceph.mgr.x.smithi103.stdout:Apr 21 08:46:33 smithi103 ceph-66532cb4-ffbb-11ee-bc93-c7b262605968-mgr-x[28181]:
2024-04-21T08:46:33.228+0000 7f2f4790e200 -1 mgr[py] Module osd_perf_query has missing NOTIFY_TYPES member
2024-04-21T08:46:33.639 INFO:journalctl@ceph.mgr.x.smithi103.stdout:Apr 21 08:46:33 smithi103 ceph-66532cb4-ffbb-11ee-bc93-c7b262605968-mgr-x[28181]:
2024-04-21T08:46:33.342+0000 7f2f4790e200 -1 mgr[py] Module rbd_support has missing NOTIFY_TYPES member
2024-04-21T08:46:33.640 INFO:journalctl@ceph.mgr.x.smithi103.stdout:Apr 21 08:46:33 smithi103 ceph-66532cb4-ffbb-11ee-bc93-c7b262605968-mgr-x[28181]:
2024-04-21T08:46:33.639+0000 7f2f4790e200 -1 mgr[py] Module zabbix has missing NOTIFY_TYPES member
2024-04-21T08:46:34.511 INFO:journalctl@ceph.mgr.x.smithi103.stdout:Apr 21 08:46:34 smithi103 ceph-66532cb4-ffbb-11ee-bc93-c7b262605968-mgr-x[28181]:
2024-04-21T08:46:34.239+0000 7f2f4790e200 -1 mgr[py] Module status has missing NOTIFY_TYPES member
2024-04-21T08:46:34.511 INFO:journalctl@ceph.mgr.x.smithi103.stdout:Apr 21 08:46:34 smithi103 ceph-66532cb4-ffbb-11ee-bc93-c7b262605968-mgr-x[28181]:
2024-04-21T08:46:34.457+0000 7f2f4790e200 -1 mgr[py] Module nfs has missing NOTIFY_TYPES member
2024-04-21T08:46:34.830 INFO:journalctl@ceph.mon.a.smithi103.stdout:Apr 21 08:46:34 smithi103 ceph-mon[27953]: Active manager daemon x restarted
2024-04-21T08:46:34.830 INFO:journalctl@ceph.mon.a.smithi103.stdout:Apr 21 08:46:34 smithi103 ceph-mon[27953]: Activating manager daemon x
2024-04-21T08:46:34.830 INFO:journalctl@ceph.mon.a.smithi103.stdout:Apr 21 08:46:34 smithi103 ceph-mon[27953]: osdmap e3: 0 total, 0 up, 0 in
2024-04-21T08:46:34.830 INFO:journalctl@ceph.mon.a.smithi103.stdout:Apr 21 08:46:34 smithi103 ceph-mon[27953]: mgrmap e10: x(active, starting, since 0.00333267s)
2024-04-21T08:46:34.830 INFO:journalctl@ceph.mon.a.smithi103.stdout:Apr 21 08:46:34 smithi103 ceph-mon[27953]: from='mgr.14150 172.21.15.103:0/1501985599' entity='mgr.x' cmd=[{"prefix": "mon metadata", "id": "a"}]: dispatch
2024-04-21T08:46:34.831 INFO:journalctl@ceph.mon.a.smithi103.stdout:Apr 21 08:46:34 smithi103 ceph-mon[27953]: from='mgr.14150 172.21.15.103:0/1501985599' entity='mgr.x' cmd=[{"prefix": "mgr metadata", "who": "x", "id": "x"}]: dispatch
2024-04-21T08:46:34.831 INFO:journalctl@ceph.mon.a.smithi103.stdout:Apr 21 08:46:34 smithi103 ceph-mon[27953]: from='mgr.14150 172.21.15.103:0/1501985599' entity='mgr.x' cmd=[{"prefix": "mds metadata"}]: dispatch
2024-04-21T08:46:34.831 INFO:journalctl@ceph.mon.a.smithi103.stdout:Apr 21 08:46:34 smithi103 ceph-mon[27953]: from='mgr.14150 172.21.15.103:0/1501985599' entity='mgr.x' cmd=[{"prefix": "osd metadata"}]: dispatch
2024-04-21T08:46:34.831 INFO:journalctl@ceph.mon.a.smithi103.stdout:Apr 21 08:46:34 smithi103 ceph-mon[27953]: from='mgr.14150 172.21.15.103:0/1501985599' entity='mgr.x' cmd=[{"prefix": "mon metadata"}]: dispatch
2024-04-21T08:46:34.831 INFO:journalctl@ceph.mon.a.smithi103.stdout:Apr 21 08:46:34 smithi103 ceph-mon[27953]: Manager daemon x is now available
2024-04-21T08:46:34.831 INFO:journalctl@ceph.mon.a.smithi103.stdout:Apr 21 08:46:34 smithi103 ceph-mon[27953]: from='mgr.14150 172.21.15.103:0/1501985599' entity='mgr.x' cmd=[{"prefix": "config dump", "format": "json"}]: dispatch
2024-04-21T08:46:34.831 INFO:journalctl@ceph.mon.a.smithi103.stdout:Apr 21 08:46:34 smithi103 ceph-mon[27953]: from='mgr.14150 172.21.15.103:0/1501985599' entity='mgr.x' cmd=[{"prefix":"config rm","who":"mgr","name":"mgr/rbd_support/x/mirror_snapshot_schedule"}]: dispatch
2024-04-21T08:46:35.819 INFO:journalctl@ceph.mon.a.smithi103.stdout:Apr 21 08:46:35 smithi103 ceph-mon[27953]: from='mgr.14150 172.21.15.103:0/1501985599' entity='mgr.x' cmd=[{"prefix":"config rm","who":"mgr","name":"mgr/rbd_support/x/trash_purge_schedule"}]: dispatch
2024-04-21T08:46:35.819 INFO:journalctl@ceph.mon.a.smithi103.stdout:Apr 21 08:46:35 smithi103 ceph-mon[27953]: mgrmap e11: x(active, since 1.00574s)
2024-04-21T08:46:36.396 INFO:teuthology.orchestra.run.smithi103.stdout:/usr/bin/ceph: stdout {
2024-04-21T08:46:36.396 INFO:teuthology.orchestra.run.smithi103.stdout:/usr/bin/ceph: stdout "mgrmap_epoch": 11,
2024-04-21T08:46:36.397 INFO:teuthology.orchestra.run.smithi103.stdout:/usr/bin/ceph: stdout "initialized": true
2024-04-21T08:46:36.397 INFO:teuthology.orchestra.run.smithi103.stdout:/usr/bin/ceph: stdout }
2024-04-21T08:46:36.397 INFO:teuthology.orchestra.run.smithi103.stdout:/usr/bin/ceph: stderr
2024-04-21T08:46:30.072+0000 7fc0587ec700 1 Processor -- start
2024-04-21T08:46:36.397 INFO:teuthology.orchestra.run.smithi103.stdout:/usr/bin/ceph: stderr
2024-04-21T08:46:30.073+0000 7fc0587ec700 1 -- start start
2024-04-21T08:46:36.397 INFO:teuthology.orchestra.run.smithi103.stdout:/usr/bin/ceph: stderr
2024-04-21T08:46:30.073+0000 7fc0587ec700 1 --2- >> [v2:172.21.15.103:3300/0,v1:172.21.15.103:6789/0] conn(0x7fc050107200 0x7fc050107620 unknown :-1 s=NONE pgs=0 cs=0 l=0 rev1=0 crypto rx=0 tx=0 comp rx=0 tx=0).connect
2024-04-21T08:46:36.397 INFO:teuthology.orchestra.run.smithi103.stdout:/usr/bin/ceph: stderr
2024-04-21T08:46:30.073+0000 7fc0587ec700 1 -- --> [v2:172.21.15.103:3300/0,v1:172.21.15.103:6789/0] -- mon_getmap magic: 0 -- 0x7fc050107bf0 con 0x7fc050107200
2024-04-21T08:46:36.397 INFO:teuthology.orchestra.run.smithi103.stdout:/usr/bin/ceph: stderr
2024-04-21T08:46:30.073+0000 7fc056588700 1 --2- >> [v2:172.21.15.103:3300/0,v1:172.21.15.103:6789/0] conn(0x7fc050107200 0x7fc050107620 unknown :-1 s=BANNER_CONNECTING pgs=0 cs=0 l=0 rev1=0 crypto rx=0 tx=0 comp rx=0 tx=0)._handle_peer_banner_payload supported=3 required=0
2024-04-21T08:46:36.397 INFO:teuthology.orchestra.run.smithi103.stdout:/usr/bin/ceph: stderr
2024-04-21T08:46:30.073+0000 7fc056588700 1 --2- >> [v2:172.21.15.103:3300/0,v1:172.21.15.103:6789/0] conn(0x7fc050107200 0x7fc050107620 unknown :-1 s=HELLO_CONNECTING pgs=0 cs=0 l=0 rev1=1 crypto rx=0 tx=0 comp rx=0 tx=0).handle_hello peer v2:172.21.15.103:3300/0 says I am v2:172.21.15.103:58442/0 (socket says 172.21.15.103:58442)
2024-04-21T08:46:36.397 INFO:teuthology.orchestra.run.smithi103.stdout:/usr/bin/ceph: stderr
2024-04-21T08:46:30.073+0000 7fc056588700 1 -- 172.21.15.103:0/3932397020 learned_addr learned my addr 172.21.15.103:0/3932397020 (peer_addr_for_me v2:172.21.15.103:0/0)
2024-04-21T08:46:36.397 INFO:teuthology.orchestra.run.smithi103.stdout:/usr/bin/ceph: stderr
2024-04-21T08:46:30.073+0000 7fc056588700 1 -- 172.21.15.103:0/3932397020 --> [v2:172.21.15.103:3300/0,v1:172.21.15.103:6789/0] -- mon_subscribe({config=0+,monmap=0+}) -- 0x7fc050108400 con 0x7fc050107200
2024-04-21T08:46:36.397 INFO:teuthology.orchestra.run.smithi103.stdout:/usr/bin/ceph: stderr
2024-04-21T08:46:30.074+0000 7fc056588700 1 --2- 172.21.15.103:0/3932397020 >> [v2:172.21.15.103:3300/0,v1:172.21.15.103:6789/0] conn(0x7fc050107200 0x7fc050107620 secure :-1 s=READY pgs=59 cs=0 l=1 rev1=1 crypto rx=0x7fc04c0098a0 tx=0x7fc04c009bb0 comp rx=0 tx=0).ready entity=mon.0 client_cookie=10d70f82eb1d26b server_cookie=0 in_seq=0 out_seq=0
2024-04-21T08:46:36.397 INFO:teuthology.orchestra.run.smithi103.stdout:/usr/bin/ceph: stderr
2024-04-21T08:46:30.074+0000 7fc055586700 1 -- 172.21.15.103:0/3932397020 <== mon.0 v2:172.21.15.103:3300/0 1 ==== mon_map magic: 0 ==== 205+0+0 (secure 0 0 0) 0x7fc04c004160 con 0x7fc050107200
2024-04-21T08:46:36.398 INFO:teuthology.orchestra.run.smithi103.stdout:/usr/bin/ceph: stderr
2024-04-21T08:46:30.074+0000 7fc055586700 1 -- 172.21.15.103:0/3932397020 <== mon.0 v2:172.21.15.103:3300/0 2 ==== config(26 keys) ==== 1101+0+0 (secure 0 0 0) 0x7fc04c004300 con 0x7fc050107200
2024-04-21T08:46:36.398 INFO:teuthology.orchestra.run.smithi103.stdout:/usr/bin/ceph: stderr
2024-04-21T08:46:30.074+0000 7fc055586700 1 -- 172.21.15.103:0/3932397020 <== mon.0 v2:172.21.15.103:3300/0 3 ==== mon_map magic: 0 ==== 205+0+0 (secure 0 0 0) 0x7fc04c011a20 con 0x7fc050107200
2024-04-21T08:46:36.398 INFO:teuthology.orchestra.run.smithi103.stdout:/usr/bin/ceph: stderr
2024-04-21T08:46:30.075+0000 7fc0587ec700 1 -- 172.21.15.103:0/3932397020 >> [v2:172.21.15.103:3300/0,v1:172.21.15.103:6789/0] conn(0x7fc050107200 msgr2=0x7fc050107620 secure :-1 s=STATE_CONNECTION_ESTABLISHED l=1).mark_down
2024-04-21T08:46:36.398 INFO:teuthology.orchestra.run.smithi103.stdout:/usr/bin/ceph: stderr
2024-04-21T08:46:30.075+0000 7fc0587ec700 1 --2- 172.21.15.103:0/3932397020 >> [v2:172.21.15.103:3300/0,v1:172.21.15.103:6789/0] conn(0x7fc050107200 0x7fc050107620 secure :-1 s=READY pgs=59 cs=0 l=1 rev1=1 crypto rx=0x7fc04c0098a0 tx=0x7fc04c009bb0 comp rx=0 tx=0).stop
2024-04-21T08:46:36.398 INFO:teuthology.orchestra.run.smithi103.stdout:/usr/bin/ceph: stderr
2024-04-21T08:46:30.075+0000 7fc0587ec700 1 -- 172.21.15.103:0/3932397020 shutdown_connections
2024-04-21T08:46:36.398 INFO:teuthology.orchestra.run.smithi103.stdout:/usr/bin/ceph: stderr
2024-04-21T08:46:30.075+0000 7fc0587ec700 1 --2- 172.21.15.103:0/3932397020 >> [v2:172.21.15.103:3300/0,v1:172.21.15.103:6789/0] conn(0x7fc050107200 0x7fc050107620 unknown :-1 s=CLOSED pgs=59 cs=0 l=1 rev1=1 crypto rx=0 tx=0 comp rx=0 tx=0).stop
2024-04-21T08:46:36.398 INFO:teuthology.orchestra.run.smithi103.stdout:/usr/bin/ceph: stderr
2024-04-21T08:46:30.075+0000 7fc0587ec700 1 -- 172.21.15.103:0/3932397020 >> 172.21.15.103:0/3932397020 conn(0x7fc050102840 msgr2=0x7fc050104c60 unknown :-1 s=STATE_NONE l=0).mark_down
2024-04-21T08:46:36.398 INFO:teuthology.orchestra.run.smithi103.stdout:/usr/bin/ceph: stderr
2024-04-21T08:46:30.075+0000 7fc0587ec700 1 -- 172.21.15.103:0/3932397020 shutdown_connections
2024-04-21T08:46:36.398 INFO:teuthology.orchestra.run.smithi103.stdout:/usr/bin/ceph: stderr
2024-04-21T08:46:30.075+0000 7fc0587ec700 1 -- 172.21.15.103:0/3932397020 wait complete.
2024-04-21T08:46:36.398 INFO:teuthology.orchestra.run.smithi103.stdout:/usr/bin/ceph: stderr
2024-04-21T08:46:30.075+0000 7fc0587ec700 1 Processor -- start
2024-04-21T08:46:36.398 INFO:teuthology.orchestra.run.smithi103.stdout:/usr/bin/ceph: stderr
2024-04-21T08:46:30.076+0000 7fc0587ec700 1 -- start start
2024-04-21T08:46:36.398 INFO:teuthology.orchestra.run.smithi103.stdout:/usr/bin/ceph: stderr
2024-04-21T08:46:30.076+0000 7fc0587ec700 1 --2- >> [v2:172.21.15.103:3300/0,v1:172.21.15.103:6789/0] conn(0x7fc050107200 0x7fc05019a060 unknown :-1 s=NONE pgs=0 cs=0 l=1 rev1=0 crypto rx=0 tx=0 comp rx=0 tx=0).connect
2024-04-21T08:46:36.398 INFO:teuthology.orchestra.run.smithi103.stdout:/usr/bin/ceph: stderr
2024-04-21T08:46:30.076+0000 7fc0587ec700 1 -- --> [v2:172.21.15.103:3300/0,v1:172.21.15.103:6789/0] -- mon_getmap magic: 0 -- 0x7fc05007afb0 con 0x7fc050107200
2024-04-21T08:46:36.399 INFO:teuthology.orchestra.run.smithi103.stdout:/usr/bin/ceph: stderr
2024-04-21T08:46:30.076+0000 7fc056588700 1 --2- >> [v2:172.21.15.103:3300/0,v1:172.21.15.103:6789/0] conn(0x7fc050107200 0x7fc05019a060 unknown :-1 s=BANNER_CONNECTING pgs=0 cs=0 l=1 rev1=0 crypto rx=0 tx=0 comp rx=0 tx=0)._handle_peer_banner_payload supported=3 required=0
2024-04-21T08:46:36.399 INFO:teuthology.orchestra.run.smithi103.stdout:/usr/bin/ceph: stderr
2024-04-21T08:46:30.076+0000 7fc056588700 1 --2- >> [v2:172.21.15.103:3300/0,v1:172.21.15.103:6789/0] conn(0x7fc050107200 0x7fc05019a060 unknown :-1 s=HELLO_CONNECTING pgs=0 cs=0 l=1 rev1=1 crypto rx=0 tx=0 comp rx=0 tx=0).handle_hello peer v2:172.21.15.103:3300/0 says I am v2:172.21.15.103:58458/0 (socket says 172.21.15.103:58458)
2024-04-21T08:46:36.399 INFO:teuthology.orchestra.run.smithi103.stdout:/usr/bin/ceph: stderr
2024-04-21T08:46:30.076+0000 7fc056588700 1 -- 172.21.15.103:0/539117060 learned_addr learned my addr 172.21.15.103:0/539117060 (peer_addr_for_me v2:172.21.15.103:0/0)
2024-04-21T08:46:36.399 INFO:teuthology.orchestra.run.smithi103.stdout:/usr/bin/ceph: stderr
2024-04-21T08:46:30.076+0000 7fc056588700 1 -- 172.21.15.103:0/539117060 --> [v2:172.21.15.103:3300/0,v1:172.21.15.103:6789/0] -- mon_subscribe({config=0+,monmap=0+}) -- 0x7fc05019a5a0 con 0x7fc050107200
2024-04-21T08:46:36.399 INFO:teuthology.orchestra.run.smithi103.stdout:/usr/bin/ceph: stderr
2024-04-21T08:46:30.076+0000 7fc056588700 1 --2- 172.21.15.103:0/539117060 >> [v2:172.21.15.103:3300/0,v1:172.21.15.103:6789/0] conn(0x7fc050107200 0x7fc05019a060 secure :-1 s=READY pgs=60 cs=0 l=1 rev1=1 crypto rx=0x7fc04c000c00 tx=0x7fc04c011aa0 comp rx=0 tx=0).ready entity=mon.0 client_cookie=0 server_cookie=0 in_seq=0 out_seq=0
2024-04-21T08:46:36.399 INFO:teuthology.orchestra.run.smithi103.stdout:/usr/bin/ceph: stderr
2024-04-21T08:46:30.076+0000 7fc0477fe700 1 -- 172.21.15.103:0/539117060 <== mon.0 v2:172.21.15.103:3300/0 1 ==== mon_map magic: 0 ==== 205+0+0 (secure 0 0 0) 0x7fc04c003aa0 con 0x7fc050107200
2024-04-21T08:46:36.399 INFO:teuthology.orchestra.run.smithi103.stdout:/usr/bin/ceph: stderr
2024-04-21T08:46:30.076+0000 7fc0477fe700 1 -- 172.21.15.103:0/539117060 <== mon.0 v2:172.21.15.103:3300/0 2 ==== config(26 keys) ==== 1101+0+0 (secure 0 0 0) 0x7fc04c01b8f0 con 0x7fc050107200
2024-04-21T08:46:36.399 INFO:teuthology.orchestra.run.smithi103.stdout:/usr/bin/ceph: stderr
2024-04-21T08:46:30.076+0000 7fc0587ec700 1 -- 172.21.15.103:0/539117060 --> [v2:172.21.15.103:3300/0,v1:172.21.15.103:6789/0] -- mon_subscribe({mgrmap=0+}) -- 0x7fc05019a830 con 0x7fc050107200
2024-04-21T08:46:36.399 INFO:teuthology.orchestra.run.smithi103.stdout:/usr/bin/ceph: stderr
2024-04-21T08:46:30.076+0000 7fc0477fe700 1 -- 172.21.15.103:0/539117060 <== mon.0 v2:172.21.15.103:3300/0 3 ==== mon_map magic: 0 ==== 205+0+0 (secure 0 0 0) 0x7fc04c023890 con 0x7fc050107200
2024-04-21T08:46:36.399 INFO:teuthology.orchestra.run.smithi103.stdout:/usr/bin/ceph: stderr
2024-04-21T08:46:30.076+0000 7fc0587ec700 1 -- 172.21.15.103:0/539117060 --> [v2:172.21.15.103:3300/0,v1:172.21.15.103:6789/0] -- mon_subscribe({osdmap=0}) -- 0x7fc05019d520 con 0x7fc050107200
2024-04-21T08:46:36.399 INFO:teuthology.orchestra.run.smithi103.stdout:/usr/bin/ceph: stderr
2024-04-21T08:46:30.077+0000 7fc0477fe700 1 -- 172.21.15.103:0/539117060 <== mon.0 v2:172.21.15.103:3300/0 4 ==== mgrmap(e 9) ==== 46571+0+0 (secure 0 0 0) 0x7fc04c02c3f0 con 0x7fc050107200
2024-04-21T08:46:36.399 INFO:teuthology.orchestra.run.smithi103.stdout:/usr/bin/ceph: stderr
2024-04-21T08:46:30.077+0000 7fc0477fe700 1 --2- 172.21.15.103:0/539117060 >> [v2:172.21.15.103:6800/1944195092,v1:172.21.15.103:6801/1944195092] conn(0x7fc03c03b8b0 0x7fc03c03dd70 unknown :-1 s=NONE pgs=0 cs=0 l=1 rev1=0 crypto rx=0 tx=0 comp rx=0 tx=0).connect
2024-04-21T08:46:36.399 INFO:teuthology.orchestra.run.smithi103.stdout:/usr/bin/ceph: stderr
2024-04-21T08:46:30.077+0000 7fc0477fe700 1 -- 172.21.15.103:0/539117060 --> [v2:172.21.15.103:6800/1944195092,v1:172.21.15.103:6801/1944195092] -- command(tid 0: {"prefix": "get_command_descriptions"}) -- 0x7fc03c03e480 con 0x7fc03c03b8b0
2024-04-21T08:46:36.400 INFO:teuthology.orchestra.run.smithi103.stdout:/usr/bin/ceph: stderr
2024-04-21T08:46:30.077+0000 7fc0477fe700 1 -- 172.21.15.103:0/539117060 <== mon.0 v2:172.21.15.103:3300/0 5 ==== osd_map(2..2 src has 1..2) ==== 940+0+0 (secure 0 0 0) 0x7fc04c04edd0 con 0x7fc050107200
2024-04-21T08:46:36.400 INFO:teuthology.orchestra.run.smithi103.stdout:/usr/bin/ceph: stderr
2024-04-21T08:46:30.077+0000 7fc055d87700 1 -- 172.21.15.103:0/539117060 >> [v2:172.21.15.103:6800/1944195092,v1:172.21.15.103:6801/1944195092] conn(0x7fc03c03b8b0 msgr2=0x7fc03c03dd70 unknown :-1 s=STATE_CONNECTING_RE l=1).process reconnect failed to v2:172.21.15.103:6800/1944195092
2024-04-21T08:46:36.400 INFO:teuthology.orchestra.run.smithi103.stdout:/usr/bin/ceph: stderr
2024-04-21T08:46:30.078+0000 7fc055d87700 1 --2- 172.21.15.103:0/539117060 >> [v2:172.21.15.103:6800/1944195092,v1:172.21.15.103:6801/1944195092] conn(0x7fc03c03b8b0 0x7fc03c03dd70 unknown :-1 s=START_CONNECT pgs=0 cs=0 l=1 rev1=0 crypto rx=0 tx=0 comp rx=0 tx=0)._fault waiting 0.200000
2024-04-21T08:46:36.400 INFO:teuthology.orchestra.run.smithi103.stdout:/usr/bin/ceph: stderr
2024-04-21T08:46:30.279+0000 7fc055d87700 1 -- 172.21.15.103:0/539117060 >> [v2:172.21.15.103:6800/1944195092,v1:172.21.15.103:6801/1944195092] conn(0x7fc03c03b8b0 msgr2=0x7fc03c03dd70 unknown :-1 s=STATE_CONNECTING_RE l=1).process reconnect failed to v2:172.21.15.103:6800/1944195092
2024-04-21T08:46:36.400 INFO:teuthology.orchestra.run.smithi103.stdout:/usr/bin/ceph: stderr
2024-04-21T08:46:30.279+0000 7fc055d87700 1 --2- 172.21.15.103:0/539117060 >> [v2:172.21.15.103:6800/1944195092,v1:172.21.15.103:6801/1944195092] conn(0x7fc03c03b8b0 0x7fc03c03dd70 unknown :-1 s=START_CONNECT pgs=0 cs=0 l=1 rev1=0 crypto rx=0 tx=0 comp rx=0 tx=0)._fault waiting 0.400000
2024-04-21T08:46:36.400 INFO:teuthology.orchestra.run.smithi103.stdout:/usr/bin/ceph: stderr
2024-04-21T08:46:30.680+0000 7fc055d87700 1 -- 172.21.15.103:0/539117060 >> [v2:172.21.15.103:6800/1944195092,v1:172.21.15.103:6801/1944195092] conn(0x7fc03c03b8b0 msgr2=0x7fc03c03dd70 unknown :-1 s=STATE_CONNECTING_RE l=1).process reconnect failed to v2:172.21.15.103:6800/1944195092
2024-04-21T08:46:36.400 INFO:teuthology.orchestra.run.smithi103.stdout:/usr/bin/ceph: stderr
2024-04-21T08:46:30.680+0000 7fc055d87700 1 --2- 172.21.15.103:0/539117060 >> [v2:172.21.15.103:6800/1944195092,v1:172.21.15.103:6801/1944195092] conn(0x7fc03c03b8b0 0x7fc03c03dd70 unknown :-1 s=START_CONNECT pgs=0 cs=0 l=1 rev1=0 crypto rx=0 tx=0 comp rx=0 tx=0)._fault waiting 0.800000
2024-04-21T08:46:36.400 INFO:teuthology.orchestra.run.smithi103.stdout:/usr/bin/ceph: stderr
2024-04-21T08:46:31.481+0000 7fc055d87700 1 -- 172.21.15.103:0/539117060 >> [v2:172.21.15.103:6800/1944195092,v1:172.21.15.103:6801/1944195092] conn(0x7fc03c03b8b0 msgr2=0x7fc03c03dd70 unknown :-1 s=STATE_CONNECTING_RE l=1).process reconnect failed to v2:172.21.15.103:6800/1944195092
2024-04-21T08:46:36.400 INFO:teuthology.orchestra.run.smithi103.stdout:/usr/bin/ceph: stderr
2024-04-21T08:46:31.481+0000 7fc055d87700 1 --2- 172.21.15.103:0/539117060 >> [v2:172.21.15.103:6800/1944195092,v1:172.21.15.103:6801/1944195092] conn(0x7fc03c03b8b0 0x7fc03c03dd70 unknown :-1 s=START_CONNECT pgs=0 cs=0 l=1 rev1=0 crypto rx=0 tx=0 comp rx=0 tx=0)._fault waiting 1.600000
2024-04-21T08:46:36.400 INFO:teuthology.orchestra.run.smithi103.stdout:/usr/bin/ceph: stderr
2024-04-21T08:46:33.082+0000 7fc055d87700 1 -- 172.21.15.103:0/539117060 >> [v2:172.21.15.103:6800/1944195092,v1:172.21.15.103:6801/1944195092] conn(0x7fc03c03b8b0 msgr2=0x7fc03c03dd70 unknown :-1 s=STATE_CONNECTING_RE l=1).process reconnect failed to v2:172.21.15.103:6800/1944195092
2024-04-21T08:46:36.400 INFO:teuthology.orchestra.run.smithi103.stdout:/usr/bin/ceph: stderr
2024-04-21T08:46:33.082+0000 7fc055d87700 1 --2- 172.21.15.103:0/539117060 >> [v2:172.21.15.103:6800/1944195092,v1:172.21.15.103:6801/1944195092] conn(0x7fc03c03b8b0 0x7fc03c03dd70 unknown :-1 s=START_CONNECT pgs=0 cs=0 l=1 rev1=0 crypto rx=0 tx=0 comp rx=0 tx=0)._fault waiting 3.200000
2024-04-21T08:46:36.400 INFO:teuthology.orchestra.run.smithi103.stdout:/usr/bin/ceph: stderr
2024-04-21T08:46:34.460+0000 7fc0477fe700 1 -- 172.21.15.103:0/539117060 <== mon.0 v2:172.21.15.103:3300/0 6 ==== mgrmap(e 10) ==== 46338+0+0 (secure 0 0 0) 0x7fc04c0193d0 con 0x7fc050107200
2024-04-21T08:46:36.400 INFO:teuthology.orchestra.run.smithi103.stdout:/usr/bin/ceph: stderr
2024-04-21T08:46:34.460+0000 7fc0477fe700 1 -- 172.21.15.103:0/539117060 >> [v2:172.21.15.103:6800/1944195092,v1:172.21.15.103:6801/1944195092] conn(0x7fc03c03b8b0 msgr2=0x7fc03c03dd70 unknown :-1 s=STATE_CONNECTING l=1).mark_down
2024-04-21T08:46:36.400 INFO:teuthology.orchestra.run.smithi103.stdout:/usr/bin/ceph: stderr
2024-04-21T08:46:34.460+0000 7fc0477fe700 1 --2- 172.21.15.103:0/539117060 >> [v2:172.21.15.103:6800/1944195092,v1:172.21.15.103:6801/1944195092] conn(0x7fc03c03b8b0 0x7fc03c03dd70 unknown :-1 s=START_CONNECT pgs=0 cs=0 l=1 rev1=0 crypto rx=0 tx=0 comp rx=0 tx=0).stop
2024-04-21T08:46:36.401 INFO:teuthology.orchestra.run.smithi103.stdout:/usr/bin/ceph: stderr
2024-04-21T08:46:35.462+0000 7fc0477fe700 1 -- 172.21.15.103:0/539117060 <== mon.0 v2:172.21.15.103:3300/0 7 ==== mgrmap(e 11) ==== 46465+0+0 (secure 0 0 0) 0x7fc04c028cf0 con 0x7fc050107200
2024-04-21T08:46:36.401 INFO:teuthology.orchestra.run.smithi103.stdout:/usr/bin/ceph: stderr
2024-04-21T08:46:35.462+0000 7fc0477fe700 1 --2- 172.21.15.103:0/539117060 >> [v2:172.21.15.103:6800/651685468,v1:172.21.15.103:6801/651685468] conn(0x7fc03c03f330 0x7fc03c041720 unknown :-1 s=NONE pgs=0 cs=0 l=1 rev1=0 crypto rx=0 tx=0 comp rx=0 tx=0).connect
2024-04-21T08:46:36.401 INFO:teuthology.orchestra.run.smithi103.stdout:/usr/bin/ceph: stderr
2024-04-21T08:46:35.462+0000 7fc0477fe700 1 -- 172.21.15.103:0/539117060 --> [v2:172.21.15.103:6800/651685468,v1:172.21.15.103:6801/651685468] -- command(tid 0: {"prefix": "get_command_descriptions"}) -- 0x7fc04c00af30 con 0x7fc03c03f330
2024-04-21T08:46:36.401 INFO:teuthology.orchestra.run.smithi103.stdout:/usr/bin/ceph: stderr
2024-04-21T08:46:35.462+0000 7fc055d87700 1 --2- 172.21.15.103:0/539117060 >> [v2:172.21.15.103:6800/651685468,v1:172.21.15.103:6801/651685468] conn(0x7fc03c03f330 0x7fc03c041720 unknown :-1 s=BANNER_CONNECTING pgs=0 cs=0 l=1 rev1=0 crypto rx=0 tx=0 comp rx=0 tx=0)._handle_peer_banner_payload supported=3 required=0
2024-04-21T08:46:36.401 INFO:teuthology.orchestra.run.smithi103.stdout:/usr/bin/ceph: stderr
2024-04-21T08:46:35.463+0000 7fc055d87700 1 --2- 172.21.15.103:0/539117060 >> [v2:172.21.15.103:6800/651685468,v1:172.21.15.103:6801/651685468] conn(0x7fc03c03f330 0x7fc03c041720 secure :-1 s=READY pgs=1 cs=0 l=1 rev1=1 crypto rx=0x7fc040003a10 tx=0x7fc040009270 comp rx=0 tx=0).ready entity=mgr.14150 client_cookie=0 server_cookie=0 in_seq=0 out_seq=0
2024-04-21T08:46:36.401 INFO:teuthology.orchestra.run.smithi103.stdout:/usr/bin/ceph: stderr
2024-04-21T08:46:35.463+0000 7fc0477fe700 1 -- 172.21.15.103:0/539117060 <== mgr.14150 v2:172.21.15.103:6800/651685468 1 ==== command_reply(tid 0: 0 ) ==== 8+0+7774 (secure 0 0 0) 0x7fc04c00af30 con 0x7fc03c03f330
2024-04-21T08:46:36.401 INFO:teuthology.orchestra.run.smithi103.stdout:/usr/bin/ceph: stderr
2024-04-21T08:46:35.475+0000 7fc0587ec700 1 -- 172.21.15.103:0/539117060 --> [v2:172.21.15.103:6800/651685468,v1:172.21.15.103:6801/651685468] -- command(tid 1: {"prefix": "mgr_status"}) -- 0x7fc050069b30 con 0x7fc03c03f330
2024-04-21T08:46:36.401 INFO:teuthology.orchestra.run.smithi103.stdout:/usr/bin/ceph: stderr
2024-04-21T08:46:35.476+0000 7fc0477fe700 1 -- 172.21.15.103:0/539117060 <== mgr.14150 v2:172.21.15.103:6800/651685468 2 ==== command_reply(tid 1: 0 ) ==== 8+0+52 (secure 0 0 0) 0x7fc050069b30 con 0x7fc03c03f330
2024-04-21T08:46:36.401 INFO:teuthology.orchestra.run.smithi103.stdout:/usr/bin/ceph: stderr
2024-04-21T08:46:35.476+0000 7fc0587ec700 1 -- 172.21.15.103:0/539117060 >> [v2:172.21.15.103:6800/651685468,v1:172.21.15.103:6801/651685468] conn(0x7fc03c03f330 msgr2=0x7fc03c041720 secure :-1 s=STATE_CONNECTION_ESTABLISHED l=1).mark_down
2024-04-21T08:46:36.401 INFO:teuthology.orchestra.run.smithi103.stdout:/usr/bin/ceph: stderr
2024-04-21T08:46:35.476+0000 7fc0587ec700 1 --2- 172.21.15.103:0/539117060 >> [v2:172.21.15.103:6800/651685468,v1:172.21.15.103:6801/651685468] conn(0x7fc03c03f330 0x7fc03c041720 secure :-1 s=READY pgs=1 cs=0 l=1 rev1=1 crypto rx=0x7fc040003a10 tx=0x7fc040009270 comp rx=0 tx=0).stop
2024-04-21T08:46:36.401 INFO:teuthology.orchestra.run.smithi103.stdout:/usr/bin/ceph: stderr
2024-04-21T08:46:35.476+0000 7fc0587ec700 1 -- 172.21.15.103:0/539117060 >> [v2:172.21.15.103:3300/0,v1:172.21.15.103:6789/0] conn(0x7fc050107200 msgr2=0x7fc05019a060 secure :-1 s=STATE_CONNECTION_ESTABLISHED l=1).mark_down
2024-04-21T08:46:36.401 INFO:teuthology.orchestra.run.smithi103.stdout:/usr/bin/ceph: stderr
2024-04-21T08:46:35.476+0000 7fc0587ec700 1 --2- 172.21.15.103:0/539117060 >> [v2:172.21.15.103:3300/0,v1:172.21.15.103:6789/0] conn(0x7fc050107200 0x7fc05019a060 secure :-1 s=READY pgs=60 cs=0 l=1 rev1=1 crypto rx=0x7fc04c000c00 tx=0x7fc04c011aa0 comp rx=0 tx=0).stop
2024-04-21T08:46:36.401 INFO:teuthology.orchestra.run.smithi103.stdout:/usr/bin/ceph: stderr
2024-04-21T08:46:35.476+0000 7fc0587ec700 1 -- 172.21.15.103:0/539117060 shutdown_connections
2024-04-21T08:46:36.401 INFO:teuthology.orchestra.run.smithi103.stdout:/usr/bin/ceph: stderr
2024-04-21T08:46:35.476+0000 7fc0587ec700 1 --2- 172.21.15.103:0/539117060 >> [v2:172.21.15.103:6800/651685468,v1:172.21.15.103:6801/651685468] conn(0x7fc03c03f330 0x7fc03c041720 unknown :-1 s=CLOSED pgs=1 cs=0 l=1 rev1=1 crypto rx=0 tx=0 comp rx=0 tx=0).stop
2024-04-21T08:46:36.402 INFO:teuthology.orchestra.run.smithi103.stdout:/usr/bin/ceph: stderr
2024-04-21T08:46:35.476+0000 7fc0587ec700 1 --2- 172.21.15.103:0/539117060 >> [v2:172.21.15.103:3300/0,v1:172.21.15.103:6789/0] conn(0x7fc050107200 0x7fc05019a060 unknown :-1 s=CLOSED pgs=60 cs=0 l=1 rev1=1 crypto rx=0 tx=0 comp rx=0 tx=0).stop
2024-04-21T08:46:36.402 INFO:teuthology.orchestra.run.smithi103.stdout:/usr/bin/ceph: stderr
2024-04-21T08:46:35.476+0000 7fc0587ec700 1 --2- 172.21.15.103:0/539117060 >> [v2:172.21.15.103:6800/1944195092,v1:172.21.15.103:6801/1944195092] conn(0x7fc03c03b8b0 0x7fc03c03dd70 unknown :-1 s=CLOSED pgs=0 cs=0 l=1 rev1=0 crypto rx=0 tx=0 comp rx=0 tx=0).stop
2024-04-21T08:46:36.402 INFO:teuthology.orchestra.run.smithi103.stdout:/usr/bin/ceph: stderr
2024-04-21T08:46:35.476+0000 7fc0587ec700 1 -- 172.21.15.103:0/539117060 >> 172.21.15.103:0/539117060 conn(0x7fc050102840 msgr2=0x7fc050190680 unknown :-1 s=STATE_NONE l=0).mark_down
2024-04-21T08:46:36.402 INFO:teuthology.orchestra.run.smithi103.stdout:/usr/bin/ceph: stderr
2024-04-21T08:46:35.476+0000 7fc0587ec700 1 -- 172.21.15.103:0/539117060 shutdown_connections
2024-04-21T08:46:36.402 INFO:teuthology.orchestra.run.smithi103.stdout:/usr/bin/ceph: stderr
2024-04-21T08:46:35.476+0000 7fc0587ec700 1 -- 172.21.15.103:0/539117060 wait complete.
2024-04-21T08:46:36.402 INFO:teuthology.orchestra.run.smithi103.stdout:mgr epoch 9 is available
2024-04-21T08:46:36.402 INFO:teuthology.orchestra.run.smithi103.stdout:Generating a dashboard self-signed certificate...
2024-04-21T08:46:36.638 INFO:journalctl@ceph.mon.a.smithi103.stdout:Apr 21 08:46:36 smithi103 ceph-mon[27953]: [21/Apr/2024:08:46:34] ENGINE Bus STARTING
2024-04-21T08:46:36.639 INFO:journalctl@ceph.mon.a.smithi103.stdout:Apr 21 08:46:36 smithi103 ceph-mon[27953]: [21/Apr/2024:08:46:35] ENGINE Serving on https://172.21.15.103:7150
2024-04-21T08:46:36.639 INFO:journalctl@ceph.mon.a.smithi103.stdout:Apr 21 08:46:36 smithi103 ceph-mon[27953]: [21/Apr/2024:08:46:35] ENGINE Serving on http://172.21.15.103:8765
2024-04-21T08:46:36.639 INFO:journalctl@ceph.mon.a.smithi103.stdout:Apr 21 08:46:36 smithi103 ceph-mon[27953]: [21/Apr/2024:08:46:35] ENGINE Bus STARTED
2024-04-21T08:46:36.639 INFO:journalctl@ceph.mon.a.smithi103.stdout:Apr 21 08:46:36 smithi103 ceph-mon[27953]: from='client.14154 -' entity='client.admin' cmd=[{"prefix": "get_command_descriptions"}]: dispatch
2024-04-21T08:46:36.639 INFO:journalctl@ceph.mon.a.smithi103.stdout:Apr 21 08:46:36 smithi103 ceph-mon[27953]: from='client.14154 -' entity='client.admin' cmd=[{"prefix": "mgr_status"}]: dispatch
2024-04-21T08:46:36.639 INFO:journalctl@ceph.mon.a.smithi103.stdout:Apr 21 08:46:36 smithi103 ceph-mon[27953]: from='mgr.14150 172.21.15.103:0/1501985599' entity='mgr.x'
2024-04-21T08:46:37.776 INFO:teuthology.orchestra.run.smithi103.stdout:/usr/bin/ceph: stdout Self-signed certificate created
2024-04-21T08:46:37.776 INFO:teuthology.orchestra.run.smithi103.stdout:/usr/bin/ceph: stderr
2024-04-21T08:46:36.856+0000 7fae9eb57700 1 Processor -- start
2024-04-21T08:46:37.776 INFO:teuthology.orchestra.run.smithi103.stdout:/usr/bin/ceph: stderr
2024-04-21T08:46:36.856+0000 7fae9eb57700 1 -- start start
2024-04-21T08:46:37.776 INFO:teuthology.orchestra.run.smithi103.stdout:/usr/bin/ceph: stderr
2024-04-21T08:46:36.856+0000 7fae9eb57700 1 --2- >> [v2:172.21.15.103:3300/0,v1:172.21.15.103:6789/0] conn(0x7fae98108370 0x7fae98108790 unknown :-1 s=NONE pgs=0 cs=0 l=0 rev1=0 crypto rx=0 tx=0 comp rx=0 tx=0).connect
2024-04-21T08:46:37.776 INFO:teuthology.orchestra.run.smithi103.stdout:/usr/bin/ceph: stderr
2024-04-21T08:46:36.856+0000 7fae9eb57700 1 -- --> [v2:172.21.15.103:3300/0,v1:172.21.15.103:6789/0] -- mon_getmap magic: 0 -- 0x7fae98108d60 con 0x7fae98108370
2024-04-21T08:46:37.777 INFO:teuthology.orchestra.run.smithi103.stdout:/usr/bin/ceph: stderr
2024-04-21T08:46:36.856+0000 7fae9c8f3700 1 --2- >> [v2:172.21.15.103:3300/0,v1:172.21.15.103:6789/0] conn(0x7fae98108370 0x7fae98108790 unknown :-1 s=BANNER_CONNECTING pgs=0 cs=0 l=0 rev1=0 crypto rx=0 tx=0 comp rx=0 tx=0)._handle_peer_banner_payload supported=3 required=0
