2024-04-21T08:46:37.777 INFO:teuthology.orchestra.run.smithi103.stdout:/usr/bin/ceph: stderr
2024-04-21T08:46:36.857+0000 7fae9c8f3700 1 --2- >> [v2:172.21.15.103:3300/0,v1:172.21.15.103:6789/0] conn(0x7fae98108370 0x7fae98108790 unknown :-1 s=HELLO_CONNECTING pgs=0 cs=0 l=0 rev1=1 crypto rx=0 tx=0 comp rx=0 tx=0).handle_hello peer v2:172.21.15.103:3300/0 says I am v2:172.21.15.103:58108/0 (socket says 172.21.15.103:58108)
2024-04-21T08:46:37.777 INFO:teuthology.orchestra.run.smithi103.stdout:/usr/bin/ceph: stderr
2024-04-21T08:46:36.857+0000 7fae9c8f3700 1 -- 172.21.15.103:0/2442879659 learned_addr learned my addr 172.21.15.103:0/2442879659 (peer_addr_for_me v2:172.21.15.103:0/0)
2024-04-21T08:46:37.777 INFO:teuthology.orchestra.run.smithi103.stdout:/usr/bin/ceph: stderr
2024-04-21T08:46:36.857+0000 7fae9c8f3700 1 -- 172.21.15.103:0/2442879659 --> [v2:172.21.15.103:3300/0,v1:172.21.15.103:6789/0] -- mon_subscribe({config=0+,monmap=0+}) -- 0x7fae981094d0 con 0x7fae98108370
2024-04-21T08:46:37.777 INFO:teuthology.orchestra.run.smithi103.stdout:/usr/bin/ceph: stderr
2024-04-21T08:46:36.857+0000 7fae9c8f3700 1 --2- 172.21.15.103:0/2442879659 >> [v2:172.21.15.103:3300/0,v1:172.21.15.103:6789/0] conn(0x7fae98108370 0x7fae98108790 secure :-1 s=READY pgs=68 cs=0 l=1 rev1=1 crypto rx=0x7fae8c0098a0 tx=0x7fae8c009bb0 comp rx=0 tx=0).ready entity=mon.0 client_cookie=8c8e30d9e41c08bc server_cookie=0 in_seq=0 out_seq=0
2024-04-21T08:46:37.777 INFO:teuthology.orchestra.run.smithi103.stdout:/usr/bin/ceph: stderr
2024-04-21T08:46:36.857+0000 7fae977fe700 1 -- 172.21.15.103:0/2442879659 <== mon.0 v2:172.21.15.103:3300/0 1 ==== mon_map magic: 0 ==== 205+0+0 (secure 0 0 0) 0x7fae8c004160 con 0x7fae98108370
2024-04-21T08:46:37.777 INFO:teuthology.orchestra.run.smithi103.stdout:/usr/bin/ceph: stderr
2024-04-21T08:46:36.857+0000 7fae977fe700 1 -- 172.21.15.103:0/2442879659 <== mon.0 v2:172.21.15.103:3300/0 2 ==== config(26 keys) ==== 1101+0+0 (secure 0 0 0) 0x7fae8c004300 con 0x7fae98108370
2024-04-21T08:46:37.777 INFO:teuthology.orchestra.run.smithi103.stdout:/usr/bin/ceph: stderr
2024-04-21T08:46:36.857+0000 7fae977fe700 1 -- 172.21.15.103:0/2442879659 <== mon.0 v2:172.21.15.103:3300/0 3 ==== mon_map magic: 0 ==== 205+0+0 (secure 0 0 0) 0x7fae8c011a20 con 0x7fae98108370
2024-04-21T08:46:37.777 INFO:teuthology.orchestra.run.smithi103.stdout:/usr/bin/ceph: stderr
2024-04-21T08:46:36.858+0000 7fae9eb57700 1 -- 172.21.15.103:0/2442879659 >> [v2:172.21.15.103:3300/0,v1:172.21.15.103:6789/0] conn(0x7fae98108370 msgr2=0x7fae98108790 secure :-1 s=STATE_CONNECTION_ESTABLISHED l=1).mark_down
2024-04-21T08:46:37.777 INFO:teuthology.orchestra.run.smithi103.stdout:/usr/bin/ceph: stderr
2024-04-21T08:46:36.858+0000 7fae9eb57700 1 --2- 172.21.15.103:0/2442879659 >> [v2:172.21.15.103:3300/0,v1:172.21.15.103:6789/0] conn(0x7fae98108370 0x7fae98108790 secure :-1 s=READY pgs=68 cs=0 l=1 rev1=1 crypto rx=0x7fae8c0098a0 tx=0x7fae8c009bb0 comp rx=0 tx=0).stop
2024-04-21T08:46:37.777 INFO:teuthology.orchestra.run.smithi103.stdout:/usr/bin/ceph: stderr
2024-04-21T08:46:36.858+0000 7fae9eb57700 1 -- 172.21.15.103:0/2442879659 shutdown_connections
2024-04-21T08:46:37.777 INFO:teuthology.orchestra.run.smithi103.stdout:/usr/bin/ceph: stderr
2024-04-21T08:46:36.858+0000 7fae9eb57700 1 --2- 172.21.15.103:0/2442879659 >> [v2:172.21.15.103:3300/0,v1:172.21.15.103:6789/0] conn(0x7fae98108370 0x7fae98108790 unknown :-1 s=CLOSED pgs=68 cs=0 l=1 rev1=1 crypto rx=0 tx=0 comp rx=0 tx=0).stop
2024-04-21T08:46:37.777 INFO:teuthology.orchestra.run.smithi103.stdout:/usr/bin/ceph: stderr
2024-04-21T08:46:36.858+0000 7fae9eb57700 1 -- 172.21.15.103:0/2442879659 >> 172.21.15.103:0/2442879659 conn(0x7fae98103950 msgr2=0x7fae98105d70 unknown :-1 s=STATE_NONE l=0).mark_down
2024-04-21T08:46:37.778 INFO:teuthology.orchestra.run.smithi103.stdout:/usr/bin/ceph: stderr
2024-04-21T08:46:36.858+0000 7fae9eb57700 1 -- 172.21.15.103:0/2442879659 shutdown_connections
2024-04-21T08:46:37.778 INFO:teuthology.orchestra.run.smithi103.stdout:/usr/bin/ceph: stderr
2024-04-21T08:46:36.858+0000 7fae9eb57700 1 -- 172.21.15.103:0/2442879659 wait complete.
2024-04-21T08:46:37.778 INFO:teuthology.orchestra.run.smithi103.stdout:/usr/bin/ceph: stderr
2024-04-21T08:46:36.858+0000 7fae9eb57700 1 Processor -- start
2024-04-21T08:46:37.778 INFO:teuthology.orchestra.run.smithi103.stdout:/usr/bin/ceph: stderr
2024-04-21T08:46:36.858+0000 7fae9eb57700 1 -- start start
2024-04-21T08:46:37.778 INFO:teuthology.orchestra.run.smithi103.stdout:/usr/bin/ceph: stderr
2024-04-21T08:46:36.859+0000 7fae9eb57700 1 --2- >> [v2:172.21.15.103:3300/0,v1:172.21.15.103:6789/0] conn(0x7fae98108370 0x7fae9819c1f0 unknown :-1 s=NONE pgs=0 cs=0 l=1 rev1=0 crypto rx=0 tx=0 comp rx=0 tx=0).connect
2024-04-21T08:46:37.778 INFO:teuthology.orchestra.run.smithi103.stdout:/usr/bin/ceph: stderr
2024-04-21T08:46:36.859+0000 7fae9eb57700 1 -- --> [v2:172.21.15.103:3300/0,v1:172.21.15.103:6789/0] -- mon_getmap magic: 0 -- 0x7fae9810c880 con 0x7fae98108370
2024-04-21T08:46:37.778 INFO:teuthology.orchestra.run.smithi103.stdout:/usr/bin/ceph: stderr
2024-04-21T08:46:36.859+0000 7fae9c8f3700 1 --2- >> [v2:172.21.15.103:3300/0,v1:172.21.15.103:6789/0] conn(0x7fae98108370 0x7fae9819c1f0 unknown :-1 s=BANNER_CONNECTING pgs=0 cs=0 l=1 rev1=0 crypto rx=0 tx=0 comp rx=0 tx=0)._handle_peer_banner_payload supported=3 required=0
2024-04-21T08:46:37.778 INFO:teuthology.orchestra.run.smithi103.stdout:/usr/bin/ceph: stderr
2024-04-21T08:46:36.859+0000 7fae9c8f3700 1 --2- >> [v2:172.21.15.103:3300/0,v1:172.21.15.103:6789/0] conn(0x7fae98108370 0x7fae9819c1f0 unknown :-1 s=HELLO_CONNECTING pgs=0 cs=0 l=1 rev1=1 crypto rx=0 tx=0 comp rx=0 tx=0).handle_hello peer v2:172.21.15.103:3300/0 says I am v2:172.21.15.103:58124/0 (socket says 172.21.15.103:58124)
2024-04-21T08:46:37.778 INFO:teuthology.orchestra.run.smithi103.stdout:/usr/bin/ceph: stderr
2024-04-21T08:46:36.859+0000 7fae9c8f3700 1 -- 172.21.15.103:0/523800024 learned_addr learned my addr 172.21.15.103:0/523800024 (peer_addr_for_me v2:172.21.15.103:0/0)
2024-04-21T08:46:37.778 INFO:teuthology.orchestra.run.smithi103.stdout:/usr/bin/ceph: stderr
2024-04-21T08:46:36.859+0000 7fae9c8f3700 1 -- 172.21.15.103:0/523800024 --> [v2:172.21.15.103:3300/0,v1:172.21.15.103:6789/0] -- mon_subscribe({config=0+,monmap=0+}) -- 0x7fae9819c730 con 0x7fae98108370
2024-04-21T08:46:37.778 INFO:teuthology.orchestra.run.smithi103.stdout:/usr/bin/ceph: stderr
2024-04-21T08:46:36.859+0000 7fae9c8f3700 1 --2- 172.21.15.103:0/523800024 >> [v2:172.21.15.103:3300/0,v1:172.21.15.103:6789/0] conn(0x7fae98108370 0x7fae9819c1f0 secure :-1 s=READY pgs=69 cs=0 l=1 rev1=1 crypto rx=0x7fae8c0119f0 tx=0x7fae8c011ad0 comp rx=0 tx=0).ready entity=mon.0 client_cookie=0 server_cookie=0 in_seq=0 out_seq=0
2024-04-21T08:46:37.778 INFO:teuthology.orchestra.run.smithi103.stdout:/usr/bin/ceph: stderr
2024-04-21T08:46:36.859+0000 7fae95ffb700 1 -- 172.21.15.103:0/523800024 <== mon.0 v2:172.21.15.103:3300/0 1 ==== mon_map magic: 0 ==== 205+0+0 (secure 0 0 0) 0x7fae8c0039e0 con 0x7fae98108370
2024-04-21T08:46:37.779 INFO:teuthology.orchestra.run.smithi103.stdout:/usr/bin/ceph: stderr
2024-04-21T08:46:36.859+0000 7fae95ffb700 1 -- 172.21.15.103:0/523800024 <== mon.0 v2:172.21.15.103:3300/0 2 ==== config(26 keys) ==== 1101+0+0 (secure 0 0 0) 0x7fae8c01b8f0 con 0x7fae98108370
2024-04-21T08:46:37.779 INFO:teuthology.orchestra.run.smithi103.stdout:/usr/bin/ceph: stderr
2024-04-21T08:46:36.859+0000 7fae9eb57700 1 -- 172.21.15.103:0/523800024 --> [v2:172.21.15.103:3300/0,v1:172.21.15.103:6789/0] -- mon_subscribe({mgrmap=0+}) -- 0x7fae9819c9c0 con 0x7fae98108370
2024-04-21T08:46:37.779 INFO:teuthology.orchestra.run.smithi103.stdout:/usr/bin/ceph: stderr
2024-04-21T08:46:36.859+0000 7fae95ffb700 1 -- 172.21.15.103:0/523800024 <== mon.0 v2:172.21.15.103:3300/0 3 ==== mon_map magic: 0 ==== 205+0+0 (secure 0 0 0) 0x7fae8c0237a0 con 0x7fae98108370
2024-04-21T08:46:37.779 INFO:teuthology.orchestra.run.smithi103.stdout:/usr/bin/ceph: stderr
2024-04-21T08:46:36.860+0000 7fae9eb57700 1 -- 172.21.15.103:0/523800024 --> [v2:172.21.15.103:3300/0,v1:172.21.15.103:6789/0] -- mon_subscribe({osdmap=0}) -- 0x7fae9819f6b0 con 0x7fae98108370
2024-04-21T08:46:37.779 INFO:teuthology.orchestra.run.smithi103.stdout:/usr/bin/ceph: stderr
2024-04-21T08:46:36.860+0000 7fae95ffb700 1 -- 172.21.15.103:0/523800024 <== mon.0 v2:172.21.15.103:3300/0 4 ==== mgrmap(e 11) ==== 46465+0+0 (secure 0 0 0) 0x7fae8c01b440 con 0x7fae98108370
2024-04-21T08:46:37.779 INFO:teuthology.orchestra.run.smithi103.stdout:/usr/bin/ceph: stderr
2024-04-21T08:46:36.860+0000 7fae9eb57700 1 -- 172.21.15.103:0/523800024 --> [v2:172.21.15.103:3300/0,v1:172.21.15.103:6789/0] -- mon_command({"prefix": "get_command_descriptions"} v 0) -- 0x7fae980640a0 con 0x7fae98108370
2024-04-21T08:46:37.779 INFO:teuthology.orchestra.run.smithi103.stdout:/usr/bin/ceph: stderr
2024-04-21T08:46:36.861+0000 7fae95ffb700 1 --2- 172.21.15.103:0/523800024 >> [v2:172.21.15.103:6800/651685468,v1:172.21.15.103:6801/651685468] conn(0x7fae880394a0 0x7fae8803b960 unknown :-1 s=NONE pgs=0 cs=0 l=1 rev1=0 crypto rx=0 tx=0 comp rx=0 tx=0).connect
2024-04-21T08:46:37.779 INFO:teuthology.orchestra.run.smithi103.stdout:/usr/bin/ceph: stderr
2024-04-21T08:46:36.861+0000 7fae95ffb700 1 -- 172.21.15.103:0/523800024 <== mon.0 v2:172.21.15.103:3300/0 5 ==== osd_map(3..3 src has 1..3) ==== 1155+0+0 (secure 0 0 0) 0x7fae8c04de10 con 0x7fae98108370
2024-04-21T08:46:37.779 INFO:teuthology.orchestra.run.smithi103.stdout:/usr/bin/ceph: stderr
2024-04-21T08:46:36.861+0000 7fae97fff700 1 --2- 172.21.15.103:0/523800024 >> [v2:172.21.15.103:6800/651685468,v1:172.21.15.103:6801/651685468] conn(0x7fae880394a0 0x7fae8803b960 unknown :-1 s=BANNER_CONNECTING pgs=0 cs=0 l=1 rev1=0 crypto rx=0 tx=0 comp rx=0 tx=0)._handle_peer_banner_payload supported=3 required=0
2024-04-21T08:46:37.779 INFO:teuthology.orchestra.run.smithi103.stdout:/usr/bin/ceph: stderr
2024-04-21T08:46:36.861+0000 7fae97fff700 1 --2- 172.21.15.103:0/523800024 >> [v2:172.21.15.103:6800/651685468,v1:172.21.15.103:6801/651685468] conn(0x7fae880394a0 0x7fae8803b960 secure :-1 s=READY pgs=7 cs=0 l=1 rev1=1 crypto rx=0x7fae84006fd0 tx=0x7fae84006e40 comp rx=0 tx=0).ready entity=mgr.14150 client_cookie=0 server_cookie=0 in_seq=0 out_seq=0
2024-04-21T08:46:37.779 INFO:teuthology.orchestra.run.smithi103.stdout:/usr/bin/ceph: stderr
2024-04-21T08:46:36.871+0000 7fae95ffb700 1 -- 172.21.15.103:0/523800024 <== mon.0 v2:172.21.15.103:3300/0 6 ==== mon_command_ack([{"prefix": "get_command_descriptions"}]=0 v0) ==== 72+0+188370 (secure 0 0 0) 0x7fae8c01f030 con 0x7fae98108370
2024-04-21T08:46:37.779 INFO:teuthology.orchestra.run.smithi103.stdout:/usr/bin/ceph: stderr
2024-04-21T08:46:36.876+0000 7fae95ffb700 1 -- 172.21.15.103:0/523800024 <== mon.0 v2:172.21.15.103:3300/0 7 ==== mgrmap(e 12) ==== 46571+0+0 (secure 0 0 0) 0x7fae8c02c770 con 0x7fae98108370
2024-04-21T08:46:37.779 INFO:teuthology.orchestra.run.smithi103.stdout:/usr/bin/ceph: stderr
2024-04-21T08:46:37.085+0000 7fae9eb57700 1 -- 172.21.15.103:0/523800024 --> [v2:172.21.15.103:6800/651685468,v1:172.21.15.103:6801/651685468] -- mgr_command(tid 0: {"prefix": "dashboard create-self-signed-cert", "target": ["mon-mgr", ""]}) -- 0x7fae98104b50 con 0x7fae880394a0
2024-04-21T08:46:37.779 INFO:teuthology.orchestra.run.smithi103.stdout:/usr/bin/ceph: stderr
2024-04-21T08:46:37.206+0000 7fae95ffb700 1 -- 172.21.15.103:0/523800024 <== mgr.14150 v2:172.21.15.103:6800/651685468 1 ==== mgr_command_reply(tid 0: 0 ) ==== 8+0+32 (secure 0 0 0) 0x7fae98104b50 con 0x7fae880394a0
2024-04-21T08:46:37.780 INFO:teuthology.orchestra.run.smithi103.stdout:/usr/bin/ceph: stderr
2024-04-21T08:46:37.209+0000 7fae9eb57700 1 -- 172.21.15.103:0/523800024 >> [v2:172.21.15.103:6800/651685468,v1:172.21.15.103:6801/651685468] conn(0x7fae880394a0 msgr2=0x7fae8803b960 secure :-1 s=STATE_CONNECTION_ESTABLISHED l=1).mark_down
2024-04-21T08:46:37.780 INFO:teuthology.orchestra.run.smithi103.stdout:/usr/bin/ceph: stderr
2024-04-21T08:46:37.209+0000 7fae9eb57700 1 --2- 172.21.15.103:0/523800024 >> [v2:172.21.15.103:6800/651685468,v1:172.21.15.103:6801/651685468] conn(0x7fae880394a0 0x7fae8803b960 secure :-1 s=READY pgs=7 cs=0 l=1 rev1=1 crypto rx=0x7fae84006fd0 tx=0x7fae84006e40 comp rx=0 tx=0).stop
2024-04-21T08:46:37.780 INFO:teuthology.orchestra.run.smithi103.stdout:/usr/bin/ceph: stderr
2024-04-21T08:46:37.209+0000 7fae9eb57700 1 -- 172.21.15.103:0/523800024 >> [v2:172.21.15.103:3300/0,v1:172.21.15.103:6789/0] conn(0x7fae98108370 msgr2=0x7fae9819c1f0 secure :-1 s=STATE_CONNECTION_ESTABLISHED l=1).mark_down
2024-04-21T08:46:37.780 INFO:teuthology.orchestra.run.smithi103.stdout:/usr/bin/ceph: stderr
2024-04-21T08:46:37.209+0000 7fae9eb57700 1 --2- 172.21.15.103:0/523800024 >> [v2:172.21.15.103:3300/0,v1:172.21.15.103:6789/0] conn(0x7fae98108370 0x7fae9819c1f0 secure :-1 s=READY pgs=69 cs=0 l=1 rev1=1 crypto rx=0x7fae8c0119f0 tx=0x7fae8c011ad0 comp rx=0 tx=0).stop
2024-04-21T08:46:37.780 INFO:teuthology.orchestra.run.smithi103.stdout:/usr/bin/ceph: stderr
2024-04-21T08:46:37.209+0000 7fae9eb57700 1 -- 172.21.15.103:0/523800024 shutdown_connections
2024-04-21T08:46:37.780 INFO:teuthology.orchestra.run.smithi103.stdout:/usr/bin/ceph: stderr
2024-04-21T08:46:37.209+0000 7fae9eb57700 1 --2- 172.21.15.103:0/523800024 >> [v2:172.21.15.103:6800/651685468,v1:172.21.15.103:6801/651685468] conn(0x7fae880394a0 0x7fae8803b960 unknown :-1 s=CLOSED pgs=7 cs=0 l=1 rev1=1 crypto rx=0 tx=0 comp rx=0 tx=0).stop
2024-04-21T08:46:37.780 INFO:teuthology.orchestra.run.smithi103.stdout:/usr/bin/ceph: stderr
2024-04-21T08:46:37.209+0000 7fae9eb57700 1 --2- 172.21.15.103:0/523800024 >> [v2:172.21.15.103:3300/0,v1:172.21.15.103:6789/0] conn(0x7fae98108370 0x7fae9819c1f0 unknown :-1 s=CLOSED pgs=69 cs=0 l=1 rev1=1 crypto rx=0 tx=0 comp rx=0 tx=0).stop
2024-04-21T08:46:37.780 INFO:teuthology.orchestra.run.smithi103.stdout:/usr/bin/ceph: stderr
2024-04-21T08:46:37.209+0000 7fae9eb57700 1 -- 172.21.15.103:0/523800024 >> 172.21.15.103:0/523800024 conn(0x7fae98103950 msgr2=0x7fae98104440 unknown :-1 s=STATE_NONE l=0).mark_down
2024-04-21T08:46:37.780 INFO:teuthology.orchestra.run.smithi103.stdout:/usr/bin/ceph: stderr
2024-04-21T08:46:37.209+0000 7fae9eb57700 1 -- 172.21.15.103:0/523800024 shutdown_connections
2024-04-21T08:46:37.780 INFO:teuthology.orchestra.run.smithi103.stdout:/usr/bin/ceph: stderr
2024-04-21T08:46:37.209+0000 7fae9eb57700 1 -- 172.21.15.103:0/523800024 wait complete.
2024-04-21T08:46:37.780 INFO:teuthology.orchestra.run.smithi103.stdout:Creating initial admin user...
2024-04-21T08:46:38.146 INFO:journalctl@ceph.mon.a.smithi103.stdout:Apr 21 08:46:37 smithi103 ceph-mon[27953]: mgrmap e12: x(active, since 2s)
2024-04-21T08:46:38.146 INFO:journalctl@ceph.mon.a.smithi103.stdout:Apr 21 08:46:37 smithi103 ceph-mon[27953]: from='mgr.14150 172.21.15.103:0/1501985599' entity='mgr.x'
2024-04-21T08:46:38.146 INFO:journalctl@ceph.mon.a.smithi103.stdout:Apr 21 08:46:37 smithi103 ceph-mon[27953]: from='client.14162 -' entity='client.admin' cmd=[{"prefix": "dashboard create-self-signed-cert", "target": ["mon-mgr", ""]}]: dispatch
2024-04-21T08:46:38.147 INFO:journalctl@ceph.mon.a.smithi103.stdout:Apr 21 08:46:37 smithi103 ceph-mon[27953]: from='mgr.14150 172.21.15.103:0/1501985599' entity='mgr.x'
2024-04-21T08:46:38.147 INFO:journalctl@ceph.mon.a.smithi103.stdout:Apr 21 08:46:37 smithi103 ceph-mon[27953]: from='mgr.14150 172.21.15.103:0/1501985599' entity='mgr.x'
2024-04-21T08:46:39.080 INFO:journalctl@ceph.mon.a.smithi103.stdout:Apr 21 08:46:38 smithi103 ceph-mon[27953]: from='client.14164 -' entity='client.admin' cmd=[{"prefix": "dashboard ac-user-create", "username": "admin", "rolename": "administrator", "force_password": true, "pwd_update_required": true, "target": ["mon-mgr", ""]}]: dispatch
2024-04-21T08:46:39.080 INFO:journalctl@ceph.mon.a.smithi103.stdout:Apr 21 08:46:38 smithi103 ceph-mon[27953]: from='mgr.14150 172.21.15.103:0/1501985599' entity='mgr.x'
2024-04-21T08:46:39.897 INFO:teuthology.orchestra.run.smithi103.stdout:/usr/bin/ceph: stdout {"username": "admin", "password": "$2b$12$MO3BZ.8r1pjTTCoF92qetehG82xzGGTUlbAVAME.d3pdxvguWv/5G", "roles": ["administrator"], "name": null, "email": null, "lastUpdate": 1713689198, "enabled": true, "pwdExpirationDate": null, "pwdUpdateRequired": true}
2024-04-21T08:46:39.898 INFO:teuthology.orchestra.run.smithi103.stdout:/usr/bin/ceph: stderr
2024-04-21T08:46:38.248+0000 7f9f3f428700 1 Processor -- start
2024-04-21T08:46:39.898 INFO:teuthology.orchestra.run.smithi103.stdout:/usr/bin/ceph: stderr
2024-04-21T08:46:38.248+0000 7f9f3f428700 1 -- start start
2024-04-21T08:46:39.898 INFO:teuthology.orchestra.run.smithi103.stdout:/usr/bin/ceph: stderr
2024-04-21T08:46:38.248+0000 7f9f3f428700 1 --2- >> [v2:172.21.15.103:3300/0,v1:172.21.15.103:6789/0] conn(0x7f9f38106bd0 0x7f9f38106ff0 unknown :-1 s=NONE pgs=0 cs=0 l=0 rev1=0 crypto rx=0 tx=0 comp rx=0 tx=0).connect
2024-04-21T08:46:39.898 INFO:teuthology.orchestra.run.smithi103.stdout:/usr/bin/ceph: stderr
2024-04-21T08:46:38.248+0000 7f9f3f428700 1 -- --> [v2:172.21.15.103:3300/0,v1:172.21.15.103:6789/0] -- mon_getmap magic: 0 -- 0x7f9f3807be10 con 0x7f9f38106bd0
2024-04-21T08:46:39.898 INFO:teuthology.orchestra.run.smithi103.stdout:/usr/bin/ceph: stderr
2024-04-21T08:46:38.248+0000 7f9f3d1c4700 1 --2- >> [v2:172.21.15.103:3300/0,v1:172.21.15.103:6789/0] conn(0x7f9f38106bd0 0x7f9f38106ff0 unknown :-1 s=BANNER_CONNECTING pgs=0 cs=0 l=0 rev1=0 crypto rx=0 tx=0 comp rx=0 tx=0)._handle_peer_banner_payload supported=3 required=0
2024-04-21T08:46:39.898 INFO:teuthology.orchestra.run.smithi103.stdout:/usr/bin/ceph: stderr
2024-04-21T08:46:38.248+0000 7f9f3d1c4700 1 --2- >> [v2:172.21.15.103:3300/0,v1:172.21.15.103:6789/0] conn(0x7f9f38106bd0 0x7f9f38106ff0 unknown :-1 s=HELLO_CONNECTING pgs=0 cs=0 l=0 rev1=1 crypto rx=0 tx=0 comp rx=0 tx=0).handle_hello peer v2:172.21.15.103:3300/0 says I am v2:172.21.15.103:58132/0 (socket says 172.21.15.103:58132)
2024-04-21T08:46:39.898 INFO:teuthology.orchestra.run.smithi103.stdout:/usr/bin/ceph: stderr
2024-04-21T08:46:38.248+0000 7f9f3d1c4700 1 -- 172.21.15.103:0/3438109307 learned_addr learned my addr 172.21.15.103:0/3438109307 (peer_addr_for_me v2:172.21.15.103:0/0)
2024-04-21T08:46:39.898 INFO:teuthology.orchestra.run.smithi103.stdout:/usr/bin/ceph: stderr
2024-04-21T08:46:38.249+0000 7f9f3d1c4700 1 -- 172.21.15.103:0/3438109307 --> [v2:172.21.15.103:3300/0,v1:172.21.15.103:6789/0] -- mon_subscribe({config=0+,monmap=0+}) -- 0x7f9f38107530 con 0x7f9f38106bd0
2024-04-21T08:46:39.898 INFO:teuthology.orchestra.run.smithi103.stdout:/usr/bin/ceph: stderr
2024-04-21T08:46:38.249+0000 7f9f3d1c4700 1 --2- 172.21.15.103:0/3438109307 >> [v2:172.21.15.103:3300/0,v1:172.21.15.103:6789/0] conn(0x7f9f38106bd0 0x7f9f38106ff0 secure :-1 s=READY pgs=70 cs=0 l=1 rev1=1 crypto rx=0x7f9f340098a0 tx=0x7f9f34009bb0 comp rx=0 tx=0).ready entity=mon.0 client_cookie=7ec00e236ac20b05 server_cookie=0 in_seq=0 out_seq=0
2024-04-21T08:46:39.898 INFO:teuthology.orchestra.run.smithi103.stdout:/usr/bin/ceph: stderr
2024-04-21T08:46:38.249+0000 7f9f2ffff700 1 -- 172.21.15.103:0/3438109307 <== mon.0 v2:172.21.15.103:3300/0 1 ==== mon_map magic: 0 ==== 205+0+0 (secure 0 0 0) 0x7f9f34004160 con 0x7f9f38106bd0
2024-04-21T08:46:39.898 INFO:teuthology.orchestra.run.smithi103.stdout:/usr/bin/ceph: stderr
2024-04-21T08:46:38.249+0000 7f9f2ffff700 1 -- 172.21.15.103:0/3438109307 <== mon.0 v2:172.21.15.103:3300/0 2 ==== config(26 keys) ==== 1101+0+0 (secure 0 0 0) 0x7f9f34004300 con 0x7f9f38106bd0
2024-04-21T08:46:39.899 INFO:teuthology.orchestra.run.smithi103.stdout:/usr/bin/ceph: stderr
2024-04-21T08:46:38.249+0000 7f9f2ffff700 1 -- 172.21.15.103:0/3438109307 <== mon.0 v2:172.21.15.103:3300/0 3 ==== mon_map magic: 0 ==== 205+0+0 (secure 0 0 0) 0x7f9f34011a20 con 0x7f9f38106bd0
2024-04-21T08:46:39.899 INFO:teuthology.orchestra.run.smithi103.stdout:/usr/bin/ceph: stderr
2024-04-21T08:46:38.250+0000 7f9f3f428700 1 -- 172.21.15.103:0/3438109307 >> [v2:172.21.15.103:3300/0,v1:172.21.15.103:6789/0] conn(0x7f9f38106bd0 msgr2=0x7f9f38106ff0 secure :-1 s=STATE_CONNECTION_ESTABLISHED l=1).mark_down
2024-04-21T08:46:39.899 INFO:teuthology.orchestra.run.smithi103.stdout:/usr/bin/ceph: stderr
2024-04-21T08:46:38.250+0000 7f9f3f428700 1 --2- 172.21.15.103:0/3438109307 >> [v2:172.21.15.103:3300/0,v1:172.21.15.103:6789/0] conn(0x7f9f38106bd0 0x7f9f38106ff0 secure :-1 s=READY pgs=70 cs=0 l=1 rev1=1 crypto rx=0x7f9f340098a0 tx=0x7f9f34009bb0 comp rx=0 tx=0).stop
2024-04-21T08:46:39.899 INFO:teuthology.orchestra.run.smithi103.stdout:/usr/bin/ceph: stderr
2024-04-21T08:46:38.250+0000 7f9f3f428700 1 -- 172.21.15.103:0/3438109307 shutdown_connections
2024-04-21T08:46:39.899 INFO:teuthology.orchestra.run.smithi103.stdout:/usr/bin/ceph: stderr
2024-04-21T08:46:38.250+0000 7f9f3f428700 1 --2- 172.21.15.103:0/3438109307 >> [v2:172.21.15.103:3300/0,v1:172.21.15.103:6789/0] conn(0x7f9f38106bd0 0x7f9f38106ff0 unknown :-1 s=CLOSED pgs=70 cs=0 l=1 rev1=1 crypto rx=0 tx=0 comp rx=0 tx=0).stop
2024-04-21T08:46:39.899 INFO:teuthology.orchestra.run.smithi103.stdout:/usr/bin/ceph: stderr
2024-04-21T08:46:38.250+0000 7f9f3f428700 1 -- 172.21.15.103:0/3438109307 >> 172.21.15.103:0/3438109307 conn(0x7f9f381027d0 msgr2=0x7f9f38104bf0 unknown :-1 s=STATE_NONE l=0).mark_down
2024-04-21T08:46:39.899 INFO:teuthology.orchestra.run.smithi103.stdout:/usr/bin/ceph: stderr
2024-04-21T08:46:38.250+0000 7f9f3f428700 1 -- 172.21.15.103:0/3438109307 shutdown_connections
2024-04-21T08:46:39.899 INFO:teuthology.orchestra.run.smithi103.stdout:/usr/bin/ceph: stderr
2024-04-21T08:46:38.250+0000 7f9f3f428700 1 -- 172.21.15.103:0/3438109307 wait complete.
2024-04-21T08:46:39.899 INFO:teuthology.orchestra.run.smithi103.stdout:/usr/bin/ceph: stderr
2024-04-21T08:46:38.250+0000 7f9f3f428700 1 Processor -- start
2024-04-21T08:46:39.899 INFO:teuthology.orchestra.run.smithi103.stdout:/usr/bin/ceph: stderr
2024-04-21T08:46:38.250+0000 7f9f3f428700 1 -- start start
2024-04-21T08:46:39.899 INFO:teuthology.orchestra.run.smithi103.stdout:/usr/bin/ceph: stderr
2024-04-21T08:46:38.251+0000 7f9f3f428700 1 --2- >> [v2:172.21.15.103:3300/0,v1:172.21.15.103:6789/0] conn(0x7f9f38106bd0 0x7f9f3819e440 unknown :-1 s=NONE pgs=0 cs=0 l=1 rev1=0 crypto rx=0 tx=0 comp rx=0 tx=0).connect
2024-04-21T08:46:39.900 INFO:teuthology.orchestra.run.smithi103.stdout:/usr/bin/ceph: stderr
2024-04-21T08:46:38.251+0000 7f9f3f428700 1 -- --> [v2:172.21.15.103:3300/0,v1:172.21.15.103:6789/0] -- mon_getmap magic: 0 -- 0x7f9f381085a0 con 0x7f9f38106bd0
2024-04-21T08:46:39.900 INFO:teuthology.orchestra.run.smithi103.stdout:/usr/bin/ceph: stderr
2024-04-21T08:46:38.251+0000 7f9f3d1c4700 1 --2- >> [v2:172.21.15.103:3300/0,v1:172.21.15.103:6789/0] conn(0x7f9f38106bd0 0x7f9f3819e440 unknown :-1 s=BANNER_CONNECTING pgs=0 cs=0 l=1 rev1=0 crypto rx=0 tx=0 comp rx=0 tx=0)._handle_peer_banner_payload supported=3 required=0
2024-04-21T08:46:39.900 INFO:teuthology.orchestra.run.smithi103.stdout:/usr/bin/ceph: stderr
2024-04-21T08:46:38.251+0000 7f9f3d1c4700 1 --2- >> [v2:172.21.15.103:3300/0,v1:172.21.15.103:6789/0] conn(0x7f9f38106bd0 0x7f9f3819e440 unknown :-1 s=HELLO_CONNECTING pgs=0 cs=0 l=1 rev1=1 crypto rx=0 tx=0 comp rx=0 tx=0).handle_hello peer v2:172.21.15.103:3300/0 says I am v2:172.21.15.103:58142/0 (socket says 172.21.15.103:58142)
2024-04-21T08:46:39.900 INFO:teuthology.orchestra.run.smithi103.stdout:/usr/bin/ceph: stderr
2024-04-21T08:46:38.251+0000 7f9f3d1c4700 1 -- 172.21.15.103:0/314105491 learned_addr learned my addr 172.21.15.103:0/314105491 (peer_addr_for_me v2:172.21.15.103:0/0)
2024-04-21T08:46:39.900 INFO:teuthology.orchestra.run.smithi103.stdout:/usr/bin/ceph: stderr
2024-04-21T08:46:38.251+0000 7f9f3d1c4700 1 -- 172.21.15.103:0/314105491 --> [v2:172.21.15.103:3300/0,v1:172.21.15.103:6789/0] -- mon_subscribe({config=0+,monmap=0+}) -- 0x7f9f3819e980 con 0x7f9f38106bd0
2024-04-21T08:46:39.900 INFO:teuthology.orchestra.run.smithi103.stdout:/usr/bin/ceph: stderr
2024-04-21T08:46:38.251+0000 7f9f3d1c4700 1 --2- 172.21.15.103:0/314105491 >> [v2:172.21.15.103:3300/0,v1:172.21.15.103:6789/0] conn(0x7f9f38106bd0 0x7f9f3819e440 secure :-1 s=READY pgs=71 cs=0 l=1 rev1=1 crypto rx=0x7f9f340116e0 tx=0x7f9f34011aa0 comp rx=0 tx=0).ready entity=mon.0 client_cookie=0 server_cookie=0 in_seq=0 out_seq=0
2024-04-21T08:46:39.900 INFO:teuthology.orchestra.run.smithi103.stdout:/usr/bin/ceph: stderr
2024-04-21T08:46:38.251+0000 7f9f2e7fc700 1 -- 172.21.15.103:0/314105491 <== mon.0 v2:172.21.15.103:3300/0 1 ==== mon_map magic: 0 ==== 205+0+0 (secure 0 0 0) 0x7f9f34003b20 con 0x7f9f38106bd0
2024-04-21T08:46:39.900 INFO:teuthology.orchestra.run.smithi103.stdout:/usr/bin/ceph: stderr
2024-04-21T08:46:38.251+0000 7f9f2e7fc700 1 -- 172.21.15.103:0/314105491 <== mon.0 v2:172.21.15.103:3300/0 2 ==== config(26 keys) ==== 1101+0+0 (secure 0 0 0) 0x7f9f3401b8f0 con 0x7f9f38106bd0
2024-04-21T08:46:39.900 INFO:teuthology.orchestra.run.smithi103.stdout:/usr/bin/ceph: stderr
2024-04-21T08:46:38.251+0000 7f9f2e7fc700 1 -- 172.21.15.103:0/314105491 <== mon.0 v2:172.21.15.103:3300/0 3 ==== mon_map magic: 0 ==== 205+0+0 (secure 0 0 0) 0x7f9f340238c0 con 0x7f9f38106bd0
2024-04-21T08:46:39.900 INFO:teuthology.orchestra.run.smithi103.stdout:/usr/bin/ceph: stderr
2024-04-21T08:46:38.251+0000 7f9f3f428700 1 -- 172.21.15.103:0/314105491 --> [v2:172.21.15.103:3300/0,v1:172.21.15.103:6789/0] -- mon_subscribe({mgrmap=0+}) -- 0x7f9f3819ec10 con 0x7f9f38106bd0
2024-04-21T08:46:39.900 INFO:teuthology.orchestra.run.smithi103.stdout:/usr/bin/ceph: stderr
2024-04-21T08:46:38.251+0000 7f9f3f428700 1 -- 172.21.15.103:0/314105491 --> [v2:172.21.15.103:3300/0,v1:172.21.15.103:6789/0] -- mon_subscribe({osdmap=0}) -- 0x7f9f381a1900 con 0x7f9f38106bd0
2024-04-21T08:46:39.900 INFO:teuthology.orchestra.run.smithi103.stdout:/usr/bin/ceph: stderr
2024-04-21T08:46:38.252+0000 7f9f2e7fc700 1 -- 172.21.15.103:0/314105491 <== mon.0 v2:172.21.15.103:3300/0 4 ==== mgrmap(e 12) ==== 46571+0+0 (secure 0 0 0) 0x7f9f34023b70 con 0x7f9f38106bd0
2024-04-21T08:46:39.901 INFO:teuthology.orchestra.run.smithi103.stdout:/usr/bin/ceph: stderr
2024-04-21T08:46:38.252+0000 7f9f2e7fc700 1 --2- 172.21.15.103:0/314105491 >> [v2:172.21.15.103:6800/651685468,v1:172.21.15.103:6801/651685468] conn(0x7f9f240395b0 0x7f9f2403ba70 unknown :-1 s=NONE pgs=0 cs=0 l=1 rev1=0 crypto rx=0 tx=0 comp rx=0 tx=0).connect
2024-04-21T08:46:39.901 INFO:teuthology.orchestra.run.smithi103.stdout:/usr/bin/ceph: stderr
2024-04-21T08:46:38.252+0000 7f9f3f428700 1 -- 172.21.15.103:0/314105491 --> [v2:172.21.15.103:3300/0,v1:172.21.15.103:6789/0] -- mon_command({"prefix": "get_command_descriptions"} v 0) -- 0x7f9f380640a0 con 0x7f9f38106bd0
2024-04-21T08:46:39.901 INFO:teuthology.orchestra.run.smithi103.stdout:/usr/bin/ceph: stderr
2024-04-21T08:46:38.252+0000 7f9f3c9c3700 1 --2- 172.21.15.103:0/314105491 >> [v2:172.21.15.103:6800/651685468,v1:172.21.15.103:6801/651685468] conn(0x7f9f240395b0 0x7f9f2403ba70 unknown :-1 s=BANNER_CONNECTING pgs=0 cs=0 l=1 rev1=0 crypto rx=0 tx=0 comp rx=0 tx=0)._handle_peer_banner_payload supported=3 required=0
2024-04-21T08:46:39.901 INFO:teuthology.orchestra.run.smithi103.stdout:/usr/bin/ceph: stderr
2024-04-21T08:46:38.252+0000 7f9f2e7fc700 1 -- 172.21.15.103:0/314105491 <== mon.0 v2:172.21.15.103:3300/0 5 ==== osd_map(3..3 src has 1..3) ==== 1155+0+0 (secure 0 0 0) 0x7f9f3404e1a0 con 0x7f9f38106bd0
2024-04-21T08:46:39.901 INFO:teuthology.orchestra.run.smithi103.stdout:/usr/bin/ceph: stderr
2024-04-21T08:46:38.253+0000 7f9f3c9c3700 1 --2- 172.21.15.103:0/314105491 >> [v2:172.21.15.103:6800/651685468,v1:172.21.15.103:6801/651685468] conn(0x7f9f240395b0 0x7f9f2403ba70 secure :-1 s=READY pgs=8 cs=0 l=1 rev1=1 crypto rx=0x7f9f28006fd0 tx=0x7f9f28006e40 comp rx=0 tx=0).ready entity=mgr.14150 client_cookie=0 server_cookie=0 in_seq=0 out_seq=0
2024-04-21T08:46:39.901 INFO:teuthology.orchestra.run.smithi103.stdout:/usr/bin/ceph: stderr
2024-04-21T08:46:38.257+0000 7f9f2e7fc700 1 -- 172.21.15.103:0/314105491 <== mon.0 v2:172.21.15.103:3300/0 6 ==== mon_command_ack([{"prefix": "get_command_descriptions"}]=0 v0) ==== 72+0+188370 (secure 0 0 0) 0x7f9f3401f030 con 0x7f9f38106bd0
2024-04-21T08:46:39.901 INFO:teuthology.orchestra.run.smithi103.stdout:/usr/bin/ceph: stderr
2024-04-21T08:46:38.485+0000 7f9f3f428700 1 -- 172.21.15.103:0/314105491 --> [v2:172.21.15.103:6800/651685468,v1:172.21.15.103:6801/651685468] -- mgr_command(tid 0: {"prefix": "dashboard ac-user-create", "username": "admin", "rolename": "administrator", "force_password": true, "pwd_update_required": true, "target": ["mon-mgr", ""]}) -- 0x7f9f3802e1a0 con 0x7f9f240395b0
2024-04-21T08:46:39.901 INFO:teuthology.orchestra.run.smithi103.stdout:/usr/bin/ceph: stderr
2024-04-21T08:46:38.711+0000 7f9f2e7fc700 1 -- 172.21.15.103:0/314105491 <== mgr.14150 v2:172.21.15.103:6800/651685468 1 ==== mgr_command_reply(tid 0: 0 ) ==== 8+0+252 (secure 0 0 0) 0x7f9f3802e1a0 con 0x7f9f240395b0
2024-04-21T08:46:39.901 INFO:teuthology.orchestra.run.smithi103.stdout:/usr/bin/ceph: stderr
2024-04-21T08:46:38.713+0000 7f9f3f428700 1 -- 172.21.15.103:0/314105491 >> [v2:172.21.15.103:6800/651685468,v1:172.21.15.103:6801/651685468] conn(0x7f9f240395b0 msgr2=0x7f9f2403ba70 secure :-1 s=STATE_CONNECTION_ESTABLISHED l=1).mark_down
2024-04-21T08:46:39.901 INFO:teuthology.orchestra.run.smithi103.stdout:/usr/bin/ceph: stderr
2024-04-21T08:46:38.713+0000 7f9f3f428700 1 --2- 172.21.15.103:0/314105491 >> [v2:172.21.15.103:6800/651685468,v1:172.21.15.103:6801/651685468] conn(0x7f9f240395b0 0x7f9f2403ba70 secure :-1 s=READY pgs=8 cs=0 l=1 rev1=1 crypto rx=0x7f9f28006fd0 tx=0x7f9f28006e40 comp rx=0 tx=0).stop
2024-04-21T08:46:39.901 INFO:teuthology.orchestra.run.smithi103.stdout:/usr/bin/ceph: stderr
2024-04-21T08:46:38.713+0000 7f9f3f428700 1 -- 172.21.15.103:0/314105491 >> [v2:172.21.15.103:3300/0,v1:172.21.15.103:6789/0] conn(0x7f9f38106bd0 msgr2=0x7f9f3819e440 secure :-1 s=STATE_CONNECTION_ESTABLISHED l=1).mark_down
2024-04-21T08:46:39.901 INFO:teuthology.orchestra.run.smithi103.stdout:/usr/bin/ceph: stderr
2024-04-21T08:46:38.713+0000 7f9f3f428700 1 --2- 172.21.15.103:0/314105491 >> [v2:172.21.15.103:3300/0,v1:172.21.15.103:6789/0] conn(0x7f9f38106bd0 0x7f9f3819e440 secure :-1 s=READY pgs=71 cs=0 l=1 rev1=1 crypto rx=0x7f9f340116e0 tx=0x7f9f34011aa0 comp rx=0 tx=0).stop
2024-04-21T08:46:39.902 INFO:teuthology.orchestra.run.smithi103.stdout:/usr/bin/ceph: stderr
2024-04-21T08:46:38.713+0000 7f9f3f428700 1 -- 172.21.15.103:0/314105491 shutdown_connections
2024-04-21T08:46:39.902 INFO:teuthology.orchestra.run.smithi103.stdout:/usr/bin/ceph: stderr
2024-04-21T08:46:38.713+0000 7f9f3f428700 1 --2- 172.21.15.103:0/314105491 >> [v2:172.21.15.103:6800/651685468,v1:172.21.15.103:6801/651685468] conn(0x7f9f240395b0 0x7f9f2403ba70 unknown :-1 s=CLOSED pgs=8 cs=0 l=1 rev1=1 crypto rx=0 tx=0 comp rx=0 tx=0).stop
2024-04-21T08:46:39.902 INFO:teuthology.orchestra.run.smithi103.stdout:/usr/bin/ceph: stderr
2024-04-21T08:46:38.713+0000 7f9f3f428700 1 --2- 172.21.15.103:0/314105491 >> [v2:172.21.15.103:3300/0,v1:172.21.15.103:6789/0] conn(0x7f9f38106bd0 0x7f9f3819e440 unknown :-1 s=CLOSED pgs=71 cs=0 l=1 rev1=1 crypto rx=0 tx=0 comp rx=0 tx=0).stop
2024-04-21T08:46:39.902 INFO:teuthology.orchestra.run.smithi103.stdout:/usr/bin/ceph: stderr
2024-04-21T08:46:38.713+0000 7f9f3f428700 1 -- 172.21.15.103:0/314105491 >> 172.21.15.103:0/314105491 conn(0x7f9f381027d0 msgr2=0x7f9f381950e0 unknown :-1 s=STATE_NONE l=0).mark_down
2024-04-21T08:46:39.902 INFO:teuthology.orchestra.run.smithi103.stdout:/usr/bin/ceph: stderr
2024-04-21T08:46:38.713+0000 7f9f3f428700 1 -- 172.21.15.103:0/314105491 shutdown_connections
2024-04-21T08:46:39.902 INFO:teuthology.orchestra.run.smithi103.stdout:/usr/bin/ceph: stderr
2024-04-21T08:46:38.713+0000 7f9f3f428700 1 -- 172.21.15.103:0/314105491 wait complete.
2024-04-21T08:46:39.902 INFO:teuthology.orchestra.run.smithi103.stdout:Fetching dashboard port number...
2024-04-21T08:46:41.262 INFO:teuthology.orchestra.run.smithi103.stdout:/usr/bin/ceph: stdout 8443
2024-04-21T08:46:41.262 INFO:teuthology.orchestra.run.smithi103.stdout:/usr/bin/ceph: stderr
2024-04-21T08:46:40.416+0000 7f403f149700 1 Processor -- start
2024-04-21T08:46:41.262 INFO:teuthology.orchestra.run.smithi103.stdout:/usr/bin/ceph: stderr
2024-04-21T08:46:40.416+0000 7f403f149700 1 -- start start
2024-04-21T08:46:41.263 INFO:teuthology.orchestra.run.smithi103.stdout:/usr/bin/ceph: stderr
2024-04-21T08:46:40.417+0000 7f403f149700 1 --2- >> [v2:172.21.15.103:3300/0,v1:172.21.15.103:6789/0] conn(0x7f4038108310 0x7f4038108730 unknown :-1 s=NONE pgs=0 cs=0 l=0 rev1=0 crypto rx=0 tx=0 comp rx=0 tx=0).connect
2024-04-21T08:46:41.263 INFO:teuthology.orchestra.run.smithi103.stdout:/usr/bin/ceph: stderr
2024-04-21T08:46:40.417+0000 7f403f149700 1 -- --> [v2:172.21.15.103:3300/0,v1:172.21.15.103:6789/0] -- mon_getmap magic: 0 -- 0x7f4038108d00 con 0x7f4038108310
2024-04-21T08:46:41.263 INFO:teuthology.orchestra.run.smithi103.stdout:/usr/bin/ceph: stderr
2024-04-21T08:46:40.417+0000 7f403cee5700 1 --2- >> [v2:172.21.15.103:3300/0,v1:172.21.15.103:6789/0] conn(0x7f4038108310 0x7f4038108730 unknown :-1 s=BANNER_CONNECTING pgs=0 cs=0 l=0 rev1=0 crypto rx=0 tx=0 comp rx=0 tx=0)._handle_peer_banner_payload supported=3 required=0
2024-04-21T08:46:41.263 INFO:teuthology.orchestra.run.smithi103.stdout:/usr/bin/ceph: stderr
2024-04-21T08:46:40.417+0000 7f403cee5700 1 --2- >> [v2:172.21.15.103:3300/0,v1:172.21.15.103:6789/0] conn(0x7f4038108310 0x7f4038108730 unknown :-1 s=HELLO_CONNECTING pgs=0 cs=0 l=0 rev1=1 crypto rx=0 tx=0 comp rx=0 tx=0).handle_hello peer v2:172.21.15.103:3300/0 says I am v2:172.21.15.103:58156/0 (socket says 172.21.15.103:58156)
2024-04-21T08:46:41.263 INFO:teuthology.orchestra.run.smithi103.stdout:/usr/bin/ceph: stderr
2024-04-21T08:46:40.417+0000 7f403cee5700 1 -- 172.21.15.103:0/1820962533 learned_addr learned my addr 172.21.15.103:0/1820962533 (peer_addr_for_me v2:172.21.15.103:0/0)
2024-04-21T08:46:41.263 INFO:teuthology.orchestra.run.smithi103.stdout:/usr/bin/ceph: stderr
2024-04-21T08:46:40.417+0000 7f403cee5700 1 -- 172.21.15.103:0/1820962533 --> [v2:172.21.15.103:3300/0,v1:172.21.15.103:6789/0] -- mon_subscribe({config=0+,monmap=0+}) -- 0x7f40381094c0 con 0x7f4038108310
2024-04-21T08:46:41.263 INFO:teuthology.orchestra.run.smithi103.stdout:/usr/bin/ceph: stderr
2024-04-21T08:46:40.417+0000 7f403cee5700 1 --2- 172.21.15.103:0/1820962533 >> [v2:172.21.15.103:3300/0,v1:172.21.15.103:6789/0] conn(0x7f4038108310 0x7f4038108730 secure :-1 s=READY pgs=72 cs=0 l=1 rev1=1 crypto rx=0x7f402c0098a0 tx=0x7f402c009bb0 comp rx=0 tx=0).ready entity=mon.0 client_cookie=7510f17e027b08bf server_cookie=0 in_seq=0 out_seq=0
2024-04-21T08:46:41.263 INFO:teuthology.orchestra.run.smithi103.stdout:/usr/bin/ceph: stderr
2024-04-21T08:46:40.417+0000 7f40377fe700 1 -- 172.21.15.103:0/1820962533 <== mon.0 v2:172.21.15.103:3300/0 1 ==== mon_map magic: 0 ==== 205+0+0 (secure 0 0 0) 0x7f402c004160 con 0x7f4038108310
2024-04-21T08:46:41.263 INFO:teuthology.orchestra.run.smithi103.stdout:/usr/bin/ceph: stderr
2024-04-21T08:46:40.418+0000 7f40377fe700 1 -- 172.21.15.103:0/1820962533 <== mon.0 v2:172.21.15.103:3300/0 2 ==== config(26 keys) ==== 1101+0+0 (secure 0 0 0) 0x7f402c004300 con 0x7f4038108310
2024-04-21T08:46:41.263 INFO:teuthology.orchestra.run.smithi103.stdout:/usr/bin/ceph: stderr
2024-04-21T08:46:40.418+0000 7f40377fe700 1 -- 172.21.15.103:0/1820962533 <== mon.0 v2:172.21.15.103:3300/0 3 ==== mon_map magic: 0 ==== 205+0+0 (secure 0 0 0) 0x7f402c011a20 con 0x7f4038108310
2024-04-21T08:46:41.263 INFO:teuthology.orchestra.run.smithi103.stdout:/usr/bin/ceph: stderr
2024-04-21T08:46:40.418+0000 7f403f149700 1 -- 172.21.15.103:0/1820962533 >> [v2:172.21.15.103:3300/0,v1:172.21.15.103:6789/0] conn(0x7f4038108310 msgr2=0x7f4038108730 secure :-1 s=STATE_CONNECTION_ESTABLISHED l=1).mark_down
2024-04-21T08:46:41.263 INFO:teuthology.orchestra.run.smithi103.stdout:/usr/bin/ceph: stderr
2024-04-21T08:46:40.418+0000 7f403f149700 1 --2- 172.21.15.103:0/1820962533 >> [v2:172.21.15.103:3300/0,v1:172.21.15.103:6789/0] conn(0x7f4038108310 0x7f4038108730 secure :-1 s=READY pgs=72 cs=0 l=1 rev1=1 crypto rx=0x7f402c0098a0 tx=0x7f402c009bb0 comp rx=0 tx=0).stop
2024-04-21T08:46:41.264 INFO:teuthology.orchestra.run.smithi103.stdout:/usr/bin/ceph: stderr
2024-04-21T08:46:40.418+0000 7f403f149700 1 -- 172.21.15.103:0/1820962533 shutdown_connections
2024-04-21T08:46:41.264 INFO:teuthology.orchestra.run.smithi103.stdout:/usr/bin/ceph: stderr
2024-04-21T08:46:40.418+0000 7f403f149700 1 --2- 172.21.15.103:0/1820962533 >> [v2:172.21.15.103:3300/0,v1:172.21.15.103:6789/0] conn(0x7f4038108310 0x7f4038108730 unknown :-1 s=CLOSED pgs=72 cs=0 l=1 rev1=1 crypto rx=0 tx=0 comp rx=0 tx=0).stop
2024-04-21T08:46:41.264 INFO:teuthology.orchestra.run.smithi103.stdout:/usr/bin/ceph: stderr
2024-04-21T08:46:40.418+0000 7f403f149700 1 -- 172.21.15.103:0/1820962533 >> 172.21.15.103:0/1820962533 conn(0x7f4038103930 msgr2=0x7f4038105d50 unknown :-1 s=STATE_NONE l=0).mark_down
2024-04-21T08:46:41.264 INFO:teuthology.orchestra.run.smithi103.stdout:/usr/bin/ceph: stderr
2024-04-21T08:46:40.418+0000 7f403f149700 1 -- 172.21.15.103:0/1820962533 shutdown_connections
2024-04-21T08:46:41.264 INFO:teuthology.orchestra.run.smithi103.stdout:/usr/bin/ceph: stderr
2024-04-21T08:46:40.418+0000 7f403f149700 1 -- 172.21.15.103:0/1820962533 wait complete.
2024-04-21T08:46:41.264 INFO:teuthology.orchestra.run.smithi103.stdout:/usr/bin/ceph: stderr
2024-04-21T08:46:40.419+0000 7f403f149700 1 Processor -- start
2024-04-21T08:46:41.264 INFO:teuthology.orchestra.run.smithi103.stdout:/usr/bin/ceph: stderr
2024-04-21T08:46:40.419+0000 7f403f149700 1 -- start start
2024-04-21T08:46:41.264 INFO:teuthology.orchestra.run.smithi103.stdout:/usr/bin/ceph: stderr
2024-04-21T08:46:40.419+0000 7f403f149700 1 --2- >> [v2:172.21.15.103:3300/0,v1:172.21.15.103:6789/0] conn(0x7f4038108310 0x7f403819c210 unknown :-1 s=NONE pgs=0 cs=0 l=1 rev1=0 crypto rx=0 tx=0 comp rx=0 tx=0).connect
2024-04-21T08:46:41.264 INFO:teuthology.orchestra.run.smithi103.stdout:/usr/bin/ceph: stderr
2024-04-21T08:46:40.419+0000 7f403f149700 1 -- --> [v2:172.21.15.103:3300/0,v1:172.21.15.103:6789/0] -- mon_getmap magic: 0 -- 0x7f403810c870 con 0x7f4038108310
2024-04-21T08:46:41.264 INFO:teuthology.orchestra.run.smithi103.stdout:/usr/bin/ceph: stderr
2024-04-21T08:46:40.419+0000 7f403cee5700 1 --2- >> [v2:172.21.15.103:3300/0,v1:172.21.15.103:6789/0] conn(0x7f4038108310 0x7f403819c210 unknown :-1 s=BANNER_CONNECTING pgs=0 cs=0 l=1 rev1=0 crypto rx=0 tx=0 comp rx=0 tx=0)._handle_peer_banner_payload supported=3 required=0
2024-04-21T08:46:41.264 INFO:teuthology.orchestra.run.smithi103.stdout:/usr/bin/ceph: stderr
2024-04-21T08:46:40.419+0000 7f403cee5700 1 --2- >> [v2:172.21.15.103:3300/0,v1:172.21.15.103:6789/0] conn(0x7f4038108310 0x7f403819c210 unknown :-1 s=HELLO_CONNECTING pgs=0 cs=0 l=1 rev1=1 crypto rx=0 tx=0 comp rx=0 tx=0).handle_hello peer v2:172.21.15.103:3300/0 says I am v2:172.21.15.103:58170/0 (socket says 172.21.15.103:58170)
2024-04-21T08:46:41.264 INFO:teuthology.orchestra.run.smithi103.stdout:/usr/bin/ceph: stderr
2024-04-21T08:46:40.419+0000 7f403cee5700 1 -- 172.21.15.103:0/254410230 learned_addr learned my addr 172.21.15.103:0/254410230 (peer_addr_for_me v2:172.21.15.103:0/0)
2024-04-21T08:46:41.265 INFO:teuthology.orchestra.run.smithi103.stdout:/usr/bin/ceph: stderr
2024-04-21T08:46:40.419+0000 7f403cee5700 1 -- 172.21.15.103:0/254410230 --> [v2:172.21.15.103:3300/0,v1:172.21.15.103:6789/0] -- mon_subscribe({config=0+,monmap=0+}) -- 0x7f403819c750 con 0x7f4038108310
2024-04-21T08:46:41.265 INFO:teuthology.orchestra.run.smithi103.stdout:/usr/bin/ceph: stderr
2024-04-21T08:46:40.419+0000 7f403cee5700 1 --2- 172.21.15.103:0/254410230 >> [v2:172.21.15.103:3300/0,v1:172.21.15.103:6789/0] conn(0x7f4038108310 0x7f403819c210 secure :-1 s=READY pgs=73 cs=0 l=1 rev1=1 crypto rx=0x7f402c0119f0 tx=0x7f402c011ad0 comp rx=0 tx=0).ready entity=mon.0 client_cookie=0 server_cookie=0 in_seq=0 out_seq=0
2024-04-21T08:46:41.265 INFO:teuthology.orchestra.run.smithi103.stdout:/usr/bin/ceph: stderr
2024-04-21T08:46:40.420+0000 7f4035ffb700 1 -- 172.21.15.103:0/254410230 <== mon.0 v2:172.21.15.103:3300/0 1 ==== mon_map magic: 0 ==== 205+0+0 (secure 0 0 0) 0x7f402c0039e0 con 0x7f4038108310
2024-04-21T08:46:41.265 INFO:teuthology.orchestra.run.smithi103.stdout:/usr/bin/ceph: stderr
2024-04-21T08:46:40.420+0000 7f4035ffb700 1 -- 172.21.15.103:0/254410230 <== mon.0 v2:172.21.15.103:3300/0 2 ==== config(26 keys) ==== 1101+0+0 (secure 0 0 0) 0x7f402c01b8f0 con 0x7f4038108310
2024-04-21T08:46:41.265 INFO:teuthology.orchestra.run.smithi103.stdout:/usr/bin/ceph: stderr
2024-04-21T08:46:40.420+0000 7f403f149700 1 -- 172.21.15.103:0/254410230 --> [v2:172.21.15.103:3300/0,v1:172.21.15.103:6789/0] -- mon_subscribe({mgrmap=0+}) -- 0x7f403819c9e0 con 0x7f4038108310
2024-04-21T08:46:41.265 INFO:teuthology.orchestra.run.smithi103.stdout:/usr/bin/ceph: stderr
2024-04-21T08:46:40.420+0000 7f4035ffb700 1 -- 172.21.15.103:0/254410230 <== mon.0 v2:172.21.15.103:3300/0 3 ==== mon_map magic: 0 ==== 205+0+0 (secure 0 0 0) 0x7f402c0237a0 con 0x7f4038108310
2024-04-21T08:46:41.265 INFO:teuthology.orchestra.run.smithi103.stdout:/usr/bin/ceph: stderr
2024-04-21T08:46:40.420+0000 7f403f149700 1 -- 172.21.15.103:0/254410230 --> [v2:172.21.15.103:3300/0,v1:172.21.15.103:6789/0] -- mon_subscribe({osdmap=0}) -- 0x7f403807c0c0 con 0x7f4038108310
2024-04-21T08:46:41.265 INFO:teuthology.orchestra.run.smithi103.stdout:/usr/bin/ceph: stderr
2024-04-21T08:46:40.421+0000 7f4035ffb700 1 -- 172.21.15.103:0/254410230 <== mon.0 v2:172.21.15.103:3300/0 4 ==== mgrmap(e 12) ==== 46571+0+0 (secure 0 0 0) 0x7f402c023a50 con 0x7f4038108310
2024-04-21T08:46:41.265 INFO:teuthology.orchestra.run.smithi103.stdout:/usr/bin/ceph: stderr
2024-04-21T08:46:40.421+0000 7f4035ffb700 1 --2- 172.21.15.103:0/254410230 >> [v2:172.21.15.103:6800/651685468,v1:172.21.15.103:6801/651685468] conn(0x7f402803da20 0x7f402803fee0 unknown :-1 s=NONE pgs=0 cs=0 l=1 rev1=0 crypto rx=0 tx=0 comp rx=0 tx=0).connect
2024-04-21T08:46:41.265 INFO:teuthology.orchestra.run.smithi103.stdout:/usr/bin/ceph: stderr
2024-04-21T08:46:40.421+0000 7f4035ffb700 1 -- 172.21.15.103:0/254410230 <== mon.0 v2:172.21.15.103:3300/0 5 ==== osd_map(3..3 src has 1..3) ==== 1155+0+0 (secure 0 0 0) 0x7f402c04e0b0 con 0x7f4038108310
2024-04-21T08:46:41.265 INFO:teuthology.orchestra.run.smithi103.stdout:/usr/bin/ceph: stderr
2024-04-21T08:46:40.421+0000 7f4037fff700 1 --2- 172.21.15.103:0/254410230 >> [v2:172.21.15.103:6800/651685468,v1:172.21.15.103:6801/651685468] conn(0x7f402803da20 0x7f402803fee0 unknown :-1 s=BANNER_CONNECTING pgs=0 cs=0 l=1 rev1=0 crypto rx=0 tx=0 comp rx=0 tx=0)._handle_peer_banner_payload supported=3 required=0
2024-04-21T08:46:41.265 INFO:teuthology.orchestra.run.smithi103.stdout:/usr/bin/ceph: stderr
2024-04-21T08:46:40.421+0000 7f403f149700 1 -- 172.21.15.103:0/254410230 --> [v2:172.21.15.103:3300/0,v1:172.21.15.103:6789/0] -- mon_command({"prefix": "get_command_descriptions"} v 0) -- 0x7f40380640a0 con 0x7f4038108310
2024-04-21T08:46:41.265 INFO:teuthology.orchestra.run.smithi103.stdout:/usr/bin/ceph: stderr
2024-04-21T08:46:40.421+0000 7f4037fff700 1 --2- 172.21.15.103:0/254410230 >> [v2:172.21.15.103:6800/651685468,v1:172.21.15.103:6801/651685468] conn(0x7f402803da20 0x7f402803fee0 secure :-1 s=READY pgs=9 cs=0 l=1 rev1=1 crypto rx=0x7f4024006fd0 tx=0x7f4024006e40 comp rx=0 tx=0).ready entity=mgr.14150 client_cookie=0 server_cookie=0 in_seq=0 out_seq=0
2024-04-21T08:46:41.266 INFO:teuthology.orchestra.run.smithi103.stdout:/usr/bin/ceph: stderr
2024-04-21T08:46:40.426+0000 7f4035ffb700 1 -- 172.21.15.103:0/254410230 <== mon.0 v2:172.21.15.103:3300/0 6 ==== mon_command_ack([{"prefix": "get_command_descriptions"}]=0 v0) ==== 72+0+188370 (secure 0 0 0) 0x7f402c04a020 con 0x7f4038108310
2024-04-21T08:46:41.266 INFO:teuthology.orchestra.run.smithi103.stdout:/usr/bin/ceph: stderr
2024-04-21T08:46:40.512+0000 7f4035ffb700 1 -- 172.21.15.103:0/254410230 <== mon.0 v2:172.21.15.103:3300/0 7 ==== mgrmap(e 13) ==== 46615+0+0 (secure 0 0 0) 0x7f402c02cc90 con 0x7f4038108310
2024-04-21T08:46:41.266 INFO:teuthology.orchestra.run.smithi103.stdout:/usr/bin/ceph: stderr
2024-04-21T08:46:40.629+0000 7f403f149700 1 -- 172.21.15.103:0/254410230 --> [v2:172.21.15.103:3300/0,v1:172.21.15.103:6789/0] -- mon_command({"prefix": "config get", "who": "mgr", "key": "mgr/dashboard/ssl_server_port"} v 0) -- 0x7f403807c580 con 0x7f4038108310
2024-04-21T08:46:41.266 INFO:teuthology.orchestra.run.smithi103.stdout:/usr/bin/ceph: stderr
2024-04-21T08:46:40.630+0000 7f4035ffb700 1 -- 172.21.15.103:0/254410230 <== mon.0 v2:172.21.15.103:3300/0 8 ==== mon_command_ack([{"prefix": "config get", "who": "mgr", "key": "mgr/dashboard/ssl_server_port"}]=0 v8) ==== 112+0+5 (secure 0 0 0) 0x7f402c01f030 con 0x7f4038108310
2024-04-21T08:46:41.266 INFO:teuthology.orchestra.run.smithi103.stdout:/usr/bin/ceph: stderr
2024-04-21T08:46:40.632+0000 7f403f149700 1 -- 172.21.15.103:0/254410230 >> [v2:172.21.15.103:6800/651685468,v1:172.21.15.103:6801/651685468] conn(0x7f402803da20 msgr2=0x7f402803fee0 secure :-1 s=STATE_CONNECTION_ESTABLISHED l=1).mark_down
2024-04-21T08:46:41.266 INFO:teuthology.orchestra.run.smithi103.stdout:/usr/bin/ceph: stderr
2024-04-21T08:46:40.632+0000 7f403f149700 1 --2- 172.21.15.103:0/254410230 >> [v2:172.21.15.103:6800/651685468,v1:172.21.15.103:6801/651685468] conn(0x7f402803da20 0x7f402803fee0 secure :-1 s=READY pgs=9 cs=0 l=1 rev1=1 crypto rx=0x7f4024006fd0 tx=0x7f4024006e40 comp rx=0 tx=0).stop
2024-04-21T08:46:41.266 INFO:teuthology.orchestra.run.smithi103.stdout:/usr/bin/ceph: stderr
2024-04-21T08:46:40.632+0000 7f403f149700 1 -- 172.21.15.103:0/254410230 >> [v2:172.21.15.103:3300/0,v1:172.21.15.103:6789/0] conn(0x7f4038108310 msgr2=0x7f403819c210 secure :-1 s=STATE_CONNECTION_ESTABLISHED l=1).mark_down
2024-04-21T08:46:41.266 INFO:teuthology.orchestra.run.smithi103.stdout:/usr/bin/ceph: stderr
2024-04-21T08:46:40.632+0000 7f403f149700 1 --2- 172.21.15.103:0/254410230 >> [v2:172.21.15.103:3300/0,v1:172.21.15.103:6789/0] conn(0x7f4038108310 0x7f403819c210 secure :-1 s=READY pgs=73 cs=0 l=1 rev1=1 crypto rx=0x7f402c0119f0 tx=0x7f402c011ad0 comp rx=0 tx=0).stop
2024-04-21T08:46:41.266 INFO:teuthology.orchestra.run.smithi103.stdout:/usr/bin/ceph: stderr
2024-04-21T08:46:40.632+0000 7f403f149700 1 -- 172.21.15.103:0/254410230 shutdown_connections
2024-04-21T08:46:41.266 INFO:teuthology.orchestra.run.smithi103.stdout:/usr/bin/ceph: stderr
2024-04-21T08:46:40.632+0000 7f403f149700 1 --2- 172.21.15.103:0/254410230 >> [v2:172.21.15.103:6800/651685468,v1:172.21.15.103:6801/651685468] conn(0x7f402803da20 0x7f402803fee0 unknown :-1 s=CLOSED pgs=9 cs=0 l=1 rev1=1 crypto rx=0 tx=0 comp rx=0 tx=0).stop
2024-04-21T08:46:41.266 INFO:teuthology.orchestra.run.smithi103.stdout:/usr/bin/ceph: stderr
2024-04-21T08:46:40.632+0000 7f403f149700 1 --2- 172.21.15.103:0/254410230 >> [v2:172.21.15.103:3300/0,v1:172.21.15.103:6789/0] conn(0x7f4038108310 0x7f403819c210 unknown :-1 s=CLOSED pgs=73 cs=0 l=1 rev1=1 crypto rx=0 tx=0 comp rx=0 tx=0).stop
2024-04-21T08:46:41.266 INFO:teuthology.orchestra.run.smithi103.stdout:/usr/bin/ceph: stderr
2024-04-21T08:46:40.632+0000 7f403f149700 1 -- 172.21.15.103:0/254410230 >> 172.21.15.103:0/254410230 conn(0x7f4038103930 msgr2=0x7f4038104490 unknown :-1 s=STATE_NONE l=0).mark_down
2024-04-21T08:46:41.266 INFO:teuthology.orchestra.run.smithi103.stdout:/usr/bin/ceph: stderr
2024-04-21T08:46:40.632+0000 7f403f149700 1 -- 172.21.15.103:0/254410230 shutdown_connections
2024-04-21T08:46:41.266 INFO:teuthology.orchestra.run.smithi103.stdout:/usr/bin/ceph: stderr
2024-04-21T08:46:40.632+0000 7f403f149700 1 -- 172.21.15.103:0/254410230 wait complete.
2024-04-21T08:46:41.269 INFO:teuthology.orchestra.run.smithi103.stdout:Non-zero exit code 1 from systemctl is-enabled firewalld.service
2024-04-21T08:46:41.269 INFO:teuthology.orchestra.run.smithi103.stdout:systemctl: stdout disabled
2024-04-21T08:46:41.276 INFO:teuthology.orchestra.run.smithi103.stdout:Non-zero exit code 3 from systemctl is-active firewalld.service
2024-04-21T08:46:41.276 INFO:teuthology.orchestra.run.smithi103.stdout:systemctl: stdout inactive
2024-04-21T08:46:41.277 INFO:teuthology.orchestra.run.smithi103.stdout:firewalld.service is not enabled
2024-04-21T08:46:41.277 INFO:teuthology.orchestra.run.smithi103.stdout:Not possible to open ports <[8443]>. firewalld.service is not available
2024-04-21T08:46:41.278 INFO:teuthology.orchestra.run.smithi103.stdout:Ceph Dashboard is now available at:
2024-04-21T08:46:41.278 INFO:teuthology.orchestra.run.smithi103.stdout:
2024-04-21T08:46:41.278 INFO:teuthology.orchestra.run.smithi103.stdout: URL: https://smithi103:8443/
2024-04-21T08:46:41.278 INFO:teuthology.orchestra.run.smithi103.stdout: User: admin
2024-04-21T08:46:41.278 INFO:teuthology.orchestra.run.smithi103.stdout: Password: 6jjco5wfo6
2024-04-21T08:46:41.279 INFO:teuthology.orchestra.run.smithi103.stdout:
2024-04-21T08:46:41.279 INFO:teuthology.orchestra.run.smithi103.stdout:Saving cluster configuration to /var/lib/ceph/66532cb4-ffbb-11ee-bc93-c7b262605968/config directory
2024-04-21T08:46:41.279 INFO:teuthology.orchestra.run.smithi103.stdout:Enabling autotune for osd_memory_target
2024-04-21T08:46:41.830 INFO:journalctl@ceph.mon.a.smithi103.stdout:Apr 21 08:46:41 smithi103 ceph-mon[27953]: mgrmap e13: x(active, since 6s)
2024-04-21T08:46:41.830 INFO:journalctl@ceph.mon.a.smithi103.stdout:Apr 21 08:46:41 smithi103 ceph-mon[27953]: from='client.? 172.21.15.103:0/254410230' entity='client.admin' cmd=[{"prefix": "config get", "who": "mgr", "key": "mgr/dashboard/ssl_server_port"}]: dispatch
