2024-04-21T08:58:16.537+0000 7f85c77fe700 1 --2- 172.21.15.66:0/1090951450 >> [v2:172.21.15.66:3300/0,v1:172.21.15.66:6789/0] conn(0x7f85c8108de0 0x7f85c819e350 secure :-1 s=READY pgs=42 cs=0 l=1 rev1=1 crypto rx=0x7f85b8003f40 tx=0x7f85b8011890 comp rx=0 tx=0).ready entity=mon.0 client_cookie=0 server_cookie=0 in_seq=0 out_seq=0
2024-04-21T08:58:17.462 INFO:teuthology.orchestra.run.smithi066.stdout:/usr/bin/ceph: stderr
2024-04-21T08:58:16.537+0000 7f85c4ff9700 1 -- 172.21.15.66:0/1090951450 <== mon.0 v2:172.21.15.66:3300/0 1 ==== mon_map magic: 0 ==== 205+0+0 (secure 0 0 0) 0x7f85b80038b0 con 0x7f85c8108de0
2024-04-21T08:58:17.462 INFO:teuthology.orchestra.run.smithi066.stdout:/usr/bin/ceph: stderr
2024-04-21T08:58:16.537+0000 7f85c4ff9700 1 -- 172.21.15.66:0/1090951450 <== mon.0 v2:172.21.15.66:3300/0 2 ==== config(26 keys) ==== 1070+0+0 (secure 0 0 0) 0x7f85b8003a50 con 0x7f85c8108de0
2024-04-21T08:58:17.462 INFO:teuthology.orchestra.run.smithi066.stdout:/usr/bin/ceph: stderr
2024-04-21T08:58:16.537+0000 7f85cdfad700 1 -- 172.21.15.66:0/1090951450 --> [v2:172.21.15.66:3300/0,v1:172.21.15.66:6789/0] -- mon_subscribe({mgrmap=0+}) -- 0x7f85c819eb80 con 0x7f85c8108de0
2024-04-21T08:58:17.462 INFO:teuthology.orchestra.run.smithi066.stdout:/usr/bin/ceph: stderr
2024-04-21T08:58:16.537+0000 7f85c4ff9700 1 -- 172.21.15.66:0/1090951450 <== mon.0 v2:172.21.15.66:3300/0 3 ==== mon_map magic: 0 ==== 205+0+0 (secure 0 0 0) 0x7f85b801a5c0 con 0x7f85c8108de0
2024-04-21T08:58:17.462 INFO:teuthology.orchestra.run.smithi066.stdout:/usr/bin/ceph: stderr
2024-04-21T08:58:16.537+0000 7f85cdfad700 1 -- 172.21.15.66:0/1090951450 --> [v2:172.21.15.66:3300/0,v1:172.21.15.66:6789/0] -- mon_subscribe({osdmap=0}) -- 0x7f85c81a1810 con 0x7f85c8108de0
2024-04-21T08:58:17.462 INFO:teuthology.orchestra.run.smithi066.stdout:/usr/bin/ceph: stderr
2024-04-21T08:58:16.538+0000 7f85c4ff9700 1 -- 172.21.15.66:0/1090951450 <== mon.0 v2:172.21.15.66:3300/0 4 ==== mgrmap(e 8) ==== 46558+0+0 (secure 0 0 0) 0x7f85b801a870 con 0x7f85c8108de0
2024-04-21T08:58:17.462 INFO:teuthology.orchestra.run.smithi066.stdout:/usr/bin/ceph: stderr
2024-04-21T08:58:16.538+0000 7f85c4ff9700 1 --2- 172.21.15.66:0/1090951450 >> [v2:172.21.15.66:6800/763565357,v1:172.21.15.66:6801/763565357] conn(0x7f85b0039670 0x7f85b003bb30 unknown :-1 s=NONE pgs=0 cs=0 l=1 rev1=0 crypto rx=0 tx=0 comp rx=0 tx=0).connect
2024-04-21T08:58:17.462 INFO:teuthology.orchestra.run.smithi066.stdout:/usr/bin/ceph: stderr
2024-04-21T08:58:16.538+0000 7f85cdfad700 1 -- 172.21.15.66:0/1090951450 --> [v2:172.21.15.66:3300/0,v1:172.21.15.66:6789/0] -- mon_command({"prefix": "get_command_descriptions"} v 0) -- 0x7f85c80640a0 con 0x7f85c8108de0
2024-04-21T08:58:17.462 INFO:teuthology.orchestra.run.smithi066.stdout:/usr/bin/ceph: stderr
2024-04-21T08:58:16.538+0000 7f85c4ff9700 1 -- 172.21.15.66:0/1090951450 <== mon.0 v2:172.21.15.66:3300/0 5 ==== osd_map(2..2 src has 1..2) ==== 940+0+0 (secure 0 0 0) 0x7f85b804dc60 con 0x7f85c8108de0
2024-04-21T08:58:17.462 INFO:teuthology.orchestra.run.smithi066.stdout:/usr/bin/ceph: stderr
2024-04-21T08:58:16.539+0000 7f85c6ffd700 1 --2- 172.21.15.66:0/1090951450 >> [v2:172.21.15.66:6800/763565357,v1:172.21.15.66:6801/763565357] conn(0x7f85b0039670 0x7f85b003bb30 unknown :-1 s=BANNER_CONNECTING pgs=0 cs=0 l=1 rev1=0 crypto rx=0 tx=0 comp rx=0 tx=0)._handle_peer_banner_payload supported=3 required=0
2024-04-21T08:58:17.462 INFO:teuthology.orchestra.run.smithi066.stdout:/usr/bin/ceph: stderr
2024-04-21T08:58:16.539+0000 7f85c6ffd700 1 --2- 172.21.15.66:0/1090951450 >> [v2:172.21.15.66:6800/763565357,v1:172.21.15.66:6801/763565357] conn(0x7f85b0039670 0x7f85b003bb30 secure :-1 s=READY pgs=9 cs=0 l=1 rev1=1 crypto rx=0x7f85bc006fd0 tx=0x7f85bc006e40 comp rx=0 tx=0).ready entity=mgr.14120 client_cookie=0 server_cookie=0 in_seq=0 out_seq=0
2024-04-21T08:58:17.462 INFO:teuthology.orchestra.run.smithi066.stdout:/usr/bin/ceph: stderr
2024-04-21T08:58:16.544+0000 7f85c4ff9700 1 -- 172.21.15.66:0/1090951450 <== mon.0 v2:172.21.15.66:3300/0 6 ==== mon_command_ack([{"prefix": "get_command_descriptions"}]=0 v0) ==== 72+0+188370 (secure 0 0 0) 0x7f85b8019c70 con 0x7f85c8108de0
2024-04-21T08:58:17.462 INFO:teuthology.orchestra.run.smithi066.stdout:/usr/bin/ceph: stderr
2024-04-21T08:58:16.752+0000 7f85cdfad700 1 -- 172.21.15.66:0/1090951450 --> [v2:172.21.15.66:6800/763565357,v1:172.21.15.66:6801/763565357] -- mgr_command(tid 0: {"prefix": "cephadm generate-key", "target": ["mon-mgr", ""]}) -- 0x7f85c81a19e0 con 0x7f85b0039670
2024-04-21T08:58:17.463 INFO:teuthology.orchestra.run.smithi066.stdout:/usr/bin/ceph: stderr
2024-04-21T08:58:16.850+0000 7f85c4ff9700 1 -- 172.21.15.66:0/1090951450 <== mgr.14120 v2:172.21.15.66:6800/763565357 1 ==== mgr_command_reply(tid 0: 0 ) ==== 8+0+0 (secure 0 0 0) 0x7f85c81a19e0 con 0x7f85b0039670
2024-04-21T08:58:17.463 INFO:teuthology.orchestra.run.smithi066.stdout:/usr/bin/ceph: stderr
2024-04-21T08:58:16.852+0000 7f85cdfad700 1 -- 172.21.15.66:0/1090951450 >> [v2:172.21.15.66:6800/763565357,v1:172.21.15.66:6801/763565357] conn(0x7f85b0039670 msgr2=0x7f85b003bb30 secure :-1 s=STATE_CONNECTION_ESTABLISHED l=1).mark_down
2024-04-21T08:58:17.463 INFO:teuthology.orchestra.run.smithi066.stdout:/usr/bin/ceph: stderr
2024-04-21T08:58:16.852+0000 7f85cdfad700 1 --2- 172.21.15.66:0/1090951450 >> [v2:172.21.15.66:6800/763565357,v1:172.21.15.66:6801/763565357] conn(0x7f85b0039670 0x7f85b003bb30 secure :-1 s=READY pgs=9 cs=0 l=1 rev1=1 crypto rx=0x7f85bc006fd0 tx=0x7f85bc006e40 comp rx=0 tx=0).stop
2024-04-21T08:58:17.463 INFO:teuthology.orchestra.run.smithi066.stdout:/usr/bin/ceph: stderr
2024-04-21T08:58:16.852+0000 7f85cdfad700 1 -- 172.21.15.66:0/1090951450 >> [v2:172.21.15.66:3300/0,v1:172.21.15.66:6789/0] conn(0x7f85c8108de0 msgr2=0x7f85c819e350 secure :-1 s=STATE_CONNECTION_ESTABLISHED l=1).mark_down
2024-04-21T08:58:17.463 INFO:teuthology.orchestra.run.smithi066.stdout:/usr/bin/ceph: stderr
2024-04-21T08:58:16.852+0000 7f85cdfad700 1 --2- 172.21.15.66:0/1090951450 >> [v2:172.21.15.66:3300/0,v1:172.21.15.66:6789/0] conn(0x7f85c8108de0 0x7f85c819e350 secure :-1 s=READY pgs=42 cs=0 l=1 rev1=1 crypto rx=0x7f85b8003f40 tx=0x7f85b8011890 comp rx=0 tx=0).stop
2024-04-21T08:58:17.463 INFO:teuthology.orchestra.run.smithi066.stdout:/usr/bin/ceph: stderr
2024-04-21T08:58:16.852+0000 7f85cdfad700 1 -- 172.21.15.66:0/1090951450 shutdown_connections
2024-04-21T08:58:17.463 INFO:teuthology.orchestra.run.smithi066.stdout:/usr/bin/ceph: stderr
2024-04-21T08:58:16.852+0000 7f85cdfad700 1 --2- 172.21.15.66:0/1090951450 >> [v2:172.21.15.66:6800/763565357,v1:172.21.15.66:6801/763565357] conn(0x7f85b0039670 0x7f85b003bb30 unknown :-1 s=CLOSED pgs=9 cs=0 l=1 rev1=1 crypto rx=0 tx=0 comp rx=0 tx=0).stop
2024-04-21T08:58:17.463 INFO:teuthology.orchestra.run.smithi066.stdout:/usr/bin/ceph: stderr
2024-04-21T08:58:16.852+0000 7f85cdfad700 1 --2- 172.21.15.66:0/1090951450 >> [v2:172.21.15.66:3300/0,v1:172.21.15.66:6789/0] conn(0x7f85c8108de0 0x7f85c819e350 unknown :-1 s=CLOSED pgs=42 cs=0 l=1 rev1=1 crypto rx=0 tx=0 comp rx=0 tx=0).stop
2024-04-21T08:58:17.463 INFO:teuthology.orchestra.run.smithi066.stdout:/usr/bin/ceph: stderr
2024-04-21T08:58:16.852+0000 7f85cdfad700 1 -- 172.21.15.66:0/1090951450 >> 172.21.15.66:0/1090951450 conn(0x7f85c81027f0 msgr2=0x7f85c81031e0 unknown :-1 s=STATE_NONE l=0).mark_down
2024-04-21T08:58:17.463 INFO:teuthology.orchestra.run.smithi066.stdout:/usr/bin/ceph: stderr
2024-04-21T08:58:16.852+0000 7f85cdfad700 1 -- 172.21.15.66:0/1090951450 shutdown_connections
2024-04-21T08:58:17.463 INFO:teuthology.orchestra.run.smithi066.stdout:/usr/bin/ceph: stderr
2024-04-21T08:58:16.852+0000 7f85cdfad700 1 -- 172.21.15.66:0/1090951450 wait complete.
2024-04-21T08:58:18.074 INFO:journalctl@ceph.mon.a.smithi066.stdout:Apr 21 08:58:17 smithi066 ceph-mon[27953]: from='client.14136 -' entity='client.admin' cmd=[{"prefix": "cephadm generate-key", "target": ["mon-mgr", ""]}]: dispatch
2024-04-21T08:58:18.074 INFO:journalctl@ceph.mon.a.smithi066.stdout:Apr 21 08:58:17 smithi066 ceph-mon[27953]: Generating ssh key...
2024-04-21T08:58:18.074 INFO:journalctl@ceph.mon.a.smithi066.stdout:Apr 21 08:58:17 smithi066 ceph-mon[27953]: from='mgr.14120 172.21.15.66:0/3359354210' entity='mgr.x'
2024-04-21T08:58:18.074 INFO:journalctl@ceph.mon.a.smithi066.stdout:Apr 21 08:58:17 smithi066 ceph-mon[27953]: from='mgr.14120 172.21.15.66:0/3359354210' entity='mgr.x'
2024-04-21T08:58:18.624 INFO:teuthology.orchestra.run.smithi066.stdout:/usr/bin/ceph: stdout ssh-rsa AAAAB3NzaC1yc2EAAAADAQABAAABgQDGHxzkvE3r8M/y9o8yG6CgqqAjHFuQ7Ot1M4wL+tSufdAL1VRwX/aMHcEt8sd7G5WZjjuyl1XuqME8tTrEnLsbKMgx3gncXfqAW9cBYdSiwhnU2FVpPahCo+Ify/YjjEntyiMkOBW7wajCmk4zVj1BDiiEtuoCuzJNtHiqAAGtKrXmXkfCYjQBaCpsoZUultKw4qgXlHfFrDOYPWpqQkiOyng/574Lsxcx6/72BjW8ZKZVm9/SdfYCzUR/841YRY2e9ILR4I0HvQ9p+cpsWb6bVJkuGfcLRoMyvUHR49MH1Kn3jMcFcGO9pjrPBbYXhsiV6g4hEvUAVhf6Y0xmBpB1STcDgbCORvVXCXkfQIwJFfoH754omPRRmNbN0Y+wOQ0urL5irMh+HRBGXwM8WEzdKDHS/JP1xyBey0xiprpjEASjElQ2pJdnjS9Vf5eM/TmTzahyxNi2e4iVLcnEDCUJEJqWGqwnDDsaOHFAvdOtogz5Bz3OF5zCblPHpxmrp6c= ceph-0cca84f6-ffbd-11ee-bc93-c7b262605968
2024-04-21T08:58:18.624 INFO:teuthology.orchestra.run.smithi066.stdout:/usr/bin/ceph: stderr
2024-04-21T08:58:17.854+0000 7f8988ce7700 1 Processor -- start
2024-04-21T08:58:18.624 INFO:teuthology.orchestra.run.smithi066.stdout:/usr/bin/ceph: stderr
2024-04-21T08:58:17.854+0000 7f8988ce7700 1 -- start start
2024-04-21T08:58:18.624 INFO:teuthology.orchestra.run.smithi066.stdout:/usr/bin/ceph: stderr
2024-04-21T08:58:17.855+0000 7f8988ce7700 1 --2- >> [v2:172.21.15.66:3300/0,v1:172.21.15.66:6789/0] conn(0x7f8984108e00 0x7f898410b1f0 unknown :-1 s=NONE pgs=0 cs=0 l=0 rev1=0 crypto rx=0 tx=0 comp rx=0 tx=0).connect
2024-04-21T08:58:18.624 INFO:teuthology.orchestra.run.smithi066.stdout:/usr/bin/ceph: stderr
2024-04-21T08:58:17.855+0000 7f8988ce7700 1 -- --> [v2:172.21.15.66:3300/0,v1:172.21.15.66:6789/0] -- mon_getmap magic: 0 -- 0x7f898407be60 con 0x7f8984108e00
2024-04-21T08:58:18.624 INFO:teuthology.orchestra.run.smithi066.stdout:/usr/bin/ceph: stderr
2024-04-21T08:58:17.855+0000 7f898259c700 1 --2- >> [v2:172.21.15.66:3300/0,v1:172.21.15.66:6789/0] conn(0x7f8984108e00 0x7f898410b1f0 unknown :-1 s=BANNER_CONNECTING pgs=0 cs=0 l=0 rev1=0 crypto rx=0 tx=0 comp rx=0 tx=0)._handle_peer_banner_payload supported=3 required=0
2024-04-21T08:58:18.625 INFO:teuthology.orchestra.run.smithi066.stdout:/usr/bin/ceph: stderr
2024-04-21T08:58:17.855+0000 7f898259c700 1 --2- >> [v2:172.21.15.66:3300/0,v1:172.21.15.66:6789/0] conn(0x7f8984108e00 0x7f898410b1f0 unknown :-1 s=HELLO_CONNECTING pgs=0 cs=0 l=0 rev1=1 crypto rx=0 tx=0 comp rx=0 tx=0).handle_hello peer v2:172.21.15.66:3300/0 says I am v2:172.21.15.66:46160/0 (socket says 172.21.15.66:46160)
2024-04-21T08:58:18.625 INFO:teuthology.orchestra.run.smithi066.stdout:/usr/bin/ceph: stderr
2024-04-21T08:58:17.855+0000 7f898259c700 1 -- 172.21.15.66:0/1568106997 learned_addr learned my addr 172.21.15.66:0/1568106997 (peer_addr_for_me v2:172.21.15.66:0/0)
2024-04-21T08:58:18.625 INFO:teuthology.orchestra.run.smithi066.stdout:/usr/bin/ceph: stderr
2024-04-21T08:58:17.855+0000 7f898259c700 1 -- 172.21.15.66:0/1568106997 --> [v2:172.21.15.66:3300/0,v1:172.21.15.66:6789/0] -- mon_subscribe({config=0+,monmap=0+}) -- 0x7f898410b730 con 0x7f8984108e00
2024-04-21T08:58:18.625 INFO:teuthology.orchestra.run.smithi066.stdout:/usr/bin/ceph: stderr
2024-04-21T08:58:17.855+0000 7f898259c700 1 --2- 172.21.15.66:0/1568106997 >> [v2:172.21.15.66:3300/0,v1:172.21.15.66:6789/0] conn(0x7f8984108e00 0x7f898410b1f0 secure :-1 s=READY pgs=43 cs=0 l=1 rev1=1 crypto rx=0x7f896c0098a0 tx=0x7f896c009bb0 comp rx=0 tx=0).ready entity=mon.0 client_cookie=c559c01f79450287 server_cookie=0 in_seq=0 out_seq=0
2024-04-21T08:58:18.625 INFO:teuthology.orchestra.run.smithi066.stdout:/usr/bin/ceph: stderr
2024-04-21T08:58:17.855+0000 7f898159a700 1 -- 172.21.15.66:0/1568106997 <== mon.0 v2:172.21.15.66:3300/0 1 ==== mon_map magic: 0 ==== 205+0+0 (secure 0 0 0) 0x7f896c004160 con 0x7f8984108e00
2024-04-21T08:58:18.625 INFO:teuthology.orchestra.run.smithi066.stdout:/usr/bin/ceph: stderr
2024-04-21T08:58:17.856+0000 7f898159a700 1 -- 172.21.15.66:0/1568106997 <== mon.0 v2:172.21.15.66:3300/0 2 ==== config(26 keys) ==== 1070+0+0 (secure 0 0 0) 0x7f896c004300 con 0x7f8984108e00
2024-04-21T08:58:18.625 INFO:teuthology.orchestra.run.smithi066.stdout:/usr/bin/ceph: stderr
2024-04-21T08:58:17.856+0000 7f898159a700 1 -- 172.21.15.66:0/1568106997 <== mon.0 v2:172.21.15.66:3300/0 3 ==== mon_map magic: 0 ==== 205+0+0 (secure 0 0 0) 0x7f896c011af0 con 0x7f8984108e00
2024-04-21T08:58:18.625 INFO:teuthology.orchestra.run.smithi066.stdout:/usr/bin/ceph: stderr
2024-04-21T08:58:17.856+0000 7f8988ce7700 1 -- 172.21.15.66:0/1568106997 >> [v2:172.21.15.66:3300/0,v1:172.21.15.66:6789/0] conn(0x7f8984108e00 msgr2=0x7f898410b1f0 secure :-1 s=STATE_CONNECTION_ESTABLISHED l=1).mark_down
2024-04-21T08:58:18.625 INFO:teuthology.orchestra.run.smithi066.stdout:/usr/bin/ceph: stderr
2024-04-21T08:58:17.856+0000 7f8988ce7700 1 --2- 172.21.15.66:0/1568106997 >> [v2:172.21.15.66:3300/0,v1:172.21.15.66:6789/0] conn(0x7f8984108e00 0x7f898410b1f0 secure :-1 s=READY pgs=43 cs=0 l=1 rev1=1 crypto rx=0x7f896c0098a0 tx=0x7f896c009bb0 comp rx=0 tx=0).stop
2024-04-21T08:58:18.625 INFO:teuthology.orchestra.run.smithi066.stdout:/usr/bin/ceph: stderr
2024-04-21T08:58:17.856+0000 7f8988ce7700 1 -- 172.21.15.66:0/1568106997 shutdown_connections
2024-04-21T08:58:18.625 INFO:teuthology.orchestra.run.smithi066.stdout:/usr/bin/ceph: stderr
2024-04-21T08:58:17.856+0000 7f8988ce7700 1 --2- 172.21.15.66:0/1568106997 >> [v2:172.21.15.66:3300/0,v1:172.21.15.66:6789/0] conn(0x7f8984108e00 0x7f898410b1f0 unknown :-1 s=CLOSED pgs=43 cs=0 l=1 rev1=1 crypto rx=0 tx=0 comp rx=0 tx=0).stop
2024-04-21T08:58:18.625 INFO:teuthology.orchestra.run.smithi066.stdout:/usr/bin/ceph: stderr
2024-04-21T08:58:17.856+0000 7f8988ce7700 1 -- 172.21.15.66:0/1568106997 >> 172.21.15.66:0/1568106997 conn(0x7f89841027f0 msgr2=0x7f8984104c30 unknown :-1 s=STATE_NONE l=0).mark_down
2024-04-21T08:58:18.626 INFO:teuthology.orchestra.run.smithi066.stdout:/usr/bin/ceph: stderr
2024-04-21T08:58:17.856+0000 7f8988ce7700 1 -- 172.21.15.66:0/1568106997 shutdown_connections
2024-04-21T08:58:18.626 INFO:teuthology.orchestra.run.smithi066.stdout:/usr/bin/ceph: stderr
2024-04-21T08:58:17.856+0000 7f8988ce7700 1 -- 172.21.15.66:0/1568106997 wait complete.
2024-04-21T08:58:18.626 INFO:teuthology.orchestra.run.smithi066.stdout:/usr/bin/ceph: stderr
2024-04-21T08:58:17.857+0000 7f8988ce7700 1 Processor -- start
2024-04-21T08:58:18.626 INFO:teuthology.orchestra.run.smithi066.stdout:/usr/bin/ceph: stderr
2024-04-21T08:58:17.857+0000 7f8988ce7700 1 -- start start
2024-04-21T08:58:18.626 INFO:teuthology.orchestra.run.smithi066.stdout:/usr/bin/ceph: stderr
2024-04-21T08:58:17.857+0000 7f8988ce7700 1 --2- >> [v2:172.21.15.66:3300/0,v1:172.21.15.66:6789/0] conn(0x7f8984108e00 0x7f898419c1a0 unknown :-1 s=NONE pgs=0 cs=0 l=1 rev1=0 crypto rx=0 tx=0 comp rx=0 tx=0).connect
2024-04-21T08:58:18.626 INFO:teuthology.orchestra.run.smithi066.stdout:/usr/bin/ceph: stderr
2024-04-21T08:58:17.857+0000 7f8988ce7700 1 -- --> [v2:172.21.15.66:3300/0,v1:172.21.15.66:6789/0] -- mon_getmap magic: 0 -- 0x7f898410c6f0 con 0x7f8984108e00
2024-04-21T08:58:18.626 INFO:teuthology.orchestra.run.smithi066.stdout:/usr/bin/ceph: stderr
2024-04-21T08:58:17.857+0000 7f898259c700 1 --2- >> [v2:172.21.15.66:3300/0,v1:172.21.15.66:6789/0] conn(0x7f8984108e00 0x7f898419c1a0 unknown :-1 s=BANNER_CONNECTING pgs=0 cs=0 l=1 rev1=0 crypto rx=0 tx=0 comp rx=0 tx=0)._handle_peer_banner_payload supported=3 required=0
2024-04-21T08:58:18.626 INFO:teuthology.orchestra.run.smithi066.stdout:/usr/bin/ceph: stderr
2024-04-21T08:58:17.857+0000 7f898259c700 1 --2- >> [v2:172.21.15.66:3300/0,v1:172.21.15.66:6789/0] conn(0x7f8984108e00 0x7f898419c1a0 unknown :-1 s=HELLO_CONNECTING pgs=0 cs=0 l=1 rev1=1 crypto rx=0 tx=0 comp rx=0 tx=0).handle_hello peer v2:172.21.15.66:3300/0 says I am v2:172.21.15.66:46162/0 (socket says 172.21.15.66:46162)
2024-04-21T08:58:18.626 INFO:teuthology.orchestra.run.smithi066.stdout:/usr/bin/ceph: stderr
2024-04-21T08:58:17.857+0000 7f898259c700 1 -- 172.21.15.66:0/2037673533 learned_addr learned my addr 172.21.15.66:0/2037673533 (peer_addr_for_me v2:172.21.15.66:0/0)
2024-04-21T08:58:18.626 INFO:teuthology.orchestra.run.smithi066.stdout:/usr/bin/ceph: stderr
2024-04-21T08:58:17.858+0000 7f898259c700 1 -- 172.21.15.66:0/2037673533 --> [v2:172.21.15.66:3300/0,v1:172.21.15.66:6789/0] -- mon_subscribe({config=0+,monmap=0+}) -- 0x7f898419c6e0 con 0x7f8984108e00
2024-04-21T08:58:18.626 INFO:teuthology.orchestra.run.smithi066.stdout:/usr/bin/ceph: stderr
2024-04-21T08:58:17.858+0000 7f898259c700 1 --2- 172.21.15.66:0/2037673533 >> [v2:172.21.15.66:3300/0,v1:172.21.15.66:6789/0] conn(0x7f8984108e00 0x7f898419c1a0 secure :-1 s=READY pgs=44 cs=0 l=1 rev1=1 crypto rx=0x7f896c003f40 tx=0x7f896c011890 comp rx=0 tx=0).ready entity=mon.0 client_cookie=0 server_cookie=0 in_seq=0 out_seq=0
2024-04-21T08:58:18.626 INFO:teuthology.orchestra.run.smithi066.stdout:/usr/bin/ceph: stderr
2024-04-21T08:58:17.858+0000 7f897b7fe700 1 -- 172.21.15.66:0/2037673533 <== mon.0 v2:172.21.15.66:3300/0 1 ==== mon_map magic: 0 ==== 205+0+0 (secure 0 0 0) 0x7f896c0038b0 con 0x7f8984108e00
2024-04-21T08:58:18.627 INFO:teuthology.orchestra.run.smithi066.stdout:/usr/bin/ceph: stderr
2024-04-21T08:58:17.858+0000 7f897b7fe700 1 -- 172.21.15.66:0/2037673533 <== mon.0 v2:172.21.15.66:3300/0 2 ==== config(26 keys) ==== 1070+0+0 (secure 0 0 0) 0x7f896c003a50 con 0x7f8984108e00
2024-04-21T08:58:18.627 INFO:teuthology.orchestra.run.smithi066.stdout:/usr/bin/ceph: stderr
2024-04-21T08:58:17.858+0000 7f8988ce7700 1 -- 172.21.15.66:0/2037673533 --> [v2:172.21.15.66:3300/0,v1:172.21.15.66:6789/0] -- mon_subscribe({mgrmap=0+}) -- 0x7f898419c970 con 0x7f8984108e00
2024-04-21T08:58:18.627 INFO:teuthology.orchestra.run.smithi066.stdout:/usr/bin/ceph: stderr
2024-04-21T08:58:17.858+0000 7f897b7fe700 1 -- 172.21.15.66:0/2037673533 <== mon.0 v2:172.21.15.66:3300/0 3 ==== mon_map magic: 0 ==== 205+0+0 (secure 0 0 0) 0x7f896c01a5c0 con 0x7f8984108e00
2024-04-21T08:58:18.627 INFO:teuthology.orchestra.run.smithi066.stdout:/usr/bin/ceph: stderr
2024-04-21T08:58:17.858+0000 7f8988ce7700 1 -- 172.21.15.66:0/2037673533 --> [v2:172.21.15.66:3300/0,v1:172.21.15.66:6789/0] -- mon_subscribe({osdmap=0}) -- 0x7f898419f660 con 0x7f8984108e00
2024-04-21T08:58:18.627 INFO:teuthology.orchestra.run.smithi066.stdout:/usr/bin/ceph: stderr
2024-04-21T08:58:17.859+0000 7f897b7fe700 1 -- 172.21.15.66:0/2037673533 <== mon.0 v2:172.21.15.66:3300/0 4 ==== mgrmap(e 8) ==== 46558+0+0 (secure 0 0 0) 0x7f896c01a870 con 0x7f8984108e00
2024-04-21T08:58:18.627 INFO:teuthology.orchestra.run.smithi066.stdout:/usr/bin/ceph: stderr
2024-04-21T08:58:17.859+0000 7f8988ce7700 1 -- 172.21.15.66:0/2037673533 --> [v2:172.21.15.66:3300/0,v1:172.21.15.66:6789/0] -- mon_command({"prefix": "get_command_descriptions"} v 0) -- 0x7f89840640a0 con 0x7f8984108e00
2024-04-21T08:58:18.627 INFO:teuthology.orchestra.run.smithi066.stdout:/usr/bin/ceph: stderr
2024-04-21T08:58:17.859+0000 7f897b7fe700 1 --2- 172.21.15.66:0/2037673533 >> [v2:172.21.15.66:6800/763565357,v1:172.21.15.66:6801/763565357] conn(0x7f8970039670 0x7f897003bb30 unknown :-1 s=NONE pgs=0 cs=0 l=1 rev1=0 crypto rx=0 tx=0 comp rx=0 tx=0).connect
2024-04-21T08:58:18.627 INFO:teuthology.orchestra.run.smithi066.stdout:/usr/bin/ceph: stderr
2024-04-21T08:58:17.859+0000 7f897b7fe700 1 -- 172.21.15.66:0/2037673533 <== mon.0 v2:172.21.15.66:3300/0 5 ==== osd_map(2..2 src has 1..2) ==== 940+0+0 (secure 0 0 0) 0x7f896c04dc20 con 0x7f8984108e00
2024-04-21T08:58:18.627 INFO:teuthology.orchestra.run.smithi066.stdout:/usr/bin/ceph: stderr
2024-04-21T08:58:17.859+0000 7f8981d9b700 1 --2- 172.21.15.66:0/2037673533 >> [v2:172.21.15.66:6800/763565357,v1:172.21.15.66:6801/763565357] conn(0x7f8970039670 0x7f897003bb30 unknown :-1 s=BANNER_CONNECTING pgs=0 cs=0 l=1 rev1=0 crypto rx=0 tx=0 comp rx=0 tx=0)._handle_peer_banner_payload supported=3 required=0
2024-04-21T08:58:18.627 INFO:teuthology.orchestra.run.smithi066.stdout:/usr/bin/ceph: stderr
2024-04-21T08:58:17.860+0000 7f8981d9b700 1 --2- 172.21.15.66:0/2037673533 >> [v2:172.21.15.66:6800/763565357,v1:172.21.15.66:6801/763565357] conn(0x7f8970039670 0x7f897003bb30 secure :-1 s=READY pgs=10 cs=0 l=1 rev1=1 crypto rx=0x7f8974006fd0 tx=0x7f8974006e40 comp rx=0 tx=0).ready entity=mgr.14120 client_cookie=0 server_cookie=0 in_seq=0 out_seq=0
2024-04-21T08:58:18.627 INFO:teuthology.orchestra.run.smithi066.stdout:/usr/bin/ceph: stderr
2024-04-21T08:58:17.864+0000 7f897b7fe700 1 -- 172.21.15.66:0/2037673533 <== mon.0 v2:172.21.15.66:3300/0 6 ==== mon_command_ack([{"prefix": "get_command_descriptions"}]=0 v0) ==== 72+0+188370 (secure 0 0 0) 0x7f896c019c70 con 0x7f8984108e00
2024-04-21T08:58:18.627 INFO:teuthology.orchestra.run.smithi066.stdout:/usr/bin/ceph: stderr
2024-04-21T08:58:18.074+0000 7f8988ce7700 1 -- 172.21.15.66:0/2037673533 --> [v2:172.21.15.66:6800/763565357,v1:172.21.15.66:6801/763565357] -- mgr_command(tid 0: {"prefix": "cephadm get-pub-key", "target": ["mon-mgr", ""]}) -- 0x7f8984103980 con 0x7f8970039670
2024-04-21T08:58:18.628 INFO:teuthology.orchestra.run.smithi066.stdout:/usr/bin/ceph: stderr
2024-04-21T08:58:18.075+0000 7f897b7fe700 1 -- 172.21.15.66:0/2037673533 <== mgr.14120 v2:172.21.15.66:6800/763565357 1 ==== mgr_command_reply(tid 0: 0 ) ==== 8+0+595 (secure 0 0 0) 0x7f8984103980 con 0x7f8970039670
2024-04-21T08:58:18.628 INFO:teuthology.orchestra.run.smithi066.stdout:/usr/bin/ceph: stderr
2024-04-21T08:58:18.077+0000 7f8988ce7700 1 -- 172.21.15.66:0/2037673533 >> [v2:172.21.15.66:6800/763565357,v1:172.21.15.66:6801/763565357] conn(0x7f8970039670 msgr2=0x7f897003bb30 secure :-1 s=STATE_CONNECTION_ESTABLISHED l=1).mark_down
2024-04-21T08:58:18.628 INFO:teuthology.orchestra.run.smithi066.stdout:/usr/bin/ceph: stderr
2024-04-21T08:58:18.077+0000 7f8988ce7700 1 --2- 172.21.15.66:0/2037673533 >> [v2:172.21.15.66:6800/763565357,v1:172.21.15.66:6801/763565357] conn(0x7f8970039670 0x7f897003bb30 secure :-1 s=READY pgs=10 cs=0 l=1 rev1=1 crypto rx=0x7f8974006fd0 tx=0x7f8974006e40 comp rx=0 tx=0).stop
2024-04-21T08:58:18.628 INFO:teuthology.orchestra.run.smithi066.stdout:/usr/bin/ceph: stderr
2024-04-21T08:58:18.077+0000 7f8988ce7700 1 -- 172.21.15.66:0/2037673533 >> [v2:172.21.15.66:3300/0,v1:172.21.15.66:6789/0] conn(0x7f8984108e00 msgr2=0x7f898419c1a0 secure :-1 s=STATE_CONNECTION_ESTABLISHED l=1).mark_down
2024-04-21T08:58:18.628 INFO:teuthology.orchestra.run.smithi066.stdout:/usr/bin/ceph: stderr
2024-04-21T08:58:18.077+0000 7f8988ce7700 1 --2- 172.21.15.66:0/2037673533 >> [v2:172.21.15.66:3300/0,v1:172.21.15.66:6789/0] conn(0x7f8984108e00 0x7f898419c1a0 secure :-1 s=READY pgs=44 cs=0 l=1 rev1=1 crypto rx=0x7f896c003f40 tx=0x7f896c011890 comp rx=0 tx=0).stop
2024-04-21T08:58:18.628 INFO:teuthology.orchestra.run.smithi066.stdout:/usr/bin/ceph: stderr
2024-04-21T08:58:18.077+0000 7f8988ce7700 1 -- 172.21.15.66:0/2037673533 shutdown_connections
2024-04-21T08:58:18.628 INFO:teuthology.orchestra.run.smithi066.stdout:/usr/bin/ceph: stderr
2024-04-21T08:58:18.077+0000 7f8988ce7700 1 --2- 172.21.15.66:0/2037673533 >> [v2:172.21.15.66:6800/763565357,v1:172.21.15.66:6801/763565357] conn(0x7f8970039670 0x7f897003bb30 unknown :-1 s=CLOSED pgs=10 cs=0 l=1 rev1=1 crypto rx=0 tx=0 comp rx=0 tx=0).stop
2024-04-21T08:58:18.628 INFO:teuthology.orchestra.run.smithi066.stdout:/usr/bin/ceph: stderr
2024-04-21T08:58:18.077+0000 7f8988ce7700 1 --2- 172.21.15.66:0/2037673533 >> [v2:172.21.15.66:3300/0,v1:172.21.15.66:6789/0] conn(0x7f8984108e00 0x7f898419c1a0 unknown :-1 s=CLOSED pgs=44 cs=0 l=1 rev1=1 crypto rx=0 tx=0 comp rx=0 tx=0).stop
2024-04-21T08:58:18.628 INFO:teuthology.orchestra.run.smithi066.stdout:/usr/bin/ceph: stderr
2024-04-21T08:58:18.077+0000 7f8988ce7700 1 -- 172.21.15.66:0/2037673533 >> 172.21.15.66:0/2037673533 conn(0x7f89841027f0 msgr2=0x7f8984103270 unknown :-1 s=STATE_NONE l=0).mark_down
2024-04-21T08:58:18.628 INFO:teuthology.orchestra.run.smithi066.stdout:/usr/bin/ceph: stderr
2024-04-21T08:58:18.077+0000 7f8988ce7700 1 -- 172.21.15.66:0/2037673533 shutdown_connections
2024-04-21T08:58:18.628 INFO:teuthology.orchestra.run.smithi066.stdout:/usr/bin/ceph: stderr
2024-04-21T08:58:18.077+0000 7f8988ce7700 1 -- 172.21.15.66:0/2037673533 wait complete.
2024-04-21T08:58:18.628 INFO:teuthology.orchestra.run.smithi066.stdout:Wrote public SSH key to /home/ubuntu/cephtest/ceph.pub
2024-04-21T08:58:18.628 INFO:teuthology.orchestra.run.smithi066.stdout:Adding key to root@localhost authorized_keys...
2024-04-21T08:58:18.628 INFO:teuthology.orchestra.run.smithi066.stdout:Adding host smithi066...
2024-04-21T08:58:19.119 INFO:journalctl@ceph.mon.a.smithi066.stdout:Apr 21 08:58:19 smithi066 ceph-mon[27953]: from='client.14138 -' entity='client.admin' cmd=[{"prefix": "cephadm get-pub-key", "target": ["mon-mgr", ""]}]: dispatch
2024-04-21T08:58:20.189 INFO:journalctl@ceph.mon.a.smithi066.stdout:Apr 21 08:58:20 smithi066 ceph-mon[27953]: from='client.14140 -' entity='client.admin' cmd=[{"prefix": "orch host add", "hostname": "smithi066", "addr": "172.21.15.66", "target": ["mon-mgr", ""]}]: dispatch
2024-04-21T08:58:20.190 INFO:journalctl@ceph.mon.a.smithi066.stdout:Apr 21 08:58:20 smithi066 ceph-mon[27953]: Deploying cephadm binary to smithi066
2024-04-21T08:58:24.090 INFO:teuthology.orchestra.run.smithi066.stdout:/usr/bin/ceph: stdout Added host 'smithi066' with addr '172.21.15.66'
2024-04-21T08:58:24.090 INFO:teuthology.orchestra.run.smithi066.stdout:/usr/bin/ceph: stderr
2024-04-21T08:58:19.068+0000 7fd283694700 1 Processor -- start
2024-04-21T08:58:24.091 INFO:teuthology.orchestra.run.smithi066.stdout:/usr/bin/ceph: stderr
2024-04-21T08:58:19.068+0000 7fd283694700 1 -- start start
2024-04-21T08:58:24.091 INFO:teuthology.orchestra.run.smithi066.stdout:/usr/bin/ceph: stderr
2024-04-21T08:58:19.068+0000 7fd283694700 1 --2- >> [v2:172.21.15.66:3300/0,v1:172.21.15.66:6789/0] conn(0x7fd27c106640 0x7fd27c106a60 unknown :-1 s=NONE pgs=0 cs=0 l=0 rev1=0 crypto rx=0 tx=0 comp rx=0 tx=0).connect
2024-04-21T08:58:24.091 INFO:teuthology.orchestra.run.smithi066.stdout:/usr/bin/ceph: stderr
2024-04-21T08:58:19.068+0000 7fd283694700 1 -- --> [v2:172.21.15.66:3300/0,v1:172.21.15.66:6789/0] -- mon_getmap magic: 0 -- 0x7fd27c107030 con 0x7fd27c106640
2024-04-21T08:58:24.091 INFO:teuthology.orchestra.run.smithi066.stdout:/usr/bin/ceph: stderr
2024-04-21T08:58:19.068+0000 7fd281430700 1 --2- >> [v2:172.21.15.66:3300/0,v1:172.21.15.66:6789/0] conn(0x7fd27c106640 0x7fd27c106a60 unknown :-1 s=BANNER_CONNECTING pgs=0 cs=0 l=0 rev1=0 crypto rx=0 tx=0 comp rx=0 tx=0)._handle_peer_banner_payload supported=3 required=0
2024-04-21T08:58:24.091 INFO:teuthology.orchestra.run.smithi066.stdout:/usr/bin/ceph: stderr
2024-04-21T08:58:19.068+0000 7fd281430700 1 --2- >> [v2:172.21.15.66:3300/0,v1:172.21.15.66:6789/0] conn(0x7fd27c106640 0x7fd27c106a60 unknown :-1 s=HELLO_CONNECTING pgs=0 cs=0 l=0 rev1=1 crypto rx=0 tx=0 comp rx=0 tx=0).handle_hello peer v2:172.21.15.66:3300/0 says I am v2:172.21.15.66:46172/0 (socket says 172.21.15.66:46172)
2024-04-21T08:58:24.091 INFO:teuthology.orchestra.run.smithi066.stdout:/usr/bin/ceph: stderr
2024-04-21T08:58:19.068+0000 7fd281430700 1 -- 172.21.15.66:0/3087056213 learned_addr learned my addr 172.21.15.66:0/3087056213 (peer_addr_for_me v2:172.21.15.66:0/0)
2024-04-21T08:58:24.091 INFO:teuthology.orchestra.run.smithi066.stdout:/usr/bin/ceph: stderr
2024-04-21T08:58:19.069+0000 7fd281430700 1 -- 172.21.15.66:0/3087056213 --> [v2:172.21.15.66:3300/0,v1:172.21.15.66:6789/0] -- mon_subscribe({config=0+,monmap=0+}) -- 0x7fd27c1095d0 con 0x7fd27c106640
2024-04-21T08:58:24.091 INFO:teuthology.orchestra.run.smithi066.stdout:/usr/bin/ceph: stderr
2024-04-21T08:58:19.069+0000 7fd281430700 1 --2- 172.21.15.66:0/3087056213 >> [v2:172.21.15.66:3300/0,v1:172.21.15.66:6789/0] conn(0x7fd27c106640 0x7fd27c106a60 secure :-1 s=READY pgs=45 cs=0 l=1 rev1=1 crypto rx=0x7fd2780098a0 tx=0x7fd278009bb0 comp rx=0 tx=0).ready entity=mon.0 client_cookie=fe6dd879418a96bd server_cookie=0 in_seq=0 out_seq=0
2024-04-21T08:58:24.091 INFO:teuthology.orchestra.run.smithi066.stdout:/usr/bin/ceph: stderr
2024-04-21T08:58:19.069+0000 7fd273fff700 1 -- 172.21.15.66:0/3087056213 <== mon.0 v2:172.21.15.66:3300/0 1 ==== mon_map magic: 0 ==== 205+0+0 (secure 0 0 0) 0x7fd278004160 con 0x7fd27c106640
2024-04-21T08:58:24.091 INFO:teuthology.orchestra.run.smithi066.stdout:/usr/bin/ceph: stderr
2024-04-21T08:58:19.069+0000 7fd273fff700 1 -- 172.21.15.66:0/3087056213 <== mon.0 v2:172.21.15.66:3300/0 2 ==== config(26 keys) ==== 1070+0+0 (secure 0 0 0) 0x7fd278004300 con 0x7fd27c106640
2024-04-21T08:58:24.092 INFO:teuthology.orchestra.run.smithi066.stdout:/usr/bin/ceph: stderr
2024-04-21T08:58:19.069+0000 7fd273fff700 1 -- 172.21.15.66:0/3087056213 <== mon.0 v2:172.21.15.66:3300/0 3 ==== mon_map magic: 0 ==== 205+0+0 (secure 0 0 0) 0x7fd278011af0 con 0x7fd27c106640
2024-04-21T08:58:24.092 INFO:teuthology.orchestra.run.smithi066.stdout:/usr/bin/ceph: stderr
2024-04-21T08:58:19.070+0000 7fd283694700 1 -- 172.21.15.66:0/3087056213 >> [v2:172.21.15.66:3300/0,v1:172.21.15.66:6789/0] conn(0x7fd27c106640 msgr2=0x7fd27c106a60 secure :-1 s=STATE_CONNECTION_ESTABLISHED l=1).mark_down
2024-04-21T08:58:24.092 INFO:teuthology.orchestra.run.smithi066.stdout:/usr/bin/ceph: stderr
2024-04-21T08:58:19.070+0000 7fd283694700 1 --2- 172.21.15.66:0/3087056213 >> [v2:172.21.15.66:3300/0,v1:172.21.15.66:6789/0] conn(0x7fd27c106640 0x7fd27c106a60 secure :-1 s=READY pgs=45 cs=0 l=1 rev1=1 crypto rx=0x7fd2780098a0 tx=0x7fd278009bb0 comp rx=0 tx=0).stop
2024-04-21T08:58:24.092 INFO:teuthology.orchestra.run.smithi066.stdout:/usr/bin/ceph: stderr
2024-04-21T08:58:19.070+0000 7fd283694700 1 -- 172.21.15.66:0/3087056213 shutdown_connections
2024-04-21T08:58:24.092 INFO:teuthology.orchestra.run.smithi066.stdout:/usr/bin/ceph: stderr
2024-04-21T08:58:19.070+0000 7fd283694700 1 --2- 172.21.15.66:0/3087056213 >> [v2:172.21.15.66:3300/0,v1:172.21.15.66:6789/0] conn(0x7fd27c106640 0x7fd27c106a60 unknown :-1 s=CLOSED pgs=45 cs=0 l=1 rev1=1 crypto rx=0 tx=0 comp rx=0 tx=0).stop
2024-04-21T08:58:24.092 INFO:teuthology.orchestra.run.smithi066.stdout:/usr/bin/ceph: stderr
2024-04-21T08:58:19.070+0000 7fd283694700 1 -- 172.21.15.66:0/3087056213 >> 172.21.15.66:0/3087056213 conn(0x7fd27c101fb0 msgr2=0x7fd27c1043d0 unknown :-1 s=STATE_NONE l=0).mark_down
2024-04-21T08:58:24.092 INFO:teuthology.orchestra.run.smithi066.stdout:/usr/bin/ceph: stderr
2024-04-21T08:58:19.070+0000 7fd283694700 1 -- 172.21.15.66:0/3087056213 shutdown_connections
2024-04-21T08:58:24.092 INFO:teuthology.orchestra.run.smithi066.stdout:/usr/bin/ceph: stderr
2024-04-21T08:58:19.070+0000 7fd283694700 1 -- 172.21.15.66:0/3087056213 wait complete.
2024-04-21T08:58:24.092 INFO:teuthology.orchestra.run.smithi066.stdout:/usr/bin/ceph: stderr
2024-04-21T08:58:19.070+0000 7fd283694700 1 Processor -- start
2024-04-21T08:58:24.092 INFO:teuthology.orchestra.run.smithi066.stdout:/usr/bin/ceph: stderr
2024-04-21T08:58:19.070+0000 7fd283694700 1 -- start start
2024-04-21T08:58:24.092 INFO:teuthology.orchestra.run.smithi066.stdout:/usr/bin/ceph: stderr
2024-04-21T08:58:19.071+0000 7fd283694700 1 --2- >> [v2:172.21.15.66:3300/0,v1:172.21.15.66:6789/0] conn(0x7fd27c106640 0x7fd27c19c1d0 unknown :-1 s=NONE pgs=0 cs=0 l=1 rev1=0 crypto rx=0 tx=0 comp rx=0 tx=0).connect
2024-04-21T08:58:24.092 INFO:teuthology.orchestra.run.smithi066.stdout:/usr/bin/ceph: stderr
2024-04-21T08:58:19.071+0000 7fd283694700 1 -- --> [v2:172.21.15.66:3300/0,v1:172.21.15.66:6789/0] -- mon_getmap magic: 0 -- 0x7fd27c10c980 con 0x7fd27c106640
2024-04-21T08:58:24.093 INFO:teuthology.orchestra.run.smithi066.stdout:/usr/bin/ceph: stderr
2024-04-21T08:58:19.071+0000 7fd281430700 1 --2- >> [v2:172.21.15.66:3300/0,v1:172.21.15.66:6789/0] conn(0x7fd27c106640 0x7fd27c19c1d0 unknown :-1 s=BANNER_CONNECTING pgs=0 cs=0 l=1 rev1=0 crypto rx=0 tx=0 comp rx=0 tx=0)._handle_peer_banner_payload supported=3 required=0
2024-04-21T08:58:24.093 INFO:teuthology.orchestra.run.smithi066.stdout:/usr/bin/ceph: stderr
2024-04-21T08:58:19.071+0000 7fd281430700 1 --2- >> [v2:172.21.15.66:3300/0,v1:172.21.15.66:6789/0] conn(0x7fd27c106640 0x7fd27c19c1d0 unknown :-1 s=HELLO_CONNECTING pgs=0 cs=0 l=1 rev1=1 crypto rx=0 tx=0 comp rx=0 tx=0).handle_hello peer v2:172.21.15.66:3300/0 says I am v2:172.21.15.66:46192/0 (socket says 172.21.15.66:46192)
2024-04-21T08:58:24.093 INFO:teuthology.orchestra.run.smithi066.stdout:/usr/bin/ceph: stderr
2024-04-21T08:58:19.071+0000 7fd281430700 1 -- 172.21.15.66:0/2938528514 learned_addr learned my addr 172.21.15.66:0/2938528514 (peer_addr_for_me v2:172.21.15.66:0/0)
2024-04-21T08:58:24.093 INFO:teuthology.orchestra.run.smithi066.stdout:/usr/bin/ceph: stderr
2024-04-21T08:58:19.071+0000 7fd281430700 1 -- 172.21.15.66:0/2938528514 --> [v2:172.21.15.66:3300/0,v1:172.21.15.66:6789/0] -- mon_subscribe({config=0+,monmap=0+}) -- 0x7fd27c19c710 con 0x7fd27c106640
2024-04-21T08:58:24.093 INFO:teuthology.orchestra.run.smithi066.stdout:/usr/bin/ceph: stderr
2024-04-21T08:58:19.071+0000 7fd281430700 1 --2- 172.21.15.66:0/2938528514 >> [v2:172.21.15.66:3300/0,v1:172.21.15.66:6789/0] conn(0x7fd27c106640 0x7fd27c19c1d0 secure :-1 s=READY pgs=46 cs=0 l=1 rev1=1 crypto rx=0x7fd278003f40 tx=0x7fd278011890 comp rx=0 tx=0).ready entity=mon.0 client_cookie=0 server_cookie=0 in_seq=0 out_seq=0
2024-04-21T08:58:24.093 INFO:teuthology.orchestra.run.smithi066.stdout:/usr/bin/ceph: stderr
2024-04-21T08:58:19.071+0000 7fd2727fc700 1 -- 172.21.15.66:0/2938528514 <== mon.0 v2:172.21.15.66:3300/0 1 ==== mon_map magic: 0 ==== 205+0+0 (secure 0 0 0) 0x7fd2780038b0 con 0x7fd27c106640
2024-04-21T08:58:24.093 INFO:teuthology.orchestra.run.smithi066.stdout:/usr/bin/ceph: stderr
2024-04-21T08:58:19.071+0000 7fd2727fc700 1 -- 172.21.15.66:0/2938528514 <== mon.0 v2:172.21.15.66:3300/0 2 ==== config(26 keys) ==== 1070+0+0 (secure 0 0 0) 0x7fd278003a50 con 0x7fd27c106640
2024-04-21T08:58:24.093 INFO:teuthology.orchestra.run.smithi066.stdout:/usr/bin/ceph: stderr
2024-04-21T08:58:19.071+0000 7fd283694700 1 -- 172.21.15.66:0/2938528514 --> [v2:172.21.15.66:3300/0,v1:172.21.15.66:6789/0] -- mon_subscribe({mgrmap=0+}) -- 0x7fd27c19c9a0 con 0x7fd27c106640
2024-04-21T08:58:24.093 INFO:teuthology.orchestra.run.smithi066.stdout:/usr/bin/ceph: stderr
2024-04-21T08:58:19.071+0000 7fd2727fc700 1 -- 172.21.15.66:0/2938528514 <== mon.0 v2:172.21.15.66:3300/0 3 ==== mon_map magic: 0 ==== 205+0+0 (secure 0 0 0) 0x7fd27801a5c0 con 0x7fd27c106640
2024-04-21T08:58:24.093 INFO:teuthology.orchestra.run.smithi066.stdout:/usr/bin/ceph: stderr
2024-04-21T08:58:19.071+0000 7fd283694700 1 -- 172.21.15.66:0/2938528514 --> [v2:172.21.15.66:3300/0,v1:172.21.15.66:6789/0] -- mon_subscribe({osdmap=0}) -- 0x7fd27c19f690 con 0x7fd27c106640
2024-04-21T08:58:24.093 INFO:teuthology.orchestra.run.smithi066.stdout:/usr/bin/ceph: stderr
2024-04-21T08:58:19.072+0000 7fd2727fc700 1 -- 172.21.15.66:0/2938528514 <== mon.0 v2:172.21.15.66:3300/0 4 ==== mgrmap(e 8) ==== 46558+0+0 (secure 0 0 0) 0x7fd27801a8c0 con 0x7fd27c106640
2024-04-21T08:58:24.094 INFO:teuthology.orchestra.run.smithi066.stdout:/usr/bin/ceph: stderr
2024-04-21T08:58:19.072+0000 7fd2727fc700 1 --2- 172.21.15.66:0/2938528514 >> [v2:172.21.15.66:6800/763565357,v1:172.21.15.66:6801/763565357] conn(0x7fd268039620 0x7fd26803bae0 unknown :-1 s=NONE pgs=0 cs=0 l=1 rev1=0 crypto rx=0 tx=0 comp rx=0 tx=0).connect
2024-04-21T08:58:24.094 INFO:teuthology.orchestra.run.smithi066.stdout:/usr/bin/ceph: stderr
2024-04-21T08:58:19.072+0000 7fd2727fc700 1 -- 172.21.15.66:0/2938528514 <== mon.0 v2:172.21.15.66:3300/0 5 ==== osd_map(2..2 src has 1..2) ==== 940+0+0 (secure 0 0 0) 0x7fd27804db10 con 0x7fd27c106640
2024-04-21T08:58:24.094 INFO:teuthology.orchestra.run.smithi066.stdout:/usr/bin/ceph: stderr
2024-04-21T08:58:19.072+0000 7fd280c2f700 1 --2- 172.21.15.66:0/2938528514 >> [v2:172.21.15.66:6800/763565357,v1:172.21.15.66:6801/763565357] conn(0x7fd268039620 0x7fd26803bae0 unknown :-1 s=BANNER_CONNECTING pgs=0 cs=0 l=1 rev1=0 crypto rx=0 tx=0 comp rx=0 tx=0)._handle_peer_banner_payload supported=3 required=0
2024-04-21T08:58:24.094 INFO:teuthology.orchestra.run.smithi066.stdout:/usr/bin/ceph: stderr
2024-04-21T08:58:19.072+0000 7fd283694700 1 -- 172.21.15.66:0/2938528514 --> [v2:172.21.15.66:3300/0,v1:172.21.15.66:6789/0] -- mon_command({"prefix": "get_command_descriptions"} v 0) -- 0x7fd27c0640a0 con 0x7fd27c106640
2024-04-21T08:58:24.094 INFO:teuthology.orchestra.run.smithi066.stdout:/usr/bin/ceph: stderr
2024-04-21T08:58:19.073+0000 7fd280c2f700 1 --2- 172.21.15.66:0/2938528514 >> [v2:172.21.15.66:6800/763565357,v1:172.21.15.66:6801/763565357] conn(0x7fd268039620 0x7fd26803bae0 secure :-1 s=READY pgs=11 cs=0 l=1 rev1=1 crypto rx=0x7fd26c006fd0 tx=0x7fd26c006e40 comp rx=0 tx=0).ready entity=mgr.14120 client_cookie=0 server_cookie=0 in_seq=0 out_seq=0
2024-04-21T08:58:24.094 INFO:teuthology.orchestra.run.smithi066.stdout:/usr/bin/ceph: stderr
2024-04-21T08:58:19.078+0000 7fd2727fc700 1 -- 172.21.15.66:0/2938528514 <== mon.0 v2:172.21.15.66:3300/0 6 ==== mon_command_ack([{"prefix": "get_command_descriptions"}]=0 v0) ==== 72+0+188370 (secure 0 0 0) 0x7fd278019c70 con 0x7fd27c106640
2024-04-21T08:58:24.094 INFO:teuthology.orchestra.run.smithi066.stdout:/usr/bin/ceph: stderr
2024-04-21T08:58:19.291+0000 7fd283694700 1 -- 172.21.15.66:0/2938528514 --> [v2:172.21.15.66:6800/763565357,v1:172.21.15.66:6801/763565357] -- mgr_command(tid 0: {"prefix": "orch host add", "hostname": "smithi066", "addr": "172.21.15.66", "target": ["mon-mgr", ""]}) -- 0x7fd27c1030a0 con 0x7fd268039620
2024-04-21T08:58:24.094 INFO:teuthology.orchestra.run.smithi066.stdout:/usr/bin/ceph: stderr
2024-04-21T08:58:23.512+0000 7fd2727fc700 1 -- 172.21.15.66:0/2938528514 <== mgr.14120 v2:172.21.15.66:6800/763565357 1 ==== mgr_command_reply(tid 0: 0 ) ==== 8+0+48 (secure 0 0 0) 0x7fd27c1030a0 con 0x7fd268039620
2024-04-21T08:58:24.094 INFO:teuthology.orchestra.run.smithi066.stdout:/usr/bin/ceph: stderr
2024-04-21T08:58:23.515+0000 7fd283694700 1 -- 172.21.15.66:0/2938528514 >> [v2:172.21.15.66:6800/763565357,v1:172.21.15.66:6801/763565357] conn(0x7fd268039620 msgr2=0x7fd26803bae0 secure :-1 s=STATE_CONNECTION_ESTABLISHED l=1).mark_down
2024-04-21T08:58:24.095 INFO:teuthology.orchestra.run.smithi066.stdout:/usr/bin/ceph: stderr
2024-04-21T08:58:23.515+0000 7fd283694700 1 --2- 172.21.15.66:0/2938528514 >> [v2:172.21.15.66:6800/763565357,v1:172.21.15.66:6801/763565357] conn(0x7fd268039620 0x7fd26803bae0 secure :-1 s=READY pgs=11 cs=0 l=1 rev1=1 crypto rx=0x7fd26c006fd0 tx=0x7fd26c006e40 comp rx=0 tx=0).stop
2024-04-21T08:58:24.095 INFO:teuthology.orchestra.run.smithi066.stdout:/usr/bin/ceph: stderr
2024-04-21T08:58:23.515+0000 7fd283694700 1 -- 172.21.15.66:0/2938528514 >> [v2:172.21.15.66:3300/0,v1:172.21.15.66:6789/0] conn(0x7fd27c106640 msgr2=0x7fd27c19c1d0 secure :-1 s=STATE_CONNECTION_ESTABLISHED l=1).mark_down
2024-04-21T08:58:24.095 INFO:teuthology.orchestra.run.smithi066.stdout:/usr/bin/ceph: stderr
2024-04-21T08:58:23.515+0000 7fd283694700 1 --2- 172.21.15.66:0/2938528514 >> [v2:172.21.15.66:3300/0,v1:172.21.15.66:6789/0] conn(0x7fd27c106640 0x7fd27c19c1d0 secure :-1 s=READY pgs=46 cs=0 l=1 rev1=1 crypto rx=0x7fd278003f40 tx=0x7fd278011890 comp rx=0 tx=0).stop
2024-04-21T08:58:24.095 INFO:teuthology.orchestra.run.smithi066.stdout:/usr/bin/ceph: stderr
2024-04-21T08:58:23.515+0000 7fd283694700 1 -- 172.21.15.66:0/2938528514 shutdown_connections
2024-04-21T08:58:24.095 INFO:teuthology.orchestra.run.smithi066.stdout:/usr/bin/ceph: stderr
2024-04-21T08:58:23.515+0000 7fd283694700 1 --2- 172.21.15.66:0/2938528514 >> [v2:172.21.15.66:6800/763565357,v1:172.21.15.66:6801/763565357] conn(0x7fd268039620 0x7fd26803bae0 unknown :-1 s=CLOSED pgs=11 cs=0 l=1 rev1=1 crypto rx=0 tx=0 comp rx=0 tx=0).stop
2024-04-21T08:58:24.095 INFO:teuthology.orchestra.run.smithi066.stdout:/usr/bin/ceph: stderr
2024-04-21T08:58:23.515+0000 7fd283694700 1 --2- 172.21.15.66:0/2938528514 >> [v2:172.21.15.66:3300/0,v1:172.21.15.66:6789/0] conn(0x7fd27c106640 0x7fd27c19c1d0 unknown :-1 s=CLOSED pgs=46 cs=0 l=1 rev1=1 crypto rx=0 tx=0 comp rx=0 tx=0).stop
2024-04-21T08:58:24.095 INFO:teuthology.orchestra.run.smithi066.stdout:/usr/bin/ceph: stderr
2024-04-21T08:58:23.515+0000 7fd283694700 1 -- 172.21.15.66:0/2938528514 >> 172.21.15.66:0/2938528514 conn(0x7fd27c101fb0 msgr2=0x7fd27c102990 unknown :-1 s=STATE_NONE l=0).mark_down
2024-04-21T08:58:24.095 INFO:teuthology.orchestra.run.smithi066.stdout:/usr/bin/ceph: stderr
2024-04-21T08:58:23.515+0000 7fd283694700 1 -- 172.21.15.66:0/2938528514 shutdown_connections
2024-04-21T08:58:24.095 INFO:teuthology.orchestra.run.smithi066.stdout:/usr/bin/ceph: stderr
2024-04-21T08:58:23.515+0000 7fd283694700 1 -- 172.21.15.66:0/2938528514 wait complete.
2024-04-21T08:58:24.095 INFO:teuthology.orchestra.run.smithi066.stdout:Deploying unmanaged mon service...
2024-04-21T08:58:24.743 INFO:journalctl@ceph.mon.a.smithi066.stdout:Apr 21 08:58:24 smithi066 ceph-mon[27953]: from='mgr.14120 172.21.15.66:0/3359354210' entity='mgr.x'
2024-04-21T08:58:24.743 INFO:journalctl@ceph.mon.a.smithi066.stdout:Apr 21 08:58:24 smithi066 ceph-mon[27953]: Added host smithi066
2024-04-21T08:58:24.743 INFO:journalctl@ceph.mon.a.smithi066.stdout:Apr 21 08:58:24 smithi066 ceph-mon[27953]: from='mgr.14120 172.21.15.66:0/3359354210' entity='mgr.x' cmd=[{"prefix": "config dump", "format": "json"}]: dispatch
2024-04-21T08:58:25.568 INFO:teuthology.orchestra.run.smithi066.stdout:/usr/bin/ceph: stdout Scheduled mon update...
2024-04-21T08:58:25.568 INFO:teuthology.orchestra.run.smithi066.stdout:/usr/bin/ceph: stderr
2024-04-21T08:58:24.743+0000 7f0b8c450700 1 Processor -- start
2024-04-21T08:58:25.568 INFO:teuthology.orchestra.run.smithi066.stdout:/usr/bin/ceph: stderr
2024-04-21T08:58:24.743+0000 7f0b8c450700 1 -- start start
2024-04-21T08:58:25.568 INFO:teuthology.orchestra.run.smithi066.stdout:/usr/bin/ceph: stderr
2024-04-21T08:58:24.744+0000 7f0b8c450700 1 --2- >> [v2:172.21.15.66:3300/0,v1:172.21.15.66:6789/0] conn(0x7f0b84106c40 0x7f0b84107060 unknown :-1 s=NONE pgs=0 cs=0 l=0 rev1=0 crypto rx=0 tx=0 comp rx=0 tx=0).connect
2024-04-21T08:58:25.568 INFO:teuthology.orchestra.run.smithi066.stdout:/usr/bin/ceph: stderr
2024-04-21T08:58:24.744+0000 7f0b8c450700 1 -- --> [v2:172.21.15.66:3300/0,v1:172.21.15.66:6789/0] -- mon_getmap magic: 0 -- 0x7f0b8407be40 con 0x7f0b84106c40
2024-04-21T08:58:25.568 INFO:teuthology.orchestra.run.smithi066.stdout:/usr/bin/ceph: stderr
2024-04-21T08:58:24.744+0000 7f0b8a1ec700 1 --2- >> [v2:172.21.15.66:3300/0,v1:172.21.15.66:6789/0] conn(0x7f0b84106c40 0x7f0b84107060 unknown :-1 s=BANNER_CONNECTING pgs=0 cs=0 l=0 rev1=0 crypto rx=0 tx=0 comp rx=0 tx=0)._handle_peer_banner_payload supported=3 required=0
2024-04-21T08:58:25.568 INFO:teuthology.orchestra.run.smithi066.stdout:/usr/bin/ceph: stderr
2024-04-21T08:58:24.744+0000 7f0b8a1ec700 1 --2- >> [v2:172.21.15.66:3300/0,v1:172.21.15.66:6789/0] conn(0x7f0b84106c40 0x7f0b84107060 unknown :-1 s=HELLO_CONNECTING pgs=0 cs=0 l=0 rev1=1 crypto rx=0 tx=0 comp rx=0 tx=0).handle_hello peer v2:172.21.15.66:3300/0 says I am v2:172.21.15.66:44224/0 (socket says 172.21.15.66:44224)
2024-04-21T08:58:25.568 INFO:teuthology.orchestra.run.smithi066.stdout:/usr/bin/ceph: stderr
2024-04-21T08:58:24.744+0000 7f0b8a1ec700 1 -- 172.21.15.66:0/3362721686 learned_addr learned my addr 172.21.15.66:0/3362721686 (peer_addr_for_me v2:172.21.15.66:0/0)
2024-04-21T08:58:25.568 INFO:teuthology.orchestra.run.smithi066.stdout:/usr/bin/ceph: stderr
2024-04-21T08:58:24.744+0000 7f0b8a1ec700 1 -- 172.21.15.66:0/3362721686 --> [v2:172.21.15.66:3300/0,v1:172.21.15.66:6789/0] -- mon_subscribe({config=0+,monmap=0+}) -- 0x7f0b841075a0 con 0x7f0b84106c40
2024-04-21T08:58:25.568 INFO:teuthology.orchestra.run.smithi066.stdout:/usr/bin/ceph: stderr
2024-04-21T08:58:24.745+0000 7f0b8a1ec700 1 --2- 172.21.15.66:0/3362721686 >> [v2:172.21.15.66:3300/0,v1:172.21.15.66:6789/0] conn(0x7f0b84106c40 0x7f0b84107060 secure :-1 s=READY pgs=47 cs=0 l=1 rev1=1 crypto rx=0x7f0b800098a0 tx=0x7f0b80009bb0 comp rx=0 tx=0).ready entity=mon.0 client_cookie=ec43fa3314b1eea server_cookie=0 in_seq=0 out_seq=0
2024-04-21T08:58:25.569 INFO:teuthology.orchestra.run.smithi066.stdout:/usr/bin/ceph: stderr
2024-04-21T08:58:24.745+0000 7f0b891ea700 1 -- 172.21.15.66:0/3362721686 <== mon.0 v2:172.21.15.66:3300/0 1 ==== mon_map magic: 0 ==== 205+0+0 (secure 0 0 0) 0x7f0b80004160 con 0x7f0b84106c40
2024-04-21T08:58:25.569 INFO:teuthology.orchestra.run.smithi066.stdout:/usr/bin/ceph: stderr
2024-04-21T08:58:24.745+0000 7f0b891ea700 1 -- 172.21.15.66:0/3362721686 <== mon.0 v2:172.21.15.66:3300/0 2 ==== config(26 keys) ==== 1070+0+0 (secure 0 0 0) 0x7f0b80004300 con 0x7f0b84106c40
2024-04-21T08:58:25.569 INFO:teuthology.orchestra.run.smithi066.stdout:/usr/bin/ceph: stderr
2024-04-21T08:58:24.745+0000 7f0b891ea700 1 -- 172.21.15.66:0/3362721686 <== mon.0 v2:172.21.15.66:3300/0 3 ==== mon_map magic: 0 ==== 205+0+0 (secure 0 0 0) 0x7f0b80011af0 con 0x7f0b84106c40
2024-04-21T08:58:25.569 INFO:teuthology.orchestra.run.smithi066.stdout:/usr/bin/ceph: stderr
2024-04-21T08:58:24.745+0000 7f0b8c450700 1 -- 172.21.15.66:0/3362721686 >> [v2:172.21.15.66:3300/0,v1:172.21.15.66:6789/0] conn(0x7f0b84106c40 msgr2=0x7f0b84107060 secure :-1 s=STATE_CONNECTION_ESTABLISHED l=1).mark_down
2024-04-21T08:58:25.569 INFO:teuthology.orchestra.run.smithi066.stdout:/usr/bin/ceph: stderr
2024-04-21T08:58:24.745+0000 7f0b8c450700 1 --2- 172.21.15.66:0/3362721686 >> [v2:172.21.15.66:3300/0,v1:172.21.15.66:6789/0] conn(0x7f0b84106c40 0x7f0b84107060 secure :-1 s=READY pgs=47 cs=0 l=1 rev1=1 crypto rx=0x7f0b800098a0 tx=0x7f0b80009bb0 comp rx=0 tx=0).stop
2024-04-21T08:58:25.569 INFO:teuthology.orchestra.run.smithi066.stdout:/usr/bin/ceph: stderr
2024-04-21T08:58:24.745+0000 7f0b8c450700 1 -- 172.21.15.66:0/3362721686 shutdown_connections
2024-04-21T08:58:25.569 INFO:teuthology.orchestra.run.smithi066.stdout:/usr/bin/ceph: stderr
2024-04-21T08:58:24.745+0000 7f0b8c450700 1 --2- 172.21.15.66:0/3362721686 >> [v2:172.21.15.66:3300/0,v1:172.21.15.66:6789/0] conn(0x7f0b84106c40 0x7f0b84107060 unknown :-1 s=CLOSED pgs=47 cs=0 l=1 rev1=1 crypto rx=0 tx=0 comp rx=0 tx=0).stop
2024-04-21T08:58:25.569 INFO:teuthology.orchestra.run.smithi066.stdout:/usr/bin/ceph: stderr
2024-04-21T08:58:24.745+0000 7f0b8c450700 1 -- 172.21.15.66:0/3362721686 >> 172.21.15.66:0/3362721686 conn(0x7f0b84102860 msgr2=0x7f0b84104c80 unknown :-1 s=STATE_NONE l=0).mark_down
2024-04-21T08:58:25.569 INFO:teuthology.orchestra.run.smithi066.stdout:/usr/bin/ceph: stderr
2024-04-21T08:58:24.746+0000 7f0b8c450700 1 -- 172.21.15.66:0/3362721686 shutdown_connections
2024-04-21T08:58:25.569 INFO:teuthology.orchestra.run.smithi066.stdout:/usr/bin/ceph: stderr
2024-04-21T08:58:24.746+0000 7f0b8c450700 1 -- 172.21.15.66:0/3362721686 wait complete.
2024-04-21T08:58:25.569 INFO:teuthology.orchestra.run.smithi066.stdout:/usr/bin/ceph: stderr
2024-04-21T08:58:24.746+0000 7f0b8c450700 1 Processor -- start
2024-04-21T08:58:25.569 INFO:teuthology.orchestra.run.smithi066.stdout:/usr/bin/ceph: stderr
2024-04-21T08:58:24.746+0000 7f0b8c450700 1 -- start start
2024-04-21T08:58:25.569 INFO:teuthology.orchestra.run.smithi066.stdout:/usr/bin/ceph: stderr
2024-04-21T08:58:24.746+0000 7f0b8c450700 1 --2- >> [v2:172.21.15.66:3300/0,v1:172.21.15.66:6789/0] conn(0x7f0b84106c40 0x7f0b8419e3e0 unknown :-1 s=NONE pgs=0 cs=0 l=1 rev1=0 crypto rx=0 tx=0 comp rx=0 tx=0).connect
2024-04-21T08:58:25.570 INFO:teuthology.orchestra.run.smithi066.stdout:/usr/bin/ceph: stderr
2024-04-21T08:58:24.746+0000 7f0b8c450700 1 -- --> [v2:172.21.15.66:3300/0,v1:172.21.15.66:6789/0] -- mon_getmap magic: 0 -- 0x7f0b841085d0 con 0x7f0b84106c40
2024-04-21T08:58:25.570 INFO:teuthology.orchestra.run.smithi066.stdout:/usr/bin/ceph: stderr
2024-04-21T08:58:24.747+0000 7f0b8a1ec700 1 --2- >> [v2:172.21.15.66:3300/0,v1:172.21.15.66:6789/0] conn(0x7f0b84106c40 0x7f0b8419e3e0 unknown :-1 s=BANNER_CONNECTING pgs=0 cs=0 l=1 rev1=0 crypto rx=0 tx=0 comp rx=0 tx=0)._handle_peer_banner_payload supported=3 required=0
2024-04-21T08:58:25.570 INFO:teuthology.orchestra.run.smithi066.stdout:/usr/bin/ceph: stderr
2024-04-21T08:58:24.747+0000 7f0b8a1ec700 1 --2- >> [v2:172.21.15.66:3300/0,v1:172.21.15.66:6789/0] conn(0x7f0b84106c40 0x7f0b8419e3e0 unknown :-1 s=HELLO_CONNECTING pgs=0 cs=0 l=1 rev1=1 crypto rx=0 tx=0 comp rx=0 tx=0).handle_hello peer v2:172.21.15.66:3300/0 says I am v2:172.21.15.66:44228/0 (socket says 172.21.15.66:44228)
2024-04-21T08:58:25.570 INFO:teuthology.orchestra.run.smithi066.stdout:/usr/bin/ceph: stderr
2024-04-21T08:58:24.747+0000 7f0b8a1ec700 1 -- 172.21.15.66:0/1959729591 learned_addr learned my addr 172.21.15.66:0/1959729591 (peer_addr_for_me v2:172.21.15.66:0/0)
2024-04-21T08:58:25.570 INFO:teuthology.orchestra.run.smithi066.stdout:/usr/bin/ceph: stderr
2024-04-21T08:58:24.747+0000 7f0b8a1ec700 1 -- 172.21.15.66:0/1959729591 --> [v2:172.21.15.66:3300/0,v1:172.21.15.66:6789/0] -- mon_subscribe({config=0+,monmap=0+}) -- 0x7f0b8419e920 con 0x7f0b84106c40
2024-04-21T08:58:25.570 INFO:teuthology.orchestra.run.smithi066.stdout:/usr/bin/ceph: stderr
2024-04-21T08:58:24.747+0000 7f0b8a1ec700 1 --2- 172.21.15.66:0/1959729591 >> [v2:172.21.15.66:3300/0,v1:172.21.15.66:6789/0] conn(0x7f0b84106c40 0x7f0b8419e3e0 secure :-1 s=READY pgs=48 cs=0 l=1 rev1=1 crypto rx=0x7f0b80011ac0 tx=0x7f0b80011ba0 comp rx=0 tx=0).ready entity=mon.0 client_cookie=0 server_cookie=0 in_seq=0 out_seq=0
2024-04-21T08:58:25.570 INFO:teuthology.orchestra.run.smithi066.stdout:/usr/bin/ceph: stderr
