2024-04-21T08:58:03.064 INFO:teuthology.orchestra.run.smithi066.stdout:/usr/bin/ceph: stdout {
2024-04-21T08:58:03.064 INFO:teuthology.orchestra.run.smithi066.stdout:/usr/bin/ceph: stdout "fsid": "0cca84f6-ffbd-11ee-bc93-c7b262605968",
2024-04-21T08:58:03.064 INFO:teuthology.orchestra.run.smithi066.stdout:/usr/bin/ceph: stdout "health": {
2024-04-21T08:58:03.064 INFO:teuthology.orchestra.run.smithi066.stdout:/usr/bin/ceph: stdout "status": "HEALTH_OK",
2024-04-21T08:58:03.064 INFO:teuthology.orchestra.run.smithi066.stdout:/usr/bin/ceph: stdout "checks": {},
2024-04-21T08:58:03.064 INFO:teuthology.orchestra.run.smithi066.stdout:/usr/bin/ceph: stdout "mutes": []
2024-04-21T08:58:03.065 INFO:teuthology.orchestra.run.smithi066.stdout:/usr/bin/ceph: stdout },
2024-04-21T08:58:03.065 INFO:teuthology.orchestra.run.smithi066.stdout:/usr/bin/ceph: stdout "election_epoch": 5,
2024-04-21T08:58:03.065 INFO:teuthology.orchestra.run.smithi066.stdout:/usr/bin/ceph: stdout "quorum": [
2024-04-21T08:58:03.065 INFO:teuthology.orchestra.run.smithi066.stdout:/usr/bin/ceph: stdout 0
2024-04-21T08:58:03.065 INFO:teuthology.orchestra.run.smithi066.stdout:/usr/bin/ceph: stdout ],
2024-04-21T08:58:03.065 INFO:teuthology.orchestra.run.smithi066.stdout:/usr/bin/ceph: stdout "quorum_names": [
2024-04-21T08:58:03.065 INFO:teuthology.orchestra.run.smithi066.stdout:/usr/bin/ceph: stdout "a"
2024-04-21T08:58:03.065 INFO:teuthology.orchestra.run.smithi066.stdout:/usr/bin/ceph: stdout ],
2024-04-21T08:58:03.065 INFO:teuthology.orchestra.run.smithi066.stdout:/usr/bin/ceph: stdout "quorum_age": 12,
2024-04-21T08:58:03.065 INFO:teuthology.orchestra.run.smithi066.stdout:/usr/bin/ceph: stdout "monmap": {
2024-04-21T08:58:03.065 INFO:teuthology.orchestra.run.smithi066.stdout:/usr/bin/ceph: stdout "epoch": 1,
2024-04-21T08:58:03.065 INFO:teuthology.orchestra.run.smithi066.stdout:/usr/bin/ceph: stdout "min_mon_release_name": "squid",
2024-04-21T08:58:03.065 INFO:teuthology.orchestra.run.smithi066.stdout:/usr/bin/ceph: stdout "num_mons": 1
2024-04-21T08:58:03.066 INFO:teuthology.orchestra.run.smithi066.stdout:/usr/bin/ceph: stdout },
2024-04-21T08:58:03.066 INFO:teuthology.orchestra.run.smithi066.stdout:/usr/bin/ceph: stdout "osdmap": {
2024-04-21T08:58:03.066 INFO:teuthology.orchestra.run.smithi066.stdout:/usr/bin/ceph: stdout "epoch": 1,
2024-04-21T08:58:03.066 INFO:teuthology.orchestra.run.smithi066.stdout:/usr/bin/ceph: stdout "num_osds": 0,
2024-04-21T08:58:03.066 INFO:teuthology.orchestra.run.smithi066.stdout:/usr/bin/ceph: stdout "num_up_osds": 0,
2024-04-21T08:58:03.066 INFO:teuthology.orchestra.run.smithi066.stdout:/usr/bin/ceph: stdout "osd_up_since": 0,
2024-04-21T08:58:03.066 INFO:teuthology.orchestra.run.smithi066.stdout:/usr/bin/ceph: stdout "num_in_osds": 0,
2024-04-21T08:58:03.066 INFO:teuthology.orchestra.run.smithi066.stdout:/usr/bin/ceph: stdout "osd_in_since": 0,
2024-04-21T08:58:03.066 INFO:teuthology.orchestra.run.smithi066.stdout:/usr/bin/ceph: stdout "num_remapped_pgs": 0
2024-04-21T08:58:03.066 INFO:teuthology.orchestra.run.smithi066.stdout:/usr/bin/ceph: stdout },
2024-04-21T08:58:03.066 INFO:teuthology.orchestra.run.smithi066.stdout:/usr/bin/ceph: stdout "pgmap": {
2024-04-21T08:58:03.067 INFO:teuthology.orchestra.run.smithi066.stdout:/usr/bin/ceph: stdout "pgs_by_state": [],
2024-04-21T08:58:03.067 INFO:teuthology.orchestra.run.smithi066.stdout:/usr/bin/ceph: stdout "num_pgs": 0,
2024-04-21T08:58:03.067 INFO:teuthology.orchestra.run.smithi066.stdout:/usr/bin/ceph: stdout "num_pools": 0,
2024-04-21T08:58:03.067 INFO:teuthology.orchestra.run.smithi066.stdout:/usr/bin/ceph: stdout "num_objects": 0,
2024-04-21T08:58:03.067 INFO:teuthology.orchestra.run.smithi066.stdout:/usr/bin/ceph: stdout "data_bytes": 0,
2024-04-21T08:58:03.067 INFO:teuthology.orchestra.run.smithi066.stdout:/usr/bin/ceph: stdout "bytes_used": 0,
2024-04-21T08:58:03.067 INFO:teuthology.orchestra.run.smithi066.stdout:/usr/bin/ceph: stdout "bytes_avail": 0,
2024-04-21T08:58:03.067 INFO:teuthology.orchestra.run.smithi066.stdout:/usr/bin/ceph: stdout "bytes_total": 0
2024-04-21T08:58:03.067 INFO:teuthology.orchestra.run.smithi066.stdout:/usr/bin/ceph: stdout },
2024-04-21T08:58:03.067 INFO:teuthology.orchestra.run.smithi066.stdout:/usr/bin/ceph: stdout "fsmap": {
2024-04-21T08:58:03.067 INFO:teuthology.orchestra.run.smithi066.stdout:/usr/bin/ceph: stdout "epoch": 1,
2024-04-21T08:58:03.067 INFO:teuthology.orchestra.run.smithi066.stdout:/usr/bin/ceph: stdout "by_rank": [],
2024-04-21T08:58:03.067 INFO:teuthology.orchestra.run.smithi066.stdout:/usr/bin/ceph: stdout "up:standby": 0
2024-04-21T08:58:03.068 INFO:teuthology.orchestra.run.smithi066.stdout:/usr/bin/ceph: stdout },
2024-04-21T08:58:03.068 INFO:teuthology.orchestra.run.smithi066.stdout:/usr/bin/ceph: stdout "mgrmap": {
2024-04-21T08:58:03.068 INFO:teuthology.orchestra.run.smithi066.stdout:/usr/bin/ceph: stdout "available": true,
2024-04-21T08:58:03.068 INFO:teuthology.orchestra.run.smithi066.stdout:/usr/bin/ceph: stdout "num_standbys": 0,
2024-04-21T08:58:03.068 INFO:teuthology.orchestra.run.smithi066.stdout:/usr/bin/ceph: stdout "modules": [
2024-04-21T08:58:03.068 INFO:teuthology.orchestra.run.smithi066.stdout:/usr/bin/ceph: stdout "iostat",
2024-04-21T08:58:03.068 INFO:teuthology.orchestra.run.smithi066.stdout:/usr/bin/ceph: stdout "nfs",
2024-04-21T08:58:03.068 INFO:teuthology.orchestra.run.smithi066.stdout:/usr/bin/ceph: stdout "restful"
2024-04-21T08:58:03.068 INFO:teuthology.orchestra.run.smithi066.stdout:/usr/bin/ceph: stdout ],
2024-04-21T08:58:03.068 INFO:teuthology.orchestra.run.smithi066.stdout:/usr/bin/ceph: stdout "services": {}
2024-04-21T08:58:03.068 INFO:teuthology.orchestra.run.smithi066.stdout:/usr/bin/ceph: stdout },
2024-04-21T08:58:03.068 INFO:teuthology.orchestra.run.smithi066.stdout:/usr/bin/ceph: stdout "servicemap": {
2024-04-21T08:58:03.068 INFO:teuthology.orchestra.run.smithi066.stdout:/usr/bin/ceph: stdout "epoch": 1,
2024-04-21T08:58:03.069 INFO:teuthology.orchestra.run.smithi066.stdout:/usr/bin/ceph: stdout "modified": "2024-04-21T08:57:34.912970+0000",
2024-04-21T08:58:03.069 INFO:teuthology.orchestra.run.smithi066.stdout:/usr/bin/ceph: stdout "services": {}
2024-04-21T08:58:03.069 INFO:teuthology.orchestra.run.smithi066.stdout:/usr/bin/ceph: stdout },
2024-04-21T08:58:03.069 INFO:teuthology.orchestra.run.smithi066.stdout:/usr/bin/ceph: stdout "progress_events": {}
2024-04-21T08:58:03.069 INFO:teuthology.orchestra.run.smithi066.stdout:/usr/bin/ceph: stdout }
2024-04-21T08:58:03.069 INFO:teuthology.orchestra.run.smithi066.stdout:/usr/bin/ceph: stderr
2024-04-21T08:58:02.203+0000 7f105de72700 1 Processor -- start
2024-04-21T08:58:03.069 INFO:teuthology.orchestra.run.smithi066.stdout:/usr/bin/ceph: stderr
2024-04-21T08:58:02.203+0000 7f105de72700 1 -- start start
2024-04-21T08:58:03.069 INFO:teuthology.orchestra.run.smithi066.stdout:/usr/bin/ceph: stderr
2024-04-21T08:58:02.203+0000 7f105de72700 1 --2- >> [v2:172.21.15.66:3300/0,v1:172.21.15.66:6789/0] conn(0x7f10581083b0 0x7f10581087d0 unknown :-1 s=NONE pgs=0 cs=0 l=0 rev1=0 crypto rx=0 tx=0 comp rx=0 tx=0).connect
2024-04-21T08:58:03.069 INFO:teuthology.orchestra.run.smithi066.stdout:/usr/bin/ceph: stderr
2024-04-21T08:58:02.203+0000 7f105de72700 1 -- --> [v2:172.21.15.66:3300/0,v1:172.21.15.66:6789/0] -- mon_getmap magic: 0 -- 0x7f1058108da0 con 0x7f10581083b0
2024-04-21T08:58:03.069 INFO:teuthology.orchestra.run.smithi066.stdout:/usr/bin/ceph: stderr
2024-04-21T08:58:02.204+0000 7f10577fe700 1 --2- >> [v2:172.21.15.66:3300/0,v1:172.21.15.66:6789/0] conn(0x7f10581083b0 0x7f10581087d0 unknown :-1 s=BANNER_CONNECTING pgs=0 cs=0 l=0 rev1=0 crypto rx=0 tx=0 comp rx=0 tx=0)._handle_peer_banner_payload supported=3 required=0
2024-04-21T08:58:03.069 INFO:teuthology.orchestra.run.smithi066.stdout:/usr/bin/ceph: stderr
2024-04-21T08:58:02.204+0000 7f10577fe700 1 --2- >> [v2:172.21.15.66:3300/0,v1:172.21.15.66:6789/0] conn(0x7f10581083b0 0x7f10581087d0 unknown :-1 s=HELLO_CONNECTING pgs=0 cs=0 l=0 rev1=1 crypto rx=0 tx=0 comp rx=0 tx=0).handle_hello peer v2:172.21.15.66:3300/0 says I am v2:172.21.15.66:47242/0 (socket says 172.21.15.66:47242)
2024-04-21T08:58:03.069 INFO:teuthology.orchestra.run.smithi066.stdout:/usr/bin/ceph: stderr
2024-04-21T08:58:02.204+0000 7f10577fe700 1 -- 172.21.15.66:0/1787278678 learned_addr learned my addr 172.21.15.66:0/1787278678 (peer_addr_for_me v2:172.21.15.66:0/0)
2024-04-21T08:58:03.069 INFO:teuthology.orchestra.run.smithi066.stdout:/usr/bin/ceph: stderr
2024-04-21T08:58:02.204+0000 7f10577fe700 1 -- 172.21.15.66:0/1787278678 --> [v2:172.21.15.66:3300/0,v1:172.21.15.66:6789/0] -- mon_subscribe({config=0+,monmap=0+}) -- 0x7f1058109560 con 0x7f10581083b0
2024-04-21T08:58:03.070 INFO:teuthology.orchestra.run.smithi066.stdout:/usr/bin/ceph: stderr
2024-04-21T08:58:02.204+0000 7f10577fe700 1 --2- 172.21.15.66:0/1787278678 >> [v2:172.21.15.66:3300/0,v1:172.21.15.66:6789/0] conn(0x7f10581083b0 0x7f10581087d0 secure :-1 s=READY pgs=18 cs=0 l=1 rev1=1 crypto rx=0x7f10480098a0 tx=0x7f1048009bb0 comp rx=0 tx=0).ready entity=mon.0 client_cookie=35cb6470a131547f server_cookie=0 in_seq=0 out_seq=0
2024-04-21T08:58:03.070 INFO:teuthology.orchestra.run.smithi066.stdout:/usr/bin/ceph: stderr
2024-04-21T08:58:02.204+0000 7f10567fc700 1 -- 172.21.15.66:0/1787278678 <== mon.0 v2:172.21.15.66:3300/0 1 ==== mon_map magic: 0 ==== 205+0+0 (secure 0 0 0) 0x7f1048004160 con 0x7f10581083b0
2024-04-21T08:58:03.070 INFO:teuthology.orchestra.run.smithi066.stdout:/usr/bin/ceph: stderr
2024-04-21T08:58:02.204+0000 7f10567fc700 1 -- 172.21.15.66:0/1787278678 <== mon.0 v2:172.21.15.66:3300/0 2 ==== config(26 keys) ==== 1070+0+0 (secure 0 0 0) 0x7f1048004300 con 0x7f10581083b0
2024-04-21T08:58:03.070 INFO:teuthology.orchestra.run.smithi066.stdout:/usr/bin/ceph: stderr
2024-04-21T08:58:02.204+0000 7f10567fc700 1 -- 172.21.15.66:0/1787278678 <== mon.0 v2:172.21.15.66:3300/0 3 ==== mon_map magic: 0 ==== 205+0+0 (secure 0 0 0) 0x7f1048011af0 con 0x7f10581083b0
2024-04-21T08:58:03.070 INFO:teuthology.orchestra.run.smithi066.stdout:/usr/bin/ceph: stderr
2024-04-21T08:58:02.205+0000 7f105de72700 1 -- 172.21.15.66:0/1787278678 >> [v2:172.21.15.66:3300/0,v1:172.21.15.66:6789/0] conn(0x7f10581083b0 msgr2=0x7f10581087d0 secure :-1 s=STATE_CONNECTION_ESTABLISHED l=1).mark_down
2024-04-21T08:58:03.070 INFO:teuthology.orchestra.run.smithi066.stdout:/usr/bin/ceph: stderr
2024-04-21T08:58:02.205+0000 7f105de72700 1 --2- 172.21.15.66:0/1787278678 >> [v2:172.21.15.66:3300/0,v1:172.21.15.66:6789/0] conn(0x7f10581083b0 0x7f10581087d0 secure :-1 s=READY pgs=18 cs=0 l=1 rev1=1 crypto rx=0x7f10480098a0 tx=0x7f1048009bb0 comp rx=0 tx=0).stop
2024-04-21T08:58:03.070 INFO:teuthology.orchestra.run.smithi066.stdout:/usr/bin/ceph: stderr
2024-04-21T08:58:02.205+0000 7f105de72700 1 -- 172.21.15.66:0/1787278678 shutdown_connections
2024-04-21T08:58:03.070 INFO:teuthology.orchestra.run.smithi066.stdout:/usr/bin/ceph: stderr
2024-04-21T08:58:02.205+0000 7f105de72700 1 --2- 172.21.15.66:0/1787278678 >> [v2:172.21.15.66:3300/0,v1:172.21.15.66:6789/0] conn(0x7f10581083b0 0x7f10581087d0 unknown :-1 s=CLOSED pgs=18 cs=0 l=1 rev1=1 crypto rx=0 tx=0 comp rx=0 tx=0).stop
2024-04-21T08:58:03.070 INFO:teuthology.orchestra.run.smithi066.stdout:/usr/bin/ceph: stderr
2024-04-21T08:58:02.205+0000 7f105de72700 1 -- 172.21.15.66:0/1787278678 >> 172.21.15.66:0/1787278678 conn(0x7f10581039b0 msgr2=0x7f1058105dd0 unknown :-1 s=STATE_NONE l=0).mark_down
2024-04-21T08:58:03.070 INFO:teuthology.orchestra.run.smithi066.stdout:/usr/bin/ceph: stderr
2024-04-21T08:58:02.205+0000 7f105de72700 1 -- 172.21.15.66:0/1787278678 shutdown_connections
2024-04-21T08:58:03.070 INFO:teuthology.orchestra.run.smithi066.stdout:/usr/bin/ceph: stderr
2024-04-21T08:58:02.205+0000 7f105de72700 1 -- 172.21.15.66:0/1787278678 wait complete.
2024-04-21T08:58:03.070 INFO:teuthology.orchestra.run.smithi066.stdout:/usr/bin/ceph: stderr
2024-04-21T08:58:02.206+0000 7f105de72700 1 Processor -- start
2024-04-21T08:58:03.070 INFO:teuthology.orchestra.run.smithi066.stdout:/usr/bin/ceph: stderr
2024-04-21T08:58:02.206+0000 7f105de72700 1 -- start start
2024-04-21T08:58:03.070 INFO:teuthology.orchestra.run.smithi066.stdout:/usr/bin/ceph: stderr
2024-04-21T08:58:02.206+0000 7f105de72700 1 --2- >> [v2:172.21.15.66:3300/0,v1:172.21.15.66:6789/0] conn(0x7f10581083b0 0x7f105819e400 unknown :-1 s=NONE pgs=0 cs=0 l=1 rev1=0 crypto rx=0 tx=0 comp rx=0 tx=0).connect
2024-04-21T08:58:03.071 INFO:teuthology.orchestra.run.smithi066.stdout:/usr/bin/ceph: stderr
2024-04-21T08:58:02.206+0000 7f105de72700 1 -- --> [v2:172.21.15.66:3300/0,v1:172.21.15.66:6789/0] -- mon_getmap magic: 0 -- 0x7f105810c910 con 0x7f10581083b0
2024-04-21T08:58:03.071 INFO:teuthology.orchestra.run.smithi066.stdout:/usr/bin/ceph: stderr
2024-04-21T08:58:02.206+0000 7f10577fe700 1 --2- >> [v2:172.21.15.66:3300/0,v1:172.21.15.66:6789/0] conn(0x7f10581083b0 0x7f105819e400 unknown :-1 s=BANNER_CONNECTING pgs=0 cs=0 l=1 rev1=0 crypto rx=0 tx=0 comp rx=0 tx=0)._handle_peer_banner_payload supported=3 required=0
2024-04-21T08:58:03.071 INFO:teuthology.orchestra.run.smithi066.stdout:/usr/bin/ceph: stderr
2024-04-21T08:58:02.206+0000 7f10577fe700 1 --2- >> [v2:172.21.15.66:3300/0,v1:172.21.15.66:6789/0] conn(0x7f10581083b0 0x7f105819e400 unknown :-1 s=HELLO_CONNECTING pgs=0 cs=0 l=1 rev1=1 crypto rx=0 tx=0 comp rx=0 tx=0).handle_hello peer v2:172.21.15.66:3300/0 says I am v2:172.21.15.66:47248/0 (socket says 172.21.15.66:47248)
2024-04-21T08:58:03.071 INFO:teuthology.orchestra.run.smithi066.stdout:/usr/bin/ceph: stderr
2024-04-21T08:58:02.206+0000 7f10577fe700 1 -- 172.21.15.66:0/18088723 learned_addr learned my addr 172.21.15.66:0/18088723 (peer_addr_for_me v2:172.21.15.66:0/0)
2024-04-21T08:58:03.071 INFO:teuthology.orchestra.run.smithi066.stdout:/usr/bin/ceph: stderr
2024-04-21T08:58:02.206+0000 7f10577fe700 1 -- 172.21.15.66:0/18088723 --> [v2:172.21.15.66:3300/0,v1:172.21.15.66:6789/0] -- mon_subscribe({config=0+,monmap=0+}) -- 0x7f105819e940 con 0x7f10581083b0
2024-04-21T08:58:03.071 INFO:teuthology.orchestra.run.smithi066.stdout:/usr/bin/ceph: stderr
2024-04-21T08:58:02.207+0000 7f10577fe700 1 --2- 172.21.15.66:0/18088723 >> [v2:172.21.15.66:3300/0,v1:172.21.15.66:6789/0] conn(0x7f10581083b0 0x7f105819e400 secure :-1 s=READY pgs=19 cs=0 l=1 rev1=1 crypto rx=0x7f1048003f40 tx=0x7f1048011890 comp rx=0 tx=0).ready entity=mon.0 client_cookie=0 server_cookie=0 in_seq=0 out_seq=0
2024-04-21T08:58:03.071 INFO:teuthology.orchestra.run.smithi066.stdout:/usr/bin/ceph: stderr
2024-04-21T08:58:02.207+0000 7f1054ff9700 1 -- 172.21.15.66:0/18088723 <== mon.0 v2:172.21.15.66:3300/0 1 ==== mon_map magic: 0 ==== 205+0+0 (secure 0 0 0) 0x7f10480038b0 con 0x7f10581083b0
2024-04-21T08:58:03.071 INFO:teuthology.orchestra.run.smithi066.stdout:/usr/bin/ceph: stderr
2024-04-21T08:58:02.207+0000 7f1054ff9700 1 -- 172.21.15.66:0/18088723 <== mon.0 v2:172.21.15.66:3300/0 2 ==== config(26 keys) ==== 1070+0+0 (secure 0 0 0) 0x7f1048003a50 con 0x7f10581083b0
2024-04-21T08:58:03.071 INFO:teuthology.orchestra.run.smithi066.stdout:/usr/bin/ceph: stderr
2024-04-21T08:58:02.207+0000 7f105de72700 1 -- 172.21.15.66:0/18088723 --> [v2:172.21.15.66:3300/0,v1:172.21.15.66:6789/0] -- mon_subscribe({mgrmap=0+}) -- 0x7f105819ebd0 con 0x7f10581083b0
2024-04-21T08:58:03.071 INFO:teuthology.orchestra.run.smithi066.stdout:/usr/bin/ceph: stderr
2024-04-21T08:58:02.207+0000 7f1054ff9700 1 -- 172.21.15.66:0/18088723 <== mon.0 v2:172.21.15.66:3300/0 3 ==== mon_map magic: 0 ==== 205+0+0 (secure 0 0 0) 0x7f104801a5c0 con 0x7f10581083b0
2024-04-21T08:58:03.071 INFO:teuthology.orchestra.run.smithi066.stdout:/usr/bin/ceph: stderr
2024-04-21T08:58:02.207+0000 7f105de72700 1 -- 172.21.15.66:0/18088723 --> [v2:172.21.15.66:3300/0,v1:172.21.15.66:6789/0] -- mon_subscribe({osdmap=0}) -- 0x7f10581a18c0 con 0x7f10581083b0
2024-04-21T08:58:03.071 INFO:teuthology.orchestra.run.smithi066.stdout:/usr/bin/ceph: stderr
2024-04-21T08:58:02.208+0000 7f1054ff9700 1 -- 172.21.15.66:0/18088723 <== mon.0 v2:172.21.15.66:3300/0 4 ==== mgrmap(e 4) ==== 46547+0+0 (secure 0 0 0) 0x7f104801a870 con 0x7f10581083b0
2024-04-21T08:58:03.071 INFO:teuthology.orchestra.run.smithi066.stdout:/usr/bin/ceph: stderr
2024-04-21T08:58:02.208+0000 7f1054ff9700 1 --2- 172.21.15.66:0/18088723 >> [v2:172.21.15.66:6800/3624224927,v1:172.21.15.66:6801/3624224927] conn(0x7f1040039620 0x7f104003bae0 unknown :-1 s=NONE pgs=0 cs=0 l=1 rev1=0 crypto rx=0 tx=0 comp rx=0 tx=0).connect
2024-04-21T08:58:03.072 INFO:teuthology.orchestra.run.smithi066.stdout:/usr/bin/ceph: stderr
2024-04-21T08:58:02.208+0000 7f1054ff9700 1 -- 172.21.15.66:0/18088723 <== mon.0 v2:172.21.15.66:3300/0 5 ==== osd_map(1..1 src has 1..1) ==== 725+0+0 (secure 0 0 0) 0x7f104804da30 con 0x7f10581083b0
2024-04-21T08:58:03.072 INFO:teuthology.orchestra.run.smithi066.stdout:/usr/bin/ceph: stderr
2024-04-21T08:58:02.208+0000 7f105de72700 1 -- 172.21.15.66:0/18088723 --> [v2:172.21.15.66:3300/0,v1:172.21.15.66:6789/0] -- mon_command({"prefix": "get_command_descriptions"} v 0) -- 0x7f10580640a0 con 0x7f10581083b0
2024-04-21T08:58:03.072 INFO:teuthology.orchestra.run.smithi066.stdout:/usr/bin/ceph: stderr
2024-04-21T08:58:02.208+0000 7f1056ffd700 1 --2- 172.21.15.66:0/18088723 >> [v2:172.21.15.66:6800/3624224927,v1:172.21.15.66:6801/3624224927] conn(0x7f1040039620 0x7f104003bae0 unknown :-1 s=BANNER_CONNECTING pgs=0 cs=0 l=1 rev1=0 crypto rx=0 tx=0 comp rx=0 tx=0)._handle_peer_banner_payload supported=3 required=0
2024-04-21T08:58:03.072 INFO:teuthology.orchestra.run.smithi066.stdout:/usr/bin/ceph: stderr
2024-04-21T08:58:02.209+0000 7f1056ffd700 1 --2- 172.21.15.66:0/18088723 >> [v2:172.21.15.66:6800/3624224927,v1:172.21.15.66:6801/3624224927] conn(0x7f1040039620 0x7f104003bae0 secure :-1 s=READY pgs=6 cs=0 l=1 rev1=1 crypto rx=0x7f104c006fd0 tx=0x7f104c006e40 comp rx=0 tx=0).ready entity=mgr.14100 client_cookie=0 server_cookie=0 in_seq=0 out_seq=0
2024-04-21T08:58:03.072 INFO:teuthology.orchestra.run.smithi066.stdout:/usr/bin/ceph: stderr
2024-04-21T08:58:02.214+0000 7f1054ff9700 1 -- 172.21.15.66:0/18088723 <== mon.0 v2:172.21.15.66:3300/0 6 ==== mon_command_ack([{"prefix": "get_command_descriptions"}]=0 v0) ==== 72+0+188370 (secure 0 0 0) 0x7f1048019c70 con 0x7f10581083b0
2024-04-21T08:58:03.072 INFO:teuthology.orchestra.run.smithi066.stdout:/usr/bin/ceph: stderr
2024-04-21T08:58:02.510+0000 7f105de72700 1 -- 172.21.15.66:0/18088723 --> [v2:172.21.15.66:3300/0,v1:172.21.15.66:6789/0] -- mon_command({"prefix": "status", "format": "json-pretty"} v 0) -- 0x7f10581a1e00 con 0x7f10581083b0
2024-04-21T08:58:03.072 INFO:teuthology.orchestra.run.smithi066.stdout:/usr/bin/ceph: stderr
2024-04-21T08:58:02.511+0000 7f1054ff9700 1 -- 172.21.15.66:0/18088723 <== mon.0 v2:172.21.15.66:3300/0 7 ==== mon_command_ack([{"prefix": "status", "format": "json-pretty"}]=0 v0) ==== 79+0+1239 (secure 0 0 0) 0x7f104802c9c0 con 0x7f10581083b0
2024-04-21T08:58:03.072 INFO:teuthology.orchestra.run.smithi066.stdout:/usr/bin/ceph: stderr
2024-04-21T08:58:02.513+0000 7f105de72700 1 -- 172.21.15.66:0/18088723 >> [v2:172.21.15.66:6800/3624224927,v1:172.21.15.66:6801/3624224927] conn(0x7f1040039620 msgr2=0x7f104003bae0 secure :-1 s=STATE_CONNECTION_ESTABLISHED l=1).mark_down
2024-04-21T08:58:03.072 INFO:teuthology.orchestra.run.smithi066.stdout:/usr/bin/ceph: stderr
2024-04-21T08:58:02.513+0000 7f105de72700 1 --2- 172.21.15.66:0/18088723 >> [v2:172.21.15.66:6800/3624224927,v1:172.21.15.66:6801/3624224927] conn(0x7f1040039620 0x7f104003bae0 secure :-1 s=READY pgs=6 cs=0 l=1 rev1=1 crypto rx=0x7f104c006fd0 tx=0x7f104c006e40 comp rx=0 tx=0).stop
2024-04-21T08:58:03.072 INFO:teuthology.orchestra.run.smithi066.stdout:/usr/bin/ceph: stderr
2024-04-21T08:58:02.513+0000 7f105de72700 1 -- 172.21.15.66:0/18088723 >> [v2:172.21.15.66:3300/0,v1:172.21.15.66:6789/0] conn(0x7f10581083b0 msgr2=0x7f105819e400 secure :-1 s=STATE_CONNECTION_ESTABLISHED l=1).mark_down
2024-04-21T08:58:03.072 INFO:teuthology.orchestra.run.smithi066.stdout:/usr/bin/ceph: stderr
2024-04-21T08:58:02.513+0000 7f105de72700 1 --2- 172.21.15.66:0/18088723 >> [v2:172.21.15.66:3300/0,v1:172.21.15.66:6789/0] conn(0x7f10581083b0 0x7f105819e400 secure :-1 s=READY pgs=19 cs=0 l=1 rev1=1 crypto rx=0x7f1048003f40 tx=0x7f1048011890 comp rx=0 tx=0).stop
2024-04-21T08:58:03.072 INFO:teuthology.orchestra.run.smithi066.stdout:/usr/bin/ceph: stderr
2024-04-21T08:58:02.513+0000 7f105de72700 1 -- 172.21.15.66:0/18088723 shutdown_connections
2024-04-21T08:58:03.072 INFO:teuthology.orchestra.run.smithi066.stdout:/usr/bin/ceph: stderr
2024-04-21T08:58:02.513+0000 7f105de72700 1 --2- 172.21.15.66:0/18088723 >> [v2:172.21.15.66:6800/3624224927,v1:172.21.15.66:6801/3624224927] conn(0x7f1040039620 0x7f104003bae0 unknown :-1 s=CLOSED pgs=6 cs=0 l=1 rev1=1 crypto rx=0 tx=0 comp rx=0 tx=0).stop
2024-04-21T08:58:03.073 INFO:teuthology.orchestra.run.smithi066.stdout:/usr/bin/ceph: stderr
2024-04-21T08:58:02.513+0000 7f105de72700 1 --2- 172.21.15.66:0/18088723 >> [v2:172.21.15.66:3300/0,v1:172.21.15.66:6789/0] conn(0x7f10581083b0 0x7f105819e400 unknown :-1 s=CLOSED pgs=19 cs=0 l=1 rev1=1 crypto rx=0 tx=0 comp rx=0 tx=0).stop
2024-04-21T08:58:03.073 INFO:teuthology.orchestra.run.smithi066.stdout:/usr/bin/ceph: stderr
2024-04-21T08:58:02.513+0000 7f105de72700 1 -- 172.21.15.66:0/18088723 >> 172.21.15.66:0/18088723 conn(0x7f10581039b0 msgr2=0x7f1058104410 unknown :-1 s=STATE_NONE l=0).mark_down
2024-04-21T08:58:03.073 INFO:teuthology.orchestra.run.smithi066.stdout:/usr/bin/ceph: stderr
2024-04-21T08:58:02.514+0000 7f105de72700 1 -- 172.21.15.66:0/18088723 shutdown_connections
2024-04-21T08:58:03.073 INFO:teuthology.orchestra.run.smithi066.stdout:/usr/bin/ceph: stderr
2024-04-21T08:58:02.514+0000 7f105de72700 1 -- 172.21.15.66:0/18088723 wait complete.
2024-04-21T08:58:03.073 INFO:teuthology.orchestra.run.smithi066.stdout:mgr is available
2024-04-21T08:58:03.973 INFO:journalctl@ceph.mon.a.smithi066.stdout:Apr 21 08:58:03 smithi066 ceph-mon[27953]: from='client.? 172.21.15.66:0/3414045720' entity='client.admin' cmd=[{"prefix": "config assimilate-conf"}]: dispatch
2024-04-21T08:58:04.200 INFO:teuthology.orchestra.run.smithi066.stdout:/usr/bin/ceph: stdout
2024-04-21T08:58:04.200 INFO:teuthology.orchestra.run.smithi066.stdout:/usr/bin/ceph: stdout [global]
2024-04-21T08:58:04.200 INFO:teuthology.orchestra.run.smithi066.stdout:/usr/bin/ceph: stdout fsid = 0cca84f6-ffbd-11ee-bc93-c7b262605968
2024-04-21T08:58:04.200 INFO:teuthology.orchestra.run.smithi066.stdout:/usr/bin/ceph: stdout mon_cluster_log_file_level = debug
2024-04-21T08:58:04.200 INFO:teuthology.orchestra.run.smithi066.stdout:/usr/bin/ceph: stdout mon_osd_allow_pg_remap = true
2024-04-21T08:58:04.200 INFO:teuthology.orchestra.run.smithi066.stdout:/usr/bin/ceph: stdout mon_osd_allow_primary_affinity = true
2024-04-21T08:58:04.200 INFO:teuthology.orchestra.run.smithi066.stdout:/usr/bin/ceph: stdout mon_warn_on_no_sortbitwise = false
2024-04-21T08:58:04.200 INFO:teuthology.orchestra.run.smithi066.stdout:/usr/bin/ceph: stdout osd_crush_chooseleaf_type = 0
2024-04-21T08:58:04.200 INFO:teuthology.orchestra.run.smithi066.stdout:/usr/bin/ceph: stdout
2024-04-21T08:58:04.200 INFO:teuthology.orchestra.run.smithi066.stdout:/usr/bin/ceph: stdout [mgr]
2024-04-21T08:58:04.201 INFO:teuthology.orchestra.run.smithi066.stdout:/usr/bin/ceph: stdout mgr/telemetry/nag = false
2024-04-21T08:58:04.201 INFO:teuthology.orchestra.run.smithi066.stdout:/usr/bin/ceph: stdout
2024-04-21T08:58:04.201 INFO:teuthology.orchestra.run.smithi066.stdout:/usr/bin/ceph: stdout [osd]
2024-04-21T08:58:04.201 INFO:teuthology.orchestra.run.smithi066.stdout:/usr/bin/ceph: stdout mon_osd_backfillfull_ratio = 0.85
2024-04-21T08:58:04.201 INFO:teuthology.orchestra.run.smithi066.stdout:/usr/bin/ceph: stdout mon_osd_full_ratio = 0.9
2024-04-21T08:58:04.201 INFO:teuthology.orchestra.run.smithi066.stdout:/usr/bin/ceph: stdout mon_osd_nearfull_ratio = 0.8
2024-04-21T08:58:04.201 INFO:teuthology.orchestra.run.smithi066.stdout:/usr/bin/ceph: stdout osd_map_max_advance = 10
2024-04-21T08:58:04.201 INFO:teuthology.orchestra.run.smithi066.stdout:/usr/bin/ceph: stdout osd_sloppy_crc = true
2024-04-21T08:58:04.201 INFO:teuthology.orchestra.run.smithi066.stdout:/usr/bin/ceph: stderr
2024-04-21T08:58:03.458+0000 7fc0100ed700 1 Processor -- start
2024-04-21T08:58:04.201 INFO:teuthology.orchestra.run.smithi066.stdout:/usr/bin/ceph: stderr
2024-04-21T08:58:03.459+0000 7fc0100ed700 1 -- start start
2024-04-21T08:58:04.201 INFO:teuthology.orchestra.run.smithi066.stdout:/usr/bin/ceph: stderr
2024-04-21T08:58:03.459+0000 7fc0100ed700 1 --2- >> [v2:172.21.15.66:3300/0,v1:172.21.15.66:6789/0] conn(0x7fc0081083b0 0x7fc0081087d0 unknown :-1 s=NONE pgs=0 cs=0 l=0 rev1=0 crypto rx=0 tx=0 comp rx=0 tx=0).connect
2024-04-21T08:58:04.202 INFO:teuthology.orchestra.run.smithi066.stdout:/usr/bin/ceph: stderr
2024-04-21T08:58:03.459+0000 7fc0100ed700 1 -- --> [v2:172.21.15.66:3300/0,v1:172.21.15.66:6789/0] -- mon_getmap magic: 0 -- 0x7fc008108da0 con 0x7fc0081083b0
2024-04-21T08:58:04.202 INFO:teuthology.orchestra.run.smithi066.stdout:/usr/bin/ceph: stderr
2024-04-21T08:58:03.459+0000 7fc00de89700 1 --2- >> [v2:172.21.15.66:3300/0,v1:172.21.15.66:6789/0] conn(0x7fc0081083b0 0x7fc0081087d0 unknown :-1 s=BANNER_CONNECTING pgs=0 cs=0 l=0 rev1=0 crypto rx=0 tx=0 comp rx=0 tx=0)._handle_peer_banner_payload supported=3 required=0
2024-04-21T08:58:04.202 INFO:teuthology.orchestra.run.smithi066.stdout:/usr/bin/ceph: stderr
2024-04-21T08:58:03.459+0000 7fc00de89700 1 --2- >> [v2:172.21.15.66:3300/0,v1:172.21.15.66:6789/0] conn(0x7fc0081083b0 0x7fc0081087d0 unknown :-1 s=HELLO_CONNECTING pgs=0 cs=0 l=0 rev1=1 crypto rx=0 tx=0 comp rx=0 tx=0).handle_hello peer v2:172.21.15.66:3300/0 says I am v2:172.21.15.66:47252/0 (socket says 172.21.15.66:47252)
2024-04-21T08:58:04.202 INFO:teuthology.orchestra.run.smithi066.stdout:/usr/bin/ceph: stderr
2024-04-21T08:58:03.459+0000 7fc00de89700 1 -- 172.21.15.66:0/3773160613 learned_addr learned my addr 172.21.15.66:0/3773160613 (peer_addr_for_me v2:172.21.15.66:0/0)
2024-04-21T08:58:04.202 INFO:teuthology.orchestra.run.smithi066.stdout:/usr/bin/ceph: stderr
2024-04-21T08:58:03.459+0000 7fc00de89700 1 -- 172.21.15.66:0/3773160613 --> [v2:172.21.15.66:3300/0,v1:172.21.15.66:6789/0] -- mon_subscribe({config=0+,monmap=0+}) -- 0x7fc008109560 con 0x7fc0081083b0
2024-04-21T08:58:04.202 INFO:teuthology.orchestra.run.smithi066.stdout:/usr/bin/ceph: stderr
2024-04-21T08:58:03.459+0000 7fc00de89700 1 --2- 172.21.15.66:0/3773160613 >> [v2:172.21.15.66:3300/0,v1:172.21.15.66:6789/0] conn(0x7fc0081083b0 0x7fc0081087d0 secure :-1 s=READY pgs=20 cs=0 l=1 rev1=1 crypto rx=0x7fc0040098a0 tx=0x7fc004009bb0 comp rx=0 tx=0).ready entity=mon.0 client_cookie=73f0f059cea54730 server_cookie=0 in_seq=0 out_seq=0
2024-04-21T08:58:04.202 INFO:teuthology.orchestra.run.smithi066.stdout:/usr/bin/ceph: stderr
2024-04-21T08:58:03.460+0000 7fc00ce87700 1 -- 172.21.15.66:0/3773160613 <== mon.0 v2:172.21.15.66:3300/0 1 ==== mon_map magic: 0 ==== 205+0+0 (secure 0 0 0) 0x7fc004004160 con 0x7fc0081083b0
2024-04-21T08:58:04.202 INFO:teuthology.orchestra.run.smithi066.stdout:/usr/bin/ceph: stderr
2024-04-21T08:58:03.460+0000 7fc00ce87700 1 -- 172.21.15.66:0/3773160613 <== mon.0 v2:172.21.15.66:3300/0 2 ==== config(26 keys) ==== 1070+0+0 (secure 0 0 0) 0x7fc004004300 con 0x7fc0081083b0
2024-04-21T08:58:04.202 INFO:teuthology.orchestra.run.smithi066.stdout:/usr/bin/ceph: stderr
2024-04-21T08:58:03.460+0000 7fc00ce87700 1 -- 172.21.15.66:0/3773160613 <== mon.0 v2:172.21.15.66:3300/0 3 ==== mon_map magic: 0 ==== 205+0+0 (secure 0 0 0) 0x7fc004011af0 con 0x7fc0081083b0
2024-04-21T08:58:04.202 INFO:teuthology.orchestra.run.smithi066.stdout:/usr/bin/ceph: stderr
2024-04-21T08:58:03.460+0000 7fc0100ed700 1 -- 172.21.15.66:0/3773160613 >> [v2:172.21.15.66:3300/0,v1:172.21.15.66:6789/0] conn(0x7fc0081083b0 msgr2=0x7fc0081087d0 secure :-1 s=STATE_CONNECTION_ESTABLISHED l=1).mark_down
2024-04-21T08:58:04.202 INFO:teuthology.orchestra.run.smithi066.stdout:/usr/bin/ceph: stderr
2024-04-21T08:58:03.460+0000 7fc0100ed700 1 --2- 172.21.15.66:0/3773160613 >> [v2:172.21.15.66:3300/0,v1:172.21.15.66:6789/0] conn(0x7fc0081083b0 0x7fc0081087d0 secure :-1 s=READY pgs=20 cs=0 l=1 rev1=1 crypto rx=0x7fc0040098a0 tx=0x7fc004009bb0 comp rx=0 tx=0).stop
2024-04-21T08:58:04.202 INFO:teuthology.orchestra.run.smithi066.stdout:/usr/bin/ceph: stderr
2024-04-21T08:58:03.460+0000 7fc0100ed700 1 -- 172.21.15.66:0/3773160613 shutdown_connections
2024-04-21T08:58:04.203 INFO:teuthology.orchestra.run.smithi066.stdout:/usr/bin/ceph: stderr
2024-04-21T08:58:03.460+0000 7fc0100ed700 1 --2- 172.21.15.66:0/3773160613 >> [v2:172.21.15.66:3300/0,v1:172.21.15.66:6789/0] conn(0x7fc0081083b0 0x7fc0081087d0 unknown :-1 s=CLOSED pgs=20 cs=0 l=1 rev1=1 crypto rx=0 tx=0 comp rx=0 tx=0).stop
2024-04-21T08:58:04.203 INFO:teuthology.orchestra.run.smithi066.stdout:/usr/bin/ceph: stderr
2024-04-21T08:58:03.460+0000 7fc0100ed700 1 -- 172.21.15.66:0/3773160613 >> 172.21.15.66:0/3773160613 conn(0x7fc0081039b0 msgr2=0x7fc008105dd0 unknown :-1 s=STATE_NONE l=0).mark_down
2024-04-21T08:58:04.203 INFO:teuthology.orchestra.run.smithi066.stdout:/usr/bin/ceph: stderr
2024-04-21T08:58:03.460+0000 7fc0100ed700 1 -- 172.21.15.66:0/3773160613 shutdown_connections
2024-04-21T08:58:04.203 INFO:teuthology.orchestra.run.smithi066.stdout:/usr/bin/ceph: stderr
2024-04-21T08:58:03.460+0000 7fc0100ed700 1 -- 172.21.15.66:0/3773160613 wait complete.
2024-04-21T08:58:04.203 INFO:teuthology.orchestra.run.smithi066.stdout:/usr/bin/ceph: stderr
2024-04-21T08:58:03.461+0000 7fc0100ed700 1 Processor -- start
2024-04-21T08:58:04.203 INFO:teuthology.orchestra.run.smithi066.stdout:/usr/bin/ceph: stderr
2024-04-21T08:58:03.461+0000 7fc0100ed700 1 -- start start
2024-04-21T08:58:04.203 INFO:teuthology.orchestra.run.smithi066.stdout:/usr/bin/ceph: stderr
2024-04-21T08:58:03.461+0000 7fc0100ed700 1 --2- >> [v2:172.21.15.66:3300/0,v1:172.21.15.66:6789/0] conn(0x7fc0081083b0 0x7fc00807db60 unknown :-1 s=NONE pgs=0 cs=0 l=1 rev1=0 crypto rx=0 tx=0 comp rx=0 tx=0).connect
2024-04-21T08:58:04.203 INFO:teuthology.orchestra.run.smithi066.stdout:/usr/bin/ceph: stderr
2024-04-21T08:58:03.461+0000 7fc0100ed700 1 -- --> [v2:172.21.15.66:3300/0,v1:172.21.15.66:6789/0] -- mon_getmap magic: 0 -- 0x7fc00810c910 con 0x7fc0081083b0
2024-04-21T08:58:04.203 INFO:teuthology.orchestra.run.smithi066.stdout:/usr/bin/ceph: stderr
2024-04-21T08:58:03.461+0000 7fc00de89700 1 --2- >> [v2:172.21.15.66:3300/0,v1:172.21.15.66:6789/0] conn(0x7fc0081083b0 0x7fc00807db60 unknown :-1 s=BANNER_CONNECTING pgs=0 cs=0 l=1 rev1=0 crypto rx=0 tx=0 comp rx=0 tx=0)._handle_peer_banner_payload supported=3 required=0
2024-04-21T08:58:04.203 INFO:teuthology.orchestra.run.smithi066.stdout:/usr/bin/ceph: stderr
2024-04-21T08:58:03.461+0000 7fc00de89700 1 --2- >> [v2:172.21.15.66:3300/0,v1:172.21.15.66:6789/0] conn(0x7fc0081083b0 0x7fc00807db60 unknown :-1 s=HELLO_CONNECTING pgs=0 cs=0 l=1 rev1=1 crypto rx=0 tx=0 comp rx=0 tx=0).handle_hello peer v2:172.21.15.66:3300/0 says I am v2:172.21.15.66:47266/0 (socket says 172.21.15.66:47266)
2024-04-21T08:58:04.203 INFO:teuthology.orchestra.run.smithi066.stdout:/usr/bin/ceph: stderr
2024-04-21T08:58:03.461+0000 7fc00de89700 1 -- 172.21.15.66:0/3414045720 learned_addr learned my addr 172.21.15.66:0/3414045720 (peer_addr_for_me v2:172.21.15.66:0/0)
2024-04-21T08:58:04.203 INFO:teuthology.orchestra.run.smithi066.stdout:/usr/bin/ceph: stderr
2024-04-21T08:58:03.462+0000 7fc00de89700 1 -- 172.21.15.66:0/3414045720 --> [v2:172.21.15.66:3300/0,v1:172.21.15.66:6789/0] -- mon_subscribe({config=0+,monmap=0+}) -- 0x7fc00807e0a0 con 0x7fc0081083b0
2024-04-21T08:58:04.203 INFO:teuthology.orchestra.run.smithi066.stdout:/usr/bin/ceph: stderr
2024-04-21T08:58:03.462+0000 7fc00de89700 1 --2- 172.21.15.66:0/3414045720 >> [v2:172.21.15.66:3300/0,v1:172.21.15.66:6789/0] conn(0x7fc0081083b0 0x7fc00807db60 secure :-1 s=READY pgs=21 cs=0 l=1 rev1=1 crypto rx=0x7fc004000c00 tx=0x7fc004011b70 comp rx=0 tx=0).ready entity=mon.0 client_cookie=0 server_cookie=0 in_seq=0 out_seq=0
2024-04-21T08:58:04.204 INFO:teuthology.orchestra.run.smithi066.stdout:/usr/bin/ceph: stderr
2024-04-21T08:58:03.462+0000 7fbffaffd700 1 -- 172.21.15.66:0/3414045720 <== mon.0 v2:172.21.15.66:3300/0 1 ==== mon_map magic: 0 ==== 205+0+0 (secure 0 0 0) 0x7fc0040039e0 con 0x7fc0081083b0
2024-04-21T08:58:04.204 INFO:teuthology.orchestra.run.smithi066.stdout:/usr/bin/ceph: stderr
2024-04-21T08:58:03.462+0000 7fbffaffd700 1 -- 172.21.15.66:0/3414045720 <== mon.0 v2:172.21.15.66:3300/0 2 ==== config(26 keys) ==== 1070+0+0 (secure 0 0 0) 0x7fc004003b80 con 0x7fc0081083b0
2024-04-21T08:58:04.204 INFO:teuthology.orchestra.run.smithi066.stdout:/usr/bin/ceph: stderr
2024-04-21T08:58:03.462+0000 7fc0100ed700 1 -- 172.21.15.66:0/3414045720 --> [v2:172.21.15.66:3300/0,v1:172.21.15.66:6789/0] -- mon_subscribe({mgrmap=0+}) -- 0x7fc00807c290 con 0x7fc0081083b0
2024-04-21T08:58:04.204 INFO:teuthology.orchestra.run.smithi066.stdout:/usr/bin/ceph: stderr
2024-04-21T08:58:03.462+0000 7fbffaffd700 1 -- 172.21.15.66:0/3414045720 <== mon.0 v2:172.21.15.66:3300/0 3 ==== mon_map magic: 0 ==== 205+0+0 (secure 0 0 0) 0x7fc004024730 con 0x7fc0081083b0
2024-04-21T08:58:04.204 INFO:teuthology.orchestra.run.smithi066.stdout:/usr/bin/ceph: stderr
2024-04-21T08:58:03.462+0000 7fc0100ed700 1 -- 172.21.15.66:0/3414045720 --> [v2:172.21.15.66:3300/0,v1:172.21.15.66:6789/0] -- mon_subscribe({osdmap=0}) -- 0x7fc00807c7d0 con 0x7fc0081083b0
2024-04-21T08:58:04.204 INFO:teuthology.orchestra.run.smithi066.stdout:/usr/bin/ceph: stderr
2024-04-21T08:58:03.463+0000 7fbffaffd700 1 -- 172.21.15.66:0/3414045720 <== mon.0 v2:172.21.15.66:3300/0 4 ==== mgrmap(e 4) ==== 46547+0+0 (secure 0 0 0) 0x7fc004022020 con 0x7fc0081083b0
2024-04-21T08:58:04.204 INFO:teuthology.orchestra.run.smithi066.stdout:/usr/bin/ceph: stderr
2024-04-21T08:58:03.463+0000 7fbffaffd700 1 --2- 172.21.15.66:0/3414045720 >> [v2:172.21.15.66:6800/3624224927,v1:172.21.15.66:6801/3624224927] conn(0x7fbff4039670 0x7fbff403bb30 unknown :-1 s=NONE pgs=0 cs=0 l=1 rev1=0 crypto rx=0 tx=0 comp rx=0 tx=0).connect
2024-04-21T08:58:04.204 INFO:teuthology.orchestra.run.smithi066.stdout:/usr/bin/ceph: stderr
2024-04-21T08:58:03.463+0000 7fbffaffd700 1 -- 172.21.15.66:0/3414045720 <== mon.0 v2:172.21.15.66:3300/0 5 ==== osd_map(1..1 src has 1..1) ==== 725+0+0 (secure 0 0 0) 0x7fc00404d460 con 0x7fc0081083b0
2024-04-21T08:58:04.204 INFO:teuthology.orchestra.run.smithi066.stdout:/usr/bin/ceph: stderr
2024-04-21T08:58:03.463+0000 7fc0100ed700 1 -- 172.21.15.66:0/3414045720 --> [v2:172.21.15.66:3300/0,v1:172.21.15.66:6789/0] -- mon_command({"prefix": "get_command_descriptions"} v 0) -- 0x7fc0080640a0 con 0x7fc0081083b0
2024-04-21T08:58:04.204 INFO:teuthology.orchestra.run.smithi066.stdout:/usr/bin/ceph: stderr
2024-04-21T08:58:03.463+0000 7fc00d688700 1 --2- 172.21.15.66:0/3414045720 >> [v2:172.21.15.66:6800/3624224927,v1:172.21.15.66:6801/3624224927] conn(0x7fbff4039670 0x7fbff403bb30 unknown :-1 s=BANNER_CONNECTING pgs=0 cs=0 l=1 rev1=0 crypto rx=0 tx=0 comp rx=0 tx=0)._handle_peer_banner_payload supported=3 required=0
2024-04-21T08:58:04.204 INFO:teuthology.orchestra.run.smithi066.stdout:/usr/bin/ceph: stderr
2024-04-21T08:58:03.464+0000 7fc00d688700 1 --2- 172.21.15.66:0/3414045720 >> [v2:172.21.15.66:6800/3624224927,v1:172.21.15.66:6801/3624224927] conn(0x7fbff4039670 0x7fbff403bb30 secure :-1 s=READY pgs=7 cs=0 l=1 rev1=1 crypto rx=0x7fbffc006fd0 tx=0x7fbffc006e40 comp rx=0 tx=0).ready entity=mgr.14100 client_cookie=0 server_cookie=0 in_seq=0 out_seq=0
2024-04-21T08:58:04.204 INFO:teuthology.orchestra.run.smithi066.stdout:/usr/bin/ceph: stderr
2024-04-21T08:58:03.469+0000 7fbffaffd700 1 -- 172.21.15.66:0/3414045720 <== mon.0 v2:172.21.15.66:3300/0 6 ==== mon_command_ack([{"prefix": "get_command_descriptions"}]=0 v0) ==== 72+0+188370 (secure 0 0 0) 0x7fc00404d1c0 con 0x7fc0081083b0
2024-04-21T08:58:04.204 INFO:teuthology.orchestra.run.smithi066.stdout:/usr/bin/ceph: stderr
2024-04-21T08:58:03.676+0000 7fc0100ed700 1 -- 172.21.15.66:0/3414045720 --> [v2:172.21.15.66:3300/0,v1:172.21.15.66:6789/0] -- mon_command({"prefix": "config assimilate-conf"} v 0) -- 0x7fc00807ca50 con 0x7fc0081083b0
2024-04-21T08:58:04.205 INFO:teuthology.orchestra.run.smithi066.stdout:/usr/bin/ceph: stderr
2024-04-21T08:58:03.677+0000 7fbffaffd700 1 -- 172.21.15.66:0/3414045720 <== mon.0 v2:172.21.15.66:3300/0 7 ==== mon_command_ack([{"prefix": "config assimilate-conf"}]=0 v3) ==== 70+0+409 (secure 0 0 0) 0x7fc00401a770 con 0x7fc0081083b0
2024-04-21T08:58:04.205 INFO:teuthology.orchestra.run.smithi066.stdout:/usr/bin/ceph: stderr
2024-04-21T08:58:03.679+0000 7fc0100ed700 1 -- 172.21.15.66:0/3414045720 >> [v2:172.21.15.66:6800/3624224927,v1:172.21.15.66:6801/3624224927] conn(0x7fbff4039670 msgr2=0x7fbff403bb30 secure :-1 s=STATE_CONNECTION_ESTABLISHED l=1).mark_down
2024-04-21T08:58:04.205 INFO:teuthology.orchestra.run.smithi066.stdout:/usr/bin/ceph: stderr
2024-04-21T08:58:03.679+0000 7fc0100ed700 1 --2- 172.21.15.66:0/3414045720 >> [v2:172.21.15.66:6800/3624224927,v1:172.21.15.66:6801/3624224927] conn(0x7fbff4039670 0x7fbff403bb30 secure :-1 s=READY pgs=7 cs=0 l=1 rev1=1 crypto rx=0x7fbffc006fd0 tx=0x7fbffc006e40 comp rx=0 tx=0).stop
2024-04-21T08:58:04.205 INFO:teuthology.orchestra.run.smithi066.stdout:/usr/bin/ceph: stderr
2024-04-21T08:58:03.679+0000 7fc0100ed700 1 -- 172.21.15.66:0/3414045720 >> [v2:172.21.15.66:3300/0,v1:172.21.15.66:6789/0] conn(0x7fc0081083b0 msgr2=0x7fc00807db60 secure :-1 s=STATE_CONNECTION_ESTABLISHED l=1).mark_down
2024-04-21T08:58:04.205 INFO:teuthology.orchestra.run.smithi066.stdout:/usr/bin/ceph: stderr
2024-04-21T08:58:03.679+0000 7fc0100ed700 1 --2- 172.21.15.66:0/3414045720 >> [v2:172.21.15.66:3300/0,v1:172.21.15.66:6789/0] conn(0x7fc0081083b0 0x7fc00807db60 secure :-1 s=READY pgs=21 cs=0 l=1 rev1=1 crypto rx=0x7fc004000c00 tx=0x7fc004011b70 comp rx=0 tx=0).stop
2024-04-21T08:58:04.205 INFO:teuthology.orchestra.run.smithi066.stdout:/usr/bin/ceph: stderr
2024-04-21T08:58:03.679+0000 7fc0100ed700 1 -- 172.21.15.66:0/3414045720 shutdown_connections
2024-04-21T08:58:04.205 INFO:teuthology.orchestra.run.smithi066.stdout:/usr/bin/ceph: stderr
2024-04-21T08:58:03.679+0000 7fc0100ed700 1 --2- 172.21.15.66:0/3414045720 >> [v2:172.21.15.66:6800/3624224927,v1:172.21.15.66:6801/3624224927] conn(0x7fbff4039670 0x7fbff403bb30 unknown :-1 s=CLOSED pgs=7 cs=0 l=1 rev1=1 crypto rx=0 tx=0 comp rx=0 tx=0).stop
2024-04-21T08:58:04.205 INFO:teuthology.orchestra.run.smithi066.stdout:/usr/bin/ceph: stderr
2024-04-21T08:58:03.679+0000 7fc0100ed700 1 --2- 172.21.15.66:0/3414045720 >> [v2:172.21.15.66:3300/0,v1:172.21.15.66:6789/0] conn(0x7fc0081083b0 0x7fc00807db60 unknown :-1 s=CLOSED pgs=21 cs=0 l=1 rev1=1 crypto rx=0 tx=0 comp rx=0 tx=0).stop
2024-04-21T08:58:04.205 INFO:teuthology.orchestra.run.smithi066.stdout:/usr/bin/ceph: stderr
2024-04-21T08:58:03.679+0000 7fc0100ed700 1 -- 172.21.15.66:0/3414045720 >> 172.21.15.66:0/3414045720 conn(0x7fc0081039b0 msgr2=0x7fc0081044a0 unknown :-1 s=STATE_NONE l=0).mark_down
2024-04-21T08:58:04.205 INFO:teuthology.orchestra.run.smithi066.stdout:/usr/bin/ceph: stderr
2024-04-21T08:58:03.679+0000 7fc0100ed700 1 -- 172.21.15.66:0/3414045720 shutdown_connections
2024-04-21T08:58:04.205 INFO:teuthology.orchestra.run.smithi066.stdout:/usr/bin/ceph: stderr
2024-04-21T08:58:03.680+0000 7fc0100ed700 1 -- 172.21.15.66:0/3414045720 wait complete.
2024-04-21T08:58:04.205 INFO:teuthology.orchestra.run.smithi066.stdout:Enabling cephadm module...
2024-04-21T08:58:05.238 INFO:journalctl@ceph.mon.a.smithi066.stdout:Apr 21 08:58:04 smithi066 ceph-mon[27953]: from='client.? 172.21.15.66:0/791819787' entity='client.admin' cmd=[{"prefix": "mgr module enable", "module": "cephadm"}]: dispatch
2024-04-21T08:58:05.238 INFO:journalctl@ceph.mgr.x.smithi066.stdout:Apr 21 08:58:04 smithi066 ceph-0cca84f6-ffbd-11ee-bc93-c7b262605968-mgr-x[28187]: ignoring --setuser ceph since I am not root
2024-04-21T08:58:05.238 INFO:journalctl@ceph.mgr.x.smithi066.stdout:Apr 21 08:58:04 smithi066 ceph-0cca84f6-ffbd-11ee-bc93-c7b262605968-mgr-x[28187]: ignoring --setgroup ceph since I am not root
2024-04-21T08:58:05.238 INFO:journalctl@ceph.mgr.x.smithi066.stdout:Apr 21 08:58:05 smithi066 ceph-0cca84f6-ffbd-11ee-bc93-c7b262605968-mgr-x[28187]:
2024-04-21T08:58:05.113+0000 7f534e156200 -1 mgr[py] Module balancer has missing NOTIFY_TYPES member
2024-04-21T08:58:05.504 INFO:journalctl@ceph.mgr.x.smithi066.stdout:Apr 21 08:58:05 smithi066 ceph-0cca84f6-ffbd-11ee-bc93-c7b262605968-mgr-x[28187]:
2024-04-21T08:58:05.307+0000 7f534e156200 -1 mgr[py] Module orchestrator has missing NOTIFY_TYPES member
2024-04-21T08:58:05.505 INFO:journalctl@ceph.mgr.x.smithi066.stdout:Apr 21 08:58:05 smithi066 ceph-0cca84f6-ffbd-11ee-bc93-c7b262605968-mgr-x[28187]:
2024-04-21T08:58:05.414+0000 7f534e156200 -1 mgr[py] Module snap_schedule has missing NOTIFY_TYPES member
2024-04-21T08:58:05.512 INFO:teuthology.orchestra.run.smithi066.stdout:/usr/bin/ceph: stderr
2024-04-21T08:58:04.613+0000 7fa9db55d700 1 Processor -- start
2024-04-21T08:58:05.512 INFO:teuthology.orchestra.run.smithi066.stdout:/usr/bin/ceph: stderr
2024-04-21T08:58:04.613+0000 7fa9db55d700 1 -- start start
2024-04-21T08:58:05.512 INFO:teuthology.orchestra.run.smithi066.stdout:/usr/bin/ceph: stderr
2024-04-21T08:58:04.614+0000 7fa9db55d700 1 --2- >> [v2:172.21.15.66:3300/0,v1:172.21.15.66:6789/0] conn(0x7fa9d41083b0 0x7fa9d41087d0 unknown :-1 s=NONE pgs=0 cs=0 l=0 rev1=0 crypto rx=0 tx=0 comp rx=0 tx=0).connect
2024-04-21T08:58:05.512 INFO:teuthology.orchestra.run.smithi066.stdout:/usr/bin/ceph: stderr
2024-04-21T08:58:04.614+0000 7fa9db55d700 1 -- --> [v2:172.21.15.66:3300/0,v1:172.21.15.66:6789/0] -- mon_getmap magic: 0 -- 0x7fa9d4108da0 con 0x7fa9d41083b0
2024-04-21T08:58:05.512 INFO:teuthology.orchestra.run.smithi066.stdout:/usr/bin/ceph: stderr
2024-04-21T08:58:04.614+0000 7fa9d92f9700 1 --2- >> [v2:172.21.15.66:3300/0,v1:172.21.15.66:6789/0] conn(0x7fa9d41083b0 0x7fa9d41087d0 unknown :-1 s=BANNER_CONNECTING pgs=0 cs=0 l=0 rev1=0 crypto rx=0 tx=0 comp rx=0 tx=0)._handle_peer_banner_payload supported=3 required=0
2024-04-21T08:58:05.512 INFO:teuthology.orchestra.run.smithi066.stdout:/usr/bin/ceph: stderr
2024-04-21T08:58:04.614+0000 7fa9d92f9700 1 --2- >> [v2:172.21.15.66:3300/0,v1:172.21.15.66:6789/0] conn(0x7fa9d41083b0 0x7fa9d41087d0 unknown :-1 s=HELLO_CONNECTING pgs=0 cs=0 l=0 rev1=1 crypto rx=0 tx=0 comp rx=0 tx=0).handle_hello peer v2:172.21.15.66:3300/0 says I am v2:172.21.15.66:47282/0 (socket says 172.21.15.66:47282)
2024-04-21T08:58:05.512 INFO:teuthology.orchestra.run.smithi066.stdout:/usr/bin/ceph: stderr
2024-04-21T08:58:04.614+0000 7fa9d92f9700 1 -- 172.21.15.66:0/4168200741 learned_addr learned my addr 172.21.15.66:0/4168200741 (peer_addr_for_me v2:172.21.15.66:0/0)
2024-04-21T08:58:05.512 INFO:teuthology.orchestra.run.smithi066.stdout:/usr/bin/ceph: stderr
2024-04-21T08:58:04.614+0000 7fa9d92f9700 1 -- 172.21.15.66:0/4168200741 --> [v2:172.21.15.66:3300/0,v1:172.21.15.66:6789/0] -- mon_subscribe({config=0+,monmap=0+}) -- 0x7fa9d4109560 con 0x7fa9d41083b0
2024-04-21T08:58:05.513 INFO:teuthology.orchestra.run.smithi066.stdout:/usr/bin/ceph: stderr
2024-04-21T08:58:04.614+0000 7fa9d92f9700 1 --2- 172.21.15.66:0/4168200741 >> [v2:172.21.15.66:3300/0,v1:172.21.15.66:6789/0] conn(0x7fa9d41083b0 0x7fa9d41087d0 secure :-1 s=READY pgs=22 cs=0 l=1 rev1=1 crypto rx=0x7fa9c80098a0 tx=0x7fa9c8009bb0 comp rx=0 tx=0).ready entity=mon.0 client_cookie=50ad9b7528bd282c server_cookie=0 in_seq=0 out_seq=0
2024-04-21T08:58:05.513 INFO:teuthology.orchestra.run.smithi066.stdout:/usr/bin/ceph: stderr
2024-04-21T08:58:04.614+0000 7fa9c7fff700 1 -- 172.21.15.66:0/4168200741 <== mon.0 v2:172.21.15.66:3300/0 1 ==== mon_map magic: 0 ==== 205+0+0 (secure 0 0 0) 0x7fa9c8004160 con 0x7fa9d41083b0
2024-04-21T08:58:05.513 INFO:teuthology.orchestra.run.smithi066.stdout:/usr/bin/ceph: stderr
2024-04-21T08:58:04.614+0000 7fa9c7fff700 1 -- 172.21.15.66:0/4168200741 <== mon.0 v2:172.21.15.66:3300/0 2 ==== config(26 keys) ==== 1070+0+0 (secure 0 0 0) 0x7fa9c8004300 con 0x7fa9d41083b0
2024-04-21T08:58:05.513 INFO:teuthology.orchestra.run.smithi066.stdout:/usr/bin/ceph: stderr
2024-04-21T08:58:04.615+0000 7fa9c7fff700 1 -- 172.21.15.66:0/4168200741 <== mon.0 v2:172.21.15.66:3300/0 3 ==== mon_map magic: 0 ==== 205+0+0 (secure 0 0 0) 0x7fa9c8011af0 con 0x7fa9d41083b0
2024-04-21T08:58:05.513 INFO:teuthology.orchestra.run.smithi066.stdout:/usr/bin/ceph: stderr
2024-04-21T08:58:04.615+0000 7fa9db55d700 1 -- 172.21.15.66:0/4168200741 >> [v2:172.21.15.66:3300/0,v1:172.21.15.66:6789/0] conn(0x7fa9d41083b0 msgr2=0x7fa9d41087d0 secure :-1 s=STATE_CONNECTION_ESTABLISHED l=1).mark_down
2024-04-21T08:58:05.513 INFO:teuthology.orchestra.run.smithi066.stdout:/usr/bin/ceph: stderr
2024-04-21T08:58:04.615+0000 7fa9db55d700 1 --2- 172.21.15.66:0/4168200741 >> [v2:172.21.15.66:3300/0,v1:172.21.15.66:6789/0] conn(0x7fa9d41083b0 0x7fa9d41087d0 secure :-1 s=READY pgs=22 cs=0 l=1 rev1=1 crypto rx=0x7fa9c80098a0 tx=0x7fa9c8009bb0 comp rx=0 tx=0).stop
2024-04-21T08:58:05.513 INFO:teuthology.orchestra.run.smithi066.stdout:/usr/bin/ceph: stderr
2024-04-21T08:58:04.615+0000 7fa9db55d700 1 -- 172.21.15.66:0/4168200741 shutdown_connections
2024-04-21T08:58:05.513 INFO:teuthology.orchestra.run.smithi066.stdout:/usr/bin/ceph: stderr
2024-04-21T08:58:04.615+0000 7fa9db55d700 1 --2- 172.21.15.66:0/4168200741 >> [v2:172.21.15.66:3300/0,v1:172.21.15.66:6789/0] conn(0x7fa9d41083b0 0x7fa9d41087d0 unknown :-1 s=CLOSED pgs=22 cs=0 l=1 rev1=1 crypto rx=0 tx=0 comp rx=0 tx=0).stop
2024-04-21T08:58:05.513 INFO:teuthology.orchestra.run.smithi066.stdout:/usr/bin/ceph: stderr
2024-04-21T08:58:04.615+0000 7fa9db55d700 1 -- 172.21.15.66:0/4168200741 >> 172.21.15.66:0/4168200741 conn(0x7fa9d41039b0 msgr2=0x7fa9d4105dd0 unknown :-1 s=STATE_NONE l=0).mark_down
2024-04-21T08:58:05.513 INFO:teuthology.orchestra.run.smithi066.stdout:/usr/bin/ceph: stderr
2024-04-21T08:58:04.615+0000 7fa9db55d700 1 -- 172.21.15.66:0/4168200741 shutdown_connections
2024-04-21T08:58:05.513 INFO:teuthology.orchestra.run.smithi066.stdout:/usr/bin/ceph: stderr
2024-04-21T08:58:04.615+0000 7fa9db55d700 1 -- 172.21.15.66:0/4168200741 wait complete.
2024-04-21T08:58:05.513 INFO:teuthology.orchestra.run.smithi066.stdout:/usr/bin/ceph: stderr
2024-04-21T08:58:04.616+0000 7fa9db55d700 1 Processor -- start
2024-04-21T08:58:05.513 INFO:teuthology.orchestra.run.smithi066.stdout:/usr/bin/ceph: stderr
2024-04-21T08:58:04.616+0000 7fa9db55d700 1 -- start start
2024-04-21T08:58:05.513 INFO:teuthology.orchestra.run.smithi066.stdout:/usr/bin/ceph: stderr
2024-04-21T08:58:04.616+0000 7fa9db55d700 1 --2- >> [v2:172.21.15.66:3300/0,v1:172.21.15.66:6789/0] conn(0x7fa9d41083b0 0x7fa9d419c1f0 unknown :-1 s=NONE pgs=0 cs=0 l=1 rev1=0 crypto rx=0 tx=0 comp rx=0 tx=0).connect
2024-04-21T08:58:05.513 INFO:teuthology.orchestra.run.smithi066.stdout:/usr/bin/ceph: stderr
2024-04-21T08:58:04.616+0000 7fa9db55d700 1 -- --> [v2:172.21.15.66:3300/0,v1:172.21.15.66:6789/0] -- mon_getmap magic: 0 -- 0x7fa9d410c910 con 0x7fa9d41083b0
2024-04-21T08:58:05.514 INFO:teuthology.orchestra.run.smithi066.stdout:/usr/bin/ceph: stderr
2024-04-21T08:58:04.616+0000 7fa9d92f9700 1 --2- >> [v2:172.21.15.66:3300/0,v1:172.21.15.66:6789/0] conn(0x7fa9d41083b0 0x7fa9d419c1f0 unknown :-1 s=BANNER_CONNECTING pgs=0 cs=0 l=1 rev1=0 crypto rx=0 tx=0 comp rx=0 tx=0)._handle_peer_banner_payload supported=3 required=0
2024-04-21T08:58:05.514 INFO:teuthology.orchestra.run.smithi066.stdout:/usr/bin/ceph: stderr
2024-04-21T08:58:04.616+0000 7fa9d92f9700 1 --2- >> [v2:172.21.15.66:3300/0,v1:172.21.15.66:6789/0] conn(0x7fa9d41083b0 0x7fa9d419c1f0 unknown :-1 s=HELLO_CONNECTING pgs=0 cs=0 l=1 rev1=1 crypto rx=0 tx=0 comp rx=0 tx=0).handle_hello peer v2:172.21.15.66:3300/0 says I am v2:172.21.15.66:47296/0 (socket says 172.21.15.66:47296)
2024-04-21T08:58:05.514 INFO:teuthology.orchestra.run.smithi066.stdout:/usr/bin/ceph: stderr
2024-04-21T08:58:04.616+0000 7fa9d92f9700 1 -- 172.21.15.66:0/791819787 learned_addr learned my addr 172.21.15.66:0/791819787 (peer_addr_for_me v2:172.21.15.66:0/0)
2024-04-21T08:58:05.514 INFO:teuthology.orchestra.run.smithi066.stdout:/usr/bin/ceph: stderr
2024-04-21T08:58:04.616+0000 7fa9d92f9700 1 -- 172.21.15.66:0/791819787 --> [v2:172.21.15.66:3300/0,v1:172.21.15.66:6789/0] -- mon_subscribe({config=0+,monmap=0+}) -- 0x7fa9d419c730 con 0x7fa9d41083b0
2024-04-21T08:58:05.514 INFO:teuthology.orchestra.run.smithi066.stdout:/usr/bin/ceph: stderr
2024-04-21T08:58:04.616+0000 7fa9d92f9700 1 --2- 172.21.15.66:0/791819787 >> [v2:172.21.15.66:3300/0,v1:172.21.15.66:6789/0] conn(0x7fa9d41083b0 0x7fa9d419c1f0 secure :-1 s=READY pgs=23 cs=0 l=1 rev1=1 crypto rx=0x7fa9c8000c00 tx=0x7fa9c8011b70 comp rx=0 tx=0).ready entity=mon.0 client_cookie=0 server_cookie=0 in_seq=0 out_seq=0
2024-04-21T08:58:05.514 INFO:teuthology.orchestra.run.smithi066.stdout:/usr/bin/ceph: stderr
2024-04-21T08:58:04.617+0000 7fa9c67fc700 1 -- 172.21.15.66:0/791819787 <== mon.0 v2:172.21.15.66:3300/0 1 ==== mon_map magic: 0 ==== 205+0+0 (secure 0 0 0) 0x7fa9c8003b20 con 0x7fa9d41083b0
2024-04-21T08:58:05.514 INFO:teuthology.orchestra.run.smithi066.stdout:/usr/bin/ceph: stderr
2024-04-21T08:58:04.617+0000 7fa9c67fc700 1 -- 172.21.15.66:0/791819787 <== mon.0 v2:172.21.15.66:3300/0 2 ==== config(26 keys) ==== 1070+0+0 (secure 0 0 0) 0x7fa9c801a8c0 con 0x7fa9d41083b0
2024-04-21T08:58:05.514 INFO:teuthology.orchestra.run.smithi066.stdout:/usr/bin/ceph: stderr
2024-04-21T08:58:04.617+0000 7fa9db55d700 1 -- 172.21.15.66:0/791819787 --> [v2:172.21.15.66:3300/0,v1:172.21.15.66:6789/0] -- mon_subscribe({mgrmap=0+}) -- 0x7fa9d419c9c0 con 0x7fa9d41083b0
