2024-04-21T08:58:33.405+0000 7f7c71997700 1 -- --> [v2:172.21.15.66:3300/0,v1:172.21.15.66:6789/0] -- mon_getmap magic: 0 -- 0x7f7c6c07be60 con 0x7f7c6c108de0
2024-04-21T08:58:40.043 INFO:teuthology.orchestra.run.smithi066.stdout:/usr/bin/ceph: stderr
2024-04-21T08:58:33.405+0000 7f7c6affd700 1 --2- >> [v2:172.21.15.66:3300/0,v1:172.21.15.66:6789/0] conn(0x7f7c6c108de0 0x7f7c6c10b1d0 unknown :-1 s=BANNER_CONNECTING pgs=0 cs=0 l=0 rev1=0 crypto rx=0 tx=0 comp rx=0 tx=0)._handle_peer_banner_payload supported=3 required=0
2024-04-21T08:58:40.044 INFO:teuthology.orchestra.run.smithi066.stdout:/usr/bin/ceph: stderr
2024-04-21T08:58:33.405+0000 7f7c6affd700 1 --2- >> [v2:172.21.15.66:3300/0,v1:172.21.15.66:6789/0] conn(0x7f7c6c108de0 0x7f7c6c10b1d0 unknown :-1 s=HELLO_CONNECTING pgs=0 cs=0 l=0 rev1=1 crypto rx=0 tx=0 comp rx=0 tx=0).handle_hello peer v2:172.21.15.66:3300/0 says I am v2:172.21.15.66:44344/0 (socket says 172.21.15.66:44344)
2024-04-21T08:58:40.044 INFO:teuthology.orchestra.run.smithi066.stdout:/usr/bin/ceph: stderr
2024-04-21T08:58:33.405+0000 7f7c6affd700 1 -- 172.21.15.66:0/2818620950 learned_addr learned my addr 172.21.15.66:0/2818620950 (peer_addr_for_me v2:172.21.15.66:0/0)
2024-04-21T08:58:40.044 INFO:teuthology.orchestra.run.smithi066.stdout:/usr/bin/ceph: stderr
2024-04-21T08:58:33.406+0000 7f7c6affd700 1 -- 172.21.15.66:0/2818620950 --> [v2:172.21.15.66:3300/0,v1:172.21.15.66:6789/0] -- mon_subscribe({config=0+,monmap=0+}) -- 0x7f7c6c10b710 con 0x7f7c6c108de0
2024-04-21T08:58:40.044 INFO:teuthology.orchestra.run.smithi066.stdout:/usr/bin/ceph: stderr
2024-04-21T08:58:33.406+0000 7f7c6affd700 1 --2- 172.21.15.66:0/2818620950 >> [v2:172.21.15.66:3300/0,v1:172.21.15.66:6789/0] conn(0x7f7c6c108de0 0x7f7c6c10b1d0 secure :-1 s=READY pgs=61 cs=0 l=1 rev1=1 crypto rx=0x7f7c540098a0 tx=0x7f7c54009bb0 comp rx=0 tx=0).ready entity=mon.0 client_cookie=dffd3d0655716da0 server_cookie=0 in_seq=0 out_seq=0
2024-04-21T08:58:40.044 INFO:teuthology.orchestra.run.smithi066.stdout:/usr/bin/ceph: stderr
2024-04-21T08:58:33.406+0000 7f7c69ffb700 1 -- 172.21.15.66:0/2818620950 <== mon.0 v2:172.21.15.66:3300/0 1 ==== mon_map magic: 0 ==== 205+0+0 (secure 0 0 0) 0x7f7c54004160 con 0x7f7c6c108de0
2024-04-21T08:58:40.044 INFO:teuthology.orchestra.run.smithi066.stdout:/usr/bin/ceph: stderr
2024-04-21T08:58:33.406+0000 7f7c69ffb700 1 -- 172.21.15.66:0/2818620950 <== mon.0 v2:172.21.15.66:3300/0 2 ==== config(26 keys) ==== 1101+0+0 (secure 0 0 0) 0x7f7c54004300 con 0x7f7c6c108de0
2024-04-21T08:58:40.044 INFO:teuthology.orchestra.run.smithi066.stdout:/usr/bin/ceph: stderr
2024-04-21T08:58:33.406+0000 7f7c69ffb700 1 -- 172.21.15.66:0/2818620950 <== mon.0 v2:172.21.15.66:3300/0 3 ==== mon_map magic: 0 ==== 205+0+0 (secure 0 0 0) 0x7f7c54011a20 con 0x7f7c6c108de0
2024-04-21T08:58:40.044 INFO:teuthology.orchestra.run.smithi066.stdout:/usr/bin/ceph: stderr
2024-04-21T08:58:33.407+0000 7f7c71997700 1 -- 172.21.15.66:0/2818620950 >> [v2:172.21.15.66:3300/0,v1:172.21.15.66:6789/0] conn(0x7f7c6c108de0 msgr2=0x7f7c6c10b1d0 secure :-1 s=STATE_CONNECTION_ESTABLISHED l=1).mark_down
2024-04-21T08:58:40.044 INFO:teuthology.orchestra.run.smithi066.stdout:/usr/bin/ceph: stderr
2024-04-21T08:58:33.407+0000 7f7c71997700 1 --2- 172.21.15.66:0/2818620950 >> [v2:172.21.15.66:3300/0,v1:172.21.15.66:6789/0] conn(0x7f7c6c108de0 0x7f7c6c10b1d0 secure :-1 s=READY pgs=61 cs=0 l=1 rev1=1 crypto rx=0x7f7c540098a0 tx=0x7f7c54009bb0 comp rx=0 tx=0).stop
2024-04-21T08:58:40.044 INFO:teuthology.orchestra.run.smithi066.stdout:/usr/bin/ceph: stderr
2024-04-21T08:58:33.407+0000 7f7c71997700 1 -- 172.21.15.66:0/2818620950 shutdown_connections
2024-04-21T08:58:40.044 INFO:teuthology.orchestra.run.smithi066.stdout:/usr/bin/ceph: stderr
2024-04-21T08:58:33.407+0000 7f7c71997700 1 --2- 172.21.15.66:0/2818620950 >> [v2:172.21.15.66:3300/0,v1:172.21.15.66:6789/0] conn(0x7f7c6c108de0 0x7f7c6c10b1d0 unknown :-1 s=CLOSED pgs=61 cs=0 l=1 rev1=1 crypto rx=0 tx=0 comp rx=0 tx=0).stop
2024-04-21T08:58:40.044 INFO:teuthology.orchestra.run.smithi066.stdout:/usr/bin/ceph: stderr
2024-04-21T08:58:33.407+0000 7f7c71997700 1 -- 172.21.15.66:0/2818620950 >> 172.21.15.66:0/2818620950 conn(0x7f7c6c1027d0 msgr2=0x7f7c6c104c10 unknown :-1 s=STATE_NONE l=0).mark_down
2024-04-21T08:58:40.044 INFO:teuthology.orchestra.run.smithi066.stdout:/usr/bin/ceph: stderr
2024-04-21T08:58:33.407+0000 7f7c71997700 1 -- 172.21.15.66:0/2818620950 shutdown_connections
2024-04-21T08:58:40.045 INFO:teuthology.orchestra.run.smithi066.stdout:/usr/bin/ceph: stderr
2024-04-21T08:58:33.407+0000 7f7c71997700 1 -- 172.21.15.66:0/2818620950 wait complete.
2024-04-21T08:58:40.045 INFO:teuthology.orchestra.run.smithi066.stdout:/usr/bin/ceph: stderr
2024-04-21T08:58:33.407+0000 7f7c71997700 1 Processor -- start
2024-04-21T08:58:40.045 INFO:teuthology.orchestra.run.smithi066.stdout:/usr/bin/ceph: stderr
2024-04-21T08:58:33.408+0000 7f7c71997700 1 -- start start
2024-04-21T08:58:40.045 INFO:teuthology.orchestra.run.smithi066.stdout:/usr/bin/ceph: stderr
2024-04-21T08:58:33.408+0000 7f7c71997700 1 --2- >> [v2:172.21.15.66:3300/0,v1:172.21.15.66:6789/0] conn(0x7f7c6c108de0 0x7f7c6c108660 unknown :-1 s=NONE pgs=0 cs=0 l=1 rev1=0 crypto rx=0 tx=0 comp rx=0 tx=0).connect
2024-04-21T08:58:40.045 INFO:teuthology.orchestra.run.smithi066.stdout:/usr/bin/ceph: stderr
2024-04-21T08:58:33.408+0000 7f7c71997700 1 -- --> [v2:172.21.15.66:3300/0,v1:172.21.15.66:6789/0] -- mon_getmap magic: 0 -- 0x7f7c6c10c710 con 0x7f7c6c108de0
2024-04-21T08:58:40.045 INFO:teuthology.orchestra.run.smithi066.stdout:/usr/bin/ceph: stderr
2024-04-21T08:58:33.408+0000 7f7c6affd700 1 --2- >> [v2:172.21.15.66:3300/0,v1:172.21.15.66:6789/0] conn(0x7f7c6c108de0 0x7f7c6c108660 unknown :-1 s=BANNER_CONNECTING pgs=0 cs=0 l=1 rev1=0 crypto rx=0 tx=0 comp rx=0 tx=0)._handle_peer_banner_payload supported=3 required=0
2024-04-21T08:58:40.045 INFO:teuthology.orchestra.run.smithi066.stdout:/usr/bin/ceph: stderr
2024-04-21T08:58:33.408+0000 7f7c6affd700 1 --2- >> [v2:172.21.15.66:3300/0,v1:172.21.15.66:6789/0] conn(0x7f7c6c108de0 0x7f7c6c108660 unknown :-1 s=HELLO_CONNECTING pgs=0 cs=0 l=1 rev1=1 crypto rx=0 tx=0 comp rx=0 tx=0).handle_hello peer v2:172.21.15.66:3300/0 says I am v2:172.21.15.66:44354/0 (socket says 172.21.15.66:44354)
2024-04-21T08:58:40.045 INFO:teuthology.orchestra.run.smithi066.stdout:/usr/bin/ceph: stderr
2024-04-21T08:58:33.408+0000 7f7c6affd700 1 -- 172.21.15.66:0/3873211554 learned_addr learned my addr 172.21.15.66:0/3873211554 (peer_addr_for_me v2:172.21.15.66:0/0)
2024-04-21T08:58:40.045 INFO:teuthology.orchestra.run.smithi066.stdout:/usr/bin/ceph: stderr
2024-04-21T08:58:33.408+0000 7f7c6affd700 1 -- 172.21.15.66:0/3873211554 --> [v2:172.21.15.66:3300/0,v1:172.21.15.66:6789/0] -- mon_subscribe({config=0+,monmap=0+}) -- 0x7f7c6c108ba0 con 0x7f7c6c108de0
2024-04-21T08:58:40.045 INFO:teuthology.orchestra.run.smithi066.stdout:/usr/bin/ceph: stderr
2024-04-21T08:58:33.408+0000 7f7c6affd700 1 --2- 172.21.15.66:0/3873211554 >> [v2:172.21.15.66:3300/0,v1:172.21.15.66:6789/0] conn(0x7f7c6c108de0 0x7f7c6c108660 secure :-1 s=READY pgs=62 cs=0 l=1 rev1=1 crypto rx=0x7f7c54000c00 tx=0x7f7c54011aa0 comp rx=0 tx=0).ready entity=mon.0 client_cookie=0 server_cookie=0 in_seq=0 out_seq=0
2024-04-21T08:58:40.045 INFO:teuthology.orchestra.run.smithi066.stdout:/usr/bin/ceph: stderr
2024-04-21T08:58:33.409+0000 7f7c70995700 1 -- 172.21.15.66:0/3873211554 <== mon.0 v2:172.21.15.66:3300/0 1 ==== mon_map magic: 0 ==== 205+0+0 (secure 0 0 0) 0x7f7c54003aa0 con 0x7f7c6c108de0
2024-04-21T08:58:40.045 INFO:teuthology.orchestra.run.smithi066.stdout:/usr/bin/ceph: stderr
2024-04-21T08:58:33.409+0000 7f7c71997700 1 -- 172.21.15.66:0/3873211554 --> [v2:172.21.15.66:3300/0,v1:172.21.15.66:6789/0] -- mon_subscribe({mgrmap=0+}) -- 0x7f7c6c106d90 con 0x7f7c6c108de0
2024-04-21T08:58:40.045 INFO:teuthology.orchestra.run.smithi066.stdout:/usr/bin/ceph: stderr
2024-04-21T08:58:33.409+0000 7f7c70995700 1 -- 172.21.15.66:0/3873211554 <== mon.0 v2:172.21.15.66:3300/0 2 ==== config(26 keys) ==== 1101+0+0 (secure 0 0 0) 0x7f7c5401b8f0 con 0x7f7c6c108de0
2024-04-21T08:58:40.046 INFO:teuthology.orchestra.run.smithi066.stdout:/usr/bin/ceph: stderr
2024-04-21T08:58:33.409+0000 7f7c70995700 1 -- 172.21.15.66:0/3873211554 <== mon.0 v2:172.21.15.66:3300/0 3 ==== mon_map magic: 0 ==== 205+0+0 (secure 0 0 0) 0x7f7c54023870 con 0x7f7c6c108de0
2024-04-21T08:58:40.046 INFO:teuthology.orchestra.run.smithi066.stdout:/usr/bin/ceph: stderr
2024-04-21T08:58:33.409+0000 7f7c71997700 1 -- 172.21.15.66:0/3873211554 --> [v2:172.21.15.66:3300/0,v1:172.21.15.66:6789/0] -- mon_subscribe({osdmap=0}) -- 0x7f7c6c1072d0 con 0x7f7c6c108de0
2024-04-21T08:58:40.046 INFO:teuthology.orchestra.run.smithi066.stdout:/usr/bin/ceph: stderr
2024-04-21T08:58:33.410+0000 7f7c70995700 1 -- 172.21.15.66:0/3873211554 <== mon.0 v2:172.21.15.66:3300/0 4 ==== mgrmap(e 9) ==== 46571+0+0 (secure 0 0 0) 0x7f7c54023b70 con 0x7f7c6c108de0
2024-04-21T08:58:40.046 INFO:teuthology.orchestra.run.smithi066.stdout:/usr/bin/ceph: stderr
2024-04-21T08:58:33.410+0000 7f7c70995700 1 --2- 172.21.15.66:0/3873211554 >> [v2:172.21.15.66:6800/763565357,v1:172.21.15.66:6801/763565357] conn(0x7f7c580396c0 0x7f7c5803bb80 unknown :-1 s=NONE pgs=0 cs=0 l=1 rev1=0 crypto rx=0 tx=0 comp rx=0 tx=0).connect
2024-04-21T08:58:40.046 INFO:teuthology.orchestra.run.smithi066.stdout:/usr/bin/ceph: stderr
2024-04-21T08:58:33.410+0000 7f7c71997700 1 -- 172.21.15.66:0/3873211554 --> [v2:172.21.15.66:6800/763565357,v1:172.21.15.66:6801/763565357] -- command(tid 0: {"prefix": "get_command_descriptions"}) -- 0x7f7c6c069b50 con 0x7f7c580396c0
2024-04-21T08:58:40.046 INFO:teuthology.orchestra.run.smithi066.stdout:/usr/bin/ceph: stderr
2024-04-21T08:58:33.410+0000 7f7c70995700 1 -- 172.21.15.66:0/3873211554 <== mon.0 v2:172.21.15.66:3300/0 5 ==== osd_map(2..2 src has 1..2) ==== 940+0+0 (secure 0 0 0) 0x7f7c5404ede0 con 0x7f7c6c108de0
2024-04-21T08:58:40.046 INFO:teuthology.orchestra.run.smithi066.stdout:/usr/bin/ceph: stderr
2024-04-21T08:58:33.410+0000 7f7c6a7fc700 1 -- 172.21.15.66:0/3873211554 >> [v2:172.21.15.66:6800/763565357,v1:172.21.15.66:6801/763565357] conn(0x7f7c580396c0 msgr2=0x7f7c5803bb80 unknown :-1 s=STATE_CONNECTING_RE l=1).process reconnect failed to v2:172.21.15.66:6800/763565357
2024-04-21T08:58:40.046 INFO:teuthology.orchestra.run.smithi066.stdout:/usr/bin/ceph: stderr
2024-04-21T08:58:33.410+0000 7f7c6a7fc700 1 --2- 172.21.15.66:0/3873211554 >> [v2:172.21.15.66:6800/763565357,v1:172.21.15.66:6801/763565357] conn(0x7f7c580396c0 0x7f7c5803bb80 unknown :-1 s=START_CONNECT pgs=0 cs=0 l=1 rev1=0 crypto rx=0 tx=0 comp rx=0 tx=0)._fault waiting 0.200000
2024-04-21T08:58:40.046 INFO:teuthology.orchestra.run.smithi066.stdout:/usr/bin/ceph: stderr
2024-04-21T08:58:33.611+0000 7f7c6a7fc700 1 -- 172.21.15.66:0/3873211554 >> [v2:172.21.15.66:6800/763565357,v1:172.21.15.66:6801/763565357] conn(0x7f7c580396c0 msgr2=0x7f7c5803bb80 unknown :-1 s=STATE_CONNECTING_RE l=1).process reconnect failed to v2:172.21.15.66:6800/763565357
2024-04-21T08:58:40.046 INFO:teuthology.orchestra.run.smithi066.stdout:/usr/bin/ceph: stderr
2024-04-21T08:58:33.611+0000 7f7c6a7fc700 1 --2- 172.21.15.66:0/3873211554 >> [v2:172.21.15.66:6800/763565357,v1:172.21.15.66:6801/763565357] conn(0x7f7c580396c0 0x7f7c5803bb80 unknown :-1 s=START_CONNECT pgs=0 cs=0 l=1 rev1=0 crypto rx=0 tx=0 comp rx=0 tx=0)._fault waiting 0.400000
2024-04-21T08:58:40.046 INFO:teuthology.orchestra.run.smithi066.stdout:/usr/bin/ceph: stderr
2024-04-21T08:58:34.012+0000 7f7c6a7fc700 1 -- 172.21.15.66:0/3873211554 >> [v2:172.21.15.66:6800/763565357,v1:172.21.15.66:6801/763565357] conn(0x7f7c580396c0 msgr2=0x7f7c5803bb80 unknown :-1 s=STATE_CONNECTING_RE l=1).process reconnect failed to v2:172.21.15.66:6800/763565357
2024-04-21T08:58:40.046 INFO:teuthology.orchestra.run.smithi066.stdout:/usr/bin/ceph: stderr
2024-04-21T08:58:34.012+0000 7f7c6a7fc700 1 --2- 172.21.15.66:0/3873211554 >> [v2:172.21.15.66:6800/763565357,v1:172.21.15.66:6801/763565357] conn(0x7f7c580396c0 0x7f7c5803bb80 unknown :-1 s=START_CONNECT pgs=0 cs=0 l=1 rev1=0 crypto rx=0 tx=0 comp rx=0 tx=0)._fault waiting 0.800000
2024-04-21T08:58:40.047 INFO:teuthology.orchestra.run.smithi066.stdout:/usr/bin/ceph: stderr
2024-04-21T08:58:34.812+0000 7f7c6a7fc700 1 -- 172.21.15.66:0/3873211554 >> [v2:172.21.15.66:6800/763565357,v1:172.21.15.66:6801/763565357] conn(0x7f7c580396c0 msgr2=0x7f7c5803bb80 unknown :-1 s=STATE_CONNECTING_RE l=1).process reconnect failed to v2:172.21.15.66:6800/763565357
2024-04-21T08:58:40.047 INFO:teuthology.orchestra.run.smithi066.stdout:/usr/bin/ceph: stderr
2024-04-21T08:58:34.812+0000 7f7c6a7fc700 1 --2- 172.21.15.66:0/3873211554 >> [v2:172.21.15.66:6800/763565357,v1:172.21.15.66:6801/763565357] conn(0x7f7c580396c0 0x7f7c5803bb80 unknown :-1 s=START_CONNECT pgs=0 cs=0 l=1 rev1=0 crypto rx=0 tx=0 comp rx=0 tx=0)._fault waiting 1.600000
2024-04-21T08:58:40.047 INFO:teuthology.orchestra.run.smithi066.stdout:/usr/bin/ceph: stderr
2024-04-21T08:58:36.413+0000 7f7c6a7fc700 1 -- 172.21.15.66:0/3873211554 >> [v2:172.21.15.66:6800/763565357,v1:172.21.15.66:6801/763565357] conn(0x7f7c580396c0 msgr2=0x7f7c5803bb80 unknown :-1 s=STATE_CONNECTING_RE l=1).process reconnect failed to v2:172.21.15.66:6800/763565357
2024-04-21T08:58:40.047 INFO:teuthology.orchestra.run.smithi066.stdout:/usr/bin/ceph: stderr
2024-04-21T08:58:36.413+0000 7f7c6a7fc700 1 --2- 172.21.15.66:0/3873211554 >> [v2:172.21.15.66:6800/763565357,v1:172.21.15.66:6801/763565357] conn(0x7f7c580396c0 0x7f7c5803bb80 unknown :-1 s=START_CONNECT pgs=0 cs=0 l=1 rev1=0 crypto rx=0 tx=0 comp rx=0 tx=0)._fault waiting 3.200000
2024-04-21T08:58:40.047 INFO:teuthology.orchestra.run.smithi066.stdout:/usr/bin/ceph: stderr
2024-04-21T08:58:38.212+0000 7f7c70995700 1 -- 172.21.15.66:0/3873211554 <== mon.0 v2:172.21.15.66:3300/0 6 ==== mgrmap(e 10) ==== 46338+0+0 (secure 0 0 0) 0x7f7c5401b440 con 0x7f7c6c108de0
2024-04-21T08:58:40.047 INFO:teuthology.orchestra.run.smithi066.stdout:/usr/bin/ceph: stderr
2024-04-21T08:58:38.212+0000 7f7c70995700 1 -- 172.21.15.66:0/3873211554 >> [v2:172.21.15.66:6800/763565357,v1:172.21.15.66:6801/763565357] conn(0x7f7c580396c0 msgr2=0x7f7c5803bb80 unknown :-1 s=STATE_CONNECTING l=1).mark_down
2024-04-21T08:58:40.047 INFO:teuthology.orchestra.run.smithi066.stdout:/usr/bin/ceph: stderr
2024-04-21T08:58:38.212+0000 7f7c70995700 1 --2- 172.21.15.66:0/3873211554 >> [v2:172.21.15.66:6800/763565357,v1:172.21.15.66:6801/763565357] conn(0x7f7c580396c0 0x7f7c5803bb80 unknown :-1 s=START_CONNECT pgs=0 cs=0 l=1 rev1=0 crypto rx=0 tx=0 comp rx=0 tx=0).stop
2024-04-21T08:58:40.047 INFO:teuthology.orchestra.run.smithi066.stdout:/usr/bin/ceph: stderr
2024-04-21T08:58:39.214+0000 7f7c70995700 1 -- 172.21.15.66:0/3873211554 <== mon.0 v2:172.21.15.66:3300/0 7 ==== mgrmap(e 11) ==== 46465+0+0 (secure 0 0 0) 0x7f7c5404fe30 con 0x7f7c6c108de0
2024-04-21T08:58:40.047 INFO:teuthology.orchestra.run.smithi066.stdout:/usr/bin/ceph: stderr
2024-04-21T08:58:39.214+0000 7f7c70995700 1 --2- 172.21.15.66:0/3873211554 >> [v2:172.21.15.66:6800/3032531159,v1:172.21.15.66:6801/3032531159] conn(0x7f7c5803cf50 0x7f7c5803f340 unknown :-1 s=NONE pgs=0 cs=0 l=1 rev1=0 crypto rx=0 tx=0 comp rx=0 tx=0).connect
2024-04-21T08:58:40.047 INFO:teuthology.orchestra.run.smithi066.stdout:/usr/bin/ceph: stderr
2024-04-21T08:58:39.214+0000 7f7c70995700 1 -- 172.21.15.66:0/3873211554 --> [v2:172.21.15.66:6800/3032531159,v1:172.21.15.66:6801/3032531159] -- command(tid 0: {"prefix": "get_command_descriptions"}) -- 0x7f7c5402de50 con 0x7f7c5803cf50
2024-04-21T08:58:40.047 INFO:teuthology.orchestra.run.smithi066.stdout:/usr/bin/ceph: stderr
2024-04-21T08:58:39.214+0000 7f7c6a7fc700 1 --2- 172.21.15.66:0/3873211554 >> [v2:172.21.15.66:6800/3032531159,v1:172.21.15.66:6801/3032531159] conn(0x7f7c5803cf50 0x7f7c5803f340 unknown :-1 s=BANNER_CONNECTING pgs=0 cs=0 l=1 rev1=0 crypto rx=0 tx=0 comp rx=0 tx=0)._handle_peer_banner_payload supported=3 required=0
2024-04-21T08:58:40.047 INFO:teuthology.orchestra.run.smithi066.stdout:/usr/bin/ceph: stderr
2024-04-21T08:58:39.215+0000 7f7c6a7fc700 1 --2- 172.21.15.66:0/3873211554 >> [v2:172.21.15.66:6800/3032531159,v1:172.21.15.66:6801/3032531159] conn(0x7f7c5803cf50 0x7f7c5803f340 secure :-1 s=READY pgs=1 cs=0 l=1 rev1=1 crypto rx=0x7f7c5c003a10 tx=0x7f7c5c0092b0 comp rx=0 tx=0).ready entity=mgr.14152 client_cookie=0 server_cookie=0 in_seq=0 out_seq=0
2024-04-21T08:58:40.047 INFO:teuthology.orchestra.run.smithi066.stdout:/usr/bin/ceph: stderr
2024-04-21T08:58:39.216+0000 7f7c70995700 1 -- 172.21.15.66:0/3873211554 <== mgr.14152 v2:172.21.15.66:6800/3032531159 1 ==== command_reply(tid 0: 0 ) ==== 8+0+7774 (secure 0 0 0) 0x7f7c5402de50 con 0x7f7c5803cf50
2024-04-21T08:58:40.047 INFO:teuthology.orchestra.run.smithi066.stdout:/usr/bin/ceph: stderr
2024-04-21T08:58:39.222+0000 7f7c71997700 1 -- 172.21.15.66:0/3873211554 --> [v2:172.21.15.66:6800/3032531159,v1:172.21.15.66:6801/3032531159] -- command(tid 1: {"prefix": "mgr_status"}) -- 0x7f7c6c103980 con 0x7f7c5803cf50
2024-04-21T08:58:40.048 INFO:teuthology.orchestra.run.smithi066.stdout:/usr/bin/ceph: stderr
2024-04-21T08:58:39.223+0000 7f7c70995700 1 -- 172.21.15.66:0/3873211554 <== mgr.14152 v2:172.21.15.66:6800/3032531159 2 ==== command_reply(tid 1: 0 ) ==== 8+0+52 (secure 0 0 0) 0x7f7c6c103980 con 0x7f7c5803cf50
2024-04-21T08:58:40.048 INFO:teuthology.orchestra.run.smithi066.stdout:/usr/bin/ceph: stderr
2024-04-21T08:58:39.223+0000 7f7c71997700 1 -- 172.21.15.66:0/3873211554 >> [v2:172.21.15.66:6800/3032531159,v1:172.21.15.66:6801/3032531159] conn(0x7f7c5803cf50 msgr2=0x7f7c5803f340 secure :-1 s=STATE_CONNECTION_ESTABLISHED l=1).mark_down
2024-04-21T08:58:40.048 INFO:teuthology.orchestra.run.smithi066.stdout:/usr/bin/ceph: stderr
2024-04-21T08:58:39.223+0000 7f7c71997700 1 --2- 172.21.15.66:0/3873211554 >> [v2:172.21.15.66:6800/3032531159,v1:172.21.15.66:6801/3032531159] conn(0x7f7c5803cf50 0x7f7c5803f340 secure :-1 s=READY pgs=1 cs=0 l=1 rev1=1 crypto rx=0x7f7c5c003a10 tx=0x7f7c5c0092b0 comp rx=0 tx=0).stop
2024-04-21T08:58:40.048 INFO:teuthology.orchestra.run.smithi066.stdout:/usr/bin/ceph: stderr
2024-04-21T08:58:39.223+0000 7f7c71997700 1 -- 172.21.15.66:0/3873211554 >> [v2:172.21.15.66:3300/0,v1:172.21.15.66:6789/0] conn(0x7f7c6c108de0 msgr2=0x7f7c6c108660 secure :-1 s=STATE_CONNECTION_ESTABLISHED l=1).mark_down
2024-04-21T08:58:40.048 INFO:teuthology.orchestra.run.smithi066.stdout:/usr/bin/ceph: stderr
2024-04-21T08:58:39.223+0000 7f7c71997700 1 --2- 172.21.15.66:0/3873211554 >> [v2:172.21.15.66:3300/0,v1:172.21.15.66:6789/0] conn(0x7f7c6c108de0 0x7f7c6c108660 secure :-1 s=READY pgs=62 cs=0 l=1 rev1=1 crypto rx=0x7f7c54000c00 tx=0x7f7c54011aa0 comp rx=0 tx=0).stop
2024-04-21T08:58:40.048 INFO:teuthology.orchestra.run.smithi066.stdout:/usr/bin/ceph: stderr
2024-04-21T08:58:39.223+0000 7f7c71997700 1 -- 172.21.15.66:0/3873211554 shutdown_connections
2024-04-21T08:58:40.048 INFO:teuthology.orchestra.run.smithi066.stdout:/usr/bin/ceph: stderr
2024-04-21T08:58:39.223+0000 7f7c71997700 1 --2- 172.21.15.66:0/3873211554 >> [v2:172.21.15.66:6800/3032531159,v1:172.21.15.66:6801/3032531159] conn(0x7f7c5803cf50 0x7f7c5803f340 unknown :-1 s=CLOSED pgs=1 cs=0 l=1 rev1=1 crypto rx=0 tx=0 comp rx=0 tx=0).stop
2024-04-21T08:58:40.048 INFO:teuthology.orchestra.run.smithi066.stdout:/usr/bin/ceph: stderr
2024-04-21T08:58:39.223+0000 7f7c71997700 1 --2- 172.21.15.66:0/3873211554 >> [v2:172.21.15.66:3300/0,v1:172.21.15.66:6789/0] conn(0x7f7c6c108de0 0x7f7c6c108660 unknown :-1 s=CLOSED pgs=62 cs=0 l=1 rev1=1 crypto rx=0 tx=0 comp rx=0 tx=0).stop
2024-04-21T08:58:40.048 INFO:teuthology.orchestra.run.smithi066.stdout:/usr/bin/ceph: stderr
2024-04-21T08:58:39.223+0000 7f7c71997700 1 --2- 172.21.15.66:0/3873211554 >> [v2:172.21.15.66:6800/763565357,v1:172.21.15.66:6801/763565357] conn(0x7f7c580396c0 0x7f7c5803bb80 unknown :-1 s=CLOSED pgs=0 cs=0 l=1 rev1=0 crypto rx=0 tx=0 comp rx=0 tx=0).stop
2024-04-21T08:58:40.048 INFO:teuthology.orchestra.run.smithi066.stdout:/usr/bin/ceph: stderr
2024-04-21T08:58:39.223+0000 7f7c71997700 1 -- 172.21.15.66:0/3873211554 >> 172.21.15.66:0/3873211554 conn(0x7f7c6c1027d0 msgr2=0x7f7c6c103270 unknown :-1 s=STATE_NONE l=0).mark_down
2024-04-21T08:58:40.048 INFO:teuthology.orchestra.run.smithi066.stdout:/usr/bin/ceph: stderr
2024-04-21T08:58:39.223+0000 7f7c71997700 1 -- 172.21.15.66:0/3873211554 shutdown_connections
2024-04-21T08:58:40.048 INFO:teuthology.orchestra.run.smithi066.stdout:/usr/bin/ceph: stderr
2024-04-21T08:58:39.223+0000 7f7c71997700 1 -- 172.21.15.66:0/3873211554 wait complete.
2024-04-21T08:58:40.048 INFO:teuthology.orchestra.run.smithi066.stdout:mgr epoch 9 is available
2024-04-21T08:58:40.048 INFO:teuthology.orchestra.run.smithi066.stdout:Generating a dashboard self-signed certificate...
2024-04-21T08:58:41.120 INFO:journalctl@ceph.mon.a.smithi066.stdout:Apr 21 08:58:40 smithi066 ceph-mon[27953]: from='client.14156 -' entity='client.admin' cmd=[{"prefix": "get_command_descriptions"}]: dispatch
2024-04-21T08:58:41.120 INFO:journalctl@ceph.mon.a.smithi066.stdout:Apr 21 08:58:40 smithi066 ceph-mon[27953]: from='client.14156 -' entity='client.admin' cmd=[{"prefix": "mgr_status"}]: dispatch
2024-04-21T08:58:41.120 INFO:journalctl@ceph.mon.a.smithi066.stdout:Apr 21 08:58:40 smithi066 ceph-mon[27953]: from='mgr.14152 172.21.15.66:0/3862824916' entity='mgr.x'
2024-04-21T08:58:41.471 INFO:teuthology.orchestra.run.smithi066.stdout:/usr/bin/ceph: stdout Self-signed certificate created
2024-04-21T08:58:41.472 INFO:teuthology.orchestra.run.smithi066.stdout:/usr/bin/ceph: stderr
2024-04-21T08:58:40.532+0000 7fe6081d8700 1 Processor -- start
2024-04-21T08:58:41.472 INFO:teuthology.orchestra.run.smithi066.stdout:/usr/bin/ceph: stderr
2024-04-21T08:58:40.533+0000 7fe6081d8700 1 -- start start
2024-04-21T08:58:41.472 INFO:teuthology.orchestra.run.smithi066.stdout:/usr/bin/ceph: stderr
2024-04-21T08:58:40.533+0000 7fe6081d8700 1 --2- >> [v2:172.21.15.66:3300/0,v1:172.21.15.66:6789/0] conn(0x7fe600108e30 0x7fe60010b220 unknown :-1 s=NONE pgs=0 cs=0 l=0 rev1=0 crypto rx=0 tx=0 comp rx=0 tx=0).connect
2024-04-21T08:58:41.472 INFO:teuthology.orchestra.run.smithi066.stdout:/usr/bin/ceph: stderr
2024-04-21T08:58:40.533+0000 7fe6081d8700 1 -- --> [v2:172.21.15.66:3300/0,v1:172.21.15.66:6789/0] -- mon_getmap magic: 0 -- 0x7fe60007be20 con 0x7fe600108e30
2024-04-21T08:58:41.472 INFO:teuthology.orchestra.run.smithi066.stdout:/usr/bin/ceph: stderr
2024-04-21T08:58:40.533+0000 7fe605f74700 1 --2- >> [v2:172.21.15.66:3300/0,v1:172.21.15.66:6789/0] conn(0x7fe600108e30 0x7fe60010b220 unknown :-1 s=BANNER_CONNECTING pgs=0 cs=0 l=0 rev1=0 crypto rx=0 tx=0 comp rx=0 tx=0)._handle_peer_banner_payload supported=3 required=0
2024-04-21T08:58:41.472 INFO:teuthology.orchestra.run.smithi066.stdout:/usr/bin/ceph: stderr
2024-04-21T08:58:40.533+0000 7fe605f74700 1 --2- >> [v2:172.21.15.66:3300/0,v1:172.21.15.66:6789/0] conn(0x7fe600108e30 0x7fe60010b220 unknown :-1 s=HELLO_CONNECTING pgs=0 cs=0 l=0 rev1=1 crypto rx=0 tx=0 comp rx=0 tx=0).handle_hello peer v2:172.21.15.66:3300/0 says I am v2:172.21.15.66:42040/0 (socket says 172.21.15.66:42040)
2024-04-21T08:58:41.472 INFO:teuthology.orchestra.run.smithi066.stdout:/usr/bin/ceph: stderr
2024-04-21T08:58:40.533+0000 7fe605f74700 1 -- 172.21.15.66:0/1416562652 learned_addr learned my addr 172.21.15.66:0/1416562652 (peer_addr_for_me v2:172.21.15.66:0/0)
2024-04-21T08:58:41.472 INFO:teuthology.orchestra.run.smithi066.stdout:/usr/bin/ceph: stderr
2024-04-21T08:58:40.534+0000 7fe605f74700 1 -- 172.21.15.66:0/1416562652 --> [v2:172.21.15.66:3300/0,v1:172.21.15.66:6789/0] -- mon_subscribe({config=0+,monmap=0+}) -- 0x7fe60010b760 con 0x7fe600108e30
2024-04-21T08:58:41.472 INFO:teuthology.orchestra.run.smithi066.stdout:/usr/bin/ceph: stderr
2024-04-21T08:58:40.534+0000 7fe605f74700 1 --2- 172.21.15.66:0/1416562652 >> [v2:172.21.15.66:3300/0,v1:172.21.15.66:6789/0] conn(0x7fe600108e30 0x7fe60010b220 secure :-1 s=READY pgs=70 cs=0 l=1 rev1=1 crypto rx=0x7fe5fc0098a0 tx=0x7fe5fc009bb0 comp rx=0 tx=0).ready entity=mon.0 client_cookie=b67a4648d1527478 server_cookie=0 in_seq=0 out_seq=0
2024-04-21T08:58:41.472 INFO:teuthology.orchestra.run.smithi066.stdout:/usr/bin/ceph: stderr
2024-04-21T08:58:40.534+0000 7fe604f72700 1 -- 172.21.15.66:0/1416562652 <== mon.0 v2:172.21.15.66:3300/0 1 ==== mon_map magic: 0 ==== 205+0+0 (secure 0 0 0) 0x7fe5fc004160 con 0x7fe600108e30
2024-04-21T08:58:41.472 INFO:teuthology.orchestra.run.smithi066.stdout:/usr/bin/ceph: stderr
2024-04-21T08:58:40.534+0000 7fe604f72700 1 -- 172.21.15.66:0/1416562652 <== mon.0 v2:172.21.15.66:3300/0 2 ==== config(26 keys) ==== 1101+0+0 (secure 0 0 0) 0x7fe5fc004300 con 0x7fe600108e30
2024-04-21T08:58:41.472 INFO:teuthology.orchestra.run.smithi066.stdout:/usr/bin/ceph: stderr
2024-04-21T08:58:40.534+0000 7fe604f72700 1 -- 172.21.15.66:0/1416562652 <== mon.0 v2:172.21.15.66:3300/0 3 ==== mon_map magic: 0 ==== 205+0+0 (secure 0 0 0) 0x7fe5fc011a20 con 0x7fe600108e30
2024-04-21T08:58:41.472 INFO:teuthology.orchestra.run.smithi066.stdout:/usr/bin/ceph: stderr
2024-04-21T08:58:40.535+0000 7fe6081d8700 1 -- 172.21.15.66:0/1416562652 >> [v2:172.21.15.66:3300/0,v1:172.21.15.66:6789/0] conn(0x7fe600108e30 msgr2=0x7fe60010b220 secure :-1 s=STATE_CONNECTION_ESTABLISHED l=1).mark_down
2024-04-21T08:58:41.473 INFO:teuthology.orchestra.run.smithi066.stdout:/usr/bin/ceph: stderr
2024-04-21T08:58:40.535+0000 7fe6081d8700 1 --2- 172.21.15.66:0/1416562652 >> [v2:172.21.15.66:3300/0,v1:172.21.15.66:6789/0] conn(0x7fe600108e30 0x7fe60010b220 secure :-1 s=READY pgs=70 cs=0 l=1 rev1=1 crypto rx=0x7fe5fc0098a0 tx=0x7fe5fc009bb0 comp rx=0 tx=0).stop
2024-04-21T08:58:41.473 INFO:teuthology.orchestra.run.smithi066.stdout:/usr/bin/ceph: stderr
2024-04-21T08:58:40.535+0000 7fe6081d8700 1 -- 172.21.15.66:0/1416562652 shutdown_connections
2024-04-21T08:58:41.473 INFO:teuthology.orchestra.run.smithi066.stdout:/usr/bin/ceph: stderr
2024-04-21T08:58:40.535+0000 7fe6081d8700 1 --2- 172.21.15.66:0/1416562652 >> [v2:172.21.15.66:3300/0,v1:172.21.15.66:6789/0] conn(0x7fe600108e30 0x7fe60010b220 unknown :-1 s=CLOSED pgs=70 cs=0 l=1 rev1=1 crypto rx=0 tx=0 comp rx=0 tx=0).stop
2024-04-21T08:58:41.473 INFO:teuthology.orchestra.run.smithi066.stdout:/usr/bin/ceph: stderr
2024-04-21T08:58:40.535+0000 7fe6081d8700 1 -- 172.21.15.66:0/1416562652 >> 172.21.15.66:0/1416562652 conn(0x7fe600102820 msgr2=0x7fe600104c40 unknown :-1 s=STATE_NONE l=0).mark_down
2024-04-21T08:58:41.473 INFO:teuthology.orchestra.run.smithi066.stdout:/usr/bin/ceph: stderr
2024-04-21T08:58:40.535+0000 7fe6081d8700 1 -- 172.21.15.66:0/1416562652 shutdown_connections
2024-04-21T08:58:41.473 INFO:teuthology.orchestra.run.smithi066.stdout:/usr/bin/ceph: stderr
2024-04-21T08:58:40.535+0000 7fe6081d8700 1 -- 172.21.15.66:0/1416562652 wait complete.
2024-04-21T08:58:41.473 INFO:teuthology.orchestra.run.smithi066.stdout:/usr/bin/ceph: stderr
2024-04-21T08:58:40.535+0000 7fe6081d8700 1 Processor -- start
2024-04-21T08:58:41.473 INFO:teuthology.orchestra.run.smithi066.stdout:/usr/bin/ceph: stderr
2024-04-21T08:58:40.536+0000 7fe6081d8700 1 -- start start
2024-04-21T08:58:41.473 INFO:teuthology.orchestra.run.smithi066.stdout:/usr/bin/ceph: stderr
2024-04-21T08:58:40.536+0000 7fe6081d8700 1 --2- >> [v2:172.21.15.66:3300/0,v1:172.21.15.66:6789/0] conn(0x7fe600108e30 0x7fe60019c180 unknown :-1 s=NONE pgs=0 cs=0 l=1 rev1=0 crypto rx=0 tx=0 comp rx=0 tx=0).connect
2024-04-21T08:58:41.473 INFO:teuthology.orchestra.run.smithi066.stdout:/usr/bin/ceph: stderr
2024-04-21T08:58:40.536+0000 7fe6081d8700 1 -- --> [v2:172.21.15.66:3300/0,v1:172.21.15.66:6789/0] -- mon_getmap magic: 0 -- 0x7fe60010c700 con 0x7fe600108e30
2024-04-21T08:58:41.473 INFO:teuthology.orchestra.run.smithi066.stdout:/usr/bin/ceph: stderr
2024-04-21T08:58:40.536+0000 7fe605f74700 1 --2- >> [v2:172.21.15.66:3300/0,v1:172.21.15.66:6789/0] conn(0x7fe600108e30 0x7fe60019c180 unknown :-1 s=BANNER_CONNECTING pgs=0 cs=0 l=1 rev1=0 crypto rx=0 tx=0 comp rx=0 tx=0)._handle_peer_banner_payload supported=3 required=0
2024-04-21T08:58:41.473 INFO:teuthology.orchestra.run.smithi066.stdout:/usr/bin/ceph: stderr
2024-04-21T08:58:40.536+0000 7fe605f74700 1 --2- >> [v2:172.21.15.66:3300/0,v1:172.21.15.66:6789/0] conn(0x7fe600108e30 0x7fe60019c180 unknown :-1 s=HELLO_CONNECTING pgs=0 cs=0 l=1 rev1=1 crypto rx=0 tx=0 comp rx=0 tx=0).handle_hello peer v2:172.21.15.66:3300/0 says I am v2:172.21.15.66:42048/0 (socket says 172.21.15.66:42048)
2024-04-21T08:58:41.473 INFO:teuthology.orchestra.run.smithi066.stdout:/usr/bin/ceph: stderr
2024-04-21T08:58:40.536+0000 7fe605f74700 1 -- 172.21.15.66:0/3259574190 learned_addr learned my addr 172.21.15.66:0/3259574190 (peer_addr_for_me v2:172.21.15.66:0/0)
2024-04-21T08:58:41.473 INFO:teuthology.orchestra.run.smithi066.stdout:/usr/bin/ceph: stderr
2024-04-21T08:58:40.536+0000 7fe605f74700 1 -- 172.21.15.66:0/3259574190 --> [v2:172.21.15.66:3300/0,v1:172.21.15.66:6789/0] -- mon_subscribe({config=0+,monmap=0+}) -- 0x7fe60019c6c0 con 0x7fe600108e30
2024-04-21T08:58:41.474 INFO:teuthology.orchestra.run.smithi066.stdout:/usr/bin/ceph: stderr
2024-04-21T08:58:40.536+0000 7fe605f74700 1 --2- 172.21.15.66:0/3259574190 >> [v2:172.21.15.66:3300/0,v1:172.21.15.66:6789/0] conn(0x7fe600108e30 0x7fe60019c180 secure :-1 s=READY pgs=71 cs=0 l=1 rev1=1 crypto rx=0x7fe5fc0116e0 tx=0x7fe5fc011aa0 comp rx=0 tx=0).ready entity=mon.0 client_cookie=0 server_cookie=0 in_seq=0 out_seq=0
2024-04-21T08:58:41.474 INFO:teuthology.orchestra.run.smithi066.stdout:/usr/bin/ceph: stderr
2024-04-21T08:58:40.537+0000 7fe5f6ffd700 1 -- 172.21.15.66:0/3259574190 <== mon.0 v2:172.21.15.66:3300/0 1 ==== mon_map magic: 0 ==== 205+0+0 (secure 0 0 0) 0x7fe5fc003a60 con 0x7fe600108e30
2024-04-21T08:58:41.474 INFO:teuthology.orchestra.run.smithi066.stdout:/usr/bin/ceph: stderr
2024-04-21T08:58:40.537+0000 7fe5f6ffd700 1 -- 172.21.15.66:0/3259574190 <== mon.0 v2:172.21.15.66:3300/0 2 ==== config(26 keys) ==== 1101+0+0 (secure 0 0 0) 0x7fe5fc01b8f0 con 0x7fe600108e30
2024-04-21T08:58:41.474 INFO:teuthology.orchestra.run.smithi066.stdout:/usr/bin/ceph: stderr
2024-04-21T08:58:40.537+0000 7fe6081d8700 1 -- 172.21.15.66:0/3259574190 --> [v2:172.21.15.66:3300/0,v1:172.21.15.66:6789/0] -- mon_subscribe({mgrmap=0+}) -- 0x7fe60019c950 con 0x7fe600108e30
2024-04-21T08:58:41.474 INFO:teuthology.orchestra.run.smithi066.stdout:/usr/bin/ceph: stderr
2024-04-21T08:58:40.537+0000 7fe5f6ffd700 1 -- 172.21.15.66:0/3259574190 <== mon.0 v2:172.21.15.66:3300/0 3 ==== mon_map magic: 0 ==== 205+0+0 (secure 0 0 0) 0x7fe5fc019860 con 0x7fe600108e30
2024-04-21T08:58:41.474 INFO:teuthology.orchestra.run.smithi066.stdout:/usr/bin/ceph: stderr
2024-04-21T08:58:40.537+0000 7fe6081d8700 1 -- 172.21.15.66:0/3259574190 --> [v2:172.21.15.66:3300/0,v1:172.21.15.66:6789/0] -- mon_subscribe({osdmap=0}) -- 0x7fe60019f640 con 0x7fe600108e30
2024-04-21T08:58:41.474 INFO:teuthology.orchestra.run.smithi066.stdout:/usr/bin/ceph: stderr
2024-04-21T08:58:40.538+0000 7fe5f6ffd700 1 -- 172.21.15.66:0/3259574190 <== mon.0 v2:172.21.15.66:3300/0 4 ==== mgrmap(e 11) ==== 46465+0+0 (secure 0 0 0) 0x7fe5fc019b30 con 0x7fe600108e30
2024-04-21T08:58:41.475 INFO:teuthology.orchestra.run.smithi066.stdout:/usr/bin/ceph: stderr
2024-04-21T08:58:40.538+0000 7fe5f6ffd700 1 --2- 172.21.15.66:0/3259574190 >> [v2:172.21.15.66:6800/3032531159,v1:172.21.15.66:6801/3032531159] conn(0x7fe5ec0395b0 0x7fe5ec03ba70 unknown :-1 s=NONE pgs=0 cs=0 l=1 rev1=0 crypto rx=0 tx=0 comp rx=0 tx=0).connect
2024-04-21T08:58:41.475 INFO:teuthology.orchestra.run.smithi066.stdout:/usr/bin/ceph: stderr
2024-04-21T08:58:40.538+0000 7fe5f6ffd700 1 -- 172.21.15.66:0/3259574190 <== mon.0 v2:172.21.15.66:3300/0 5 ==== osd_map(3..3 src has 1..3) ==== 1155+0+0 (secure 0 0 0) 0x7fe5fc04dc10 con 0x7fe600108e30
2024-04-21T08:58:41.475 INFO:teuthology.orchestra.run.smithi066.stdout:/usr/bin/ceph: stderr
2024-04-21T08:58:40.538+0000 7fe6081d8700 1 -- 172.21.15.66:0/3259574190 --> [v2:172.21.15.66:3300/0,v1:172.21.15.66:6789/0] -- mon_command({"prefix": "get_command_descriptions"} v 0) -- 0x7fe6000640a0 con 0x7fe600108e30
2024-04-21T08:58:41.475 INFO:teuthology.orchestra.run.smithi066.stdout:/usr/bin/ceph: stderr
2024-04-21T08:58:40.538+0000 7fe605773700 1 --2- 172.21.15.66:0/3259574190 >> [v2:172.21.15.66:6800/3032531159,v1:172.21.15.66:6801/3032531159] conn(0x7fe5ec0395b0 0x7fe5ec03ba70 unknown :-1 s=BANNER_CONNECTING pgs=0 cs=0 l=1 rev1=0 crypto rx=0 tx=0 comp rx=0 tx=0)._handle_peer_banner_payload supported=3 required=0
2024-04-21T08:58:41.475 INFO:teuthology.orchestra.run.smithi066.stdout:/usr/bin/ceph: stderr
2024-04-21T08:58:40.539+0000 7fe605773700 1 --2- 172.21.15.66:0/3259574190 >> [v2:172.21.15.66:6800/3032531159,v1:172.21.15.66:6801/3032531159] conn(0x7fe5ec0395b0 0x7fe5ec03ba70 secure :-1 s=READY pgs=7 cs=0 l=1 rev1=1 crypto rx=0x7fe5f0006fd0 tx=0x7fe5f0006e40 comp rx=0 tx=0).ready entity=mgr.14152 client_cookie=0 server_cookie=0 in_seq=0 out_seq=0
2024-04-21T08:58:41.475 INFO:teuthology.orchestra.run.smithi066.stdout:/usr/bin/ceph: stderr
2024-04-21T08:58:40.548+0000 7fe5f6ffd700 1 -- 172.21.15.66:0/3259574190 <== mon.0 v2:172.21.15.66:3300/0 6 ==== mon_command_ack([{"prefix": "get_command_descriptions"}]=0 v0) ==== 72+0+188370 (secure 0 0 0) 0x7fe5fc01f030 con 0x7fe600108e30
2024-04-21T08:58:41.475 INFO:teuthology.orchestra.run.smithi066.stdout:/usr/bin/ceph: stderr
2024-04-21T08:58:40.761+0000 7fe6081d8700 1 -- 172.21.15.66:0/3259574190 --> [v2:172.21.15.66:6800/3032531159,v1:172.21.15.66:6801/3032531159] -- mgr_command(tid 0: {"prefix": "dashboard create-self-signed-cert", "target": ["mon-mgr", ""]}) -- 0x7fe600103910 con 0x7fe5ec0395b0
2024-04-21T08:58:41.475 INFO:teuthology.orchestra.run.smithi066.stdout:/usr/bin/ceph: stderr
2024-04-21T08:58:40.774+0000 7fe5f6ffd700 1 -- 172.21.15.66:0/3259574190 <== mon.0 v2:172.21.15.66:3300/0 7 ==== mgrmap(e 12) ==== 46571+0+0 (secure 0 0 0) 0x7fe5fc01a8f0 con 0x7fe600108e30
2024-04-21T08:58:41.475 INFO:teuthology.orchestra.run.smithi066.stdout:/usr/bin/ceph: stderr
2024-04-21T08:58:40.872+0000 7fe5f6ffd700 1 -- 172.21.15.66:0/3259574190 <== mgr.14152 v2:172.21.15.66:6800/3032531159 1 ==== mgr_command_reply(tid 0: 0 ) ==== 8+0+32 (secure 0 0 0) 0x7fe600103910 con 0x7fe5ec0395b0
2024-04-21T08:58:41.475 INFO:teuthology.orchestra.run.smithi066.stdout:/usr/bin/ceph: stderr
2024-04-21T08:58:40.874+0000 7fe6081d8700 1 -- 172.21.15.66:0/3259574190 >> [v2:172.21.15.66:6800/3032531159,v1:172.21.15.66:6801/3032531159] conn(0x7fe5ec0395b0 msgr2=0x7fe5ec03ba70 secure :-1 s=STATE_CONNECTION_ESTABLISHED l=1).mark_down
2024-04-21T08:58:41.475 INFO:teuthology.orchestra.run.smithi066.stdout:/usr/bin/ceph: stderr
2024-04-21T08:58:40.874+0000 7fe6081d8700 1 --2- 172.21.15.66:0/3259574190 >> [v2:172.21.15.66:6800/3032531159,v1:172.21.15.66:6801/3032531159] conn(0x7fe5ec0395b0 0x7fe5ec03ba70 secure :-1 s=READY pgs=7 cs=0 l=1 rev1=1 crypto rx=0x7fe5f0006fd0 tx=0x7fe5f0006e40 comp rx=0 tx=0).stop
2024-04-21T08:58:41.476 INFO:teuthology.orchestra.run.smithi066.stdout:/usr/bin/ceph: stderr
2024-04-21T08:58:40.874+0000 7fe6081d8700 1 -- 172.21.15.66:0/3259574190 >> [v2:172.21.15.66:3300/0,v1:172.21.15.66:6789/0] conn(0x7fe600108e30 msgr2=0x7fe60019c180 secure :-1 s=STATE_CONNECTION_ESTABLISHED l=1).mark_down
2024-04-21T08:58:41.476 INFO:teuthology.orchestra.run.smithi066.stdout:/usr/bin/ceph: stderr
2024-04-21T08:58:40.874+0000 7fe6081d8700 1 --2- 172.21.15.66:0/3259574190 >> [v2:172.21.15.66:3300/0,v1:172.21.15.66:6789/0] conn(0x7fe600108e30 0x7fe60019c180 secure :-1 s=READY pgs=71 cs=0 l=1 rev1=1 crypto rx=0x7fe5fc0116e0 tx=0x7fe5fc011aa0 comp rx=0 tx=0).stop
2024-04-21T08:58:41.476 INFO:teuthology.orchestra.run.smithi066.stdout:/usr/bin/ceph: stderr
2024-04-21T08:58:40.874+0000 7fe6081d8700 1 -- 172.21.15.66:0/3259574190 shutdown_connections
2024-04-21T08:58:41.476 INFO:teuthology.orchestra.run.smithi066.stdout:/usr/bin/ceph: stderr
2024-04-21T08:58:40.874+0000 7fe6081d8700 1 --2- 172.21.15.66:0/3259574190 >> [v2:172.21.15.66:6800/3032531159,v1:172.21.15.66:6801/3032531159] conn(0x7fe5ec0395b0 0x7fe5ec03ba70 unknown :-1 s=CLOSED pgs=7 cs=0 l=1 rev1=1 crypto rx=0 tx=0 comp rx=0 tx=0).stop
2024-04-21T08:58:41.476 INFO:teuthology.orchestra.run.smithi066.stdout:/usr/bin/ceph: stderr
2024-04-21T08:58:40.874+0000 7fe6081d8700 1 --2- 172.21.15.66:0/3259574190 >> [v2:172.21.15.66:3300/0,v1:172.21.15.66:6789/0] conn(0x7fe600108e30 0x7fe60019c180 unknown :-1 s=CLOSED pgs=71 cs=0 l=1 rev1=1 crypto rx=0 tx=0 comp rx=0 tx=0).stop
2024-04-21T08:58:41.476 INFO:teuthology.orchestra.run.smithi066.stdout:/usr/bin/ceph: stderr
2024-04-21T08:58:40.874+0000 7fe6081d8700 1 -- 172.21.15.66:0/3259574190 >> 172.21.15.66:0/3259574190 conn(0x7fe600102820 msgr2=0x7fe600103200 unknown :-1 s=STATE_NONE l=0).mark_down
2024-04-21T08:58:41.476 INFO:teuthology.orchestra.run.smithi066.stdout:/usr/bin/ceph: stderr
2024-04-21T08:58:40.874+0000 7fe6081d8700 1 -- 172.21.15.66:0/3259574190 shutdown_connections
2024-04-21T08:58:41.476 INFO:teuthology.orchestra.run.smithi066.stdout:/usr/bin/ceph: stderr
2024-04-21T08:58:40.874+0000 7fe6081d8700 1 -- 172.21.15.66:0/3259574190 wait complete.
2024-04-21T08:58:41.476 INFO:teuthology.orchestra.run.smithi066.stdout:Creating initial admin user...
2024-04-21T08:58:42.022 INFO:journalctl@ceph.mon.a.smithi066.stdout:Apr 21 08:58:41 smithi066 ceph-mon[27953]: [21/Apr/2024:08:58:40] ENGINE Bus STARTING
2024-04-21T08:58:42.022 INFO:journalctl@ceph.mon.a.smithi066.stdout:Apr 21 08:58:41 smithi066 ceph-mon[27953]: from='client.14164 -' entity='client.admin' cmd=[{"prefix": "dashboard create-self-signed-cert", "target": ["mon-mgr", ""]}]: dispatch
2024-04-21T08:58:42.022 INFO:journalctl@ceph.mon.a.smithi066.stdout:Apr 21 08:58:41 smithi066 ceph-mon[27953]: mgrmap e12: x(active, since 2s)
2024-04-21T08:58:42.022 INFO:journalctl@ceph.mon.a.smithi066.stdout:Apr 21 08:58:41 smithi066 ceph-mon[27953]: [21/Apr/2024:08:58:40] ENGINE Serving on https://172.21.15.66:7150
2024-04-21T08:58:42.022 INFO:journalctl@ceph.mon.a.smithi066.stdout:Apr 21 08:58:41 smithi066 ceph-mon[27953]: from='mgr.14152 172.21.15.66:0/3862824916' entity='mgr.x'
2024-04-21T08:58:42.022 INFO:journalctl@ceph.mon.a.smithi066.stdout:Apr 21 08:58:41 smithi066 ceph-mon[27953]: from='mgr.14152 172.21.15.66:0/3862824916' entity='mgr.x'
2024-04-21T08:58:42.023 INFO:journalctl@ceph.mon.a.smithi066.stdout:Apr 21 08:58:41 smithi066 ceph-mon[27953]: [21/Apr/2024:08:58:40] ENGINE Serving on http://172.21.15.66:8765
2024-04-21T08:58:42.023 INFO:journalctl@ceph.mon.a.smithi066.stdout:Apr 21 08:58:41 smithi066 ceph-mon[27953]: [21/Apr/2024:08:58:40] ENGINE Bus STARTED
2024-04-21T08:58:42.023 INFO:journalctl@ceph.mon.a.smithi066.stdout:Apr 21 08:58:41 smithi066 ceph-mon[27953]: from='mgr.14152 172.21.15.66:0/3862824916' entity='mgr.x'
2024-04-21T08:58:43.040 INFO:teuthology.orchestra.run.smithi066.stdout:/usr/bin/ceph: stdout {"username": "admin", "password": "$2b$12$p4ZU.tYgh1lSsdQ9ImepHO6MmPOmOlRwsJGogy.7tb/fwTbybniDa", "roles": ["administrator"], "name": null, "email": null, "lastUpdate": 1713689922, "enabled": true, "pwdExpirationDate": null, "pwdUpdateRequired": true}
2024-04-21T08:58:43.040 INFO:teuthology.orchestra.run.smithi066.stdout:/usr/bin/ceph: stderr
2024-04-21T08:58:41.864+0000 7f2c85fba700 1 Processor -- start
2024-04-21T08:58:43.040 INFO:teuthology.orchestra.run.smithi066.stdout:/usr/bin/ceph: stderr
2024-04-21T08:58:41.864+0000 7f2c85fba700 1 -- start start
2024-04-21T08:58:43.040 INFO:teuthology.orchestra.run.smithi066.stdout:/usr/bin/ceph: stderr
2024-04-21T08:58:41.864+0000 7f2c85fba700 1 --2- >> [v2:172.21.15.66:3300/0,v1:172.21.15.66:6789/0] conn(0x7f2c80108340 0x7f2c80108760 unknown :-1 s=NONE pgs=0 cs=0 l=0 rev1=0 crypto rx=0 tx=0 comp rx=0 tx=0).connect
2024-04-21T08:58:43.040 INFO:teuthology.orchestra.run.smithi066.stdout:/usr/bin/ceph: stderr
2024-04-21T08:58:41.864+0000 7f2c85fba700 1 -- --> [v2:172.21.15.66:3300/0,v1:172.21.15.66:6789/0] -- mon_getmap magic: 0 -- 0x7f2c80108d30 con 0x7f2c80108340
2024-04-21T08:58:43.040 INFO:teuthology.orchestra.run.smithi066.stdout:/usr/bin/ceph: stderr
2024-04-21T08:58:41.864+0000 7f2c7f7fe700 1 --2- >> [v2:172.21.15.66:3300/0,v1:172.21.15.66:6789/0] conn(0x7f2c80108340 0x7f2c80108760 unknown :-1 s=BANNER_CONNECTING pgs=0 cs=0 l=0 rev1=0 crypto rx=0 tx=0 comp rx=0 tx=0)._handle_peer_banner_payload supported=3 required=0
2024-04-21T08:58:43.040 INFO:teuthology.orchestra.run.smithi066.stdout:/usr/bin/ceph: stderr
2024-04-21T08:58:41.864+0000 7f2c7f7fe700 1 --2- >> [v2:172.21.15.66:3300/0,v1:172.21.15.66:6789/0] conn(0x7f2c80108340 0x7f2c80108760 unknown :-1 s=HELLO_CONNECTING pgs=0 cs=0 l=0 rev1=1 crypto rx=0 tx=0 comp rx=0 tx=0).handle_hello peer v2:172.21.15.66:3300/0 says I am v2:172.21.15.66:42050/0 (socket says 172.21.15.66:42050)
2024-04-21T08:58:43.041 INFO:teuthology.orchestra.run.smithi066.stdout:/usr/bin/ceph: stderr
2024-04-21T08:58:41.865+0000 7f2c7f7fe700 1 -- 172.21.15.66:0/3872211136 learned_addr learned my addr 172.21.15.66:0/3872211136 (peer_addr_for_me v2:172.21.15.66:0/0)
2024-04-21T08:58:43.041 INFO:teuthology.orchestra.run.smithi066.stdout:/usr/bin/ceph: stderr
2024-04-21T08:58:41.865+0000 7f2c7f7fe700 1 -- 172.21.15.66:0/3872211136 --> [v2:172.21.15.66:3300/0,v1:172.21.15.66:6789/0] -- mon_subscribe({config=0+,monmap=0+}) -- 0x7f2c80109540 con 0x7f2c80108340
2024-04-21T08:58:43.041 INFO:teuthology.orchestra.run.smithi066.stdout:/usr/bin/ceph: stderr
2024-04-21T08:58:41.865+0000 7f2c7f7fe700 1 --2- 172.21.15.66:0/3872211136 >> [v2:172.21.15.66:3300/0,v1:172.21.15.66:6789/0] conn(0x7f2c80108340 0x7f2c80108760 secure :-1 s=READY pgs=72 cs=0 l=1 rev1=1 crypto rx=0x7f2c70009e80 tx=0x7f2c7000b330 comp rx=0 tx=0).ready entity=mon.0 client_cookie=4b5759967a193ce2 server_cookie=0 in_seq=0 out_seq=0
2024-04-21T08:58:43.041 INFO:teuthology.orchestra.run.smithi066.stdout:/usr/bin/ceph: stderr
2024-04-21T08:58:41.865+0000 7f2c7e7fc700 1 -- 172.21.15.66:0/3872211136 <== mon.0 v2:172.21.15.66:3300/0 1 ==== mon_map magic: 0 ==== 205+0+0 (secure 0 0 0) 0x7f2c70017070 con 0x7f2c80108340
2024-04-21T08:58:43.041 INFO:teuthology.orchestra.run.smithi066.stdout:/usr/bin/ceph: stderr
2024-04-21T08:58:41.865+0000 7f2c7e7fc700 1 -- 172.21.15.66:0/3872211136 <== mon.0 v2:172.21.15.66:3300/0 2 ==== config(26 keys) ==== 1101+0+0 (secure 0 0 0) 0x7f2c7000b8c0 con 0x7f2c80108340
2024-04-21T08:58:43.041 INFO:teuthology.orchestra.run.smithi066.stdout:/usr/bin/ceph: stderr
2024-04-21T08:58:41.865+0000 7f2c7e7fc700 1 -- 172.21.15.66:0/3872211136 <== mon.0 v2:172.21.15.66:3300/0 3 ==== mon_map magic: 0 ==== 205+0+0 (secure 0 0 0) 0x7f2c70004490 con 0x7f2c80108340
2024-04-21T08:58:43.041 INFO:teuthology.orchestra.run.smithi066.stdout:/usr/bin/ceph: stderr
2024-04-21T08:58:41.866+0000 7f2c85fba700 1 -- 172.21.15.66:0/3872211136 >> [v2:172.21.15.66:3300/0,v1:172.21.15.66:6789/0] conn(0x7f2c80108340 msgr2=0x7f2c80108760 secure :-1 s=STATE_CONNECTION_ESTABLISHED l=1).mark_down
2024-04-21T08:58:43.041 INFO:teuthology.orchestra.run.smithi066.stdout:/usr/bin/ceph: stderr
2024-04-21T08:58:41.866+0000 7f2c85fba700 1 --2- 172.21.15.66:0/3872211136 >> [v2:172.21.15.66:3300/0,v1:172.21.15.66:6789/0] conn(0x7f2c80108340 0x7f2c80108760 secure :-1 s=READY pgs=72 cs=0 l=1 rev1=1 crypto rx=0x7f2c70009e80 tx=0x7f2c7000b330 comp rx=0 tx=0).stop
2024-04-21T08:58:43.041 INFO:teuthology.orchestra.run.smithi066.stdout:/usr/bin/ceph: stderr
2024-04-21T08:58:41.866+0000 7f2c85fba700 1 -- 172.21.15.66:0/3872211136 shutdown_connections
2024-04-21T08:58:43.041 INFO:teuthology.orchestra.run.smithi066.stdout:/usr/bin/ceph: stderr
2024-04-21T08:58:41.866+0000 7f2c85fba700 1 --2- 172.21.15.66:0/3872211136 >> [v2:172.21.15.66:3300/0,v1:172.21.15.66:6789/0] conn(0x7f2c80108340 0x7f2c80108760 unknown :-1 s=CLOSED pgs=72 cs=0 l=1 rev1=1 crypto rx=0 tx=0 comp rx=0 tx=0).stop
2024-04-21T08:58:43.041 INFO:teuthology.orchestra.run.smithi066.stdout:/usr/bin/ceph: stderr
2024-04-21T08:58:41.866+0000 7f2c85fba700 1 -- 172.21.15.66:0/3872211136 >> 172.21.15.66:0/3872211136 conn(0x7f2c801038c0 msgr2=0x7f2c80105d20 unknown :-1 s=STATE_NONE l=0).mark_down
2024-04-21T08:58:43.041 INFO:teuthology.orchestra.run.smithi066.stdout:/usr/bin/ceph: stderr
2024-04-21T08:58:41.866+0000 7f2c85fba700 1 -- 172.21.15.66:0/3872211136 shutdown_connections
2024-04-21T08:58:43.042 INFO:teuthology.orchestra.run.smithi066.stdout:/usr/bin/ceph: stderr
2024-04-21T08:58:41.866+0000 7f2c85fba700 1 -- 172.21.15.66:0/3872211136 wait complete.
2024-04-21T08:58:43.042 INFO:teuthology.orchestra.run.smithi066.stdout:/usr/bin/ceph: stderr
2024-04-21T08:58:41.867+0000 7f2c85fba700 1 Processor -- start
2024-04-21T08:58:43.042 INFO:teuthology.orchestra.run.smithi066.stdout:/usr/bin/ceph: stderr
2024-04-21T08:58:41.867+0000 7f2c85fba700 1 -- start start
2024-04-21T08:58:43.042 INFO:teuthology.orchestra.run.smithi066.stdout:/usr/bin/ceph: stderr
2024-04-21T08:58:41.867+0000 7f2c85fba700 1 --2- >> [v2:172.21.15.66:3300/0,v1:172.21.15.66:6789/0] conn(0x7f2c80108340 0x7f2c8019c1b0 unknown :-1 s=NONE pgs=0 cs=0 l=1 rev1=0 crypto rx=0 tx=0 comp rx=0 tx=0).connect
2024-04-21T08:58:43.042 INFO:teuthology.orchestra.run.smithi066.stdout:/usr/bin/ceph: stderr
2024-04-21T08:58:41.867+0000 7f2c85fba700 1 -- --> [v2:172.21.15.66:3300/0,v1:172.21.15.66:6789/0] -- mon_getmap magic: 0 -- 0x7f2c8010c8f0 con 0x7f2c80108340
2024-04-21T08:58:43.042 INFO:teuthology.orchestra.run.smithi066.stdout:/usr/bin/ceph: stderr
2024-04-21T08:58:41.868+0000 7f2c7f7fe700 1 --2- >> [v2:172.21.15.66:3300/0,v1:172.21.15.66:6789/0] conn(0x7f2c80108340 0x7f2c8019c1b0 unknown :-1 s=BANNER_CONNECTING pgs=0 cs=0 l=1 rev1=0 crypto rx=0 tx=0 comp rx=0 tx=0)._handle_peer_banner_payload supported=3 required=0
2024-04-21T08:58:43.042 INFO:teuthology.orchestra.run.smithi066.stdout:/usr/bin/ceph: stderr
2024-04-21T08:58:41.868+0000 7f2c7f7fe700 1 --2- >> [v2:172.21.15.66:3300/0,v1:172.21.15.66:6789/0] conn(0x7f2c80108340 0x7f2c8019c1b0 unknown :-1 s=HELLO_CONNECTING pgs=0 cs=0 l=1 rev1=1 crypto rx=0 tx=0 comp rx=0 tx=0).handle_hello peer v2:172.21.15.66:3300/0 says I am v2:172.21.15.66:42064/0 (socket says 172.21.15.66:42064)
2024-04-21T08:58:43.042 INFO:teuthology.orchestra.run.smithi066.stdout:/usr/bin/ceph: stderr
2024-04-21T08:58:41.868+0000 7f2c7f7fe700 1 -- 172.21.15.66:0/2151895309 learned_addr learned my addr 172.21.15.66:0/2151895309 (peer_addr_for_me v2:172.21.15.66:0/0)
2024-04-21T08:58:43.042 INFO:teuthology.orchestra.run.smithi066.stdout:/usr/bin/ceph: stderr
2024-04-21T08:58:41.868+0000 7f2c7f7fe700 1 -- 172.21.15.66:0/2151895309 --> [v2:172.21.15.66:3300/0,v1:172.21.15.66:6789/0] -- mon_subscribe({config=0+,monmap=0+}) -- 0x7f2c8019c6f0 con 0x7f2c80108340
2024-04-21T08:58:43.042 INFO:teuthology.orchestra.run.smithi066.stdout:/usr/bin/ceph: stderr
2024-04-21T08:58:41.868+0000 7f2c7f7fe700 1 --2- 172.21.15.66:0/2151895309 >> [v2:172.21.15.66:3300/0,v1:172.21.15.66:6789/0] conn(0x7f2c80108340 0x7f2c8019c1b0 secure :-1 s=READY pgs=73 cs=0 l=1 rev1=1 crypto rx=0x7f2c70004220 tx=0x7f2c7000bd30 comp rx=0 tx=0).ready entity=mon.0 client_cookie=0 server_cookie=0 in_seq=0 out_seq=0
2024-04-21T08:58:43.042 INFO:teuthology.orchestra.run.smithi066.stdout:/usr/bin/ceph: stderr
2024-04-21T08:58:41.868+0000 7f2c7cff9700 1 -- 172.21.15.66:0/2151895309 <== mon.0 v2:172.21.15.66:3300/0 1 ==== mon_map magic: 0 ==== 205+0+0 (secure 0 0 0) 0x7f2c70020020 con 0x7f2c80108340
2024-04-21T08:58:43.042 INFO:teuthology.orchestra.run.smithi066.stdout:/usr/bin/ceph: stderr
2024-04-21T08:58:41.868+0000 7f2c7cff9700 1 -- 172.21.15.66:0/2151895309 <== mon.0 v2:172.21.15.66:3300/0 2 ==== config(26 keys) ==== 1101+0+0 (secure 0 0 0) 0x7f2c70003b50 con 0x7f2c80108340
2024-04-21T08:58:43.043 INFO:teuthology.orchestra.run.smithi066.stdout:/usr/bin/ceph: stderr
2024-04-21T08:58:41.868+0000 7f2c85fba700 1 -- 172.21.15.66:0/2151895309 --> [v2:172.21.15.66:3300/0,v1:172.21.15.66:6789/0] -- mon_subscribe({mgrmap=0+}) -- 0x7f2c8019c980 con 0x7f2c80108340
2024-04-21T08:58:43.043 INFO:teuthology.orchestra.run.smithi066.stdout:/usr/bin/ceph: stderr
2024-04-21T08:58:41.868+0000 7f2c7cff9700 1 -- 172.21.15.66:0/2151895309 <== mon.0 v2:172.21.15.66:3300/0 3 ==== mon_map magic: 0 ==== 205+0+0 (secure 0 0 0) 0x7f2c70017040 con 0x7f2c80108340
2024-04-21T08:58:43.043 INFO:teuthology.orchestra.run.smithi066.stdout:/usr/bin/ceph: stderr
2024-04-21T08:58:41.868+0000 7f2c85fba700 1 -- 172.21.15.66:0/2151895309 --> [v2:172.21.15.66:3300/0,v1:172.21.15.66:6789/0] -- mon_subscribe({osdmap=0}) -- 0x7f2c8019f670 con 0x7f2c80108340
2024-04-21T08:58:43.043 INFO:teuthology.orchestra.run.smithi066.stdout:/usr/bin/ceph: stderr
2024-04-21T08:58:41.869+0000 7f2c7cff9700 1 -- 172.21.15.66:0/2151895309 <== mon.0 v2:172.21.15.66:3300/0 4 ==== mgrmap(e 12) ==== 46571+0+0 (secure 0 0 0) 0x7f2c70023020 con 0x7f2c80108340
2024-04-21T08:58:43.043 INFO:teuthology.orchestra.run.smithi066.stdout:/usr/bin/ceph: stderr
2024-04-21T08:58:41.869+0000 7f2c7cff9700 1 --2- 172.21.15.66:0/2151895309 >> [v2:172.21.15.66:6800/3032531159,v1:172.21.15.66:6801/3032531159] conn(0x7f2c6c0396d0 0x7f2c6c03bb90 unknown :-1 s=NONE pgs=0 cs=0 l=1 rev1=0 crypto rx=0 tx=0 comp rx=0 tx=0).connect
2024-04-21T08:58:43.043 INFO:teuthology.orchestra.run.smithi066.stdout:/usr/bin/ceph: stderr
2024-04-21T08:58:41.869+0000 7f2c7cff9700 1 -- 172.21.15.66:0/2151895309 <== mon.0 v2:172.21.15.66:3300/0 5 ==== osd_map(3..3 src has 1..3) ==== 1155+0+0 (secure 0 0 0) 0x7f2c7000f050 con 0x7f2c80108340
2024-04-21T08:58:43.043 INFO:teuthology.orchestra.run.smithi066.stdout:/usr/bin/ceph: stderr
