2024-04-21T08:58:41.870+0000 7f2c7effd700 1 --2- 172.21.15.66:0/2151895309 >> [v2:172.21.15.66:6800/3032531159,v1:172.21.15.66:6801/3032531159] conn(0x7f2c6c0396d0 0x7f2c6c03bb90 unknown :-1 s=BANNER_CONNECTING pgs=0 cs=0 l=1 rev1=0 crypto rx=0 tx=0 comp rx=0 tx=0)._handle_peer_banner_payload supported=3 required=0
2024-04-21T08:58:43.043 INFO:teuthology.orchestra.run.smithi066.stdout:/usr/bin/ceph: stderr
2024-04-21T08:58:41.870+0000 7f2c85fba700 1 -- 172.21.15.66:0/2151895309 --> [v2:172.21.15.66:3300/0,v1:172.21.15.66:6789/0] -- mon_command({"prefix": "get_command_descriptions"} v 0) -- 0x7f2c800640a0 con 0x7f2c80108340
2024-04-21T08:58:43.043 INFO:teuthology.orchestra.run.smithi066.stdout:/usr/bin/ceph: stderr
2024-04-21T08:58:41.870+0000 7f2c7effd700 1 --2- 172.21.15.66:0/2151895309 >> [v2:172.21.15.66:6800/3032531159,v1:172.21.15.66:6801/3032531159] conn(0x7f2c6c0396d0 0x7f2c6c03bb90 secure :-1 s=READY pgs=8 cs=0 l=1 rev1=1 crypto rx=0x7f2c68006fd0 tx=0x7f2c68006e40 comp rx=0 tx=0).ready entity=mgr.14152 client_cookie=0 server_cookie=0 in_seq=0 out_seq=0
2024-04-21T08:58:43.043 INFO:teuthology.orchestra.run.smithi066.stdout:/usr/bin/ceph: stderr
2024-04-21T08:58:41.875+0000 7f2c7cff9700 1 -- 172.21.15.66:0/2151895309 <== mon.0 v2:172.21.15.66:3300/0 6 ==== mon_command_ack([{"prefix": "get_command_descriptions"}]=0 v0) ==== 72+0+188370 (secure 0 0 0) 0x7f2c7002a020 con 0x7f2c80108340
2024-04-21T08:58:43.043 INFO:teuthology.orchestra.run.smithi066.stdout:/usr/bin/ceph: stderr
2024-04-21T08:58:42.110+0000 7f2c85fba700 1 -- 172.21.15.66:0/2151895309 --> [v2:172.21.15.66:6800/3032531159,v1:172.21.15.66:6801/3032531159] -- mgr_command(tid 0: {"prefix": "dashboard ac-user-create", "username": "admin", "rolename": "administrator", "force_password": true, "pwd_update_required": true, "target": ["mon-mgr", ""]}) -- 0x7f2c8019f840 con 0x7f2c6c0396d0
2024-04-21T08:58:43.043 INFO:teuthology.orchestra.run.smithi066.stdout:/usr/bin/ceph: stderr
2024-04-21T08:58:42.356+0000 7f2c7cff9700 1 -- 172.21.15.66:0/2151895309 <== mgr.14152 v2:172.21.15.66:6800/3032531159 1 ==== mgr_command_reply(tid 0: 0 ) ==== 8+0+252 (secure 0 0 0) 0x7f2c8019f840 con 0x7f2c6c0396d0
2024-04-21T08:58:43.043 INFO:teuthology.orchestra.run.smithi066.stdout:/usr/bin/ceph: stderr
2024-04-21T08:58:42.358+0000 7f2c85fba700 1 -- 172.21.15.66:0/2151895309 >> [v2:172.21.15.66:6800/3032531159,v1:172.21.15.66:6801/3032531159] conn(0x7f2c6c0396d0 msgr2=0x7f2c6c03bb90 secure :-1 s=STATE_CONNECTION_ESTABLISHED l=1).mark_down
2024-04-21T08:58:43.044 INFO:teuthology.orchestra.run.smithi066.stdout:/usr/bin/ceph: stderr
2024-04-21T08:58:42.358+0000 7f2c85fba700 1 --2- 172.21.15.66:0/2151895309 >> [v2:172.21.15.66:6800/3032531159,v1:172.21.15.66:6801/3032531159] conn(0x7f2c6c0396d0 0x7f2c6c03bb90 secure :-1 s=READY pgs=8 cs=0 l=1 rev1=1 crypto rx=0x7f2c68006fd0 tx=0x7f2c68006e40 comp rx=0 tx=0).stop
2024-04-21T08:58:43.044 INFO:teuthology.orchestra.run.smithi066.stdout:/usr/bin/ceph: stderr
2024-04-21T08:58:42.358+0000 7f2c85fba700 1 -- 172.21.15.66:0/2151895309 >> [v2:172.21.15.66:3300/0,v1:172.21.15.66:6789/0] conn(0x7f2c80108340 msgr2=0x7f2c8019c1b0 secure :-1 s=STATE_CONNECTION_ESTABLISHED l=1).mark_down
2024-04-21T08:58:43.044 INFO:teuthology.orchestra.run.smithi066.stdout:/usr/bin/ceph: stderr
2024-04-21T08:58:42.358+0000 7f2c85fba700 1 --2- 172.21.15.66:0/2151895309 >> [v2:172.21.15.66:3300/0,v1:172.21.15.66:6789/0] conn(0x7f2c80108340 0x7f2c8019c1b0 secure :-1 s=READY pgs=73 cs=0 l=1 rev1=1 crypto rx=0x7f2c70004220 tx=0x7f2c7000bd30 comp rx=0 tx=0).stop
2024-04-21T08:58:43.044 INFO:teuthology.orchestra.run.smithi066.stdout:/usr/bin/ceph: stderr
2024-04-21T08:58:42.358+0000 7f2c85fba700 1 -- 172.21.15.66:0/2151895309 shutdown_connections
2024-04-21T08:58:43.044 INFO:teuthology.orchestra.run.smithi066.stdout:/usr/bin/ceph: stderr
2024-04-21T08:58:42.358+0000 7f2c85fba700 1 --2- 172.21.15.66:0/2151895309 >> [v2:172.21.15.66:6800/3032531159,v1:172.21.15.66:6801/3032531159] conn(0x7f2c6c0396d0 0x7f2c6c03bb90 unknown :-1 s=CLOSED pgs=8 cs=0 l=1 rev1=1 crypto rx=0 tx=0 comp rx=0 tx=0).stop
2024-04-21T08:58:43.044 INFO:teuthology.orchestra.run.smithi066.stdout:/usr/bin/ceph: stderr
2024-04-21T08:58:42.358+0000 7f2c85fba700 1 --2- 172.21.15.66:0/2151895309 >> [v2:172.21.15.66:3300/0,v1:172.21.15.66:6789/0] conn(0x7f2c80108340 0x7f2c8019c1b0 unknown :-1 s=CLOSED pgs=73 cs=0 l=1 rev1=1 crypto rx=0 tx=0 comp rx=0 tx=0).stop
2024-04-21T08:58:43.044 INFO:teuthology.orchestra.run.smithi066.stdout:/usr/bin/ceph: stderr
2024-04-21T08:58:42.358+0000 7f2c85fba700 1 -- 172.21.15.66:0/2151895309 >> 172.21.15.66:0/2151895309 conn(0x7f2c801038c0 msgr2=0x7f2c80104380 unknown :-1 s=STATE_NONE l=0).mark_down
2024-04-21T08:58:43.044 INFO:teuthology.orchestra.run.smithi066.stdout:/usr/bin/ceph: stderr
2024-04-21T08:58:42.359+0000 7f2c85fba700 1 -- 172.21.15.66:0/2151895309 shutdown_connections
2024-04-21T08:58:43.044 INFO:teuthology.orchestra.run.smithi066.stdout:/usr/bin/ceph: stderr
2024-04-21T08:58:42.359+0000 7f2c85fba700 1 -- 172.21.15.66:0/2151895309 wait complete.
2024-04-21T08:58:43.044 INFO:teuthology.orchestra.run.smithi066.stdout:Fetching dashboard port number...
2024-04-21T08:58:43.501 INFO:journalctl@ceph.mon.a.smithi066.stdout:Apr 21 08:58:43 smithi066 ceph-mon[27953]: from='client.14166 -' entity='client.admin' cmd=[{"prefix": "dashboard ac-user-create", "username": "admin", "rolename": "administrator", "force_password": true, "pwd_update_required": true, "target": ["mon-mgr", ""]}]: dispatch
2024-04-21T08:58:43.501 INFO:journalctl@ceph.mon.a.smithi066.stdout:Apr 21 08:58:43 smithi066 ceph-mon[27953]: from='mgr.14152 172.21.15.66:0/3862824916' entity='mgr.x'
2024-04-21T08:58:44.473 INFO:teuthology.orchestra.run.smithi066.stdout:/usr/bin/ceph: stdout 8443
2024-04-21T08:58:44.473 INFO:teuthology.orchestra.run.smithi066.stdout:/usr/bin/ceph: stderr
2024-04-21T08:58:43.514+0000 7f0853235700 1 Processor -- start
2024-04-21T08:58:44.473 INFO:teuthology.orchestra.run.smithi066.stdout:/usr/bin/ceph: stderr
2024-04-21T08:58:43.514+0000 7f0853235700 1 -- start start
2024-04-21T08:58:44.473 INFO:teuthology.orchestra.run.smithi066.stdout:/usr/bin/ceph: stderr
2024-04-21T08:58:43.514+0000 7f0853235700 1 --2- >> [v2:172.21.15.66:3300/0,v1:172.21.15.66:6789/0] conn(0x7f084c108340 0x7f084c108760 unknown :-1 s=NONE pgs=0 cs=0 l=0 rev1=0 crypto rx=0 tx=0 comp rx=0 tx=0).connect
2024-04-21T08:58:44.474 INFO:teuthology.orchestra.run.smithi066.stdout:/usr/bin/ceph: stderr
2024-04-21T08:58:43.514+0000 7f0853235700 1 -- --> [v2:172.21.15.66:3300/0,v1:172.21.15.66:6789/0] -- mon_getmap magic: 0 -- 0x7f084c108d30 con 0x7f084c108340
2024-04-21T08:58:44.474 INFO:teuthology.orchestra.run.smithi066.stdout:/usr/bin/ceph: stderr
2024-04-21T08:58:43.514+0000 7f0850fd1700 1 --2- >> [v2:172.21.15.66:3300/0,v1:172.21.15.66:6789/0] conn(0x7f084c108340 0x7f084c108760 unknown :-1 s=BANNER_CONNECTING pgs=0 cs=0 l=0 rev1=0 crypto rx=0 tx=0 comp rx=0 tx=0)._handle_peer_banner_payload supported=3 required=0
2024-04-21T08:58:44.474 INFO:teuthology.orchestra.run.smithi066.stdout:/usr/bin/ceph: stderr
2024-04-21T08:58:43.514+0000 7f0850fd1700 1 --2- >> [v2:172.21.15.66:3300/0,v1:172.21.15.66:6789/0] conn(0x7f084c108340 0x7f084c108760 unknown :-1 s=HELLO_CONNECTING pgs=0 cs=0 l=0 rev1=1 crypto rx=0 tx=0 comp rx=0 tx=0).handle_hello peer v2:172.21.15.66:3300/0 says I am v2:172.21.15.66:42074/0 (socket says 172.21.15.66:42074)
2024-04-21T08:58:44.474 INFO:teuthology.orchestra.run.smithi066.stdout:/usr/bin/ceph: stderr
2024-04-21T08:58:43.514+0000 7f0850fd1700 1 -- 172.21.15.66:0/3653990769 learned_addr learned my addr 172.21.15.66:0/3653990769 (peer_addr_for_me v2:172.21.15.66:0/0)
2024-04-21T08:58:44.474 INFO:teuthology.orchestra.run.smithi066.stdout:/usr/bin/ceph: stderr
2024-04-21T08:58:43.514+0000 7f0850fd1700 1 -- 172.21.15.66:0/3653990769 --> [v2:172.21.15.66:3300/0,v1:172.21.15.66:6789/0] -- mon_subscribe({config=0+,monmap=0+}) -- 0x7f084c109540 con 0x7f084c108340
2024-04-21T08:58:44.474 INFO:teuthology.orchestra.run.smithi066.stdout:/usr/bin/ceph: stderr
2024-04-21T08:58:43.514+0000 7f0850fd1700 1 --2- 172.21.15.66:0/3653990769 >> [v2:172.21.15.66:3300/0,v1:172.21.15.66:6789/0] conn(0x7f084c108340 0x7f084c108760 secure :-1 s=READY pgs=74 cs=0 l=1 rev1=1 crypto rx=0x7f08400098a0 tx=0x7f0840009bb0 comp rx=0 tx=0).ready entity=mon.0 client_cookie=378c3a9bd087815f server_cookie=0 in_seq=0 out_seq=0
2024-04-21T08:58:44.474 INFO:teuthology.orchestra.run.smithi066.stdout:/usr/bin/ceph: stderr
2024-04-21T08:58:43.515+0000 7f084b7fe700 1 -- 172.21.15.66:0/3653990769 <== mon.0 v2:172.21.15.66:3300/0 1 ==== mon_map magic: 0 ==== 205+0+0 (secure 0 0 0) 0x7f0840004160 con 0x7f084c108340
2024-04-21T08:58:44.474 INFO:teuthology.orchestra.run.smithi066.stdout:/usr/bin/ceph: stderr
2024-04-21T08:58:43.515+0000 7f084b7fe700 1 -- 172.21.15.66:0/3653990769 <== mon.0 v2:172.21.15.66:3300/0 2 ==== config(26 keys) ==== 1101+0+0 (secure 0 0 0) 0x7f0840004300 con 0x7f084c108340
2024-04-21T08:58:44.474 INFO:teuthology.orchestra.run.smithi066.stdout:/usr/bin/ceph: stderr
2024-04-21T08:58:43.515+0000 7f084b7fe700 1 -- 172.21.15.66:0/3653990769 <== mon.0 v2:172.21.15.66:3300/0 3 ==== mon_map magic: 0 ==== 205+0+0 (secure 0 0 0) 0x7f0840011a20 con 0x7f084c108340
2024-04-21T08:58:44.474 INFO:teuthology.orchestra.run.smithi066.stdout:/usr/bin/ceph: stderr
2024-04-21T08:58:43.515+0000 7f0853235700 1 -- 172.21.15.66:0/3653990769 >> [v2:172.21.15.66:3300/0,v1:172.21.15.66:6789/0] conn(0x7f084c108340 msgr2=0x7f084c108760 secure :-1 s=STATE_CONNECTION_ESTABLISHED l=1).mark_down
2024-04-21T08:58:44.474 INFO:teuthology.orchestra.run.smithi066.stdout:/usr/bin/ceph: stderr
2024-04-21T08:58:43.515+0000 7f0853235700 1 --2- 172.21.15.66:0/3653990769 >> [v2:172.21.15.66:3300/0,v1:172.21.15.66:6789/0] conn(0x7f084c108340 0x7f084c108760 secure :-1 s=READY pgs=74 cs=0 l=1 rev1=1 crypto rx=0x7f08400098a0 tx=0x7f0840009bb0 comp rx=0 tx=0).stop
2024-04-21T08:58:44.474 INFO:teuthology.orchestra.run.smithi066.stdout:/usr/bin/ceph: stderr
2024-04-21T08:58:43.515+0000 7f0853235700 1 -- 172.21.15.66:0/3653990769 shutdown_connections
2024-04-21T08:58:44.475 INFO:teuthology.orchestra.run.smithi066.stdout:/usr/bin/ceph: stderr
2024-04-21T08:58:43.515+0000 7f0853235700 1 --2- 172.21.15.66:0/3653990769 >> [v2:172.21.15.66:3300/0,v1:172.21.15.66:6789/0] conn(0x7f084c108340 0x7f084c108760 unknown :-1 s=CLOSED pgs=74 cs=0 l=1 rev1=1 crypto rx=0 tx=0 comp rx=0 tx=0).stop
2024-04-21T08:58:44.475 INFO:teuthology.orchestra.run.smithi066.stdout:/usr/bin/ceph: stderr
2024-04-21T08:58:43.515+0000 7f0853235700 1 -- 172.21.15.66:0/3653990769 >> 172.21.15.66:0/3653990769 conn(0x7f084c1038c0 msgr2=0x7f084c105d20 unknown :-1 s=STATE_NONE l=0).mark_down
2024-04-21T08:58:44.475 INFO:teuthology.orchestra.run.smithi066.stdout:/usr/bin/ceph: stderr
2024-04-21T08:58:43.515+0000 7f0853235700 1 -- 172.21.15.66:0/3653990769 shutdown_connections
2024-04-21T08:58:44.475 INFO:teuthology.orchestra.run.smithi066.stdout:/usr/bin/ceph: stderr
2024-04-21T08:58:43.515+0000 7f0853235700 1 -- 172.21.15.66:0/3653990769 wait complete.
2024-04-21T08:58:44.475 INFO:teuthology.orchestra.run.smithi066.stdout:/usr/bin/ceph: stderr
2024-04-21T08:58:43.516+0000 7f0853235700 1 Processor -- start
2024-04-21T08:58:44.475 INFO:teuthology.orchestra.run.smithi066.stdout:/usr/bin/ceph: stderr
2024-04-21T08:58:43.516+0000 7f0853235700 1 -- start start
2024-04-21T08:58:44.475 INFO:teuthology.orchestra.run.smithi066.stdout:/usr/bin/ceph: stderr
2024-04-21T08:58:43.516+0000 7f0853235700 1 --2- >> [v2:172.21.15.66:3300/0,v1:172.21.15.66:6789/0] conn(0x7f084c108340 0x7f084c19e3b0 unknown :-1 s=NONE pgs=0 cs=0 l=1 rev1=0 crypto rx=0 tx=0 comp rx=0 tx=0).connect
2024-04-21T08:58:44.475 INFO:teuthology.orchestra.run.smithi066.stdout:/usr/bin/ceph: stderr
2024-04-21T08:58:43.516+0000 7f0853235700 1 -- --> [v2:172.21.15.66:3300/0,v1:172.21.15.66:6789/0] -- mon_getmap magic: 0 -- 0x7f084c10c8f0 con 0x7f084c108340
2024-04-21T08:58:44.475 INFO:teuthology.orchestra.run.smithi066.stdout:/usr/bin/ceph: stderr
2024-04-21T08:58:43.516+0000 7f0850fd1700 1 --2- >> [v2:172.21.15.66:3300/0,v1:172.21.15.66:6789/0] conn(0x7f084c108340 0x7f084c19e3b0 unknown :-1 s=BANNER_CONNECTING pgs=0 cs=0 l=1 rev1=0 crypto rx=0 tx=0 comp rx=0 tx=0)._handle_peer_banner_payload supported=3 required=0
2024-04-21T08:58:44.475 INFO:teuthology.orchestra.run.smithi066.stdout:/usr/bin/ceph: stderr
2024-04-21T08:58:43.516+0000 7f0850fd1700 1 --2- >> [v2:172.21.15.66:3300/0,v1:172.21.15.66:6789/0] conn(0x7f084c108340 0x7f084c19e3b0 unknown :-1 s=HELLO_CONNECTING pgs=0 cs=0 l=1 rev1=1 crypto rx=0 tx=0 comp rx=0 tx=0).handle_hello peer v2:172.21.15.66:3300/0 says I am v2:172.21.15.66:42086/0 (socket says 172.21.15.66:42086)
2024-04-21T08:58:44.475 INFO:teuthology.orchestra.run.smithi066.stdout:/usr/bin/ceph: stderr
2024-04-21T08:58:43.516+0000 7f0850fd1700 1 -- 172.21.15.66:0/2187609338 learned_addr learned my addr 172.21.15.66:0/2187609338 (peer_addr_for_me v2:172.21.15.66:0/0)
2024-04-21T08:58:44.475 INFO:teuthology.orchestra.run.smithi066.stdout:/usr/bin/ceph: stderr
2024-04-21T08:58:43.516+0000 7f0850fd1700 1 -- 172.21.15.66:0/2187609338 --> [v2:172.21.15.66:3300/0,v1:172.21.15.66:6789/0] -- mon_subscribe({config=0+,monmap=0+}) -- 0x7f084c19e8f0 con 0x7f084c108340
2024-04-21T08:58:44.475 INFO:teuthology.orchestra.run.smithi066.stdout:/usr/bin/ceph: stderr
2024-04-21T08:58:43.517+0000 7f0850fd1700 1 --2- 172.21.15.66:0/2187609338 >> [v2:172.21.15.66:3300/0,v1:172.21.15.66:6789/0] conn(0x7f084c108340 0x7f084c19e3b0 secure :-1 s=READY pgs=75 cs=0 l=1 rev1=1 crypto rx=0x7f08400116e0 tx=0x7f0840011aa0 comp rx=0 tx=0).ready entity=mon.0 client_cookie=0 server_cookie=0 in_seq=0 out_seq=0
2024-04-21T08:58:44.475 INFO:teuthology.orchestra.run.smithi066.stdout:/usr/bin/ceph: stderr
2024-04-21T08:58:43.517+0000 7f0849ffb700 1 -- 172.21.15.66:0/2187609338 <== mon.0 v2:172.21.15.66:3300/0 1 ==== mon_map magic: 0 ==== 205+0+0 (secure 0 0 0) 0x7f08400039e0 con 0x7f084c108340
2024-04-21T08:58:44.476 INFO:teuthology.orchestra.run.smithi066.stdout:/usr/bin/ceph: stderr
2024-04-21T08:58:43.517+0000 7f0849ffb700 1 -- 172.21.15.66:0/2187609338 <== mon.0 v2:172.21.15.66:3300/0 2 ==== config(26 keys) ==== 1101+0+0 (secure 0 0 0) 0x7f084001b8f0 con 0x7f084c108340
2024-04-21T08:58:44.476 INFO:teuthology.orchestra.run.smithi066.stdout:/usr/bin/ceph: stderr
2024-04-21T08:58:43.517+0000 7f0853235700 1 -- 172.21.15.66:0/2187609338 --> [v2:172.21.15.66:3300/0,v1:172.21.15.66:6789/0] -- mon_subscribe({mgrmap=0+}) -- 0x7f084c19eb80 con 0x7f084c108340
2024-04-21T08:58:44.476 INFO:teuthology.orchestra.run.smithi066.stdout:/usr/bin/ceph: stderr
2024-04-21T08:58:43.517+0000 7f0849ffb700 1 -- 172.21.15.66:0/2187609338 <== mon.0 v2:172.21.15.66:3300/0 3 ==== mon_map magic: 0 ==== 205+0+0 (secure 0 0 0) 0x7f0840023760 con 0x7f084c108340
2024-04-21T08:58:44.476 INFO:teuthology.orchestra.run.smithi066.stdout:/usr/bin/ceph: stderr
2024-04-21T08:58:43.517+0000 7f0853235700 1 -- 172.21.15.66:0/2187609338 --> [v2:172.21.15.66:3300/0,v1:172.21.15.66:6789/0] -- mon_subscribe({osdmap=0}) -- 0x7f084c1a1870 con 0x7f084c108340
2024-04-21T08:58:44.476 INFO:teuthology.orchestra.run.smithi066.stdout:/usr/bin/ceph: stderr
2024-04-21T08:58:43.518+0000 7f0849ffb700 1 -- 172.21.15.66:0/2187609338 <== mon.0 v2:172.21.15.66:3300/0 4 ==== mgrmap(e 12) ==== 46571+0+0 (secure 0 0 0) 0x7f084001b440 con 0x7f084c108340
2024-04-21T08:58:44.476 INFO:teuthology.orchestra.run.smithi066.stdout:/usr/bin/ceph: stderr
2024-04-21T08:58:43.518+0000 7f0849ffb700 1 --2- 172.21.15.66:0/2187609338 >> [v2:172.21.15.66:6800/3032531159,v1:172.21.15.66:6801/3032531159] conn(0x7f083c039670 0x7f083c03bb30 unknown :-1 s=NONE pgs=0 cs=0 l=1 rev1=0 crypto rx=0 tx=0 comp rx=0 tx=0).connect
2024-04-21T08:58:44.476 INFO:teuthology.orchestra.run.smithi066.stdout:/usr/bin/ceph: stderr
2024-04-21T08:58:43.518+0000 7f0849ffb700 1 -- 172.21.15.66:0/2187609338 <== mon.0 v2:172.21.15.66:3300/0 5 ==== osd_map(3..3 src has 1..3) ==== 1155+0+0 (secure 0 0 0) 0x7f084004e040 con 0x7f084c108340
2024-04-21T08:58:44.476 INFO:teuthology.orchestra.run.smithi066.stdout:/usr/bin/ceph: stderr
2024-04-21T08:58:43.518+0000 7f0853235700 1 -- 172.21.15.66:0/2187609338 --> [v2:172.21.15.66:3300/0,v1:172.21.15.66:6789/0] -- mon_command({"prefix": "get_command_descriptions"} v 0) -- 0x7f084c0640a0 con 0x7f084c108340
2024-04-21T08:58:44.476 INFO:teuthology.orchestra.run.smithi066.stdout:/usr/bin/ceph: stderr
2024-04-21T08:58:43.518+0000 7f084bfff700 1 --2- 172.21.15.66:0/2187609338 >> [v2:172.21.15.66:6800/3032531159,v1:172.21.15.66:6801/3032531159] conn(0x7f083c039670 0x7f083c03bb30 unknown :-1 s=BANNER_CONNECTING pgs=0 cs=0 l=1 rev1=0 crypto rx=0 tx=0 comp rx=0 tx=0)._handle_peer_banner_payload supported=3 required=0
2024-04-21T08:58:44.476 INFO:teuthology.orchestra.run.smithi066.stdout:/usr/bin/ceph: stderr
2024-04-21T08:58:43.519+0000 7f084bfff700 1 --2- 172.21.15.66:0/2187609338 >> [v2:172.21.15.66:6800/3032531159,v1:172.21.15.66:6801/3032531159] conn(0x7f083c039670 0x7f083c03bb30 secure :-1 s=READY pgs=9 cs=0 l=1 rev1=1 crypto rx=0x7f0838006fd0 tx=0x7f0838006e40 comp rx=0 tx=0).ready entity=mgr.14152 client_cookie=0 server_cookie=0 in_seq=0 out_seq=0
2024-04-21T08:58:44.476 INFO:teuthology.orchestra.run.smithi066.stdout:/usr/bin/ceph: stderr
2024-04-21T08:58:43.523+0000 7f0849ffb700 1 -- 172.21.15.66:0/2187609338 <== mon.0 v2:172.21.15.66:3300/0 6 ==== mon_command_ack([{"prefix": "get_command_descriptions"}]=0 v0) ==== 72+0+188370 (secure 0 0 0) 0x7f084001f030 con 0x7f084c108340
2024-04-21T08:58:44.476 INFO:teuthology.orchestra.run.smithi066.stdout:/usr/bin/ceph: stderr
2024-04-21T08:58:43.732+0000 7f0853235700 1 -- 172.21.15.66:0/2187609338 --> [v2:172.21.15.66:3300/0,v1:172.21.15.66:6789/0] -- mon_command({"prefix": "config get", "who": "mgr", "key": "mgr/dashboard/ssl_server_port"} v 0) -- 0x7f084c1a1a40 con 0x7f084c108340
2024-04-21T08:58:44.476 INFO:teuthology.orchestra.run.smithi066.stdout:/usr/bin/ceph: stderr
2024-04-21T08:58:43.732+0000 7f0849ffb700 1 -- 172.21.15.66:0/2187609338 <== mon.0 v2:172.21.15.66:3300/0 7 ==== mon_command_ack([{"prefix": "config get", "who": "mgr", "key": "mgr/dashboard/ssl_server_port"}]=0 v8) ==== 112+0+5 (secure 0 0 0) 0x7f08400292a0 con 0x7f084c108340
2024-04-21T08:58:44.476 INFO:teuthology.orchestra.run.smithi066.stdout:/usr/bin/ceph: stderr
2024-04-21T08:58:43.735+0000 7f0853235700 1 -- 172.21.15.66:0/2187609338 >> [v2:172.21.15.66:6800/3032531159,v1:172.21.15.66:6801/3032531159] conn(0x7f083c039670 msgr2=0x7f083c03bb30 secure :-1 s=STATE_CONNECTION_ESTABLISHED l=1).mark_down
2024-04-21T08:58:44.477 INFO:teuthology.orchestra.run.smithi066.stdout:/usr/bin/ceph: stderr
2024-04-21T08:58:43.735+0000 7f0853235700 1 --2- 172.21.15.66:0/2187609338 >> [v2:172.21.15.66:6800/3032531159,v1:172.21.15.66:6801/3032531159] conn(0x7f083c039670 0x7f083c03bb30 secure :-1 s=READY pgs=9 cs=0 l=1 rev1=1 crypto rx=0x7f0838006fd0 tx=0x7f0838006e40 comp rx=0 tx=0).stop
2024-04-21T08:58:44.477 INFO:teuthology.orchestra.run.smithi066.stdout:/usr/bin/ceph: stderr
2024-04-21T08:58:43.735+0000 7f0853235700 1 -- 172.21.15.66:0/2187609338 >> [v2:172.21.15.66:3300/0,v1:172.21.15.66:6789/0] conn(0x7f084c108340 msgr2=0x7f084c19e3b0 secure :-1 s=STATE_CONNECTION_ESTABLISHED l=1).mark_down
2024-04-21T08:58:44.477 INFO:teuthology.orchestra.run.smithi066.stdout:/usr/bin/ceph: stderr
2024-04-21T08:58:43.735+0000 7f0853235700 1 --2- 172.21.15.66:0/2187609338 >> [v2:172.21.15.66:3300/0,v1:172.21.15.66:6789/0] conn(0x7f084c108340 0x7f084c19e3b0 secure :-1 s=READY pgs=75 cs=0 l=1 rev1=1 crypto rx=0x7f08400116e0 tx=0x7f0840011aa0 comp rx=0 tx=0).stop
2024-04-21T08:58:44.477 INFO:teuthology.orchestra.run.smithi066.stdout:/usr/bin/ceph: stderr
2024-04-21T08:58:43.735+0000 7f0853235700 1 -- 172.21.15.66:0/2187609338 shutdown_connections
2024-04-21T08:58:44.477 INFO:teuthology.orchestra.run.smithi066.stdout:/usr/bin/ceph: stderr
2024-04-21T08:58:43.735+0000 7f0853235700 1 --2- 172.21.15.66:0/2187609338 >> [v2:172.21.15.66:6800/3032531159,v1:172.21.15.66:6801/3032531159] conn(0x7f083c039670 0x7f083c03bb30 unknown :-1 s=CLOSED pgs=9 cs=0 l=1 rev1=1 crypto rx=0 tx=0 comp rx=0 tx=0).stop
2024-04-21T08:58:44.477 INFO:teuthology.orchestra.run.smithi066.stdout:/usr/bin/ceph: stderr
2024-04-21T08:58:43.735+0000 7f0853235700 1 --2- 172.21.15.66:0/2187609338 >> [v2:172.21.15.66:3300/0,v1:172.21.15.66:6789/0] conn(0x7f084c108340 0x7f084c19e3b0 unknown :-1 s=CLOSED pgs=75 cs=0 l=1 rev1=1 crypto rx=0 tx=0 comp rx=0 tx=0).stop
2024-04-21T08:58:44.477 INFO:teuthology.orchestra.run.smithi066.stdout:/usr/bin/ceph: stderr
2024-04-21T08:58:43.735+0000 7f0853235700 1 -- 172.21.15.66:0/2187609338 >> 172.21.15.66:0/2187609338 conn(0x7f084c1038c0 msgr2=0x7f084c104290 unknown :-1 s=STATE_NONE l=0).mark_down
2024-04-21T08:58:44.477 INFO:teuthology.orchestra.run.smithi066.stdout:/usr/bin/ceph: stderr
2024-04-21T08:58:43.735+0000 7f0853235700 1 -- 172.21.15.66:0/2187609338 shutdown_connections
2024-04-21T08:58:44.477 INFO:teuthology.orchestra.run.smithi066.stdout:/usr/bin/ceph: stderr
2024-04-21T08:58:43.735+0000 7f0853235700 1 -- 172.21.15.66:0/2187609338 wait complete.
2024-04-21T08:58:44.481 INFO:teuthology.orchestra.run.smithi066.stdout:Non-zero exit code 1 from systemctl is-enabled firewalld.service
2024-04-21T08:58:44.481 INFO:teuthology.orchestra.run.smithi066.stdout:systemctl: stdout disabled
2024-04-21T08:58:44.488 INFO:teuthology.orchestra.run.smithi066.stdout:Non-zero exit code 3 from systemctl is-active firewalld.service
2024-04-21T08:58:44.488 INFO:teuthology.orchestra.run.smithi066.stdout:systemctl: stdout inactive
2024-04-21T08:58:44.488 INFO:teuthology.orchestra.run.smithi066.stdout:firewalld.service is not enabled
2024-04-21T08:58:44.488 INFO:teuthology.orchestra.run.smithi066.stdout:Not possible to open ports <[8443]>. firewalld.service is not available
2024-04-21T08:58:44.490 INFO:teuthology.orchestra.run.smithi066.stdout:Ceph Dashboard is now available at:
2024-04-21T08:58:44.491 INFO:teuthology.orchestra.run.smithi066.stdout:
2024-04-21T08:58:44.491 INFO:teuthology.orchestra.run.smithi066.stdout: URL: https://smithi066:8443/
2024-04-21T08:58:44.491 INFO:teuthology.orchestra.run.smithi066.stdout: User: admin
2024-04-21T08:58:44.491 INFO:teuthology.orchestra.run.smithi066.stdout: Password: nwuqpjoy6e
2024-04-21T08:58:44.491 INFO:teuthology.orchestra.run.smithi066.stdout:
2024-04-21T08:58:44.491 INFO:teuthology.orchestra.run.smithi066.stdout:Saving cluster configuration to /var/lib/ceph/0cca84f6-ffbd-11ee-bc93-c7b262605968/config directory
2024-04-21T08:58:44.491 INFO:teuthology.orchestra.run.smithi066.stdout:Enabling autotune for osd_memory_target
2024-04-21T08:58:44.614 INFO:journalctl@ceph.mon.a.smithi066.stdout:Apr 21 08:58:44 smithi066 ceph-mon[27953]: from='client.? 172.21.15.66:0/2187609338' entity='client.admin' cmd=[{"prefix": "config get", "who": "mgr", "key": "mgr/dashboard/ssl_server_port"}]: dispatch
2024-04-21T08:58:45.587 INFO:journalctl@ceph.mon.a.smithi066.stdout:Apr 21 08:58:45 smithi066 ceph-mon[27953]: mgrmap e13: x(active, since 6s)
2024-04-21T08:58:45.888 INFO:teuthology.orchestra.run.smithi066.stdout:/usr/bin/ceph: stderr
2024-04-21T08:58:45.002+0000 7f1e92842700 1 Processor -- start
2024-04-21T08:58:45.888 INFO:teuthology.orchestra.run.smithi066.stdout:/usr/bin/ceph: stderr
2024-04-21T08:58:45.002+0000 7f1e92842700 1 -- start start
2024-04-21T08:58:45.888 INFO:teuthology.orchestra.run.smithi066.stdout:/usr/bin/ceph: stderr
2024-04-21T08:58:45.002+0000 7f1e92842700 1 --2- >> [v2:172.21.15.66:3300/0,v1:172.21.15.66:6789/0] conn(0x7f1e8c108340 0x7f1e8c108760 unknown :-1 s=NONE pgs=0 cs=0 l=0 rev1=0 crypto rx=0 tx=0 comp rx=0 tx=0).connect
2024-04-21T08:58:45.888 INFO:teuthology.orchestra.run.smithi066.stdout:/usr/bin/ceph: stderr
2024-04-21T08:58:45.002+0000 7f1e92842700 1 -- --> [v2:172.21.15.66:3300/0,v1:172.21.15.66:6789/0] -- mon_getmap magic: 0 -- 0x7f1e8c108d30 con 0x7f1e8c108340
2024-04-21T08:58:45.888 INFO:teuthology.orchestra.run.smithi066.stdout:/usr/bin/ceph: stderr
2024-04-21T08:58:45.002+0000 7f1e8bfff700 1 --2- >> [v2:172.21.15.66:3300/0,v1:172.21.15.66:6789/0] conn(0x7f1e8c108340 0x7f1e8c108760 unknown :-1 s=BANNER_CONNECTING pgs=0 cs=0 l=0 rev1=0 crypto rx=0 tx=0 comp rx=0 tx=0)._handle_peer_banner_payload supported=3 required=0
2024-04-21T08:58:45.888 INFO:teuthology.orchestra.run.smithi066.stdout:/usr/bin/ceph: stderr
2024-04-21T08:58:45.002+0000 7f1e8bfff700 1 --2- >> [v2:172.21.15.66:3300/0,v1:172.21.15.66:6789/0] conn(0x7f1e8c108340 0x7f1e8c108760 unknown :-1 s=HELLO_CONNECTING pgs=0 cs=0 l=0 rev1=1 crypto rx=0 tx=0 comp rx=0 tx=0).handle_hello peer v2:172.21.15.66:3300/0 says I am v2:172.21.15.66:51724/0 (socket says 172.21.15.66:51724)
2024-04-21T08:58:45.889 INFO:teuthology.orchestra.run.smithi066.stdout:/usr/bin/ceph: stderr
2024-04-21T08:58:45.002+0000 7f1e8bfff700 1 -- 172.21.15.66:0/742753501 learned_addr learned my addr 172.21.15.66:0/742753501 (peer_addr_for_me v2:172.21.15.66:0/0)
2024-04-21T08:58:45.889 INFO:teuthology.orchestra.run.smithi066.stdout:/usr/bin/ceph: stderr
2024-04-21T08:58:45.002+0000 7f1e8bfff700 1 -- 172.21.15.66:0/742753501 --> [v2:172.21.15.66:3300/0,v1:172.21.15.66:6789/0] -- mon_subscribe({config=0+,monmap=0+}) -- 0x7f1e8c109540 con 0x7f1e8c108340
2024-04-21T08:58:45.889 INFO:teuthology.orchestra.run.smithi066.stdout:/usr/bin/ceph: stderr
2024-04-21T08:58:45.003+0000 7f1e8bfff700 1 --2- 172.21.15.66:0/742753501 >> [v2:172.21.15.66:3300/0,v1:172.21.15.66:6789/0] conn(0x7f1e8c108340 0x7f1e8c108760 secure :-1 s=READY pgs=76 cs=0 l=1 rev1=1 crypto rx=0x7f1e7c0098a0 tx=0x7f1e7c009bb0 comp rx=0 tx=0).ready entity=mon.0 client_cookie=c36104be1f7bf1d2 server_cookie=0 in_seq=0 out_seq=0
2024-04-21T08:58:45.889 INFO:teuthology.orchestra.run.smithi066.stdout:/usr/bin/ceph: stderr
2024-04-21T08:58:45.003+0000 7f1e8affd700 1 -- 172.21.15.66:0/742753501 <== mon.0 v2:172.21.15.66:3300/0 1 ==== mon_map magic: 0 ==== 205+0+0 (secure 0 0 0) 0x7f1e7c004160 con 0x7f1e8c108340
2024-04-21T08:58:45.889 INFO:teuthology.orchestra.run.smithi066.stdout:/usr/bin/ceph: stderr
2024-04-21T08:58:45.003+0000 7f1e8affd700 1 -- 172.21.15.66:0/742753501 <== mon.0 v2:172.21.15.66:3300/0 2 ==== config(26 keys) ==== 1101+0+0 (secure 0 0 0) 0x7f1e7c004300 con 0x7f1e8c108340
2024-04-21T08:58:45.889 INFO:teuthology.orchestra.run.smithi066.stdout:/usr/bin/ceph: stderr
2024-04-21T08:58:45.003+0000 7f1e8affd700 1 -- 172.21.15.66:0/742753501 <== mon.0 v2:172.21.15.66:3300/0 3 ==== mon_map magic: 0 ==== 205+0+0 (secure 0 0 0) 0x7f1e7c011a20 con 0x7f1e8c108340
2024-04-21T08:58:45.889 INFO:teuthology.orchestra.run.smithi066.stdout:/usr/bin/ceph: stderr
2024-04-21T08:58:45.003+0000 7f1e92842700 1 -- 172.21.15.66:0/742753501 >> [v2:172.21.15.66:3300/0,v1:172.21.15.66:6789/0] conn(0x7f1e8c108340 msgr2=0x7f1e8c108760 secure :-1 s=STATE_CONNECTION_ESTABLISHED l=1).mark_down
2024-04-21T08:58:45.889 INFO:teuthology.orchestra.run.smithi066.stdout:/usr/bin/ceph: stderr
2024-04-21T08:58:45.003+0000 7f1e92842700 1 --2- 172.21.15.66:0/742753501 >> [v2:172.21.15.66:3300/0,v1:172.21.15.66:6789/0] conn(0x7f1e8c108340 0x7f1e8c108760 secure :-1 s=READY pgs=76 cs=0 l=1 rev1=1 crypto rx=0x7f1e7c0098a0 tx=0x7f1e7c009bb0 comp rx=0 tx=0).stop
2024-04-21T08:58:45.889 INFO:teuthology.orchestra.run.smithi066.stdout:/usr/bin/ceph: stderr
2024-04-21T08:58:45.003+0000 7f1e92842700 1 -- 172.21.15.66:0/742753501 shutdown_connections
2024-04-21T08:58:45.889 INFO:teuthology.orchestra.run.smithi066.stdout:/usr/bin/ceph: stderr
2024-04-21T08:58:45.003+0000 7f1e92842700 1 --2- 172.21.15.66:0/742753501 >> [v2:172.21.15.66:3300/0,v1:172.21.15.66:6789/0] conn(0x7f1e8c108340 0x7f1e8c108760 unknown :-1 s=CLOSED pgs=76 cs=0 l=1 rev1=1 crypto rx=0 tx=0 comp rx=0 tx=0).stop
2024-04-21T08:58:45.889 INFO:teuthology.orchestra.run.smithi066.stdout:/usr/bin/ceph: stderr
2024-04-21T08:58:45.003+0000 7f1e92842700 1 -- 172.21.15.66:0/742753501 >> 172.21.15.66:0/742753501 conn(0x7f1e8c1038c0 msgr2=0x7f1e8c105d20 unknown :-1 s=STATE_NONE l=0).mark_down
2024-04-21T08:58:45.889 INFO:teuthology.orchestra.run.smithi066.stdout:/usr/bin/ceph: stderr
2024-04-21T08:58:45.003+0000 7f1e92842700 1 -- 172.21.15.66:0/742753501 shutdown_connections
2024-04-21T08:58:45.889 INFO:teuthology.orchestra.run.smithi066.stdout:/usr/bin/ceph: stderr
2024-04-21T08:58:45.003+0000 7f1e92842700 1 -- 172.21.15.66:0/742753501 wait complete.
2024-04-21T08:58:45.889 INFO:teuthology.orchestra.run.smithi066.stdout:/usr/bin/ceph: stderr
2024-04-21T08:58:45.004+0000 7f1e92842700 1 Processor -- start
2024-04-21T08:58:45.890 INFO:teuthology.orchestra.run.smithi066.stdout:/usr/bin/ceph: stderr
2024-04-21T08:58:45.004+0000 7f1e92842700 1 -- start start
2024-04-21T08:58:45.890 INFO:teuthology.orchestra.run.smithi066.stdout:/usr/bin/ceph: stderr
2024-04-21T08:58:45.004+0000 7f1e92842700 1 --2- >> [v2:172.21.15.66:3300/0,v1:172.21.15.66:6789/0] conn(0x7f1e8c108340 0x7f1e8c19c1b0 unknown :-1 s=NONE pgs=0 cs=0 l=1 rev1=0 crypto rx=0 tx=0 comp rx=0 tx=0).connect
2024-04-21T08:58:45.890 INFO:teuthology.orchestra.run.smithi066.stdout:/usr/bin/ceph: stderr
2024-04-21T08:58:45.004+0000 7f1e92842700 1 -- --> [v2:172.21.15.66:3300/0,v1:172.21.15.66:6789/0] -- mon_getmap magic: 0 -- 0x7f1e8c10c8f0 con 0x7f1e8c108340
2024-04-21T08:58:45.890 INFO:teuthology.orchestra.run.smithi066.stdout:/usr/bin/ceph: stderr
2024-04-21T08:58:45.004+0000 7f1e8bfff700 1 --2- >> [v2:172.21.15.66:3300/0,v1:172.21.15.66:6789/0] conn(0x7f1e8c108340 0x7f1e8c19c1b0 unknown :-1 s=BANNER_CONNECTING pgs=0 cs=0 l=1 rev1=0 crypto rx=0 tx=0 comp rx=0 tx=0)._handle_peer_banner_payload supported=3 required=0
2024-04-21T08:58:45.890 INFO:teuthology.orchestra.run.smithi066.stdout:/usr/bin/ceph: stderr
2024-04-21T08:58:45.004+0000 7f1e8bfff700 1 --2- >> [v2:172.21.15.66:3300/0,v1:172.21.15.66:6789/0] conn(0x7f1e8c108340 0x7f1e8c19c1b0 unknown :-1 s=HELLO_CONNECTING pgs=0 cs=0 l=1 rev1=1 crypto rx=0 tx=0 comp rx=0 tx=0).handle_hello peer v2:172.21.15.66:3300/0 says I am v2:172.21.15.66:51728/0 (socket says 172.21.15.66:51728)
2024-04-21T08:58:45.890 INFO:teuthology.orchestra.run.smithi066.stdout:/usr/bin/ceph: stderr
2024-04-21T08:58:45.004+0000 7f1e8bfff700 1 -- 172.21.15.66:0/2411485394 learned_addr learned my addr 172.21.15.66:0/2411485394 (peer_addr_for_me v2:172.21.15.66:0/0)
2024-04-21T08:58:45.890 INFO:teuthology.orchestra.run.smithi066.stdout:/usr/bin/ceph: stderr
2024-04-21T08:58:45.005+0000 7f1e8bfff700 1 -- 172.21.15.66:0/2411485394 --> [v2:172.21.15.66:3300/0,v1:172.21.15.66:6789/0] -- mon_subscribe({config=0+,monmap=0+}) -- 0x7f1e8c19c6f0 con 0x7f1e8c108340
2024-04-21T08:58:45.890 INFO:teuthology.orchestra.run.smithi066.stdout:/usr/bin/ceph: stderr
2024-04-21T08:58:45.005+0000 7f1e8bfff700 1 --2- 172.21.15.66:0/2411485394 >> [v2:172.21.15.66:3300/0,v1:172.21.15.66:6789/0] conn(0x7f1e8c108340 0x7f1e8c19c1b0 secure :-1 s=READY pgs=77 cs=0 l=1 rev1=1 crypto rx=0x7f1e7c009520 tx=0x7f1e7c011aa0 comp rx=0 tx=0).ready entity=mon.0 client_cookie=0 server_cookie=0 in_seq=0 out_seq=0
2024-04-21T08:58:45.890 INFO:teuthology.orchestra.run.smithi066.stdout:/usr/bin/ceph: stderr
2024-04-21T08:58:45.005+0000 7f1e897fa700 1 -- 172.21.15.66:0/2411485394 <== mon.0 v2:172.21.15.66:3300/0 1 ==== mon_map magic: 0 ==== 205+0+0 (secure 0 0 0) 0x7f1e7c0039e0 con 0x7f1e8c108340
2024-04-21T08:58:45.890 INFO:teuthology.orchestra.run.smithi066.stdout:/usr/bin/ceph: stderr
2024-04-21T08:58:45.005+0000 7f1e897fa700 1 -- 172.21.15.66:0/2411485394 <== mon.0 v2:172.21.15.66:3300/0 2 ==== config(26 keys) ==== 1101+0+0 (secure 0 0 0) 0x7f1e7c01b8f0 con 0x7f1e8c108340
2024-04-21T08:58:45.890 INFO:teuthology.orchestra.run.smithi066.stdout:/usr/bin/ceph: stderr
2024-04-21T08:58:45.005+0000 7f1e897fa700 1 -- 172.21.15.66:0/2411485394 <== mon.0 v2:172.21.15.66:3300/0 3 ==== mon_map magic: 0 ==== 205+0+0 (secure 0 0 0) 0x7f1e7c019770 con 0x7f1e8c108340
2024-04-21T08:58:45.890 INFO:teuthology.orchestra.run.smithi066.stdout:/usr/bin/ceph: stderr
2024-04-21T08:58:45.005+0000 7f1e92842700 1 -- 172.21.15.66:0/2411485394 --> [v2:172.21.15.66:3300/0,v1:172.21.15.66:6789/0] -- mon_subscribe({mgrmap=0+}) -- 0x7f1e8c19c980 con 0x7f1e8c108340
2024-04-21T08:58:45.890 INFO:teuthology.orchestra.run.smithi066.stdout:/usr/bin/ceph: stderr
2024-04-21T08:58:45.005+0000 7f1e92842700 1 -- 172.21.15.66:0/2411485394 --> [v2:172.21.15.66:3300/0,v1:172.21.15.66:6789/0] -- mon_subscribe({osdmap=0}) -- 0x7f1e8c19f670 con 0x7f1e8c108340
2024-04-21T08:58:45.890 INFO:teuthology.orchestra.run.smithi066.stdout:/usr/bin/ceph: stderr
2024-04-21T08:58:45.006+0000 7f1e897fa700 1 -- 172.21.15.66:0/2411485394 <== mon.0 v2:172.21.15.66:3300/0 4 ==== mgrmap(e 13) ==== 46614+0+0 (secure 0 0 0) 0x7f1e7c019a70 con 0x7f1e8c108340
2024-04-21T08:58:45.890 INFO:teuthology.orchestra.run.smithi066.stdout:/usr/bin/ceph: stderr
2024-04-21T08:58:45.006+0000 7f1e92842700 1 -- 172.21.15.66:0/2411485394 --> [v2:172.21.15.66:3300/0,v1:172.21.15.66:6789/0] -- mon_command({"prefix": "get_command_descriptions"} v 0) -- 0x7f1e8c0640a0 con 0x7f1e8c108340
2024-04-21T08:58:45.891 INFO:teuthology.orchestra.run.smithi066.stdout:/usr/bin/ceph: stderr
2024-04-21T08:58:45.006+0000 7f1e897fa700 1 --2- 172.21.15.66:0/2411485394 >> [v2:172.21.15.66:6800/3032531159,v1:172.21.15.66:6801/3032531159] conn(0x7f1e74039760 0x7f1e7403bc20 unknown :-1 s=NONE pgs=0 cs=0 l=1 rev1=0 crypto rx=0 tx=0 comp rx=0 tx=0).connect
2024-04-21T08:58:45.891 INFO:teuthology.orchestra.run.smithi066.stdout:/usr/bin/ceph: stderr
2024-04-21T08:58:45.006+0000 7f1e897fa700 1 -- 172.21.15.66:0/2411485394 <== mon.0 v2:172.21.15.66:3300/0 5 ==== osd_map(3..3 src has 1..3) ==== 1155+0+0 (secure 0 0 0) 0x7f1e7c04e260 con 0x7f1e8c108340
2024-04-21T08:58:45.891 INFO:teuthology.orchestra.run.smithi066.stdout:/usr/bin/ceph: stderr
2024-04-21T08:58:45.006+0000 7f1e8b7fe700 1 --2- 172.21.15.66:0/2411485394 >> [v2:172.21.15.66:6800/3032531159,v1:172.21.15.66:6801/3032531159] conn(0x7f1e74039760 0x7f1e7403bc20 unknown :-1 s=BANNER_CONNECTING pgs=0 cs=0 l=1 rev1=0 crypto rx=0 tx=0 comp rx=0 tx=0)._handle_peer_banner_payload supported=3 required=0
2024-04-21T08:58:45.891 INFO:teuthology.orchestra.run.smithi066.stdout:/usr/bin/ceph: stderr
2024-04-21T08:58:45.007+0000 7f1e8b7fe700 1 --2- 172.21.15.66:0/2411485394 >> [v2:172.21.15.66:6800/3032531159,v1:172.21.15.66:6801/3032531159] conn(0x7f1e74039760 0x7f1e7403bc20 secure :-1 s=READY pgs=10 cs=0 l=1 rev1=1 crypto rx=0x7f1e80006fd0 tx=0x7f1e80006e40 comp rx=0 tx=0).ready entity=mgr.14152 client_cookie=0 server_cookie=0 in_seq=0 out_seq=0
2024-04-21T08:58:45.891 INFO:teuthology.orchestra.run.smithi066.stdout:/usr/bin/ceph: stderr
2024-04-21T08:58:45.011+0000 7f1e897fa700 1 -- 172.21.15.66:0/2411485394 <== mon.0 v2:172.21.15.66:3300/0 6 ==== mon_command_ack([{"prefix": "get_command_descriptions"}]=0 v0) ==== 72+0+188370 (secure 0 0 0) 0x7f1e7c01f030 con 0x7f1e8c108340
2024-04-21T08:58:45.891 INFO:teuthology.orchestra.run.smithi066.stdout:/usr/bin/ceph: stderr
2024-04-21T08:58:45.220+0000 7f1e92842700 1 -- 172.21.15.66:0/2411485394 --> [v2:172.21.15.66:3300/0,v1:172.21.15.66:6789/0] -- mon_command([{prefix=config set, name=osd_memory_target_autotune}] v 0) -- 0x7f1e8c19fcd0 con 0x7f1e8c108340
2024-04-21T08:58:45.891 INFO:teuthology.orchestra.run.smithi066.stdout:/usr/bin/ceph: stderr
2024-04-21T08:58:45.221+0000 7f1e897fa700 1 -- 172.21.15.66:0/2411485394 <== mon.0 v2:172.21.15.66:3300/0 7 ==== mon_command_ack([{prefix=config set, name=osd_memory_target_autotune}]=0 v8)=0 v8) ==== 127+0+0 (secure 0 0 0) 0x7f1e7c01baa0 con 0x7f1e8c108340
2024-04-21T08:58:45.891 INFO:teuthology.orchestra.run.smithi066.stdout:/usr/bin/ceph: stderr
2024-04-21T08:58:45.223+0000 7f1e92842700 1 -- 172.21.15.66:0/2411485394 >> [v2:172.21.15.66:6800/3032531159,v1:172.21.15.66:6801/3032531159] conn(0x7f1e74039760 msgr2=0x7f1e7403bc20 secure :-1 s=STATE_CONNECTION_ESTABLISHED l=1).mark_down
2024-04-21T08:58:45.891 INFO:teuthology.orchestra.run.smithi066.stdout:/usr/bin/ceph: stderr
2024-04-21T08:58:45.223+0000 7f1e92842700 1 --2- 172.21.15.66:0/2411485394 >> [v2:172.21.15.66:6800/3032531159,v1:172.21.15.66:6801/3032531159] conn(0x7f1e74039760 0x7f1e7403bc20 secure :-1 s=READY pgs=10 cs=0 l=1 rev1=1 crypto rx=0x7f1e80006fd0 tx=0x7f1e80006e40 comp rx=0 tx=0).stop
2024-04-21T08:58:45.891 INFO:teuthology.orchestra.run.smithi066.stdout:/usr/bin/ceph: stderr
2024-04-21T08:58:45.223+0000 7f1e92842700 1 -- 172.21.15.66:0/2411485394 >> [v2:172.21.15.66:3300/0,v1:172.21.15.66:6789/0] conn(0x7f1e8c108340 msgr2=0x7f1e8c19c1b0 secure :-1 s=STATE_CONNECTION_ESTABLISHED l=1).mark_down
2024-04-21T08:58:45.891 INFO:teuthology.orchestra.run.smithi066.stdout:/usr/bin/ceph: stderr
2024-04-21T08:58:45.223+0000 7f1e92842700 1 --2- 172.21.15.66:0/2411485394 >> [v2:172.21.15.66:3300/0,v1:172.21.15.66:6789/0] conn(0x7f1e8c108340 0x7f1e8c19c1b0 secure :-1 s=READY pgs=77 cs=0 l=1 rev1=1 crypto rx=0x7f1e7c009520 tx=0x7f1e7c011aa0 comp rx=0 tx=0).stop
2024-04-21T08:58:45.891 INFO:teuthology.orchestra.run.smithi066.stdout:/usr/bin/ceph: stderr
2024-04-21T08:58:45.223+0000 7f1e92842700 1 -- 172.21.15.66:0/2411485394 shutdown_connections
2024-04-21T08:58:45.891 INFO:teuthology.orchestra.run.smithi066.stdout:/usr/bin/ceph: stderr
2024-04-21T08:58:45.223+0000 7f1e92842700 1 --2- 172.21.15.66:0/2411485394 >> [v2:172.21.15.66:6800/3032531159,v1:172.21.15.66:6801/3032531159] conn(0x7f1e74039760 0x7f1e7403bc20 unknown :-1 s=CLOSED pgs=10 cs=0 l=1 rev1=1 crypto rx=0 tx=0 comp rx=0 tx=0).stop
2024-04-21T08:58:45.891 INFO:teuthology.orchestra.run.smithi066.stdout:/usr/bin/ceph: stderr
2024-04-21T08:58:45.223+0000 7f1e92842700 1 --2- 172.21.15.66:0/2411485394 >> [v2:172.21.15.66:3300/0,v1:172.21.15.66:6789/0] conn(0x7f1e8c108340 0x7f1e8c19c1b0 unknown :-1 s=CLOSED pgs=77 cs=0 l=1 rev1=1 crypto rx=0 tx=0 comp rx=0 tx=0).stop
2024-04-21T08:58:45.892 INFO:teuthology.orchestra.run.smithi066.stdout:/usr/bin/ceph: stderr
2024-04-21T08:58:45.223+0000 7f1e92842700 1 -- 172.21.15.66:0/2411485394 >> 172.21.15.66:0/2411485394 conn(0x7f1e8c1038c0 msgr2=0x7f1e8c104380 unknown :-1 s=STATE_NONE l=0).mark_down
2024-04-21T08:58:45.892 INFO:teuthology.orchestra.run.smithi066.stdout:/usr/bin/ceph: stderr
2024-04-21T08:58:45.223+0000 7f1e92842700 1 -- 172.21.15.66:0/2411485394 shutdown_connections
2024-04-21T08:58:45.892 INFO:teuthology.orchestra.run.smithi066.stdout:/usr/bin/ceph: stderr
2024-04-21T08:58:45.223+0000 7f1e92842700 1 -- 172.21.15.66:0/2411485394 wait complete.
2024-04-21T08:58:47.328 INFO:teuthology.orchestra.run.smithi066.stdout:/usr/bin/ceph: stderr
2024-04-21T08:58:46.377+0000 7f8be54f4700 1 Processor -- start
2024-04-21T08:58:47.328 INFO:teuthology.orchestra.run.smithi066.stdout:/usr/bin/ceph: stderr
2024-04-21T08:58:46.377+0000 7f8be54f4700 1 -- start start
2024-04-21T08:58:47.328 INFO:teuthology.orchestra.run.smithi066.stdout:/usr/bin/ceph: stderr
2024-04-21T08:58:46.377+0000 7f8be54f4700 1 --2- >> [v2:172.21.15.66:3300/0,v1:172.21.15.66:6789/0] conn(0x7f8be0106630 0x7f8be0106a50 unknown :-1 s=NONE pgs=0 cs=0 l=0 rev1=0 crypto rx=0 tx=0 comp rx=0 tx=0).connect
2024-04-21T08:58:47.328 INFO:teuthology.orchestra.run.smithi066.stdout:/usr/bin/ceph: stderr
2024-04-21T08:58:46.377+0000 7f8be54f4700 1 -- --> [v2:172.21.15.66:3300/0,v1:172.21.15.66:6789/0] -- mon_getmap magic: 0 -- 0x7f8be0107020 con 0x7f8be0106630
2024-04-21T08:58:47.328 INFO:teuthology.orchestra.run.smithi066.stdout:/usr/bin/ceph: stderr
2024-04-21T08:58:46.378+0000 7f8bdeffd700 1 --2- >> [v2:172.21.15.66:3300/0,v1:172.21.15.66:6789/0] conn(0x7f8be0106630 0x7f8be0106a50 unknown :-1 s=BANNER_CONNECTING pgs=0 cs=0 l=0 rev1=0 crypto rx=0 tx=0 comp rx=0 tx=0)._handle_peer_banner_payload supported=3 required=0
2024-04-21T08:58:47.328 INFO:teuthology.orchestra.run.smithi066.stdout:/usr/bin/ceph: stderr
2024-04-21T08:58:46.378+0000 7f8bdeffd700 1 --2- >> [v2:172.21.15.66:3300/0,v1:172.21.15.66:6789/0] conn(0x7f8be0106630 0x7f8be0106a50 unknown :-1 s=HELLO_CONNECTING pgs=0 cs=0 l=0 rev1=1 crypto rx=0 tx=0 comp rx=0 tx=0).handle_hello peer v2:172.21.15.66:3300/0 says I am v2:172.21.15.66:51740/0 (socket says 172.21.15.66:51740)
2024-04-21T08:58:47.328 INFO:teuthology.orchestra.run.smithi066.stdout:/usr/bin/ceph: stderr
2024-04-21T08:58:46.378+0000 7f8bdeffd700 1 -- 172.21.15.66:0/2243867033 learned_addr learned my addr 172.21.15.66:0/2243867033 (peer_addr_for_me v2:172.21.15.66:0/0)
2024-04-21T08:58:47.328 INFO:teuthology.orchestra.run.smithi066.stdout:/usr/bin/ceph: stderr
2024-04-21T08:58:46.378+0000 7f8bdeffd700 1 -- 172.21.15.66:0/2243867033 --> [v2:172.21.15.66:3300/0,v1:172.21.15.66:6789/0] -- mon_subscribe({config=0+,monmap=0+}) -- 0x7f8be01095c0 con 0x7f8be0106630
2024-04-21T08:58:47.328 INFO:teuthology.orchestra.run.smithi066.stdout:/usr/bin/ceph: stderr
2024-04-21T08:58:46.378+0000 7f8bdeffd700 1 --2- 172.21.15.66:0/2243867033 >> [v2:172.21.15.66:3300/0,v1:172.21.15.66:6789/0] conn(0x7f8be0106630 0x7f8be0106a50 secure :-1 s=READY pgs=78 cs=0 l=1 rev1=1 crypto rx=0x7f8bd8009e80 tx=0x7f8bd800b330 comp rx=0 tx=0).ready entity=mon.0 client_cookie=a295dd85afb00d0d server_cookie=0 in_seq=0 out_seq=0
2024-04-21T08:58:47.328 INFO:teuthology.orchestra.run.smithi066.stdout:/usr/bin/ceph: stderr
2024-04-21T08:58:46.378+0000 7f8bddffb700 1 -- 172.21.15.66:0/2243867033 <== mon.0 v2:172.21.15.66:3300/0 1 ==== mon_map magic: 0 ==== 205+0+0 (secure 0 0 0) 0x7f8bd8017070 con 0x7f8be0106630
2024-04-21T08:58:47.328 INFO:teuthology.orchestra.run.smithi066.stdout:/usr/bin/ceph: stderr
2024-04-21T08:58:46.378+0000 7f8bddffb700 1 -- 172.21.15.66:0/2243867033 <== mon.0 v2:172.21.15.66:3300/0 2 ==== config(26 keys) ==== 1101+0+0 (secure 0 0 0) 0x7f8bd800b8c0 con 0x7f8be0106630
2024-04-21T08:58:47.329 INFO:teuthology.orchestra.run.smithi066.stdout:/usr/bin/ceph: stderr
2024-04-21T08:58:46.378+0000 7f8bddffb700 1 -- 172.21.15.66:0/2243867033 <== mon.0 v2:172.21.15.66:3300/0 3 ==== mon_map magic: 0 ==== 205+0+0 (secure 0 0 0) 0x7f8bd8004490 con 0x7f8be0106630
2024-04-21T08:58:47.329 INFO:teuthology.orchestra.run.smithi066.stdout:/usr/bin/ceph: stderr
2024-04-21T08:58:46.379+0000 7f8be54f4700 1 -- 172.21.15.66:0/2243867033 >> [v2:172.21.15.66:3300/0,v1:172.21.15.66:6789/0] conn(0x7f8be0106630 msgr2=0x7f8be0106a50 secure :-1 s=STATE_CONNECTION_ESTABLISHED l=1).mark_down
2024-04-21T08:58:47.329 INFO:teuthology.orchestra.run.smithi066.stdout:/usr/bin/ceph: stderr
2024-04-21T08:58:46.379+0000 7f8be54f4700 1 --2- 172.21.15.66:0/2243867033 >> [v2:172.21.15.66:3300/0,v1:172.21.15.66:6789/0] conn(0x7f8be0106630 0x7f8be0106a50 secure :-1 s=READY pgs=78 cs=0 l=1 rev1=1 crypto rx=0x7f8bd8009e80 tx=0x7f8bd800b330 comp rx=0 tx=0).stop
2024-04-21T08:58:47.329 INFO:teuthology.orchestra.run.smithi066.stdout:/usr/bin/ceph: stderr
2024-04-21T08:58:46.379+0000 7f8be54f4700 1 -- 172.21.15.66:0/2243867033 shutdown_connections
2024-04-21T08:58:47.329 INFO:teuthology.orchestra.run.smithi066.stdout:/usr/bin/ceph: stderr
2024-04-21T08:58:46.379+0000 7f8be54f4700 1 --2- 172.21.15.66:0/2243867033 >> [v2:172.21.15.66:3300/0,v1:172.21.15.66:6789/0] conn(0x7f8be0106630 0x7f8be0106a50 unknown :-1 s=CLOSED pgs=78 cs=0 l=1 rev1=1 crypto rx=0 tx=0 comp rx=0 tx=0).stop
2024-04-21T08:58:47.329 INFO:teuthology.orchestra.run.smithi066.stdout:/usr/bin/ceph: stderr
2024-04-21T08:58:46.379+0000 7f8be54f4700 1 -- 172.21.15.66:0/2243867033 >> 172.21.15.66:0/2243867033 conn(0x7f8be0101fa0 msgr2=0x7f8be01043c0 unknown :-1 s=STATE_NONE l=0).mark_down
2024-04-21T08:58:47.329 INFO:teuthology.orchestra.run.smithi066.stdout:/usr/bin/ceph: stderr
2024-04-21T08:58:46.379+0000 7f8be54f4700 1 -- 172.21.15.66:0/2243867033 shutdown_connections
2024-04-21T08:58:47.329 INFO:teuthology.orchestra.run.smithi066.stdout:/usr/bin/ceph: stderr
2024-04-21T08:58:46.379+0000 7f8be54f4700 1 -- 172.21.15.66:0/2243867033 wait complete.
2024-04-21T08:58:47.329 INFO:teuthology.orchestra.run.smithi066.stdout:/usr/bin/ceph: stderr
2024-04-21T08:58:46.380+0000 7f8be54f4700 1 Processor -- start
2024-04-21T08:58:47.329 INFO:teuthology.orchestra.run.smithi066.stdout:/usr/bin/ceph: stderr
2024-04-21T08:58:46.380+0000 7f8be54f4700 1 -- start start
2024-04-21T08:58:47.329 INFO:teuthology.orchestra.run.smithi066.stdout:/usr/bin/ceph: stderr
2024-04-21T08:58:46.380+0000 7f8be54f4700 1 --2- >> [v2:172.21.15.66:3300/0,v1:172.21.15.66:6789/0] conn(0x7f8be0106630 0x7f8be019c200 unknown :-1 s=NONE pgs=0 cs=0 l=1 rev1=0 crypto rx=0 tx=0 comp rx=0 tx=0).connect
2024-04-21T08:58:47.329 INFO:teuthology.orchestra.run.smithi066.stdout:/usr/bin/ceph: stderr
2024-04-21T08:58:46.380+0000 7f8be54f4700 1 -- --> [v2:172.21.15.66:3300/0,v1:172.21.15.66:6789/0] -- mon_getmap magic: 0 -- 0x7f8be010c970 con 0x7f8be0106630
2024-04-21T08:58:47.329 INFO:teuthology.orchestra.run.smithi066.stdout:/usr/bin/ceph: stderr
2024-04-21T08:58:46.380+0000 7f8bdeffd700 1 --2- >> [v2:172.21.15.66:3300/0,v1:172.21.15.66:6789/0] conn(0x7f8be0106630 0x7f8be019c200 unknown :-1 s=BANNER_CONNECTING pgs=0 cs=0 l=1 rev1=0 crypto rx=0 tx=0 comp rx=0 tx=0)._handle_peer_banner_payload supported=3 required=0
2024-04-21T08:58:47.330 INFO:teuthology.orchestra.run.smithi066.stdout:/usr/bin/ceph: stderr
2024-04-21T08:58:46.380+0000 7f8bdeffd700 1 --2- >> [v2:172.21.15.66:3300/0,v1:172.21.15.66:6789/0] conn(0x7f8be0106630 0x7f8be019c200 unknown :-1 s=HELLO_CONNECTING pgs=0 cs=0 l=1 rev1=1 crypto rx=0 tx=0 comp rx=0 tx=0).handle_hello peer v2:172.21.15.66:3300/0 says I am v2:172.21.15.66:51744/0 (socket says 172.21.15.66:51744)
2024-04-21T08:58:47.330 INFO:teuthology.orchestra.run.smithi066.stdout:/usr/bin/ceph: stderr
2024-04-21T08:58:46.380+0000 7f8bdeffd700 1 -- 172.21.15.66:0/4030236329 learned_addr learned my addr 172.21.15.66:0/4030236329 (peer_addr_for_me v2:172.21.15.66:0/0)
2024-04-21T08:58:47.330 INFO:teuthology.orchestra.run.smithi066.stdout:/usr/bin/ceph: stderr
2024-04-21T08:58:46.380+0000 7f8bdeffd700 1 -- 172.21.15.66:0/4030236329 --> [v2:172.21.15.66:3300/0,v1:172.21.15.66:6789/0] -- mon_subscribe({config=0+,monmap=0+}) -- 0x7f8be019c740 con 0x7f8be0106630
2024-04-21T08:58:47.330 INFO:teuthology.orchestra.run.smithi066.stdout:/usr/bin/ceph: stderr
2024-04-21T08:58:46.381+0000 7f8bdeffd700 1 --2- 172.21.15.66:0/4030236329 >> [v2:172.21.15.66:3300/0,v1:172.21.15.66:6789/0] conn(0x7f8be0106630 0x7f8be019c200 secure :-1 s=READY pgs=79 cs=0 l=1 rev1=1 crypto rx=0x7f8bd800b7b0 tx=0x7f8bd800bd30 comp rx=0 tx=0).ready entity=mon.0 client_cookie=0 server_cookie=0 in_seq=0 out_seq=0
2024-04-21T08:58:47.330 INFO:teuthology.orchestra.run.smithi066.stdout:/usr/bin/ceph: stderr
2024-04-21T08:58:46.381+0000 7f8bd7fff700 1 -- 172.21.15.66:0/4030236329 <== mon.0 v2:172.21.15.66:3300/0 1 ==== mon_map magic: 0 ==== 205+0+0 (secure 0 0 0) 0x7f8bd8020020 con 0x7f8be0106630
2024-04-21T08:58:47.330 INFO:teuthology.orchestra.run.smithi066.stdout:/usr/bin/ceph: stderr
2024-04-21T08:58:46.381+0000 7f8bd7fff700 1 -- 172.21.15.66:0/4030236329 <== mon.0 v2:172.21.15.66:3300/0 2 ==== config(26 keys) ==== 1101+0+0 (secure 0 0 0) 0x7f8bd8003b50 con 0x7f8be0106630
2024-04-21T08:58:47.330 INFO:teuthology.orchestra.run.smithi066.stdout:/usr/bin/ceph: stderr
2024-04-21T08:58:46.381+0000 7f8be54f4700 1 -- 172.21.15.66:0/4030236329 --> [v2:172.21.15.66:3300/0,v1:172.21.15.66:6789/0] -- mon_subscribe({mgrmap=0+}) -- 0x7f8be019c9d0 con 0x7f8be0106630
2024-04-21T08:58:47.330 INFO:teuthology.orchestra.run.smithi066.stdout:/usr/bin/ceph: stderr
2024-04-21T08:58:46.381+0000 7f8bd7fff700 1 -- 172.21.15.66:0/4030236329 <== mon.0 v2:172.21.15.66:3300/0 3 ==== mon_map magic: 0 ==== 205+0+0 (secure 0 0 0) 0x7f8bd8017040 con 0x7f8be0106630
2024-04-21T08:58:47.330 INFO:teuthology.orchestra.run.smithi066.stdout:/usr/bin/ceph: stderr
2024-04-21T08:58:46.381+0000 7f8be54f4700 1 -- 172.21.15.66:0/4030236329 --> [v2:172.21.15.66:3300/0,v1:172.21.15.66:6789/0] -- mon_subscribe({osdmap=0}) -- 0x7f8be019f6c0 con 0x7f8be0106630
2024-04-21T08:58:47.330 INFO:teuthology.orchestra.run.smithi066.stdout:/usr/bin/ceph: stderr
2024-04-21T08:58:46.382+0000 7f8bd7fff700 1 -- 172.21.15.66:0/4030236329 <== mon.0 v2:172.21.15.66:3300/0 4 ==== mgrmap(e 13) ==== 46614+0+0 (secure 0 0 0) 0x7f8bd8023020 con 0x7f8be0106630
2024-04-21T08:58:47.330 INFO:teuthology.orchestra.run.smithi066.stdout:/usr/bin/ceph: stderr
2024-04-21T08:58:46.382+0000 7f8be54f4700 1 -- 172.21.15.66:0/4030236329 --> [v2:172.21.15.66:3300/0,v1:172.21.15.66:6789/0] -- mon_command({"prefix": "get_command_descriptions"} v 0) -- 0x7f8be00640a0 con 0x7f8be0106630
2024-04-21T08:58:47.330 INFO:teuthology.orchestra.run.smithi066.stdout:/usr/bin/ceph: stderr
2024-04-21T08:58:46.382+0000 7f8bd7fff700 1 --2- 172.21.15.66:0/4030236329 >> [v2:172.21.15.66:6800/3032531159,v1:172.21.15.66:6801/3032531159] conn(0x7f8bcc0397b0 0x7f8bcc03bc70 unknown :-1 s=NONE pgs=0 cs=0 l=1 rev1=0 crypto rx=0 tx=0 comp rx=0 tx=0).connect
2024-04-21T08:58:47.330 INFO:teuthology.orchestra.run.smithi066.stdout:/usr/bin/ceph: stderr
2024-04-21T08:58:46.382+0000 7f8bd7fff700 1 -- 172.21.15.66:0/4030236329 <== mon.0 v2:172.21.15.66:3300/0 5 ==== osd_map(3..3 src has 1..3) ==== 1155+0+0 (secure 0 0 0) 0x7f8bd800f050 con 0x7f8be0106630
2024-04-21T08:58:47.330 INFO:teuthology.orchestra.run.smithi066.stdout:/usr/bin/ceph: stderr
2024-04-21T08:58:46.382+0000 7f8bde7fc700 1 --2- 172.21.15.66:0/4030236329 >> [v2:172.21.15.66:6800/3032531159,v1:172.21.15.66:6801/3032531159] conn(0x7f8bcc0397b0 0x7f8bcc03bc70 unknown :-1 s=BANNER_CONNECTING pgs=0 cs=0 l=1 rev1=0 crypto rx=0 tx=0 comp rx=0 tx=0)._handle_peer_banner_payload supported=3 required=0
2024-04-21T08:58:47.331 INFO:teuthology.orchestra.run.smithi066.stdout:/usr/bin/ceph: stderr
