2024-04-21T08:58:24.747+0000 7f0b7b7fe700 1 -- 172.21.15.66:0/1959729591 <== mon.0 v2:172.21.15.66:3300/0 1 ==== mon_map magic: 0 ==== 205+0+0 (secure 0 0 0) 0x7f0b80003b20 con 0x7f0b84106c40
2024-04-21T08:58:25.570 INFO:teuthology.orchestra.run.smithi066.stdout:/usr/bin/ceph: stderr
2024-04-21T08:58:24.747+0000 7f0b7b7fe700 1 -- 172.21.15.66:0/1959729591 <== mon.0 v2:172.21.15.66:3300/0 2 ==== config(26 keys) ==== 1070+0+0 (secure 0 0 0) 0x7f0b8001a8c0 con 0x7f0b84106c40
2024-04-21T08:58:25.570 INFO:teuthology.orchestra.run.smithi066.stdout:/usr/bin/ceph: stderr
2024-04-21T08:58:24.747+0000 7f0b8c450700 1 -- 172.21.15.66:0/1959729591 --> [v2:172.21.15.66:3300/0,v1:172.21.15.66:6789/0] -- mon_subscribe({mgrmap=0+}) -- 0x7f0b8419ebb0 con 0x7f0b84106c40
2024-04-21T08:58:25.570 INFO:teuthology.orchestra.run.smithi066.stdout:/usr/bin/ceph: stderr
2024-04-21T08:58:24.747+0000 7f0b7b7fe700 1 -- 172.21.15.66:0/1959729591 <== mon.0 v2:172.21.15.66:3300/0 3 ==== mon_map magic: 0 ==== 205+0+0 (secure 0 0 0) 0x7f0b800248d0 con 0x7f0b84106c40
2024-04-21T08:58:25.570 INFO:teuthology.orchestra.run.smithi066.stdout:/usr/bin/ceph: stderr
2024-04-21T08:58:24.747+0000 7f0b8c450700 1 -- 172.21.15.66:0/1959729591 --> [v2:172.21.15.66:3300/0,v1:172.21.15.66:6789/0] -- mon_subscribe({osdmap=0}) -- 0x7f0b841a18a0 con 0x7f0b84106c40
2024-04-21T08:58:25.570 INFO:teuthology.orchestra.run.smithi066.stdout:/usr/bin/ceph: stderr
2024-04-21T08:58:24.748+0000 7f0b7b7fe700 1 -- 172.21.15.66:0/1959729591 <== mon.0 v2:172.21.15.66:3300/0 4 ==== mgrmap(e 8) ==== 46558+0+0 (secure 0 0 0) 0x7f0b80022020 con 0x7f0b84106c40
2024-04-21T08:58:25.570 INFO:teuthology.orchestra.run.smithi066.stdout:/usr/bin/ceph: stderr
2024-04-21T08:58:24.748+0000 7f0b8c450700 1 -- 172.21.15.66:0/1959729591 --> [v2:172.21.15.66:3300/0,v1:172.21.15.66:6789/0] -- mon_command({"prefix": "get_command_descriptions"} v 0) -- 0x7f0b840640a0 con 0x7f0b84106c40
2024-04-21T08:58:25.571 INFO:teuthology.orchestra.run.smithi066.stdout:/usr/bin/ceph: stderr
2024-04-21T08:58:24.748+0000 7f0b7b7fe700 1 --2- 172.21.15.66:0/1959729591 >> [v2:172.21.15.66:6800/763565357,v1:172.21.15.66:6801/763565357] conn(0x7f0b700396c0 0x7f0b7003bb80 unknown :-1 s=NONE pgs=0 cs=0 l=1 rev1=0 crypto rx=0 tx=0 comp rx=0 tx=0).connect
2024-04-21T08:58:25.571 INFO:teuthology.orchestra.run.smithi066.stdout:/usr/bin/ceph: stderr
2024-04-21T08:58:24.748+0000 7f0b7b7fe700 1 -- 172.21.15.66:0/1959729591 <== mon.0 v2:172.21.15.66:3300/0 5 ==== osd_map(2..2 src has 1..2) ==== 940+0+0 (secure 0 0 0) 0x7f0b8004d9c0 con 0x7f0b84106c40
2024-04-21T08:58:25.571 INFO:teuthology.orchestra.run.smithi066.stdout:/usr/bin/ceph: stderr
2024-04-21T08:58:24.749+0000 7f0b899eb700 1 --2- 172.21.15.66:0/1959729591 >> [v2:172.21.15.66:6800/763565357,v1:172.21.15.66:6801/763565357] conn(0x7f0b700396c0 0x7f0b7003bb80 unknown :-1 s=BANNER_CONNECTING pgs=0 cs=0 l=1 rev1=0 crypto rx=0 tx=0 comp rx=0 tx=0)._handle_peer_banner_payload supported=3 required=0
2024-04-21T08:58:25.571 INFO:teuthology.orchestra.run.smithi066.stdout:/usr/bin/ceph: stderr
2024-04-21T08:58:24.749+0000 7f0b899eb700 1 --2- 172.21.15.66:0/1959729591 >> [v2:172.21.15.66:6800/763565357,v1:172.21.15.66:6801/763565357] conn(0x7f0b700396c0 0x7f0b7003bb80 secure :-1 s=READY pgs=12 cs=0 l=1 rev1=1 crypto rx=0x7f0b74006fd0 tx=0x7f0b74006e40 comp rx=0 tx=0).ready entity=mgr.14120 client_cookie=0 server_cookie=0 in_seq=0 out_seq=0
2024-04-21T08:58:25.571 INFO:teuthology.orchestra.run.smithi066.stdout:/usr/bin/ceph: stderr
2024-04-21T08:58:24.754+0000 7f0b7b7fe700 1 -- 172.21.15.66:0/1959729591 <== mon.0 v2:172.21.15.66:3300/0 6 ==== mon_command_ack([{"prefix": "get_command_descriptions"}]=0 v0) ==== 72+0+188370 (secure 0 0 0) 0x7f0b8001ade0 con 0x7f0b84106c40
2024-04-21T08:58:25.571 INFO:teuthology.orchestra.run.smithi066.stdout:/usr/bin/ceph: stderr
2024-04-21T08:58:24.993+0000 7f0b8c450700 1 -- 172.21.15.66:0/1959729591 --> [v2:172.21.15.66:6800/763565357,v1:172.21.15.66:6801/763565357] -- mgr_command(tid 0: {"prefix": "orch apply", "service_type": "mon", "unmanaged": true, "target": ["mon-mgr", ""]}) -- 0x7f0b84076600 con 0x7f0b700396c0
2024-04-21T08:58:25.571 INFO:teuthology.orchestra.run.smithi066.stdout:/usr/bin/ceph: stderr
2024-04-21T08:58:24.998+0000 7f0b7b7fe700 1 -- 172.21.15.66:0/1959729591 <== mgr.14120 v2:172.21.15.66:6800/763565357 1 ==== mgr_command_reply(tid 0: 0 ) ==== 8+0+24 (secure 0 0 0) 0x7f0b84076600 con 0x7f0b700396c0
2024-04-21T08:58:25.571 INFO:teuthology.orchestra.run.smithi066.stdout:/usr/bin/ceph: stderr
2024-04-21T08:58:25.000+0000 7f0b8c450700 1 -- 172.21.15.66:0/1959729591 >> [v2:172.21.15.66:6800/763565357,v1:172.21.15.66:6801/763565357] conn(0x7f0b700396c0 msgr2=0x7f0b7003bb80 secure :-1 s=STATE_CONNECTION_ESTABLISHED l=1).mark_down
2024-04-21T08:58:25.571 INFO:teuthology.orchestra.run.smithi066.stdout:/usr/bin/ceph: stderr
2024-04-21T08:58:25.000+0000 7f0b8c450700 1 --2- 172.21.15.66:0/1959729591 >> [v2:172.21.15.66:6800/763565357,v1:172.21.15.66:6801/763565357] conn(0x7f0b700396c0 0x7f0b7003bb80 secure :-1 s=READY pgs=12 cs=0 l=1 rev1=1 crypto rx=0x7f0b74006fd0 tx=0x7f0b74006e40 comp rx=0 tx=0).stop
2024-04-21T08:58:25.571 INFO:teuthology.orchestra.run.smithi066.stdout:/usr/bin/ceph: stderr
2024-04-21T08:58:25.000+0000 7f0b8c450700 1 -- 172.21.15.66:0/1959729591 >> [v2:172.21.15.66:3300/0,v1:172.21.15.66:6789/0] conn(0x7f0b84106c40 msgr2=0x7f0b8419e3e0 secure :-1 s=STATE_CONNECTION_ESTABLISHED l=1).mark_down
2024-04-21T08:58:25.571 INFO:teuthology.orchestra.run.smithi066.stdout:/usr/bin/ceph: stderr
2024-04-21T08:58:25.000+0000 7f0b8c450700 1 --2- 172.21.15.66:0/1959729591 >> [v2:172.21.15.66:3300/0,v1:172.21.15.66:6789/0] conn(0x7f0b84106c40 0x7f0b8419e3e0 secure :-1 s=READY pgs=48 cs=0 l=1 rev1=1 crypto rx=0x7f0b80011ac0 tx=0x7f0b80011ba0 comp rx=0 tx=0).stop
2024-04-21T08:58:25.571 INFO:teuthology.orchestra.run.smithi066.stdout:/usr/bin/ceph: stderr
2024-04-21T08:58:25.000+0000 7f0b8c450700 1 -- 172.21.15.66:0/1959729591 shutdown_connections
2024-04-21T08:58:25.571 INFO:teuthology.orchestra.run.smithi066.stdout:/usr/bin/ceph: stderr
2024-04-21T08:58:25.000+0000 7f0b8c450700 1 --2- 172.21.15.66:0/1959729591 >> [v2:172.21.15.66:6800/763565357,v1:172.21.15.66:6801/763565357] conn(0x7f0b700396c0 0x7f0b7003bb80 unknown :-1 s=CLOSED pgs=12 cs=0 l=1 rev1=1 crypto rx=0 tx=0 comp rx=0 tx=0).stop
2024-04-21T08:58:25.572 INFO:teuthology.orchestra.run.smithi066.stdout:/usr/bin/ceph: stderr
2024-04-21T08:58:25.000+0000 7f0b8c450700 1 --2- 172.21.15.66:0/1959729591 >> [v2:172.21.15.66:3300/0,v1:172.21.15.66:6789/0] conn(0x7f0b84106c40 0x7f0b8419e3e0 unknown :-1 s=CLOSED pgs=48 cs=0 l=1 rev1=1 crypto rx=0 tx=0 comp rx=0 tx=0).stop
2024-04-21T08:58:25.572 INFO:teuthology.orchestra.run.smithi066.stdout:/usr/bin/ceph: stderr
2024-04-21T08:58:25.000+0000 7f0b8c450700 1 -- 172.21.15.66:0/1959729591 >> 172.21.15.66:0/1959729591 conn(0x7f0b84102860 msgr2=0x7f0b84194ff0 unknown :-1 s=STATE_NONE l=0).mark_down
2024-04-21T08:58:25.572 INFO:teuthology.orchestra.run.smithi066.stdout:/usr/bin/ceph: stderr
2024-04-21T08:58:25.000+0000 7f0b8c450700 1 -- 172.21.15.66:0/1959729591 shutdown_connections
2024-04-21T08:58:25.572 INFO:teuthology.orchestra.run.smithi066.stdout:/usr/bin/ceph: stderr
2024-04-21T08:58:25.000+0000 7f0b8c450700 1 -- 172.21.15.66:0/1959729591 wait complete.
2024-04-21T08:58:25.572 INFO:teuthology.orchestra.run.smithi066.stdout:Deploying unmanaged mgr service...
2024-04-21T08:58:26.096 INFO:journalctl@ceph.mon.a.smithi066.stdout:Apr 21 08:58:25 smithi066 ceph-mon[27953]: from='client.14142 -' entity='client.admin' cmd=[{"prefix": "orch apply", "service_type": "mon", "unmanaged": true, "target": ["mon-mgr", ""]}]: dispatch
2024-04-21T08:58:26.097 INFO:journalctl@ceph.mon.a.smithi066.stdout:Apr 21 08:58:25 smithi066 ceph-mon[27953]: Saving service mon spec with placement count:5
2024-04-21T08:58:26.097 INFO:journalctl@ceph.mon.a.smithi066.stdout:Apr 21 08:58:25 smithi066 ceph-mon[27953]: from='mgr.14120 172.21.15.66:0/3359354210' entity='mgr.x'
2024-04-21T08:58:26.884 INFO:teuthology.orchestra.run.smithi066.stdout:/usr/bin/ceph: stdout Scheduled mgr update...
2024-04-21T08:58:26.884 INFO:teuthology.orchestra.run.smithi066.stdout:/usr/bin/ceph: stderr
2024-04-21T08:58:25.951+0000 7f972bc66700 1 Processor -- start
2024-04-21T08:58:26.884 INFO:teuthology.orchestra.run.smithi066.stdout:/usr/bin/ceph: stderr
2024-04-21T08:58:25.951+0000 7f972bc66700 1 -- start start
2024-04-21T08:58:26.884 INFO:teuthology.orchestra.run.smithi066.stdout:/usr/bin/ceph: stderr
2024-04-21T08:58:25.951+0000 7f972bc66700 1 --2- >> [v2:172.21.15.66:3300/0,v1:172.21.15.66:6789/0] conn(0x7f9724108e00 0x7f972410b1f0 unknown :-1 s=NONE pgs=0 cs=0 l=0 rev1=0 crypto rx=0 tx=0 comp rx=0 tx=0).connect
2024-04-21T08:58:26.884 INFO:teuthology.orchestra.run.smithi066.stdout:/usr/bin/ceph: stderr
2024-04-21T08:58:25.951+0000 7f972bc66700 1 -- --> [v2:172.21.15.66:3300/0,v1:172.21.15.66:6789/0] -- mon_getmap magic: 0 -- 0x7f972407be40 con 0x7f9724108e00
2024-04-21T08:58:26.884 INFO:teuthology.orchestra.run.smithi066.stdout:/usr/bin/ceph: stderr
2024-04-21T08:58:25.952+0000 7f9729a02700 1 --2- >> [v2:172.21.15.66:3300/0,v1:172.21.15.66:6789/0] conn(0x7f9724108e00 0x7f972410b1f0 unknown :-1 s=BANNER_CONNECTING pgs=0 cs=0 l=0 rev1=0 crypto rx=0 tx=0 comp rx=0 tx=0)._handle_peer_banner_payload supported=3 required=0
2024-04-21T08:58:26.884 INFO:teuthology.orchestra.run.smithi066.stdout:/usr/bin/ceph: stderr
2024-04-21T08:58:25.952+0000 7f9729a02700 1 --2- >> [v2:172.21.15.66:3300/0,v1:172.21.15.66:6789/0] conn(0x7f9724108e00 0x7f972410b1f0 unknown :-1 s=HELLO_CONNECTING pgs=0 cs=0 l=0 rev1=1 crypto rx=0 tx=0 comp rx=0 tx=0).handle_hello peer v2:172.21.15.66:3300/0 says I am v2:172.21.15.66:44242/0 (socket says 172.21.15.66:44242)
2024-04-21T08:58:26.884 INFO:teuthology.orchestra.run.smithi066.stdout:/usr/bin/ceph: stderr
2024-04-21T08:58:25.952+0000 7f9729a02700 1 -- 172.21.15.66:0/1596405027 learned_addr learned my addr 172.21.15.66:0/1596405027 (peer_addr_for_me v2:172.21.15.66:0/0)
2024-04-21T08:58:26.884 INFO:teuthology.orchestra.run.smithi066.stdout:/usr/bin/ceph: stderr
2024-04-21T08:58:25.952+0000 7f9729a02700 1 -- 172.21.15.66:0/1596405027 --> [v2:172.21.15.66:3300/0,v1:172.21.15.66:6789/0] -- mon_subscribe({config=0+,monmap=0+}) -- 0x7f972410b730 con 0x7f9724108e00
2024-04-21T08:58:26.884 INFO:teuthology.orchestra.run.smithi066.stdout:/usr/bin/ceph: stderr
2024-04-21T08:58:25.952+0000 7f9729a02700 1 --2- 172.21.15.66:0/1596405027 >> [v2:172.21.15.66:3300/0,v1:172.21.15.66:6789/0] conn(0x7f9724108e00 0x7f972410b1f0 secure :-1 s=READY pgs=49 cs=0 l=1 rev1=1 crypto rx=0x7f97200098a0 tx=0x7f9720009bb0 comp rx=0 tx=0).ready entity=mon.0 client_cookie=8ea6ad3d86d6ea25 server_cookie=0 in_seq=0 out_seq=0
2024-04-21T08:58:26.885 INFO:teuthology.orchestra.run.smithi066.stdout:/usr/bin/ceph: stderr
2024-04-21T08:58:25.952+0000 7f9728a00700 1 -- 172.21.15.66:0/1596405027 <== mon.0 v2:172.21.15.66:3300/0 1 ==== mon_map magic: 0 ==== 205+0+0 (secure 0 0 0) 0x7f9720004160 con 0x7f9724108e00
2024-04-21T08:58:26.885 INFO:teuthology.orchestra.run.smithi066.stdout:/usr/bin/ceph: stderr
2024-04-21T08:58:25.952+0000 7f9728a00700 1 -- 172.21.15.66:0/1596405027 <== mon.0 v2:172.21.15.66:3300/0 2 ==== config(26 keys) ==== 1070+0+0 (secure 0 0 0) 0x7f9720004300 con 0x7f9724108e00
2024-04-21T08:58:26.885 INFO:teuthology.orchestra.run.smithi066.stdout:/usr/bin/ceph: stderr
2024-04-21T08:58:25.952+0000 7f9728a00700 1 -- 172.21.15.66:0/1596405027 <== mon.0 v2:172.21.15.66:3300/0 3 ==== mon_map magic: 0 ==== 205+0+0 (secure 0 0 0) 0x7f9720011af0 con 0x7f9724108e00
2024-04-21T08:58:26.885 INFO:teuthology.orchestra.run.smithi066.stdout:/usr/bin/ceph: stderr
2024-04-21T08:58:25.953+0000 7f972bc66700 1 -- 172.21.15.66:0/1596405027 >> [v2:172.21.15.66:3300/0,v1:172.21.15.66:6789/0] conn(0x7f9724108e00 msgr2=0x7f972410b1f0 secure :-1 s=STATE_CONNECTION_ESTABLISHED l=1).mark_down
2024-04-21T08:58:26.885 INFO:teuthology.orchestra.run.smithi066.stdout:/usr/bin/ceph: stderr
2024-04-21T08:58:25.953+0000 7f972bc66700 1 --2- 172.21.15.66:0/1596405027 >> [v2:172.21.15.66:3300/0,v1:172.21.15.66:6789/0] conn(0x7f9724108e00 0x7f972410b1f0 secure :-1 s=READY pgs=49 cs=0 l=1 rev1=1 crypto rx=0x7f97200098a0 tx=0x7f9720009bb0 comp rx=0 tx=0).stop
2024-04-21T08:58:26.885 INFO:teuthology.orchestra.run.smithi066.stdout:/usr/bin/ceph: stderr
2024-04-21T08:58:25.953+0000 7f972bc66700 1 -- 172.21.15.66:0/1596405027 shutdown_connections
2024-04-21T08:58:26.885 INFO:teuthology.orchestra.run.smithi066.stdout:/usr/bin/ceph: stderr
2024-04-21T08:58:25.953+0000 7f972bc66700 1 --2- 172.21.15.66:0/1596405027 >> [v2:172.21.15.66:3300/0,v1:172.21.15.66:6789/0] conn(0x7f9724108e00 0x7f972410b1f0 unknown :-1 s=CLOSED pgs=49 cs=0 l=1 rev1=1 crypto rx=0 tx=0 comp rx=0 tx=0).stop
2024-04-21T08:58:26.885 INFO:teuthology.orchestra.run.smithi066.stdout:/usr/bin/ceph: stderr
2024-04-21T08:58:25.953+0000 7f972bc66700 1 -- 172.21.15.66:0/1596405027 >> 172.21.15.66:0/1596405027 conn(0x7f97241027d0 msgr2=0x7f9724104c10 unknown :-1 s=STATE_NONE l=0).mark_down
2024-04-21T08:58:26.885 INFO:teuthology.orchestra.run.smithi066.stdout:/usr/bin/ceph: stderr
2024-04-21T08:58:25.953+0000 7f972bc66700 1 -- 172.21.15.66:0/1596405027 shutdown_connections
2024-04-21T08:58:26.885 INFO:teuthology.orchestra.run.smithi066.stdout:/usr/bin/ceph: stderr
2024-04-21T08:58:25.953+0000 7f972bc66700 1 -- 172.21.15.66:0/1596405027 wait complete.
2024-04-21T08:58:26.885 INFO:teuthology.orchestra.run.smithi066.stdout:/usr/bin/ceph: stderr
2024-04-21T08:58:25.954+0000 7f972bc66700 1 Processor -- start
2024-04-21T08:58:26.885 INFO:teuthology.orchestra.run.smithi066.stdout:/usr/bin/ceph: stderr
2024-04-21T08:58:25.954+0000 7f972bc66700 1 -- start start
2024-04-21T08:58:26.885 INFO:teuthology.orchestra.run.smithi066.stdout:/usr/bin/ceph: stderr
2024-04-21T08:58:25.954+0000 7f972bc66700 1 --2- >> [v2:172.21.15.66:3300/0,v1:172.21.15.66:6789/0] conn(0x7f9724108e00 0x7f972419c1e0 unknown :-1 s=NONE pgs=0 cs=0 l=1 rev1=0 crypto rx=0 tx=0 comp rx=0 tx=0).connect
2024-04-21T08:58:26.885 INFO:teuthology.orchestra.run.smithi066.stdout:/usr/bin/ceph: stderr
2024-04-21T08:58:25.954+0000 7f972bc66700 1 -- --> [v2:172.21.15.66:3300/0,v1:172.21.15.66:6789/0] -- mon_getmap magic: 0 -- 0x7f972410c6a0 con 0x7f9724108e00
2024-04-21T08:58:26.886 INFO:teuthology.orchestra.run.smithi066.stdout:/usr/bin/ceph: stderr
2024-04-21T08:58:25.954+0000 7f9729a02700 1 --2- >> [v2:172.21.15.66:3300/0,v1:172.21.15.66:6789/0] conn(0x7f9724108e00 0x7f972419c1e0 unknown :-1 s=BANNER_CONNECTING pgs=0 cs=0 l=1 rev1=0 crypto rx=0 tx=0 comp rx=0 tx=0)._handle_peer_banner_payload supported=3 required=0
2024-04-21T08:58:26.886 INFO:teuthology.orchestra.run.smithi066.stdout:/usr/bin/ceph: stderr
2024-04-21T08:58:25.954+0000 7f9729a02700 1 --2- >> [v2:172.21.15.66:3300/0,v1:172.21.15.66:6789/0] conn(0x7f9724108e00 0x7f972419c1e0 unknown :-1 s=HELLO_CONNECTING pgs=0 cs=0 l=1 rev1=1 crypto rx=0 tx=0 comp rx=0 tx=0).handle_hello peer v2:172.21.15.66:3300/0 says I am v2:172.21.15.66:44244/0 (socket says 172.21.15.66:44244)
2024-04-21T08:58:26.886 INFO:teuthology.orchestra.run.smithi066.stdout:/usr/bin/ceph: stderr
2024-04-21T08:58:25.954+0000 7f9729a02700 1 -- 172.21.15.66:0/529298438 learned_addr learned my addr 172.21.15.66:0/529298438 (peer_addr_for_me v2:172.21.15.66:0/0)
2024-04-21T08:58:26.886 INFO:teuthology.orchestra.run.smithi066.stdout:/usr/bin/ceph: stderr
2024-04-21T08:58:25.954+0000 7f9729a02700 1 -- 172.21.15.66:0/529298438 --> [v2:172.21.15.66:3300/0,v1:172.21.15.66:6789/0] -- mon_subscribe({config=0+,monmap=0+}) -- 0x7f972419c720 con 0x7f9724108e00
2024-04-21T08:58:26.886 INFO:teuthology.orchestra.run.smithi066.stdout:/usr/bin/ceph: stderr
2024-04-21T08:58:25.954+0000 7f9729a02700 1 --2- 172.21.15.66:0/529298438 >> [v2:172.21.15.66:3300/0,v1:172.21.15.66:6789/0] conn(0x7f9724108e00 0x7f972419c1e0 secure :-1 s=READY pgs=50 cs=0 l=1 rev1=1 crypto rx=0x7f9720003f40 tx=0x7f9720011890 comp rx=0 tx=0).ready entity=mon.0 client_cookie=0 server_cookie=0 in_seq=0 out_seq=0
2024-04-21T08:58:26.886 INFO:teuthology.orchestra.run.smithi066.stdout:/usr/bin/ceph: stderr
2024-04-21T08:58:25.955+0000 7f971affd700 1 -- 172.21.15.66:0/529298438 <== mon.0 v2:172.21.15.66:3300/0 1 ==== mon_map magic: 0 ==== 205+0+0 (secure 0 0 0) 0x7f97200038b0 con 0x7f9724108e00
2024-04-21T08:58:26.886 INFO:teuthology.orchestra.run.smithi066.stdout:/usr/bin/ceph: stderr
2024-04-21T08:58:25.955+0000 7f971affd700 1 -- 172.21.15.66:0/529298438 <== mon.0 v2:172.21.15.66:3300/0 2 ==== config(26 keys) ==== 1070+0+0 (secure 0 0 0) 0x7f9720003a50 con 0x7f9724108e00
2024-04-21T08:58:26.886 INFO:teuthology.orchestra.run.smithi066.stdout:/usr/bin/ceph: stderr
2024-04-21T08:58:25.955+0000 7f971affd700 1 -- 172.21.15.66:0/529298438 <== mon.0 v2:172.21.15.66:3300/0 3 ==== mon_map magic: 0 ==== 205+0+0 (secure 0 0 0) 0x7f972001a5c0 con 0x7f9724108e00
2024-04-21T08:58:26.886 INFO:teuthology.orchestra.run.smithi066.stdout:/usr/bin/ceph: stderr
2024-04-21T08:58:25.955+0000 7f972bc66700 1 -- 172.21.15.66:0/529298438 --> [v2:172.21.15.66:3300/0,v1:172.21.15.66:6789/0] -- mon_subscribe({mgrmap=0+}) -- 0x7f972419c9b0 con 0x7f9724108e00
2024-04-21T08:58:26.886 INFO:teuthology.orchestra.run.smithi066.stdout:/usr/bin/ceph: stderr
2024-04-21T08:58:25.955+0000 7f972bc66700 1 -- 172.21.15.66:0/529298438 --> [v2:172.21.15.66:3300/0,v1:172.21.15.66:6789/0] -- mon_subscribe({osdmap=0}) -- 0x7f972419f6a0 con 0x7f9724108e00
2024-04-21T08:58:26.886 INFO:teuthology.orchestra.run.smithi066.stdout:/usr/bin/ceph: stderr
2024-04-21T08:58:25.956+0000 7f972bc66700 1 -- 172.21.15.66:0/529298438 --> [v2:172.21.15.66:3300/0,v1:172.21.15.66:6789/0] -- mon_command({"prefix": "get_command_descriptions"} v 0) -- 0x7f97240640a0 con 0x7f9724108e00
2024-04-21T08:58:26.886 INFO:teuthology.orchestra.run.smithi066.stdout:/usr/bin/ceph: stderr
2024-04-21T08:58:25.956+0000 7f971affd700 1 -- 172.21.15.66:0/529298438 <== mon.0 v2:172.21.15.66:3300/0 4 ==== mgrmap(e 8) ==== 46558+0+0 (secure 0 0 0) 0x7f9720024430 con 0x7f9724108e00
2024-04-21T08:58:26.886 INFO:teuthology.orchestra.run.smithi066.stdout:/usr/bin/ceph: stderr
2024-04-21T08:58:25.956+0000 7f971affd700 1 --2- 172.21.15.66:0/529298438 >> [v2:172.21.15.66:6800/763565357,v1:172.21.15.66:6801/763565357] conn(0x7f9710039670 0x7f971003bb30 unknown :-1 s=NONE pgs=0 cs=0 l=1 rev1=0 crypto rx=0 tx=0 comp rx=0 tx=0).connect
2024-04-21T08:58:26.887 INFO:teuthology.orchestra.run.smithi066.stdout:/usr/bin/ceph: stderr
2024-04-21T08:58:25.956+0000 7f971affd700 1 -- 172.21.15.66:0/529298438 <== mon.0 v2:172.21.15.66:3300/0 5 ==== osd_map(2..2 src has 1..2) ==== 940+0+0 (secure 0 0 0) 0x7f972004daf0 con 0x7f9724108e00
2024-04-21T08:58:26.887 INFO:teuthology.orchestra.run.smithi066.stdout:/usr/bin/ceph: stderr
2024-04-21T08:58:25.956+0000 7f9729201700 1 --2- 172.21.15.66:0/529298438 >> [v2:172.21.15.66:6800/763565357,v1:172.21.15.66:6801/763565357] conn(0x7f9710039670 0x7f971003bb30 unknown :-1 s=BANNER_CONNECTING pgs=0 cs=0 l=1 rev1=0 crypto rx=0 tx=0 comp rx=0 tx=0)._handle_peer_banner_payload supported=3 required=0
2024-04-21T08:58:26.887 INFO:teuthology.orchestra.run.smithi066.stdout:/usr/bin/ceph: stderr
2024-04-21T08:58:25.957+0000 7f9729201700 1 --2- 172.21.15.66:0/529298438 >> [v2:172.21.15.66:6800/763565357,v1:172.21.15.66:6801/763565357] conn(0x7f9710039670 0x7f971003bb30 secure :-1 s=READY pgs=13 cs=0 l=1 rev1=1 crypto rx=0x7f9714006fd0 tx=0x7f9714006e40 comp rx=0 tx=0).ready entity=mgr.14120 client_cookie=0 server_cookie=0 in_seq=0 out_seq=0
2024-04-21T08:58:26.887 INFO:teuthology.orchestra.run.smithi066.stdout:/usr/bin/ceph: stderr
2024-04-21T08:58:25.965+0000 7f971affd700 1 -- 172.21.15.66:0/529298438 <== mon.0 v2:172.21.15.66:3300/0 6 ==== mon_command_ack([{"prefix": "get_command_descriptions"}]=0 v0) ==== 72+0+188370 (secure 0 0 0) 0x7f972002cc00 con 0x7f9724108e00
2024-04-21T08:58:26.887 INFO:teuthology.orchestra.run.smithi066.stdout:/usr/bin/ceph: stderr
2024-04-21T08:58:26.192+0000 7f972bc66700 1 -- 172.21.15.66:0/529298438 --> [v2:172.21.15.66:6800/763565357,v1:172.21.15.66:6801/763565357] -- mgr_command(tid 0: {"prefix": "orch apply", "service_type": "mgr", "unmanaged": true, "target": ["mon-mgr", ""]}) -- 0x7f97241039f0 con 0x7f9710039670
2024-04-21T08:58:26.887 INFO:teuthology.orchestra.run.smithi066.stdout:/usr/bin/ceph: stderr
2024-04-21T08:58:26.200+0000 7f971affd700 1 -- 172.21.15.66:0/529298438 <== mgr.14120 v2:172.21.15.66:6800/763565357 1 ==== mgr_command_reply(tid 0: 0 ) ==== 8+0+24 (secure 0 0 0) 0x7f97241039f0 con 0x7f9710039670
2024-04-21T08:58:26.887 INFO:teuthology.orchestra.run.smithi066.stdout:/usr/bin/ceph: stderr
2024-04-21T08:58:26.203+0000 7f972bc66700 1 -- 172.21.15.66:0/529298438 >> [v2:172.21.15.66:6800/763565357,v1:172.21.15.66:6801/763565357] conn(0x7f9710039670 msgr2=0x7f971003bb30 secure :-1 s=STATE_CONNECTION_ESTABLISHED l=1).mark_down
2024-04-21T08:58:26.887 INFO:teuthology.orchestra.run.smithi066.stdout:/usr/bin/ceph: stderr
2024-04-21T08:58:26.203+0000 7f972bc66700 1 --2- 172.21.15.66:0/529298438 >> [v2:172.21.15.66:6800/763565357,v1:172.21.15.66:6801/763565357] conn(0x7f9710039670 0x7f971003bb30 secure :-1 s=READY pgs=13 cs=0 l=1 rev1=1 crypto rx=0x7f9714006fd0 tx=0x7f9714006e40 comp rx=0 tx=0).stop
2024-04-21T08:58:26.887 INFO:teuthology.orchestra.run.smithi066.stdout:/usr/bin/ceph: stderr
2024-04-21T08:58:26.203+0000 7f972bc66700 1 -- 172.21.15.66:0/529298438 >> [v2:172.21.15.66:3300/0,v1:172.21.15.66:6789/0] conn(0x7f9724108e00 msgr2=0x7f972419c1e0 secure :-1 s=STATE_CONNECTION_ESTABLISHED l=1).mark_down
2024-04-21T08:58:26.887 INFO:teuthology.orchestra.run.smithi066.stdout:/usr/bin/ceph: stderr
2024-04-21T08:58:26.203+0000 7f972bc66700 1 --2- 172.21.15.66:0/529298438 >> [v2:172.21.15.66:3300/0,v1:172.21.15.66:6789/0] conn(0x7f9724108e00 0x7f972419c1e0 secure :-1 s=READY pgs=50 cs=0 l=1 rev1=1 crypto rx=0x7f9720003f40 tx=0x7f9720011890 comp rx=0 tx=0).stop
2024-04-21T08:58:26.887 INFO:teuthology.orchestra.run.smithi066.stdout:/usr/bin/ceph: stderr
2024-04-21T08:58:26.203+0000 7f972bc66700 1 -- 172.21.15.66:0/529298438 shutdown_connections
2024-04-21T08:58:26.887 INFO:teuthology.orchestra.run.smithi066.stdout:/usr/bin/ceph: stderr
2024-04-21T08:58:26.203+0000 7f972bc66700 1 --2- 172.21.15.66:0/529298438 >> [v2:172.21.15.66:6800/763565357,v1:172.21.15.66:6801/763565357] conn(0x7f9710039670 0x7f971003bb30 unknown :-1 s=CLOSED pgs=13 cs=0 l=1 rev1=1 crypto rx=0 tx=0 comp rx=0 tx=0).stop
2024-04-21T08:58:26.887 INFO:teuthology.orchestra.run.smithi066.stdout:/usr/bin/ceph: stderr
2024-04-21T08:58:26.203+0000 7f972bc66700 1 --2- 172.21.15.66:0/529298438 >> [v2:172.21.15.66:3300/0,v1:172.21.15.66:6789/0] conn(0x7f9724108e00 0x7f972419c1e0 unknown :-1 s=CLOSED pgs=50 cs=0 l=1 rev1=1 crypto rx=0 tx=0 comp rx=0 tx=0).stop
2024-04-21T08:58:26.887 INFO:teuthology.orchestra.run.smithi066.stdout:/usr/bin/ceph: stderr
2024-04-21T08:58:26.203+0000 7f972bc66700 1 -- 172.21.15.66:0/529298438 >> 172.21.15.66:0/529298438 conn(0x7f97241027d0 msgr2=0x7f97241032e0 unknown :-1 s=STATE_NONE l=0).mark_down
2024-04-21T08:58:26.888 INFO:teuthology.orchestra.run.smithi066.stdout:/usr/bin/ceph: stderr
2024-04-21T08:58:26.203+0000 7f972bc66700 1 -- 172.21.15.66:0/529298438 shutdown_connections
2024-04-21T08:58:26.888 INFO:teuthology.orchestra.run.smithi066.stdout:/usr/bin/ceph: stderr
2024-04-21T08:58:26.203+0000 7f972bc66700 1 -- 172.21.15.66:0/529298438 wait complete.
2024-04-21T08:58:27.287 INFO:journalctl@ceph.mon.a.smithi066.stdout:Apr 21 08:58:27 smithi066 ceph-mon[27953]: from='client.14144 -' entity='client.admin' cmd=[{"prefix": "orch apply", "service_type": "mgr", "unmanaged": true, "target": ["mon-mgr", ""]}]: dispatch
2024-04-21T08:58:27.287 INFO:journalctl@ceph.mon.a.smithi066.stdout:Apr 21 08:58:27 smithi066 ceph-mon[27953]: Saving service mgr spec with placement count:2
2024-04-21T08:58:27.287 INFO:journalctl@ceph.mon.a.smithi066.stdout:Apr 21 08:58:27 smithi066 ceph-mon[27953]: from='mgr.14120 172.21.15.66:0/3359354210' entity='mgr.x'
2024-04-21T08:58:28.322 INFO:teuthology.orchestra.run.smithi066.stdout:/usr/bin/ceph: stderr
2024-04-21T08:58:27.307+0000 7f2e18461700 1 Processor -- start
2024-04-21T08:58:28.322 INFO:teuthology.orchestra.run.smithi066.stdout:/usr/bin/ceph: stderr
2024-04-21T08:58:27.307+0000 7f2e18461700 1 -- start start
2024-04-21T08:58:28.322 INFO:teuthology.orchestra.run.smithi066.stdout:/usr/bin/ceph: stderr
2024-04-21T08:58:27.307+0000 7f2e18461700 1 --2- >> [v2:172.21.15.66:3300/0,v1:172.21.15.66:6789/0] conn(0x7f2e10108e50 0x7f2e1010b240 unknown :-1 s=NONE pgs=0 cs=0 l=0 rev1=0 crypto rx=0 tx=0 comp rx=0 tx=0).connect
2024-04-21T08:58:28.323 INFO:teuthology.orchestra.run.smithi066.stdout:/usr/bin/ceph: stderr
2024-04-21T08:58:27.307+0000 7f2e18461700 1 -- --> [v2:172.21.15.66:3300/0,v1:172.21.15.66:6789/0] -- mon_getmap magic: 0 -- 0x7f2e1007be40 con 0x7f2e10108e50
2024-04-21T08:58:28.323 INFO:teuthology.orchestra.run.smithi066.stdout:/usr/bin/ceph: stderr
2024-04-21T08:58:27.307+0000 7f2e161fd700 1 --2- >> [v2:172.21.15.66:3300/0,v1:172.21.15.66:6789/0] conn(0x7f2e10108e50 0x7f2e1010b240 unknown :-1 s=BANNER_CONNECTING pgs=0 cs=0 l=0 rev1=0 crypto rx=0 tx=0 comp rx=0 tx=0)._handle_peer_banner_payload supported=3 required=0
2024-04-21T08:58:28.323 INFO:teuthology.orchestra.run.smithi066.stdout:/usr/bin/ceph: stderr
2024-04-21T08:58:27.307+0000 7f2e161fd700 1 --2- >> [v2:172.21.15.66:3300/0,v1:172.21.15.66:6789/0] conn(0x7f2e10108e50 0x7f2e1010b240 unknown :-1 s=HELLO_CONNECTING pgs=0 cs=0 l=0 rev1=1 crypto rx=0 tx=0 comp rx=0 tx=0).handle_hello peer v2:172.21.15.66:3300/0 says I am v2:172.21.15.66:44252/0 (socket says 172.21.15.66:44252)
2024-04-21T08:58:28.323 INFO:teuthology.orchestra.run.smithi066.stdout:/usr/bin/ceph: stderr
2024-04-21T08:58:27.307+0000 7f2e161fd700 1 -- 172.21.15.66:0/3936212894 learned_addr learned my addr 172.21.15.66:0/3936212894 (peer_addr_for_me v2:172.21.15.66:0/0)
2024-04-21T08:58:28.323 INFO:teuthology.orchestra.run.smithi066.stdout:/usr/bin/ceph: stderr
2024-04-21T08:58:27.307+0000 7f2e161fd700 1 -- 172.21.15.66:0/3936212894 --> [v2:172.21.15.66:3300/0,v1:172.21.15.66:6789/0] -- mon_subscribe({config=0+,monmap=0+}) -- 0x7f2e1010b780 con 0x7f2e10108e50
2024-04-21T08:58:28.323 INFO:teuthology.orchestra.run.smithi066.stdout:/usr/bin/ceph: stderr
2024-04-21T08:58:27.308+0000 7f2e161fd700 1 --2- 172.21.15.66:0/3936212894 >> [v2:172.21.15.66:3300/0,v1:172.21.15.66:6789/0] conn(0x7f2e10108e50 0x7f2e1010b240 secure :-1 s=READY pgs=51 cs=0 l=1 rev1=1 crypto rx=0x7f2e0c0098a0 tx=0x7f2e0c009bb0 comp rx=0 tx=0).ready entity=mon.0 client_cookie=50e843eebde849ad server_cookie=0 in_seq=0 out_seq=0
2024-04-21T08:58:28.324 INFO:teuthology.orchestra.run.smithi066.stdout:/usr/bin/ceph: stderr
2024-04-21T08:58:27.308+0000 7f2e151fb700 1 -- 172.21.15.66:0/3936212894 <== mon.0 v2:172.21.15.66:3300/0 1 ==== mon_map magic: 0 ==== 205+0+0 (secure 0 0 0) 0x7f2e0c004160 con 0x7f2e10108e50
2024-04-21T08:58:28.324 INFO:teuthology.orchestra.run.smithi066.stdout:/usr/bin/ceph: stderr
2024-04-21T08:58:27.308+0000 7f2e151fb700 1 -- 172.21.15.66:0/3936212894 <== mon.0 v2:172.21.15.66:3300/0 2 ==== config(26 keys) ==== 1070+0+0 (secure 0 0 0) 0x7f2e0c004300 con 0x7f2e10108e50
2024-04-21T08:58:28.324 INFO:teuthology.orchestra.run.smithi066.stdout:/usr/bin/ceph: stderr
2024-04-21T08:58:27.308+0000 7f2e151fb700 1 -- 172.21.15.66:0/3936212894 <== mon.0 v2:172.21.15.66:3300/0 3 ==== mon_map magic: 0 ==== 205+0+0 (secure 0 0 0) 0x7f2e0c011af0 con 0x7f2e10108e50
2024-04-21T08:58:28.324 INFO:teuthology.orchestra.run.smithi066.stdout:/usr/bin/ceph: stderr
2024-04-21T08:58:27.308+0000 7f2e18461700 1 -- 172.21.15.66:0/3936212894 >> [v2:172.21.15.66:3300/0,v1:172.21.15.66:6789/0] conn(0x7f2e10108e50 msgr2=0x7f2e1010b240 secure :-1 s=STATE_CONNECTION_ESTABLISHED l=1).mark_down
2024-04-21T08:58:28.324 INFO:teuthology.orchestra.run.smithi066.stdout:/usr/bin/ceph: stderr
2024-04-21T08:58:27.308+0000 7f2e18461700 1 --2- 172.21.15.66:0/3936212894 >> [v2:172.21.15.66:3300/0,v1:172.21.15.66:6789/0] conn(0x7f2e10108e50 0x7f2e1010b240 secure :-1 s=READY pgs=51 cs=0 l=1 rev1=1 crypto rx=0x7f2e0c0098a0 tx=0x7f2e0c009bb0 comp rx=0 tx=0).stop
2024-04-21T08:58:28.324 INFO:teuthology.orchestra.run.smithi066.stdout:/usr/bin/ceph: stderr
2024-04-21T08:58:27.309+0000 7f2e18461700 1 -- 172.21.15.66:0/3936212894 shutdown_connections
2024-04-21T08:58:28.324 INFO:teuthology.orchestra.run.smithi066.stdout:/usr/bin/ceph: stderr
2024-04-21T08:58:27.309+0000 7f2e18461700 1 --2- 172.21.15.66:0/3936212894 >> [v2:172.21.15.66:3300/0,v1:172.21.15.66:6789/0] conn(0x7f2e10108e50 0x7f2e1010b240 unknown :-1 s=CLOSED pgs=51 cs=0 l=1 rev1=1 crypto rx=0 tx=0 comp rx=0 tx=0).stop
2024-04-21T08:58:28.325 INFO:teuthology.orchestra.run.smithi066.stdout:/usr/bin/ceph: stderr
2024-04-21T08:58:27.309+0000 7f2e18461700 1 -- 172.21.15.66:0/3936212894 >> 172.21.15.66:0/3936212894 conn(0x7f2e10102860 msgr2=0x7f2e10104c80 unknown :-1 s=STATE_NONE l=0).mark_down
2024-04-21T08:58:28.325 INFO:teuthology.orchestra.run.smithi066.stdout:/usr/bin/ceph: stderr
2024-04-21T08:58:27.309+0000 7f2e18461700 1 -- 172.21.15.66:0/3936212894 shutdown_connections
2024-04-21T08:58:28.325 INFO:teuthology.orchestra.run.smithi066.stdout:/usr/bin/ceph: stderr
2024-04-21T08:58:27.309+0000 7f2e18461700 1 -- 172.21.15.66:0/3936212894 wait complete.
2024-04-21T08:58:28.325 INFO:teuthology.orchestra.run.smithi066.stdout:/usr/bin/ceph: stderr
2024-04-21T08:58:27.309+0000 7f2e18461700 1 Processor -- start
2024-04-21T08:58:28.325 INFO:teuthology.orchestra.run.smithi066.stdout:/usr/bin/ceph: stderr
2024-04-21T08:58:27.309+0000 7f2e18461700 1 -- start start
2024-04-21T08:58:28.325 INFO:teuthology.orchestra.run.smithi066.stdout:/usr/bin/ceph: stderr
2024-04-21T08:58:27.309+0000 7f2e18461700 1 --2- >> [v2:172.21.15.66:3300/0,v1:172.21.15.66:6789/0] conn(0x7f2e10108e50 0x7f2e1019c1b0 unknown :-1 s=NONE pgs=0 cs=0 l=1 rev1=0 crypto rx=0 tx=0 comp rx=0 tx=0).connect
2024-04-21T08:58:28.326 INFO:teuthology.orchestra.run.smithi066.stdout:/usr/bin/ceph: stderr
2024-04-21T08:58:27.309+0000 7f2e18461700 1 -- --> [v2:172.21.15.66:3300/0,v1:172.21.15.66:6789/0] -- mon_getmap magic: 0 -- 0x7f2e1010c6f0 con 0x7f2e10108e50
2024-04-21T08:58:28.326 INFO:teuthology.orchestra.run.smithi066.stdout:/usr/bin/ceph: stderr
2024-04-21T08:58:27.310+0000 7f2e161fd700 1 --2- >> [v2:172.21.15.66:3300/0,v1:172.21.15.66:6789/0] conn(0x7f2e10108e50 0x7f2e1019c1b0 unknown :-1 s=BANNER_CONNECTING pgs=0 cs=0 l=1 rev1=0 crypto rx=0 tx=0 comp rx=0 tx=0)._handle_peer_banner_payload supported=3 required=0
2024-04-21T08:58:28.326 INFO:teuthology.orchestra.run.smithi066.stdout:/usr/bin/ceph: stderr
2024-04-21T08:58:27.310+0000 7f2e161fd700 1 --2- >> [v2:172.21.15.66:3300/0,v1:172.21.15.66:6789/0] conn(0x7f2e10108e50 0x7f2e1019c1b0 unknown :-1 s=HELLO_CONNECTING pgs=0 cs=0 l=1 rev1=1 crypto rx=0 tx=0 comp rx=0 tx=0).handle_hello peer v2:172.21.15.66:3300/0 says I am v2:172.21.15.66:44258/0 (socket says 172.21.15.66:44258)
2024-04-21T08:58:28.326 INFO:teuthology.orchestra.run.smithi066.stdout:/usr/bin/ceph: stderr
2024-04-21T08:58:27.310+0000 7f2e161fd700 1 -- 172.21.15.66:0/4244915657 learned_addr learned my addr 172.21.15.66:0/4244915657 (peer_addr_for_me v2:172.21.15.66:0/0)
2024-04-21T08:58:28.326 INFO:teuthology.orchestra.run.smithi066.stdout:/usr/bin/ceph: stderr
2024-04-21T08:58:27.310+0000 7f2e161fd700 1 -- 172.21.15.66:0/4244915657 --> [v2:172.21.15.66:3300/0,v1:172.21.15.66:6789/0] -- mon_subscribe({config=0+,monmap=0+}) -- 0x7f2e1019c6f0 con 0x7f2e10108e50
2024-04-21T08:58:28.327 INFO:teuthology.orchestra.run.smithi066.stdout:/usr/bin/ceph: stderr
2024-04-21T08:58:27.310+0000 7f2e161fd700 1 --2- 172.21.15.66:0/4244915657 >> [v2:172.21.15.66:3300/0,v1:172.21.15.66:6789/0] conn(0x7f2e10108e50 0x7f2e1019c1b0 secure :-1 s=READY pgs=52 cs=0 l=1 rev1=1 crypto rx=0x7f2e0c011ac0 tx=0x7f2e0c011ba0 comp rx=0 tx=0).ready entity=mon.0 client_cookie=0 server_cookie=0 in_seq=0 out_seq=0
2024-04-21T08:58:28.327 INFO:teuthology.orchestra.run.smithi066.stdout:/usr/bin/ceph: stderr
2024-04-21T08:58:27.310+0000 7f2e077fe700 1 -- 172.21.15.66:0/4244915657 <== mon.0 v2:172.21.15.66:3300/0 1 ==== mon_map magic: 0 ==== 205+0+0 (secure 0 0 0) 0x7f2e0c003b20 con 0x7f2e10108e50
2024-04-21T08:58:28.327 INFO:teuthology.orchestra.run.smithi066.stdout:/usr/bin/ceph: stderr
2024-04-21T08:58:27.310+0000 7f2e077fe700 1 -- 172.21.15.66:0/4244915657 <== mon.0 v2:172.21.15.66:3300/0 2 ==== config(26 keys) ==== 1070+0+0 (secure 0 0 0) 0x7f2e0c01a8c0 con 0x7f2e10108e50
2024-04-21T08:58:28.327 INFO:teuthology.orchestra.run.smithi066.stdout:/usr/bin/ceph: stderr
2024-04-21T08:58:27.310+0000 7f2e077fe700 1 -- 172.21.15.66:0/4244915657 <== mon.0 v2:172.21.15.66:3300/0 3 ==== mon_map magic: 0 ==== 205+0+0 (secure 0 0 0) 0x7f2e0c0248d0 con 0x7f2e10108e50
2024-04-21T08:58:28.327 INFO:teuthology.orchestra.run.smithi066.stdout:/usr/bin/ceph: stderr
2024-04-21T08:58:27.310+0000 7f2e18461700 1 -- 172.21.15.66:0/4244915657 --> [v2:172.21.15.66:3300/0,v1:172.21.15.66:6789/0] -- mon_subscribe({mgrmap=0+}) -- 0x7f2e1019c980 con 0x7f2e10108e50
2024-04-21T08:58:28.327 INFO:teuthology.orchestra.run.smithi066.stdout:/usr/bin/ceph: stderr
2024-04-21T08:58:27.310+0000 7f2e18461700 1 -- 172.21.15.66:0/4244915657 --> [v2:172.21.15.66:3300/0,v1:172.21.15.66:6789/0] -- mon_subscribe({osdmap=0}) -- 0x7f2e1019f670 con 0x7f2e10108e50
2024-04-21T08:58:28.328 INFO:teuthology.orchestra.run.smithi066.stdout:/usr/bin/ceph: stderr
2024-04-21T08:58:27.311+0000 7f2e077fe700 1 -- 172.21.15.66:0/4244915657 <== mon.0 v2:172.21.15.66:3300/0 4 ==== mgrmap(e 8) ==== 46558+0+0 (secure 0 0 0) 0x7f2e0c022020 con 0x7f2e10108e50
2024-04-21T08:58:28.328 INFO:teuthology.orchestra.run.smithi066.stdout:/usr/bin/ceph: stderr
2024-04-21T08:58:27.312+0000 7f2e18461700 1 -- 172.21.15.66:0/4244915657 --> [v2:172.21.15.66:3300/0,v1:172.21.15.66:6789/0] -- mon_command({"prefix": "get_command_descriptions"} v 0) -- 0x7f2e100640a0 con 0x7f2e10108e50
2024-04-21T08:58:28.328 INFO:teuthology.orchestra.run.smithi066.stdout:/usr/bin/ceph: stderr
2024-04-21T08:58:27.312+0000 7f2e077fe700 1 --2- 172.21.15.66:0/4244915657 >> [v2:172.21.15.66:6800/763565357,v1:172.21.15.66:6801/763565357] conn(0x7f2dfc0396c0 0x7f2dfc03bb80 unknown :-1 s=NONE pgs=0 cs=0 l=1 rev1=0 crypto rx=0 tx=0 comp rx=0 tx=0).connect
2024-04-21T08:58:28.328 INFO:teuthology.orchestra.run.smithi066.stdout:/usr/bin/ceph: stderr
2024-04-21T08:58:27.312+0000 7f2e077fe700 1 -- 172.21.15.66:0/4244915657 <== mon.0 v2:172.21.15.66:3300/0 5 ==== osd_map(2..2 src has 1..2) ==== 940+0+0 (secure 0 0 0) 0x7f2e0c04d800 con 0x7f2e10108e50
2024-04-21T08:58:28.328 INFO:teuthology.orchestra.run.smithi066.stdout:/usr/bin/ceph: stderr
2024-04-21T08:58:27.312+0000 7f2e159fc700 1 --2- 172.21.15.66:0/4244915657 >> [v2:172.21.15.66:6800/763565357,v1:172.21.15.66:6801/763565357] conn(0x7f2dfc0396c0 0x7f2dfc03bb80 unknown :-1 s=BANNER_CONNECTING pgs=0 cs=0 l=1 rev1=0 crypto rx=0 tx=0 comp rx=0 tx=0)._handle_peer_banner_payload supported=3 required=0
2024-04-21T08:58:28.328 INFO:teuthology.orchestra.run.smithi066.stdout:/usr/bin/ceph: stderr
2024-04-21T08:58:27.312+0000 7f2e159fc700 1 --2- 172.21.15.66:0/4244915657 >> [v2:172.21.15.66:6800/763565357,v1:172.21.15.66:6801/763565357] conn(0x7f2dfc0396c0 0x7f2dfc03bb80 secure :-1 s=READY pgs=14 cs=0 l=1 rev1=1 crypto rx=0x7f2e00006fd0 tx=0x7f2e00006e40 comp rx=0 tx=0).ready entity=mgr.14120 client_cookie=0 server_cookie=0 in_seq=0 out_seq=0
2024-04-21T08:58:28.329 INFO:teuthology.orchestra.run.smithi066.stdout:/usr/bin/ceph: stderr
2024-04-21T08:58:27.317+0000 7f2e077fe700 1 -- 172.21.15.66:0/4244915657 <== mon.0 v2:172.21.15.66:3300/0 6 ==== mon_command_ack([{"prefix": "get_command_descriptions"}]=0 v0) ==== 72+0+188370 (secure 0 0 0) 0x7f2e0c00f2e0 con 0x7f2e10108e50
2024-04-21T08:58:28.329 INFO:teuthology.orchestra.run.smithi066.stdout:/usr/bin/ceph: stderr
2024-04-21T08:58:27.530+0000 7f2e18461700 1 -- 172.21.15.66:0/4244915657 --> [v2:172.21.15.66:3300/0,v1:172.21.15.66:6789/0] -- mon_command([{prefix=config set, name=mgr/cephadm/container_init}] v 0) -- 0x7f2e1019fcc0 con 0x7f2e10108e50
2024-04-21T08:58:28.329 INFO:teuthology.orchestra.run.smithi066.stdout:/usr/bin/ceph: stderr
2024-04-21T08:58:27.535+0000 7f2e077fe700 1 -- 172.21.15.66:0/4244915657 <== mon.0 v2:172.21.15.66:3300/0 7 ==== mon_command_ack([{prefix=config set, name=mgr/cephadm/container_init}]=0 v6)=0 v6) ==== 142+0+0 (secure 0 0 0) 0x7f2e0c01aa70 con 0x7f2e10108e50
2024-04-21T08:58:28.329 INFO:teuthology.orchestra.run.smithi066.stdout:/usr/bin/ceph: stderr
2024-04-21T08:58:27.537+0000 7f2e18461700 1 -- 172.21.15.66:0/4244915657 >> [v2:172.21.15.66:6800/763565357,v1:172.21.15.66:6801/763565357] conn(0x7f2dfc0396c0 msgr2=0x7f2dfc03bb80 secure :-1 s=STATE_CONNECTION_ESTABLISHED l=1).mark_down
2024-04-21T08:58:28.329 INFO:teuthology.orchestra.run.smithi066.stdout:/usr/bin/ceph: stderr
2024-04-21T08:58:27.537+0000 7f2e18461700 1 --2- 172.21.15.66:0/4244915657 >> [v2:172.21.15.66:6800/763565357,v1:172.21.15.66:6801/763565357] conn(0x7f2dfc0396c0 0x7f2dfc03bb80 secure :-1 s=READY pgs=14 cs=0 l=1 rev1=1 crypto rx=0x7f2e00006fd0 tx=0x7f2e00006e40 comp rx=0 tx=0).stop
2024-04-21T08:58:28.330 INFO:teuthology.orchestra.run.smithi066.stdout:/usr/bin/ceph: stderr
2024-04-21T08:58:27.537+0000 7f2e18461700 1 -- 172.21.15.66:0/4244915657 >> [v2:172.21.15.66:3300/0,v1:172.21.15.66:6789/0] conn(0x7f2e10108e50 msgr2=0x7f2e1019c1b0 secure :-1 s=STATE_CONNECTION_ESTABLISHED l=1).mark_down
2024-04-21T08:58:28.330 INFO:teuthology.orchestra.run.smithi066.stdout:/usr/bin/ceph: stderr
2024-04-21T08:58:27.537+0000 7f2e18461700 1 --2- 172.21.15.66:0/4244915657 >> [v2:172.21.15.66:3300/0,v1:172.21.15.66:6789/0] conn(0x7f2e10108e50 0x7f2e1019c1b0 secure :-1 s=READY pgs=52 cs=0 l=1 rev1=1 crypto rx=0x7f2e0c011ac0 tx=0x7f2e0c011ba0 comp rx=0 tx=0).stop
2024-04-21T08:58:28.330 INFO:teuthology.orchestra.run.smithi066.stdout:/usr/bin/ceph: stderr
2024-04-21T08:58:27.537+0000 7f2e18461700 1 -- 172.21.15.66:0/4244915657 shutdown_connections
2024-04-21T08:58:28.330 INFO:teuthology.orchestra.run.smithi066.stdout:/usr/bin/ceph: stderr
2024-04-21T08:58:27.537+0000 7f2e18461700 1 --2- 172.21.15.66:0/4244915657 >> [v2:172.21.15.66:6800/763565357,v1:172.21.15.66:6801/763565357] conn(0x7f2dfc0396c0 0x7f2dfc03bb80 unknown :-1 s=CLOSED pgs=14 cs=0 l=1 rev1=1 crypto rx=0 tx=0 comp rx=0 tx=0).stop
2024-04-21T08:58:28.330 INFO:teuthology.orchestra.run.smithi066.stdout:/usr/bin/ceph: stderr
2024-04-21T08:58:27.537+0000 7f2e18461700 1 --2- 172.21.15.66:0/4244915657 >> [v2:172.21.15.66:3300/0,v1:172.21.15.66:6789/0] conn(0x7f2e10108e50 0x7f2e1019c1b0 unknown :-1 s=CLOSED pgs=52 cs=0 l=1 rev1=1 crypto rx=0 tx=0 comp rx=0 tx=0).stop
2024-04-21T08:58:28.330 INFO:teuthology.orchestra.run.smithi066.stdout:/usr/bin/ceph: stderr
2024-04-21T08:58:27.537+0000 7f2e18461700 1 -- 172.21.15.66:0/4244915657 >> 172.21.15.66:0/4244915657 conn(0x7f2e10102860 msgr2=0x7f2e10103260 unknown :-1 s=STATE_NONE l=0).mark_down
2024-04-21T08:58:28.331 INFO:teuthology.orchestra.run.smithi066.stdout:/usr/bin/ceph: stderr
2024-04-21T08:58:27.537+0000 7f2e18461700 1 -- 172.21.15.66:0/4244915657 shutdown_connections
2024-04-21T08:58:28.331 INFO:teuthology.orchestra.run.smithi066.stdout:/usr/bin/ceph: stderr
2024-04-21T08:58:27.537+0000 7f2e18461700 1 -- 172.21.15.66:0/4244915657 wait complete.
2024-04-21T08:58:28.619 INFO:journalctl@ceph.mon.a.smithi066.stdout:Apr 21 08:58:28 smithi066 ceph-mon[27953]: from='client.? 172.21.15.66:0/4244915657' entity='client.admin'
2024-04-21T08:58:28.619 INFO:journalctl@ceph.mon.a.smithi066.stdout:Apr 21 08:58:28 smithi066 ceph-mon[27953]: from='mgr.14120 172.21.15.66:0/3359354210' entity='mgr.x'
2024-04-21T08:58:28.619 INFO:journalctl@ceph.mon.a.smithi066.stdout:Apr 21 08:58:28 smithi066 ceph-mon[27953]: from='mgr.14120 172.21.15.66:0/3359354210' entity='mgr.x'
2024-04-21T08:58:30.218 INFO:journalctl@ceph.mon.a.smithi066.stdout:Apr 21 08:58:29 smithi066 ceph-mon[27953]: from='client.? 172.21.15.66:0/3075220636' entity='client.admin'
2024-04-21T08:58:30.219 INFO:journalctl@ceph.mon.a.smithi066.stdout:Apr 21 08:58:29 smithi066 ceph-mon[27953]: from='mgr.14120 172.21.15.66:0/3359354210' entity='mgr.x'
2024-04-21T08:58:30.226 INFO:teuthology.orchestra.run.smithi066.stdout:/usr/bin/ceph: stderr
2024-04-21T08:58:28.736+0000 7f041b323700 1 Processor -- start
2024-04-21T08:58:30.226 INFO:teuthology.orchestra.run.smithi066.stdout:/usr/bin/ceph: stderr
2024-04-21T08:58:28.736+0000 7f041b323700 1 -- start start
2024-04-21T08:58:30.226 INFO:teuthology.orchestra.run.smithi066.stdout:/usr/bin/ceph: stderr
2024-04-21T08:58:28.736+0000 7f041b323700 1 --2- >> [v2:172.21.15.66:3300/0,v1:172.21.15.66:6789/0] conn(0x7f0414106c50 0x7f0414107070 unknown :-1 s=NONE pgs=0 cs=0 l=0 rev1=0 crypto rx=0 tx=0 comp rx=0 tx=0).connect
2024-04-21T08:58:30.226 INFO:teuthology.orchestra.run.smithi066.stdout:/usr/bin/ceph: stderr
2024-04-21T08:58:28.736+0000 7f041b323700 1 -- --> [v2:172.21.15.66:3300/0,v1:172.21.15.66:6789/0] -- mon_getmap magic: 0 -- 0x7f041407be00 con 0x7f0414106c50
2024-04-21T08:58:30.226 INFO:teuthology.orchestra.run.smithi066.stdout:/usr/bin/ceph: stderr
2024-04-21T08:58:28.737+0000 7f04190bf700 1 --2- >> [v2:172.21.15.66:3300/0,v1:172.21.15.66:6789/0] conn(0x7f0414106c50 0x7f0414107070 unknown :-1 s=BANNER_CONNECTING pgs=0 cs=0 l=0 rev1=0 crypto rx=0 tx=0 comp rx=0 tx=0)._handle_peer_banner_payload supported=3 required=0
2024-04-21T08:58:30.226 INFO:teuthology.orchestra.run.smithi066.stdout:/usr/bin/ceph: stderr
2024-04-21T08:58:28.737+0000 7f04190bf700 1 --2- >> [v2:172.21.15.66:3300/0,v1:172.21.15.66:6789/0] conn(0x7f0414106c50 0x7f0414107070 unknown :-1 s=HELLO_CONNECTING pgs=0 cs=0 l=0 rev1=1 crypto rx=0 tx=0 comp rx=0 tx=0).handle_hello peer v2:172.21.15.66:3300/0 says I am v2:172.21.15.66:44272/0 (socket says 172.21.15.66:44272)
2024-04-21T08:58:30.226 INFO:teuthology.orchestra.run.smithi066.stdout:/usr/bin/ceph: stderr
2024-04-21T08:58:28.737+0000 7f04190bf700 1 -- 172.21.15.66:0/485620918 learned_addr learned my addr 172.21.15.66:0/485620918 (peer_addr_for_me v2:172.21.15.66:0/0)
2024-04-21T08:58:30.226 INFO:teuthology.orchestra.run.smithi066.stdout:/usr/bin/ceph: stderr
2024-04-21T08:58:28.737+0000 7f04190bf700 1 -- 172.21.15.66:0/485620918 --> [v2:172.21.15.66:3300/0,v1:172.21.15.66:6789/0] -- mon_subscribe({config=0+,monmap=0+}) -- 0x7f04141075b0 con 0x7f0414106c50
2024-04-21T08:58:30.227 INFO:teuthology.orchestra.run.smithi066.stdout:/usr/bin/ceph: stderr
2024-04-21T08:58:28.737+0000 7f04190bf700 1 --2- 172.21.15.66:0/485620918 >> [v2:172.21.15.66:3300/0,v1:172.21.15.66:6789/0] conn(0x7f0414106c50 0x7f0414107070 secure :-1 s=READY pgs=53 cs=0 l=1 rev1=1 crypto rx=0x7f04040098a0 tx=0x7f0404009bb0 comp rx=0 tx=0).ready entity=mon.0 client_cookie=a1897ee80db219f3 server_cookie=0 in_seq=0 out_seq=0
2024-04-21T08:58:30.227 INFO:teuthology.orchestra.run.smithi066.stdout:/usr/bin/ceph: stderr
2024-04-21T08:58:28.737+0000 7f040bfff700 1 -- 172.21.15.66:0/485620918 <== mon.0 v2:172.21.15.66:3300/0 1 ==== mon_map magic: 0 ==== 205+0+0 (secure 0 0 0) 0x7f0404004160 con 0x7f0414106c50
2024-04-21T08:58:30.227 INFO:teuthology.orchestra.run.smithi066.stdout:/usr/bin/ceph: stderr
2024-04-21T08:58:28.737+0000 7f040bfff700 1 -- 172.21.15.66:0/485620918 <== mon.0 v2:172.21.15.66:3300/0 2 ==== config(26 keys) ==== 1101+0+0 (secure 0 0 0) 0x7f0404004300 con 0x7f0414106c50
2024-04-21T08:58:30.227 INFO:teuthology.orchestra.run.smithi066.stdout:/usr/bin/ceph: stderr
2024-04-21T08:58:28.737+0000 7f040bfff700 1 -- 172.21.15.66:0/485620918 <== mon.0 v2:172.21.15.66:3300/0 3 ==== mon_map magic: 0 ==== 205+0+0 (secure 0 0 0) 0x7f0404011a20 con 0x7f0414106c50
2024-04-21T08:58:30.227 INFO:teuthology.orchestra.run.smithi066.stdout:/usr/bin/ceph: stderr
2024-04-21T08:58:28.738+0000 7f041b323700 1 -- 172.21.15.66:0/485620918 >> [v2:172.21.15.66:3300/0,v1:172.21.15.66:6789/0] conn(0x7f0414106c50 msgr2=0x7f0414107070 secure :-1 s=STATE_CONNECTION_ESTABLISHED l=1).mark_down
2024-04-21T08:58:30.227 INFO:teuthology.orchestra.run.smithi066.stdout:/usr/bin/ceph: stderr
2024-04-21T08:58:28.738+0000 7f041b323700 1 --2- 172.21.15.66:0/485620918 >> [v2:172.21.15.66:3300/0,v1:172.21.15.66:6789/0] conn(0x7f0414106c50 0x7f0414107070 secure :-1 s=READY pgs=53 cs=0 l=1 rev1=1 crypto rx=0x7f04040098a0 tx=0x7f0404009bb0 comp rx=0 tx=0).stop
2024-04-21T08:58:30.227 INFO:teuthology.orchestra.run.smithi066.stdout:/usr/bin/ceph: stderr
2024-04-21T08:58:28.738+0000 7f041b323700 1 -- 172.21.15.66:0/485620918 shutdown_connections
2024-04-21T08:58:30.227 INFO:teuthology.orchestra.run.smithi066.stdout:/usr/bin/ceph: stderr
2024-04-21T08:58:28.738+0000 7f041b323700 1 --2- 172.21.15.66:0/485620918 >> [v2:172.21.15.66:3300/0,v1:172.21.15.66:6789/0] conn(0x7f0414106c50 0x7f0414107070 unknown :-1 s=CLOSED pgs=53 cs=0 l=1 rev1=1 crypto rx=0 tx=0 comp rx=0 tx=0).stop
2024-04-21T08:58:30.227 INFO:teuthology.orchestra.run.smithi066.stdout:/usr/bin/ceph: stderr
2024-04-21T08:58:28.738+0000 7f041b323700 1 -- 172.21.15.66:0/485620918 >> 172.21.15.66:0/485620918 conn(0x7f0414102890 msgr2=0x7f0414104cb0 unknown :-1 s=STATE_NONE l=0).mark_down
2024-04-21T08:58:30.227 INFO:teuthology.orchestra.run.smithi066.stdout:/usr/bin/ceph: stderr
2024-04-21T08:58:28.738+0000 7f041b323700 1 -- 172.21.15.66:0/485620918 shutdown_connections
2024-04-21T08:58:30.227 INFO:teuthology.orchestra.run.smithi066.stdout:/usr/bin/ceph: stderr
2024-04-21T08:58:28.738+0000 7f041b323700 1 -- 172.21.15.66:0/485620918 wait complete.
2024-04-21T08:58:30.227 INFO:teuthology.orchestra.run.smithi066.stdout:/usr/bin/ceph: stderr
2024-04-21T08:58:28.739+0000 7f041b323700 1 Processor -- start
2024-04-21T08:58:30.227 INFO:teuthology.orchestra.run.smithi066.stdout:/usr/bin/ceph: stderr
2024-04-21T08:58:28.739+0000 7f041b323700 1 -- start start
2024-04-21T08:58:30.227 INFO:teuthology.orchestra.run.smithi066.stdout:/usr/bin/ceph: stderr
2024-04-21T08:58:28.739+0000 7f041b323700 1 --2- >> [v2:172.21.15.66:3300/0,v1:172.21.15.66:6789/0] conn(0x7f0414106c50 0x7f041419e3c0 unknown :-1 s=NONE pgs=0 cs=0 l=1 rev1=0 crypto rx=0 tx=0 comp rx=0 tx=0).connect
2024-04-21T08:58:30.228 INFO:teuthology.orchestra.run.smithi066.stdout:/usr/bin/ceph: stderr
2024-04-21T08:58:28.739+0000 7f041b323700 1 -- --> [v2:172.21.15.66:3300/0,v1:172.21.15.66:6789/0] -- mon_getmap magic: 0 -- 0x7f0414108620 con 0x7f0414106c50
2024-04-21T08:58:30.228 INFO:teuthology.orchestra.run.smithi066.stdout:/usr/bin/ceph: stderr
2024-04-21T08:58:28.739+0000 7f04190bf700 1 --2- >> [v2:172.21.15.66:3300/0,v1:172.21.15.66:6789/0] conn(0x7f0414106c50 0x7f041419e3c0 unknown :-1 s=BANNER_CONNECTING pgs=0 cs=0 l=1 rev1=0 crypto rx=0 tx=0 comp rx=0 tx=0)._handle_peer_banner_payload supported=3 required=0
2024-04-21T08:58:30.228 INFO:teuthology.orchestra.run.smithi066.stdout:/usr/bin/ceph: stderr
2024-04-21T08:58:28.739+0000 7f04190bf700 1 --2- >> [v2:172.21.15.66:3300/0,v1:172.21.15.66:6789/0] conn(0x7f0414106c50 0x7f041419e3c0 unknown :-1 s=HELLO_CONNECTING pgs=0 cs=0 l=1 rev1=1 crypto rx=0 tx=0 comp rx=0 tx=0).handle_hello peer v2:172.21.15.66:3300/0 says I am v2:172.21.15.66:44288/0 (socket says 172.21.15.66:44288)
2024-04-21T08:58:30.228 INFO:teuthology.orchestra.run.smithi066.stdout:/usr/bin/ceph: stderr
2024-04-21T08:58:28.739+0000 7f04190bf700 1 -- 172.21.15.66:0/3075220636 learned_addr learned my addr 172.21.15.66:0/3075220636 (peer_addr_for_me v2:172.21.15.66:0/0)
2024-04-21T08:58:30.228 INFO:teuthology.orchestra.run.smithi066.stdout:/usr/bin/ceph: stderr
2024-04-21T08:58:28.740+0000 7f04190bf700 1 -- 172.21.15.66:0/3075220636 --> [v2:172.21.15.66:3300/0,v1:172.21.15.66:6789/0] -- mon_subscribe({config=0+,monmap=0+}) -- 0x7f041419e900 con 0x7f0414106c50
2024-04-21T08:58:30.228 INFO:teuthology.orchestra.run.smithi066.stdout:/usr/bin/ceph: stderr
2024-04-21T08:58:28.740+0000 7f04190bf700 1 --2- 172.21.15.66:0/3075220636 >> [v2:172.21.15.66:3300/0,v1:172.21.15.66:6789/0] conn(0x7f0414106c50 0x7f041419e3c0 secure :-1 s=READY pgs=54 cs=0 l=1 rev1=1 crypto rx=0x7f04040116e0 tx=0x7f0404011aa0 comp rx=0 tx=0).ready entity=mon.0 client_cookie=0 server_cookie=0 in_seq=0 out_seq=0
2024-04-21T08:58:30.228 INFO:teuthology.orchestra.run.smithi066.stdout:/usr/bin/ceph: stderr
2024-04-21T08:58:28.740+0000 7f040a7fc700 1 -- 172.21.15.66:0/3075220636 <== mon.0 v2:172.21.15.66:3300/0 1 ==== mon_map magic: 0 ==== 205+0+0 (secure 0 0 0) 0x7f0404003a60 con 0x7f0414106c50
2024-04-21T08:58:30.228 INFO:teuthology.orchestra.run.smithi066.stdout:/usr/bin/ceph: stderr
2024-04-21T08:58:28.740+0000 7f040a7fc700 1 -- 172.21.15.66:0/3075220636 <== mon.0 v2:172.21.15.66:3300/0 2 ==== config(26 keys) ==== 1101+0+0 (secure 0 0 0) 0x7f040401b8f0 con 0x7f0414106c50
2024-04-21T08:58:30.228 INFO:teuthology.orchestra.run.smithi066.stdout:/usr/bin/ceph: stderr
2024-04-21T08:58:28.740+0000 7f041b323700 1 -- 172.21.15.66:0/3075220636 --> [v2:172.21.15.66:3300/0,v1:172.21.15.66:6789/0] -- mon_subscribe({mgrmap=0+}) -- 0x7f041419eb90 con 0x7f0414106c50
2024-04-21T08:58:30.228 INFO:teuthology.orchestra.run.smithi066.stdout:/usr/bin/ceph: stderr
2024-04-21T08:58:28.740+0000 7f040a7fc700 1 -- 172.21.15.66:0/3075220636 <== mon.0 v2:172.21.15.66:3300/0 3 ==== mon_map magic: 0 ==== 205+0+0 (secure 0 0 0) 0x7f0404019860 con 0x7f0414106c50
2024-04-21T08:58:30.228 INFO:teuthology.orchestra.run.smithi066.stdout:/usr/bin/ceph: stderr
2024-04-21T08:58:28.740+0000 7f041b323700 1 -- 172.21.15.66:0/3075220636 --> [v2:172.21.15.66:3300/0,v1:172.21.15.66:6789/0] -- mon_subscribe({osdmap=0}) -- 0x7f04141a1880 con 0x7f0414106c50
2024-04-21T08:58:30.228 INFO:teuthology.orchestra.run.smithi066.stdout:/usr/bin/ceph: stderr
