2024-04-21T09:00:05.002 INFO:teuthology.orchestra.run.smithi052.stdout:/usr/bin/ceph: stderr
2024-04-21T09:00:04.409+0000 7fa3557fa700 1 -- 172.21.15.52:0/450434111 <== mon.0 v2:172.21.15.52:3300/0 7 ==== mgrmap(e 7) ==== 46452+0+0 (secure 0 0 0) 0x7fa34c04fd20 con 0x7fa358108400
2024-04-21T09:00:05.002 INFO:teuthology.orchestra.run.smithi052.stdout:/usr/bin/ceph: stderr
2024-04-21T09:00:04.409+0000 7fa3557fa700 1 --2- 172.21.15.52:0/450434111 >> [v2:172.21.15.52:6800/1292044304,v1:172.21.15.52:6801/1292044304] conn(0x7fa34003cf10 0x7fa34003f300 unknown :-1 s=NONE pgs=0 cs=0 l=1 rev1=0 crypto rx=0 tx=0 comp rx=0 tx=0).connect
2024-04-21T09:00:05.002 INFO:teuthology.orchestra.run.smithi052.stdout:/usr/bin/ceph: stderr
2024-04-21T09:00:04.409+0000 7fa3557fa700 1 -- 172.21.15.52:0/450434111 --> [v2:172.21.15.52:6800/1292044304,v1:172.21.15.52:6801/1292044304] -- command(tid 0: {"prefix": "get_command_descriptions"}) -- 0x7fa34c012ec0 con 0x7fa34003cf10
2024-04-21T09:00:05.002 INFO:teuthology.orchestra.run.smithi052.stdout:/usr/bin/ceph: stderr
2024-04-21T09:00:04.410+0000 7fa3577fe700 1 --2- 172.21.15.52:0/450434111 >> [v2:172.21.15.52:6800/1292044304,v1:172.21.15.52:6801/1292044304] conn(0x7fa34003cf10 0x7fa34003f300 unknown :-1 s=BANNER_CONNECTING pgs=0 cs=0 l=1 rev1=0 crypto rx=0 tx=0 comp rx=0 tx=0)._handle_peer_banner_payload supported=3 required=0
2024-04-21T09:00:05.002 INFO:teuthology.orchestra.run.smithi052.stdout:/usr/bin/ceph: stderr
2024-04-21T09:00:04.410+0000 7fa3577fe700 1 --2- 172.21.15.52:0/450434111 >> [v2:172.21.15.52:6800/1292044304,v1:172.21.15.52:6801/1292044304] conn(0x7fa34003cf10 0x7fa34003f300 secure :-1 s=READY pgs=1 cs=0 l=1 rev1=1 crypto rx=0x7fa348003a10 tx=0x7fa348009290 comp rx=0 tx=0).ready entity=mgr.14120 client_cookie=0 server_cookie=0 in_seq=0 out_seq=0
2024-04-21T09:00:05.002 INFO:teuthology.orchestra.run.smithi052.stdout:/usr/bin/ceph: stderr
2024-04-21T09:00:04.411+0000 7fa3557fa700 1 -- 172.21.15.52:0/450434111 <== mgr.14120 v2:172.21.15.52:6800/1292044304 1 ==== command_reply(tid 0: 0 ) ==== 8+0+7774 (secure 0 0 0) 0x7fa34c012ec0 con 0x7fa34003cf10
2024-04-21T09:00:05.002 INFO:teuthology.orchestra.run.smithi052.stdout:/usr/bin/ceph: stderr
2024-04-21T09:00:04.418+0000 7fa35e4bf700 1 -- 172.21.15.52:0/450434111 --> [v2:172.21.15.52:6800/1292044304,v1:172.21.15.52:6801/1292044304] -- command(tid 1: {"prefix": "mgr_status"}) -- 0x7fa35810c960 con 0x7fa34003cf10
2024-04-21T09:00:05.002 INFO:teuthology.orchestra.run.smithi052.stdout:/usr/bin/ceph: stderr
2024-04-21T09:00:04.418+0000 7fa3557fa700 1 -- 172.21.15.52:0/450434111 <== mgr.14120 v2:172.21.15.52:6800/1292044304 2 ==== command_reply(tid 1: 0 ) ==== 8+0+51 (secure 0 0 0) 0x7fa35810c960 con 0x7fa34003cf10
2024-04-21T09:00:05.002 INFO:teuthology.orchestra.run.smithi052.stdout:/usr/bin/ceph: stderr
2024-04-21T09:00:04.418+0000 7fa35e4bf700 1 -- 172.21.15.52:0/450434111 >> [v2:172.21.15.52:6800/1292044304,v1:172.21.15.52:6801/1292044304] conn(0x7fa34003cf10 msgr2=0x7fa34003f300 secure :-1 s=STATE_CONNECTION_ESTABLISHED l=1).mark_down
2024-04-21T09:00:05.002 INFO:teuthology.orchestra.run.smithi052.stdout:/usr/bin/ceph: stderr
2024-04-21T09:00:04.418+0000 7fa35e4bf700 1 --2- 172.21.15.52:0/450434111 >> [v2:172.21.15.52:6800/1292044304,v1:172.21.15.52:6801/1292044304] conn(0x7fa34003cf10 0x7fa34003f300 secure :-1 s=READY pgs=1 cs=0 l=1 rev1=1 crypto rx=0x7fa348003a10 tx=0x7fa348009290 comp rx=0 tx=0).stop
2024-04-21T09:00:05.002 INFO:teuthology.orchestra.run.smithi052.stdout:/usr/bin/ceph: stderr
2024-04-21T09:00:04.418+0000 7fa35e4bf700 1 -- 172.21.15.52:0/450434111 >> [v2:172.21.15.52:3300/0,v1:172.21.15.52:6789/0] conn(0x7fa358108400 msgr2=0x7fa35819c1f0 secure :-1 s=STATE_CONNECTION_ESTABLISHED l=1).mark_down
2024-04-21T09:00:05.002 INFO:teuthology.orchestra.run.smithi052.stdout:/usr/bin/ceph: stderr
2024-04-21T09:00:04.418+0000 7fa35e4bf700 1 --2- 172.21.15.52:0/450434111 >> [v2:172.21.15.52:3300/0,v1:172.21.15.52:6789/0] conn(0x7fa358108400 0x7fa35819c1f0 secure :-1 s=READY pgs=29 cs=0 l=1 rev1=1 crypto rx=0x7fa34c003f40 tx=0x7fa34c011890 comp rx=0 tx=0).stop
2024-04-21T09:00:05.002 INFO:teuthology.orchestra.run.smithi052.stdout:/usr/bin/ceph: stderr
2024-04-21T09:00:04.418+0000 7fa35e4bf700 1 -- 172.21.15.52:0/450434111 shutdown_connections
2024-04-21T09:00:05.003 INFO:teuthology.orchestra.run.smithi052.stdout:/usr/bin/ceph: stderr
2024-04-21T09:00:04.418+0000 7fa35e4bf700 1 --2- 172.21.15.52:0/450434111 >> [v2:172.21.15.52:6800/1292044304,v1:172.21.15.52:6801/1292044304] conn(0x7fa34003cf10 0x7fa34003f300 unknown :-1 s=CLOSED pgs=1 cs=0 l=1 rev1=1 crypto rx=0 tx=0 comp rx=0 tx=0).stop
2024-04-21T09:00:05.003 INFO:teuthology.orchestra.run.smithi052.stdout:/usr/bin/ceph: stderr
2024-04-21T09:00:04.418+0000 7fa35e4bf700 1 --2- 172.21.15.52:0/450434111 >> [v2:172.21.15.52:3300/0,v1:172.21.15.52:6789/0] conn(0x7fa358108400 0x7fa35819c1f0 unknown :-1 s=CLOSED pgs=29 cs=0 l=1 rev1=1 crypto rx=0 tx=0 comp rx=0 tx=0).stop
2024-04-21T09:00:05.003 INFO:teuthology.orchestra.run.smithi052.stdout:/usr/bin/ceph: stderr
2024-04-21T09:00:04.418+0000 7fa35e4bf700 1 --2- 172.21.15.52:0/450434111 >> [v2:172.21.15.52:6800/3616137234,v1:172.21.15.52:6801/3616137234] conn(0x7fa340039620 0x7fa34003bae0 unknown :-1 s=CLOSED pgs=0 cs=0 l=1 rev1=0 crypto rx=0 tx=0 comp rx=0 tx=0).stop
2024-04-21T09:00:05.003 INFO:teuthology.orchestra.run.smithi052.stdout:/usr/bin/ceph: stderr
2024-04-21T09:00:04.418+0000 7fa35e4bf700 1 -- 172.21.15.52:0/450434111 >> 172.21.15.52:0/450434111 conn(0x7fa3581039c0 msgr2=0x7fa358104410 unknown :-1 s=STATE_NONE l=0).mark_down
2024-04-21T09:00:05.003 INFO:teuthology.orchestra.run.smithi052.stdout:/usr/bin/ceph: stderr
2024-04-21T09:00:04.418+0000 7fa35e4bf700 1 -- 172.21.15.52:0/450434111 shutdown_connections
2024-04-21T09:00:05.003 INFO:teuthology.orchestra.run.smithi052.stdout:/usr/bin/ceph: stderr
2024-04-21T09:00:04.418+0000 7fa35e4bf700 1 -- 172.21.15.52:0/450434111 wait complete.
2024-04-21T09:00:05.003 INFO:teuthology.orchestra.run.smithi052.stdout:mgr epoch 5 is available
2024-04-21T09:00:05.003 INFO:teuthology.orchestra.run.smithi052.stdout:Setting orchestrator backend to cephadm...
2024-04-21T09:00:05.693 INFO:journalctl@ceph.mon.a.smithi052.stdout:Apr 21 09:00:05 smithi052 ceph-mon[28035]: from='client.14124 -' entity='client.admin' cmd=[{"prefix": "get_command_descriptions"}]: dispatch
2024-04-21T09:00:05.694 INFO:journalctl@ceph.mon.a.smithi052.stdout:Apr 21 09:00:05 smithi052 ceph-mon[28035]: from='client.14124 -' entity='client.admin' cmd=[{"prefix": "mgr_status"}]: dispatch
2024-04-21T09:00:05.694 INFO:journalctl@ceph.mon.a.smithi052.stdout:Apr 21 09:00:05 smithi052 ceph-mon[28035]: [21/Apr/2024:09:00:05] ENGINE Bus STARTING
2024-04-21T09:00:05.694 INFO:journalctl@ceph.mon.a.smithi052.stdout:Apr 21 09:00:05 smithi052 ceph-mon[28035]: [21/Apr/2024:09:00:05] ENGINE Serving on http://172.21.15.52:8765
2024-04-21T09:00:05.694 INFO:journalctl@ceph.mon.a.smithi052.stdout:Apr 21 09:00:05 smithi052 ceph-mon[28035]: from='mgr.14120 172.21.15.52:0/3498460311' entity='mgr.x' cmd=[{"prefix": "config dump", "format": "json"}]: dispatch
2024-04-21T09:00:06.303 INFO:teuthology.orchestra.run.smithi052.stdout:/usr/bin/ceph: stderr
2024-04-21T09:00:05.454+0000 7f63769cc700 1 Processor -- start
2024-04-21T09:00:06.304 INFO:teuthology.orchestra.run.smithi052.stdout:/usr/bin/ceph: stderr
2024-04-21T09:00:05.454+0000 7f63769cc700 1 -- start start
2024-04-21T09:00:06.304 INFO:teuthology.orchestra.run.smithi052.stdout:/usr/bin/ceph: stderr
2024-04-21T09:00:05.455+0000 7f63769cc700 1 --2- >> [v2:172.21.15.52:3300/0,v1:172.21.15.52:6789/0] conn(0x7f637007de60 0x7f637007c310 unknown :-1 s=NONE pgs=0 cs=0 l=0 rev1=0 crypto rx=0 tx=0 comp rx=0 tx=0).connect
2024-04-21T09:00:06.304 INFO:teuthology.orchestra.run.smithi052.stdout:/usr/bin/ceph: stderr
2024-04-21T09:00:05.455+0000 7f63769cc700 1 -- --> [v2:172.21.15.52:3300/0,v1:172.21.15.52:6789/0] -- mon_getmap magic: 0 -- 0x7f637007c8e0 con 0x7f637007de60
2024-04-21T09:00:06.304 INFO:teuthology.orchestra.run.smithi052.stdout:/usr/bin/ceph: stderr
2024-04-21T09:00:05.455+0000 7f636ffff700 1 --2- >> [v2:172.21.15.52:3300/0,v1:172.21.15.52:6789/0] conn(0x7f637007de60 0x7f637007c310 unknown :-1 s=BANNER_CONNECTING pgs=0 cs=0 l=0 rev1=0 crypto rx=0 tx=0 comp rx=0 tx=0)._handle_peer_banner_payload supported=3 required=0
2024-04-21T09:00:06.304 INFO:teuthology.orchestra.run.smithi052.stdout:/usr/bin/ceph: stderr
2024-04-21T09:00:05.455+0000 7f636ffff700 1 --2- >> [v2:172.21.15.52:3300/0,v1:172.21.15.52:6789/0] conn(0x7f637007de60 0x7f637007c310 unknown :-1 s=HELLO_CONNECTING pgs=0 cs=0 l=0 rev1=1 crypto rx=0 tx=0 comp rx=0 tx=0).handle_hello peer v2:172.21.15.52:3300/0 says I am v2:172.21.15.52:47910/0 (socket says 172.21.15.52:47910)
2024-04-21T09:00:06.304 INFO:teuthology.orchestra.run.smithi052.stdout:/usr/bin/ceph: stderr
2024-04-21T09:00:05.455+0000 7f636ffff700 1 -- 172.21.15.52:0/3140371346 learned_addr learned my addr 172.21.15.52:0/3140371346 (peer_addr_for_me v2:172.21.15.52:0/0)
2024-04-21T09:00:06.304 INFO:teuthology.orchestra.run.smithi052.stdout:/usr/bin/ceph: stderr
2024-04-21T09:00:05.455+0000 7f636ffff700 1 -- 172.21.15.52:0/3140371346 --> [v2:172.21.15.52:3300/0,v1:172.21.15.52:6789/0] -- mon_subscribe({config=0+,monmap=0+}) -- 0x7f637007ca60 con 0x7f637007de60
2024-04-21T09:00:06.304 INFO:teuthology.orchestra.run.smithi052.stdout:/usr/bin/ceph: stderr
2024-04-21T09:00:05.455+0000 7f636ffff700 1 --2- 172.21.15.52:0/3140371346 >> [v2:172.21.15.52:3300/0,v1:172.21.15.52:6789/0] conn(0x7f637007de60 0x7f637007c310 secure :-1 s=READY pgs=37 cs=0 l=1 rev1=1 crypto rx=0x7f63640098a0 tx=0x7f6364009bb0 comp rx=0 tx=0).ready entity=mon.0 client_cookie=d281d3a4c8d8051d server_cookie=0 in_seq=0 out_seq=0
2024-04-21T09:00:06.304 INFO:teuthology.orchestra.run.smithi052.stdout:/usr/bin/ceph: stderr
2024-04-21T09:00:05.456+0000 7f636effd700 1 -- 172.21.15.52:0/3140371346 <== mon.0 v2:172.21.15.52:3300/0 1 ==== mon_map magic: 0 ==== 205+0+0 (secure 0 0 0) 0x7f6364004160 con 0x7f637007de60
2024-04-21T09:00:06.304 INFO:teuthology.orchestra.run.smithi052.stdout:/usr/bin/ceph: stderr
2024-04-21T09:00:05.456+0000 7f636effd700 1 -- 172.21.15.52:0/3140371346 <== mon.0 v2:172.21.15.52:3300/0 2 ==== config(26 keys) ==== 1070+0+0 (secure 0 0 0) 0x7f6364004300 con 0x7f637007de60
2024-04-21T09:00:06.304 INFO:teuthology.orchestra.run.smithi052.stdout:/usr/bin/ceph: stderr
2024-04-21T09:00:05.456+0000 7f636effd700 1 -- 172.21.15.52:0/3140371346 <== mon.0 v2:172.21.15.52:3300/0 3 ==== mon_map magic: 0 ==== 205+0+0 (secure 0 0 0) 0x7f6364011af0 con 0x7f637007de60
2024-04-21T09:00:06.304 INFO:teuthology.orchestra.run.smithi052.stdout:/usr/bin/ceph: stderr
2024-04-21T09:00:05.456+0000 7f63769cc700 1 -- 172.21.15.52:0/3140371346 >> [v2:172.21.15.52:3300/0,v1:172.21.15.52:6789/0] conn(0x7f637007de60 msgr2=0x7f637007c310 secure :-1 s=STATE_CONNECTION_ESTABLISHED l=1).mark_down
2024-04-21T09:00:06.304 INFO:teuthology.orchestra.run.smithi052.stdout:/usr/bin/ceph: stderr
2024-04-21T09:00:05.456+0000 7f63769cc700 1 --2- 172.21.15.52:0/3140371346 >> [v2:172.21.15.52:3300/0,v1:172.21.15.52:6789/0] conn(0x7f637007de60 0x7f637007c310 secure :-1 s=READY pgs=37 cs=0 l=1 rev1=1 crypto rx=0x7f63640098a0 tx=0x7f6364009bb0 comp rx=0 tx=0).stop
2024-04-21T09:00:06.304 INFO:teuthology.orchestra.run.smithi052.stdout:/usr/bin/ceph: stderr
2024-04-21T09:00:05.456+0000 7f63769cc700 1 -- 172.21.15.52:0/3140371346 shutdown_connections
2024-04-21T09:00:06.305 INFO:teuthology.orchestra.run.smithi052.stdout:/usr/bin/ceph: stderr
2024-04-21T09:00:05.456+0000 7f63769cc700 1 --2- 172.21.15.52:0/3140371346 >> [v2:172.21.15.52:3300/0,v1:172.21.15.52:6789/0] conn(0x7f637007de60 0x7f637007c310 unknown :-1 s=CLOSED pgs=37 cs=0 l=1 rev1=1 crypto rx=0 tx=0 comp rx=0 tx=0).stop
2024-04-21T09:00:06.305 INFO:teuthology.orchestra.run.smithi052.stdout:/usr/bin/ceph: stderr
2024-04-21T09:00:05.456+0000 7f63769cc700 1 -- 172.21.15.52:0/3140371346 >> 172.21.15.52:0/3140371346 conn(0x7f6370103af0 msgr2=0x7f6370105f10 unknown :-1 s=STATE_NONE l=0).mark_down
2024-04-21T09:00:06.305 INFO:teuthology.orchestra.run.smithi052.stdout:/usr/bin/ceph: stderr
2024-04-21T09:00:05.456+0000 7f63769cc700 1 -- 172.21.15.52:0/3140371346 shutdown_connections
2024-04-21T09:00:06.305 INFO:teuthology.orchestra.run.smithi052.stdout:/usr/bin/ceph: stderr
2024-04-21T09:00:05.456+0000 7f63769cc700 1 -- 172.21.15.52:0/3140371346 wait complete.
2024-04-21T09:00:06.305 INFO:teuthology.orchestra.run.smithi052.stdout:/usr/bin/ceph: stderr
2024-04-21T09:00:05.457+0000 7f63769cc700 1 Processor -- start
2024-04-21T09:00:06.305 INFO:teuthology.orchestra.run.smithi052.stdout:/usr/bin/ceph: stderr
2024-04-21T09:00:05.457+0000 7f63769cc700 1 -- start start
2024-04-21T09:00:06.305 INFO:teuthology.orchestra.run.smithi052.stdout:/usr/bin/ceph: stderr
2024-04-21T09:00:05.457+0000 7f63769cc700 1 --2- >> [v2:172.21.15.52:3300/0,v1:172.21.15.52:6789/0] conn(0x7f637007de60 0x7f637019e3c0 unknown :-1 s=NONE pgs=0 cs=0 l=1 rev1=0 crypto rx=0 tx=0 comp rx=0 tx=0).connect
2024-04-21T09:00:06.305 INFO:teuthology.orchestra.run.smithi052.stdout:/usr/bin/ceph: stderr
2024-04-21T09:00:05.457+0000 7f63769cc700 1 -- --> [v2:172.21.15.52:3300/0,v1:172.21.15.52:6789/0] -- mon_getmap magic: 0 -- 0x7f637010e910 con 0x7f637007de60
2024-04-21T09:00:06.305 INFO:teuthology.orchestra.run.smithi052.stdout:/usr/bin/ceph: stderr
2024-04-21T09:00:05.457+0000 7f636ffff700 1 --2- >> [v2:172.21.15.52:3300/0,v1:172.21.15.52:6789/0] conn(0x7f637007de60 0x7f637019e3c0 unknown :-1 s=BANNER_CONNECTING pgs=0 cs=0 l=1 rev1=0 crypto rx=0 tx=0 comp rx=0 tx=0)._handle_peer_banner_payload supported=3 required=0
2024-04-21T09:00:06.305 INFO:teuthology.orchestra.run.smithi052.stdout:/usr/bin/ceph: stderr
2024-04-21T09:00:05.457+0000 7f636ffff700 1 --2- >> [v2:172.21.15.52:3300/0,v1:172.21.15.52:6789/0] conn(0x7f637007de60 0x7f637019e3c0 unknown :-1 s=HELLO_CONNECTING pgs=0 cs=0 l=1 rev1=1 crypto rx=0 tx=0 comp rx=0 tx=0).handle_hello peer v2:172.21.15.52:3300/0 says I am v2:172.21.15.52:47926/0 (socket says 172.21.15.52:47926)
2024-04-21T09:00:06.305 INFO:teuthology.orchestra.run.smithi052.stdout:/usr/bin/ceph: stderr
2024-04-21T09:00:05.457+0000 7f636ffff700 1 -- 172.21.15.52:0/81325170 learned_addr learned my addr 172.21.15.52:0/81325170 (peer_addr_for_me v2:172.21.15.52:0/0)
2024-04-21T09:00:06.305 INFO:teuthology.orchestra.run.smithi052.stdout:/usr/bin/ceph: stderr
2024-04-21T09:00:05.458+0000 7f636ffff700 1 -- 172.21.15.52:0/81325170 --> [v2:172.21.15.52:3300/0,v1:172.21.15.52:6789/0] -- mon_subscribe({config=0+,monmap=0+}) -- 0x7f637019e900 con 0x7f637007de60
2024-04-21T09:00:06.305 INFO:teuthology.orchestra.run.smithi052.stdout:/usr/bin/ceph: stderr
2024-04-21T09:00:05.458+0000 7f636ffff700 1 --2- 172.21.15.52:0/81325170 >> [v2:172.21.15.52:3300/0,v1:172.21.15.52:6789/0] conn(0x7f637007de60 0x7f637019e3c0 secure :-1 s=READY pgs=38 cs=0 l=1 rev1=1 crypto rx=0x7f6364011ac0 tx=0x7f6364011ba0 comp rx=0 tx=0).ready entity=mon.0 client_cookie=0 server_cookie=0 in_seq=0 out_seq=0
2024-04-21T09:00:06.306 INFO:teuthology.orchestra.run.smithi052.stdout:/usr/bin/ceph: stderr
2024-04-21T09:00:05.460+0000 7f636d7fa700 1 -- 172.21.15.52:0/81325170 <== mon.0 v2:172.21.15.52:3300/0 1 ==== mon_map magic: 0 ==== 205+0+0 (secure 0 0 0) 0x7f6364003b20 con 0x7f637007de60
2024-04-21T09:00:06.306 INFO:teuthology.orchestra.run.smithi052.stdout:/usr/bin/ceph: stderr
2024-04-21T09:00:05.460+0000 7f636d7fa700 1 -- 172.21.15.52:0/81325170 <== mon.0 v2:172.21.15.52:3300/0 2 ==== config(26 keys) ==== 1070+0+0 (secure 0 0 0) 0x7f636401a8c0 con 0x7f637007de60
2024-04-21T09:00:06.306 INFO:teuthology.orchestra.run.smithi052.stdout:/usr/bin/ceph: stderr
2024-04-21T09:00:05.460+0000 7f63769cc700 1 -- 172.21.15.52:0/81325170 --> [v2:172.21.15.52:3300/0,v1:172.21.15.52:6789/0] -- mon_subscribe({mgrmap=0+}) -- 0x7f637019eb90 con 0x7f637007de60
2024-04-21T09:00:06.306 INFO:teuthology.orchestra.run.smithi052.stdout:/usr/bin/ceph: stderr
2024-04-21T09:00:05.460+0000 7f636d7fa700 1 -- 172.21.15.52:0/81325170 <== mon.0 v2:172.21.15.52:3300/0 3 ==== mon_map magic: 0 ==== 205+0+0 (secure 0 0 0) 0x7f63640248d0 con 0x7f637007de60
2024-04-21T09:00:06.306 INFO:teuthology.orchestra.run.smithi052.stdout:/usr/bin/ceph: stderr
2024-04-21T09:00:05.460+0000 7f63769cc700 1 -- 172.21.15.52:0/81325170 --> [v2:172.21.15.52:3300/0,v1:172.21.15.52:6789/0] -- mon_subscribe({osdmap=0}) -- 0x7f63701a1880 con 0x7f637007de60
2024-04-21T09:00:06.306 INFO:teuthology.orchestra.run.smithi052.stdout:/usr/bin/ceph: stderr
2024-04-21T09:00:05.461+0000 7f63769cc700 1 -- 172.21.15.52:0/81325170 --> [v2:172.21.15.52:3300/0,v1:172.21.15.52:6789/0] -- mon_command({"prefix": "get_command_descriptions"} v 0) -- 0x7f63700640a0 con 0x7f637007de60
2024-04-21T09:00:06.306 INFO:teuthology.orchestra.run.smithi052.stdout:/usr/bin/ceph: stderr
2024-04-21T09:00:05.463+0000 7f636d7fa700 1 -- 172.21.15.52:0/81325170 <== mon.0 v2:172.21.15.52:3300/0 4 ==== mgrmap(e 8) ==== 46558+0+0 (secure 0 0 0) 0x7f6364022020 con 0x7f637007de60
2024-04-21T09:00:06.306 INFO:teuthology.orchestra.run.smithi052.stdout:/usr/bin/ceph: stderr
2024-04-21T09:00:05.464+0000 7f636d7fa700 1 --2- 172.21.15.52:0/81325170 >> [v2:172.21.15.52:6800/1292044304,v1:172.21.15.52:6801/1292044304] conn(0x7f6358039720 0x7f635803bbe0 unknown :-1 s=NONE pgs=0 cs=0 l=1 rev1=0 crypto rx=0 tx=0 comp rx=0 tx=0).connect
2024-04-21T09:00:06.306 INFO:teuthology.orchestra.run.smithi052.stdout:/usr/bin/ceph: stderr
2024-04-21T09:00:05.464+0000 7f636d7fa700 1 -- 172.21.15.52:0/81325170 <== mon.0 v2:172.21.15.52:3300/0 5 ==== osd_map(2..2 src has 1..2) ==== 940+0+0 (secure 0 0 0) 0x7f636404dd20 con 0x7f637007de60
2024-04-21T09:00:06.306 INFO:teuthology.orchestra.run.smithi052.stdout:/usr/bin/ceph: stderr
2024-04-21T09:00:05.464+0000 7f636f7fe700 1 --2- 172.21.15.52:0/81325170 >> [v2:172.21.15.52:6800/1292044304,v1:172.21.15.52:6801/1292044304] conn(0x7f6358039720 0x7f635803bbe0 unknown :-1 s=BANNER_CONNECTING pgs=0 cs=0 l=1 rev1=0 crypto rx=0 tx=0 comp rx=0 tx=0)._handle_peer_banner_payload supported=3 required=0
2024-04-21T09:00:06.306 INFO:teuthology.orchestra.run.smithi052.stdout:/usr/bin/ceph: stderr
2024-04-21T09:00:05.464+0000 7f636f7fe700 1 --2- 172.21.15.52:0/81325170 >> [v2:172.21.15.52:6800/1292044304,v1:172.21.15.52:6801/1292044304] conn(0x7f6358039720 0x7f635803bbe0 secure :-1 s=READY pgs=7 cs=0 l=1 rev1=1 crypto rx=0x7f6360006fd0 tx=0x7f6360006e40 comp rx=0 tx=0).ready entity=mgr.14120 client_cookie=0 server_cookie=0 in_seq=0 out_seq=0
2024-04-21T09:00:06.306 INFO:teuthology.orchestra.run.smithi052.stdout:/usr/bin/ceph: stderr
2024-04-21T09:00:05.468+0000 7f636d7fa700 1 -- 172.21.15.52:0/81325170 <== mon.0 v2:172.21.15.52:3300/0 6 ==== mon_command_ack([{"prefix": "get_command_descriptions"}]=0 v0) ==== 72+0+188370 (secure 0 0 0) 0x7f636402ddb0 con 0x7f637007de60
2024-04-21T09:00:06.306 INFO:teuthology.orchestra.run.smithi052.stdout:/usr/bin/ceph: stderr
2024-04-21T09:00:05.693+0000 7f63769cc700 1 -- 172.21.15.52:0/81325170 --> [v2:172.21.15.52:6800/1292044304,v1:172.21.15.52:6801/1292044304] -- mgr_command(tid 0: {"prefix": "orch set backend", "module_name": "cephadm", "target": ["mon-mgr", ""]}) -- 0x7f6370104c10 con 0x7f6358039720
2024-04-21T09:00:06.307 INFO:teuthology.orchestra.run.smithi052.stdout:/usr/bin/ceph: stderr
2024-04-21T09:00:05.698+0000 7f636d7fa700 1 -- 172.21.15.52:0/81325170 <== mgr.14120 v2:172.21.15.52:6800/1292044304 1 ==== mgr_command_reply(tid 0: 0 ) ==== 8+0+0 (secure 0 0 0) 0x7f6370104c10 con 0x7f6358039720
2024-04-21T09:00:06.307 INFO:teuthology.orchestra.run.smithi052.stdout:/usr/bin/ceph: stderr
2024-04-21T09:00:05.701+0000 7f63769cc700 1 -- 172.21.15.52:0/81325170 >> [v2:172.21.15.52:6800/1292044304,v1:172.21.15.52:6801/1292044304] conn(0x7f6358039720 msgr2=0x7f635803bbe0 secure :-1 s=STATE_CONNECTION_ESTABLISHED l=1).mark_down
2024-04-21T09:00:06.307 INFO:teuthology.orchestra.run.smithi052.stdout:/usr/bin/ceph: stderr
2024-04-21T09:00:05.701+0000 7f63769cc700 1 --2- 172.21.15.52:0/81325170 >> [v2:172.21.15.52:6800/1292044304,v1:172.21.15.52:6801/1292044304] conn(0x7f6358039720 0x7f635803bbe0 secure :-1 s=READY pgs=7 cs=0 l=1 rev1=1 crypto rx=0x7f6360006fd0 tx=0x7f6360006e40 comp rx=0 tx=0).stop
2024-04-21T09:00:06.307 INFO:teuthology.orchestra.run.smithi052.stdout:/usr/bin/ceph: stderr
2024-04-21T09:00:05.701+0000 7f63769cc700 1 -- 172.21.15.52:0/81325170 >> [v2:172.21.15.52:3300/0,v1:172.21.15.52:6789/0] conn(0x7f637007de60 msgr2=0x7f637019e3c0 secure :-1 s=STATE_CONNECTION_ESTABLISHED l=1).mark_down
2024-04-21T09:00:06.307 INFO:teuthology.orchestra.run.smithi052.stdout:/usr/bin/ceph: stderr
2024-04-21T09:00:05.701+0000 7f63769cc700 1 --2- 172.21.15.52:0/81325170 >> [v2:172.21.15.52:3300/0,v1:172.21.15.52:6789/0] conn(0x7f637007de60 0x7f637019e3c0 secure :-1 s=READY pgs=38 cs=0 l=1 rev1=1 crypto rx=0x7f6364011ac0 tx=0x7f6364011ba0 comp rx=0 tx=0).stop
2024-04-21T09:00:06.307 INFO:teuthology.orchestra.run.smithi052.stdout:/usr/bin/ceph: stderr
2024-04-21T09:00:05.701+0000 7f63769cc700 1 -- 172.21.15.52:0/81325170 shutdown_connections
2024-04-21T09:00:06.307 INFO:teuthology.orchestra.run.smithi052.stdout:/usr/bin/ceph: stderr
2024-04-21T09:00:05.701+0000 7f63769cc700 1 --2- 172.21.15.52:0/81325170 >> [v2:172.21.15.52:6800/1292044304,v1:172.21.15.52:6801/1292044304] conn(0x7f6358039720 0x7f635803bbe0 unknown :-1 s=CLOSED pgs=7 cs=0 l=1 rev1=1 crypto rx=0 tx=0 comp rx=0 tx=0).stop
2024-04-21T09:00:06.307 INFO:teuthology.orchestra.run.smithi052.stdout:/usr/bin/ceph: stderr
2024-04-21T09:00:05.701+0000 7f63769cc700 1 --2- 172.21.15.52:0/81325170 >> [v2:172.21.15.52:3300/0,v1:172.21.15.52:6789/0] conn(0x7f637007de60 0x7f637019e3c0 unknown :-1 s=CLOSED pgs=38 cs=0 l=1 rev1=1 crypto rx=0 tx=0 comp rx=0 tx=0).stop
2024-04-21T09:00:06.307 INFO:teuthology.orchestra.run.smithi052.stdout:/usr/bin/ceph: stderr
2024-04-21T09:00:05.701+0000 7f63769cc700 1 -- 172.21.15.52:0/81325170 >> 172.21.15.52:0/81325170 conn(0x7f6370103af0 msgr2=0x7f6370104500 unknown :-1 s=STATE_NONE l=0).mark_down
2024-04-21T09:00:06.307 INFO:teuthology.orchestra.run.smithi052.stdout:/usr/bin/ceph: stderr
2024-04-21T09:00:05.701+0000 7f63769cc700 1 -- 172.21.15.52:0/81325170 shutdown_connections
2024-04-21T09:00:06.307 INFO:teuthology.orchestra.run.smithi052.stdout:/usr/bin/ceph: stderr
2024-04-21T09:00:05.701+0000 7f63769cc700 1 -- 172.21.15.52:0/81325170 wait complete.
2024-04-21T09:00:06.597 INFO:journalctl@ceph.mon.a.smithi052.stdout:Apr 21 09:00:06 smithi052 ceph-mon[28035]: [21/Apr/2024:09:00:05] ENGINE Serving on https://172.21.15.52:7150
2024-04-21T09:00:06.598 INFO:journalctl@ceph.mon.a.smithi052.stdout:Apr 21 09:00:06 smithi052 ceph-mon[28035]: [21/Apr/2024:09:00:05] ENGINE Bus STARTED
2024-04-21T09:00:06.598 INFO:journalctl@ceph.mon.a.smithi052.stdout:Apr 21 09:00:06 smithi052 ceph-mon[28035]: mgrmap e8: x(active, since 2s)
2024-04-21T09:00:06.598 INFO:journalctl@ceph.mon.a.smithi052.stdout:Apr 21 09:00:06 smithi052 ceph-mon[28035]: from='client.14132 -' entity='client.admin' cmd=[{"prefix": "orch set backend", "module_name": "cephadm", "target": ["mon-mgr", ""]}]: dispatch
2024-04-21T09:00:06.598 INFO:journalctl@ceph.mon.a.smithi052.stdout:Apr 21 09:00:06 smithi052 ceph-mon[28035]: from='mgr.14120 172.21.15.52:0/3498460311' entity='mgr.x'
2024-04-21T09:00:06.598 INFO:journalctl@ceph.mon.a.smithi052.stdout:Apr 21 09:00:06 smithi052 ceph-mon[28035]: from='mgr.14120 172.21.15.52:0/3498460311' entity='mgr.x' cmd=[{"prefix": "config dump", "format": "json"}]: dispatch
2024-04-21T09:00:07.500 INFO:journalctl@ceph.mon.a.smithi052.stdout:Apr 21 09:00:07 smithi052 ceph-mon[28035]: from='client.14134 -' entity='client.admin' cmd=[{"prefix": "cephadm set-user", "user": "root", "target": ["mon-mgr", ""]}]: dispatch
2024-04-21T09:00:07.509 INFO:teuthology.orchestra.run.smithi052.stdout:/usr/bin/ceph: stdout value unchanged
2024-04-21T09:00:07.509 INFO:teuthology.orchestra.run.smithi052.stdout:/usr/bin/ceph: stderr
2024-04-21T09:00:06.708+0000 7fbed85e2700 1 Processor -- start
2024-04-21T09:00:07.509 INFO:teuthology.orchestra.run.smithi052.stdout:/usr/bin/ceph: stderr
2024-04-21T09:00:06.709+0000 7fbed85e2700 1 -- start start
2024-04-21T09:00:07.509 INFO:teuthology.orchestra.run.smithi052.stdout:/usr/bin/ceph: stderr
2024-04-21T09:00:06.709+0000 7fbed85e2700 1 --2- >> [v2:172.21.15.52:3300/0,v1:172.21.15.52:6789/0] conn(0x7fbed007de20 0x7fbed007c2d0 unknown :-1 s=NONE pgs=0 cs=0 l=0 rev1=0 crypto rx=0 tx=0 comp rx=0 tx=0).connect
2024-04-21T09:00:07.509 INFO:teuthology.orchestra.run.smithi052.stdout:/usr/bin/ceph: stderr
2024-04-21T09:00:06.709+0000 7fbed85e2700 1 -- --> [v2:172.21.15.52:3300/0,v1:172.21.15.52:6789/0] -- mon_getmap magic: 0 -- 0x7fbed007c810 con 0x7fbed007de20
2024-04-21T09:00:07.509 INFO:teuthology.orchestra.run.smithi052.stdout:/usr/bin/ceph: stderr
2024-04-21T09:00:06.709+0000 7fbed637e700 1 --2- >> [v2:172.21.15.52:3300/0,v1:172.21.15.52:6789/0] conn(0x7fbed007de20 0x7fbed007c2d0 unknown :-1 s=BANNER_CONNECTING pgs=0 cs=0 l=0 rev1=0 crypto rx=0 tx=0 comp rx=0 tx=0)._handle_peer_banner_payload supported=3 required=0
2024-04-21T09:00:07.509 INFO:teuthology.orchestra.run.smithi052.stdout:/usr/bin/ceph: stderr
2024-04-21T09:00:06.709+0000 7fbed637e700 1 --2- >> [v2:172.21.15.52:3300/0,v1:172.21.15.52:6789/0] conn(0x7fbed007de20 0x7fbed007c2d0 unknown :-1 s=HELLO_CONNECTING pgs=0 cs=0 l=0 rev1=1 crypto rx=0 tx=0 comp rx=0 tx=0).handle_hello peer v2:172.21.15.52:3300/0 says I am v2:172.21.15.52:53562/0 (socket says 172.21.15.52:53562)
2024-04-21T09:00:07.509 INFO:teuthology.orchestra.run.smithi052.stdout:/usr/bin/ceph: stderr
2024-04-21T09:00:06.709+0000 7fbed637e700 1 -- 172.21.15.52:0/3308768915 learned_addr learned my addr 172.21.15.52:0/3308768915 (peer_addr_for_me v2:172.21.15.52:0/0)
2024-04-21T09:00:07.509 INFO:teuthology.orchestra.run.smithi052.stdout:/usr/bin/ceph: stderr
2024-04-21T09:00:06.709+0000 7fbed637e700 1 -- 172.21.15.52:0/3308768915 --> [v2:172.21.15.52:3300/0,v1:172.21.15.52:6789/0] -- mon_subscribe({config=0+,monmap=0+}) -- 0x7fbed007c990 con 0x7fbed007de20
2024-04-21T09:00:07.509 INFO:teuthology.orchestra.run.smithi052.stdout:/usr/bin/ceph: stderr
2024-04-21T09:00:06.710+0000 7fbed637e700 1 --2- 172.21.15.52:0/3308768915 >> [v2:172.21.15.52:3300/0,v1:172.21.15.52:6789/0] conn(0x7fbed007de20 0x7fbed007c2d0 secure :-1 s=READY pgs=39 cs=0 l=1 rev1=1 crypto rx=0x7fbecc0098a0 tx=0x7fbecc009bb0 comp rx=0 tx=0).ready entity=mon.0 client_cookie=8fa762aa2de1e209 server_cookie=0 in_seq=0 out_seq=0
2024-04-21T09:00:07.509 INFO:teuthology.orchestra.run.smithi052.stdout:/usr/bin/ceph: stderr
2024-04-21T09:00:06.710+0000 7fbed537c700 1 -- 172.21.15.52:0/3308768915 <== mon.0 v2:172.21.15.52:3300/0 1 ==== mon_map magic: 0 ==== 205+0+0 (secure 0 0 0) 0x7fbecc004160 con 0x7fbed007de20
2024-04-21T09:00:07.509 INFO:teuthology.orchestra.run.smithi052.stdout:/usr/bin/ceph: stderr
2024-04-21T09:00:06.710+0000 7fbed537c700 1 -- 172.21.15.52:0/3308768915 <== mon.0 v2:172.21.15.52:3300/0 2 ==== config(26 keys) ==== 1070+0+0 (secure 0 0 0) 0x7fbecc004300 con 0x7fbed007de20
2024-04-21T09:00:07.509 INFO:teuthology.orchestra.run.smithi052.stdout:/usr/bin/ceph: stderr
2024-04-21T09:00:06.710+0000 7fbed537c700 1 -- 172.21.15.52:0/3308768915 <== mon.0 v2:172.21.15.52:3300/0 3 ==== mon_map magic: 0 ==== 205+0+0 (secure 0 0 0) 0x7fbecc011af0 con 0x7fbed007de20
2024-04-21T09:00:07.510 INFO:teuthology.orchestra.run.smithi052.stdout:/usr/bin/ceph: stderr
2024-04-21T09:00:06.710+0000 7fbed85e2700 1 -- 172.21.15.52:0/3308768915 >> [v2:172.21.15.52:3300/0,v1:172.21.15.52:6789/0] conn(0x7fbed007de20 msgr2=0x7fbed007c2d0 secure :-1 s=STATE_CONNECTION_ESTABLISHED l=1).mark_down
2024-04-21T09:00:07.510 INFO:teuthology.orchestra.run.smithi052.stdout:/usr/bin/ceph: stderr
2024-04-21T09:00:06.710+0000 7fbed85e2700 1 --2- 172.21.15.52:0/3308768915 >> [v2:172.21.15.52:3300/0,v1:172.21.15.52:6789/0] conn(0x7fbed007de20 0x7fbed007c2d0 secure :-1 s=READY pgs=39 cs=0 l=1 rev1=1 crypto rx=0x7fbecc0098a0 tx=0x7fbecc009bb0 comp rx=0 tx=0).stop
2024-04-21T09:00:07.510 INFO:teuthology.orchestra.run.smithi052.stdout:/usr/bin/ceph: stderr
2024-04-21T09:00:06.710+0000 7fbed85e2700 1 -- 172.21.15.52:0/3308768915 shutdown_connections
2024-04-21T09:00:07.510 INFO:teuthology.orchestra.run.smithi052.stdout:/usr/bin/ceph: stderr
2024-04-21T09:00:06.710+0000 7fbed85e2700 1 --2- 172.21.15.52:0/3308768915 >> [v2:172.21.15.52:3300/0,v1:172.21.15.52:6789/0] conn(0x7fbed007de20 0x7fbed007c2d0 unknown :-1 s=CLOSED pgs=39 cs=0 l=1 rev1=1 crypto rx=0 tx=0 comp rx=0 tx=0).stop
2024-04-21T09:00:07.510 INFO:teuthology.orchestra.run.smithi052.stdout:/usr/bin/ceph: stderr
2024-04-21T09:00:06.710+0000 7fbed85e2700 1 -- 172.21.15.52:0/3308768915 >> 172.21.15.52:0/3308768915 conn(0x7fbed01039f0 msgr2=0x7fbed0105e10 unknown :-1 s=STATE_NONE l=0).mark_down
2024-04-21T09:00:07.510 INFO:teuthology.orchestra.run.smithi052.stdout:/usr/bin/ceph: stderr
2024-04-21T09:00:06.711+0000 7fbed85e2700 1 -- 172.21.15.52:0/3308768915 shutdown_connections
2024-04-21T09:00:07.510 INFO:teuthology.orchestra.run.smithi052.stdout:/usr/bin/ceph: stderr
2024-04-21T09:00:06.711+0000 7fbed85e2700 1 -- 172.21.15.52:0/3308768915 wait complete.
2024-04-21T09:00:07.510 INFO:teuthology.orchestra.run.smithi052.stdout:/usr/bin/ceph: stderr
2024-04-21T09:00:06.711+0000 7fbed85e2700 1 Processor -- start
2024-04-21T09:00:07.510 INFO:teuthology.orchestra.run.smithi052.stdout:/usr/bin/ceph: stderr
2024-04-21T09:00:06.711+0000 7fbed85e2700 1 -- start start
2024-04-21T09:00:07.510 INFO:teuthology.orchestra.run.smithi052.stdout:/usr/bin/ceph: stderr
2024-04-21T09:00:06.711+0000 7fbed85e2700 1 --2- >> [v2:172.21.15.52:3300/0,v1:172.21.15.52:6789/0] conn(0x7fbed007de20 0x7fbed019e3a0 unknown :-1 s=NONE pgs=0 cs=0 l=1 rev1=0 crypto rx=0 tx=0 comp rx=0 tx=0).connect
2024-04-21T09:00:07.510 INFO:teuthology.orchestra.run.smithi052.stdout:/usr/bin/ceph: stderr
2024-04-21T09:00:06.711+0000 7fbed85e2700 1 -- --> [v2:172.21.15.52:3300/0,v1:172.21.15.52:6789/0] -- mon_getmap magic: 0 -- 0x7fbed010e8e0 con 0x7fbed007de20
2024-04-21T09:00:07.510 INFO:teuthology.orchestra.run.smithi052.stdout:/usr/bin/ceph: stderr
2024-04-21T09:00:06.711+0000 7fbed637e700 1 --2- >> [v2:172.21.15.52:3300/0,v1:172.21.15.52:6789/0] conn(0x7fbed007de20 0x7fbed019e3a0 unknown :-1 s=BANNER_CONNECTING pgs=0 cs=0 l=1 rev1=0 crypto rx=0 tx=0 comp rx=0 tx=0)._handle_peer_banner_payload supported=3 required=0
2024-04-21T09:00:07.511 INFO:teuthology.orchestra.run.smithi052.stdout:/usr/bin/ceph: stderr
2024-04-21T09:00:06.711+0000 7fbed637e700 1 --2- >> [v2:172.21.15.52:3300/0,v1:172.21.15.52:6789/0] conn(0x7fbed007de20 0x7fbed019e3a0 unknown :-1 s=HELLO_CONNECTING pgs=0 cs=0 l=1 rev1=1 crypto rx=0 tx=0 comp rx=0 tx=0).handle_hello peer v2:172.21.15.52:3300/0 says I am v2:172.21.15.52:53566/0 (socket says 172.21.15.52:53566)
2024-04-21T09:00:07.511 INFO:teuthology.orchestra.run.smithi052.stdout:/usr/bin/ceph: stderr
2024-04-21T09:00:06.711+0000 7fbed637e700 1 -- 172.21.15.52:0/43425657 learned_addr learned my addr 172.21.15.52:0/43425657 (peer_addr_for_me v2:172.21.15.52:0/0)
2024-04-21T09:00:07.511 INFO:teuthology.orchestra.run.smithi052.stdout:/usr/bin/ceph: stderr
2024-04-21T09:00:06.712+0000 7fbed637e700 1 -- 172.21.15.52:0/43425657 --> [v2:172.21.15.52:3300/0,v1:172.21.15.52:6789/0] -- mon_subscribe({config=0+,monmap=0+}) -- 0x7fbed019e8e0 con 0x7fbed007de20
2024-04-21T09:00:07.511 INFO:teuthology.orchestra.run.smithi052.stdout:/usr/bin/ceph: stderr
2024-04-21T09:00:06.712+0000 7fbed637e700 1 --2- 172.21.15.52:0/43425657 >> [v2:172.21.15.52:3300/0,v1:172.21.15.52:6789/0] conn(0x7fbed007de20 0x7fbed019e3a0 secure :-1 s=READY pgs=40 cs=0 l=1 rev1=1 crypto rx=0x7fbecc003f40 tx=0x7fbecc011890 comp rx=0 tx=0).ready entity=mon.0 client_cookie=0 server_cookie=0 in_seq=0 out_seq=0
2024-04-21T09:00:07.511 INFO:teuthology.orchestra.run.smithi052.stdout:/usr/bin/ceph: stderr
2024-04-21T09:00:06.712+0000 7fbec37fe700 1 -- 172.21.15.52:0/43425657 <== mon.0 v2:172.21.15.52:3300/0 1 ==== mon_map magic: 0 ==== 205+0+0 (secure 0 0 0) 0x7fbecc0038b0 con 0x7fbed007de20
2024-04-21T09:00:07.511 INFO:teuthology.orchestra.run.smithi052.stdout:/usr/bin/ceph: stderr
2024-04-21T09:00:06.712+0000 7fbec37fe700 1 -- 172.21.15.52:0/43425657 <== mon.0 v2:172.21.15.52:3300/0 2 ==== config(26 keys) ==== 1070+0+0 (secure 0 0 0) 0x7fbecc003a50 con 0x7fbed007de20
2024-04-21T09:00:07.511 INFO:teuthology.orchestra.run.smithi052.stdout:/usr/bin/ceph: stderr
2024-04-21T09:00:06.712+0000 7fbec37fe700 1 -- 172.21.15.52:0/43425657 <== mon.0 v2:172.21.15.52:3300/0 3 ==== mon_map magic: 0 ==== 205+0+0 (secure 0 0 0) 0x7fbecc01a5c0 con 0x7fbed007de20
2024-04-21T09:00:07.511 INFO:teuthology.orchestra.run.smithi052.stdout:/usr/bin/ceph: stderr
2024-04-21T09:00:06.712+0000 7fbed85e2700 1 -- 172.21.15.52:0/43425657 --> [v2:172.21.15.52:3300/0,v1:172.21.15.52:6789/0] -- mon_subscribe({mgrmap=0+}) -- 0x7fbed019eb70 con 0x7fbed007de20
2024-04-21T09:00:07.511 INFO:teuthology.orchestra.run.smithi052.stdout:/usr/bin/ceph: stderr
2024-04-21T09:00:06.712+0000 7fbed85e2700 1 -- 172.21.15.52:0/43425657 --> [v2:172.21.15.52:3300/0,v1:172.21.15.52:6789/0] -- mon_subscribe({osdmap=0}) -- 0x7fbed01a1860 con 0x7fbed007de20
2024-04-21T09:00:07.511 INFO:teuthology.orchestra.run.smithi052.stdout:/usr/bin/ceph: stderr
2024-04-21T09:00:06.713+0000 7fbec37fe700 1 -- 172.21.15.52:0/43425657 <== mon.0 v2:172.21.15.52:3300/0 4 ==== mgrmap(e 8) ==== 46558+0+0 (secure 0 0 0) 0x7fbecc01a870 con 0x7fbed007de20
2024-04-21T09:00:07.511 INFO:teuthology.orchestra.run.smithi052.stdout:/usr/bin/ceph: stderr
2024-04-21T09:00:06.713+0000 7fbed85e2700 1 -- 172.21.15.52:0/43425657 --> [v2:172.21.15.52:3300/0,v1:172.21.15.52:6789/0] -- mon_command({"prefix": "get_command_descriptions"} v 0) -- 0x7fbed0069b50 con 0x7fbed007de20
2024-04-21T09:00:07.511 INFO:teuthology.orchestra.run.smithi052.stdout:/usr/bin/ceph: stderr
2024-04-21T09:00:06.713+0000 7fbec37fe700 1 --2- 172.21.15.52:0/43425657 >> [v2:172.21.15.52:6800/1292044304,v1:172.21.15.52:6801/1292044304] conn(0x7fbebc039670 0x7fbebc03bb30 unknown :-1 s=NONE pgs=0 cs=0 l=1 rev1=0 crypto rx=0 tx=0 comp rx=0 tx=0).connect
2024-04-21T09:00:07.511 INFO:teuthology.orchestra.run.smithi052.stdout:/usr/bin/ceph: stderr
2024-04-21T09:00:06.713+0000 7fbec37fe700 1 -- 172.21.15.52:0/43425657 <== mon.0 v2:172.21.15.52:3300/0 5 ==== osd_map(2..2 src has 1..2) ==== 940+0+0 (secure 0 0 0) 0x7fbecc04db70 con 0x7fbed007de20
2024-04-21T09:00:07.512 INFO:teuthology.orchestra.run.smithi052.stdout:/usr/bin/ceph: stderr
2024-04-21T09:00:06.713+0000 7fbed5b7d700 1 --2- 172.21.15.52:0/43425657 >> [v2:172.21.15.52:6800/1292044304,v1:172.21.15.52:6801/1292044304] conn(0x7fbebc039670 0x7fbebc03bb30 unknown :-1 s=BANNER_CONNECTING pgs=0 cs=0 l=1 rev1=0 crypto rx=0 tx=0 comp rx=0 tx=0)._handle_peer_banner_payload supported=3 required=0
2024-04-21T09:00:07.512 INFO:teuthology.orchestra.run.smithi052.stdout:/usr/bin/ceph: stderr
2024-04-21T09:00:06.714+0000 7fbed5b7d700 1 --2- 172.21.15.52:0/43425657 >> [v2:172.21.15.52:6800/1292044304,v1:172.21.15.52:6801/1292044304] conn(0x7fbebc039670 0x7fbebc03bb30 secure :-1 s=READY pgs=8 cs=0 l=1 rev1=1 crypto rx=0x7fbec4006fd0 tx=0x7fbec4006e40 comp rx=0 tx=0).ready entity=mgr.14120 client_cookie=0 server_cookie=0 in_seq=0 out_seq=0
2024-04-21T09:00:07.512 INFO:teuthology.orchestra.run.smithi052.stdout:/usr/bin/ceph: stderr
2024-04-21T09:00:06.719+0000 7fbec37fe700 1 -- 172.21.15.52:0/43425657 <== mon.0 v2:172.21.15.52:3300/0 6 ==== mon_command_ack([{"prefix": "get_command_descriptions"}]=0 v0) ==== 72+0+188370 (secure 0 0 0) 0x7fbecc04d4c0 con 0x7fbed007de20
2024-04-21T09:00:07.512 INFO:teuthology.orchestra.run.smithi052.stdout:/usr/bin/ceph: stderr
2024-04-21T09:00:06.928+0000 7fbed85e2700 1 -- 172.21.15.52:0/43425657 --> [v2:172.21.15.52:6800/1292044304,v1:172.21.15.52:6801/1292044304] -- mgr_command(tid 0: {"prefix": "cephadm set-user", "user": "root", "target": ["mon-mgr", ""]}) -- 0x7fbed0104b30 con 0x7fbebc039670
2024-04-21T09:00:07.512 INFO:teuthology.orchestra.run.smithi052.stdout:/usr/bin/ceph: stderr
2024-04-21T09:00:06.928+0000 7fbec37fe700 1 -- 172.21.15.52:0/43425657 <== mgr.14120 v2:172.21.15.52:6800/1292044304 1 ==== mgr_command_reply(tid 0: 0 ) ==== 8+0+16 (secure 0 0 0) 0x7fbed0104b30 con 0x7fbebc039670
2024-04-21T09:00:07.512 INFO:teuthology.orchestra.run.smithi052.stdout:/usr/bin/ceph: stderr
2024-04-21T09:00:06.930+0000 7fbed85e2700 1 -- 172.21.15.52:0/43425657 >> [v2:172.21.15.52:6800/1292044304,v1:172.21.15.52:6801/1292044304] conn(0x7fbebc039670 msgr2=0x7fbebc03bb30 secure :-1 s=STATE_CONNECTION_ESTABLISHED l=1).mark_down
2024-04-21T09:00:07.512 INFO:teuthology.orchestra.run.smithi052.stdout:/usr/bin/ceph: stderr
2024-04-21T09:00:06.930+0000 7fbed85e2700 1 --2- 172.21.15.52:0/43425657 >> [v2:172.21.15.52:6800/1292044304,v1:172.21.15.52:6801/1292044304] conn(0x7fbebc039670 0x7fbebc03bb30 secure :-1 s=READY pgs=8 cs=0 l=1 rev1=1 crypto rx=0x7fbec4006fd0 tx=0x7fbec4006e40 comp rx=0 tx=0).stop
2024-04-21T09:00:07.512 INFO:teuthology.orchestra.run.smithi052.stdout:/usr/bin/ceph: stderr
2024-04-21T09:00:06.930+0000 7fbed85e2700 1 -- 172.21.15.52:0/43425657 >> [v2:172.21.15.52:3300/0,v1:172.21.15.52:6789/0] conn(0x7fbed007de20 msgr2=0x7fbed019e3a0 secure :-1 s=STATE_CONNECTION_ESTABLISHED l=1).mark_down
2024-04-21T09:00:07.512 INFO:teuthology.orchestra.run.smithi052.stdout:/usr/bin/ceph: stderr
2024-04-21T09:00:06.930+0000 7fbed85e2700 1 --2- 172.21.15.52:0/43425657 >> [v2:172.21.15.52:3300/0,v1:172.21.15.52:6789/0] conn(0x7fbed007de20 0x7fbed019e3a0 secure :-1 s=READY pgs=40 cs=0 l=1 rev1=1 crypto rx=0x7fbecc003f40 tx=0x7fbecc011890 comp rx=0 tx=0).stop
2024-04-21T09:00:07.512 INFO:teuthology.orchestra.run.smithi052.stdout:/usr/bin/ceph: stderr
2024-04-21T09:00:06.930+0000 7fbed85e2700 1 -- 172.21.15.52:0/43425657 shutdown_connections
2024-04-21T09:00:07.512 INFO:teuthology.orchestra.run.smithi052.stdout:/usr/bin/ceph: stderr
2024-04-21T09:00:06.930+0000 7fbed85e2700 1 --2- 172.21.15.52:0/43425657 >> [v2:172.21.15.52:6800/1292044304,v1:172.21.15.52:6801/1292044304] conn(0x7fbebc039670 0x7fbebc03bb30 unknown :-1 s=CLOSED pgs=8 cs=0 l=1 rev1=1 crypto rx=0 tx=0 comp rx=0 tx=0).stop
2024-04-21T09:00:07.512 INFO:teuthology.orchestra.run.smithi052.stdout:/usr/bin/ceph: stderr
2024-04-21T09:00:06.930+0000 7fbed85e2700 1 --2- 172.21.15.52:0/43425657 >> [v2:172.21.15.52:3300/0,v1:172.21.15.52:6789/0] conn(0x7fbed007de20 0x7fbed019e3a0 unknown :-1 s=CLOSED pgs=40 cs=0 l=1 rev1=1 crypto rx=0 tx=0 comp rx=0 tx=0).stop
2024-04-21T09:00:07.512 INFO:teuthology.orchestra.run.smithi052.stdout:/usr/bin/ceph: stderr
2024-04-21T09:00:06.930+0000 7fbed85e2700 1 -- 172.21.15.52:0/43425657 >> 172.21.15.52:0/43425657 conn(0x7fbed01039f0 msgr2=0x7fbed0104420 unknown :-1 s=STATE_NONE l=0).mark_down
2024-04-21T09:00:07.512 INFO:teuthology.orchestra.run.smithi052.stdout:/usr/bin/ceph: stderr
2024-04-21T09:00:06.931+0000 7fbed85e2700 1 -- 172.21.15.52:0/43425657 shutdown_connections
2024-04-21T09:00:07.512 INFO:teuthology.orchestra.run.smithi052.stdout:/usr/bin/ceph: stderr
2024-04-21T09:00:06.931+0000 7fbed85e2700 1 -- 172.21.15.52:0/43425657 wait complete.
2024-04-21T09:00:07.512 INFO:teuthology.orchestra.run.smithi052.stdout:Generating ssh key...
2024-04-21T09:00:08.954 INFO:journalctl@ceph.mon.a.smithi052.stdout:Apr 21 09:00:08 smithi052 ceph-mon[28035]: from='client.14136 -' entity='client.admin' cmd=[{"prefix": "cephadm generate-key", "target": ["mon-mgr", ""]}]: dispatch
2024-04-21T09:00:08.954 INFO:journalctl@ceph.mon.a.smithi052.stdout:Apr 21 09:00:08 smithi052 ceph-mon[28035]: Generating ssh key...
2024-04-21T09:00:08.954 INFO:journalctl@ceph.mgr.x.smithi052.stdout:Apr 21 09:00:08 smithi052 ceph-55749214-ffbd-11ee-bc93-c7b262605968-mgr-x[28268]: Generating public/private rsa key pair.
2024-04-21T09:00:08.954 INFO:journalctl@ceph.mgr.x.smithi052.stdout:Apr 21 09:00:08 smithi052 ceph-55749214-ffbd-11ee-bc93-c7b262605968-mgr-x[28268]: Your identification has been saved in /tmp/tmp_lfah92o/key.
2024-04-21T09:00:08.954 INFO:journalctl@ceph.mgr.x.smithi052.stdout:Apr 21 09:00:08 smithi052 ceph-55749214-ffbd-11ee-bc93-c7b262605968-mgr-x[28268]: Your public key has been saved in /tmp/tmp_lfah92o/key.pub.
2024-04-21T09:00:08.955 INFO:journalctl@ceph.mgr.x.smithi052.stdout:Apr 21 09:00:08 smithi052 ceph-55749214-ffbd-11ee-bc93-c7b262605968-mgr-x[28268]: The key fingerprint is:
2024-04-21T09:00:08.955 INFO:journalctl@ceph.mgr.x.smithi052.stdout:Apr 21 09:00:08 smithi052 ceph-55749214-ffbd-11ee-bc93-c7b262605968-mgr-x[28268]: SHA256:CKuh4z1+jwq5JgHev7EhnuiBp+X2nXyQmDVjI6sOPAI ceph-55749214-ffbd-11ee-bc93-c7b262605968
2024-04-21T09:00:08.955 INFO:journalctl@ceph.mgr.x.smithi052.stdout:Apr 21 09:00:08 smithi052 ceph-55749214-ffbd-11ee-bc93-c7b262605968-mgr-x[28268]: The key's randomart image is:
2024-04-21T09:00:08.955 INFO:journalctl@ceph.mgr.x.smithi052.stdout:Apr 21 09:00:08 smithi052 ceph-55749214-ffbd-11ee-bc93-c7b262605968-mgr-x[28268]: +---[RSA 3072]----+
2024-04-21T09:00:08.955 INFO:journalctl@ceph.mgr.x.smithi052.stdout:Apr 21 09:00:08 smithi052 ceph-55749214-ffbd-11ee-bc93-c7b262605968-mgr-x[28268]: | |
2024-04-21T09:00:08.955 INFO:journalctl@ceph.mgr.x.smithi052.stdout:Apr 21 09:00:08 smithi052 ceph-55749214-ffbd-11ee-bc93-c7b262605968-mgr-x[28268]: | |
2024-04-21T09:00:08.955 INFO:journalctl@ceph.mgr.x.smithi052.stdout:Apr 21 09:00:08 smithi052 ceph-55749214-ffbd-11ee-bc93-c7b262605968-mgr-x[28268]: | . |
2024-04-21T09:00:08.955 INFO:journalctl@ceph.mgr.x.smithi052.stdout:Apr 21 09:00:08 smithi052 ceph-55749214-ffbd-11ee-bc93-c7b262605968-mgr-x[28268]: |. .o*. |
2024-04-21T09:00:08.955 INFO:journalctl@ceph.mgr.x.smithi052.stdout:Apr 21 09:00:08 smithi052 ceph-55749214-ffbd-11ee-bc93-c7b262605968-mgr-x[28268]: |E o .B.=S |
2024-04-21T09:00:08.955 INFO:journalctl@ceph.mgr.x.smithi052.stdout:Apr 21 09:00:08 smithi052 ceph-55749214-ffbd-11ee-bc93-c7b262605968-mgr-x[28268]: |=o.++ o |
2024-04-21T09:00:08.955 INFO:journalctl@ceph.mgr.x.smithi052.stdout:Apr 21 09:00:08 smithi052 ceph-55749214-ffbd-11ee-bc93-c7b262605968-mgr-x[28268]: |*B+o.o . |
2024-04-21T09:00:08.955 INFO:journalctl@ceph.mgr.x.smithi052.stdout:Apr 21 09:00:08 smithi052 ceph-55749214-ffbd-11ee-bc93-c7b262605968-mgr-x[28268]: |+O@.o==.. |
2024-04-21T09:00:08.955 INFO:journalctl@ceph.mgr.x.smithi052.stdout:Apr 21 09:00:08 smithi052 ceph-55749214-ffbd-11ee-bc93-c7b262605968-mgr-x[28268]: |=B+B=+*o |
2024-04-21T09:00:08.956 INFO:journalctl@ceph.mgr.x.smithi052.stdout:Apr 21 09:00:08 smithi052 ceph-55749214-ffbd-11ee-bc93-c7b262605968-mgr-x[28268]: +----[SHA256]-----+
2024-04-21T09:00:09.300 INFO:teuthology.orchestra.run.smithi052.stdout:/usr/bin/ceph: stderr
2024-04-21T09:00:07.956+0000 7f48ec929700 1 Processor -- start
2024-04-21T09:00:09.300 INFO:teuthology.orchestra.run.smithi052.stdout:/usr/bin/ceph: stderr
2024-04-21T09:00:07.956+0000 7f48ec929700 1 -- start start
2024-04-21T09:00:09.300 INFO:teuthology.orchestra.run.smithi052.stdout:/usr/bin/ceph: stderr
2024-04-21T09:00:07.956+0000 7f48ec929700 1 --2- >> [v2:172.21.15.52:3300/0,v1:172.21.15.52:6789/0] conn(0x7f48e81084b0 0x7f48e81088d0 unknown :-1 s=NONE pgs=0 cs=0 l=0 rev1=0 crypto rx=0 tx=0 comp rx=0 tx=0).connect
2024-04-21T09:00:09.300 INFO:teuthology.orchestra.run.smithi052.stdout:/usr/bin/ceph: stderr
2024-04-21T09:00:07.956+0000 7f48ec929700 1 -- --> [v2:172.21.15.52:3300/0,v1:172.21.15.52:6789/0] -- mon_getmap magic: 0 -- 0x7f48e8108ea0 con 0x7f48e81084b0
2024-04-21T09:00:09.300 INFO:teuthology.orchestra.run.smithi052.stdout:/usr/bin/ceph: stderr
2024-04-21T09:00:07.957+0000 7f48e659c700 1 --2- >> [v2:172.21.15.52:3300/0,v1:172.21.15.52:6789/0] conn(0x7f48e81084b0 0x7f48e81088d0 unknown :-1 s=BANNER_CONNECTING pgs=0 cs=0 l=0 rev1=0 crypto rx=0 tx=0 comp rx=0 tx=0)._handle_peer_banner_payload supported=3 required=0
2024-04-21T09:00:09.300 INFO:teuthology.orchestra.run.smithi052.stdout:/usr/bin/ceph: stderr
2024-04-21T09:00:07.957+0000 7f48e659c700 1 --2- >> [v2:172.21.15.52:3300/0,v1:172.21.15.52:6789/0] conn(0x7f48e81084b0 0x7f48e81088d0 unknown :-1 s=HELLO_CONNECTING pgs=0 cs=0 l=0 rev1=1 crypto rx=0 tx=0 comp rx=0 tx=0).handle_hello peer v2:172.21.15.52:3300/0 says I am v2:172.21.15.52:53568/0 (socket says 172.21.15.52:53568)
2024-04-21T09:00:09.301 INFO:teuthology.orchestra.run.smithi052.stdout:/usr/bin/ceph: stderr
2024-04-21T09:00:07.957+0000 7f48e659c700 1 -- 172.21.15.52:0/3467188048 learned_addr learned my addr 172.21.15.52:0/3467188048 (peer_addr_for_me v2:172.21.15.52:0/0)
2024-04-21T09:00:09.301 INFO:teuthology.orchestra.run.smithi052.stdout:/usr/bin/ceph: stderr
2024-04-21T09:00:07.957+0000 7f48e659c700 1 -- 172.21.15.52:0/3467188048 --> [v2:172.21.15.52:3300/0,v1:172.21.15.52:6789/0] -- mon_subscribe({config=0+,monmap=0+}) -- 0x7f48e8109660 con 0x7f48e81084b0
2024-04-21T09:00:09.301 INFO:teuthology.orchestra.run.smithi052.stdout:/usr/bin/ceph: stderr
2024-04-21T09:00:07.957+0000 7f48e659c700 1 --2- 172.21.15.52:0/3467188048 >> [v2:172.21.15.52:3300/0,v1:172.21.15.52:6789/0] conn(0x7f48e81084b0 0x7f48e81088d0 secure :-1 s=READY pgs=41 cs=0 l=1 rev1=1 crypto rx=0x7f48d80098a0 tx=0x7f48d8009bb0 comp rx=0 tx=0).ready entity=mon.0 client_cookie=c41e54ff3646685e server_cookie=0 in_seq=0 out_seq=0
2024-04-21T09:00:09.301 INFO:teuthology.orchestra.run.smithi052.stdout:/usr/bin/ceph: stderr
2024-04-21T09:00:07.957+0000 7f48e559a700 1 -- 172.21.15.52:0/3467188048 <== mon.0 v2:172.21.15.52:3300/0 1 ==== mon_map magic: 0 ==== 205+0+0 (secure 0 0 0) 0x7f48d8004160 con 0x7f48e81084b0
2024-04-21T09:00:09.301 INFO:teuthology.orchestra.run.smithi052.stdout:/usr/bin/ceph: stderr
2024-04-21T09:00:07.957+0000 7f48e559a700 1 -- 172.21.15.52:0/3467188048 <== mon.0 v2:172.21.15.52:3300/0 2 ==== config(26 keys) ==== 1070+0+0 (secure 0 0 0) 0x7f48d8004300 con 0x7f48e81084b0
2024-04-21T09:00:09.301 INFO:teuthology.orchestra.run.smithi052.stdout:/usr/bin/ceph: stderr
2024-04-21T09:00:07.957+0000 7f48e559a700 1 -- 172.21.15.52:0/3467188048 <== mon.0 v2:172.21.15.52:3300/0 3 ==== mon_map magic: 0 ==== 205+0+0 (secure 0 0 0) 0x7f48d8011af0 con 0x7f48e81084b0
2024-04-21T09:00:09.301 INFO:teuthology.orchestra.run.smithi052.stdout:/usr/bin/ceph: stderr
2024-04-21T09:00:07.958+0000 7f48ec929700 1 -- 172.21.15.52:0/3467188048 >> [v2:172.21.15.52:3300/0,v1:172.21.15.52:6789/0] conn(0x7f48e81084b0 msgr2=0x7f48e81088d0 secure :-1 s=STATE_CONNECTION_ESTABLISHED l=1).mark_down
2024-04-21T09:00:09.301 INFO:teuthology.orchestra.run.smithi052.stdout:/usr/bin/ceph: stderr
2024-04-21T09:00:07.958+0000 7f48ec929700 1 --2- 172.21.15.52:0/3467188048 >> [v2:172.21.15.52:3300/0,v1:172.21.15.52:6789/0] conn(0x7f48e81084b0 0x7f48e81088d0 secure :-1 s=READY pgs=41 cs=0 l=1 rev1=1 crypto rx=0x7f48d80098a0 tx=0x7f48d8009bb0 comp rx=0 tx=0).stop
2024-04-21T09:00:09.301 INFO:teuthology.orchestra.run.smithi052.stdout:/usr/bin/ceph: stderr
2024-04-21T09:00:07.958+0000 7f48ec929700 1 -- 172.21.15.52:0/3467188048 shutdown_connections
2024-04-21T09:00:09.301 INFO:teuthology.orchestra.run.smithi052.stdout:/usr/bin/ceph: stderr
2024-04-21T09:00:07.958+0000 7f48ec929700 1 --2- 172.21.15.52:0/3467188048 >> [v2:172.21.15.52:3300/0,v1:172.21.15.52:6789/0] conn(0x7f48e81084b0 0x7f48e81088d0 unknown :-1 s=CLOSED pgs=41 cs=0 l=1 rev1=1 crypto rx=0 tx=0 comp rx=0 tx=0).stop
2024-04-21T09:00:09.301 INFO:teuthology.orchestra.run.smithi052.stdout:/usr/bin/ceph: stderr
2024-04-21T09:00:07.958+0000 7f48ec929700 1 -- 172.21.15.52:0/3467188048 >> 172.21.15.52:0/3467188048 conn(0x7f48e8103af0 msgr2=0x7f48e8105f10 unknown :-1 s=STATE_NONE l=0).mark_down
2024-04-21T09:00:09.301 INFO:teuthology.orchestra.run.smithi052.stdout:/usr/bin/ceph: stderr
2024-04-21T09:00:07.958+0000 7f48ec929700 1 -- 172.21.15.52:0/3467188048 shutdown_connections
2024-04-21T09:00:09.301 INFO:teuthology.orchestra.run.smithi052.stdout:/usr/bin/ceph: stderr
2024-04-21T09:00:07.958+0000 7f48ec929700 1 -- 172.21.15.52:0/3467188048 wait complete.
2024-04-21T09:00:09.301 INFO:teuthology.orchestra.run.smithi052.stdout:/usr/bin/ceph: stderr
2024-04-21T09:00:07.959+0000 7f48ec929700 1 Processor -- start
2024-04-21T09:00:09.302 INFO:teuthology.orchestra.run.smithi052.stdout:/usr/bin/ceph: stderr
2024-04-21T09:00:07.959+0000 7f48ec929700 1 -- start start
2024-04-21T09:00:09.302 INFO:teuthology.orchestra.run.smithi052.stdout:/usr/bin/ceph: stderr
2024-04-21T09:00:07.959+0000 7f48ec929700 1 --2- >> [v2:172.21.15.52:3300/0,v1:172.21.15.52:6789/0] conn(0x7f48e81084b0 0x7f48e807db60 unknown :-1 s=NONE pgs=0 cs=0 l=1 rev1=0 crypto rx=0 tx=0 comp rx=0 tx=0).connect
2024-04-21T09:00:09.302 INFO:teuthology.orchestra.run.smithi052.stdout:/usr/bin/ceph: stderr
2024-04-21T09:00:07.959+0000 7f48ec929700 1 -- --> [v2:172.21.15.52:3300/0,v1:172.21.15.52:6789/0] -- mon_getmap magic: 0 -- 0x7f48e810c890 con 0x7f48e81084b0
2024-04-21T09:00:09.302 INFO:teuthology.orchestra.run.smithi052.stdout:/usr/bin/ceph: stderr
2024-04-21T09:00:07.959+0000 7f48e659c700 1 --2- >> [v2:172.21.15.52:3300/0,v1:172.21.15.52:6789/0] conn(0x7f48e81084b0 0x7f48e807db60 unknown :-1 s=BANNER_CONNECTING pgs=0 cs=0 l=1 rev1=0 crypto rx=0 tx=0 comp rx=0 tx=0)._handle_peer_banner_payload supported=3 required=0
2024-04-21T09:00:09.302 INFO:teuthology.orchestra.run.smithi052.stdout:/usr/bin/ceph: stderr
2024-04-21T09:00:07.959+0000 7f48e659c700 1 --2- >> [v2:172.21.15.52:3300/0,v1:172.21.15.52:6789/0] conn(0x7f48e81084b0 0x7f48e807db60 unknown :-1 s=HELLO_CONNECTING pgs=0 cs=0 l=1 rev1=1 crypto rx=0 tx=0 comp rx=0 tx=0).handle_hello peer v2:172.21.15.52:3300/0 says I am v2:172.21.15.52:53576/0 (socket says 172.21.15.52:53576)
2024-04-21T09:00:09.302 INFO:teuthology.orchestra.run.smithi052.stdout:/usr/bin/ceph: stderr
