2024-04-21T09:00:07.959+0000 7f48e659c700 1 -- 172.21.15.52:0/1162505536 learned_addr learned my addr 172.21.15.52:0/1162505536 (peer_addr_for_me v2:172.21.15.52:0/0)
2024-04-21T09:00:09.302 INFO:teuthology.orchestra.run.smithi052.stdout:/usr/bin/ceph: stderr
2024-04-21T09:00:07.959+0000 7f48e659c700 1 -- 172.21.15.52:0/1162505536 --> [v2:172.21.15.52:3300/0,v1:172.21.15.52:6789/0] -- mon_subscribe({config=0+,monmap=0+}) -- 0x7f48e807e0a0 con 0x7f48e81084b0
2024-04-21T09:00:09.302 INFO:teuthology.orchestra.run.smithi052.stdout:/usr/bin/ceph: stderr
2024-04-21T09:00:07.960+0000 7f48e659c700 1 --2- 172.21.15.52:0/1162505536 >> [v2:172.21.15.52:3300/0,v1:172.21.15.52:6789/0] conn(0x7f48e81084b0 0x7f48e807db60 secure :-1 s=READY pgs=42 cs=0 l=1 rev1=1 crypto rx=0x7f48d8003f40 tx=0x7f48d8011890 comp rx=0 tx=0).ready entity=mon.0 client_cookie=0 server_cookie=0 in_seq=0 out_seq=0
2024-04-21T09:00:09.302 INFO:teuthology.orchestra.run.smithi052.stdout:/usr/bin/ceph: stderr
2024-04-21T09:00:07.960+0000 7f48d77fe700 1 -- 172.21.15.52:0/1162505536 <== mon.0 v2:172.21.15.52:3300/0 1 ==== mon_map magic: 0 ==== 205+0+0 (secure 0 0 0) 0x7f48d80038b0 con 0x7f48e81084b0
2024-04-21T09:00:09.302 INFO:teuthology.orchestra.run.smithi052.stdout:/usr/bin/ceph: stderr
2024-04-21T09:00:07.960+0000 7f48ec929700 1 -- 172.21.15.52:0/1162505536 --> [v2:172.21.15.52:3300/0,v1:172.21.15.52:6789/0] -- mon_subscribe({mgrmap=0+}) -- 0x7f48e807c290 con 0x7f48e81084b0
2024-04-21T09:00:09.302 INFO:teuthology.orchestra.run.smithi052.stdout:/usr/bin/ceph: stderr
2024-04-21T09:00:07.960+0000 7f48d77fe700 1 -- 172.21.15.52:0/1162505536 <== mon.0 v2:172.21.15.52:3300/0 2 ==== config(26 keys) ==== 1070+0+0 (secure 0 0 0) 0x7f48d8003a50 con 0x7f48e81084b0
2024-04-21T09:00:09.302 INFO:teuthology.orchestra.run.smithi052.stdout:/usr/bin/ceph: stderr
2024-04-21T09:00:07.960+0000 7f48d77fe700 1 -- 172.21.15.52:0/1162505536 <== mon.0 v2:172.21.15.52:3300/0 3 ==== mon_map magic: 0 ==== 205+0+0 (secure 0 0 0) 0x7f48d801a5c0 con 0x7f48e81084b0
2024-04-21T09:00:09.302 INFO:teuthology.orchestra.run.smithi052.stdout:/usr/bin/ceph: stderr
2024-04-21T09:00:07.960+0000 7f48ec929700 1 -- 172.21.15.52:0/1162505536 --> [v2:172.21.15.52:3300/0,v1:172.21.15.52:6789/0] -- mon_subscribe({osdmap=0}) -- 0x7f48e807c7d0 con 0x7f48e81084b0
2024-04-21T09:00:09.303 INFO:teuthology.orchestra.run.smithi052.stdout:/usr/bin/ceph: stderr
2024-04-21T09:00:07.961+0000 7f48d77fe700 1 -- 172.21.15.52:0/1162505536 <== mon.0 v2:172.21.15.52:3300/0 4 ==== mgrmap(e 8) ==== 46558+0+0 (secure 0 0 0) 0x7f48d801a870 con 0x7f48e81084b0
2024-04-21T09:00:09.303 INFO:teuthology.orchestra.run.smithi052.stdout:/usr/bin/ceph: stderr
2024-04-21T09:00:07.961+0000 7f48ec929700 1 -- 172.21.15.52:0/1162505536 --> [v2:172.21.15.52:3300/0,v1:172.21.15.52:6789/0] -- mon_command({"prefix": "get_command_descriptions"} v 0) -- 0x7f48e80640a0 con 0x7f48e81084b0
2024-04-21T09:00:09.303 INFO:teuthology.orchestra.run.smithi052.stdout:/usr/bin/ceph: stderr
2024-04-21T09:00:07.961+0000 7f48d77fe700 1 --2- 172.21.15.52:0/1162505536 >> [v2:172.21.15.52:6800/1292044304,v1:172.21.15.52:6801/1292044304] conn(0x7f48d0039670 0x7f48d003bb30 unknown :-1 s=NONE pgs=0 cs=0 l=1 rev1=0 crypto rx=0 tx=0 comp rx=0 tx=0).connect
2024-04-21T09:00:09.303 INFO:teuthology.orchestra.run.smithi052.stdout:/usr/bin/ceph: stderr
2024-04-21T09:00:07.961+0000 7f48d77fe700 1 -- 172.21.15.52:0/1162505536 <== mon.0 v2:172.21.15.52:3300/0 5 ==== osd_map(2..2 src has 1..2) ==== 940+0+0 (secure 0 0 0) 0x7f48d804dc30 con 0x7f48e81084b0
2024-04-21T09:00:09.303 INFO:teuthology.orchestra.run.smithi052.stdout:/usr/bin/ceph: stderr
2024-04-21T09:00:07.961+0000 7f48e5d9b700 1 --2- 172.21.15.52:0/1162505536 >> [v2:172.21.15.52:6800/1292044304,v1:172.21.15.52:6801/1292044304] conn(0x7f48d0039670 0x7f48d003bb30 unknown :-1 s=BANNER_CONNECTING pgs=0 cs=0 l=1 rev1=0 crypto rx=0 tx=0 comp rx=0 tx=0)._handle_peer_banner_payload supported=3 required=0
2024-04-21T09:00:09.303 INFO:teuthology.orchestra.run.smithi052.stdout:/usr/bin/ceph: stderr
2024-04-21T09:00:07.962+0000 7f48e5d9b700 1 --2- 172.21.15.52:0/1162505536 >> [v2:172.21.15.52:6800/1292044304,v1:172.21.15.52:6801/1292044304] conn(0x7f48d0039670 0x7f48d003bb30 secure :-1 s=READY pgs=9 cs=0 l=1 rev1=1 crypto rx=0x7f48dc006fd0 tx=0x7f48dc006e40 comp rx=0 tx=0).ready entity=mgr.14120 client_cookie=0 server_cookie=0 in_seq=0 out_seq=0
2024-04-21T09:00:09.303 INFO:teuthology.orchestra.run.smithi052.stdout:/usr/bin/ceph: stderr
2024-04-21T09:00:07.967+0000 7f48d77fe700 1 -- 172.21.15.52:0/1162505536 <== mon.0 v2:172.21.15.52:3300/0 6 ==== mon_command_ack([{"prefix": "get_command_descriptions"}]=0 v0) ==== 72+0+188370 (secure 0 0 0) 0x7f48d8019c70 con 0x7f48e81084b0
2024-04-21T09:00:09.303 INFO:teuthology.orchestra.run.smithi052.stdout:/usr/bin/ceph: stderr
2024-04-21T09:00:08.175+0000 7f48ec929700 1 -- 172.21.15.52:0/1162505536 --> [v2:172.21.15.52:6800/1292044304,v1:172.21.15.52:6801/1292044304] -- mgr_command(tid 0: {"prefix": "cephadm generate-key", "target": ["mon-mgr", ""]}) -- 0x7f48e8104c50 con 0x7f48d0039670
2024-04-21T09:00:09.303 INFO:teuthology.orchestra.run.smithi052.stdout:/usr/bin/ceph: stderr
2024-04-21T09:00:08.676+0000 7f48d77fe700 1 -- 172.21.15.52:0/1162505536 <== mgr.14120 v2:172.21.15.52:6800/1292044304 1 ==== mgr_command_reply(tid 0: 0 ) ==== 8+0+0 (secure 0 0 0) 0x7f48e8104c50 con 0x7f48d0039670
2024-04-21T09:00:09.303 INFO:teuthology.orchestra.run.smithi052.stdout:/usr/bin/ceph: stderr
2024-04-21T09:00:08.679+0000 7f48ec929700 1 -- 172.21.15.52:0/1162505536 >> [v2:172.21.15.52:6800/1292044304,v1:172.21.15.52:6801/1292044304] conn(0x7f48d0039670 msgr2=0x7f48d003bb30 secure :-1 s=STATE_CONNECTION_ESTABLISHED l=1).mark_down
2024-04-21T09:00:09.303 INFO:teuthology.orchestra.run.smithi052.stdout:/usr/bin/ceph: stderr
2024-04-21T09:00:08.679+0000 7f48ec929700 1 --2- 172.21.15.52:0/1162505536 >> [v2:172.21.15.52:6800/1292044304,v1:172.21.15.52:6801/1292044304] conn(0x7f48d0039670 0x7f48d003bb30 secure :-1 s=READY pgs=9 cs=0 l=1 rev1=1 crypto rx=0x7f48dc006fd0 tx=0x7f48dc006e40 comp rx=0 tx=0).stop
2024-04-21T09:00:09.303 INFO:teuthology.orchestra.run.smithi052.stdout:/usr/bin/ceph: stderr
2024-04-21T09:00:08.679+0000 7f48ec929700 1 -- 172.21.15.52:0/1162505536 >> [v2:172.21.15.52:3300/0,v1:172.21.15.52:6789/0] conn(0x7f48e81084b0 msgr2=0x7f48e807db60 secure :-1 s=STATE_CONNECTION_ESTABLISHED l=1).mark_down
2024-04-21T09:00:09.303 INFO:teuthology.orchestra.run.smithi052.stdout:/usr/bin/ceph: stderr
2024-04-21T09:00:08.679+0000 7f48ec929700 1 --2- 172.21.15.52:0/1162505536 >> [v2:172.21.15.52:3300/0,v1:172.21.15.52:6789/0] conn(0x7f48e81084b0 0x7f48e807db60 secure :-1 s=READY pgs=42 cs=0 l=1 rev1=1 crypto rx=0x7f48d8003f40 tx=0x7f48d8011890 comp rx=0 tx=0).stop
2024-04-21T09:00:09.304 INFO:teuthology.orchestra.run.smithi052.stdout:/usr/bin/ceph: stderr
2024-04-21T09:00:08.679+0000 7f48ec929700 1 -- 172.21.15.52:0/1162505536 shutdown_connections
2024-04-21T09:00:09.304 INFO:teuthology.orchestra.run.smithi052.stdout:/usr/bin/ceph: stderr
2024-04-21T09:00:08.679+0000 7f48ec929700 1 --2- 172.21.15.52:0/1162505536 >> [v2:172.21.15.52:6800/1292044304,v1:172.21.15.52:6801/1292044304] conn(0x7f48d0039670 0x7f48d003bb30 unknown :-1 s=CLOSED pgs=9 cs=0 l=1 rev1=1 crypto rx=0 tx=0 comp rx=0 tx=0).stop
2024-04-21T09:00:09.304 INFO:teuthology.orchestra.run.smithi052.stdout:/usr/bin/ceph: stderr
2024-04-21T09:00:08.679+0000 7f48ec929700 1 --2- 172.21.15.52:0/1162505536 >> [v2:172.21.15.52:3300/0,v1:172.21.15.52:6789/0] conn(0x7f48e81084b0 0x7f48e807db60 unknown :-1 s=CLOSED pgs=42 cs=0 l=1 rev1=1 crypto rx=0 tx=0 comp rx=0 tx=0).stop
2024-04-21T09:00:09.304 INFO:teuthology.orchestra.run.smithi052.stdout:/usr/bin/ceph: stderr
2024-04-21T09:00:08.679+0000 7f48ec929700 1 -- 172.21.15.52:0/1162505536 >> 172.21.15.52:0/1162505536 conn(0x7f48e8103af0 msgr2=0x7f48e8104540 unknown :-1 s=STATE_NONE l=0).mark_down
2024-04-21T09:00:09.304 INFO:teuthology.orchestra.run.smithi052.stdout:/usr/bin/ceph: stderr
2024-04-21T09:00:08.679+0000 7f48ec929700 1 -- 172.21.15.52:0/1162505536 shutdown_connections
2024-04-21T09:00:09.304 INFO:teuthology.orchestra.run.smithi052.stdout:/usr/bin/ceph: stderr
2024-04-21T09:00:08.679+0000 7f48ec929700 1 -- 172.21.15.52:0/1162505536 wait complete.
2024-04-21T09:00:09.939 INFO:journalctl@ceph.mon.a.smithi052.stdout:Apr 21 09:00:09 smithi052 ceph-mon[28035]: from='mgr.14120 172.21.15.52:0/3498460311' entity='mgr.x'
2024-04-21T09:00:09.939 INFO:journalctl@ceph.mon.a.smithi052.stdout:Apr 21 09:00:09 smithi052 ceph-mon[28035]: from='mgr.14120 172.21.15.52:0/3498460311' entity='mgr.x'
2024-04-21T09:00:10.478 INFO:teuthology.orchestra.run.smithi052.stdout:/usr/bin/ceph: stdout ssh-rsa AAAAB3NzaC1yc2EAAAADAQABAAABgQDBYqyiILbgIRodvhU3e2ympw+3j8z6VcalzraNvSgk55Ctuok8iNnlCjXoQVpa+3/kmx0f9X4LuzaxUBJsbMIvjXDBB2loTxNxDCCjBCEXgE8SSHVFV8CQAPqkRzoKLz24gXX+Y9Q6erxzkfvZGC9Wls6j+/cjud/WPZ7esFGKjsqB2dku/kqTZFRXosQBn133WOwBC61lGdO1AZGQVmxO2yk72lQPl14QmkJHVKPE71T0pnp3YM7cAyrX6PIzR1B3hNdYIFc+9ExXHH0Brlh0FZF4ex8DHY+P04RZsCpr+HoRq9ltCvBX9GFvV1TRua8LIDdRrAZMKzXaBBBcTjFWHnUrD6XTtcgps1EV5SjABUhsJEurBJ58vEQXo3GrdAi/HayfA/N3dES2zKrsqYB848OVxIKZwp8qU9SkapQb1Y5jqnSm6Wr983bvZGWQh+YHvi+PTXmM8aYeibzf2/W2FWrzdtqKYjwpVksuJGfT6c0H7X4oAJzRwVge1awmfIc= ceph-55749214-ffbd-11ee-bc93-c7b262605968
2024-04-21T09:00:10.478 INFO:teuthology.orchestra.run.smithi052.stdout:/usr/bin/ceph: stderr
2024-04-21T09:00:09.721+0000 7f04e1a7e700 1 Processor -- start
2024-04-21T09:00:10.478 INFO:teuthology.orchestra.run.smithi052.stdout:/usr/bin/ceph: stderr
2024-04-21T09:00:09.721+0000 7f04e1a7e700 1 -- start start
2024-04-21T09:00:10.478 INFO:teuthology.orchestra.run.smithi052.stdout:/usr/bin/ceph: stderr
2024-04-21T09:00:09.721+0000 7f04e1a7e700 1 --2- >> [v2:172.21.15.52:3300/0,v1:172.21.15.52:6789/0] conn(0x7f04dc107310 0x7f04dc107730 unknown :-1 s=NONE pgs=0 cs=0 l=0 rev1=0 crypto rx=0 tx=0 comp rx=0 tx=0).connect
2024-04-21T09:00:10.479 INFO:teuthology.orchestra.run.smithi052.stdout:/usr/bin/ceph: stderr
2024-04-21T09:00:09.721+0000 7f04e1a7e700 1 -- --> [v2:172.21.15.52:3300/0,v1:172.21.15.52:6789/0] -- mon_getmap magic: 0 -- 0x7f04dc107d00 con 0x7f04dc107310
2024-04-21T09:00:10.479 INFO:teuthology.orchestra.run.smithi052.stdout:/usr/bin/ceph: stderr
2024-04-21T09:00:09.721+0000 7f04db7fe700 1 --2- >> [v2:172.21.15.52:3300/0,v1:172.21.15.52:6789/0] conn(0x7f04dc107310 0x7f04dc107730 unknown :-1 s=BANNER_CONNECTING pgs=0 cs=0 l=0 rev1=0 crypto rx=0 tx=0 comp rx=0 tx=0)._handle_peer_banner_payload supported=3 required=0
2024-04-21T09:00:10.479 INFO:teuthology.orchestra.run.smithi052.stdout:/usr/bin/ceph: stderr
2024-04-21T09:00:09.721+0000 7f04db7fe700 1 --2- >> [v2:172.21.15.52:3300/0,v1:172.21.15.52:6789/0] conn(0x7f04dc107310 0x7f04dc107730 unknown :-1 s=HELLO_CONNECTING pgs=0 cs=0 l=0 rev1=1 crypto rx=0 tx=0 comp rx=0 tx=0).handle_hello peer v2:172.21.15.52:3300/0 says I am v2:172.21.15.52:53580/0 (socket says 172.21.15.52:53580)
2024-04-21T09:00:10.479 INFO:teuthology.orchestra.run.smithi052.stdout:/usr/bin/ceph: stderr
2024-04-21T09:00:09.721+0000 7f04db7fe700 1 -- 172.21.15.52:0/2935900121 learned_addr learned my addr 172.21.15.52:0/2935900121 (peer_addr_for_me v2:172.21.15.52:0/0)
2024-04-21T09:00:10.479 INFO:teuthology.orchestra.run.smithi052.stdout:/usr/bin/ceph: stderr
2024-04-21T09:00:09.721+0000 7f04db7fe700 1 -- 172.21.15.52:0/2935900121 --> [v2:172.21.15.52:3300/0,v1:172.21.15.52:6789/0] -- mon_subscribe({config=0+,monmap=0+}) -- 0x7f04dc108510 con 0x7f04dc107310
2024-04-21T09:00:10.479 INFO:teuthology.orchestra.run.smithi052.stdout:/usr/bin/ceph: stderr
2024-04-21T09:00:09.722+0000 7f04db7fe700 1 --2- 172.21.15.52:0/2935900121 >> [v2:172.21.15.52:3300/0,v1:172.21.15.52:6789/0] conn(0x7f04dc107310 0x7f04dc107730 secure :-1 s=READY pgs=43 cs=0 l=1 rev1=1 crypto rx=0x7f04cc0098a0 tx=0x7f04cc009bb0 comp rx=0 tx=0).ready entity=mon.0 client_cookie=e05c5d5f1e7e52bc server_cookie=0 in_seq=0 out_seq=0
2024-04-21T09:00:10.479 INFO:teuthology.orchestra.run.smithi052.stdout:/usr/bin/ceph: stderr
2024-04-21T09:00:09.722+0000 7f04da7fc700 1 -- 172.21.15.52:0/2935900121 <== mon.0 v2:172.21.15.52:3300/0 1 ==== mon_map magic: 0 ==== 205+0+0 (secure 0 0 0) 0x7f04cc004160 con 0x7f04dc107310
2024-04-21T09:00:10.479 INFO:teuthology.orchestra.run.smithi052.stdout:/usr/bin/ceph: stderr
2024-04-21T09:00:09.722+0000 7f04da7fc700 1 -- 172.21.15.52:0/2935900121 <== mon.0 v2:172.21.15.52:3300/0 2 ==== config(26 keys) ==== 1070+0+0 (secure 0 0 0) 0x7f04cc004300 con 0x7f04dc107310
2024-04-21T09:00:10.479 INFO:teuthology.orchestra.run.smithi052.stdout:/usr/bin/ceph: stderr
2024-04-21T09:00:09.722+0000 7f04da7fc700 1 -- 172.21.15.52:0/2935900121 <== mon.0 v2:172.21.15.52:3300/0 3 ==== mon_map magic: 0 ==== 205+0+0 (secure 0 0 0) 0x7f04cc011af0 con 0x7f04dc107310
2024-04-21T09:00:10.479 INFO:teuthology.orchestra.run.smithi052.stdout:/usr/bin/ceph: stderr
2024-04-21T09:00:09.722+0000 7f04e1a7e700 1 -- 172.21.15.52:0/2935900121 >> [v2:172.21.15.52:3300/0,v1:172.21.15.52:6789/0] conn(0x7f04dc107310 msgr2=0x7f04dc107730 secure :-1 s=STATE_CONNECTION_ESTABLISHED l=1).mark_down
2024-04-21T09:00:10.479 INFO:teuthology.orchestra.run.smithi052.stdout:/usr/bin/ceph: stderr
2024-04-21T09:00:09.722+0000 7f04e1a7e700 1 --2- 172.21.15.52:0/2935900121 >> [v2:172.21.15.52:3300/0,v1:172.21.15.52:6789/0] conn(0x7f04dc107310 0x7f04dc107730 secure :-1 s=READY pgs=43 cs=0 l=1 rev1=1 crypto rx=0x7f04cc0098a0 tx=0x7f04cc009bb0 comp rx=0 tx=0).stop
2024-04-21T09:00:10.479 INFO:teuthology.orchestra.run.smithi052.stdout:/usr/bin/ceph: stderr
2024-04-21T09:00:09.722+0000 7f04e1a7e700 1 -- 172.21.15.52:0/2935900121 shutdown_connections
2024-04-21T09:00:10.479 INFO:teuthology.orchestra.run.smithi052.stdout:/usr/bin/ceph: stderr
2024-04-21T09:00:09.722+0000 7f04e1a7e700 1 --2- 172.21.15.52:0/2935900121 >> [v2:172.21.15.52:3300/0,v1:172.21.15.52:6789/0] conn(0x7f04dc107310 0x7f04dc107730 unknown :-1 s=CLOSED pgs=43 cs=0 l=1 rev1=1 crypto rx=0 tx=0 comp rx=0 tx=0).stop
2024-04-21T09:00:10.480 INFO:teuthology.orchestra.run.smithi052.stdout:/usr/bin/ceph: stderr
2024-04-21T09:00:09.722+0000 7f04e1a7e700 1 -- 172.21.15.52:0/2935900121 >> 172.21.15.52:0/2935900121 conn(0x7f04dc1028b0 msgr2=0x7f04dc104cf0 unknown :-1 s=STATE_NONE l=0).mark_down
2024-04-21T09:00:10.480 INFO:teuthology.orchestra.run.smithi052.stdout:/usr/bin/ceph: stderr
2024-04-21T09:00:09.723+0000 7f04e1a7e700 1 -- 172.21.15.52:0/2935900121 shutdown_connections
2024-04-21T09:00:10.480 INFO:teuthology.orchestra.run.smithi052.stdout:/usr/bin/ceph: stderr
2024-04-21T09:00:09.723+0000 7f04e1a7e700 1 -- 172.21.15.52:0/2935900121 wait complete.
2024-04-21T09:00:10.480 INFO:teuthology.orchestra.run.smithi052.stdout:/usr/bin/ceph: stderr
2024-04-21T09:00:09.723+0000 7f04e1a7e700 1 Processor -- start
2024-04-21T09:00:10.480 INFO:teuthology.orchestra.run.smithi052.stdout:/usr/bin/ceph: stderr
2024-04-21T09:00:09.723+0000 7f04e1a7e700 1 -- start start
2024-04-21T09:00:10.480 INFO:teuthology.orchestra.run.smithi052.stdout:/usr/bin/ceph: stderr
2024-04-21T09:00:09.723+0000 7f04e1a7e700 1 --2- >> [v2:172.21.15.52:3300/0,v1:172.21.15.52:6789/0] conn(0x7f04dc107310 0x7f04dc19e4a0 unknown :-1 s=NONE pgs=0 cs=0 l=1 rev1=0 crypto rx=0 tx=0 comp rx=0 tx=0).connect
2024-04-21T09:00:10.480 INFO:teuthology.orchestra.run.smithi052.stdout:/usr/bin/ceph: stderr
2024-04-21T09:00:09.723+0000 7f04e1a7e700 1 -- --> [v2:172.21.15.52:3300/0,v1:172.21.15.52:6789/0] -- mon_getmap magic: 0 -- 0x7f04dc10b740 con 0x7f04dc107310
2024-04-21T09:00:10.480 INFO:teuthology.orchestra.run.smithi052.stdout:/usr/bin/ceph: stderr
2024-04-21T09:00:09.724+0000 7f04db7fe700 1 --2- >> [v2:172.21.15.52:3300/0,v1:172.21.15.52:6789/0] conn(0x7f04dc107310 0x7f04dc19e4a0 unknown :-1 s=BANNER_CONNECTING pgs=0 cs=0 l=1 rev1=0 crypto rx=0 tx=0 comp rx=0 tx=0)._handle_peer_banner_payload supported=3 required=0
2024-04-21T09:00:10.480 INFO:teuthology.orchestra.run.smithi052.stdout:/usr/bin/ceph: stderr
2024-04-21T09:00:09.724+0000 7f04db7fe700 1 --2- >> [v2:172.21.15.52:3300/0,v1:172.21.15.52:6789/0] conn(0x7f04dc107310 0x7f04dc19e4a0 unknown :-1 s=HELLO_CONNECTING pgs=0 cs=0 l=1 rev1=1 crypto rx=0 tx=0 comp rx=0 tx=0).handle_hello peer v2:172.21.15.52:3300/0 says I am v2:172.21.15.52:53590/0 (socket says 172.21.15.52:53590)
2024-04-21T09:00:10.480 INFO:teuthology.orchestra.run.smithi052.stdout:/usr/bin/ceph: stderr
2024-04-21T09:00:09.724+0000 7f04db7fe700 1 -- 172.21.15.52:0/1130783732 learned_addr learned my addr 172.21.15.52:0/1130783732 (peer_addr_for_me v2:172.21.15.52:0/0)
2024-04-21T09:00:10.480 INFO:teuthology.orchestra.run.smithi052.stdout:/usr/bin/ceph: stderr
2024-04-21T09:00:09.724+0000 7f04db7fe700 1 -- 172.21.15.52:0/1130783732 --> [v2:172.21.15.52:3300/0,v1:172.21.15.52:6789/0] -- mon_subscribe({config=0+,monmap=0+}) -- 0x7f04dc19e9e0 con 0x7f04dc107310
2024-04-21T09:00:10.480 INFO:teuthology.orchestra.run.smithi052.stdout:/usr/bin/ceph: stderr
2024-04-21T09:00:09.724+0000 7f04db7fe700 1 --2- 172.21.15.52:0/1130783732 >> [v2:172.21.15.52:3300/0,v1:172.21.15.52:6789/0] conn(0x7f04dc107310 0x7f04dc19e4a0 secure :-1 s=READY pgs=44 cs=0 l=1 rev1=1 crypto rx=0x7f04cc0117b0 tx=0x7f04cc011b70 comp rx=0 tx=0).ready entity=mon.0 client_cookie=0 server_cookie=0 in_seq=0 out_seq=0
2024-04-21T09:00:10.480 INFO:teuthology.orchestra.run.smithi052.stdout:/usr/bin/ceph: stderr
2024-04-21T09:00:09.724+0000 7f04d8ff9700 1 -- 172.21.15.52:0/1130783732 <== mon.0 v2:172.21.15.52:3300/0 1 ==== mon_map magic: 0 ==== 205+0+0 (secure 0 0 0) 0x7f04cc003af0 con 0x7f04dc107310
2024-04-21T09:00:10.480 INFO:teuthology.orchestra.run.smithi052.stdout:/usr/bin/ceph: stderr
2024-04-21T09:00:09.724+0000 7f04e1a7e700 1 -- 172.21.15.52:0/1130783732 --> [v2:172.21.15.52:3300/0,v1:172.21.15.52:6789/0] -- mon_subscribe({mgrmap=0+}) -- 0x7f04dc19ec70 con 0x7f04dc107310
2024-04-21T09:00:10.481 INFO:teuthology.orchestra.run.smithi052.stdout:/usr/bin/ceph: stderr
2024-04-21T09:00:09.724+0000 7f04d8ff9700 1 -- 172.21.15.52:0/1130783732 <== mon.0 v2:172.21.15.52:3300/0 2 ==== config(26 keys) ==== 1070+0+0 (secure 0 0 0) 0x7f04cc020070 con 0x7f04dc107310
2024-04-21T09:00:10.481 INFO:teuthology.orchestra.run.smithi052.stdout:/usr/bin/ceph: stderr
2024-04-21T09:00:09.724+0000 7f04d8ff9700 1 -- 172.21.15.52:0/1130783732 <== mon.0 v2:172.21.15.52:3300/0 3 ==== mon_map magic: 0 ==== 205+0+0 (secure 0 0 0) 0x7f04cc019630 con 0x7f04dc107310
2024-04-21T09:00:10.481 INFO:teuthology.orchestra.run.smithi052.stdout:/usr/bin/ceph: stderr
2024-04-21T09:00:09.724+0000 7f04e1a7e700 1 -- 172.21.15.52:0/1130783732 --> [v2:172.21.15.52:3300/0,v1:172.21.15.52:6789/0] -- mon_subscribe({osdmap=0}) -- 0x7f04dc1a1960 con 0x7f04dc107310
2024-04-21T09:00:10.481 INFO:teuthology.orchestra.run.smithi052.stdout:/usr/bin/ceph: stderr
2024-04-21T09:00:09.725+0000 7f04d8ff9700 1 -- 172.21.15.52:0/1130783732 <== mon.0 v2:172.21.15.52:3300/0 4 ==== mgrmap(e 8) ==== 46558+0+0 (secure 0 0 0) 0x7f04cc0198f0 con 0x7f04dc107310
2024-04-21T09:00:10.481 INFO:teuthology.orchestra.run.smithi052.stdout:/usr/bin/ceph: stderr
2024-04-21T09:00:09.725+0000 7f04e1a7e700 1 -- 172.21.15.52:0/1130783732 --> [v2:172.21.15.52:3300/0,v1:172.21.15.52:6789/0] -- mon_command({"prefix": "get_command_descriptions"} v 0) -- 0x7f04dc10b8c0 con 0x7f04dc107310
2024-04-21T09:00:10.481 INFO:teuthology.orchestra.run.smithi052.stdout:/usr/bin/ceph: stderr
2024-04-21T09:00:09.725+0000 7f04d8ff9700 1 --2- 172.21.15.52:0/1130783732 >> [v2:172.21.15.52:6800/1292044304,v1:172.21.15.52:6801/1292044304] conn(0x7f04c4039670 0x7f04c403bb30 unknown :-1 s=NONE pgs=0 cs=0 l=1 rev1=0 crypto rx=0 tx=0 comp rx=0 tx=0).connect
2024-04-21T09:00:10.481 INFO:teuthology.orchestra.run.smithi052.stdout:/usr/bin/ceph: stderr
2024-04-21T09:00:09.725+0000 7f04d8ff9700 1 -- 172.21.15.52:0/1130783732 <== mon.0 v2:172.21.15.52:3300/0 5 ==== osd_map(2..2 src has 1..2) ==== 940+0+0 (secure 0 0 0) 0x7f04cc04dd90 con 0x7f04dc107310
2024-04-21T09:00:10.481 INFO:teuthology.orchestra.run.smithi052.stdout:/usr/bin/ceph: stderr
2024-04-21T09:00:09.725+0000 7f04daffd700 1 --2- 172.21.15.52:0/1130783732 >> [v2:172.21.15.52:6800/1292044304,v1:172.21.15.52:6801/1292044304] conn(0x7f04c4039670 0x7f04c403bb30 unknown :-1 s=BANNER_CONNECTING pgs=0 cs=0 l=1 rev1=0 crypto rx=0 tx=0 comp rx=0 tx=0)._handle_peer_banner_payload supported=3 required=0
2024-04-21T09:00:10.481 INFO:teuthology.orchestra.run.smithi052.stdout:/usr/bin/ceph: stderr
2024-04-21T09:00:09.726+0000 7f04daffd700 1 --2- 172.21.15.52:0/1130783732 >> [v2:172.21.15.52:6800/1292044304,v1:172.21.15.52:6801/1292044304] conn(0x7f04c4039670 0x7f04c403bb30 secure :-1 s=READY pgs=10 cs=0 l=1 rev1=1 crypto rx=0x7f04d0006fd0 tx=0x7f04d0006e40 comp rx=0 tx=0).ready entity=mgr.14120 client_cookie=0 server_cookie=0 in_seq=0 out_seq=0
2024-04-21T09:00:10.481 INFO:teuthology.orchestra.run.smithi052.stdout:/usr/bin/ceph: stderr
2024-04-21T09:00:09.730+0000 7f04d8ff9700 1 -- 172.21.15.52:0/1130783732 <== mon.0 v2:172.21.15.52:3300/0 6 ==== mon_command_ack([{"prefix": "get_command_descriptions"}]=0 v0) ==== 72+0+188370 (secure 0 0 0) 0x7f04cc0042a0 con 0x7f04dc107310
2024-04-21T09:00:10.481 INFO:teuthology.orchestra.run.smithi052.stdout:/usr/bin/ceph: stderr
2024-04-21T09:00:09.939+0000 7f04e1a7e700 1 -- 172.21.15.52:0/1130783732 --> [v2:172.21.15.52:6800/1292044304,v1:172.21.15.52:6801/1292044304] -- mgr_command(tid 0: {"prefix": "cephadm get-pub-key", "target": ["mon-mgr", ""]}) -- 0x7f04dc02e2b0 con 0x7f04c4039670
2024-04-21T09:00:10.481 INFO:teuthology.orchestra.run.smithi052.stdout:/usr/bin/ceph: stderr
2024-04-21T09:00:09.940+0000 7f04d8ff9700 1 -- 172.21.15.52:0/1130783732 <== mgr.14120 v2:172.21.15.52:6800/1292044304 1 ==== mgr_command_reply(tid 0: 0 ) ==== 8+0+595 (secure 0 0 0) 0x7f04dc02e2b0 con 0x7f04c4039670
2024-04-21T09:00:10.481 INFO:teuthology.orchestra.run.smithi052.stdout:/usr/bin/ceph: stderr
2024-04-21T09:00:09.942+0000 7f04e1a7e700 1 -- 172.21.15.52:0/1130783732 >> [v2:172.21.15.52:6800/1292044304,v1:172.21.15.52:6801/1292044304] conn(0x7f04c4039670 msgr2=0x7f04c403bb30 secure :-1 s=STATE_CONNECTION_ESTABLISHED l=1).mark_down
2024-04-21T09:00:10.481 INFO:teuthology.orchestra.run.smithi052.stdout:/usr/bin/ceph: stderr
2024-04-21T09:00:09.942+0000 7f04e1a7e700 1 --2- 172.21.15.52:0/1130783732 >> [v2:172.21.15.52:6800/1292044304,v1:172.21.15.52:6801/1292044304] conn(0x7f04c4039670 0x7f04c403bb30 secure :-1 s=READY pgs=10 cs=0 l=1 rev1=1 crypto rx=0x7f04d0006fd0 tx=0x7f04d0006e40 comp rx=0 tx=0).stop
2024-04-21T09:00:10.482 INFO:teuthology.orchestra.run.smithi052.stdout:/usr/bin/ceph: stderr
2024-04-21T09:00:09.942+0000 7f04e1a7e700 1 -- 172.21.15.52:0/1130783732 >> [v2:172.21.15.52:3300/0,v1:172.21.15.52:6789/0] conn(0x7f04dc107310 msgr2=0x7f04dc19e4a0 secure :-1 s=STATE_CONNECTION_ESTABLISHED l=1).mark_down
2024-04-21T09:00:10.482 INFO:teuthology.orchestra.run.smithi052.stdout:/usr/bin/ceph: stderr
2024-04-21T09:00:09.942+0000 7f04e1a7e700 1 --2- 172.21.15.52:0/1130783732 >> [v2:172.21.15.52:3300/0,v1:172.21.15.52:6789/0] conn(0x7f04dc107310 0x7f04dc19e4a0 secure :-1 s=READY pgs=44 cs=0 l=1 rev1=1 crypto rx=0x7f04cc0117b0 tx=0x7f04cc011b70 comp rx=0 tx=0).stop
2024-04-21T09:00:10.482 INFO:teuthology.orchestra.run.smithi052.stdout:/usr/bin/ceph: stderr
2024-04-21T09:00:09.942+0000 7f04e1a7e700 1 -- 172.21.15.52:0/1130783732 shutdown_connections
2024-04-21T09:00:10.482 INFO:teuthology.orchestra.run.smithi052.stdout:/usr/bin/ceph: stderr
2024-04-21T09:00:09.942+0000 7f04e1a7e700 1 --2- 172.21.15.52:0/1130783732 >> [v2:172.21.15.52:6800/1292044304,v1:172.21.15.52:6801/1292044304] conn(0x7f04c4039670 0x7f04c403bb30 unknown :-1 s=CLOSED pgs=10 cs=0 l=1 rev1=1 crypto rx=0 tx=0 comp rx=0 tx=0).stop
2024-04-21T09:00:10.482 INFO:teuthology.orchestra.run.smithi052.stdout:/usr/bin/ceph: stderr
2024-04-21T09:00:09.942+0000 7f04e1a7e700 1 --2- 172.21.15.52:0/1130783732 >> [v2:172.21.15.52:3300/0,v1:172.21.15.52:6789/0] conn(0x7f04dc107310 0x7f04dc19e4a0 unknown :-1 s=CLOSED pgs=44 cs=0 l=1 rev1=1 crypto rx=0 tx=0 comp rx=0 tx=0).stop
2024-04-21T09:00:10.482 INFO:teuthology.orchestra.run.smithi052.stdout:/usr/bin/ceph: stderr
2024-04-21T09:00:09.942+0000 7f04e1a7e700 1 -- 172.21.15.52:0/1130783732 >> 172.21.15.52:0/1130783732 conn(0x7f04dc1028b0 msgr2=0x7f04dc103720 unknown :-1 s=STATE_NONE l=0).mark_down
2024-04-21T09:00:10.482 INFO:teuthology.orchestra.run.smithi052.stdout:/usr/bin/ceph: stderr
2024-04-21T09:00:09.942+0000 7f04e1a7e700 1 -- 172.21.15.52:0/1130783732 shutdown_connections
2024-04-21T09:00:10.482 INFO:teuthology.orchestra.run.smithi052.stdout:/usr/bin/ceph: stderr
2024-04-21T09:00:09.942+0000 7f04e1a7e700 1 -- 172.21.15.52:0/1130783732 wait complete.
2024-04-21T09:00:10.482 INFO:teuthology.orchestra.run.smithi052.stdout:Wrote public SSH key to /home/ubuntu/cephtest/ceph.pub
2024-04-21T09:00:10.482 INFO:teuthology.orchestra.run.smithi052.stdout:Adding key to root@localhost authorized_keys...
2024-04-21T09:00:10.482 INFO:teuthology.orchestra.run.smithi052.stdout:Adding host smithi052...
2024-04-21T09:00:10.764 INFO:journalctl@ceph.mon.a.smithi052.stdout:Apr 21 09:00:10 smithi052 ceph-mon[28035]: from='client.14138 -' entity='client.admin' cmd=[{"prefix": "cephadm get-pub-key", "target": ["mon-mgr", ""]}]: dispatch
2024-04-21T09:00:11.954 INFO:journalctl@ceph.mon.a.smithi052.stdout:Apr 21 09:00:11 smithi052 ceph-mon[28035]: from='client.14140 -' entity='client.admin' cmd=[{"prefix": "orch host add", "hostname": "smithi052", "addr": "172.21.15.52", "target": ["mon-mgr", ""]}]: dispatch
2024-04-21T09:00:12.954 INFO:journalctl@ceph.mon.a.smithi052.stdout:Apr 21 09:00:12 smithi052 ceph-mon[28035]: Deploying cephadm binary to smithi052
2024-04-21T09:00:15.952 INFO:teuthology.orchestra.run.smithi052.stdout:/usr/bin/ceph: stdout Added host 'smithi052' with addr '172.21.15.52'
2024-04-21T09:00:15.952 INFO:teuthology.orchestra.run.smithi052.stdout:/usr/bin/ceph: stderr
2024-04-21T09:00:10.872+0000 7f21372f1700 1 Processor -- start
2024-04-21T09:00:15.953 INFO:teuthology.orchestra.run.smithi052.stdout:/usr/bin/ceph: stderr
2024-04-21T09:00:10.872+0000 7f21372f1700 1 -- start start
2024-04-21T09:00:15.953 INFO:teuthology.orchestra.run.smithi052.stdout:/usr/bin/ceph: stderr
2024-04-21T09:00:10.872+0000 7f21372f1700 1 --2- >> [v2:172.21.15.52:3300/0,v1:172.21.15.52:6789/0] conn(0x7f2130108e70 0x7f213010b260 unknown :-1 s=NONE pgs=0 cs=0 l=0 rev1=0 crypto rx=0 tx=0 comp rx=0 tx=0).connect
2024-04-21T09:00:15.953 INFO:teuthology.orchestra.run.smithi052.stdout:/usr/bin/ceph: stderr
2024-04-21T09:00:10.872+0000 7f21372f1700 1 -- --> [v2:172.21.15.52:3300/0,v1:172.21.15.52:6789/0] -- mon_getmap magic: 0 -- 0x7f213007be40 con 0x7f2130108e70
2024-04-21T09:00:15.953 INFO:teuthology.orchestra.run.smithi052.stdout:/usr/bin/ceph: stderr
2024-04-21T09:00:10.873+0000 7f213508d700 1 --2- >> [v2:172.21.15.52:3300/0,v1:172.21.15.52:6789/0] conn(0x7f2130108e70 0x7f213010b260 unknown :-1 s=BANNER_CONNECTING pgs=0 cs=0 l=0 rev1=0 crypto rx=0 tx=0 comp rx=0 tx=0)._handle_peer_banner_payload supported=3 required=0
2024-04-21T09:00:15.953 INFO:teuthology.orchestra.run.smithi052.stdout:/usr/bin/ceph: stderr
2024-04-21T09:00:10.873+0000 7f213508d700 1 --2- >> [v2:172.21.15.52:3300/0,v1:172.21.15.52:6789/0] conn(0x7f2130108e70 0x7f213010b260 unknown :-1 s=HELLO_CONNECTING pgs=0 cs=0 l=0 rev1=1 crypto rx=0 tx=0 comp rx=0 tx=0).handle_hello peer v2:172.21.15.52:3300/0 says I am v2:172.21.15.52:53592/0 (socket says 172.21.15.52:53592)
2024-04-21T09:00:15.953 INFO:teuthology.orchestra.run.smithi052.stdout:/usr/bin/ceph: stderr
2024-04-21T09:00:10.873+0000 7f213508d700 1 -- 172.21.15.52:0/657351500 learned_addr learned my addr 172.21.15.52:0/657351500 (peer_addr_for_me v2:172.21.15.52:0/0)
2024-04-21T09:00:15.953 INFO:teuthology.orchestra.run.smithi052.stdout:/usr/bin/ceph: stderr
2024-04-21T09:00:10.873+0000 7f213508d700 1 -- 172.21.15.52:0/657351500 --> [v2:172.21.15.52:3300/0,v1:172.21.15.52:6789/0] -- mon_subscribe({config=0+,monmap=0+}) -- 0x7f213010b7a0 con 0x7f2130108e70
2024-04-21T09:00:15.953 INFO:teuthology.orchestra.run.smithi052.stdout:/usr/bin/ceph: stderr
2024-04-21T09:00:10.873+0000 7f213508d700 1 --2- 172.21.15.52:0/657351500 >> [v2:172.21.15.52:3300/0,v1:172.21.15.52:6789/0] conn(0x7f2130108e70 0x7f213010b260 secure :-1 s=READY pgs=45 cs=0 l=1 rev1=1 crypto rx=0x7f212c0098a0 tx=0x7f212c009bb0 comp rx=0 tx=0).ready entity=mon.0 client_cookie=97c26201d659c1ca server_cookie=0 in_seq=0 out_seq=0
2024-04-21T09:00:15.953 INFO:teuthology.orchestra.run.smithi052.stdout:/usr/bin/ceph: stderr
2024-04-21T09:00:10.873+0000 7f2127fff700 1 -- 172.21.15.52:0/657351500 <== mon.0 v2:172.21.15.52:3300/0 1 ==== mon_map magic: 0 ==== 205+0+0 (secure 0 0 0) 0x7f212c004160 con 0x7f2130108e70
2024-04-21T09:00:15.953 INFO:teuthology.orchestra.run.smithi052.stdout:/usr/bin/ceph: stderr
2024-04-21T09:00:10.873+0000 7f2127fff700 1 -- 172.21.15.52:0/657351500 <== mon.0 v2:172.21.15.52:3300/0 2 ==== config(26 keys) ==== 1070+0+0 (secure 0 0 0) 0x7f212c004300 con 0x7f2130108e70
2024-04-21T09:00:15.953 INFO:teuthology.orchestra.run.smithi052.stdout:/usr/bin/ceph: stderr
2024-04-21T09:00:10.873+0000 7f2127fff700 1 -- 172.21.15.52:0/657351500 <== mon.0 v2:172.21.15.52:3300/0 3 ==== mon_map magic: 0 ==== 205+0+0 (secure 0 0 0) 0x7f212c011af0 con 0x7f2130108e70
2024-04-21T09:00:15.953 INFO:teuthology.orchestra.run.smithi052.stdout:/usr/bin/ceph: stderr
2024-04-21T09:00:10.874+0000 7f21372f1700 1 -- 172.21.15.52:0/657351500 >> [v2:172.21.15.52:3300/0,v1:172.21.15.52:6789/0] conn(0x7f2130108e70 msgr2=0x7f213010b260 secure :-1 s=STATE_CONNECTION_ESTABLISHED l=1).mark_down
2024-04-21T09:00:15.954 INFO:teuthology.orchestra.run.smithi052.stdout:/usr/bin/ceph: stderr
2024-04-21T09:00:10.874+0000 7f21372f1700 1 --2- 172.21.15.52:0/657351500 >> [v2:172.21.15.52:3300/0,v1:172.21.15.52:6789/0] conn(0x7f2130108e70 0x7f213010b260 secure :-1 s=READY pgs=45 cs=0 l=1 rev1=1 crypto rx=0x7f212c0098a0 tx=0x7f212c009bb0 comp rx=0 tx=0).stop
2024-04-21T09:00:15.954 INFO:teuthology.orchestra.run.smithi052.stdout:/usr/bin/ceph: stderr
2024-04-21T09:00:10.874+0000 7f21372f1700 1 -- 172.21.15.52:0/657351500 shutdown_connections
2024-04-21T09:00:15.954 INFO:teuthology.orchestra.run.smithi052.stdout:/usr/bin/ceph: stderr
2024-04-21T09:00:10.874+0000 7f21372f1700 1 --2- 172.21.15.52:0/657351500 >> [v2:172.21.15.52:3300/0,v1:172.21.15.52:6789/0] conn(0x7f2130108e70 0x7f213010b260 unknown :-1 s=CLOSED pgs=45 cs=0 l=1 rev1=1 crypto rx=0 tx=0 comp rx=0 tx=0).stop
2024-04-21T09:00:15.954 INFO:teuthology.orchestra.run.smithi052.stdout:/usr/bin/ceph: stderr
2024-04-21T09:00:10.874+0000 7f21372f1700 1 -- 172.21.15.52:0/657351500 >> 172.21.15.52:0/657351500 conn(0x7f21301028e0 msgr2=0x7f2130104d00 unknown :-1 s=STATE_NONE l=0).mark_down
2024-04-21T09:00:15.954 INFO:teuthology.orchestra.run.smithi052.stdout:/usr/bin/ceph: stderr
2024-04-21T09:00:10.874+0000 7f21372f1700 1 -- 172.21.15.52:0/657351500 shutdown_connections
2024-04-21T09:00:15.954 INFO:teuthology.orchestra.run.smithi052.stdout:/usr/bin/ceph: stderr
2024-04-21T09:00:10.874+0000 7f21372f1700 1 -- 172.21.15.52:0/657351500 wait complete.
2024-04-21T09:00:15.954 INFO:teuthology.orchestra.run.smithi052.stdout:/usr/bin/ceph: stderr
2024-04-21T09:00:10.875+0000 7f21372f1700 1 Processor -- start
2024-04-21T09:00:15.954 INFO:teuthology.orchestra.run.smithi052.stdout:/usr/bin/ceph: stderr
2024-04-21T09:00:10.875+0000 7f21372f1700 1 -- start start
2024-04-21T09:00:15.954 INFO:teuthology.orchestra.run.smithi052.stdout:/usr/bin/ceph: stderr
2024-04-21T09:00:10.875+0000 7f21372f1700 1 --2- >> [v2:172.21.15.52:3300/0,v1:172.21.15.52:6789/0] conn(0x7f2130108e70 0x7f21301086f0 unknown :-1 s=NONE pgs=0 cs=0 l=1 rev1=0 crypto rx=0 tx=0 comp rx=0 tx=0).connect
2024-04-21T09:00:15.954 INFO:teuthology.orchestra.run.smithi052.stdout:/usr/bin/ceph: stderr
2024-04-21T09:00:10.875+0000 7f21372f1700 1 -- --> [v2:172.21.15.52:3300/0,v1:172.21.15.52:6789/0] -- mon_getmap magic: 0 -- 0x7f213010c6a0 con 0x7f2130108e70
2024-04-21T09:00:15.954 INFO:teuthology.orchestra.run.smithi052.stdout:/usr/bin/ceph: stderr
2024-04-21T09:00:10.875+0000 7f213508d700 1 --2- >> [v2:172.21.15.52:3300/0,v1:172.21.15.52:6789/0] conn(0x7f2130108e70 0x7f21301086f0 unknown :-1 s=BANNER_CONNECTING pgs=0 cs=0 l=1 rev1=0 crypto rx=0 tx=0 comp rx=0 tx=0)._handle_peer_banner_payload supported=3 required=0
2024-04-21T09:00:15.954 INFO:teuthology.orchestra.run.smithi052.stdout:/usr/bin/ceph: stderr
2024-04-21T09:00:10.875+0000 7f213508d700 1 --2- >> [v2:172.21.15.52:3300/0,v1:172.21.15.52:6789/0] conn(0x7f2130108e70 0x7f21301086f0 unknown :-1 s=HELLO_CONNECTING pgs=0 cs=0 l=1 rev1=1 crypto rx=0 tx=0 comp rx=0 tx=0).handle_hello peer v2:172.21.15.52:3300/0 says I am v2:172.21.15.52:53598/0 (socket says 172.21.15.52:53598)
2024-04-21T09:00:15.954 INFO:teuthology.orchestra.run.smithi052.stdout:/usr/bin/ceph: stderr
2024-04-21T09:00:10.875+0000 7f213508d700 1 -- 172.21.15.52:0/852197023 learned_addr learned my addr 172.21.15.52:0/852197023 (peer_addr_for_me v2:172.21.15.52:0/0)
2024-04-21T09:00:15.955 INFO:teuthology.orchestra.run.smithi052.stdout:/usr/bin/ceph: stderr
2024-04-21T09:00:10.875+0000 7f213508d700 1 -- 172.21.15.52:0/852197023 --> [v2:172.21.15.52:3300/0,v1:172.21.15.52:6789/0] -- mon_subscribe({config=0+,monmap=0+}) -- 0x7f2130108c30 con 0x7f2130108e70
2024-04-21T09:00:15.955 INFO:teuthology.orchestra.run.smithi052.stdout:/usr/bin/ceph: stderr
2024-04-21T09:00:10.875+0000 7f213508d700 1 --2- 172.21.15.52:0/852197023 >> [v2:172.21.15.52:3300/0,v1:172.21.15.52:6789/0] conn(0x7f2130108e70 0x7f21301086f0 secure :-1 s=READY pgs=46 cs=0 l=1 rev1=1 crypto rx=0x7f212c011ac0 tx=0x7f212c011ba0 comp rx=0 tx=0).ready entity=mon.0 client_cookie=0 server_cookie=0 in_seq=0 out_seq=0
2024-04-21T09:00:15.955 INFO:teuthology.orchestra.run.smithi052.stdout:/usr/bin/ceph: stderr
2024-04-21T09:00:10.875+0000 7f21267fc700 1 -- 172.21.15.52:0/852197023 <== mon.0 v2:172.21.15.52:3300/0 1 ==== mon_map magic: 0 ==== 205+0+0 (secure 0 0 0) 0x7f212c003b20 con 0x7f2130108e70
2024-04-21T09:00:15.955 INFO:teuthology.orchestra.run.smithi052.stdout:/usr/bin/ceph: stderr
2024-04-21T09:00:10.876+0000 7f21267fc700 1 -- 172.21.15.52:0/852197023 <== mon.0 v2:172.21.15.52:3300/0 2 ==== config(26 keys) ==== 1070+0+0 (secure 0 0 0) 0x7f212c01a8c0 con 0x7f2130108e70
2024-04-21T09:00:15.955 INFO:teuthology.orchestra.run.smithi052.stdout:/usr/bin/ceph: stderr
2024-04-21T09:00:10.876+0000 7f21372f1700 1 -- 172.21.15.52:0/852197023 --> [v2:172.21.15.52:3300/0,v1:172.21.15.52:6789/0] -- mon_subscribe({mgrmap=0+}) -- 0x7f2130106e20 con 0x7f2130108e70
2024-04-21T09:00:15.955 INFO:teuthology.orchestra.run.smithi052.stdout:/usr/bin/ceph: stderr
2024-04-21T09:00:10.876+0000 7f21267fc700 1 -- 172.21.15.52:0/852197023 <== mon.0 v2:172.21.15.52:3300/0 3 ==== mon_map magic: 0 ==== 205+0+0 (secure 0 0 0) 0x7f212c0248d0 con 0x7f2130108e70
2024-04-21T09:00:15.955 INFO:teuthology.orchestra.run.smithi052.stdout:/usr/bin/ceph: stderr
2024-04-21T09:00:10.876+0000 7f21372f1700 1 -- 172.21.15.52:0/852197023 --> [v2:172.21.15.52:3300/0,v1:172.21.15.52:6789/0] -- mon_subscribe({osdmap=0}) -- 0x7f2130107360 con 0x7f2130108e70
2024-04-21T09:00:15.955 INFO:teuthology.orchestra.run.smithi052.stdout:/usr/bin/ceph: stderr
2024-04-21T09:00:10.876+0000 7f21267fc700 1 -- 172.21.15.52:0/852197023 <== mon.0 v2:172.21.15.52:3300/0 4 ==== mgrmap(e 8) ==== 46558+0+0 (secure 0 0 0) 0x7f212c022020 con 0x7f2130108e70
2024-04-21T09:00:15.955 INFO:teuthology.orchestra.run.smithi052.stdout:/usr/bin/ceph: stderr
2024-04-21T09:00:10.876+0000 7f21372f1700 1 -- 172.21.15.52:0/852197023 --> [v2:172.21.15.52:3300/0,v1:172.21.15.52:6789/0] -- mon_command({"prefix": "get_command_descriptions"} v 0) -- 0x7f21300640a0 con 0x7f2130108e70
2024-04-21T09:00:15.955 INFO:teuthology.orchestra.run.smithi052.stdout:/usr/bin/ceph: stderr
2024-04-21T09:00:10.877+0000 7f21267fc700 1 --2- 172.21.15.52:0/852197023 >> [v2:172.21.15.52:6800/1292044304,v1:172.21.15.52:6801/1292044304] conn(0x7f211c039670 0x7f211c03bb30 unknown :-1 s=NONE pgs=0 cs=0 l=1 rev1=0 crypto rx=0 tx=0 comp rx=0 tx=0).connect
2024-04-21T09:00:15.955 INFO:teuthology.orchestra.run.smithi052.stdout:/usr/bin/ceph: stderr
2024-04-21T09:00:10.877+0000 7f21267fc700 1 -- 172.21.15.52:0/852197023 <== mon.0 v2:172.21.15.52:3300/0 5 ==== osd_map(2..2 src has 1..2) ==== 940+0+0 (secure 0 0 0) 0x7f212c04d850 con 0x7f2130108e70
2024-04-21T09:00:15.955 INFO:teuthology.orchestra.run.smithi052.stdout:/usr/bin/ceph: stderr
2024-04-21T09:00:10.877+0000 7f213488c700 1 --2- 172.21.15.52:0/852197023 >> [v2:172.21.15.52:6800/1292044304,v1:172.21.15.52:6801/1292044304] conn(0x7f211c039670 0x7f211c03bb30 unknown :-1 s=BANNER_CONNECTING pgs=0 cs=0 l=1 rev1=0 crypto rx=0 tx=0 comp rx=0 tx=0)._handle_peer_banner_payload supported=3 required=0
2024-04-21T09:00:15.955 INFO:teuthology.orchestra.run.smithi052.stdout:/usr/bin/ceph: stderr
2024-04-21T09:00:10.877+0000 7f213488c700 1 --2- 172.21.15.52:0/852197023 >> [v2:172.21.15.52:6800/1292044304,v1:172.21.15.52:6801/1292044304] conn(0x7f211c039670 0x7f211c03bb30 secure :-1 s=READY pgs=11 cs=0 l=1 rev1=1 crypto rx=0x7f2120006fd0 tx=0x7f2120006e40 comp rx=0 tx=0).ready entity=mgr.14120 client_cookie=0 server_cookie=0 in_seq=0 out_seq=0
2024-04-21T09:00:15.956 INFO:teuthology.orchestra.run.smithi052.stdout:/usr/bin/ceph: stderr
2024-04-21T09:00:10.882+0000 7f21267fc700 1 -- 172.21.15.52:0/852197023 <== mon.0 v2:172.21.15.52:3300/0 6 ==== mon_command_ack([{"prefix": "get_command_descriptions"}]=0 v0) ==== 72+0+188370 (secure 0 0 0) 0x7f212c00f2e0 con 0x7f2130108e70
2024-04-21T09:00:15.956 INFO:teuthology.orchestra.run.smithi052.stdout:/usr/bin/ceph: stderr
2024-04-21T09:00:11.098+0000 7f21372f1700 1 -- 172.21.15.52:0/852197023 --> [v2:172.21.15.52:6800/1292044304,v1:172.21.15.52:6801/1292044304] -- mgr_command(tid 0: {"prefix": "orch host add", "hostname": "smithi052", "addr": "172.21.15.52", "target": ["mon-mgr", ""]}) -- 0x7f2130107bc0 con 0x7f211c039670
2024-04-21T09:00:15.956 INFO:teuthology.orchestra.run.smithi052.stdout:/usr/bin/ceph: stderr
2024-04-21T09:00:15.353+0000 7f21267fc700 1 -- 172.21.15.52:0/852197023 <== mgr.14120 v2:172.21.15.52:6800/1292044304 1 ==== mgr_command_reply(tid 0: 0 ) ==== 8+0+48 (secure 0 0 0) 0x7f2130107bc0 con 0x7f211c039670
2024-04-21T09:00:15.956 INFO:teuthology.orchestra.run.smithi052.stdout:/usr/bin/ceph: stderr
2024-04-21T09:00:15.356+0000 7f21372f1700 1 -- 172.21.15.52:0/852197023 >> [v2:172.21.15.52:6800/1292044304,v1:172.21.15.52:6801/1292044304] conn(0x7f211c039670 msgr2=0x7f211c03bb30 secure :-1 s=STATE_CONNECTION_ESTABLISHED l=1).mark_down
2024-04-21T09:00:15.956 INFO:teuthology.orchestra.run.smithi052.stdout:/usr/bin/ceph: stderr
2024-04-21T09:00:15.356+0000 7f21372f1700 1 --2- 172.21.15.52:0/852197023 >> [v2:172.21.15.52:6800/1292044304,v1:172.21.15.52:6801/1292044304] conn(0x7f211c039670 0x7f211c03bb30 secure :-1 s=READY pgs=11 cs=0 l=1 rev1=1 crypto rx=0x7f2120006fd0 tx=0x7f2120006e40 comp rx=0 tx=0).stop
2024-04-21T09:00:15.956 INFO:teuthology.orchestra.run.smithi052.stdout:/usr/bin/ceph: stderr
2024-04-21T09:00:15.356+0000 7f21372f1700 1 -- 172.21.15.52:0/852197023 >> [v2:172.21.15.52:3300/0,v1:172.21.15.52:6789/0] conn(0x7f2130108e70 msgr2=0x7f21301086f0 secure :-1 s=STATE_CONNECTION_ESTABLISHED l=1).mark_down
2024-04-21T09:00:15.956 INFO:teuthology.orchestra.run.smithi052.stdout:/usr/bin/ceph: stderr
2024-04-21T09:00:15.356+0000 7f21372f1700 1 --2- 172.21.15.52:0/852197023 >> [v2:172.21.15.52:3300/0,v1:172.21.15.52:6789/0] conn(0x7f2130108e70 0x7f21301086f0 secure :-1 s=READY pgs=46 cs=0 l=1 rev1=1 crypto rx=0x7f212c011ac0 tx=0x7f212c011ba0 comp rx=0 tx=0).stop
2024-04-21T09:00:15.956 INFO:teuthology.orchestra.run.smithi052.stdout:/usr/bin/ceph: stderr
2024-04-21T09:00:15.356+0000 7f21372f1700 1 -- 172.21.15.52:0/852197023 shutdown_connections
2024-04-21T09:00:15.956 INFO:teuthology.orchestra.run.smithi052.stdout:/usr/bin/ceph: stderr
2024-04-21T09:00:15.356+0000 7f21372f1700 1 --2- 172.21.15.52:0/852197023 >> [v2:172.21.15.52:6800/1292044304,v1:172.21.15.52:6801/1292044304] conn(0x7f211c039670 0x7f211c03bb30 unknown :-1 s=CLOSED pgs=11 cs=0 l=1 rev1=1 crypto rx=0 tx=0 comp rx=0 tx=0).stop
2024-04-21T09:00:15.956 INFO:teuthology.orchestra.run.smithi052.stdout:/usr/bin/ceph: stderr
2024-04-21T09:00:15.356+0000 7f21372f1700 1 --2- 172.21.15.52:0/852197023 >> [v2:172.21.15.52:3300/0,v1:172.21.15.52:6789/0] conn(0x7f2130108e70 0x7f21301086f0 unknown :-1 s=CLOSED pgs=46 cs=0 l=1 rev1=1 crypto rx=0 tx=0 comp rx=0 tx=0).stop
2024-04-21T09:00:15.956 INFO:teuthology.orchestra.run.smithi052.stdout:/usr/bin/ceph: stderr
2024-04-21T09:00:15.356+0000 7f21372f1700 1 -- 172.21.15.52:0/852197023 >> 172.21.15.52:0/852197023 conn(0x7f21301028e0 msgr2=0x7f2130103330 unknown :-1 s=STATE_NONE l=0).mark_down
2024-04-21T09:00:15.956 INFO:teuthology.orchestra.run.smithi052.stdout:/usr/bin/ceph: stderr
2024-04-21T09:00:15.356+0000 7f21372f1700 1 -- 172.21.15.52:0/852197023 shutdown_connections
2024-04-21T09:00:15.956 INFO:teuthology.orchestra.run.smithi052.stdout:/usr/bin/ceph: stderr
2024-04-21T09:00:15.356+0000 7f21372f1700 1 -- 172.21.15.52:0/852197023 wait complete.
2024-04-21T09:00:15.956 INFO:teuthology.orchestra.run.smithi052.stdout:Deploying unmanaged mon service...
2024-04-21T09:00:16.586 INFO:journalctl@ceph.mon.a.smithi052.stdout:Apr 21 09:00:16 smithi052 ceph-mon[28035]: from='mgr.14120 172.21.15.52:0/3498460311' entity='mgr.x'
2024-04-21T09:00:16.586 INFO:journalctl@ceph.mon.a.smithi052.stdout:Apr 21 09:00:16 smithi052 ceph-mon[28035]: Added host smithi052
2024-04-21T09:00:16.586 INFO:journalctl@ceph.mon.a.smithi052.stdout:Apr 21 09:00:16 smithi052 ceph-mon[28035]: from='mgr.14120 172.21.15.52:0/3498460311' entity='mgr.x' cmd=[{"prefix": "config dump", "format": "json"}]: dispatch
2024-04-21T09:00:17.349 INFO:teuthology.orchestra.run.smithi052.stdout:/usr/bin/ceph: stdout Scheduled mon update...
2024-04-21T09:00:17.349 INFO:teuthology.orchestra.run.smithi052.stdout:/usr/bin/ceph: stderr
2024-04-21T09:00:16.347+0000 7f822f150700 1 Processor -- start
2024-04-21T09:00:17.349 INFO:teuthology.orchestra.run.smithi052.stdout:/usr/bin/ceph: stderr
2024-04-21T09:00:16.347+0000 7f822f150700 1 -- start start
2024-04-21T09:00:17.349 INFO:teuthology.orchestra.run.smithi052.stdout:/usr/bin/ceph: stderr
2024-04-21T09:00:16.347+0000 7f822f150700 1 --2- >> [v2:172.21.15.52:3300/0,v1:172.21.15.52:6789/0] conn(0x7f8228106cc0 0x7f82281070e0 unknown :-1 s=NONE pgs=0 cs=0 l=0 rev1=0 crypto rx=0 tx=0 comp rx=0 tx=0).connect
2024-04-21T09:00:17.349 INFO:teuthology.orchestra.run.smithi052.stdout:/usr/bin/ceph: stderr
2024-04-21T09:00:16.347+0000 7f822f150700 1 -- --> [v2:172.21.15.52:3300/0,v1:172.21.15.52:6789/0] -- mon_getmap magic: 0 -- 0x7f822807be40 con 0x7f8228106cc0
2024-04-21T09:00:17.350 INFO:teuthology.orchestra.run.smithi052.stdout:/usr/bin/ceph: stderr
2024-04-21T09:00:16.347+0000 7f822ceec700 1 --2- >> [v2:172.21.15.52:3300/0,v1:172.21.15.52:6789/0] conn(0x7f8228106cc0 0x7f82281070e0 unknown :-1 s=BANNER_CONNECTING pgs=0 cs=0 l=0 rev1=0 crypto rx=0 tx=0 comp rx=0 tx=0)._handle_peer_banner_payload supported=3 required=0
2024-04-21T09:00:17.350 INFO:teuthology.orchestra.run.smithi052.stdout:/usr/bin/ceph: stderr
2024-04-21T09:00:16.347+0000 7f822ceec700 1 --2- >> [v2:172.21.15.52:3300/0,v1:172.21.15.52:6789/0] conn(0x7f8228106cc0 0x7f82281070e0 unknown :-1 s=HELLO_CONNECTING pgs=0 cs=0 l=0 rev1=1 crypto rx=0 tx=0 comp rx=0 tx=0).handle_hello peer v2:172.21.15.52:3300/0 says I am v2:172.21.15.52:53608/0 (socket says 172.21.15.52:53608)
2024-04-21T09:00:17.350 INFO:teuthology.orchestra.run.smithi052.stdout:/usr/bin/ceph: stderr
2024-04-21T09:00:16.347+0000 7f822ceec700 1 -- 172.21.15.52:0/2031609709 learned_addr learned my addr 172.21.15.52:0/2031609709 (peer_addr_for_me v2:172.21.15.52:0/0)
2024-04-21T09:00:17.350 INFO:teuthology.orchestra.run.smithi052.stdout:/usr/bin/ceph: stderr
2024-04-21T09:00:16.347+0000 7f822ceec700 1 -- 172.21.15.52:0/2031609709 --> [v2:172.21.15.52:3300/0,v1:172.21.15.52:6789/0] -- mon_subscribe({config=0+,monmap=0+}) -- 0x7f8228107620 con 0x7f8228106cc0
2024-04-21T09:00:17.350 INFO:teuthology.orchestra.run.smithi052.stdout:/usr/bin/ceph: stderr
2024-04-21T09:00:16.348+0000 7f822ceec700 1 --2- 172.21.15.52:0/2031609709 >> [v2:172.21.15.52:3300/0,v1:172.21.15.52:6789/0] conn(0x7f8228106cc0 0x7f82281070e0 secure :-1 s=READY pgs=47 cs=0 l=1 rev1=1 crypto rx=0x7f82180098a0 tx=0x7f8218009bb0 comp rx=0 tx=0).ready entity=mon.0 client_cookie=2b46e34a48cd4114 server_cookie=0 in_seq=0 out_seq=0
2024-04-21T09:00:17.350 INFO:teuthology.orchestra.run.smithi052.stdout:/usr/bin/ceph: stderr
2024-04-21T09:00:16.348+0000 7f82277fe700 1 -- 172.21.15.52:0/2031609709 <== mon.0 v2:172.21.15.52:3300/0 1 ==== mon_map magic: 0 ==== 205+0+0 (secure 0 0 0) 0x7f8218004160 con 0x7f8228106cc0
2024-04-21T09:00:17.350 INFO:teuthology.orchestra.run.smithi052.stdout:/usr/bin/ceph: stderr
2024-04-21T09:00:16.348+0000 7f82277fe700 1 -- 172.21.15.52:0/2031609709 <== mon.0 v2:172.21.15.52:3300/0 2 ==== config(26 keys) ==== 1070+0+0 (secure 0 0 0) 0x7f8218004300 con 0x7f8228106cc0
2024-04-21T09:00:17.350 INFO:teuthology.orchestra.run.smithi052.stdout:/usr/bin/ceph: stderr
2024-04-21T09:00:16.348+0000 7f82277fe700 1 -- 172.21.15.52:0/2031609709 <== mon.0 v2:172.21.15.52:3300/0 3 ==== mon_map magic: 0 ==== 205+0+0 (secure 0 0 0) 0x7f8218011af0 con 0x7f8228106cc0
2024-04-21T09:00:17.351 INFO:teuthology.orchestra.run.smithi052.stdout:/usr/bin/ceph: stderr
2024-04-21T09:00:16.349+0000 7f822f150700 1 -- 172.21.15.52:0/2031609709 >> [v2:172.21.15.52:3300/0,v1:172.21.15.52:6789/0] conn(0x7f8228106cc0 msgr2=0x7f82281070e0 secure :-1 s=STATE_CONNECTION_ESTABLISHED l=1).mark_down
2024-04-21T09:00:17.351 INFO:teuthology.orchestra.run.smithi052.stdout:/usr/bin/ceph: stderr
2024-04-21T09:00:16.349+0000 7f822f150700 1 --2- 172.21.15.52:0/2031609709 >> [v2:172.21.15.52:3300/0,v1:172.21.15.52:6789/0] conn(0x7f8228106cc0 0x7f82281070e0 secure :-1 s=READY pgs=47 cs=0 l=1 rev1=1 crypto rx=0x7f82180098a0 tx=0x7f8218009bb0 comp rx=0 tx=0).stop
2024-04-21T09:00:17.351 INFO:teuthology.orchestra.run.smithi052.stdout:/usr/bin/ceph: stderr
2024-04-21T09:00:16.349+0000 7f822f150700 1 -- 172.21.15.52:0/2031609709 shutdown_connections
2024-04-21T09:00:17.351 INFO:teuthology.orchestra.run.smithi052.stdout:/usr/bin/ceph: stderr
2024-04-21T09:00:16.349+0000 7f822f150700 1 --2- 172.21.15.52:0/2031609709 >> [v2:172.21.15.52:3300/0,v1:172.21.15.52:6789/0] conn(0x7f8228106cc0 0x7f82281070e0 unknown :-1 s=CLOSED pgs=47 cs=0 l=1 rev1=1 crypto rx=0 tx=0 comp rx=0 tx=0).stop
2024-04-21T09:00:17.351 INFO:teuthology.orchestra.run.smithi052.stdout:/usr/bin/ceph: stderr
2024-04-21T09:00:16.349+0000 7f822f150700 1 -- 172.21.15.52:0/2031609709 >> 172.21.15.52:0/2031609709 conn(0x7f82281028c0 msgr2=0x7f8228104ce0 unknown :-1 s=STATE_NONE l=0).mark_down
2024-04-21T09:00:17.351 INFO:teuthology.orchestra.run.smithi052.stdout:/usr/bin/ceph: stderr
2024-04-21T09:00:16.349+0000 7f822f150700 1 -- 172.21.15.52:0/2031609709 shutdown_connections
2024-04-21T09:00:17.351 INFO:teuthology.orchestra.run.smithi052.stdout:/usr/bin/ceph: stderr
2024-04-21T09:00:16.349+0000 7f822f150700 1 -- 172.21.15.52:0/2031609709 wait complete.
2024-04-21T09:00:17.351 INFO:teuthology.orchestra.run.smithi052.stdout:/usr/bin/ceph: stderr
2024-04-21T09:00:16.349+0000 7f822f150700 1 Processor -- start
2024-04-21T09:00:17.352 INFO:teuthology.orchestra.run.smithi052.stdout:/usr/bin/ceph: stderr
2024-04-21T09:00:16.350+0000 7f822f150700 1 -- start start
2024-04-21T09:00:17.352 INFO:teuthology.orchestra.run.smithi052.stdout:/usr/bin/ceph: stderr
2024-04-21T09:00:16.350+0000 7f822f150700 1 --2- >> [v2:172.21.15.52:3300/0,v1:172.21.15.52:6789/0] conn(0x7f8228106cc0 0x7f822819e4b0 unknown :-1 s=NONE pgs=0 cs=0 l=1 rev1=0 crypto rx=0 tx=0 comp rx=0 tx=0).connect
2024-04-21T09:00:17.352 INFO:teuthology.orchestra.run.smithi052.stdout:/usr/bin/ceph: stderr
2024-04-21T09:00:16.350+0000 7f822f150700 1 -- --> [v2:172.21.15.52:3300/0,v1:172.21.15.52:6789/0] -- mon_getmap magic: 0 -- 0x7f82281085e0 con 0x7f8228106cc0
2024-04-21T09:00:17.352 INFO:teuthology.orchestra.run.smithi052.stdout:/usr/bin/ceph: stderr
2024-04-21T09:00:16.350+0000 7f822ceec700 1 --2- >> [v2:172.21.15.52:3300/0,v1:172.21.15.52:6789/0] conn(0x7f8228106cc0 0x7f822819e4b0 unknown :-1 s=BANNER_CONNECTING pgs=0 cs=0 l=1 rev1=0 crypto rx=0 tx=0 comp rx=0 tx=0)._handle_peer_banner_payload supported=3 required=0
2024-04-21T09:00:17.352 INFO:teuthology.orchestra.run.smithi052.stdout:/usr/bin/ceph: stderr
2024-04-21T09:00:16.350+0000 7f822ceec700 1 --2- >> [v2:172.21.15.52:3300/0,v1:172.21.15.52:6789/0] conn(0x7f8228106cc0 0x7f822819e4b0 unknown :-1 s=HELLO_CONNECTING pgs=0 cs=0 l=1 rev1=1 crypto rx=0 tx=0 comp rx=0 tx=0).handle_hello peer v2:172.21.15.52:3300/0 says I am v2:172.21.15.52:53620/0 (socket says 172.21.15.52:53620)
2024-04-21T09:00:17.352 INFO:teuthology.orchestra.run.smithi052.stdout:/usr/bin/ceph: stderr
2024-04-21T09:00:16.350+0000 7f822ceec700 1 -- 172.21.15.52:0/2517199721 learned_addr learned my addr 172.21.15.52:0/2517199721 (peer_addr_for_me v2:172.21.15.52:0/0)
2024-04-21T09:00:17.352 INFO:teuthology.orchestra.run.smithi052.stdout:/usr/bin/ceph: stderr
2024-04-21T09:00:16.350+0000 7f822ceec700 1 -- 172.21.15.52:0/2517199721 --> [v2:172.21.15.52:3300/0,v1:172.21.15.52:6789/0] -- mon_subscribe({config=0+,monmap=0+}) -- 0x7f822819e9f0 con 0x7f8228106cc0
2024-04-21T09:00:17.352 INFO:teuthology.orchestra.run.smithi052.stdout:/usr/bin/ceph: stderr
