2024-04-22T06:28:13.142+0000 7fd65cc8f700 1 --2- 172.21.15.105:0/2459781207 >> [v2:172.21.15.105:6800/2332170576,v1:172.21.15.105:6801/2332170576] conn(0x7fd6440395b0 0x7fd64403ba70 unknown :-1 s=START_CONNECT pgs=0 cs=0 l=1 rev1=0 crypto rx=0 tx=0 comp rx=0 tx=0)._fault waiting 0.400000
2024-04-22T06:28:19.021 INFO:teuthology.orchestra.run.smithi105.stdout:/usr/bin/ceph: stderr
2024-04-22T06:28:13.543+0000 7fd65cc8f700 1 -- 172.21.15.105:0/2459781207 >> [v2:172.21.15.105:6800/2332170576,v1:172.21.15.105:6801/2332170576] conn(0x7fd6440395b0 msgr2=0x7fd64403ba70 unknown :-1 s=STATE_CONNECTING_RE l=1).process reconnect failed to v2:172.21.15.105:6800/2332170576
2024-04-22T06:28:19.021 INFO:teuthology.orchestra.run.smithi105.stdout:/usr/bin/ceph: stderr
2024-04-22T06:28:13.543+0000 7fd65cc8f700 1 --2- 172.21.15.105:0/2459781207 >> [v2:172.21.15.105:6800/2332170576,v1:172.21.15.105:6801/2332170576] conn(0x7fd6440395b0 0x7fd64403ba70 unknown :-1 s=START_CONNECT pgs=0 cs=0 l=1 rev1=0 crypto rx=0 tx=0 comp rx=0 tx=0)._fault waiting 0.800000
2024-04-22T06:28:19.021 INFO:teuthology.orchestra.run.smithi105.stdout:/usr/bin/ceph: stderr
2024-04-22T06:28:14.344+0000 7fd65cc8f700 1 -- 172.21.15.105:0/2459781207 >> [v2:172.21.15.105:6800/2332170576,v1:172.21.15.105:6801/2332170576] conn(0x7fd6440395b0 msgr2=0x7fd64403ba70 unknown :-1 s=STATE_CONNECTING_RE l=1).process reconnect failed to v2:172.21.15.105:6800/2332170576
2024-04-22T06:28:19.022 INFO:teuthology.orchestra.run.smithi105.stdout:/usr/bin/ceph: stderr
2024-04-22T06:28:14.344+0000 7fd65cc8f700 1 --2- 172.21.15.105:0/2459781207 >> [v2:172.21.15.105:6800/2332170576,v1:172.21.15.105:6801/2332170576] conn(0x7fd6440395b0 0x7fd64403ba70 unknown :-1 s=START_CONNECT pgs=0 cs=0 l=1 rev1=0 crypto rx=0 tx=0 comp rx=0 tx=0)._fault waiting 1.600000
2024-04-22T06:28:19.022 INFO:teuthology.orchestra.run.smithi105.stdout:/usr/bin/ceph: stderr
2024-04-22T06:28:15.945+0000 7fd65cc8f700 1 -- 172.21.15.105:0/2459781207 >> [v2:172.21.15.105:6800/2332170576,v1:172.21.15.105:6801/2332170576] conn(0x7fd6440395b0 msgr2=0x7fd64403ba70 unknown :-1 s=STATE_CONNECTING_RE l=1).process reconnect failed to v2:172.21.15.105:6800/2332170576
2024-04-22T06:28:19.022 INFO:teuthology.orchestra.run.smithi105.stdout:/usr/bin/ceph: stderr
2024-04-22T06:28:15.945+0000 7fd65cc8f700 1 --2- 172.21.15.105:0/2459781207 >> [v2:172.21.15.105:6800/2332170576,v1:172.21.15.105:6801/2332170576] conn(0x7fd6440395b0 0x7fd64403ba70 unknown :-1 s=START_CONNECT pgs=0 cs=0 l=1 rev1=0 crypto rx=0 tx=0 comp rx=0 tx=0)._fault waiting 3.200000
2024-04-22T06:28:19.022 INFO:teuthology.orchestra.run.smithi105.stdout:/usr/bin/ceph: stderr
2024-04-22T06:28:17.393+0000 7fd64e7fc700 1 -- 172.21.15.105:0/2459781207 <== mon.0 v2:172.21.15.105:3300/0 6 ==== mgrmap(e 6) ==== 46325+0+0 (secure 0 0 0) 0x7fd64801abb0 con 0x7fd658109b90
2024-04-22T06:28:19.022 INFO:teuthology.orchestra.run.smithi105.stdout:/usr/bin/ceph: stderr
2024-04-22T06:28:17.393+0000 7fd64e7fc700 1 -- 172.21.15.105:0/2459781207 >> [v2:172.21.15.105:6800/2332170576,v1:172.21.15.105:6801/2332170576] conn(0x7fd6440395b0 msgr2=0x7fd64403ba70 unknown :-1 s=STATE_CONNECTING l=1).mark_down
2024-04-22T06:28:19.022 INFO:teuthology.orchestra.run.smithi105.stdout:/usr/bin/ceph: stderr
2024-04-22T06:28:17.393+0000 7fd64e7fc700 1 --2- 172.21.15.105:0/2459781207 >> [v2:172.21.15.105:6800/2332170576,v1:172.21.15.105:6801/2332170576] conn(0x7fd6440395b0 0x7fd64403ba70 unknown :-1 s=START_CONNECT pgs=0 cs=0 l=1 rev1=0 crypto rx=0 tx=0 comp rx=0 tx=0).stop
2024-04-22T06:28:19.022 INFO:teuthology.orchestra.run.smithi105.stdout:/usr/bin/ceph: stderr
2024-04-22T06:28:18.394+0000 7fd64e7fc700 1 -- 172.21.15.105:0/2459781207 <== mon.0 v2:172.21.15.105:3300/0 7 ==== mgrmap(e 7) ==== 46452+0+0 (secure 0 0 0) 0x7fd648018350 con 0x7fd658109b90
2024-04-22T06:28:19.022 INFO:teuthology.orchestra.run.smithi105.stdout:/usr/bin/ceph: stderr
2024-04-22T06:28:18.394+0000 7fd64e7fc700 1 --2- 172.21.15.105:0/2459781207 >> [v2:172.21.15.105:6800/3871303088,v1:172.21.15.105:6801/3871303088] conn(0x7fd64403cea0 0x7fd64403f290 unknown :-1 s=NONE pgs=0 cs=0 l=1 rev1=0 crypto rx=0 tx=0 comp rx=0 tx=0).connect
2024-04-22T06:28:19.022 INFO:teuthology.orchestra.run.smithi105.stdout:/usr/bin/ceph: stderr
2024-04-22T06:28:18.394+0000 7fd64e7fc700 1 -- 172.21.15.105:0/2459781207 --> [v2:172.21.15.105:6800/3871303088,v1:172.21.15.105:6801/3871303088] -- command(tid 0: {"prefix": "get_command_descriptions"}) -- 0x7fd648023ec0 con 0x7fd64403cea0
2024-04-22T06:28:19.022 INFO:teuthology.orchestra.run.smithi105.stdout:/usr/bin/ceph: stderr
2024-04-22T06:28:18.395+0000 7fd65cc8f700 1 --2- 172.21.15.105:0/2459781207 >> [v2:172.21.15.105:6800/3871303088,v1:172.21.15.105:6801/3871303088] conn(0x7fd64403cea0 0x7fd64403f290 unknown :-1 s=BANNER_CONNECTING pgs=0 cs=0 l=1 rev1=0 crypto rx=0 tx=0 comp rx=0 tx=0)._handle_peer_banner_payload supported=3 required=0
2024-04-22T06:28:19.022 INFO:teuthology.orchestra.run.smithi105.stdout:/usr/bin/ceph: stderr
2024-04-22T06:28:18.395+0000 7fd65cc8f700 1 --2- 172.21.15.105:0/2459781207 >> [v2:172.21.15.105:6800/3871303088,v1:172.21.15.105:6801/3871303088] conn(0x7fd64403cea0 0x7fd64403f290 secure :-1 s=READY pgs=3 cs=0 l=1 rev1=1 crypto rx=0x7fd654003a10 tx=0x7fd6540092b0 comp rx=0 tx=0).ready entity=mgr.14120 client_cookie=0 server_cookie=0 in_seq=0 out_seq=0
2024-04-22T06:28:19.022 INFO:teuthology.orchestra.run.smithi105.stdout:/usr/bin/ceph: stderr
2024-04-22T06:28:18.396+0000 7fd64e7fc700 1 -- 172.21.15.105:0/2459781207 <== mgr.14120 v2:172.21.15.105:6800/3871303088 1 ==== command_reply(tid 0: 0 ) ==== 8+0+7774 (secure 0 0 0) 0x7fd648023ec0 con 0x7fd64403cea0
2024-04-22T06:28:19.022 INFO:teuthology.orchestra.run.smithi105.stdout:/usr/bin/ceph: stderr
2024-04-22T06:28:18.402+0000 7fd65f6f4700 1 -- 172.21.15.105:0/2459781207 --> [v2:172.21.15.105:6800/3871303088,v1:172.21.15.105:6801/3871303088] -- command(tid 1: {"prefix": "mgr_status"}) -- 0x7fd65810cb60 con 0x7fd64403cea0
2024-04-22T06:28:19.023 INFO:teuthology.orchestra.run.smithi105.stdout:/usr/bin/ceph: stderr
2024-04-22T06:28:18.402+0000 7fd64e7fc700 1 -- 172.21.15.105:0/2459781207 <== mgr.14120 v2:172.21.15.105:6800/3871303088 2 ==== command_reply(tid 1: 0 ) ==== 8+0+51 (secure 0 0 0) 0x7fd65810cb60 con 0x7fd64403cea0
2024-04-22T06:28:19.023 INFO:teuthology.orchestra.run.smithi105.stdout:/usr/bin/ceph: stderr
2024-04-22T06:28:18.403+0000 7fd65f6f4700 1 -- 172.21.15.105:0/2459781207 >> [v2:172.21.15.105:6800/3871303088,v1:172.21.15.105:6801/3871303088] conn(0x7fd64403cea0 msgr2=0x7fd64403f290 secure :-1 s=STATE_CONNECTION_ESTABLISHED l=1).mark_down
2024-04-22T06:28:19.023 INFO:teuthology.orchestra.run.smithi105.stdout:/usr/bin/ceph: stderr
2024-04-22T06:28:18.403+0000 7fd65f6f4700 1 --2- 172.21.15.105:0/2459781207 >> [v2:172.21.15.105:6800/3871303088,v1:172.21.15.105:6801/3871303088] conn(0x7fd64403cea0 0x7fd64403f290 secure :-1 s=READY pgs=3 cs=0 l=1 rev1=1 crypto rx=0x7fd654003a10 tx=0x7fd6540092b0 comp rx=0 tx=0).stop
2024-04-22T06:28:19.023 INFO:teuthology.orchestra.run.smithi105.stdout:/usr/bin/ceph: stderr
2024-04-22T06:28:18.403+0000 7fd65f6f4700 1 -- 172.21.15.105:0/2459781207 >> [v2:172.21.15.105:3300/0,v1:172.21.15.105:6789/0] conn(0x7fd658109b90 msgr2=0x7fd6581091b0 secure :-1 s=STATE_CONNECTION_ESTABLISHED l=1).mark_down
2024-04-22T06:28:19.023 INFO:teuthology.orchestra.run.smithi105.stdout:/usr/bin/ceph: stderr
2024-04-22T06:28:18.403+0000 7fd65f6f4700 1 --2- 172.21.15.105:0/2459781207 >> [v2:172.21.15.105:3300/0,v1:172.21.15.105:6789/0] conn(0x7fd658109b90 0x7fd6581091b0 secure :-1 s=READY pgs=29 cs=0 l=1 rev1=1 crypto rx=0x7fd648003f40 tx=0x7fd648011890 comp rx=0 tx=0).stop
2024-04-22T06:28:19.023 INFO:teuthology.orchestra.run.smithi105.stdout:/usr/bin/ceph: stderr
2024-04-22T06:28:18.403+0000 7fd65f6f4700 1 -- 172.21.15.105:0/2459781207 shutdown_connections
2024-04-22T06:28:19.023 INFO:teuthology.orchestra.run.smithi105.stdout:/usr/bin/ceph: stderr
2024-04-22T06:28:18.403+0000 7fd65f6f4700 1 --2- 172.21.15.105:0/2459781207 >> [v2:172.21.15.105:3300/0,v1:172.21.15.105:6789/0] conn(0x7fd658109b90 0x7fd6581091b0 unknown :-1 s=CLOSED pgs=29 cs=0 l=1 rev1=1 crypto rx=0 tx=0 comp rx=0 tx=0).stop
2024-04-22T06:28:19.023 INFO:teuthology.orchestra.run.smithi105.stdout:/usr/bin/ceph: stderr
2024-04-22T06:28:18.403+0000 7fd65f6f4700 1 --2- 172.21.15.105:0/2459781207 >> [v2:172.21.15.105:6800/3871303088,v1:172.21.15.105:6801/3871303088] conn(0x7fd64403cea0 0x7fd64403f290 unknown :-1 s=CLOSED pgs=3 cs=0 l=1 rev1=1 crypto rx=0 tx=0 comp rx=0 tx=0).stop
2024-04-22T06:28:19.023 INFO:teuthology.orchestra.run.smithi105.stdout:/usr/bin/ceph: stderr
2024-04-22T06:28:18.403+0000 7fd65f6f4700 1 --2- 172.21.15.105:0/2459781207 >> [v2:172.21.15.105:6800/2332170576,v1:172.21.15.105:6801/2332170576] conn(0x7fd6440395b0 0x7fd64403ba70 unknown :-1 s=CLOSED pgs=0 cs=0 l=1 rev1=0 crypto rx=0 tx=0 comp rx=0 tx=0).stop
2024-04-22T06:28:19.023 INFO:teuthology.orchestra.run.smithi105.stdout:/usr/bin/ceph: stderr
2024-04-22T06:28:18.403+0000 7fd65f6f4700 1 -- 172.21.15.105:0/2459781207 >> 172.21.15.105:0/2459781207 conn(0x7fd658102210 msgr2=0x7fd658102d40 unknown :-1 s=STATE_NONE l=0).mark_down
2024-04-22T06:28:19.023 INFO:teuthology.orchestra.run.smithi105.stdout:/usr/bin/ceph: stderr
2024-04-22T06:28:18.403+0000 7fd65f6f4700 1 -- 172.21.15.105:0/2459781207 shutdown_connections
2024-04-22T06:28:19.023 INFO:teuthology.orchestra.run.smithi105.stdout:/usr/bin/ceph: stderr
2024-04-22T06:28:18.403+0000 7fd65f6f4700 1 -- 172.21.15.105:0/2459781207 wait complete.
2024-04-22T06:28:19.023 INFO:teuthology.orchestra.run.smithi105.stdout:mgr epoch 5 is available
2024-04-22T06:28:19.024 INFO:teuthology.orchestra.run.smithi105.stdout:Setting orchestrator backend to cephadm...
2024-04-22T06:28:19.651 INFO:journalctl@ceph.mon.a.smithi105.stdout:Apr 22 06:28:19 smithi105 ceph-mon[27916]: from='client.14124 -' entity='client.admin' cmd=[{"prefix": "get_command_descriptions"}]: dispatch
2024-04-22T06:28:19.651 INFO:journalctl@ceph.mon.a.smithi105.stdout:Apr 22 06:28:19 smithi105 ceph-mon[27916]: from='client.14124 -' entity='client.admin' cmd=[{"prefix": "mgr_status"}]: dispatch
2024-04-22T06:28:19.652 INFO:journalctl@ceph.mon.a.smithi105.stdout:Apr 22 06:28:19 smithi105 ceph-mon[27916]: [22/Apr/2024:06:28:18] ENGINE Bus STARTING
2024-04-22T06:28:19.652 INFO:journalctl@ceph.mon.a.smithi105.stdout:Apr 22 06:28:19 smithi105 ceph-mon[27916]: from='mgr.14120 172.21.15.105:0/732070430' entity='mgr.x' cmd=[{"prefix": "config dump", "format": "json"}]: dispatch
2024-04-22T06:28:20.272 INFO:teuthology.orchestra.run.smithi105.stdout:/usr/bin/ceph: stderr
2024-04-22T06:28:19.409+0000 7f4643584700 1 Processor -- start
2024-04-22T06:28:20.272 INFO:teuthology.orchestra.run.smithi105.stdout:/usr/bin/ceph: stderr
2024-04-22T06:28:19.410+0000 7f4643584700 1 -- start start
2024-04-22T06:28:20.272 INFO:teuthology.orchestra.run.smithi105.stdout:/usr/bin/ceph: stderr
2024-04-22T06:28:19.410+0000 7f4643584700 1 --2- >> [v2:172.21.15.105:3300/0,v1:172.21.15.105:6789/0] conn(0x7f463c108600 0x7f463c108a20 unknown :-1 s=NONE pgs=0 cs=0 l=0 rev1=0 crypto rx=0 tx=0 comp rx=0 tx=0).connect
2024-04-22T06:28:20.272 INFO:teuthology.orchestra.run.smithi105.stdout:/usr/bin/ceph: stderr
2024-04-22T06:28:19.410+0000 7f4643584700 1 -- --> [v2:172.21.15.105:3300/0,v1:172.21.15.105:6789/0] -- mon_getmap magic: 0 -- 0x7f463c108ff0 con 0x7f463c108600
2024-04-22T06:28:20.272 INFO:teuthology.orchestra.run.smithi105.stdout:/usr/bin/ceph: stderr
2024-04-22T06:28:19.410+0000 7f4641320700 1 --2- >> [v2:172.21.15.105:3300/0,v1:172.21.15.105:6789/0] conn(0x7f463c108600 0x7f463c108a20 unknown :-1 s=BANNER_CONNECTING pgs=0 cs=0 l=0 rev1=0 crypto rx=0 tx=0 comp rx=0 tx=0)._handle_peer_banner_payload supported=3 required=0
2024-04-22T06:28:20.272 INFO:teuthology.orchestra.run.smithi105.stdout:/usr/bin/ceph: stderr
2024-04-22T06:28:19.410+0000 7f4641320700 1 --2- >> [v2:172.21.15.105:3300/0,v1:172.21.15.105:6789/0] conn(0x7f463c108600 0x7f463c108a20 unknown :-1 s=HELLO_CONNECTING pgs=0 cs=0 l=0 rev1=1 crypto rx=0 tx=0 comp rx=0 tx=0).handle_hello peer v2:172.21.15.105:3300/0 says I am v2:172.21.15.105:38124/0 (socket says 172.21.15.105:38124)
2024-04-22T06:28:20.272 INFO:teuthology.orchestra.run.smithi105.stdout:/usr/bin/ceph: stderr
2024-04-22T06:28:19.410+0000 7f4641320700 1 -- 172.21.15.105:0/1461048665 learned_addr learned my addr 172.21.15.105:0/1461048665 (peer_addr_for_me v2:172.21.15.105:0/0)
2024-04-22T06:28:20.272 INFO:teuthology.orchestra.run.smithi105.stdout:/usr/bin/ceph: stderr
2024-04-22T06:28:19.410+0000 7f4641320700 1 -- 172.21.15.105:0/1461048665 --> [v2:172.21.15.105:3300/0,v1:172.21.15.105:6789/0] -- mon_subscribe({config=0+,monmap=0+}) -- 0x7f463c1097b0 con 0x7f463c108600
2024-04-22T06:28:20.273 INFO:teuthology.orchestra.run.smithi105.stdout:/usr/bin/ceph: stderr
2024-04-22T06:28:19.411+0000 7f4641320700 1 --2- 172.21.15.105:0/1461048665 >> [v2:172.21.15.105:3300/0,v1:172.21.15.105:6789/0] conn(0x7f463c108600 0x7f463c108a20 secure :-1 s=READY pgs=37 cs=0 l=1 rev1=1 crypto rx=0x7f46380098a0 tx=0x7f4638009bb0 comp rx=0 tx=0).ready entity=mon.0 client_cookie=99e2b68bfef4d1dc server_cookie=0 in_seq=0 out_seq=0
2024-04-22T06:28:20.273 INFO:teuthology.orchestra.run.smithi105.stdout:/usr/bin/ceph: stderr
2024-04-22T06:28:19.411+0000 7f4633fff700 1 -- 172.21.15.105:0/1461048665 <== mon.0 v2:172.21.15.105:3300/0 1 ==== mon_map magic: 0 ==== 205+0+0 (secure 0 0 0) 0x7f4638004160 con 0x7f463c108600
2024-04-22T06:28:20.273 INFO:teuthology.orchestra.run.smithi105.stdout:/usr/bin/ceph: stderr
2024-04-22T06:28:19.411+0000 7f4633fff700 1 -- 172.21.15.105:0/1461048665 <== mon.0 v2:172.21.15.105:3300/0 2 ==== config(26 keys) ==== 1070+0+0 (secure 0 0 0) 0x7f4638004300 con 0x7f463c108600
2024-04-22T06:28:20.273 INFO:teuthology.orchestra.run.smithi105.stdout:/usr/bin/ceph: stderr
2024-04-22T06:28:19.411+0000 7f4633fff700 1 -- 172.21.15.105:0/1461048665 <== mon.0 v2:172.21.15.105:3300/0 3 ==== mon_map magic: 0 ==== 205+0+0 (secure 0 0 0) 0x7f4638011af0 con 0x7f463c108600
2024-04-22T06:28:20.273 INFO:teuthology.orchestra.run.smithi105.stdout:/usr/bin/ceph: stderr
2024-04-22T06:28:19.411+0000 7f4643584700 1 -- 172.21.15.105:0/1461048665 >> [v2:172.21.15.105:3300/0,v1:172.21.15.105:6789/0] conn(0x7f463c108600 msgr2=0x7f463c108a20 secure :-1 s=STATE_CONNECTION_ESTABLISHED l=1).mark_down
2024-04-22T06:28:20.273 INFO:teuthology.orchestra.run.smithi105.stdout:/usr/bin/ceph: stderr
2024-04-22T06:28:19.411+0000 7f4643584700 1 --2- 172.21.15.105:0/1461048665 >> [v2:172.21.15.105:3300/0,v1:172.21.15.105:6789/0] conn(0x7f463c108600 0x7f463c108a20 secure :-1 s=READY pgs=37 cs=0 l=1 rev1=1 crypto rx=0x7f46380098a0 tx=0x7f4638009bb0 comp rx=0 tx=0).stop
2024-04-22T06:28:20.273 INFO:teuthology.orchestra.run.smithi105.stdout:/usr/bin/ceph: stderr
2024-04-22T06:28:19.411+0000 7f4643584700 1 -- 172.21.15.105:0/1461048665 shutdown_connections
2024-04-22T06:28:20.274 INFO:teuthology.orchestra.run.smithi105.stdout:/usr/bin/ceph: stderr
2024-04-22T06:28:19.411+0000 7f4643584700 1 --2- 172.21.15.105:0/1461048665 >> [v2:172.21.15.105:3300/0,v1:172.21.15.105:6789/0] conn(0x7f463c108600 0x7f463c108a20 unknown :-1 s=CLOSED pgs=37 cs=0 l=1 rev1=1 crypto rx=0 tx=0 comp rx=0 tx=0).stop
2024-04-22T06:28:20.274 INFO:teuthology.orchestra.run.smithi105.stdout:/usr/bin/ceph: stderr
2024-04-22T06:28:19.411+0000 7f4643584700 1 -- 172.21.15.105:0/1461048665 >> 172.21.15.105:0/1461048665 conn(0x7f463c103c40 msgr2=0x7f463c106060 unknown :-1 s=STATE_NONE l=0).mark_down
2024-04-22T06:28:20.274 INFO:teuthology.orchestra.run.smithi105.stdout:/usr/bin/ceph: stderr
2024-04-22T06:28:19.411+0000 7f4643584700 1 -- 172.21.15.105:0/1461048665 shutdown_connections
2024-04-22T06:28:20.274 INFO:teuthology.orchestra.run.smithi105.stdout:/usr/bin/ceph: stderr
2024-04-22T06:28:19.411+0000 7f4643584700 1 -- 172.21.15.105:0/1461048665 wait complete.
2024-04-22T06:28:20.274 INFO:teuthology.orchestra.run.smithi105.stdout:/usr/bin/ceph: stderr
2024-04-22T06:28:19.412+0000 7f4643584700 1 Processor -- start
2024-04-22T06:28:20.274 INFO:teuthology.orchestra.run.smithi105.stdout:/usr/bin/ceph: stderr
2024-04-22T06:28:19.412+0000 7f4643584700 1 -- start start
2024-04-22T06:28:20.275 INFO:teuthology.orchestra.run.smithi105.stdout:/usr/bin/ceph: stderr
2024-04-22T06:28:19.412+0000 7f4643584700 1 --2- >> [v2:172.21.15.105:3300/0,v1:172.21.15.105:6789/0] conn(0x7f463c108600 0x7f463c07db60 unknown :-1 s=NONE pgs=0 cs=0 l=1 rev1=0 crypto rx=0 tx=0 comp rx=0 tx=0).connect
2024-04-22T06:28:20.275 INFO:teuthology.orchestra.run.smithi105.stdout:/usr/bin/ceph: stderr
2024-04-22T06:28:19.412+0000 7f4643584700 1 -- --> [v2:172.21.15.105:3300/0,v1:172.21.15.105:6789/0] -- mon_getmap magic: 0 -- 0x7f463c10c9e0 con 0x7f463c108600
2024-04-22T06:28:20.275 INFO:teuthology.orchestra.run.smithi105.stdout:/usr/bin/ceph: stderr
2024-04-22T06:28:19.412+0000 7f4641320700 1 --2- >> [v2:172.21.15.105:3300/0,v1:172.21.15.105:6789/0] conn(0x7f463c108600 0x7f463c07db60 unknown :-1 s=BANNER_CONNECTING pgs=0 cs=0 l=1 rev1=0 crypto rx=0 tx=0 comp rx=0 tx=0)._handle_peer_banner_payload supported=3 required=0
2024-04-22T06:28:20.275 INFO:teuthology.orchestra.run.smithi105.stdout:/usr/bin/ceph: stderr
2024-04-22T06:28:19.412+0000 7f4641320700 1 --2- >> [v2:172.21.15.105:3300/0,v1:172.21.15.105:6789/0] conn(0x7f463c108600 0x7f463c07db60 unknown :-1 s=HELLO_CONNECTING pgs=0 cs=0 l=1 rev1=1 crypto rx=0 tx=0 comp rx=0 tx=0).handle_hello peer v2:172.21.15.105:3300/0 says I am v2:172.21.15.105:38138/0 (socket says 172.21.15.105:38138)
2024-04-22T06:28:20.275 INFO:teuthology.orchestra.run.smithi105.stdout:/usr/bin/ceph: stderr
2024-04-22T06:28:19.412+0000 7f4641320700 1 -- 172.21.15.105:0/1956901823 learned_addr learned my addr 172.21.15.105:0/1956901823 (peer_addr_for_me v2:172.21.15.105:0/0)
2024-04-22T06:28:20.275 INFO:teuthology.orchestra.run.smithi105.stdout:/usr/bin/ceph: stderr
2024-04-22T06:28:19.412+0000 7f4641320700 1 -- 172.21.15.105:0/1956901823 --> [v2:172.21.15.105:3300/0,v1:172.21.15.105:6789/0] -- mon_subscribe({config=0+,monmap=0+}) -- 0x7f463c07e0a0 con 0x7f463c108600
2024-04-22T06:28:20.276 INFO:teuthology.orchestra.run.smithi105.stdout:/usr/bin/ceph: stderr
2024-04-22T06:28:19.413+0000 7f4641320700 1 --2- 172.21.15.105:0/1956901823 >> [v2:172.21.15.105:3300/0,v1:172.21.15.105:6789/0] conn(0x7f463c108600 0x7f463c07db60 secure :-1 s=READY pgs=38 cs=0 l=1 rev1=1 crypto rx=0x7f4638009fb0 tx=0x7f4638011940 comp rx=0 tx=0).ready entity=mon.0 client_cookie=0 server_cookie=0 in_seq=0 out_seq=0
2024-04-22T06:28:20.276 INFO:teuthology.orchestra.run.smithi105.stdout:/usr/bin/ceph: stderr
2024-04-22T06:28:19.413+0000 7f46327fc700 1 -- 172.21.15.105:0/1956901823 <== mon.0 v2:172.21.15.105:3300/0 1 ==== mon_map magic: 0 ==== 205+0+0 (secure 0 0 0) 0x7f46380036a0 con 0x7f463c108600
2024-04-22T06:28:20.276 INFO:teuthology.orchestra.run.smithi105.stdout:/usr/bin/ceph: stderr
2024-04-22T06:28:19.413+0000 7f46327fc700 1 -- 172.21.15.105:0/1956901823 <== mon.0 v2:172.21.15.105:3300/0 2 ==== config(26 keys) ==== 1070+0+0 (secure 0 0 0) 0x7f463801a430 con 0x7f463c108600
2024-04-22T06:28:20.276 INFO:teuthology.orchestra.run.smithi105.stdout:/usr/bin/ceph: stderr
2024-04-22T06:28:19.413+0000 7f4643584700 1 -- 172.21.15.105:0/1956901823 --> [v2:172.21.15.105:3300/0,v1:172.21.15.105:6789/0] -- mon_subscribe({mgrmap=0+}) -- 0x7f463c07c290 con 0x7f463c108600
2024-04-22T06:28:20.276 INFO:teuthology.orchestra.run.smithi105.stdout:/usr/bin/ceph: stderr
2024-04-22T06:28:19.413+0000 7f46327fc700 1 -- 172.21.15.105:0/1956901823 <== mon.0 v2:172.21.15.105:3300/0 3 ==== mon_map magic: 0 ==== 205+0+0 (secure 0 0 0) 0x7f4638019550 con 0x7f463c108600
2024-04-22T06:28:20.276 INFO:teuthology.orchestra.run.smithi105.stdout:/usr/bin/ceph: stderr
2024-04-22T06:28:19.413+0000 7f4643584700 1 -- 172.21.15.105:0/1956901823 --> [v2:172.21.15.105:3300/0,v1:172.21.15.105:6789/0] -- mon_subscribe({osdmap=0}) -- 0x7f463c07c7d0 con 0x7f463c108600
2024-04-22T06:28:20.277 INFO:teuthology.orchestra.run.smithi105.stdout:/usr/bin/ceph: stderr
2024-04-22T06:28:19.414+0000 7f46327fc700 1 -- 172.21.15.105:0/1956901823 <== mon.0 v2:172.21.15.105:3300/0 4 ==== mgrmap(e 7) ==== 46452+0+0 (secure 0 0 0) 0x7f4638019800 con 0x7f463c108600
2024-04-22T06:28:20.277 INFO:teuthology.orchestra.run.smithi105.stdout:/usr/bin/ceph: stderr
2024-04-22T06:28:19.414+0000 7f4643584700 1 -- 172.21.15.105:0/1956901823 --> [v2:172.21.15.105:3300/0,v1:172.21.15.105:6789/0] -- mon_command({"prefix": "get_command_descriptions"} v 0) -- 0x7f463c10cb60 con 0x7f463c108600
2024-04-22T06:28:20.277 INFO:teuthology.orchestra.run.smithi105.stdout:/usr/bin/ceph: stderr
2024-04-22T06:28:19.414+0000 7f46327fc700 1 --2- 172.21.15.105:0/1956901823 >> [v2:172.21.15.105:6800/3871303088,v1:172.21.15.105:6801/3871303088] conn(0x7f4628039480 0x7f462803b940 unknown :-1 s=NONE pgs=0 cs=0 l=1 rev1=0 crypto rx=0 tx=0 comp rx=0 tx=0).connect
2024-04-22T06:28:20.277 INFO:teuthology.orchestra.run.smithi105.stdout:/usr/bin/ceph: stderr
2024-04-22T06:28:19.414+0000 7f46327fc700 1 -- 172.21.15.105:0/1956901823 <== mon.0 v2:172.21.15.105:3300/0 5 ==== osd_map(2..2 src has 1..2) ==== 940+0+0 (secure 0 0 0) 0x7f463804d6e0 con 0x7f463c108600
2024-04-22T06:28:20.277 INFO:teuthology.orchestra.run.smithi105.stdout:/usr/bin/ceph: stderr
2024-04-22T06:28:19.414+0000 7f4640b1f700 1 --2- 172.21.15.105:0/1956901823 >> [v2:172.21.15.105:6800/3871303088,v1:172.21.15.105:6801/3871303088] conn(0x7f4628039480 0x7f462803b940 unknown :-1 s=BANNER_CONNECTING pgs=0 cs=0 l=1 rev1=0 crypto rx=0 tx=0 comp rx=0 tx=0)._handle_peer_banner_payload supported=3 required=0
2024-04-22T06:28:20.277 INFO:teuthology.orchestra.run.smithi105.stdout:/usr/bin/ceph: stderr
2024-04-22T06:28:19.414+0000 7f4640b1f700 1 --2- 172.21.15.105:0/1956901823 >> [v2:172.21.15.105:6800/3871303088,v1:172.21.15.105:6801/3871303088] conn(0x7f4628039480 0x7f462803b940 secure :-1 s=READY pgs=7 cs=0 l=1 rev1=1 crypto rx=0x7f462c006fd0 tx=0x7f462c006e40 comp rx=0 tx=0).ready entity=mgr.14120 client_cookie=0 server_cookie=0 in_seq=0 out_seq=0
2024-04-22T06:28:20.277 INFO:teuthology.orchestra.run.smithi105.stdout:/usr/bin/ceph: stderr
2024-04-22T06:28:19.419+0000 7f46327fc700 1 -- 172.21.15.105:0/1956901823 <== mon.0 v2:172.21.15.105:3300/0 6 ==== mon_command_ack([{"prefix": "get_command_descriptions"}]=0 v0) ==== 72+0+188370 (secure 0 0 0) 0x7f463801a690 con 0x7f463c108600
2024-04-22T06:28:20.277 INFO:teuthology.orchestra.run.smithi105.stdout:/usr/bin/ceph: stderr
2024-04-22T06:28:19.448+0000 7f46327fc700 1 -- 172.21.15.105:0/1956901823 <== mon.0 v2:172.21.15.105:3300/0 7 ==== mgrmap(e 8) ==== 46558+0+0 (secure 0 0 0) 0x7f4638019af0 con 0x7f463c108600
2024-04-22T06:28:20.278 INFO:teuthology.orchestra.run.smithi105.stdout:/usr/bin/ceph: stderr
2024-04-22T06:28:19.634+0000 7f4643584700 1 -- 172.21.15.105:0/1956901823 --> [v2:172.21.15.105:6800/3871303088,v1:172.21.15.105:6801/3871303088] -- mgr_command(tid 0: {"prefix": "orch set backend", "module_name": "cephadm", "target": ["mon-mgr", ""]}) -- 0x7f463c07d020 con 0x7f4628039480
2024-04-22T06:28:20.278 INFO:teuthology.orchestra.run.smithi105.stdout:/usr/bin/ceph: stderr
2024-04-22T06:28:19.639+0000 7f46327fc700 1 -- 172.21.15.105:0/1956901823 <== mgr.14120 v2:172.21.15.105:6800/3871303088 1 ==== mgr_command_reply(tid 0: 0 ) ==== 8+0+0 (secure 0 0 0) 0x7f463c07d020 con 0x7f4628039480
2024-04-22T06:28:20.278 INFO:teuthology.orchestra.run.smithi105.stdout:/usr/bin/ceph: stderr
2024-04-22T06:28:19.641+0000 7f4643584700 1 -- 172.21.15.105:0/1956901823 >> [v2:172.21.15.105:6800/3871303088,v1:172.21.15.105:6801/3871303088] conn(0x7f4628039480 msgr2=0x7f462803b940 secure :-1 s=STATE_CONNECTION_ESTABLISHED l=1).mark_down
2024-04-22T06:28:20.278 INFO:teuthology.orchestra.run.smithi105.stdout:/usr/bin/ceph: stderr
2024-04-22T06:28:19.641+0000 7f4643584700 1 --2- 172.21.15.105:0/1956901823 >> [v2:172.21.15.105:6800/3871303088,v1:172.21.15.105:6801/3871303088] conn(0x7f4628039480 0x7f462803b940 secure :-1 s=READY pgs=7 cs=0 l=1 rev1=1 crypto rx=0x7f462c006fd0 tx=0x7f462c006e40 comp rx=0 tx=0).stop
2024-04-22T06:28:20.278 INFO:teuthology.orchestra.run.smithi105.stdout:/usr/bin/ceph: stderr
2024-04-22T06:28:19.641+0000 7f4643584700 1 -- 172.21.15.105:0/1956901823 >> [v2:172.21.15.105:3300/0,v1:172.21.15.105:6789/0] conn(0x7f463c108600 msgr2=0x7f463c07db60 secure :-1 s=STATE_CONNECTION_ESTABLISHED l=1).mark_down
2024-04-22T06:28:20.278 INFO:teuthology.orchestra.run.smithi105.stdout:/usr/bin/ceph: stderr
2024-04-22T06:28:19.641+0000 7f4643584700 1 --2- 172.21.15.105:0/1956901823 >> [v2:172.21.15.105:3300/0,v1:172.21.15.105:6789/0] conn(0x7f463c108600 0x7f463c07db60 secure :-1 s=READY pgs=38 cs=0 l=1 rev1=1 crypto rx=0x7f4638009fb0 tx=0x7f4638011940 comp rx=0 tx=0).stop
2024-04-22T06:28:20.278 INFO:teuthology.orchestra.run.smithi105.stdout:/usr/bin/ceph: stderr
2024-04-22T06:28:19.641+0000 7f4643584700 1 -- 172.21.15.105:0/1956901823 shutdown_connections
2024-04-22T06:28:20.279 INFO:teuthology.orchestra.run.smithi105.stdout:/usr/bin/ceph: stderr
2024-04-22T06:28:19.641+0000 7f4643584700 1 --2- 172.21.15.105:0/1956901823 >> [v2:172.21.15.105:6800/3871303088,v1:172.21.15.105:6801/3871303088] conn(0x7f4628039480 0x7f462803b940 unknown :-1 s=CLOSED pgs=7 cs=0 l=1 rev1=1 crypto rx=0 tx=0 comp rx=0 tx=0).stop
2024-04-22T06:28:20.279 INFO:teuthology.orchestra.run.smithi105.stdout:/usr/bin/ceph: stderr
2024-04-22T06:28:19.641+0000 7f4643584700 1 --2- 172.21.15.105:0/1956901823 >> [v2:172.21.15.105:3300/0,v1:172.21.15.105:6789/0] conn(0x7f463c108600 0x7f463c07db60 unknown :-1 s=CLOSED pgs=38 cs=0 l=1 rev1=1 crypto rx=0 tx=0 comp rx=0 tx=0).stop
2024-04-22T06:28:20.279 INFO:teuthology.orchestra.run.smithi105.stdout:/usr/bin/ceph: stderr
2024-04-22T06:28:19.641+0000 7f4643584700 1 -- 172.21.15.105:0/1956901823 >> 172.21.15.105:0/1956901823 conn(0x7f463c103c40 msgr2=0x7f463c104770 unknown :-1 s=STATE_NONE l=0).mark_down
2024-04-22T06:28:20.279 INFO:teuthology.orchestra.run.smithi105.stdout:/usr/bin/ceph: stderr
2024-04-22T06:28:19.641+0000 7f4643584700 1 -- 172.21.15.105:0/1956901823 shutdown_connections
2024-04-22T06:28:20.279 INFO:teuthology.orchestra.run.smithi105.stdout:/usr/bin/ceph: stderr
2024-04-22T06:28:19.641+0000 7f4643584700 1 -- 172.21.15.105:0/1956901823 wait complete.
2024-04-22T06:28:20.574 INFO:journalctl@ceph.mon.a.smithi105.stdout:Apr 22 06:28:20 smithi105 ceph-mon[27916]: [22/Apr/2024:06:28:18] ENGINE Serving on https://172.21.15.105:7150
2024-04-22T06:28:20.574 INFO:journalctl@ceph.mon.a.smithi105.stdout:Apr 22 06:28:20 smithi105 ceph-mon[27916]: [22/Apr/2024:06:28:18] ENGINE Serving on http://172.21.15.105:8765
2024-04-22T06:28:20.574 INFO:journalctl@ceph.mon.a.smithi105.stdout:Apr 22 06:28:20 smithi105 ceph-mon[27916]: [22/Apr/2024:06:28:18] ENGINE Bus STARTED
2024-04-22T06:28:20.574 INFO:journalctl@ceph.mon.a.smithi105.stdout:Apr 22 06:28:20 smithi105 ceph-mon[27916]: mgrmap e8: x(active, since 2s)
2024-04-22T06:28:20.574 INFO:journalctl@ceph.mon.a.smithi105.stdout:Apr 22 06:28:20 smithi105 ceph-mon[27916]: from='client.14132 -' entity='client.admin' cmd=[{"prefix": "orch set backend", "module_name": "cephadm", "target": ["mon-mgr", ""]}]: dispatch
2024-04-22T06:28:20.575 INFO:journalctl@ceph.mon.a.smithi105.stdout:Apr 22 06:28:20 smithi105 ceph-mon[27916]: from='mgr.14120 172.21.15.105:0/732070430' entity='mgr.x'
2024-04-22T06:28:20.575 INFO:journalctl@ceph.mon.a.smithi105.stdout:Apr 22 06:28:20 smithi105 ceph-mon[27916]: from='mgr.14120 172.21.15.105:0/732070430' entity='mgr.x' cmd=[{"prefix": "config dump", "format": "json"}]: dispatch
2024-04-22T06:28:21.611 INFO:teuthology.orchestra.run.smithi105.stdout:/usr/bin/ceph: stdout value unchanged
2024-04-22T06:28:21.611 INFO:teuthology.orchestra.run.smithi105.stdout:/usr/bin/ceph: stderr
2024-04-22T06:28:20.674+0000 7f1c55b1a700 1 Processor -- start
2024-04-22T06:28:21.611 INFO:teuthology.orchestra.run.smithi105.stdout:/usr/bin/ceph: stderr
2024-04-22T06:28:20.674+0000 7f1c55b1a700 1 -- start start
2024-04-22T06:28:21.611 INFO:teuthology.orchestra.run.smithi105.stdout:/usr/bin/ceph: stderr
2024-04-22T06:28:20.675+0000 7f1c55b1a700 1 --2- >> [v2:172.21.15.105:3300/0,v1:172.21.15.105:6789/0] conn(0x7f1c50108570 0x7f1c50108990 unknown :-1 s=NONE pgs=0 cs=0 l=0 rev1=0 crypto rx=0 tx=0 comp rx=0 tx=0).connect
2024-04-22T06:28:21.611 INFO:teuthology.orchestra.run.smithi105.stdout:/usr/bin/ceph: stderr
2024-04-22T06:28:20.675+0000 7f1c55b1a700 1 -- --> [v2:172.21.15.105:3300/0,v1:172.21.15.105:6789/0] -- mon_getmap magic: 0 -- 0x7f1c50108f60 con 0x7f1c50108570
2024-04-22T06:28:21.611 INFO:teuthology.orchestra.run.smithi105.stdout:/usr/bin/ceph: stderr
2024-04-22T06:28:20.675+0000 7f1c4f7fe700 1 --2- >> [v2:172.21.15.105:3300/0,v1:172.21.15.105:6789/0] conn(0x7f1c50108570 0x7f1c50108990 unknown :-1 s=BANNER_CONNECTING pgs=0 cs=0 l=0 rev1=0 crypto rx=0 tx=0 comp rx=0 tx=0)._handle_peer_banner_payload supported=3 required=0
2024-04-22T06:28:21.611 INFO:teuthology.orchestra.run.smithi105.stdout:/usr/bin/ceph: stderr
2024-04-22T06:28:20.675+0000 7f1c4f7fe700 1 --2- >> [v2:172.21.15.105:3300/0,v1:172.21.15.105:6789/0] conn(0x7f1c50108570 0x7f1c50108990 unknown :-1 s=HELLO_CONNECTING pgs=0 cs=0 l=0 rev1=1 crypto rx=0 tx=0 comp rx=0 tx=0).handle_hello peer v2:172.21.15.105:3300/0 says I am v2:172.21.15.105:38148/0 (socket says 172.21.15.105:38148)
2024-04-22T06:28:21.611 INFO:teuthology.orchestra.run.smithi105.stdout:/usr/bin/ceph: stderr
2024-04-22T06:28:20.675+0000 7f1c4f7fe700 1 -- 172.21.15.105:0/2045386033 learned_addr learned my addr 172.21.15.105:0/2045386033 (peer_addr_for_me v2:172.21.15.105:0/0)
2024-04-22T06:28:21.611 INFO:teuthology.orchestra.run.smithi105.stdout:/usr/bin/ceph: stderr
2024-04-22T06:28:20.675+0000 7f1c4f7fe700 1 -- 172.21.15.105:0/2045386033 --> [v2:172.21.15.105:3300/0,v1:172.21.15.105:6789/0] -- mon_subscribe({config=0+,monmap=0+}) -- 0x7f1c50109770 con 0x7f1c50108570
2024-04-22T06:28:21.611 INFO:teuthology.orchestra.run.smithi105.stdout:/usr/bin/ceph: stderr
2024-04-22T06:28:20.675+0000 7f1c4f7fe700 1 --2- 172.21.15.105:0/2045386033 >> [v2:172.21.15.105:3300/0,v1:172.21.15.105:6789/0] conn(0x7f1c50108570 0x7f1c50108990 secure :-1 s=READY pgs=39 cs=0 l=1 rev1=1 crypto rx=0x7f1c400098a0 tx=0x7f1c40009bb0 comp rx=0 tx=0).ready entity=mon.0 client_cookie=d1588e23d458e9a2 server_cookie=0 in_seq=0 out_seq=0
2024-04-22T06:28:21.612 INFO:teuthology.orchestra.run.smithi105.stdout:/usr/bin/ceph: stderr
2024-04-22T06:28:20.675+0000 7f1c4e7fc700 1 -- 172.21.15.105:0/2045386033 <== mon.0 v2:172.21.15.105:3300/0 1 ==== mon_map magic: 0 ==== 205+0+0 (secure 0 0 0) 0x7f1c40004160 con 0x7f1c50108570
2024-04-22T06:28:21.612 INFO:teuthology.orchestra.run.smithi105.stdout:/usr/bin/ceph: stderr
2024-04-22T06:28:20.675+0000 7f1c4e7fc700 1 -- 172.21.15.105:0/2045386033 <== mon.0 v2:172.21.15.105:3300/0 2 ==== config(26 keys) ==== 1070+0+0 (secure 0 0 0) 0x7f1c40004300 con 0x7f1c50108570
2024-04-22T06:28:21.612 INFO:teuthology.orchestra.run.smithi105.stdout:/usr/bin/ceph: stderr
2024-04-22T06:28:20.675+0000 7f1c4e7fc700 1 -- 172.21.15.105:0/2045386033 <== mon.0 v2:172.21.15.105:3300/0 3 ==== mon_map magic: 0 ==== 205+0+0 (secure 0 0 0) 0x7f1c40011af0 con 0x7f1c50108570
2024-04-22T06:28:21.612 INFO:teuthology.orchestra.run.smithi105.stdout:/usr/bin/ceph: stderr
2024-04-22T06:28:20.676+0000 7f1c55b1a700 1 -- 172.21.15.105:0/2045386033 >> [v2:172.21.15.105:3300/0,v1:172.21.15.105:6789/0] conn(0x7f1c50108570 msgr2=0x7f1c50108990 secure :-1 s=STATE_CONNECTION_ESTABLISHED l=1).mark_down
2024-04-22T06:28:21.612 INFO:teuthology.orchestra.run.smithi105.stdout:/usr/bin/ceph: stderr
2024-04-22T06:28:20.676+0000 7f1c55b1a700 1 --2- 172.21.15.105:0/2045386033 >> [v2:172.21.15.105:3300/0,v1:172.21.15.105:6789/0] conn(0x7f1c50108570 0x7f1c50108990 secure :-1 s=READY pgs=39 cs=0 l=1 rev1=1 crypto rx=0x7f1c400098a0 tx=0x7f1c40009bb0 comp rx=0 tx=0).stop
2024-04-22T06:28:21.612 INFO:teuthology.orchestra.run.smithi105.stdout:/usr/bin/ceph: stderr
2024-04-22T06:28:20.676+0000 7f1c55b1a700 1 -- 172.21.15.105:0/2045386033 shutdown_connections
2024-04-22T06:28:21.612 INFO:teuthology.orchestra.run.smithi105.stdout:/usr/bin/ceph: stderr
2024-04-22T06:28:20.676+0000 7f1c55b1a700 1 --2- 172.21.15.105:0/2045386033 >> [v2:172.21.15.105:3300/0,v1:172.21.15.105:6789/0] conn(0x7f1c50108570 0x7f1c50108990 unknown :-1 s=CLOSED pgs=39 cs=0 l=1 rev1=1 crypto rx=0 tx=0 comp rx=0 tx=0).stop
2024-04-22T06:28:21.612 INFO:teuthology.orchestra.run.smithi105.stdout:/usr/bin/ceph: stderr
2024-04-22T06:28:20.676+0000 7f1c55b1a700 1 -- 172.21.15.105:0/2045386033 >> 172.21.15.105:0/2045386033 conn(0x7f1c50103b90 msgr2=0x7f1c50105fb0 unknown :-1 s=STATE_NONE l=0).mark_down
2024-04-22T06:28:21.612 INFO:teuthology.orchestra.run.smithi105.stdout:/usr/bin/ceph: stderr
2024-04-22T06:28:20.676+0000 7f1c55b1a700 1 -- 172.21.15.105:0/2045386033 shutdown_connections
2024-04-22T06:28:21.612 INFO:teuthology.orchestra.run.smithi105.stdout:/usr/bin/ceph: stderr
2024-04-22T06:28:20.676+0000 7f1c55b1a700 1 -- 172.21.15.105:0/2045386033 wait complete.
2024-04-22T06:28:21.612 INFO:teuthology.orchestra.run.smithi105.stdout:/usr/bin/ceph: stderr
2024-04-22T06:28:20.677+0000 7f1c55b1a700 1 Processor -- start
2024-04-22T06:28:21.612 INFO:teuthology.orchestra.run.smithi105.stdout:/usr/bin/ceph: stderr
2024-04-22T06:28:20.677+0000 7f1c55b1a700 1 -- start start
2024-04-22T06:28:21.612 INFO:teuthology.orchestra.run.smithi105.stdout:/usr/bin/ceph: stderr
2024-04-22T06:28:20.677+0000 7f1c55b1a700 1 --2- >> [v2:172.21.15.105:3300/0,v1:172.21.15.105:6789/0] conn(0x7f1c50108570 0x7f1c5019c4c0 unknown :-1 s=NONE pgs=0 cs=0 l=1 rev1=0 crypto rx=0 tx=0 comp rx=0 tx=0).connect
2024-04-22T06:28:21.612 INFO:teuthology.orchestra.run.smithi105.stdout:/usr/bin/ceph: stderr
2024-04-22T06:28:20.677+0000 7f1c55b1a700 1 -- --> [v2:172.21.15.105:3300/0,v1:172.21.15.105:6789/0] -- mon_getmap magic: 0 -- 0x7f1c5010cb20 con 0x7f1c50108570
2024-04-22T06:28:21.613 INFO:teuthology.orchestra.run.smithi105.stdout:/usr/bin/ceph: stderr
2024-04-22T06:28:20.677+0000 7f1c4f7fe700 1 --2- >> [v2:172.21.15.105:3300/0,v1:172.21.15.105:6789/0] conn(0x7f1c50108570 0x7f1c5019c4c0 unknown :-1 s=BANNER_CONNECTING pgs=0 cs=0 l=1 rev1=0 crypto rx=0 tx=0 comp rx=0 tx=0)._handle_peer_banner_payload supported=3 required=0
2024-04-22T06:28:21.613 INFO:teuthology.orchestra.run.smithi105.stdout:/usr/bin/ceph: stderr
2024-04-22T06:28:20.677+0000 7f1c4f7fe700 1 --2- >> [v2:172.21.15.105:3300/0,v1:172.21.15.105:6789/0] conn(0x7f1c50108570 0x7f1c5019c4c0 unknown :-1 s=HELLO_CONNECTING pgs=0 cs=0 l=1 rev1=1 crypto rx=0 tx=0 comp rx=0 tx=0).handle_hello peer v2:172.21.15.105:3300/0 says I am v2:172.21.15.105:38162/0 (socket says 172.21.15.105:38162)
2024-04-22T06:28:21.613 INFO:teuthology.orchestra.run.smithi105.stdout:/usr/bin/ceph: stderr
2024-04-22T06:28:20.677+0000 7f1c4f7fe700 1 -- 172.21.15.105:0/2687226668 learned_addr learned my addr 172.21.15.105:0/2687226668 (peer_addr_for_me v2:172.21.15.105:0/0)
2024-04-22T06:28:21.613 INFO:teuthology.orchestra.run.smithi105.stdout:/usr/bin/ceph: stderr
2024-04-22T06:28:20.677+0000 7f1c4f7fe700 1 -- 172.21.15.105:0/2687226668 --> [v2:172.21.15.105:3300/0,v1:172.21.15.105:6789/0] -- mon_subscribe({config=0+,monmap=0+}) -- 0x7f1c5019ca00 con 0x7f1c50108570
2024-04-22T06:28:21.613 INFO:teuthology.orchestra.run.smithi105.stdout:/usr/bin/ceph: stderr
2024-04-22T06:28:20.678+0000 7f1c4f7fe700 1 --2- 172.21.15.105:0/2687226668 >> [v2:172.21.15.105:3300/0,v1:172.21.15.105:6789/0] conn(0x7f1c50108570 0x7f1c5019c4c0 secure :-1 s=READY pgs=40 cs=0 l=1 rev1=1 crypto rx=0x7f1c40003f40 tx=0x7f1c40011890 comp rx=0 tx=0).ready entity=mon.0 client_cookie=0 server_cookie=0 in_seq=0 out_seq=0
2024-04-22T06:28:21.613 INFO:teuthology.orchestra.run.smithi105.stdout:/usr/bin/ceph: stderr
2024-04-22T06:28:20.678+0000 7f1c4cff9700 1 -- 172.21.15.105:0/2687226668 <== mon.0 v2:172.21.15.105:3300/0 1 ==== mon_map magic: 0 ==== 205+0+0 (secure 0 0 0) 0x7f1c400038b0 con 0x7f1c50108570
2024-04-22T06:28:21.613 INFO:teuthology.orchestra.run.smithi105.stdout:/usr/bin/ceph: stderr
2024-04-22T06:28:20.678+0000 7f1c4cff9700 1 -- 172.21.15.105:0/2687226668 <== mon.0 v2:172.21.15.105:3300/0 2 ==== config(26 keys) ==== 1070+0+0 (secure 0 0 0) 0x7f1c40003a50 con 0x7f1c50108570
2024-04-22T06:28:21.613 INFO:teuthology.orchestra.run.smithi105.stdout:/usr/bin/ceph: stderr
2024-04-22T06:28:20.678+0000 7f1c55b1a700 1 -- 172.21.15.105:0/2687226668 --> [v2:172.21.15.105:3300/0,v1:172.21.15.105:6789/0] -- mon_subscribe({mgrmap=0+}) -- 0x7f1c5019cc90 con 0x7f1c50108570
2024-04-22T06:28:21.613 INFO:teuthology.orchestra.run.smithi105.stdout:/usr/bin/ceph: stderr
2024-04-22T06:28:20.678+0000 7f1c4cff9700 1 -- 172.21.15.105:0/2687226668 <== mon.0 v2:172.21.15.105:3300/0 3 ==== mon_map magic: 0 ==== 205+0+0 (secure 0 0 0) 0x7f1c4001a5c0 con 0x7f1c50108570
2024-04-22T06:28:21.613 INFO:teuthology.orchestra.run.smithi105.stdout:/usr/bin/ceph: stderr
2024-04-22T06:28:20.678+0000 7f1c55b1a700 1 -- 172.21.15.105:0/2687226668 --> [v2:172.21.15.105:3300/0,v1:172.21.15.105:6789/0] -- mon_subscribe({osdmap=0}) -- 0x7f1c5019f980 con 0x7f1c50108570
2024-04-22T06:28:21.613 INFO:teuthology.orchestra.run.smithi105.stdout:/usr/bin/ceph: stderr
2024-04-22T06:28:20.679+0000 7f1c4cff9700 1 -- 172.21.15.105:0/2687226668 <== mon.0 v2:172.21.15.105:3300/0 4 ==== mgrmap(e 8) ==== 46558+0+0 (secure 0 0 0) 0x7f1c4001a870 con 0x7f1c50108570
2024-04-22T06:28:21.613 INFO:teuthology.orchestra.run.smithi105.stdout:/usr/bin/ceph: stderr
2024-04-22T06:28:20.679+0000 7f1c55b1a700 1 -- 172.21.15.105:0/2687226668 --> [v2:172.21.15.105:3300/0,v1:172.21.15.105:6789/0] -- mon_command({"prefix": "get_command_descriptions"} v 0) -- 0x7f1c5019d170 con 0x7f1c50108570
2024-04-22T06:28:21.613 INFO:teuthology.orchestra.run.smithi105.stdout:/usr/bin/ceph: stderr
2024-04-22T06:28:20.679+0000 7f1c4cff9700 1 --2- 172.21.15.105:0/2687226668 >> [v2:172.21.15.105:6800/3871303088,v1:172.21.15.105:6801/3871303088] conn(0x7f1c380395b0 0x7f1c3803ba70 unknown :-1 s=NONE pgs=0 cs=0 l=1 rev1=0 crypto rx=0 tx=0 comp rx=0 tx=0).connect
2024-04-22T06:28:21.613 INFO:teuthology.orchestra.run.smithi105.stdout:/usr/bin/ceph: stderr
2024-04-22T06:28:20.679+0000 7f1c4cff9700 1 -- 172.21.15.105:0/2687226668 <== mon.0 v2:172.21.15.105:3300/0 5 ==== osd_map(2..2 src has 1..2) ==== 940+0+0 (secure 0 0 0) 0x7f1c4004e980 con 0x7f1c50108570
2024-04-22T06:28:21.613 INFO:teuthology.orchestra.run.smithi105.stdout:/usr/bin/ceph: stderr
2024-04-22T06:28:20.679+0000 7f1c4effd700 1 --2- 172.21.15.105:0/2687226668 >> [v2:172.21.15.105:6800/3871303088,v1:172.21.15.105:6801/3871303088] conn(0x7f1c380395b0 0x7f1c3803ba70 unknown :-1 s=BANNER_CONNECTING pgs=0 cs=0 l=1 rev1=0 crypto rx=0 tx=0 comp rx=0 tx=0)._handle_peer_banner_payload supported=3 required=0
2024-04-22T06:28:21.613 INFO:teuthology.orchestra.run.smithi105.stdout:/usr/bin/ceph: stderr
2024-04-22T06:28:20.680+0000 7f1c4effd700 1 --2- 172.21.15.105:0/2687226668 >> [v2:172.21.15.105:6800/3871303088,v1:172.21.15.105:6801/3871303088] conn(0x7f1c380395b0 0x7f1c3803ba70 secure :-1 s=READY pgs=8 cs=0 l=1 rev1=1 crypto rx=0x7f1c44006fd0 tx=0x7f1c44006e40 comp rx=0 tx=0).ready entity=mgr.14120 client_cookie=0 server_cookie=0 in_seq=0 out_seq=0
2024-04-22T06:28:21.614 INFO:teuthology.orchestra.run.smithi105.stdout:/usr/bin/ceph: stderr
2024-04-22T06:28:20.684+0000 7f1c4cff9700 1 -- 172.21.15.105:0/2687226668 <== mon.0 v2:172.21.15.105:3300/0 6 ==== mon_command_ack([{"prefix": "get_command_descriptions"}]=0 v0) ==== 72+0+188370 (secure 0 0 0) 0x7f1c5019d170 con 0x7f1c50108570
2024-04-22T06:28:21.614 INFO:teuthology.orchestra.run.smithi105.stdout:/usr/bin/ceph: stderr
2024-04-22T06:28:20.888+0000 7f1c55b1a700 1 -- 172.21.15.105:0/2687226668 --> [v2:172.21.15.105:6800/3871303088,v1:172.21.15.105:6801/3871303088] -- mgr_command(tid 0: {"prefix": "cephadm set-user", "user": "root", "target": ["mon-mgr", ""]}) -- 0x7f1c50104d70 con 0x7f1c380395b0
2024-04-22T06:28:21.614 INFO:teuthology.orchestra.run.smithi105.stdout:/usr/bin/ceph: stderr
2024-04-22T06:28:20.888+0000 7f1c4cff9700 1 -- 172.21.15.105:0/2687226668 <== mgr.14120 v2:172.21.15.105:6800/3871303088 1 ==== mgr_command_reply(tid 0: 0 ) ==== 8+0+16 (secure 0 0 0) 0x7f1c50104d70 con 0x7f1c380395b0
2024-04-22T06:28:21.614 INFO:teuthology.orchestra.run.smithi105.stdout:/usr/bin/ceph: stderr
2024-04-22T06:28:20.891+0000 7f1c55b1a700 1 -- 172.21.15.105:0/2687226668 >> [v2:172.21.15.105:6800/3871303088,v1:172.21.15.105:6801/3871303088] conn(0x7f1c380395b0 msgr2=0x7f1c3803ba70 secure :-1 s=STATE_CONNECTION_ESTABLISHED l=1).mark_down
2024-04-22T06:28:21.614 INFO:teuthology.orchestra.run.smithi105.stdout:/usr/bin/ceph: stderr
2024-04-22T06:28:20.891+0000 7f1c55b1a700 1 --2- 172.21.15.105:0/2687226668 >> [v2:172.21.15.105:6800/3871303088,v1:172.21.15.105:6801/3871303088] conn(0x7f1c380395b0 0x7f1c3803ba70 secure :-1 s=READY pgs=8 cs=0 l=1 rev1=1 crypto rx=0x7f1c44006fd0 tx=0x7f1c44006e40 comp rx=0 tx=0).stop
2024-04-22T06:28:21.614 INFO:teuthology.orchestra.run.smithi105.stdout:/usr/bin/ceph: stderr
2024-04-22T06:28:20.891+0000 7f1c55b1a700 1 -- 172.21.15.105:0/2687226668 >> [v2:172.21.15.105:3300/0,v1:172.21.15.105:6789/0] conn(0x7f1c50108570 msgr2=0x7f1c5019c4c0 secure :-1 s=STATE_CONNECTION_ESTABLISHED l=1).mark_down
2024-04-22T06:28:21.614 INFO:teuthology.orchestra.run.smithi105.stdout:/usr/bin/ceph: stderr
2024-04-22T06:28:20.891+0000 7f1c55b1a700 1 --2- 172.21.15.105:0/2687226668 >> [v2:172.21.15.105:3300/0,v1:172.21.15.105:6789/0] conn(0x7f1c50108570 0x7f1c5019c4c0 secure :-1 s=READY pgs=40 cs=0 l=1 rev1=1 crypto rx=0x7f1c40003f40 tx=0x7f1c40011890 comp rx=0 tx=0).stop
2024-04-22T06:28:21.614 INFO:teuthology.orchestra.run.smithi105.stdout:/usr/bin/ceph: stderr
2024-04-22T06:28:20.891+0000 7f1c55b1a700 1 -- 172.21.15.105:0/2687226668 shutdown_connections
2024-04-22T06:28:21.614 INFO:teuthology.orchestra.run.smithi105.stdout:/usr/bin/ceph: stderr
2024-04-22T06:28:20.891+0000 7f1c55b1a700 1 --2- 172.21.15.105:0/2687226668 >> [v2:172.21.15.105:6800/3871303088,v1:172.21.15.105:6801/3871303088] conn(0x7f1c380395b0 0x7f1c3803ba70 unknown :-1 s=CLOSED pgs=8 cs=0 l=1 rev1=1 crypto rx=0 tx=0 comp rx=0 tx=0).stop
2024-04-22T06:28:21.614 INFO:teuthology.orchestra.run.smithi105.stdout:/usr/bin/ceph: stderr
2024-04-22T06:28:20.891+0000 7f1c55b1a700 1 --2- 172.21.15.105:0/2687226668 >> [v2:172.21.15.105:3300/0,v1:172.21.15.105:6789/0] conn(0x7f1c50108570 0x7f1c5019c4c0 unknown :-1 s=CLOSED pgs=40 cs=0 l=1 rev1=1 crypto rx=0 tx=0 comp rx=0 tx=0).stop
2024-04-22T06:28:21.614 INFO:teuthology.orchestra.run.smithi105.stdout:/usr/bin/ceph: stderr
2024-04-22T06:28:20.891+0000 7f1c55b1a700 1 -- 172.21.15.105:0/2687226668 >> 172.21.15.105:0/2687226668 conn(0x7f1c50103b90 msgr2=0x7f1c50104660 unknown :-1 s=STATE_NONE l=0).mark_down
2024-04-22T06:28:21.614 INFO:teuthology.orchestra.run.smithi105.stdout:/usr/bin/ceph: stderr
2024-04-22T06:28:20.891+0000 7f1c55b1a700 1 -- 172.21.15.105:0/2687226668 shutdown_connections
2024-04-22T06:28:21.614 INFO:teuthology.orchestra.run.smithi105.stdout:/usr/bin/ceph: stderr
2024-04-22T06:28:20.891+0000 7f1c55b1a700 1 -- 172.21.15.105:0/2687226668 wait complete.
2024-04-22T06:28:21.614 INFO:teuthology.orchestra.run.smithi105.stdout:Generating ssh key...
2024-04-22T06:28:21.918 INFO:journalctl@ceph.mon.a.smithi105.stdout:Apr 22 06:28:21 smithi105 ceph-mon[27916]: from='client.14134 -' entity='client.admin' cmd=[{"prefix": "cephadm set-user", "user": "root", "target": ["mon-mgr", ""]}]: dispatch
2024-04-22T06:28:22.919 INFO:journalctl@ceph.mgr.x.smithi105.stdout:Apr 22 06:28:22 smithi105 ceph-48924e24-0071-11ef-bc93-c7b262605968-mgr-x[28147]: Generating public/private rsa key pair.
2024-04-22T06:28:22.919 INFO:journalctl@ceph.mgr.x.smithi105.stdout:Apr 22 06:28:22 smithi105 ceph-48924e24-0071-11ef-bc93-c7b262605968-mgr-x[28147]: Your identification has been saved in /tmp/tmp48gtgain/key.
2024-04-22T06:28:22.919 INFO:journalctl@ceph.mgr.x.smithi105.stdout:Apr 22 06:28:22 smithi105 ceph-48924e24-0071-11ef-bc93-c7b262605968-mgr-x[28147]: Your public key has been saved in /tmp/tmp48gtgain/key.pub.
2024-04-22T06:28:22.919 INFO:journalctl@ceph.mgr.x.smithi105.stdout:Apr 22 06:28:22 smithi105 ceph-48924e24-0071-11ef-bc93-c7b262605968-mgr-x[28147]: The key fingerprint is:
2024-04-22T06:28:22.919 INFO:journalctl@ceph.mgr.x.smithi105.stdout:Apr 22 06:28:22 smithi105 ceph-48924e24-0071-11ef-bc93-c7b262605968-mgr-x[28147]: SHA256:dwjtu/Avn3r2fPlwA9Cr69FJYp2XnEvWTB1tUjYkNqE ceph-48924e24-0071-11ef-bc93-c7b262605968
2024-04-22T06:28:22.920 INFO:journalctl@ceph.mgr.x.smithi105.stdout:Apr 22 06:28:22 smithi105 ceph-48924e24-0071-11ef-bc93-c7b262605968-mgr-x[28147]: The key's randomart image is:
2024-04-22T06:28:22.920 INFO:journalctl@ceph.mgr.x.smithi105.stdout:Apr 22 06:28:22 smithi105 ceph-48924e24-0071-11ef-bc93-c7b262605968-mgr-x[28147]: +---[RSA 3072]----+
2024-04-22T06:28:22.920 INFO:journalctl@ceph.mgr.x.smithi105.stdout:Apr 22 06:28:22 smithi105 ceph-48924e24-0071-11ef-bc93-c7b262605968-mgr-x[28147]: | =o=+|
2024-04-22T06:28:22.920 INFO:journalctl@ceph.mgr.x.smithi105.stdout:Apr 22 06:28:22 smithi105 ceph-48924e24-0071-11ef-bc93-c7b262605968-mgr-x[28147]: | . + +.*|
2024-04-22T06:28:22.920 INFO:journalctl@ceph.mgr.x.smithi105.stdout:Apr 22 06:28:22 smithi105 ceph-48924e24-0071-11ef-bc93-c7b262605968-mgr-x[28147]: | . .E . oo|
2024-04-22T06:28:22.920 INFO:journalctl@ceph.mgr.x.smithi105.stdout:Apr 22 06:28:22 smithi105 ceph-48924e24-0071-11ef-bc93-c7b262605968-mgr-x[28147]: | o .o +o+|
2024-04-22T06:28:22.920 INFO:journalctl@ceph.mgr.x.smithi105.stdout:Apr 22 06:28:22 smithi105 ceph-48924e24-0071-11ef-bc93-c7b262605968-mgr-x[28147]: | S +o.* Bo|
2024-04-22T06:28:22.920 INFO:journalctl@ceph.mgr.x.smithi105.stdout:Apr 22 06:28:22 smithi105 ceph-48924e24-0071-11ef-bc93-c7b262605968-mgr-x[28147]: | ..o= * .|
2024-04-22T06:28:22.920 INFO:journalctl@ceph.mgr.x.smithi105.stdout:Apr 22 06:28:22 smithi105 ceph-48924e24-0071-11ef-bc93-c7b262605968-mgr-x[28147]: | . .o o.oo|
2024-04-22T06:28:22.920 INFO:journalctl@ceph.mgr.x.smithi105.stdout:Apr 22 06:28:22 smithi105 ceph-48924e24-0071-11ef-bc93-c7b262605968-mgr-x[28147]: | o..=o +o|
2024-04-22T06:28:22.920 INFO:journalctl@ceph.mgr.x.smithi105.stdout:Apr 22 06:28:22 smithi105 ceph-48924e24-0071-11ef-bc93-c7b262605968-mgr-x[28147]: | =X+.o.o|
2024-04-22T06:28:22.920 INFO:journalctl@ceph.mgr.x.smithi105.stdout:Apr 22 06:28:22 smithi105 ceph-48924e24-0071-11ef-bc93-c7b262605968-mgr-x[28147]: +----[SHA256]-----+
2024-04-22T06:28:23.226 INFO:teuthology.orchestra.run.smithi105.stdout:/usr/bin/ceph: stderr
2024-04-22T06:28:22.045+0000 7f2b527e0700 1 Processor -- start
2024-04-22T06:28:23.226 INFO:teuthology.orchestra.run.smithi105.stdout:/usr/bin/ceph: stderr
2024-04-22T06:28:22.045+0000 7f2b527e0700 1 -- start start
2024-04-22T06:28:23.226 INFO:teuthology.orchestra.run.smithi105.stdout:/usr/bin/ceph: stderr
2024-04-22T06:28:22.045+0000 7f2b527e0700 1 --2- >> [v2:172.21.15.105:3300/0,v1:172.21.15.105:6789/0] conn(0x7f2b4c108a60 0x7f2b4c108e80 unknown :-1 s=NONE pgs=0 cs=0 l=0 rev1=0 crypto rx=0 tx=0 comp rx=0 tx=0).connect
2024-04-22T06:28:23.226 INFO:teuthology.orchestra.run.smithi105.stdout:/usr/bin/ceph: stderr
2024-04-22T06:28:22.045+0000 7f2b527e0700 1 -- --> [v2:172.21.15.105:3300/0,v1:172.21.15.105:6789/0] -- mon_getmap magic: 0 -- 0x7f2b4c109450 con 0x7f2b4c108a60
2024-04-22T06:28:23.226 INFO:teuthology.orchestra.run.smithi105.stdout:/usr/bin/ceph: stderr
2024-04-22T06:28:22.046+0000 7f2b4bfff700 1 --2- >> [v2:172.21.15.105:3300/0,v1:172.21.15.105:6789/0] conn(0x7f2b4c108a60 0x7f2b4c108e80 unknown :-1 s=BANNER_CONNECTING pgs=0 cs=0 l=0 rev1=0 crypto rx=0 tx=0 comp rx=0 tx=0)._handle_peer_banner_payload supported=3 required=0
2024-04-22T06:28:23.226 INFO:teuthology.orchestra.run.smithi105.stdout:/usr/bin/ceph: stderr
2024-04-22T06:28:22.046+0000 7f2b4bfff700 1 --2- >> [v2:172.21.15.105:3300/0,v1:172.21.15.105:6789/0] conn(0x7f2b4c108a60 0x7f2b4c108e80 unknown :-1 s=HELLO_CONNECTING pgs=0 cs=0 l=0 rev1=1 crypto rx=0 tx=0 comp rx=0 tx=0).handle_hello peer v2:172.21.15.105:3300/0 says I am v2:172.21.15.105:38166/0 (socket says 172.21.15.105:38166)
2024-04-22T06:28:23.227 INFO:teuthology.orchestra.run.smithi105.stdout:/usr/bin/ceph: stderr
2024-04-22T06:28:22.046+0000 7f2b4bfff700 1 -- 172.21.15.105:0/3196500708 learned_addr learned my addr 172.21.15.105:0/3196500708 (peer_addr_for_me v2:172.21.15.105:0/0)
2024-04-22T06:28:23.227 INFO:teuthology.orchestra.run.smithi105.stdout:/usr/bin/ceph: stderr
2024-04-22T06:28:22.046+0000 7f2b4bfff700 1 -- 172.21.15.105:0/3196500708 --> [v2:172.21.15.105:3300/0,v1:172.21.15.105:6789/0] -- mon_subscribe({config=0+,monmap=0+}) -- 0x7f2b4c1076c0 con 0x7f2b4c108a60
2024-04-22T06:28:23.227 INFO:teuthology.orchestra.run.smithi105.stdout:/usr/bin/ceph: stderr
2024-04-22T06:28:22.046+0000 7f2b4bfff700 1 --2- 172.21.15.105:0/3196500708 >> [v2:172.21.15.105:3300/0,v1:172.21.15.105:6789/0] conn(0x7f2b4c108a60 0x7f2b4c108e80 secure :-1 s=READY pgs=41 cs=0 l=1 rev1=1 crypto rx=0x7f2b3c0098a0 tx=0x7f2b3c009bb0 comp rx=0 tx=0).ready entity=mon.0 client_cookie=dc102f7e64fee849 server_cookie=0 in_seq=0 out_seq=0
2024-04-22T06:28:23.227 INFO:teuthology.orchestra.run.smithi105.stdout:/usr/bin/ceph: stderr
2024-04-22T06:28:22.046+0000 7f2b4affd700 1 -- 172.21.15.105:0/3196500708 <== mon.0 v2:172.21.15.105:3300/0 1 ==== mon_map magic: 0 ==== 205+0+0 (secure 0 0 0) 0x7f2b3c004160 con 0x7f2b4c108a60
2024-04-22T06:28:23.227 INFO:teuthology.orchestra.run.smithi105.stdout:/usr/bin/ceph: stderr
2024-04-22T06:28:22.046+0000 7f2b4affd700 1 -- 172.21.15.105:0/3196500708 <== mon.0 v2:172.21.15.105:3300/0 2 ==== config(26 keys) ==== 1070+0+0 (secure 0 0 0) 0x7f2b3c004300 con 0x7f2b4c108a60
