2024-04-22T06:28:48.327+0000 7fdc851a0700 1 --2- 172.21.15.105:0/3452799816 >> [v2:172.21.15.105:3300/0,v1:172.21.15.105:6789/0] conn(0x7fdc80107460 0x7fdc80107880 secure :-1 s=READY pgs=72 cs=0 l=1 rev1=1 crypto rx=0x7fdc740098a0 tx=0x7fdc74009bb0 comp rx=0 tx=0).stop
2024-04-22T06:28:50.112 INFO:teuthology.orchestra.run.smithi105.stdout:/usr/bin/ceph: stderr
2024-04-22T06:28:48.327+0000 7fdc851a0700 1 -- 172.21.15.105:0/3452799816 shutdown_connections
2024-04-22T06:28:50.112 INFO:teuthology.orchestra.run.smithi105.stdout:/usr/bin/ceph: stderr
2024-04-22T06:28:48.327+0000 7fdc851a0700 1 --2- 172.21.15.105:0/3452799816 >> [v2:172.21.15.105:3300/0,v1:172.21.15.105:6789/0] conn(0x7fdc80107460 0x7fdc80107880 unknown :-1 s=CLOSED pgs=72 cs=0 l=1 rev1=1 crypto rx=0 tx=0 comp rx=0 tx=0).stop
2024-04-22T06:28:50.112 INFO:teuthology.orchestra.run.smithi105.stdout:/usr/bin/ceph: stderr
2024-04-22T06:28:48.327+0000 7fdc851a0700 1 -- 172.21.15.105:0/3452799816 >> 172.21.15.105:0/3452799816 conn(0x7fdc80102a40 msgr2=0x7fdc80104e60 unknown :-1 s=STATE_NONE l=0).mark_down
2024-04-22T06:28:50.112 INFO:teuthology.orchestra.run.smithi105.stdout:/usr/bin/ceph: stderr
2024-04-22T06:28:48.327+0000 7fdc851a0700 1 -- 172.21.15.105:0/3452799816 shutdown_connections
2024-04-22T06:28:50.112 INFO:teuthology.orchestra.run.smithi105.stdout:/usr/bin/ceph: stderr
2024-04-22T06:28:48.327+0000 7fdc851a0700 1 -- 172.21.15.105:0/3452799816 wait complete.
2024-04-22T06:28:50.113 INFO:teuthology.orchestra.run.smithi105.stdout:/usr/bin/ceph: stderr
2024-04-22T06:28:48.328+0000 7fdc851a0700 1 Processor -- start
2024-04-22T06:28:50.113 INFO:teuthology.orchestra.run.smithi105.stdout:/usr/bin/ceph: stderr
2024-04-22T06:28:48.328+0000 7fdc851a0700 1 -- start start
2024-04-22T06:28:50.113 INFO:teuthology.orchestra.run.smithi105.stdout:/usr/bin/ceph: stderr
2024-04-22T06:28:48.328+0000 7fdc851a0700 1 --2- >> [v2:172.21.15.105:3300/0,v1:172.21.15.105:6789/0] conn(0x7fdc80107460 0x7fdc801925d0 unknown :-1 s=NONE pgs=0 cs=0 l=1 rev1=0 crypto rx=0 tx=0 comp rx=0 tx=0).connect
2024-04-22T06:28:50.113 INFO:teuthology.orchestra.run.smithi105.stdout:/usr/bin/ceph: stderr
2024-04-22T06:28:48.328+0000 7fdc851a0700 1 -- --> [v2:172.21.15.105:3300/0,v1:172.21.15.105:6789/0] -- mon_getmap magic: 0 -- 0x7fdc8010ba10 con 0x7fdc80107460
2024-04-22T06:28:50.113 INFO:teuthology.orchestra.run.smithi105.stdout:/usr/bin/ceph: stderr
2024-04-22T06:28:48.328+0000 7fdc7ed9d700 1 --2- >> [v2:172.21.15.105:3300/0,v1:172.21.15.105:6789/0] conn(0x7fdc80107460 0x7fdc801925d0 unknown :-1 s=BANNER_CONNECTING pgs=0 cs=0 l=1 rev1=0 crypto rx=0 tx=0 comp rx=0 tx=0)._handle_peer_banner_payload supported=3 required=0
2024-04-22T06:28:50.113 INFO:teuthology.orchestra.run.smithi105.stdout:/usr/bin/ceph: stderr
2024-04-22T06:28:48.328+0000 7fdc7ed9d700 1 --2- >> [v2:172.21.15.105:3300/0,v1:172.21.15.105:6789/0] conn(0x7fdc80107460 0x7fdc801925d0 unknown :-1 s=HELLO_CONNECTING pgs=0 cs=0 l=1 rev1=1 crypto rx=0 tx=0 comp rx=0 tx=0).handle_hello peer v2:172.21.15.105:3300/0 says I am v2:172.21.15.105:40532/0 (socket says 172.21.15.105:40532)
2024-04-22T06:28:50.114 INFO:teuthology.orchestra.run.smithi105.stdout:/usr/bin/ceph: stderr
2024-04-22T06:28:48.328+0000 7fdc7ed9d700 1 -- 172.21.15.105:0/760093880 learned_addr learned my addr 172.21.15.105:0/760093880 (peer_addr_for_me v2:172.21.15.105:0/0)
2024-04-22T06:28:50.114 INFO:teuthology.orchestra.run.smithi105.stdout:/usr/bin/ceph: stderr
2024-04-22T06:28:48.329+0000 7fdc7ed9d700 1 -- 172.21.15.105:0/760093880 --> [v2:172.21.15.105:3300/0,v1:172.21.15.105:6789/0] -- mon_subscribe({config=0+,monmap=0+}) -- 0x7fdc80192b10 con 0x7fdc80107460
2024-04-22T06:28:50.114 INFO:teuthology.orchestra.run.smithi105.stdout:/usr/bin/ceph: stderr
2024-04-22T06:28:48.329+0000 7fdc7ed9d700 1 --2- 172.21.15.105:0/760093880 >> [v2:172.21.15.105:3300/0,v1:172.21.15.105:6789/0] conn(0x7fdc80107460 0x7fdc801925d0 secure :-1 s=READY pgs=73 cs=0 l=1 rev1=1 crypto rx=0x7fdc740119f0 tx=0x7fdc74011ad0 comp rx=0 tx=0).ready entity=mon.0 client_cookie=0 server_cookie=0 in_seq=0 out_seq=0
2024-04-22T06:28:50.114 INFO:teuthology.orchestra.run.smithi105.stdout:/usr/bin/ceph: stderr
2024-04-22T06:28:48.329+0000 7fdc67fff700 1 -- 172.21.15.105:0/760093880 <== mon.0 v2:172.21.15.105:3300/0 1 ==== mon_map magic: 0 ==== 205+0+0 (secure 0 0 0) 0x7fdc740039e0 con 0x7fdc80107460
2024-04-22T06:28:50.114 INFO:teuthology.orchestra.run.smithi105.stdout:/usr/bin/ceph: stderr
2024-04-22T06:28:48.329+0000 7fdc851a0700 1 -- 172.21.15.105:0/760093880 --> [v2:172.21.15.105:3300/0,v1:172.21.15.105:6789/0] -- mon_subscribe({mgrmap=0+}) -- 0x7fdc80190d00 con 0x7fdc80107460
2024-04-22T06:28:50.114 INFO:teuthology.orchestra.run.smithi105.stdout:/usr/bin/ceph: stderr
2024-04-22T06:28:48.329+0000 7fdc67fff700 1 -- 172.21.15.105:0/760093880 <== mon.0 v2:172.21.15.105:3300/0 2 ==== config(26 keys) ==== 1101+0+0 (secure 0 0 0) 0x7fdc7401b8f0 con 0x7fdc80107460
2024-04-22T06:28:50.115 INFO:teuthology.orchestra.run.smithi105.stdout:/usr/bin/ceph: stderr
2024-04-22T06:28:48.329+0000 7fdc67fff700 1 -- 172.21.15.105:0/760093880 <== mon.0 v2:172.21.15.105:3300/0 3 ==== mon_map magic: 0 ==== 205+0+0 (secure 0 0 0) 0x7fdc740237a0 con 0x7fdc80107460
2024-04-22T06:28:50.115 INFO:teuthology.orchestra.run.smithi105.stdout:/usr/bin/ceph: stderr
2024-04-22T06:28:48.329+0000 7fdc851a0700 1 -- 172.21.15.105:0/760093880 --> [v2:172.21.15.105:3300/0,v1:172.21.15.105:6789/0] -- mon_subscribe({osdmap=0}) -- 0x7fdc80191240 con 0x7fdc80107460
2024-04-22T06:28:50.115 INFO:teuthology.orchestra.run.smithi105.stdout:/usr/bin/ceph: stderr
2024-04-22T06:28:48.330+0000 7fdc67fff700 1 -- 172.21.15.105:0/760093880 <== mon.0 v2:172.21.15.105:3300/0 4 ==== mgrmap(e 12) ==== 46571+0+0 (secure 0 0 0) 0x7fdc74023aa0 con 0x7fdc80107460
2024-04-22T06:28:50.115 INFO:teuthology.orchestra.run.smithi105.stdout:/usr/bin/ceph: stderr
2024-04-22T06:28:48.330+0000 7fdc67fff700 1 --2- 172.21.15.105:0/760093880 >> [v2:172.21.15.105:6800/2556874834,v1:172.21.15.105:6801/2556874834] conn(0x7fdc680395b0 0x7fdc6803ba70 unknown :-1 s=NONE pgs=0 cs=0 l=1 rev1=0 crypto rx=0 tx=0 comp rx=0 tx=0).connect
2024-04-22T06:28:50.115 INFO:teuthology.orchestra.run.smithi105.stdout:/usr/bin/ceph: stderr
2024-04-22T06:28:48.330+0000 7fdc67fff700 1 -- 172.21.15.105:0/760093880 <== mon.0 v2:172.21.15.105:3300/0 5 ==== osd_map(3..3 src has 1..3) ==== 1155+0+0 (secure 0 0 0) 0x7fdc7404dfc0 con 0x7fdc80107460
2024-04-22T06:28:50.115 INFO:teuthology.orchestra.run.smithi105.stdout:/usr/bin/ceph: stderr
2024-04-22T06:28:48.330+0000 7fdc7e59c700 1 --2- 172.21.15.105:0/760093880 >> [v2:172.21.15.105:6800/2556874834,v1:172.21.15.105:6801/2556874834] conn(0x7fdc680395b0 0x7fdc6803ba70 unknown :-1 s=BANNER_CONNECTING pgs=0 cs=0 l=1 rev1=0 crypto rx=0 tx=0 comp rx=0 tx=0)._handle_peer_banner_payload supported=3 required=0
2024-04-22T06:28:50.115 INFO:teuthology.orchestra.run.smithi105.stdout:/usr/bin/ceph: stderr
2024-04-22T06:28:48.330+0000 7fdc851a0700 1 -- 172.21.15.105:0/760093880 --> [v2:172.21.15.105:3300/0,v1:172.21.15.105:6789/0] -- mon_command({"prefix": "get_command_descriptions"} v 0) -- 0x7fdc800640a0 con 0x7fdc80107460
2024-04-22T06:28:50.116 INFO:teuthology.orchestra.run.smithi105.stdout:/usr/bin/ceph: stderr
2024-04-22T06:28:48.330+0000 7fdc7e59c700 1 --2- 172.21.15.105:0/760093880 >> [v2:172.21.15.105:6800/2556874834,v1:172.21.15.105:6801/2556874834] conn(0x7fdc680395b0 0x7fdc6803ba70 secure :-1 s=READY pgs=8 cs=0 l=1 rev1=1 crypto rx=0x7fdc70006fd0 tx=0x7fdc70006e40 comp rx=0 tx=0).ready entity=mgr.14152 client_cookie=0 server_cookie=0 in_seq=0 out_seq=0
2024-04-22T06:28:50.116 INFO:teuthology.orchestra.run.smithi105.stdout:/usr/bin/ceph: stderr
2024-04-22T06:28:48.335+0000 7fdc67fff700 1 -- 172.21.15.105:0/760093880 <== mon.0 v2:172.21.15.105:3300/0 6 ==== mon_command_ack([{"prefix": "get_command_descriptions"}]=0 v0) ==== 72+0+188370 (secure 0 0 0) 0x7fdc7401f030 con 0x7fdc80107460
2024-04-22T06:28:50.116 INFO:teuthology.orchestra.run.smithi105.stdout:/usr/bin/ceph: stderr
2024-04-22T06:28:48.559+0000 7fdc851a0700 1 -- 172.21.15.105:0/760093880 --> [v2:172.21.15.105:6800/2556874834,v1:172.21.15.105:6801/2556874834] -- mgr_command(tid 0: {"prefix": "dashboard ac-user-create", "username": "admin", "rolename": "administrator", "force_password": true, "pwd_update_required": true, "target": ["mon-mgr", ""]}) -- 0x7fdc80196320 con 0x7fdc680395b0
2024-04-22T06:28:50.116 INFO:teuthology.orchestra.run.smithi105.stdout:/usr/bin/ceph: stderr
2024-04-22T06:28:48.783+0000 7fdc67fff700 1 -- 172.21.15.105:0/760093880 <== mgr.14152 v2:172.21.15.105:6800/2556874834 1 ==== mgr_command_reply(tid 0: 0 ) ==== 8+0+252 (secure 0 0 0) 0x7fdc80196320 con 0x7fdc680395b0
2024-04-22T06:28:50.116 INFO:teuthology.orchestra.run.smithi105.stdout:/usr/bin/ceph: stderr
2024-04-22T06:28:48.785+0000 7fdc851a0700 1 -- 172.21.15.105:0/760093880 >> [v2:172.21.15.105:6800/2556874834,v1:172.21.15.105:6801/2556874834] conn(0x7fdc680395b0 msgr2=0x7fdc6803ba70 secure :-1 s=STATE_CONNECTION_ESTABLISHED l=1).mark_down
2024-04-22T06:28:50.116 INFO:teuthology.orchestra.run.smithi105.stdout:/usr/bin/ceph: stderr
2024-04-22T06:28:48.785+0000 7fdc851a0700 1 --2- 172.21.15.105:0/760093880 >> [v2:172.21.15.105:6800/2556874834,v1:172.21.15.105:6801/2556874834] conn(0x7fdc680395b0 0x7fdc6803ba70 secure :-1 s=READY pgs=8 cs=0 l=1 rev1=1 crypto rx=0x7fdc70006fd0 tx=0x7fdc70006e40 comp rx=0 tx=0).stop
2024-04-22T06:28:50.117 INFO:teuthology.orchestra.run.smithi105.stdout:/usr/bin/ceph: stderr
2024-04-22T06:28:48.785+0000 7fdc851a0700 1 -- 172.21.15.105:0/760093880 >> [v2:172.21.15.105:3300/0,v1:172.21.15.105:6789/0] conn(0x7fdc80107460 msgr2=0x7fdc801925d0 secure :-1 s=STATE_CONNECTION_ESTABLISHED l=1).mark_down
2024-04-22T06:28:50.117 INFO:teuthology.orchestra.run.smithi105.stdout:/usr/bin/ceph: stderr
2024-04-22T06:28:48.785+0000 7fdc851a0700 1 --2- 172.21.15.105:0/760093880 >> [v2:172.21.15.105:3300/0,v1:172.21.15.105:6789/0] conn(0x7fdc80107460 0x7fdc801925d0 secure :-1 s=READY pgs=73 cs=0 l=1 rev1=1 crypto rx=0x7fdc740119f0 tx=0x7fdc74011ad0 comp rx=0 tx=0).stop
2024-04-22T06:28:50.117 INFO:teuthology.orchestra.run.smithi105.stdout:/usr/bin/ceph: stderr
2024-04-22T06:28:48.785+0000 7fdc851a0700 1 -- 172.21.15.105:0/760093880 shutdown_connections
2024-04-22T06:28:50.117 INFO:teuthology.orchestra.run.smithi105.stdout:/usr/bin/ceph: stderr
2024-04-22T06:28:48.785+0000 7fdc851a0700 1 --2- 172.21.15.105:0/760093880 >> [v2:172.21.15.105:6800/2556874834,v1:172.21.15.105:6801/2556874834] conn(0x7fdc680395b0 0x7fdc6803ba70 unknown :-1 s=CLOSED pgs=8 cs=0 l=1 rev1=1 crypto rx=0 tx=0 comp rx=0 tx=0).stop
2024-04-22T06:28:50.117 INFO:teuthology.orchestra.run.smithi105.stdout:/usr/bin/ceph: stderr
2024-04-22T06:28:48.785+0000 7fdc851a0700 1 --2- 172.21.15.105:0/760093880 >> [v2:172.21.15.105:3300/0,v1:172.21.15.105:6789/0] conn(0x7fdc80107460 0x7fdc801925d0 unknown :-1 s=CLOSED pgs=73 cs=0 l=1 rev1=1 crypto rx=0 tx=0 comp rx=0 tx=0).stop
2024-04-22T06:28:50.117 INFO:teuthology.orchestra.run.smithi105.stdout:/usr/bin/ceph: stderr
2024-04-22T06:28:48.785+0000 7fdc851a0700 1 -- 172.21.15.105:0/760093880 >> 172.21.15.105:0/760093880 conn(0x7fdc80102a40 msgr2=0x7fdc801038e0 unknown :-1 s=STATE_NONE l=0).mark_down
2024-04-22T06:28:50.118 INFO:teuthology.orchestra.run.smithi105.stdout:/usr/bin/ceph: stderr
2024-04-22T06:28:48.785+0000 7fdc851a0700 1 -- 172.21.15.105:0/760093880 shutdown_connections
2024-04-22T06:28:50.118 INFO:teuthology.orchestra.run.smithi105.stdout:/usr/bin/ceph: stderr
2024-04-22T06:28:48.785+0000 7fdc851a0700 1 -- 172.21.15.105:0/760093880 wait complete.
2024-04-22T06:28:50.118 INFO:teuthology.orchestra.run.smithi105.stdout:Fetching dashboard port number...
2024-04-22T06:28:51.332 INFO:teuthology.orchestra.run.smithi105.stdout:/usr/bin/ceph: stdout 8443
2024-04-22T06:28:51.332 INFO:teuthology.orchestra.run.smithi105.stdout:/usr/bin/ceph: stderr
2024-04-22T06:28:50.523+0000 7ff3ff00e700 1 Processor -- start
2024-04-22T06:28:51.332 INFO:teuthology.orchestra.run.smithi105.stdout:/usr/bin/ceph: stderr
2024-04-22T06:28:50.523+0000 7ff3ff00e700 1 -- start start
2024-04-22T06:28:51.332 INFO:teuthology.orchestra.run.smithi105.stdout:/usr/bin/ceph: stderr
2024-04-22T06:28:50.524+0000 7ff3ff00e700 1 --2- >> [v2:172.21.15.105:3300/0,v1:172.21.15.105:6789/0] conn(0x7ff3f8108570 0x7ff3f8108990 unknown :-1 s=NONE pgs=0 cs=0 l=0 rev1=0 crypto rx=0 tx=0 comp rx=0 tx=0).connect
2024-04-22T06:28:51.333 INFO:teuthology.orchestra.run.smithi105.stdout:/usr/bin/ceph: stderr
2024-04-22T06:28:50.524+0000 7ff3ff00e700 1 -- --> [v2:172.21.15.105:3300/0,v1:172.21.15.105:6789/0] -- mon_getmap magic: 0 -- 0x7ff3f8108f60 con 0x7ff3f8108570
2024-04-22T06:28:51.333 INFO:teuthology.orchestra.run.smithi105.stdout:/usr/bin/ceph: stderr
2024-04-22T06:28:50.524+0000 7ff3fcdaa700 1 --2- >> [v2:172.21.15.105:3300/0,v1:172.21.15.105:6789/0] conn(0x7ff3f8108570 0x7ff3f8108990 unknown :-1 s=BANNER_CONNECTING pgs=0 cs=0 l=0 rev1=0 crypto rx=0 tx=0 comp rx=0 tx=0)._handle_peer_banner_payload supported=3 required=0
2024-04-22T06:28:51.333 INFO:teuthology.orchestra.run.smithi105.stdout:/usr/bin/ceph: stderr
2024-04-22T06:28:50.524+0000 7ff3fcdaa700 1 --2- >> [v2:172.21.15.105:3300/0,v1:172.21.15.105:6789/0] conn(0x7ff3f8108570 0x7ff3f8108990 unknown :-1 s=HELLO_CONNECTING pgs=0 cs=0 l=0 rev1=1 crypto rx=0 tx=0 comp rx=0 tx=0).handle_hello peer v2:172.21.15.105:3300/0 says I am v2:172.21.15.105:40542/0 (socket says 172.21.15.105:40542)
2024-04-22T06:28:51.333 INFO:teuthology.orchestra.run.smithi105.stdout:/usr/bin/ceph: stderr
2024-04-22T06:28:50.524+0000 7ff3fcdaa700 1 -- 172.21.15.105:0/2144023379 learned_addr learned my addr 172.21.15.105:0/2144023379 (peer_addr_for_me v2:172.21.15.105:0/0)
2024-04-22T06:28:51.333 INFO:teuthology.orchestra.run.smithi105.stdout:/usr/bin/ceph: stderr
2024-04-22T06:28:50.524+0000 7ff3fcdaa700 1 -- 172.21.15.105:0/2144023379 --> [v2:172.21.15.105:3300/0,v1:172.21.15.105:6789/0] -- mon_subscribe({config=0+,monmap=0+}) -- 0x7ff3f8109770 con 0x7ff3f8108570
2024-04-22T06:28:51.333 INFO:teuthology.orchestra.run.smithi105.stdout:/usr/bin/ceph: stderr
2024-04-22T06:28:50.524+0000 7ff3fcdaa700 1 --2- 172.21.15.105:0/2144023379 >> [v2:172.21.15.105:3300/0,v1:172.21.15.105:6789/0] conn(0x7ff3f8108570 0x7ff3f8108990 secure :-1 s=READY pgs=74 cs=0 l=1 rev1=1 crypto rx=0x7ff3ec0098a0 tx=0x7ff3ec009bb0 comp rx=0 tx=0).ready entity=mon.0 client_cookie=2a63be984b5d8eb7 server_cookie=0 in_seq=0 out_seq=0
2024-04-22T06:28:51.333 INFO:teuthology.orchestra.run.smithi105.stdout:/usr/bin/ceph: stderr
2024-04-22T06:28:50.525+0000 7ff3f77fe700 1 -- 172.21.15.105:0/2144023379 <== mon.0 v2:172.21.15.105:3300/0 1 ==== mon_map magic: 0 ==== 205+0+0 (secure 0 0 0) 0x7ff3ec004160 con 0x7ff3f8108570
2024-04-22T06:28:51.333 INFO:teuthology.orchestra.run.smithi105.stdout:/usr/bin/ceph: stderr
2024-04-22T06:28:50.525+0000 7ff3f77fe700 1 -- 172.21.15.105:0/2144023379 <== mon.0 v2:172.21.15.105:3300/0 2 ==== config(26 keys) ==== 1101+0+0 (secure 0 0 0) 0x7ff3ec004300 con 0x7ff3f8108570
2024-04-22T06:28:51.333 INFO:teuthology.orchestra.run.smithi105.stdout:/usr/bin/ceph: stderr
2024-04-22T06:28:50.525+0000 7ff3f77fe700 1 -- 172.21.15.105:0/2144023379 <== mon.0 v2:172.21.15.105:3300/0 3 ==== mon_map magic: 0 ==== 205+0+0 (secure 0 0 0) 0x7ff3ec011a20 con 0x7ff3f8108570
2024-04-22T06:28:51.333 INFO:teuthology.orchestra.run.smithi105.stdout:/usr/bin/ceph: stderr
2024-04-22T06:28:50.525+0000 7ff3ff00e700 1 -- 172.21.15.105:0/2144023379 >> [v2:172.21.15.105:3300/0,v1:172.21.15.105:6789/0] conn(0x7ff3f8108570 msgr2=0x7ff3f8108990 secure :-1 s=STATE_CONNECTION_ESTABLISHED l=1).mark_down
2024-04-22T06:28:51.333 INFO:teuthology.orchestra.run.smithi105.stdout:/usr/bin/ceph: stderr
2024-04-22T06:28:50.525+0000 7ff3ff00e700 1 --2- 172.21.15.105:0/2144023379 >> [v2:172.21.15.105:3300/0,v1:172.21.15.105:6789/0] conn(0x7ff3f8108570 0x7ff3f8108990 secure :-1 s=READY pgs=74 cs=0 l=1 rev1=1 crypto rx=0x7ff3ec0098a0 tx=0x7ff3ec009bb0 comp rx=0 tx=0).stop
2024-04-22T06:28:51.334 INFO:teuthology.orchestra.run.smithi105.stdout:/usr/bin/ceph: stderr
2024-04-22T06:28:50.526+0000 7ff3ff00e700 1 -- 172.21.15.105:0/2144023379 shutdown_connections
2024-04-22T06:28:51.334 INFO:teuthology.orchestra.run.smithi105.stdout:/usr/bin/ceph: stderr
2024-04-22T06:28:50.526+0000 7ff3ff00e700 1 --2- 172.21.15.105:0/2144023379 >> [v2:172.21.15.105:3300/0,v1:172.21.15.105:6789/0] conn(0x7ff3f8108570 0x7ff3f8108990 unknown :-1 s=CLOSED pgs=74 cs=0 l=1 rev1=1 crypto rx=0 tx=0 comp rx=0 tx=0).stop
2024-04-22T06:28:51.334 INFO:teuthology.orchestra.run.smithi105.stdout:/usr/bin/ceph: stderr
2024-04-22T06:28:50.526+0000 7ff3ff00e700 1 -- 172.21.15.105:0/2144023379 >> 172.21.15.105:0/2144023379 conn(0x7ff3f8103b90 msgr2=0x7ff3f8105fb0 unknown :-1 s=STATE_NONE l=0).mark_down
2024-04-22T06:28:51.334 INFO:teuthology.orchestra.run.smithi105.stdout:/usr/bin/ceph: stderr
2024-04-22T06:28:50.526+0000 7ff3ff00e700 1 -- 172.21.15.105:0/2144023379 shutdown_connections
2024-04-22T06:28:51.334 INFO:teuthology.orchestra.run.smithi105.stdout:/usr/bin/ceph: stderr
2024-04-22T06:28:50.526+0000 7ff3ff00e700 1 -- 172.21.15.105:0/2144023379 wait complete.
2024-04-22T06:28:51.334 INFO:teuthology.orchestra.run.smithi105.stdout:/usr/bin/ceph: stderr
2024-04-22T06:28:50.526+0000 7ff3ff00e700 1 Processor -- start
2024-04-22T06:28:51.334 INFO:teuthology.orchestra.run.smithi105.stdout:/usr/bin/ceph: stderr
2024-04-22T06:28:50.526+0000 7ff3ff00e700 1 -- start start
2024-04-22T06:28:51.335 INFO:teuthology.orchestra.run.smithi105.stdout:/usr/bin/ceph: stderr
2024-04-22T06:28:50.526+0000 7ff3ff00e700 1 --2- >> [v2:172.21.15.105:3300/0,v1:172.21.15.105:6789/0] conn(0x7ff3f8108570 0x7ff3f807ca50 unknown :-1 s=NONE pgs=0 cs=0 l=1 rev1=0 crypto rx=0 tx=0 comp rx=0 tx=0).connect
2024-04-22T06:28:51.335 INFO:teuthology.orchestra.run.smithi105.stdout:/usr/bin/ceph: stderr
2024-04-22T06:28:50.526+0000 7ff3ff00e700 1 -- --> [v2:172.21.15.105:3300/0,v1:172.21.15.105:6789/0] -- mon_getmap magic: 0 -- 0x7ff3f810cb20 con 0x7ff3f8108570
2024-04-22T06:28:51.335 INFO:teuthology.orchestra.run.smithi105.stdout:/usr/bin/ceph: stderr
2024-04-22T06:28:50.527+0000 7ff3fcdaa700 1 --2- >> [v2:172.21.15.105:3300/0,v1:172.21.15.105:6789/0] conn(0x7ff3f8108570 0x7ff3f807ca50 unknown :-1 s=BANNER_CONNECTING pgs=0 cs=0 l=1 rev1=0 crypto rx=0 tx=0 comp rx=0 tx=0)._handle_peer_banner_payload supported=3 required=0
2024-04-22T06:28:51.335 INFO:teuthology.orchestra.run.smithi105.stdout:/usr/bin/ceph: stderr
2024-04-22T06:28:50.527+0000 7ff3fcdaa700 1 --2- >> [v2:172.21.15.105:3300/0,v1:172.21.15.105:6789/0] conn(0x7ff3f8108570 0x7ff3f807ca50 unknown :-1 s=HELLO_CONNECTING pgs=0 cs=0 l=1 rev1=1 crypto rx=0 tx=0 comp rx=0 tx=0).handle_hello peer v2:172.21.15.105:3300/0 says I am v2:172.21.15.105:40544/0 (socket says 172.21.15.105:40544)
2024-04-22T06:28:51.335 INFO:teuthology.orchestra.run.smithi105.stdout:/usr/bin/ceph: stderr
2024-04-22T06:28:50.527+0000 7ff3fcdaa700 1 -- 172.21.15.105:0/3230898449 learned_addr learned my addr 172.21.15.105:0/3230898449 (peer_addr_for_me v2:172.21.15.105:0/0)
2024-04-22T06:28:51.335 INFO:teuthology.orchestra.run.smithi105.stdout:/usr/bin/ceph: stderr
2024-04-22T06:28:50.527+0000 7ff3fcdaa700 1 -- 172.21.15.105:0/3230898449 --> [v2:172.21.15.105:3300/0,v1:172.21.15.105:6789/0] -- mon_subscribe({config=0+,monmap=0+}) -- 0x7ff3f807cf90 con 0x7ff3f8108570
2024-04-22T06:28:51.335 INFO:teuthology.orchestra.run.smithi105.stdout:/usr/bin/ceph: stderr
2024-04-22T06:28:50.527+0000 7ff3fcdaa700 1 --2- 172.21.15.105:0/3230898449 >> [v2:172.21.15.105:3300/0,v1:172.21.15.105:6789/0] conn(0x7ff3f8108570 0x7ff3f807ca50 secure :-1 s=READY pgs=75 cs=0 l=1 rev1=1 crypto rx=0x7ff3ec009520 tx=0x7ff3ec011aa0 comp rx=0 tx=0).ready entity=mon.0 client_cookie=0 server_cookie=0 in_seq=0 out_seq=0
2024-04-22T06:28:51.335 INFO:teuthology.orchestra.run.smithi105.stdout:/usr/bin/ceph: stderr
2024-04-22T06:28:50.527+0000 7ff3f5ffb700 1 -- 172.21.15.105:0/3230898449 <== mon.0 v2:172.21.15.105:3300/0 1 ==== mon_map magic: 0 ==== 205+0+0 (secure 0 0 0) 0x7ff3ec0039e0 con 0x7ff3f8108570
2024-04-22T06:28:51.335 INFO:teuthology.orchestra.run.smithi105.stdout:/usr/bin/ceph: stderr
2024-04-22T06:28:50.527+0000 7ff3ff00e700 1 -- 172.21.15.105:0/3230898449 --> [v2:172.21.15.105:3300/0,v1:172.21.15.105:6789/0] -- mon_subscribe({mgrmap=0+}) -- 0x7ff3f807b180 con 0x7ff3f8108570
2024-04-22T06:28:51.335 INFO:teuthology.orchestra.run.smithi105.stdout:/usr/bin/ceph: stderr
2024-04-22T06:28:50.527+0000 7ff3f5ffb700 1 -- 172.21.15.105:0/3230898449 <== mon.0 v2:172.21.15.105:3300/0 2 ==== config(26 keys) ==== 1101+0+0 (secure 0 0 0) 0x7ff3ec01b8f0 con 0x7ff3f8108570
2024-04-22T06:28:51.335 INFO:teuthology.orchestra.run.smithi105.stdout:/usr/bin/ceph: stderr
2024-04-22T06:28:50.527+0000 7ff3f5ffb700 1 -- 172.21.15.105:0/3230898449 <== mon.0 v2:172.21.15.105:3300/0 3 ==== mon_map magic: 0 ==== 205+0+0 (secure 0 0 0) 0x7ff3ec019770 con 0x7ff3f8108570
2024-04-22T06:28:51.335 INFO:teuthology.orchestra.run.smithi105.stdout:/usr/bin/ceph: stderr
2024-04-22T06:28:50.528+0000 7ff3ff00e700 1 -- 172.21.15.105:0/3230898449 --> [v2:172.21.15.105:3300/0,v1:172.21.15.105:6789/0] -- mon_subscribe({osdmap=0}) -- 0x7ff3f807b6c0 con 0x7ff3f8108570
2024-04-22T06:28:51.335 INFO:teuthology.orchestra.run.smithi105.stdout:/usr/bin/ceph: stderr
2024-04-22T06:28:50.529+0000 7ff3f5ffb700 1 -- 172.21.15.105:0/3230898449 <== mon.0 v2:172.21.15.105:3300/0 4 ==== mgrmap(e 12) ==== 46571+0+0 (secure 0 0 0) 0x7ff3ec019a20 con 0x7ff3f8108570
2024-04-22T06:28:51.335 INFO:teuthology.orchestra.run.smithi105.stdout:/usr/bin/ceph: stderr
2024-04-22T06:28:50.529+0000 7ff3ff00e700 1 -- 172.21.15.105:0/3230898449 --> [v2:172.21.15.105:3300/0,v1:172.21.15.105:6789/0] -- mon_command({"prefix": "get_command_descriptions"} v 0) -- 0x7ff3f80640a0 con 0x7ff3f8108570
2024-04-22T06:28:51.335 INFO:teuthology.orchestra.run.smithi105.stdout:/usr/bin/ceph: stderr
2024-04-22T06:28:50.529+0000 7ff3f5ffb700 1 --2- 172.21.15.105:0/3230898449 >> [v2:172.21.15.105:6800/2556874834,v1:172.21.15.105:6801/2556874834] conn(0x7ff3e8039650 0x7ff3e803bb10 unknown :-1 s=NONE pgs=0 cs=0 l=1 rev1=0 crypto rx=0 tx=0 comp rx=0 tx=0).connect
2024-04-22T06:28:51.336 INFO:teuthology.orchestra.run.smithi105.stdout:/usr/bin/ceph: stderr
2024-04-22T06:28:50.529+0000 7ff3f5ffb700 1 -- 172.21.15.105:0/3230898449 <== mon.0 v2:172.21.15.105:3300/0 5 ==== osd_map(3..3 src has 1..3) ==== 1155+0+0 (secure 0 0 0) 0x7ff3ec04e300 con 0x7ff3f8108570
2024-04-22T06:28:51.336 INFO:teuthology.orchestra.run.smithi105.stdout:/usr/bin/ceph: stderr
2024-04-22T06:28:50.529+0000 7ff3f7fff700 1 --2- 172.21.15.105:0/3230898449 >> [v2:172.21.15.105:6800/2556874834,v1:172.21.15.105:6801/2556874834] conn(0x7ff3e8039650 0x7ff3e803bb10 unknown :-1 s=BANNER_CONNECTING pgs=0 cs=0 l=1 rev1=0 crypto rx=0 tx=0 comp rx=0 tx=0)._handle_peer_banner_payload supported=3 required=0
2024-04-22T06:28:51.337 INFO:teuthology.orchestra.run.smithi105.stdout:/usr/bin/ceph: stderr
2024-04-22T06:28:50.529+0000 7ff3f7fff700 1 --2- 172.21.15.105:0/3230898449 >> [v2:172.21.15.105:6800/2556874834,v1:172.21.15.105:6801/2556874834] conn(0x7ff3e8039650 0x7ff3e803bb10 secure :-1 s=READY pgs=9 cs=0 l=1 rev1=1 crypto rx=0x7ff3e4006fd0 tx=0x7ff3e4006e40 comp rx=0 tx=0).ready entity=mgr.14152 client_cookie=0 server_cookie=0 in_seq=0 out_seq=0
2024-04-22T06:28:51.337 INFO:teuthology.orchestra.run.smithi105.stdout:/usr/bin/ceph: stderr
2024-04-22T06:28:50.538+0000 7ff3f5ffb700 1 -- 172.21.15.105:0/3230898449 <== mon.0 v2:172.21.15.105:3300/0 6 ==== mon_command_ack([{"prefix": "get_command_descriptions"}]=0 v0) ==== 72+0+188370 (secure 0 0 0) 0x7ff3ec01f030 con 0x7ff3f8108570
2024-04-22T06:28:51.337 INFO:teuthology.orchestra.run.smithi105.stdout:/usr/bin/ceph: stderr
2024-04-22T06:28:50.593+0000 7ff3f5ffb700 1 -- 172.21.15.105:0/3230898449 <== mon.0 v2:172.21.15.105:3300/0 7 ==== mgrmap(e 13) ==== 46615+0+0 (secure 0 0 0) 0x7ff3ec01a8f0 con 0x7ff3f8108570
2024-04-22T06:28:51.337 INFO:teuthology.orchestra.run.smithi105.stdout:/usr/bin/ceph: stderr
2024-04-22T06:28:50.747+0000 7ff3ff00e700 1 -- 172.21.15.105:0/3230898449 --> [v2:172.21.15.105:3300/0,v1:172.21.15.105:6789/0] -- mon_command({"prefix": "config get", "who": "mgr", "key": "mgr/dashboard/ssl_server_port"} v 0) -- 0x7ff3f807bfa0 con 0x7ff3f8108570
2024-04-22T06:28:51.337 INFO:teuthology.orchestra.run.smithi105.stdout:/usr/bin/ceph: stderr
2024-04-22T06:28:50.748+0000 7ff3f5ffb700 1 -- 172.21.15.105:0/3230898449 <== mon.0 v2:172.21.15.105:3300/0 8 ==== mon_command_ack([{"prefix": "config get", "who": "mgr", "key": "mgr/dashboard/ssl_server_port"}]=0 v8) ==== 112+0+5 (secure 0 0 0) 0x7ff3ec0172b0 con 0x7ff3f8108570
2024-04-22T06:28:51.337 INFO:teuthology.orchestra.run.smithi105.stdout:/usr/bin/ceph: stderr
2024-04-22T06:28:50.750+0000 7ff3ff00e700 1 -- 172.21.15.105:0/3230898449 >> [v2:172.21.15.105:6800/2556874834,v1:172.21.15.105:6801/2556874834] conn(0x7ff3e8039650 msgr2=0x7ff3e803bb10 secure :-1 s=STATE_CONNECTION_ESTABLISHED l=1).mark_down
2024-04-22T06:28:51.338 INFO:teuthology.orchestra.run.smithi105.stdout:/usr/bin/ceph: stderr
2024-04-22T06:28:50.750+0000 7ff3ff00e700 1 --2- 172.21.15.105:0/3230898449 >> [v2:172.21.15.105:6800/2556874834,v1:172.21.15.105:6801/2556874834] conn(0x7ff3e8039650 0x7ff3e803bb10 secure :-1 s=READY pgs=9 cs=0 l=1 rev1=1 crypto rx=0x7ff3e4006fd0 tx=0x7ff3e4006e40 comp rx=0 tx=0).stop
2024-04-22T06:28:51.338 INFO:teuthology.orchestra.run.smithi105.stdout:/usr/bin/ceph: stderr
2024-04-22T06:28:50.750+0000 7ff3ff00e700 1 -- 172.21.15.105:0/3230898449 >> [v2:172.21.15.105:3300/0,v1:172.21.15.105:6789/0] conn(0x7ff3f8108570 msgr2=0x7ff3f807ca50 secure :-1 s=STATE_CONNECTION_ESTABLISHED l=1).mark_down
2024-04-22T06:28:51.338 INFO:teuthology.orchestra.run.smithi105.stdout:/usr/bin/ceph: stderr
2024-04-22T06:28:50.750+0000 7ff3ff00e700 1 --2- 172.21.15.105:0/3230898449 >> [v2:172.21.15.105:3300/0,v1:172.21.15.105:6789/0] conn(0x7ff3f8108570 0x7ff3f807ca50 secure :-1 s=READY pgs=75 cs=0 l=1 rev1=1 crypto rx=0x7ff3ec009520 tx=0x7ff3ec011aa0 comp rx=0 tx=0).stop
2024-04-22T06:28:51.338 INFO:teuthology.orchestra.run.smithi105.stdout:/usr/bin/ceph: stderr
2024-04-22T06:28:50.750+0000 7ff3ff00e700 1 -- 172.21.15.105:0/3230898449 shutdown_connections
2024-04-22T06:28:51.338 INFO:teuthology.orchestra.run.smithi105.stdout:/usr/bin/ceph: stderr
2024-04-22T06:28:50.750+0000 7ff3ff00e700 1 --2- 172.21.15.105:0/3230898449 >> [v2:172.21.15.105:6800/2556874834,v1:172.21.15.105:6801/2556874834] conn(0x7ff3e8039650 0x7ff3e803bb10 unknown :-1 s=CLOSED pgs=9 cs=0 l=1 rev1=1 crypto rx=0 tx=0 comp rx=0 tx=0).stop
2024-04-22T06:28:51.338 INFO:teuthology.orchestra.run.smithi105.stdout:/usr/bin/ceph: stderr
2024-04-22T06:28:50.750+0000 7ff3ff00e700 1 --2- 172.21.15.105:0/3230898449 >> [v2:172.21.15.105:3300/0,v1:172.21.15.105:6789/0] conn(0x7ff3f8108570 0x7ff3f807ca50 unknown :-1 s=CLOSED pgs=75 cs=0 l=1 rev1=1 crypto rx=0 tx=0 comp rx=0 tx=0).stop
2024-04-22T06:28:51.338 INFO:teuthology.orchestra.run.smithi105.stdout:/usr/bin/ceph: stderr
2024-04-22T06:28:50.750+0000 7ff3ff00e700 1 -- 172.21.15.105:0/3230898449 >> 172.21.15.105:0/3230898449 conn(0x7ff3f8103b90 msgr2=0x7ff3f81045e0 unknown :-1 s=STATE_NONE l=0).mark_down
2024-04-22T06:28:51.338 INFO:teuthology.orchestra.run.smithi105.stdout:/usr/bin/ceph: stderr
2024-04-22T06:28:50.750+0000 7ff3ff00e700 1 -- 172.21.15.105:0/3230898449 shutdown_connections
2024-04-22T06:28:51.338 INFO:teuthology.orchestra.run.smithi105.stdout:/usr/bin/ceph: stderr
2024-04-22T06:28:50.750+0000 7ff3ff00e700 1 -- 172.21.15.105:0/3230898449 wait complete.
2024-04-22T06:28:51.339 INFO:teuthology.orchestra.run.smithi105.stdout:Non-zero exit code 1 from systemctl is-enabled firewalld.service
2024-04-22T06:28:51.339 INFO:teuthology.orchestra.run.smithi105.stdout:systemctl: stdout disabled
2024-04-22T06:28:51.346 INFO:teuthology.orchestra.run.smithi105.stdout:Non-zero exit code 3 from systemctl is-active firewalld.service
2024-04-22T06:28:51.346 INFO:teuthology.orchestra.run.smithi105.stdout:systemctl: stdout inactive
2024-04-22T06:28:51.346 INFO:teuthology.orchestra.run.smithi105.stdout:firewalld.service is not enabled
2024-04-22T06:28:51.347 INFO:teuthology.orchestra.run.smithi105.stdout:Not possible to open ports <[8443]>. firewalld.service is not available
2024-04-22T06:28:51.348 INFO:teuthology.orchestra.run.smithi105.stdout:Ceph Dashboard is now available at:
2024-04-22T06:28:51.348 INFO:teuthology.orchestra.run.smithi105.stdout:
2024-04-22T06:28:51.348 INFO:teuthology.orchestra.run.smithi105.stdout: URL: https://smithi105:8443/
2024-04-22T06:28:51.348 INFO:teuthology.orchestra.run.smithi105.stdout: User: admin
2024-04-22T06:28:51.348 INFO:teuthology.orchestra.run.smithi105.stdout: Password: 6npfb8k5hc
2024-04-22T06:28:51.348 INFO:teuthology.orchestra.run.smithi105.stdout:
2024-04-22T06:28:51.349 INFO:teuthology.orchestra.run.smithi105.stdout:Saving cluster configuration to /var/lib/ceph/48924e24-0071-11ef-bc93-c7b262605968/config directory
2024-04-22T06:28:51.349 INFO:teuthology.orchestra.run.smithi105.stdout:Enabling autotune for osd_memory_target
2024-04-22T06:28:51.918 INFO:journalctl@ceph.mon.a.smithi105.stdout:Apr 22 06:28:51 smithi105 ceph-mon[27916]: mgrmap e13: x(active, since 6s)
2024-04-22T06:28:51.918 INFO:journalctl@ceph.mon.a.smithi105.stdout:Apr 22 06:28:51 smithi105 ceph-mon[27916]: from='client.? 172.21.15.105:0/3230898449' entity='client.admin' cmd=[{"prefix": "config get", "who": "mgr", "key": "mgr/dashboard/ssl_server_port"}]: dispatch
2024-04-22T06:28:52.555 INFO:teuthology.orchestra.run.smithi105.stdout:/usr/bin/ceph: stderr
2024-04-22T06:28:51.789+0000 7efc5eb55700 1 Processor -- start
2024-04-22T06:28:52.555 INFO:teuthology.orchestra.run.smithi105.stdout:/usr/bin/ceph: stderr
2024-04-22T06:28:51.789+0000 7efc5eb55700 1 -- start start
2024-04-22T06:28:52.555 INFO:teuthology.orchestra.run.smithi105.stdout:/usr/bin/ceph: stderr
2024-04-22T06:28:51.789+0000 7efc5eb55700 1 --2- >> [v2:172.21.15.105:3300/0,v1:172.21.15.105:6789/0] conn(0x7efc58106870 0x7efc58106c90 unknown :-1 s=NONE pgs=0 cs=0 l=0 rev1=0 crypto rx=0 tx=0 comp rx=0 tx=0).connect
2024-04-22T06:28:52.555 INFO:teuthology.orchestra.run.smithi105.stdout:/usr/bin/ceph: stderr
2024-04-22T06:28:51.789+0000 7efc5eb55700 1 -- --> [v2:172.21.15.105:3300/0,v1:172.21.15.105:6789/0] -- mon_getmap magic: 0 -- 0x7efc58107260 con 0x7efc58106870
2024-04-22T06:28:52.555 INFO:teuthology.orchestra.run.smithi105.stdout:/usr/bin/ceph: stderr
2024-04-22T06:28:51.789+0000 7efc5c8f1700 1 --2- >> [v2:172.21.15.105:3300/0,v1:172.21.15.105:6789/0] conn(0x7efc58106870 0x7efc58106c90 unknown :-1 s=BANNER_CONNECTING pgs=0 cs=0 l=0 rev1=0 crypto rx=0 tx=0 comp rx=0 tx=0)._handle_peer_banner_payload supported=3 required=0
2024-04-22T06:28:52.555 INFO:teuthology.orchestra.run.smithi105.stdout:/usr/bin/ceph: stderr
2024-04-22T06:28:51.789+0000 7efc5c8f1700 1 --2- >> [v2:172.21.15.105:3300/0,v1:172.21.15.105:6789/0] conn(0x7efc58106870 0x7efc58106c90 unknown :-1 s=HELLO_CONNECTING pgs=0 cs=0 l=0 rev1=1 crypto rx=0 tx=0 comp rx=0 tx=0).handle_hello peer v2:172.21.15.105:3300/0 says I am v2:172.21.15.105:40560/0 (socket says 172.21.15.105:40560)
2024-04-22T06:28:52.555 INFO:teuthology.orchestra.run.smithi105.stdout:/usr/bin/ceph: stderr
2024-04-22T06:28:51.789+0000 7efc5c8f1700 1 -- 172.21.15.105:0/3641160278 learned_addr learned my addr 172.21.15.105:0/3641160278 (peer_addr_for_me v2:172.21.15.105:0/0)
2024-04-22T06:28:52.555 INFO:teuthology.orchestra.run.smithi105.stdout:/usr/bin/ceph: stderr
2024-04-22T06:28:51.789+0000 7efc5c8f1700 1 -- 172.21.15.105:0/3641160278 --> [v2:172.21.15.105:3300/0,v1:172.21.15.105:6789/0] -- mon_subscribe({config=0+,monmap=0+}) -- 0x7efc581098a0 con 0x7efc58106870
2024-04-22T06:28:52.555 INFO:teuthology.orchestra.run.smithi105.stdout:/usr/bin/ceph: stderr
2024-04-22T06:28:51.790+0000 7efc5c8f1700 1 --2- 172.21.15.105:0/3641160278 >> [v2:172.21.15.105:3300/0,v1:172.21.15.105:6789/0] conn(0x7efc58106870 0x7efc58106c90 secure :-1 s=READY pgs=76 cs=0 l=1 rev1=1 crypto rx=0x7efc4c0098a0 tx=0x7efc4c009bb0 comp rx=0 tx=0).ready entity=mon.0 client_cookie=308c8334efc2c16b server_cookie=0 in_seq=0 out_seq=0
2024-04-22T06:28:52.555 INFO:teuthology.orchestra.run.smithi105.stdout:/usr/bin/ceph: stderr
2024-04-22T06:28:51.790+0000 7efc577fe700 1 -- 172.21.15.105:0/3641160278 <== mon.0 v2:172.21.15.105:3300/0 1 ==== mon_map magic: 0 ==== 205+0+0 (secure 0 0 0) 0x7efc4c004160 con 0x7efc58106870
2024-04-22T06:28:52.556 INFO:teuthology.orchestra.run.smithi105.stdout:/usr/bin/ceph: stderr
2024-04-22T06:28:51.790+0000 7efc577fe700 1 -- 172.21.15.105:0/3641160278 <== mon.0 v2:172.21.15.105:3300/0 2 ==== config(26 keys) ==== 1101+0+0 (secure 0 0 0) 0x7efc4c004300 con 0x7efc58106870
2024-04-22T06:28:52.556 INFO:teuthology.orchestra.run.smithi105.stdout:/usr/bin/ceph: stderr
2024-04-22T06:28:51.790+0000 7efc577fe700 1 -- 172.21.15.105:0/3641160278 <== mon.0 v2:172.21.15.105:3300/0 3 ==== mon_map magic: 0 ==== 205+0+0 (secure 0 0 0) 0x7efc4c011a20 con 0x7efc58106870
2024-04-22T06:28:52.556 INFO:teuthology.orchestra.run.smithi105.stdout:/usr/bin/ceph: stderr
2024-04-22T06:28:51.790+0000 7efc5eb55700 1 -- 172.21.15.105:0/3641160278 >> [v2:172.21.15.105:3300/0,v1:172.21.15.105:6789/0] conn(0x7efc58106870 msgr2=0x7efc58106c90 secure :-1 s=STATE_CONNECTION_ESTABLISHED l=1).mark_down
2024-04-22T06:28:52.556 INFO:teuthology.orchestra.run.smithi105.stdout:/usr/bin/ceph: stderr
2024-04-22T06:28:51.790+0000 7efc5eb55700 1 --2- 172.21.15.105:0/3641160278 >> [v2:172.21.15.105:3300/0,v1:172.21.15.105:6789/0] conn(0x7efc58106870 0x7efc58106c90 secure :-1 s=READY pgs=76 cs=0 l=1 rev1=1 crypto rx=0x7efc4c0098a0 tx=0x7efc4c009bb0 comp rx=0 tx=0).stop
2024-04-22T06:28:52.556 INFO:teuthology.orchestra.run.smithi105.stdout:/usr/bin/ceph: stderr
2024-04-22T06:28:51.790+0000 7efc5eb55700 1 -- 172.21.15.105:0/3641160278 shutdown_connections
2024-04-22T06:28:52.556 INFO:teuthology.orchestra.run.smithi105.stdout:/usr/bin/ceph: stderr
2024-04-22T06:28:51.790+0000 7efc5eb55700 1 --2- 172.21.15.105:0/3641160278 >> [v2:172.21.15.105:3300/0,v1:172.21.15.105:6789/0] conn(0x7efc58106870 0x7efc58106c90 unknown :-1 s=CLOSED pgs=76 cs=0 l=1 rev1=1 crypto rx=0 tx=0 comp rx=0 tx=0).stop
2024-04-22T06:28:52.556 INFO:teuthology.orchestra.run.smithi105.stdout:/usr/bin/ceph: stderr
2024-04-22T06:28:51.790+0000 7efc5eb55700 1 -- 172.21.15.105:0/3641160278 >> 172.21.15.105:0/3641160278 conn(0x7efc581021c0 msgr2=0x7efc581045e0 unknown :-1 s=STATE_NONE l=0).mark_down
2024-04-22T06:28:52.556 INFO:teuthology.orchestra.run.smithi105.stdout:/usr/bin/ceph: stderr
2024-04-22T06:28:51.790+0000 7efc5eb55700 1 -- 172.21.15.105:0/3641160278 shutdown_connections
2024-04-22T06:28:52.556 INFO:teuthology.orchestra.run.smithi105.stdout:/usr/bin/ceph: stderr
2024-04-22T06:28:51.790+0000 7efc5eb55700 1 -- 172.21.15.105:0/3641160278 wait complete.
2024-04-22T06:28:52.556 INFO:teuthology.orchestra.run.smithi105.stdout:/usr/bin/ceph: stderr
2024-04-22T06:28:51.791+0000 7efc5eb55700 1 Processor -- start
2024-04-22T06:28:52.556 INFO:teuthology.orchestra.run.smithi105.stdout:/usr/bin/ceph: stderr
2024-04-22T06:28:51.791+0000 7efc5eb55700 1 -- start start
2024-04-22T06:28:52.556 INFO:teuthology.orchestra.run.smithi105.stdout:/usr/bin/ceph: stderr
2024-04-22T06:28:51.791+0000 7efc5eb55700 1 --2- >> [v2:172.21.15.105:3300/0,v1:172.21.15.105:6789/0] conn(0x7efc58106870 0x7efc58109120 unknown :-1 s=NONE pgs=0 cs=0 l=1 rev1=0 crypto rx=0 tx=0 comp rx=0 tx=0).connect
2024-04-22T06:28:52.556 INFO:teuthology.orchestra.run.smithi105.stdout:/usr/bin/ceph: stderr
2024-04-22T06:28:51.791+0000 7efc5eb55700 1 -- --> [v2:172.21.15.105:3300/0,v1:172.21.15.105:6789/0] -- mon_getmap magic: 0 -- 0x7efc5810cad0 con 0x7efc58106870
2024-04-22T06:28:52.556 INFO:teuthology.orchestra.run.smithi105.stdout:/usr/bin/ceph: stderr
2024-04-22T06:28:51.791+0000 7efc5c8f1700 1 --2- >> [v2:172.21.15.105:3300/0,v1:172.21.15.105:6789/0] conn(0x7efc58106870 0x7efc58109120 unknown :-1 s=BANNER_CONNECTING pgs=0 cs=0 l=1 rev1=0 crypto rx=0 tx=0 comp rx=0 tx=0)._handle_peer_banner_payload supported=3 required=0
2024-04-22T06:28:52.557 INFO:teuthology.orchestra.run.smithi105.stdout:/usr/bin/ceph: stderr
2024-04-22T06:28:51.791+0000 7efc5c8f1700 1 --2- >> [v2:172.21.15.105:3300/0,v1:172.21.15.105:6789/0] conn(0x7efc58106870 0x7efc58109120 unknown :-1 s=HELLO_CONNECTING pgs=0 cs=0 l=1 rev1=1 crypto rx=0 tx=0 comp rx=0 tx=0).handle_hello peer v2:172.21.15.105:3300/0 says I am v2:172.21.15.105:40568/0 (socket says 172.21.15.105:40568)
2024-04-22T06:28:52.557 INFO:teuthology.orchestra.run.smithi105.stdout:/usr/bin/ceph: stderr
2024-04-22T06:28:51.791+0000 7efc5c8f1700 1 -- 172.21.15.105:0/952349404 learned_addr learned my addr 172.21.15.105:0/952349404 (peer_addr_for_me v2:172.21.15.105:0/0)
2024-04-22T06:28:52.557 INFO:teuthology.orchestra.run.smithi105.stdout:/usr/bin/ceph: stderr
2024-04-22T06:28:51.792+0000 7efc5c8f1700 1 -- 172.21.15.105:0/952349404 --> [v2:172.21.15.105:3300/0,v1:172.21.15.105:6789/0] -- mon_subscribe({config=0+,monmap=0+}) -- 0x7efc58109660 con 0x7efc58106870
2024-04-22T06:28:52.557 INFO:teuthology.orchestra.run.smithi105.stdout:/usr/bin/ceph: stderr
2024-04-22T06:28:51.792+0000 7efc5c8f1700 1 --2- 172.21.15.105:0/952349404 >> [v2:172.21.15.105:3300/0,v1:172.21.15.105:6789/0] conn(0x7efc58106870 0x7efc58109120 secure :-1 s=READY pgs=77 cs=0 l=1 rev1=1 crypto rx=0x7efc4c009520 tx=0x7efc4c011aa0 comp rx=0 tx=0).ready entity=mon.0 client_cookie=0 server_cookie=0 in_seq=0 out_seq=0
2024-04-22T06:28:52.557 INFO:teuthology.orchestra.run.smithi105.stdout:/usr/bin/ceph: stderr
2024-04-22T06:28:51.792+0000 7efc55ffb700 1 -- 172.21.15.105:0/952349404 <== mon.0 v2:172.21.15.105:3300/0 1 ==== mon_map magic: 0 ==== 205+0+0 (secure 0 0 0) 0x7efc4c0039e0 con 0x7efc58106870
2024-04-22T06:28:52.557 INFO:teuthology.orchestra.run.smithi105.stdout:/usr/bin/ceph: stderr
2024-04-22T06:28:51.792+0000 7efc55ffb700 1 -- 172.21.15.105:0/952349404 <== mon.0 v2:172.21.15.105:3300/0 2 ==== config(26 keys) ==== 1101+0+0 (secure 0 0 0) 0x7efc4c01b8f0 con 0x7efc58106870
2024-04-22T06:28:52.557 INFO:teuthology.orchestra.run.smithi105.stdout:/usr/bin/ceph: stderr
2024-04-22T06:28:51.792+0000 7efc5eb55700 1 -- 172.21.15.105:0/952349404 --> [v2:172.21.15.105:3300/0,v1:172.21.15.105:6789/0] -- mon_subscribe({mgrmap=0+}) -- 0x7efc58107850 con 0x7efc58106870
2024-04-22T06:28:52.557 INFO:teuthology.orchestra.run.smithi105.stdout:/usr/bin/ceph: stderr
2024-04-22T06:28:51.792+0000 7efc55ffb700 1 -- 172.21.15.105:0/952349404 <== mon.0 v2:172.21.15.105:3300/0 3 ==== mon_map magic: 0 ==== 205+0+0 (secure 0 0 0) 0x7efc4c019770 con 0x7efc58106870
2024-04-22T06:28:52.557 INFO:teuthology.orchestra.run.smithi105.stdout:/usr/bin/ceph: stderr
2024-04-22T06:28:51.792+0000 7efc5eb55700 1 -- 172.21.15.105:0/952349404 --> [v2:172.21.15.105:3300/0,v1:172.21.15.105:6789/0] -- mon_subscribe({osdmap=0}) -- 0x7efc58107d90 con 0x7efc58106870
2024-04-22T06:28:52.557 INFO:teuthology.orchestra.run.smithi105.stdout:/usr/bin/ceph: stderr
2024-04-22T06:28:51.793+0000 7efc55ffb700 1 -- 172.21.15.105:0/952349404 <== mon.0 v2:172.21.15.105:3300/0 4 ==== mgrmap(e 13) ==== 46615+0+0 (secure 0 0 0) 0x7efc4c019a20 con 0x7efc58106870
2024-04-22T06:28:52.557 INFO:teuthology.orchestra.run.smithi105.stdout:/usr/bin/ceph: stderr
2024-04-22T06:28:51.793+0000 7efc5eb55700 1 -- 172.21.15.105:0/952349404 --> [v2:172.21.15.105:3300/0,v1:172.21.15.105:6789/0] -- mon_command({"prefix": "get_command_descriptions"} v 0) -- 0x7efc580640a0 con 0x7efc58106870
2024-04-22T06:28:52.557 INFO:teuthology.orchestra.run.smithi105.stdout:/usr/bin/ceph: stderr
2024-04-22T06:28:51.793+0000 7efc55ffb700 1 --2- 172.21.15.105:0/952349404 >> [v2:172.21.15.105:6800/2556874834,v1:172.21.15.105:6801/2556874834] conn(0x7efc480396f0 0x7efc4803bbb0 unknown :-1 s=NONE pgs=0 cs=0 l=1 rev1=0 crypto rx=0 tx=0 comp rx=0 tx=0).connect
2024-04-22T06:28:52.557 INFO:teuthology.orchestra.run.smithi105.stdout:/usr/bin/ceph: stderr
2024-04-22T06:28:51.793+0000 7efc55ffb700 1 -- 172.21.15.105:0/952349404 <== mon.0 v2:172.21.15.105:3300/0 5 ==== osd_map(3..3 src has 1..3) ==== 1155+0+0 (secure 0 0 0) 0x7efc4c04e2e0 con 0x7efc58106870
2024-04-22T06:28:52.557 INFO:teuthology.orchestra.run.smithi105.stdout:/usr/bin/ceph: stderr
2024-04-22T06:28:51.793+0000 7efc57fff700 1 --2- 172.21.15.105:0/952349404 >> [v2:172.21.15.105:6800/2556874834,v1:172.21.15.105:6801/2556874834] conn(0x7efc480396f0 0x7efc4803bbb0 unknown :-1 s=BANNER_CONNECTING pgs=0 cs=0 l=1 rev1=0 crypto rx=0 tx=0 comp rx=0 tx=0)._handle_peer_banner_payload supported=3 required=0
2024-04-22T06:28:52.558 INFO:teuthology.orchestra.run.smithi105.stdout:/usr/bin/ceph: stderr
2024-04-22T06:28:51.794+0000 7efc57fff700 1 --2- 172.21.15.105:0/952349404 >> [v2:172.21.15.105:6800/2556874834,v1:172.21.15.105:6801/2556874834] conn(0x7efc480396f0 0x7efc4803bbb0 secure :-1 s=READY pgs=10 cs=0 l=1 rev1=1 crypto rx=0x7efc44006fd0 tx=0x7efc44006e40 comp rx=0 tx=0).ready entity=mgr.14152 client_cookie=0 server_cookie=0 in_seq=0 out_seq=0
2024-04-22T06:28:52.558 INFO:teuthology.orchestra.run.smithi105.stdout:/usr/bin/ceph: stderr
2024-04-22T06:28:51.798+0000 7efc55ffb700 1 -- 172.21.15.105:0/952349404 <== mon.0 v2:172.21.15.105:3300/0 6 ==== mon_command_ack([{"prefix": "get_command_descriptions"}]=0 v0) ==== 72+0+188370 (secure 0 0 0) 0x7efc4c01f030 con 0x7efc58106870
2024-04-22T06:28:52.558 INFO:teuthology.orchestra.run.smithi105.stdout:/usr/bin/ceph: stderr
2024-04-22T06:28:51.995+0000 7efc5eb55700 1 -- 172.21.15.105:0/952349404 --> [v2:172.21.15.105:3300/0,v1:172.21.15.105:6789/0] -- mon_command([{prefix=config set, name=osd_memory_target_autotune}] v 0) -- 0x7efc581086e0 con 0x7efc58106870
2024-04-22T06:28:52.558 INFO:teuthology.orchestra.run.smithi105.stdout:/usr/bin/ceph: stderr
2024-04-22T06:28:51.995+0000 7efc55ffb700 1 -- 172.21.15.105:0/952349404 <== mon.0 v2:172.21.15.105:3300/0 7 ==== mon_command_ack([{prefix=config set, name=osd_memory_target_autotune}]=0 v8)=0 v8) ==== 127+0+0 (secure 0 0 0) 0x7efc581086e0 con 0x7efc58106870
2024-04-22T06:28:52.558 INFO:teuthology.orchestra.run.smithi105.stdout:/usr/bin/ceph: stderr
2024-04-22T06:28:51.997+0000 7efc5eb55700 1 -- 172.21.15.105:0/952349404 >> [v2:172.21.15.105:6800/2556874834,v1:172.21.15.105:6801/2556874834] conn(0x7efc480396f0 msgr2=0x7efc4803bbb0 secure :-1 s=STATE_CONNECTION_ESTABLISHED l=1).mark_down
2024-04-22T06:28:52.558 INFO:teuthology.orchestra.run.smithi105.stdout:/usr/bin/ceph: stderr
2024-04-22T06:28:51.997+0000 7efc5eb55700 1 --2- 172.21.15.105:0/952349404 >> [v2:172.21.15.105:6800/2556874834,v1:172.21.15.105:6801/2556874834] conn(0x7efc480396f0 0x7efc4803bbb0 secure :-1 s=READY pgs=10 cs=0 l=1 rev1=1 crypto rx=0x7efc44006fd0 tx=0x7efc44006e40 comp rx=0 tx=0).stop
2024-04-22T06:28:52.558 INFO:teuthology.orchestra.run.smithi105.stdout:/usr/bin/ceph: stderr
2024-04-22T06:28:51.997+0000 7efc5eb55700 1 -- 172.21.15.105:0/952349404 >> [v2:172.21.15.105:3300/0,v1:172.21.15.105:6789/0] conn(0x7efc58106870 msgr2=0x7efc58109120 secure :-1 s=STATE_CONNECTION_ESTABLISHED l=1).mark_down
2024-04-22T06:28:52.558 INFO:teuthology.orchestra.run.smithi105.stdout:/usr/bin/ceph: stderr
2024-04-22T06:28:51.997+0000 7efc5eb55700 1 --2- 172.21.15.105:0/952349404 >> [v2:172.21.15.105:3300/0,v1:172.21.15.105:6789/0] conn(0x7efc58106870 0x7efc58109120 secure :-1 s=READY pgs=77 cs=0 l=1 rev1=1 crypto rx=0x7efc4c009520 tx=0x7efc4c011aa0 comp rx=0 tx=0).stop
2024-04-22T06:28:52.558 INFO:teuthology.orchestra.run.smithi105.stdout:/usr/bin/ceph: stderr
2024-04-22T06:28:51.998+0000 7efc5eb55700 1 -- 172.21.15.105:0/952349404 shutdown_connections
2024-04-22T06:28:52.558 INFO:teuthology.orchestra.run.smithi105.stdout:/usr/bin/ceph: stderr
2024-04-22T06:28:51.998+0000 7efc5eb55700 1 --2- 172.21.15.105:0/952349404 >> [v2:172.21.15.105:6800/2556874834,v1:172.21.15.105:6801/2556874834] conn(0x7efc480396f0 0x7efc4803bbb0 unknown :-1 s=CLOSED pgs=10 cs=0 l=1 rev1=1 crypto rx=0 tx=0 comp rx=0 tx=0).stop
2024-04-22T06:28:52.559 INFO:teuthology.orchestra.run.smithi105.stdout:/usr/bin/ceph: stderr
2024-04-22T06:28:51.998+0000 7efc5eb55700 1 --2- 172.21.15.105:0/952349404 >> [v2:172.21.15.105:3300/0,v1:172.21.15.105:6789/0] conn(0x7efc58106870 0x7efc58109120 unknown :-1 s=CLOSED pgs=77 cs=0 l=1 rev1=1 crypto rx=0 tx=0 comp rx=0 tx=0).stop
2024-04-22T06:28:52.559 INFO:teuthology.orchestra.run.smithi105.stdout:/usr/bin/ceph: stderr
2024-04-22T06:28:51.998+0000 7efc5eb55700 1 -- 172.21.15.105:0/952349404 >> 172.21.15.105:0/952349404 conn(0x7efc581021c0 msgr2=0x7efc58102c80 unknown :-1 s=STATE_NONE l=0).mark_down
2024-04-22T06:28:52.559 INFO:teuthology.orchestra.run.smithi105.stdout:/usr/bin/ceph: stderr
2024-04-22T06:28:51.998+0000 7efc5eb55700 1 -- 172.21.15.105:0/952349404 shutdown_connections
2024-04-22T06:28:52.559 INFO:teuthology.orchestra.run.smithi105.stdout:/usr/bin/ceph: stderr
2024-04-22T06:28:51.998+0000 7efc5eb55700 1 -- 172.21.15.105:0/952349404 wait complete.
2024-04-22T06:28:53.945 INFO:teuthology.orchestra.run.smithi105.stdout:/usr/bin/ceph: stderr
2024-04-22T06:28:53.029+0000 7f4bf9e27700 1 Processor -- start
2024-04-22T06:28:53.945 INFO:teuthology.orchestra.run.smithi105.stdout:/usr/bin/ceph: stderr
2024-04-22T06:28:53.029+0000 7f4bf9e27700 1 -- start start
2024-04-22T06:28:53.945 INFO:teuthology.orchestra.run.smithi105.stdout:/usr/bin/ceph: stderr
2024-04-22T06:28:53.029+0000 7f4bf9e27700 1 --2- >> [v2:172.21.15.105:3300/0,v1:172.21.15.105:6789/0] conn(0x7f4bf4107990 0x7f4bf4107db0 unknown :-1 s=NONE pgs=0 cs=0 l=0 rev1=0 crypto rx=0 tx=0 comp rx=0 tx=0).connect
2024-04-22T06:28:53.945 INFO:teuthology.orchestra.run.smithi105.stdout:/usr/bin/ceph: stderr
2024-04-22T06:28:53.029+0000 7f4bf9e27700 1 -- --> [v2:172.21.15.105:3300/0,v1:172.21.15.105:6789/0] -- mon_getmap magic: 0 -- 0x7f4bf4108380 con 0x7f4bf4107990
2024-04-22T06:28:53.945 INFO:teuthology.orchestra.run.smithi105.stdout:/usr/bin/ceph: stderr
2024-04-22T06:28:53.030+0000 7f4bf37fe700 1 --2- >> [v2:172.21.15.105:3300/0,v1:172.21.15.105:6789/0] conn(0x7f4bf4107990 0x7f4bf4107db0 unknown :-1 s=BANNER_CONNECTING pgs=0 cs=0 l=0 rev1=0 crypto rx=0 tx=0 comp rx=0 tx=0)._handle_peer_banner_payload supported=3 required=0
2024-04-22T06:28:53.945 INFO:teuthology.orchestra.run.smithi105.stdout:/usr/bin/ceph: stderr
2024-04-22T06:28:53.030+0000 7f4bf37fe700 1 --2- >> [v2:172.21.15.105:3300/0,v1:172.21.15.105:6789/0] conn(0x7f4bf4107990 0x7f4bf4107db0 unknown :-1 s=HELLO_CONNECTING pgs=0 cs=0 l=0 rev1=1 crypto rx=0 tx=0 comp rx=0 tx=0).handle_hello peer v2:172.21.15.105:3300/0 says I am v2:172.21.15.105:40576/0 (socket says 172.21.15.105:40576)
2024-04-22T06:28:53.945 INFO:teuthology.orchestra.run.smithi105.stdout:/usr/bin/ceph: stderr
2024-04-22T06:28:53.030+0000 7f4bf37fe700 1 -- 172.21.15.105:0/1314011693 learned_addr learned my addr 172.21.15.105:0/1314011693 (peer_addr_for_me v2:172.21.15.105:0/0)
2024-04-22T06:28:53.945 INFO:teuthology.orchestra.run.smithi105.stdout:/usr/bin/ceph: stderr
2024-04-22T06:28:53.030+0000 7f4bf37fe700 1 -- 172.21.15.105:0/1314011693 --> [v2:172.21.15.105:3300/0,v1:172.21.15.105:6789/0] -- mon_subscribe({config=0+,monmap=0+}) -- 0x7f4bf41086b0 con 0x7f4bf4107990
2024-04-22T06:28:53.945 INFO:teuthology.orchestra.run.smithi105.stdout:/usr/bin/ceph: stderr
2024-04-22T06:28:53.030+0000 7f4bf37fe700 1 --2- 172.21.15.105:0/1314011693 >> [v2:172.21.15.105:3300/0,v1:172.21.15.105:6789/0] conn(0x7f4bf4107990 0x7f4bf4107db0 secure :-1 s=READY pgs=78 cs=0 l=1 rev1=1 crypto rx=0x7f4be4009e80 tx=0x7f4be400b330 comp rx=0 tx=0).ready entity=mon.0 client_cookie=754d46b77388181c server_cookie=0 in_seq=0 out_seq=0
2024-04-22T06:28:53.945 INFO:teuthology.orchestra.run.smithi105.stdout:/usr/bin/ceph: stderr
2024-04-22T06:28:53.030+0000 7f4bf27fc700 1 -- 172.21.15.105:0/1314011693 <== mon.0 v2:172.21.15.105:3300/0 1 ==== mon_map magic: 0 ==== 205+0+0 (secure 0 0 0) 0x7f4be4017070 con 0x7f4bf4107990
2024-04-22T06:28:53.945 INFO:teuthology.orchestra.run.smithi105.stdout:/usr/bin/ceph: stderr
2024-04-22T06:28:53.030+0000 7f4bf27fc700 1 -- 172.21.15.105:0/1314011693 <== mon.0 v2:172.21.15.105:3300/0 2 ==== config(26 keys) ==== 1101+0+0 (secure 0 0 0) 0x7f4be400b8c0 con 0x7f4bf4107990
2024-04-22T06:28:53.945 INFO:teuthology.orchestra.run.smithi105.stdout:/usr/bin/ceph: stderr
2024-04-22T06:28:53.030+0000 7f4bf27fc700 1 -- 172.21.15.105:0/1314011693 <== mon.0 v2:172.21.15.105:3300/0 3 ==== mon_map magic: 0 ==== 205+0+0 (secure 0 0 0) 0x7f4be4004490 con 0x7f4bf4107990
2024-04-22T06:28:53.945 INFO:teuthology.orchestra.run.smithi105.stdout:/usr/bin/ceph: stderr
2024-04-22T06:28:53.031+0000 7f4bf9e27700 1 -- 172.21.15.105:0/1314011693 >> [v2:172.21.15.105:3300/0,v1:172.21.15.105:6789/0] conn(0x7f4bf4107990 msgr2=0x7f4bf4107db0 secure :-1 s=STATE_CONNECTION_ESTABLISHED l=1).mark_down
2024-04-22T06:28:53.946 INFO:teuthology.orchestra.run.smithi105.stdout:/usr/bin/ceph: stderr
2024-04-22T06:28:53.031+0000 7f4bf9e27700 1 --2- 172.21.15.105:0/1314011693 >> [v2:172.21.15.105:3300/0,v1:172.21.15.105:6789/0] conn(0x7f4bf4107990 0x7f4bf4107db0 secure :-1 s=READY pgs=78 cs=0 l=1 rev1=1 crypto rx=0x7f4be4009e80 tx=0x7f4be400b330 comp rx=0 tx=0).stop
2024-04-22T06:28:53.946 INFO:teuthology.orchestra.run.smithi105.stdout:/usr/bin/ceph: stderr
2024-04-22T06:28:53.031+0000 7f4bf9e27700 1 -- 172.21.15.105:0/1314011693 shutdown_connections
2024-04-22T06:28:53.946 INFO:teuthology.orchestra.run.smithi105.stdout:/usr/bin/ceph: stderr
2024-04-22T06:28:53.031+0000 7f4bf9e27700 1 --2- 172.21.15.105:0/1314011693 >> [v2:172.21.15.105:3300/0,v1:172.21.15.105:6789/0] conn(0x7f4bf4107990 0x7f4bf4107db0 unknown :-1 s=CLOSED pgs=78 cs=0 l=1 rev1=1 crypto rx=0 tx=0 comp rx=0 tx=0).stop
