2024-04-22T06:28:23.227 INFO:teuthology.orchestra.run.smithi105.stdout:/usr/bin/ceph: stderr
2024-04-22T06:28:22.046+0000 7f2b4affd700 1 -- 172.21.15.105:0/3196500708 <== mon.0 v2:172.21.15.105:3300/0 3 ==== mon_map magic: 0 ==== 205+0+0 (secure 0 0 0) 0x7f2b3c011af0 con 0x7f2b4c108a60
2024-04-22T06:28:23.227 INFO:teuthology.orchestra.run.smithi105.stdout:/usr/bin/ceph: stderr
2024-04-22T06:28:22.047+0000 7f2b527e0700 1 -- 172.21.15.105:0/3196500708 >> [v2:172.21.15.105:3300/0,v1:172.21.15.105:6789/0] conn(0x7f2b4c108a60 msgr2=0x7f2b4c108e80 secure :-1 s=STATE_CONNECTION_ESTABLISHED l=1).mark_down
2024-04-22T06:28:23.227 INFO:teuthology.orchestra.run.smithi105.stdout:/usr/bin/ceph: stderr
2024-04-22T06:28:22.047+0000 7f2b527e0700 1 --2- 172.21.15.105:0/3196500708 >> [v2:172.21.15.105:3300/0,v1:172.21.15.105:6789/0] conn(0x7f2b4c108a60 0x7f2b4c108e80 secure :-1 s=READY pgs=41 cs=0 l=1 rev1=1 crypto rx=0x7f2b3c0098a0 tx=0x7f2b3c009bb0 comp rx=0 tx=0).stop
2024-04-22T06:28:23.227 INFO:teuthology.orchestra.run.smithi105.stdout:/usr/bin/ceph: stderr
2024-04-22T06:28:22.047+0000 7f2b527e0700 1 -- 172.21.15.105:0/3196500708 shutdown_connections
2024-04-22T06:28:23.227 INFO:teuthology.orchestra.run.smithi105.stdout:/usr/bin/ceph: stderr
2024-04-22T06:28:22.047+0000 7f2b527e0700 1 --2- 172.21.15.105:0/3196500708 >> [v2:172.21.15.105:3300/0,v1:172.21.15.105:6789/0] conn(0x7f2b4c108a60 0x7f2b4c108e80 unknown :-1 s=CLOSED pgs=41 cs=0 l=1 rev1=1 crypto rx=0 tx=0 comp rx=0 tx=0).stop
2024-04-22T06:28:23.227 INFO:teuthology.orchestra.run.smithi105.stdout:/usr/bin/ceph: stderr
2024-04-22T06:28:22.047+0000 7f2b527e0700 1 -- 172.21.15.105:0/3196500708 >> 172.21.15.105:0/3196500708 conn(0x7f2b4c102150 msgr2=0x7f2b4c1045b0 unknown :-1 s=STATE_NONE l=0).mark_down
2024-04-22T06:28:23.227 INFO:teuthology.orchestra.run.smithi105.stdout:/usr/bin/ceph: stderr
2024-04-22T06:28:22.047+0000 7f2b527e0700 1 -- 172.21.15.105:0/3196500708 shutdown_connections
2024-04-22T06:28:23.227 INFO:teuthology.orchestra.run.smithi105.stdout:/usr/bin/ceph: stderr
2024-04-22T06:28:22.047+0000 7f2b527e0700 1 -- 172.21.15.105:0/3196500708 wait complete.
2024-04-22T06:28:23.228 INFO:teuthology.orchestra.run.smithi105.stdout:/usr/bin/ceph: stderr
2024-04-22T06:28:22.047+0000 7f2b527e0700 1 Processor -- start
2024-04-22T06:28:23.228 INFO:teuthology.orchestra.run.smithi105.stdout:/usr/bin/ceph: stderr
2024-04-22T06:28:22.047+0000 7f2b527e0700 1 -- start start
2024-04-22T06:28:23.228 INFO:teuthology.orchestra.run.smithi105.stdout:/usr/bin/ceph: stderr
2024-04-22T06:28:22.048+0000 7f2b527e0700 1 --2- >> [v2:172.21.15.105:3300/0,v1:172.21.15.105:6789/0] conn(0x7f2b4c108a60 0x7f2b4c19b460 unknown :-1 s=NONE pgs=0 cs=0 l=1 rev1=0 crypto rx=0 tx=0 comp rx=0 tx=0).connect
2024-04-22T06:28:23.228 INFO:teuthology.orchestra.run.smithi105.stdout:/usr/bin/ceph: stderr
2024-04-22T06:28:22.048+0000 7f2b527e0700 1 -- --> [v2:172.21.15.105:3300/0,v1:172.21.15.105:6789/0] -- mon_getmap magic: 0 -- 0x7f2b4c10ba80 con 0x7f2b4c108a60
2024-04-22T06:28:23.228 INFO:teuthology.orchestra.run.smithi105.stdout:/usr/bin/ceph: stderr
2024-04-22T06:28:22.048+0000 7f2b4bfff700 1 --2- >> [v2:172.21.15.105:3300/0,v1:172.21.15.105:6789/0] conn(0x7f2b4c108a60 0x7f2b4c19b460 unknown :-1 s=BANNER_CONNECTING pgs=0 cs=0 l=1 rev1=0 crypto rx=0 tx=0 comp rx=0 tx=0)._handle_peer_banner_payload supported=3 required=0
2024-04-22T06:28:23.228 INFO:teuthology.orchestra.run.smithi105.stdout:/usr/bin/ceph: stderr
2024-04-22T06:28:22.048+0000 7f2b4bfff700 1 --2- >> [v2:172.21.15.105:3300/0,v1:172.21.15.105:6789/0] conn(0x7f2b4c108a60 0x7f2b4c19b460 unknown :-1 s=HELLO_CONNECTING pgs=0 cs=0 l=1 rev1=1 crypto rx=0 tx=0 comp rx=0 tx=0).handle_hello peer v2:172.21.15.105:3300/0 says I am v2:172.21.15.105:38178/0 (socket says 172.21.15.105:38178)
2024-04-22T06:28:23.228 INFO:teuthology.orchestra.run.smithi105.stdout:/usr/bin/ceph: stderr
2024-04-22T06:28:22.048+0000 7f2b4bfff700 1 -- 172.21.15.105:0/3951355609 learned_addr learned my addr 172.21.15.105:0/3951355609 (peer_addr_for_me v2:172.21.15.105:0/0)
2024-04-22T06:28:23.228 INFO:teuthology.orchestra.run.smithi105.stdout:/usr/bin/ceph: stderr
2024-04-22T06:28:22.048+0000 7f2b4bfff700 1 -- 172.21.15.105:0/3951355609 --> [v2:172.21.15.105:3300/0,v1:172.21.15.105:6789/0] -- mon_subscribe({config=0+,monmap=0+}) -- 0x7f2b4c19b9a0 con 0x7f2b4c108a60
2024-04-22T06:28:23.228 INFO:teuthology.orchestra.run.smithi105.stdout:/usr/bin/ceph: stderr
2024-04-22T06:28:22.048+0000 7f2b4bfff700 1 --2- 172.21.15.105:0/3951355609 >> [v2:172.21.15.105:3300/0,v1:172.21.15.105:6789/0] conn(0x7f2b4c108a60 0x7f2b4c19b460 secure :-1 s=READY pgs=42 cs=0 l=1 rev1=1 crypto rx=0x7f2b3c0117b0 tx=0x7f2b3c011b70 comp rx=0 tx=0).ready entity=mon.0 client_cookie=0 server_cookie=0 in_seq=0 out_seq=0
2024-04-22T06:28:23.228 INFO:teuthology.orchestra.run.smithi105.stdout:/usr/bin/ceph: stderr
2024-04-22T06:28:22.048+0000 7f2b497fa700 1 -- 172.21.15.105:0/3951355609 <== mon.0 v2:172.21.15.105:3300/0 1 ==== mon_map magic: 0 ==== 205+0+0 (secure 0 0 0) 0x7f2b3c003af0 con 0x7f2b4c108a60
2024-04-22T06:28:23.228 INFO:teuthology.orchestra.run.smithi105.stdout:/usr/bin/ceph: stderr
2024-04-22T06:28:22.048+0000 7f2b497fa700 1 -- 172.21.15.105:0/3951355609 <== mon.0 v2:172.21.15.105:3300/0 2 ==== config(26 keys) ==== 1070+0+0 (secure 0 0 0) 0x7f2b3c020070 con 0x7f2b4c108a60
2024-04-22T06:28:23.228 INFO:teuthology.orchestra.run.smithi105.stdout:/usr/bin/ceph: stderr
2024-04-22T06:28:22.048+0000 7f2b527e0700 1 -- 172.21.15.105:0/3951355609 --> [v2:172.21.15.105:3300/0,v1:172.21.15.105:6789/0] -- mon_subscribe({mgrmap=0+}) -- 0x7f2b4c19bc30 con 0x7f2b4c108a60
2024-04-22T06:28:23.228 INFO:teuthology.orchestra.run.smithi105.stdout:/usr/bin/ceph: stderr
2024-04-22T06:28:22.048+0000 7f2b497fa700 1 -- 172.21.15.105:0/3951355609 <== mon.0 v2:172.21.15.105:3300/0 3 ==== mon_map magic: 0 ==== 205+0+0 (secure 0 0 0) 0x7f2b3c019630 con 0x7f2b4c108a60
2024-04-22T06:28:23.228 INFO:teuthology.orchestra.run.smithi105.stdout:/usr/bin/ceph: stderr
2024-04-22T06:28:22.048+0000 7f2b527e0700 1 -- 172.21.15.105:0/3951355609 --> [v2:172.21.15.105:3300/0,v1:172.21.15.105:6789/0] -- mon_subscribe({osdmap=0}) -- 0x7f2b4c19e920 con 0x7f2b4c108a60
2024-04-22T06:28:23.229 INFO:teuthology.orchestra.run.smithi105.stdout:/usr/bin/ceph: stderr
2024-04-22T06:28:22.049+0000 7f2b497fa700 1 -- 172.21.15.105:0/3951355609 <== mon.0 v2:172.21.15.105:3300/0 4 ==== mgrmap(e 8) ==== 46558+0+0 (secure 0 0 0) 0x7f2b3c0198a0 con 0x7f2b4c108a60
2024-04-22T06:28:23.229 INFO:teuthology.orchestra.run.smithi105.stdout:/usr/bin/ceph: stderr
2024-04-22T06:28:22.049+0000 7f2b527e0700 1 -- 172.21.15.105:0/3951355609 --> [v2:172.21.15.105:3300/0,v1:172.21.15.105:6789/0] -- mon_command({"prefix": "get_command_descriptions"} v 0) -- 0x7f2b4c0640a0 con 0x7f2b4c108a60
2024-04-22T06:28:23.229 INFO:teuthology.orchestra.run.smithi105.stdout:/usr/bin/ceph: stderr
2024-04-22T06:28:22.049+0000 7f2b497fa700 1 --2- 172.21.15.105:0/3951355609 >> [v2:172.21.15.105:6800/3871303088,v1:172.21.15.105:6801/3871303088] conn(0x7f2b34039600 0x7f2b3403bac0 unknown :-1 s=NONE pgs=0 cs=0 l=1 rev1=0 crypto rx=0 tx=0 comp rx=0 tx=0).connect
2024-04-22T06:28:23.229 INFO:teuthology.orchestra.run.smithi105.stdout:/usr/bin/ceph: stderr
2024-04-22T06:28:22.049+0000 7f2b497fa700 1 -- 172.21.15.105:0/3951355609 <== mon.0 v2:172.21.15.105:3300/0 5 ==== osd_map(2..2 src has 1..2) ==== 940+0+0 (secure 0 0 0) 0x7f2b3c04dc60 con 0x7f2b4c108a60
2024-04-22T06:28:23.229 INFO:teuthology.orchestra.run.smithi105.stdout:/usr/bin/ceph: stderr
2024-04-22T06:28:22.049+0000 7f2b4b7fe700 1 --2- 172.21.15.105:0/3951355609 >> [v2:172.21.15.105:6800/3871303088,v1:172.21.15.105:6801/3871303088] conn(0x7f2b34039600 0x7f2b3403bac0 unknown :-1 s=BANNER_CONNECTING pgs=0 cs=0 l=1 rev1=0 crypto rx=0 tx=0 comp rx=0 tx=0)._handle_peer_banner_payload supported=3 required=0
2024-04-22T06:28:23.229 INFO:teuthology.orchestra.run.smithi105.stdout:/usr/bin/ceph: stderr
2024-04-22T06:28:22.050+0000 7f2b4b7fe700 1 --2- 172.21.15.105:0/3951355609 >> [v2:172.21.15.105:6800/3871303088,v1:172.21.15.105:6801/3871303088] conn(0x7f2b34039600 0x7f2b3403bac0 secure :-1 s=READY pgs=9 cs=0 l=1 rev1=1 crypto rx=0x7f2b40006fd0 tx=0x7f2b40006e40 comp rx=0 tx=0).ready entity=mgr.14120 client_cookie=0 server_cookie=0 in_seq=0 out_seq=0
2024-04-22T06:28:23.229 INFO:teuthology.orchestra.run.smithi105.stdout:/usr/bin/ceph: stderr
2024-04-22T06:28:22.054+0000 7f2b497fa700 1 -- 172.21.15.105:0/3951355609 <== mon.0 v2:172.21.15.105:3300/0 6 ==== mon_command_ack([{"prefix": "get_command_descriptions"}]=0 v0) ==== 72+0+188370 (secure 0 0 0) 0x7f2b3c00b480 con 0x7f2b4c108a60
2024-04-22T06:28:23.229 INFO:teuthology.orchestra.run.smithi105.stdout:/usr/bin/ceph: stderr
2024-04-22T06:28:22.251+0000 7f2b527e0700 1 -- 172.21.15.105:0/3951355609 --> [v2:172.21.15.105:6800/3871303088,v1:172.21.15.105:6801/3871303088] -- mgr_command(tid 0: {"prefix": "cephadm generate-key", "target": ["mon-mgr", ""]}) -- 0x7f2b4c103430 con 0x7f2b34039600
2024-04-22T06:28:23.229 INFO:teuthology.orchestra.run.smithi105.stdout:/usr/bin/ceph: stderr
2024-04-22T06:28:22.666+0000 7f2b497fa700 1 -- 172.21.15.105:0/3951355609 <== mgr.14120 v2:172.21.15.105:6800/3871303088 1 ==== mgr_command_reply(tid 0: 0 ) ==== 8+0+0 (secure 0 0 0) 0x7f2b4c103430 con 0x7f2b34039600
2024-04-22T06:28:23.229 INFO:teuthology.orchestra.run.smithi105.stdout:/usr/bin/ceph: stderr
2024-04-22T06:28:22.668+0000 7f2b527e0700 1 -- 172.21.15.105:0/3951355609 >> [v2:172.21.15.105:6800/3871303088,v1:172.21.15.105:6801/3871303088] conn(0x7f2b34039600 msgr2=0x7f2b3403bac0 secure :-1 s=STATE_CONNECTION_ESTABLISHED l=1).mark_down
2024-04-22T06:28:23.230 INFO:teuthology.orchestra.run.smithi105.stdout:/usr/bin/ceph: stderr
2024-04-22T06:28:22.668+0000 7f2b527e0700 1 --2- 172.21.15.105:0/3951355609 >> [v2:172.21.15.105:6800/3871303088,v1:172.21.15.105:6801/3871303088] conn(0x7f2b34039600 0x7f2b3403bac0 secure :-1 s=READY pgs=9 cs=0 l=1 rev1=1 crypto rx=0x7f2b40006fd0 tx=0x7f2b40006e40 comp rx=0 tx=0).stop
2024-04-22T06:28:23.230 INFO:teuthology.orchestra.run.smithi105.stdout:/usr/bin/ceph: stderr
2024-04-22T06:28:22.668+0000 7f2b527e0700 1 -- 172.21.15.105:0/3951355609 >> [v2:172.21.15.105:3300/0,v1:172.21.15.105:6789/0] conn(0x7f2b4c108a60 msgr2=0x7f2b4c19b460 secure :-1 s=STATE_CONNECTION_ESTABLISHED l=1).mark_down
2024-04-22T06:28:23.230 INFO:teuthology.orchestra.run.smithi105.stdout:/usr/bin/ceph: stderr
2024-04-22T06:28:22.668+0000 7f2b527e0700 1 --2- 172.21.15.105:0/3951355609 >> [v2:172.21.15.105:3300/0,v1:172.21.15.105:6789/0] conn(0x7f2b4c108a60 0x7f2b4c19b460 secure :-1 s=READY pgs=42 cs=0 l=1 rev1=1 crypto rx=0x7f2b3c0117b0 tx=0x7f2b3c011b70 comp rx=0 tx=0).stop
2024-04-22T06:28:23.230 INFO:teuthology.orchestra.run.smithi105.stdout:/usr/bin/ceph: stderr
2024-04-22T06:28:22.668+0000 7f2b527e0700 1 -- 172.21.15.105:0/3951355609 shutdown_connections
2024-04-22T06:28:23.230 INFO:teuthology.orchestra.run.smithi105.stdout:/usr/bin/ceph: stderr
2024-04-22T06:28:22.668+0000 7f2b527e0700 1 --2- 172.21.15.105:0/3951355609 >> [v2:172.21.15.105:6800/3871303088,v1:172.21.15.105:6801/3871303088] conn(0x7f2b34039600 0x7f2b3403bac0 unknown :-1 s=CLOSED pgs=9 cs=0 l=1 rev1=1 crypto rx=0 tx=0 comp rx=0 tx=0).stop
2024-04-22T06:28:23.230 INFO:teuthology.orchestra.run.smithi105.stdout:/usr/bin/ceph: stderr
2024-04-22T06:28:22.668+0000 7f2b527e0700 1 --2- 172.21.15.105:0/3951355609 >> [v2:172.21.15.105:3300/0,v1:172.21.15.105:6789/0] conn(0x7f2b4c108a60 0x7f2b4c19b460 unknown :-1 s=CLOSED pgs=42 cs=0 l=1 rev1=1 crypto rx=0 tx=0 comp rx=0 tx=0).stop
2024-04-22T06:28:23.230 INFO:teuthology.orchestra.run.smithi105.stdout:/usr/bin/ceph: stderr
2024-04-22T06:28:22.668+0000 7f2b527e0700 1 -- 172.21.15.105:0/3951355609 >> 172.21.15.105:0/3951355609 conn(0x7f2b4c102150 msgr2=0x7f2b4c102d20 unknown :-1 s=STATE_NONE l=0).mark_down
2024-04-22T06:28:23.230 INFO:teuthology.orchestra.run.smithi105.stdout:/usr/bin/ceph: stderr
2024-04-22T06:28:22.668+0000 7f2b527e0700 1 -- 172.21.15.105:0/3951355609 shutdown_connections
2024-04-22T06:28:23.230 INFO:teuthology.orchestra.run.smithi105.stdout:/usr/bin/ceph: stderr
2024-04-22T06:28:22.668+0000 7f2b527e0700 1 -- 172.21.15.105:0/3951355609 wait complete.
2024-04-22T06:28:23.918 INFO:journalctl@ceph.mon.a.smithi105.stdout:Apr 22 06:28:23 smithi105 ceph-mon[27916]: from='client.14136 -' entity='client.admin' cmd=[{"prefix": "cephadm generate-key", "target": ["mon-mgr", ""]}]: dispatch
2024-04-22T06:28:23.919 INFO:journalctl@ceph.mon.a.smithi105.stdout:Apr 22 06:28:23 smithi105 ceph-mon[27916]: Generating ssh key...
2024-04-22T06:28:23.919 INFO:journalctl@ceph.mon.a.smithi105.stdout:Apr 22 06:28:23 smithi105 ceph-mon[27916]: from='mgr.14120 172.21.15.105:0/732070430' entity='mgr.x'
2024-04-22T06:28:23.919 INFO:journalctl@ceph.mon.a.smithi105.stdout:Apr 22 06:28:23 smithi105 ceph-mon[27916]: from='mgr.14120 172.21.15.105:0/732070430' entity='mgr.x'
2024-04-22T06:28:24.431 INFO:teuthology.orchestra.run.smithi105.stdout:/usr/bin/ceph: stdout ssh-rsa AAAAB3NzaC1yc2EAAAADAQABAAABgQDRXH/dku/2nmsj6Ri8wz6vxXIJpyR7HjNKMi3U/iUeErG/MLMY/NA3KsAWWOfU8MLHu8UA+xgA3gihTzx3trO5cW4p4Z3e1yuRaL8Kjj4Qr5GLE1z7R5CxnvT3JB3g5r7W9kFc+wyBIDO7NQf3iGr/9ZpTrbTZiTMP3/Qm4Y4jBEr9vCibH8kdfhURzXoyf5lyGVjfbmu2VyeTtDn5LLXqhVNfgLG0Was2wjVIDBOsqikzF9Co9xwe86EHeMMtUGO9L51FdlBXKuZW6n2OhvBOqDm0VDuxHFIVIXdeKL7Ht+PpES6c7PyYgdJqCHhBQVhuKOFsUQ84smxUdCUe/nYnKD8fRw8AN6qUXeE/7VJlKLQXUAZz4/v3dW/qa/7mD62XeWEfU9izuogIHtUpcySWD5jFV5N0X/RMDOLidRJ+XleeByu6qbpVU+So6inU3RWHdA9hyjAb0E5O8SO59F4HL3gRvL+1sUtHVY9xhhd3lQ1QNzxfq4Te/qw1ZJghUj0= ceph-48924e24-0071-11ef-bc93-c7b262605968
2024-04-22T06:28:24.431 INFO:teuthology.orchestra.run.smithi105.stdout:/usr/bin/ceph: stderr
2024-04-22T06:28:23.626+0000 7f4d73a70700 1 Processor -- start
2024-04-22T06:28:24.431 INFO:teuthology.orchestra.run.smithi105.stdout:/usr/bin/ceph: stderr
2024-04-22T06:28:23.626+0000 7f4d73a70700 1 -- start start
2024-04-22T06:28:24.432 INFO:teuthology.orchestra.run.smithi105.stdout:/usr/bin/ceph: stderr
2024-04-22T06:28:23.626+0000 7f4d73a70700 1 --2- >> [v2:172.21.15.105:3300/0,v1:172.21.15.105:6789/0] conn(0x7f4d6c106e60 0x7f4d6c107280 unknown :-1 s=NONE pgs=0 cs=0 l=0 rev1=0 crypto rx=0 tx=0 comp rx=0 tx=0).connect
2024-04-22T06:28:24.432 INFO:teuthology.orchestra.run.smithi105.stdout:/usr/bin/ceph: stderr
2024-04-22T06:28:23.626+0000 7f4d73a70700 1 -- --> [v2:172.21.15.105:3300/0,v1:172.21.15.105:6789/0] -- mon_getmap magic: 0 -- 0x7f4d6c07be20 con 0x7f4d6c106e60
2024-04-22T06:28:24.432 INFO:teuthology.orchestra.run.smithi105.stdout:/usr/bin/ceph: stderr
2024-04-22T06:28:23.626+0000 7f4d7180c700 1 --2- >> [v2:172.21.15.105:3300/0,v1:172.21.15.105:6789/0] conn(0x7f4d6c106e60 0x7f4d6c107280 unknown :-1 s=BANNER_CONNECTING pgs=0 cs=0 l=0 rev1=0 crypto rx=0 tx=0 comp rx=0 tx=0)._handle_peer_banner_payload supported=3 required=0
2024-04-22T06:28:24.432 INFO:teuthology.orchestra.run.smithi105.stdout:/usr/bin/ceph: stderr
2024-04-22T06:28:23.626+0000 7f4d7180c700 1 --2- >> [v2:172.21.15.105:3300/0,v1:172.21.15.105:6789/0] conn(0x7f4d6c106e60 0x7f4d6c107280 unknown :-1 s=HELLO_CONNECTING pgs=0 cs=0 l=0 rev1=1 crypto rx=0 tx=0 comp rx=0 tx=0).handle_hello peer v2:172.21.15.105:3300/0 says I am v2:172.21.15.105:38190/0 (socket says 172.21.15.105:38190)
2024-04-22T06:28:24.432 INFO:teuthology.orchestra.run.smithi105.stdout:/usr/bin/ceph: stderr
2024-04-22T06:28:23.626+0000 7f4d7180c700 1 -- 172.21.15.105:0/1139156547 learned_addr learned my addr 172.21.15.105:0/1139156547 (peer_addr_for_me v2:172.21.15.105:0/0)
2024-04-22T06:28:24.432 INFO:teuthology.orchestra.run.smithi105.stdout:/usr/bin/ceph: stderr
2024-04-22T06:28:23.626+0000 7f4d7180c700 1 -- 172.21.15.105:0/1139156547 --> [v2:172.21.15.105:3300/0,v1:172.21.15.105:6789/0] -- mon_subscribe({config=0+,monmap=0+}) -- 0x7f4d6c1077c0 con 0x7f4d6c106e60
2024-04-22T06:28:24.432 INFO:teuthology.orchestra.run.smithi105.stdout:/usr/bin/ceph: stderr
2024-04-22T06:28:23.627+0000 7f4d7180c700 1 --2- 172.21.15.105:0/1139156547 >> [v2:172.21.15.105:3300/0,v1:172.21.15.105:6789/0] conn(0x7f4d6c106e60 0x7f4d6c107280 secure :-1 s=READY pgs=43 cs=0 l=1 rev1=1 crypto rx=0x7f4d680098a0 tx=0x7f4d68009bb0 comp rx=0 tx=0).ready entity=mon.0 client_cookie=6e1988f9e47b3f72 server_cookie=0 in_seq=0 out_seq=0
2024-04-22T06:28:24.432 INFO:teuthology.orchestra.run.smithi105.stdout:/usr/bin/ceph: stderr
2024-04-22T06:28:23.627+0000 7f4d7080a700 1 -- 172.21.15.105:0/1139156547 <== mon.0 v2:172.21.15.105:3300/0 1 ==== mon_map magic: 0 ==== 205+0+0 (secure 0 0 0) 0x7f4d68004160 con 0x7f4d6c106e60
2024-04-22T06:28:24.432 INFO:teuthology.orchestra.run.smithi105.stdout:/usr/bin/ceph: stderr
2024-04-22T06:28:23.627+0000 7f4d7080a700 1 -- 172.21.15.105:0/1139156547 <== mon.0 v2:172.21.15.105:3300/0 2 ==== config(26 keys) ==== 1070+0+0 (secure 0 0 0) 0x7f4d68004300 con 0x7f4d6c106e60
2024-04-22T06:28:24.432 INFO:teuthology.orchestra.run.smithi105.stdout:/usr/bin/ceph: stderr
2024-04-22T06:28:23.627+0000 7f4d7080a700 1 -- 172.21.15.105:0/1139156547 <== mon.0 v2:172.21.15.105:3300/0 3 ==== mon_map magic: 0 ==== 205+0+0 (secure 0 0 0) 0x7f4d68011af0 con 0x7f4d6c106e60
2024-04-22T06:28:24.432 INFO:teuthology.orchestra.run.smithi105.stdout:/usr/bin/ceph: stderr
2024-04-22T06:28:23.627+0000 7f4d73a70700 1 -- 172.21.15.105:0/1139156547 >> [v2:172.21.15.105:3300/0,v1:172.21.15.105:6789/0] conn(0x7f4d6c106e60 msgr2=0x7f4d6c107280 secure :-1 s=STATE_CONNECTION_ESTABLISHED l=1).mark_down
2024-04-22T06:28:24.432 INFO:teuthology.orchestra.run.smithi105.stdout:/usr/bin/ceph: stderr
2024-04-22T06:28:23.627+0000 7f4d73a70700 1 --2- 172.21.15.105:0/1139156547 >> [v2:172.21.15.105:3300/0,v1:172.21.15.105:6789/0] conn(0x7f4d6c106e60 0x7f4d6c107280 secure :-1 s=READY pgs=43 cs=0 l=1 rev1=1 crypto rx=0x7f4d680098a0 tx=0x7f4d68009bb0 comp rx=0 tx=0).stop
2024-04-22T06:28:24.432 INFO:teuthology.orchestra.run.smithi105.stdout:/usr/bin/ceph: stderr
2024-04-22T06:28:23.627+0000 7f4d73a70700 1 -- 172.21.15.105:0/1139156547 shutdown_connections
2024-04-22T06:28:24.433 INFO:teuthology.orchestra.run.smithi105.stdout:/usr/bin/ceph: stderr
2024-04-22T06:28:23.627+0000 7f4d73a70700 1 --2- 172.21.15.105:0/1139156547 >> [v2:172.21.15.105:3300/0,v1:172.21.15.105:6789/0] conn(0x7f4d6c106e60 0x7f4d6c107280 unknown :-1 s=CLOSED pgs=43 cs=0 l=1 rev1=1 crypto rx=0 tx=0 comp rx=0 tx=0).stop
2024-04-22T06:28:24.433 INFO:teuthology.orchestra.run.smithi105.stdout:/usr/bin/ceph: stderr
2024-04-22T06:28:23.627+0000 7f4d73a70700 1 -- 172.21.15.105:0/1139156547 >> 172.21.15.105:0/1139156547 conn(0x7f4d6c102a80 msgr2=0x7f4d6c104ea0 unknown :-1 s=STATE_NONE l=0).mark_down
2024-04-22T06:28:24.433 INFO:teuthology.orchestra.run.smithi105.stdout:/usr/bin/ceph: stderr
2024-04-22T06:28:23.628+0000 7f4d73a70700 1 -- 172.21.15.105:0/1139156547 shutdown_connections
2024-04-22T06:28:24.433 INFO:teuthology.orchestra.run.smithi105.stdout:/usr/bin/ceph: stderr
2024-04-22T06:28:23.628+0000 7f4d73a70700 1 -- 172.21.15.105:0/1139156547 wait complete.
2024-04-22T06:28:24.433 INFO:teuthology.orchestra.run.smithi105.stdout:/usr/bin/ceph: stderr
2024-04-22T06:28:23.628+0000 7f4d73a70700 1 Processor -- start
2024-04-22T06:28:24.433 INFO:teuthology.orchestra.run.smithi105.stdout:/usr/bin/ceph: stderr
2024-04-22T06:28:23.628+0000 7f4d73a70700 1 -- start start
2024-04-22T06:28:24.433 INFO:teuthology.orchestra.run.smithi105.stdout:/usr/bin/ceph: stderr
2024-04-22T06:28:23.628+0000 7f4d73a70700 1 --2- >> [v2:172.21.15.105:3300/0,v1:172.21.15.105:6789/0] conn(0x7f4d6c106e60 0x7f4d6c19e700 unknown :-1 s=NONE pgs=0 cs=0 l=1 rev1=0 crypto rx=0 tx=0 comp rx=0 tx=0).connect
2024-04-22T06:28:24.433 INFO:teuthology.orchestra.run.smithi105.stdout:/usr/bin/ceph: stderr
2024-04-22T06:28:23.628+0000 7f4d73a70700 1 -- --> [v2:172.21.15.105:3300/0,v1:172.21.15.105:6789/0] -- mon_getmap magic: 0 -- 0x7f4d6c1087f0 con 0x7f4d6c106e60
2024-04-22T06:28:24.433 INFO:teuthology.orchestra.run.smithi105.stdout:/usr/bin/ceph: stderr
2024-04-22T06:28:23.628+0000 7f4d7180c700 1 --2- >> [v2:172.21.15.105:3300/0,v1:172.21.15.105:6789/0] conn(0x7f4d6c106e60 0x7f4d6c19e700 unknown :-1 s=BANNER_CONNECTING pgs=0 cs=0 l=1 rev1=0 crypto rx=0 tx=0 comp rx=0 tx=0)._handle_peer_banner_payload supported=3 required=0
2024-04-22T06:28:24.433 INFO:teuthology.orchestra.run.smithi105.stdout:/usr/bin/ceph: stderr
2024-04-22T06:28:23.628+0000 7f4d7180c700 1 --2- >> [v2:172.21.15.105:3300/0,v1:172.21.15.105:6789/0] conn(0x7f4d6c106e60 0x7f4d6c19e700 unknown :-1 s=HELLO_CONNECTING pgs=0 cs=0 l=1 rev1=1 crypto rx=0 tx=0 comp rx=0 tx=0).handle_hello peer v2:172.21.15.105:3300/0 says I am v2:172.21.15.105:38204/0 (socket says 172.21.15.105:38204)
2024-04-22T06:28:24.433 INFO:teuthology.orchestra.run.smithi105.stdout:/usr/bin/ceph: stderr
2024-04-22T06:28:23.628+0000 7f4d7180c700 1 -- 172.21.15.105:0/2561700136 learned_addr learned my addr 172.21.15.105:0/2561700136 (peer_addr_for_me v2:172.21.15.105:0/0)
2024-04-22T06:28:24.433 INFO:teuthology.orchestra.run.smithi105.stdout:/usr/bin/ceph: stderr
2024-04-22T06:28:23.629+0000 7f4d7180c700 1 -- 172.21.15.105:0/2561700136 --> [v2:172.21.15.105:3300/0,v1:172.21.15.105:6789/0] -- mon_subscribe({config=0+,monmap=0+}) -- 0x7f4d6c19ec40 con 0x7f4d6c106e60
2024-04-22T06:28:24.433 INFO:teuthology.orchestra.run.smithi105.stdout:/usr/bin/ceph: stderr
2024-04-22T06:28:23.629+0000 7f4d7180c700 1 --2- 172.21.15.105:0/2561700136 >> [v2:172.21.15.105:3300/0,v1:172.21.15.105:6789/0] conn(0x7f4d6c106e60 0x7f4d6c19e700 secure :-1 s=READY pgs=44 cs=0 l=1 rev1=1 crypto rx=0x7f4d68009fb0 tx=0x7f4d68011940 comp rx=0 tx=0).ready entity=mon.0 client_cookie=0 server_cookie=0 in_seq=0 out_seq=0
2024-04-22T06:28:24.433 INFO:teuthology.orchestra.run.smithi105.stdout:/usr/bin/ceph: stderr
2024-04-22T06:28:23.629+0000 7f4d62ffd700 1 -- 172.21.15.105:0/2561700136 <== mon.0 v2:172.21.15.105:3300/0 1 ==== mon_map magic: 0 ==== 205+0+0 (secure 0 0 0) 0x7f4d680036a0 con 0x7f4d6c106e60
2024-04-22T06:28:24.434 INFO:teuthology.orchestra.run.smithi105.stdout:/usr/bin/ceph: stderr
2024-04-22T06:28:23.629+0000 7f4d62ffd700 1 -- 172.21.15.105:0/2561700136 <== mon.0 v2:172.21.15.105:3300/0 2 ==== config(26 keys) ==== 1070+0+0 (secure 0 0 0) 0x7f4d6801a430 con 0x7f4d6c106e60
2024-04-22T06:28:24.434 INFO:teuthology.orchestra.run.smithi105.stdout:/usr/bin/ceph: stderr
2024-04-22T06:28:23.629+0000 7f4d62ffd700 1 -- 172.21.15.105:0/2561700136 <== mon.0 v2:172.21.15.105:3300/0 3 ==== mon_map magic: 0 ==== 205+0+0 (secure 0 0 0) 0x7f4d68019550 con 0x7f4d6c106e60
2024-04-22T06:28:24.434 INFO:teuthology.orchestra.run.smithi105.stdout:/usr/bin/ceph: stderr
2024-04-22T06:28:23.629+0000 7f4d73a70700 1 -- 172.21.15.105:0/2561700136 --> [v2:172.21.15.105:3300/0,v1:172.21.15.105:6789/0] -- mon_subscribe({mgrmap=0+}) -- 0x7f4d6c19eed0 con 0x7f4d6c106e60
2024-04-22T06:28:24.434 INFO:teuthology.orchestra.run.smithi105.stdout:/usr/bin/ceph: stderr
2024-04-22T06:28:23.629+0000 7f4d73a70700 1 -- 172.21.15.105:0/2561700136 --> [v2:172.21.15.105:3300/0,v1:172.21.15.105:6789/0] -- mon_subscribe({osdmap=0}) -- 0x7f4d6c1a1bc0 con 0x7f4d6c106e60
2024-04-22T06:28:24.434 INFO:teuthology.orchestra.run.smithi105.stdout:/usr/bin/ceph: stderr
2024-04-22T06:28:23.630+0000 7f4d62ffd700 1 -- 172.21.15.105:0/2561700136 <== mon.0 v2:172.21.15.105:3300/0 4 ==== mgrmap(e 8) ==== 46558+0+0 (secure 0 0 0) 0x7f4d6801a8e0 con 0x7f4d6c106e60
2024-04-22T06:28:24.434 INFO:teuthology.orchestra.run.smithi105.stdout:/usr/bin/ceph: stderr
2024-04-22T06:28:23.630+0000 7f4d73a70700 1 -- 172.21.15.105:0/2561700136 --> [v2:172.21.15.105:3300/0,v1:172.21.15.105:6789/0] -- mon_command({"prefix": "get_command_descriptions"} v 0) -- 0x7f4d6c0640a0 con 0x7f4d6c106e60
2024-04-22T06:28:24.434 INFO:teuthology.orchestra.run.smithi105.stdout:/usr/bin/ceph: stderr
2024-04-22T06:28:23.630+0000 7f4d62ffd700 1 --2- 172.21.15.105:0/2561700136 >> [v2:172.21.15.105:6800/3871303088,v1:172.21.15.105:6801/3871303088] conn(0x7f4d580395b0 0x7f4d5803ba70 unknown :-1 s=NONE pgs=0 cs=0 l=1 rev1=0 crypto rx=0 tx=0 comp rx=0 tx=0).connect
2024-04-22T06:28:24.434 INFO:teuthology.orchestra.run.smithi105.stdout:/usr/bin/ceph: stderr
2024-04-22T06:28:23.630+0000 7f4d62ffd700 1 -- 172.21.15.105:0/2561700136 <== mon.0 v2:172.21.15.105:3300/0 5 ==== osd_map(2..2 src has 1..2) ==== 940+0+0 (secure 0 0 0) 0x7f4d6804d8d0 con 0x7f4d6c106e60
2024-04-22T06:28:24.434 INFO:teuthology.orchestra.run.smithi105.stdout:/usr/bin/ceph: stderr
2024-04-22T06:28:23.630+0000 7f4d7100b700 1 --2- 172.21.15.105:0/2561700136 >> [v2:172.21.15.105:6800/3871303088,v1:172.21.15.105:6801/3871303088] conn(0x7f4d580395b0 0x7f4d5803ba70 unknown :-1 s=BANNER_CONNECTING pgs=0 cs=0 l=1 rev1=0 crypto rx=0 tx=0 comp rx=0 tx=0)._handle_peer_banner_payload supported=3 required=0
2024-04-22T06:28:24.434 INFO:teuthology.orchestra.run.smithi105.stdout:/usr/bin/ceph: stderr
2024-04-22T06:28:23.630+0000 7f4d7100b700 1 --2- 172.21.15.105:0/2561700136 >> [v2:172.21.15.105:6800/3871303088,v1:172.21.15.105:6801/3871303088] conn(0x7f4d580395b0 0x7f4d5803ba70 secure :-1 s=READY pgs=10 cs=0 l=1 rev1=1 crypto rx=0x7f4d5c006fd0 tx=0x7f4d5c006e40 comp rx=0 tx=0).ready entity=mgr.14120 client_cookie=0 server_cookie=0 in_seq=0 out_seq=0
2024-04-22T06:28:24.434 INFO:teuthology.orchestra.run.smithi105.stdout:/usr/bin/ceph: stderr
2024-04-22T06:28:23.635+0000 7f4d62ffd700 1 -- 172.21.15.105:0/2561700136 <== mon.0 v2:172.21.15.105:3300/0 6 ==== mon_command_ack([{"prefix": "get_command_descriptions"}]=0 v0) ==== 72+0+188370 (secure 0 0 0) 0x7f4d6800b3e0 con 0x7f4d6c106e60
2024-04-22T06:28:24.434 INFO:teuthology.orchestra.run.smithi105.stdout:/usr/bin/ceph: stderr
2024-04-22T06:28:23.831+0000 7f4d73a70700 1 -- 172.21.15.105:0/2561700136 --> [v2:172.21.15.105:6800/3871303088,v1:172.21.15.105:6801/3871303088] -- mgr_command(tid 0: {"prefix": "cephadm get-pub-key", "target": ["mon-mgr", ""]}) -- 0x7f4d6c0008d0 con 0x7f4d580395b0
2024-04-22T06:28:24.434 INFO:teuthology.orchestra.run.smithi105.stdout:/usr/bin/ceph: stderr
2024-04-22T06:28:23.832+0000 7f4d62ffd700 1 -- 172.21.15.105:0/2561700136 <== mgr.14120 v2:172.21.15.105:6800/3871303088 1 ==== mgr_command_reply(tid 0: 0 ) ==== 8+0+595 (secure 0 0 0) 0x7f4d6c0008d0 con 0x7f4d580395b0
2024-04-22T06:28:24.434 INFO:teuthology.orchestra.run.smithi105.stdout:/usr/bin/ceph: stderr
2024-04-22T06:28:23.834+0000 7f4d73a70700 1 -- 172.21.15.105:0/2561700136 >> [v2:172.21.15.105:6800/3871303088,v1:172.21.15.105:6801/3871303088] conn(0x7f4d580395b0 msgr2=0x7f4d5803ba70 secure :-1 s=STATE_CONNECTION_ESTABLISHED l=1).mark_down
2024-04-22T06:28:24.435 INFO:teuthology.orchestra.run.smithi105.stdout:/usr/bin/ceph: stderr
2024-04-22T06:28:23.834+0000 7f4d73a70700 1 --2- 172.21.15.105:0/2561700136 >> [v2:172.21.15.105:6800/3871303088,v1:172.21.15.105:6801/3871303088] conn(0x7f4d580395b0 0x7f4d5803ba70 secure :-1 s=READY pgs=10 cs=0 l=1 rev1=1 crypto rx=0x7f4d5c006fd0 tx=0x7f4d5c006e40 comp rx=0 tx=0).stop
2024-04-22T06:28:24.435 INFO:teuthology.orchestra.run.smithi105.stdout:/usr/bin/ceph: stderr
2024-04-22T06:28:23.834+0000 7f4d73a70700 1 -- 172.21.15.105:0/2561700136 >> [v2:172.21.15.105:3300/0,v1:172.21.15.105:6789/0] conn(0x7f4d6c106e60 msgr2=0x7f4d6c19e700 secure :-1 s=STATE_CONNECTION_ESTABLISHED l=1).mark_down
2024-04-22T06:28:24.435 INFO:teuthology.orchestra.run.smithi105.stdout:/usr/bin/ceph: stderr
2024-04-22T06:28:23.834+0000 7f4d73a70700 1 --2- 172.21.15.105:0/2561700136 >> [v2:172.21.15.105:3300/0,v1:172.21.15.105:6789/0] conn(0x7f4d6c106e60 0x7f4d6c19e700 secure :-1 s=READY pgs=44 cs=0 l=1 rev1=1 crypto rx=0x7f4d68009fb0 tx=0x7f4d68011940 comp rx=0 tx=0).stop
2024-04-22T06:28:24.435 INFO:teuthology.orchestra.run.smithi105.stdout:/usr/bin/ceph: stderr
2024-04-22T06:28:23.834+0000 7f4d73a70700 1 -- 172.21.15.105:0/2561700136 shutdown_connections
2024-04-22T06:28:24.435 INFO:teuthology.orchestra.run.smithi105.stdout:/usr/bin/ceph: stderr
2024-04-22T06:28:23.834+0000 7f4d73a70700 1 --2- 172.21.15.105:0/2561700136 >> [v2:172.21.15.105:6800/3871303088,v1:172.21.15.105:6801/3871303088] conn(0x7f4d580395b0 0x7f4d5803ba70 unknown :-1 s=CLOSED pgs=10 cs=0 l=1 rev1=1 crypto rx=0 tx=0 comp rx=0 tx=0).stop
2024-04-22T06:28:24.435 INFO:teuthology.orchestra.run.smithi105.stdout:/usr/bin/ceph: stderr
2024-04-22T06:28:23.834+0000 7f4d73a70700 1 --2- 172.21.15.105:0/2561700136 >> [v2:172.21.15.105:3300/0,v1:172.21.15.105:6789/0] conn(0x7f4d6c106e60 0x7f4d6c19e700 unknown :-1 s=CLOSED pgs=44 cs=0 l=1 rev1=1 crypto rx=0 tx=0 comp rx=0 tx=0).stop
2024-04-22T06:28:24.435 INFO:teuthology.orchestra.run.smithi105.stdout:/usr/bin/ceph: stderr
2024-04-22T06:28:23.834+0000 7f4d73a70700 1 -- 172.21.15.105:0/2561700136 >> 172.21.15.105:0/2561700136 conn(0x7f4d6c102a80 msgr2=0x7f4d6c195370 unknown :-1 s=STATE_NONE l=0).mark_down
2024-04-22T06:28:24.435 INFO:teuthology.orchestra.run.smithi105.stdout:/usr/bin/ceph: stderr
2024-04-22T06:28:23.834+0000 7f4d73a70700 1 -- 172.21.15.105:0/2561700136 shutdown_connections
2024-04-22T06:28:24.435 INFO:teuthology.orchestra.run.smithi105.stdout:/usr/bin/ceph: stderr
2024-04-22T06:28:23.834+0000 7f4d73a70700 1 -- 172.21.15.105:0/2561700136 wait complete.
2024-04-22T06:28:24.435 INFO:teuthology.orchestra.run.smithi105.stdout:Wrote public SSH key to /home/ubuntu/cephtest/ceph.pub
2024-04-22T06:28:24.435 INFO:teuthology.orchestra.run.smithi105.stdout:Adding key to root@localhost authorized_keys...
2024-04-22T06:28:24.435 INFO:teuthology.orchestra.run.smithi105.stdout:Adding host smithi105...
2024-04-22T06:28:24.801 INFO:journalctl@ceph.mon.a.smithi105.stdout:Apr 22 06:28:24 smithi105 ceph-mon[27916]: from='client.14138 -' entity='client.admin' cmd=[{"prefix": "cephadm get-pub-key", "target": ["mon-mgr", ""]}]: dispatch
2024-04-22T06:28:25.892 INFO:journalctl@ceph.mon.a.smithi105.stdout:Apr 22 06:28:25 smithi105 ceph-mon[27916]: from='client.14140 -' entity='client.admin' cmd=[{"prefix": "orch host add", "hostname": "smithi105", "addr": "172.21.15.105", "target": ["mon-mgr", ""]}]: dispatch
2024-04-22T06:28:25.892 INFO:journalctl@ceph.mon.a.smithi105.stdout:Apr 22 06:28:25 smithi105 ceph-mon[27916]: Deploying cephadm binary to smithi105
2024-04-22T06:28:29.632 INFO:teuthology.orchestra.run.smithi105.stdout:/usr/bin/ceph: stdout Added host 'smithi105' with addr '172.21.15.105'
2024-04-22T06:28:29.632 INFO:teuthology.orchestra.run.smithi105.stdout:/usr/bin/ceph: stderr
2024-04-22T06:28:24.828+0000 7f795ddf9700 1 Processor -- start
2024-04-22T06:28:29.632 INFO:teuthology.orchestra.run.smithi105.stdout:/usr/bin/ceph: stderr
2024-04-22T06:28:24.828+0000 7f795ddf9700 1 -- start start
2024-04-22T06:28:29.632 INFO:teuthology.orchestra.run.smithi105.stdout:/usr/bin/ceph: stderr
2024-04-22T06:28:24.828+0000 7f795ddf9700 1 --2- >> [v2:172.21.15.105:3300/0,v1:172.21.15.105:6789/0] conn(0x7f7958106840 0x7f7958106c60 unknown :-1 s=NONE pgs=0 cs=0 l=0 rev1=0 crypto rx=0 tx=0 comp rx=0 tx=0).connect
2024-04-22T06:28:29.632 INFO:teuthology.orchestra.run.smithi105.stdout:/usr/bin/ceph: stderr
2024-04-22T06:28:24.828+0000 7f795ddf9700 1 -- --> [v2:172.21.15.105:3300/0,v1:172.21.15.105:6789/0] -- mon_getmap magic: 0 -- 0x7f7958107230 con 0x7f7958106840
2024-04-22T06:28:29.632 INFO:teuthology.orchestra.run.smithi105.stdout:/usr/bin/ceph: stderr
2024-04-22T06:28:24.828+0000 7f79577fe700 1 --2- >> [v2:172.21.15.105:3300/0,v1:172.21.15.105:6789/0] conn(0x7f7958106840 0x7f7958106c60 unknown :-1 s=BANNER_CONNECTING pgs=0 cs=0 l=0 rev1=0 crypto rx=0 tx=0 comp rx=0 tx=0)._handle_peer_banner_payload supported=3 required=0
2024-04-22T06:28:29.632 INFO:teuthology.orchestra.run.smithi105.stdout:/usr/bin/ceph: stderr
2024-04-22T06:28:24.828+0000 7f79577fe700 1 --2- >> [v2:172.21.15.105:3300/0,v1:172.21.15.105:6789/0] conn(0x7f7958106840 0x7f7958106c60 unknown :-1 s=HELLO_CONNECTING pgs=0 cs=0 l=0 rev1=1 crypto rx=0 tx=0 comp rx=0 tx=0).handle_hello peer v2:172.21.15.105:3300/0 says I am v2:172.21.15.105:50764/0 (socket says 172.21.15.105:50764)
2024-04-22T06:28:29.632 INFO:teuthology.orchestra.run.smithi105.stdout:/usr/bin/ceph: stderr
2024-04-22T06:28:24.828+0000 7f79577fe700 1 -- 172.21.15.105:0/1957106125 learned_addr learned my addr 172.21.15.105:0/1957106125 (peer_addr_for_me v2:172.21.15.105:0/0)
2024-04-22T06:28:29.632 INFO:teuthology.orchestra.run.smithi105.stdout:/usr/bin/ceph: stderr
2024-04-22T06:28:24.828+0000 7f79577fe700 1 -- 172.21.15.105:0/1957106125 --> [v2:172.21.15.105:3300/0,v1:172.21.15.105:6789/0] -- mon_subscribe({config=0+,monmap=0+}) -- 0x7f79581097d0 con 0x7f7958106840
2024-04-22T06:28:29.633 INFO:teuthology.orchestra.run.smithi105.stdout:/usr/bin/ceph: stderr
2024-04-22T06:28:24.828+0000 7f79577fe700 1 --2- 172.21.15.105:0/1957106125 >> [v2:172.21.15.105:3300/0,v1:172.21.15.105:6789/0] conn(0x7f7958106840 0x7f7958106c60 secure :-1 s=READY pgs=45 cs=0 l=1 rev1=1 crypto rx=0x7f79480098a0 tx=0x7f7948009bb0 comp rx=0 tx=0).ready entity=mon.0 client_cookie=f328f03c3cc8328c server_cookie=0 in_seq=0 out_seq=0
2024-04-22T06:28:29.633 INFO:teuthology.orchestra.run.smithi105.stdout:/usr/bin/ceph: stderr
2024-04-22T06:28:24.829+0000 7f79567fc700 1 -- 172.21.15.105:0/1957106125 <== mon.0 v2:172.21.15.105:3300/0 1 ==== mon_map magic: 0 ==== 205+0+0 (secure 0 0 0) 0x7f7948004160 con 0x7f7958106840
2024-04-22T06:28:29.633 INFO:teuthology.orchestra.run.smithi105.stdout:/usr/bin/ceph: stderr
2024-04-22T06:28:24.829+0000 7f79567fc700 1 -- 172.21.15.105:0/1957106125 <== mon.0 v2:172.21.15.105:3300/0 2 ==== config(26 keys) ==== 1070+0+0 (secure 0 0 0) 0x7f7948004300 con 0x7f7958106840
2024-04-22T06:28:29.633 INFO:teuthology.orchestra.run.smithi105.stdout:/usr/bin/ceph: stderr
2024-04-22T06:28:24.829+0000 7f79567fc700 1 -- 172.21.15.105:0/1957106125 <== mon.0 v2:172.21.15.105:3300/0 3 ==== mon_map magic: 0 ==== 205+0+0 (secure 0 0 0) 0x7f7948011af0 con 0x7f7958106840
2024-04-22T06:28:29.633 INFO:teuthology.orchestra.run.smithi105.stdout:/usr/bin/ceph: stderr
2024-04-22T06:28:24.829+0000 7f795ddf9700 1 -- 172.21.15.105:0/1957106125 >> [v2:172.21.15.105:3300/0,v1:172.21.15.105:6789/0] conn(0x7f7958106840 msgr2=0x7f7958106c60 secure :-1 s=STATE_CONNECTION_ESTABLISHED l=1).mark_down
2024-04-22T06:28:29.633 INFO:teuthology.orchestra.run.smithi105.stdout:/usr/bin/ceph: stderr
2024-04-22T06:28:24.829+0000 7f795ddf9700 1 --2- 172.21.15.105:0/1957106125 >> [v2:172.21.15.105:3300/0,v1:172.21.15.105:6789/0] conn(0x7f7958106840 0x7f7958106c60 secure :-1 s=READY pgs=45 cs=0 l=1 rev1=1 crypto rx=0x7f79480098a0 tx=0x7f7948009bb0 comp rx=0 tx=0).stop
2024-04-22T06:28:29.633 INFO:teuthology.orchestra.run.smithi105.stdout:/usr/bin/ceph: stderr
2024-04-22T06:28:24.829+0000 7f795ddf9700 1 -- 172.21.15.105:0/1957106125 shutdown_connections
2024-04-22T06:28:29.633 INFO:teuthology.orchestra.run.smithi105.stdout:/usr/bin/ceph: stderr
2024-04-22T06:28:24.829+0000 7f795ddf9700 1 --2- 172.21.15.105:0/1957106125 >> [v2:172.21.15.105:3300/0,v1:172.21.15.105:6789/0] conn(0x7f7958106840 0x7f7958106c60 unknown :-1 s=CLOSED pgs=45 cs=0 l=1 rev1=1 crypto rx=0 tx=0 comp rx=0 tx=0).stop
2024-04-22T06:28:29.633 INFO:teuthology.orchestra.run.smithi105.stdout:/usr/bin/ceph: stderr
2024-04-22T06:28:24.829+0000 7f795ddf9700 1 -- 172.21.15.105:0/1957106125 >> 172.21.15.105:0/1957106125 conn(0x7f79581021b0 msgr2=0x7f79581045d0 unknown :-1 s=STATE_NONE l=0).mark_down
2024-04-22T06:28:29.633 INFO:teuthology.orchestra.run.smithi105.stdout:/usr/bin/ceph: stderr
2024-04-22T06:28:24.829+0000 7f795ddf9700 1 -- 172.21.15.105:0/1957106125 shutdown_connections
2024-04-22T06:28:29.633 INFO:teuthology.orchestra.run.smithi105.stdout:/usr/bin/ceph: stderr
2024-04-22T06:28:24.829+0000 7f795ddf9700 1 -- 172.21.15.105:0/1957106125 wait complete.
2024-04-22T06:28:29.633 INFO:teuthology.orchestra.run.smithi105.stdout:/usr/bin/ceph: stderr
2024-04-22T06:28:24.830+0000 7f795ddf9700 1 Processor -- start
2024-04-22T06:28:29.633 INFO:teuthology.orchestra.run.smithi105.stdout:/usr/bin/ceph: stderr
2024-04-22T06:28:24.830+0000 7f795ddf9700 1 -- start start
2024-04-22T06:28:29.633 INFO:teuthology.orchestra.run.smithi105.stdout:/usr/bin/ceph: stderr
2024-04-22T06:28:24.830+0000 7f795ddf9700 1 --2- >> [v2:172.21.15.105:3300/0,v1:172.21.15.105:6789/0] conn(0x7f7958106840 0x7f7958109050 unknown :-1 s=NONE pgs=0 cs=0 l=1 rev1=0 crypto rx=0 tx=0 comp rx=0 tx=0).connect
2024-04-22T06:28:29.634 INFO:teuthology.orchestra.run.smithi105.stdout:/usr/bin/ceph: stderr
2024-04-22T06:28:24.830+0000 7f795ddf9700 1 -- --> [v2:172.21.15.105:3300/0,v1:172.21.15.105:6789/0] -- mon_getmap magic: 0 -- 0x7f795810cb80 con 0x7f7958106840
2024-04-22T06:28:29.634 INFO:teuthology.orchestra.run.smithi105.stdout:/usr/bin/ceph: stderr
2024-04-22T06:28:24.830+0000 7f79577fe700 1 --2- >> [v2:172.21.15.105:3300/0,v1:172.21.15.105:6789/0] conn(0x7f7958106840 0x7f7958109050 unknown :-1 s=BANNER_CONNECTING pgs=0 cs=0 l=1 rev1=0 crypto rx=0 tx=0 comp rx=0 tx=0)._handle_peer_banner_payload supported=3 required=0
2024-04-22T06:28:29.634 INFO:teuthology.orchestra.run.smithi105.stdout:/usr/bin/ceph: stderr
2024-04-22T06:28:24.830+0000 7f79577fe700 1 --2- >> [v2:172.21.15.105:3300/0,v1:172.21.15.105:6789/0] conn(0x7f7958106840 0x7f7958109050 unknown :-1 s=HELLO_CONNECTING pgs=0 cs=0 l=1 rev1=1 crypto rx=0 tx=0 comp rx=0 tx=0).handle_hello peer v2:172.21.15.105:3300/0 says I am v2:172.21.15.105:50766/0 (socket says 172.21.15.105:50766)
2024-04-22T06:28:29.634 INFO:teuthology.orchestra.run.smithi105.stdout:/usr/bin/ceph: stderr
2024-04-22T06:28:24.830+0000 7f79577fe700 1 -- 172.21.15.105:0/3948877607 learned_addr learned my addr 172.21.15.105:0/3948877607 (peer_addr_for_me v2:172.21.15.105:0/0)
2024-04-22T06:28:29.634 INFO:teuthology.orchestra.run.smithi105.stdout:/usr/bin/ceph: stderr
2024-04-22T06:28:24.831+0000 7f79577fe700 1 -- 172.21.15.105:0/3948877607 --> [v2:172.21.15.105:3300/0,v1:172.21.15.105:6789/0] -- mon_subscribe({config=0+,monmap=0+}) -- 0x7f7958109590 con 0x7f7958106840
2024-04-22T06:28:29.634 INFO:teuthology.orchestra.run.smithi105.stdout:/usr/bin/ceph: stderr
2024-04-22T06:28:24.831+0000 7f79577fe700 1 --2- 172.21.15.105:0/3948877607 >> [v2:172.21.15.105:3300/0,v1:172.21.15.105:6789/0] conn(0x7f7958106840 0x7f7958109050 secure :-1 s=READY pgs=46 cs=0 l=1 rev1=1 crypto rx=0x7f7948009fb0 tx=0x7f7948011940 comp rx=0 tx=0).ready entity=mon.0 client_cookie=0 server_cookie=0 in_seq=0 out_seq=0
2024-04-22T06:28:29.634 INFO:teuthology.orchestra.run.smithi105.stdout:/usr/bin/ceph: stderr
2024-04-22T06:28:24.831+0000 7f7954ff9700 1 -- 172.21.15.105:0/3948877607 <== mon.0 v2:172.21.15.105:3300/0 1 ==== mon_map magic: 0 ==== 205+0+0 (secure 0 0 0) 0x7f79480036a0 con 0x7f7958106840
2024-04-22T06:28:29.634 INFO:teuthology.orchestra.run.smithi105.stdout:/usr/bin/ceph: stderr
2024-04-22T06:28:24.831+0000 7f7954ff9700 1 -- 172.21.15.105:0/3948877607 <== mon.0 v2:172.21.15.105:3300/0 2 ==== config(26 keys) ==== 1070+0+0 (secure 0 0 0) 0x7f794801a430 con 0x7f7958106840
2024-04-22T06:28:29.634 INFO:teuthology.orchestra.run.smithi105.stdout:/usr/bin/ceph: stderr
2024-04-22T06:28:24.831+0000 7f795ddf9700 1 -- 172.21.15.105:0/3948877607 --> [v2:172.21.15.105:3300/0,v1:172.21.15.105:6789/0] -- mon_subscribe({mgrmap=0+}) -- 0x7f7958107780 con 0x7f7958106840
2024-04-22T06:28:29.634 INFO:teuthology.orchestra.run.smithi105.stdout:/usr/bin/ceph: stderr
2024-04-22T06:28:24.831+0000 7f7954ff9700 1 -- 172.21.15.105:0/3948877607 <== mon.0 v2:172.21.15.105:3300/0 3 ==== mon_map magic: 0 ==== 205+0+0 (secure 0 0 0) 0x7f7948019550 con 0x7f7958106840
2024-04-22T06:28:29.634 INFO:teuthology.orchestra.run.smithi105.stdout:/usr/bin/ceph: stderr
2024-04-22T06:28:24.831+0000 7f795ddf9700 1 -- 172.21.15.105:0/3948877607 --> [v2:172.21.15.105:3300/0,v1:172.21.15.105:6789/0] -- mon_subscribe({osdmap=0}) -- 0x7f7958107cc0 con 0x7f7958106840
2024-04-22T06:28:29.635 INFO:teuthology.orchestra.run.smithi105.stdout:/usr/bin/ceph: stderr
2024-04-22T06:28:24.832+0000 7f7954ff9700 1 -- 172.21.15.105:0/3948877607 <== mon.0 v2:172.21.15.105:3300/0 4 ==== mgrmap(e 8) ==== 46558+0+0 (secure 0 0 0) 0x7f7948019850 con 0x7f7958106840
2024-04-22T06:28:29.635 INFO:teuthology.orchestra.run.smithi105.stdout:/usr/bin/ceph: stderr
2024-04-22T06:28:24.832+0000 7f795ddf9700 1 -- 172.21.15.105:0/3948877607 --> [v2:172.21.15.105:3300/0,v1:172.21.15.105:6789/0] -- mon_command({"prefix": "get_command_descriptions"} v 0) -- 0x7f79580640a0 con 0x7f7958106840
2024-04-22T06:28:29.635 INFO:teuthology.orchestra.run.smithi105.stdout:/usr/bin/ceph: stderr
2024-04-22T06:28:24.832+0000 7f7954ff9700 1 --2- 172.21.15.105:0/3948877607 >> [v2:172.21.15.105:6800/3871303088,v1:172.21.15.105:6801/3871303088] conn(0x7f7940039560 0x7f794003ba20 unknown :-1 s=NONE pgs=0 cs=0 l=1 rev1=0 crypto rx=0 tx=0 comp rx=0 tx=0).connect
2024-04-22T06:28:29.635 INFO:teuthology.orchestra.run.smithi105.stdout:/usr/bin/ceph: stderr
2024-04-22T06:28:24.832+0000 7f7954ff9700 1 -- 172.21.15.105:0/3948877607 <== mon.0 v2:172.21.15.105:3300/0 5 ==== osd_map(2..2 src has 1..2) ==== 940+0+0 (secure 0 0 0) 0x7f794804d930 con 0x7f7958106840
2024-04-22T06:28:29.635 INFO:teuthology.orchestra.run.smithi105.stdout:/usr/bin/ceph: stderr
2024-04-22T06:28:24.832+0000 7f7956ffd700 1 --2- 172.21.15.105:0/3948877607 >> [v2:172.21.15.105:6800/3871303088,v1:172.21.15.105:6801/3871303088] conn(0x7f7940039560 0x7f794003ba20 unknown :-1 s=BANNER_CONNECTING pgs=0 cs=0 l=1 rev1=0 crypto rx=0 tx=0 comp rx=0 tx=0)._handle_peer_banner_payload supported=3 required=0
2024-04-22T06:28:29.635 INFO:teuthology.orchestra.run.smithi105.stdout:/usr/bin/ceph: stderr
2024-04-22T06:28:24.832+0000 7f7956ffd700 1 --2- 172.21.15.105:0/3948877607 >> [v2:172.21.15.105:6800/3871303088,v1:172.21.15.105:6801/3871303088] conn(0x7f7940039560 0x7f794003ba20 secure :-1 s=READY pgs=11 cs=0 l=1 rev1=1 crypto rx=0x7f794c006fd0 tx=0x7f794c006e40 comp rx=0 tx=0).ready entity=mgr.14120 client_cookie=0 server_cookie=0 in_seq=0 out_seq=0
2024-04-22T06:28:29.635 INFO:teuthology.orchestra.run.smithi105.stdout:/usr/bin/ceph: stderr
2024-04-22T06:28:24.837+0000 7f7954ff9700 1 -- 172.21.15.105:0/3948877607 <== mon.0 v2:172.21.15.105:3300/0 6 ==== mon_command_ack([{"prefix": "get_command_descriptions"}]=0 v0) ==== 72+0+188370 (secure 0 0 0) 0x7f794800fda0 con 0x7f7958106840
2024-04-22T06:28:29.635 INFO:teuthology.orchestra.run.smithi105.stdout:/usr/bin/ceph: stderr
2024-04-22T06:28:25.044+0000 7f795ddf9700 1 -- 172.21.15.105:0/3948877607 --> [v2:172.21.15.105:6800/3871303088,v1:172.21.15.105:6801/3871303088] -- mgr_command(tid 0: {"prefix": "orch host add", "hostname": "smithi105", "addr": "172.21.15.105", "target": ["mon-mgr", ""]}) -- 0x7f7958108520 con 0x7f7940039560
2024-04-22T06:28:29.636 INFO:teuthology.orchestra.run.smithi105.stdout:/usr/bin/ceph: stderr
2024-04-22T06:28:29.092+0000 7f7954ff9700 1 -- 172.21.15.105:0/3948877607 <== mgr.14120 v2:172.21.15.105:6800/3871303088 1 ==== mgr_command_reply(tid 0: 0 ) ==== 8+0+49 (secure 0 0 0) 0x7f7958108520 con 0x7f7940039560
2024-04-22T06:28:29.636 INFO:teuthology.orchestra.run.smithi105.stdout:/usr/bin/ceph: stderr
2024-04-22T06:28:29.095+0000 7f795ddf9700 1 -- 172.21.15.105:0/3948877607 >> [v2:172.21.15.105:6800/3871303088,v1:172.21.15.105:6801/3871303088] conn(0x7f7940039560 msgr2=0x7f794003ba20 secure :-1 s=STATE_CONNECTION_ESTABLISHED l=1).mark_down
2024-04-22T06:28:29.636 INFO:teuthology.orchestra.run.smithi105.stdout:/usr/bin/ceph: stderr
2024-04-22T06:28:29.095+0000 7f795ddf9700 1 --2- 172.21.15.105:0/3948877607 >> [v2:172.21.15.105:6800/3871303088,v1:172.21.15.105:6801/3871303088] conn(0x7f7940039560 0x7f794003ba20 secure :-1 s=READY pgs=11 cs=0 l=1 rev1=1 crypto rx=0x7f794c006fd0 tx=0x7f794c006e40 comp rx=0 tx=0).stop
2024-04-22T06:28:29.636 INFO:teuthology.orchestra.run.smithi105.stdout:/usr/bin/ceph: stderr
2024-04-22T06:28:29.095+0000 7f795ddf9700 1 -- 172.21.15.105:0/3948877607 >> [v2:172.21.15.105:3300/0,v1:172.21.15.105:6789/0] conn(0x7f7958106840 msgr2=0x7f7958109050 secure :-1 s=STATE_CONNECTION_ESTABLISHED l=1).mark_down
2024-04-22T06:28:29.636 INFO:teuthology.orchestra.run.smithi105.stdout:/usr/bin/ceph: stderr
2024-04-22T06:28:29.095+0000 7f795ddf9700 1 --2- 172.21.15.105:0/3948877607 >> [v2:172.21.15.105:3300/0,v1:172.21.15.105:6789/0] conn(0x7f7958106840 0x7f7958109050 secure :-1 s=READY pgs=46 cs=0 l=1 rev1=1 crypto rx=0x7f7948009fb0 tx=0x7f7948011940 comp rx=0 tx=0).stop
2024-04-22T06:28:29.636 INFO:teuthology.orchestra.run.smithi105.stdout:/usr/bin/ceph: stderr
2024-04-22T06:28:29.095+0000 7f795ddf9700 1 -- 172.21.15.105:0/3948877607 shutdown_connections
2024-04-22T06:28:29.636 INFO:teuthology.orchestra.run.smithi105.stdout:/usr/bin/ceph: stderr
2024-04-22T06:28:29.095+0000 7f795ddf9700 1 --2- 172.21.15.105:0/3948877607 >> [v2:172.21.15.105:6800/3871303088,v1:172.21.15.105:6801/3871303088] conn(0x7f7940039560 0x7f794003ba20 unknown :-1 s=CLOSED pgs=11 cs=0 l=1 rev1=1 crypto rx=0 tx=0 comp rx=0 tx=0).stop
2024-04-22T06:28:29.636 INFO:teuthology.orchestra.run.smithi105.stdout:/usr/bin/ceph: stderr
2024-04-22T06:28:29.095+0000 7f795ddf9700 1 --2- 172.21.15.105:0/3948877607 >> [v2:172.21.15.105:3300/0,v1:172.21.15.105:6789/0] conn(0x7f7958106840 0x7f7958109050 unknown :-1 s=CLOSED pgs=46 cs=0 l=1 rev1=1 crypto rx=0 tx=0 comp rx=0 tx=0).stop
2024-04-22T06:28:29.636 INFO:teuthology.orchestra.run.smithi105.stdout:/usr/bin/ceph: stderr
2024-04-22T06:28:29.095+0000 7f795ddf9700 1 -- 172.21.15.105:0/3948877607 >> 172.21.15.105:0/3948877607 conn(0x7f79581021b0 msgr2=0x7f7958102d10 unknown :-1 s=STATE_NONE l=0).mark_down
2024-04-22T06:28:29.636 INFO:teuthology.orchestra.run.smithi105.stdout:/usr/bin/ceph: stderr
2024-04-22T06:28:29.095+0000 7f795ddf9700 1 -- 172.21.15.105:0/3948877607 shutdown_connections
2024-04-22T06:28:29.636 INFO:teuthology.orchestra.run.smithi105.stdout:/usr/bin/ceph: stderr
2024-04-22T06:28:29.095+0000 7f795ddf9700 1 -- 172.21.15.105:0/3948877607 wait complete.
2024-04-22T06:28:29.636 INFO:teuthology.orchestra.run.smithi105.stdout:Deploying unmanaged mon service...
2024-04-22T06:28:30.343 INFO:journalctl@ceph.mon.a.smithi105.stdout:Apr 22 06:28:30 smithi105 ceph-mon[27916]: from='mgr.14120 172.21.15.105:0/732070430' entity='mgr.x'
2024-04-22T06:28:30.343 INFO:journalctl@ceph.mon.a.smithi105.stdout:Apr 22 06:28:30 smithi105 ceph-mon[27916]: Added host smithi105
2024-04-22T06:28:30.343 INFO:journalctl@ceph.mon.a.smithi105.stdout:Apr 22 06:28:30 smithi105 ceph-mon[27916]: from='mgr.14120 172.21.15.105:0/732070430' entity='mgr.x' cmd=[{"prefix": "config dump", "format": "json"}]: dispatch
2024-04-22T06:28:30.915 INFO:teuthology.orchestra.run.smithi105.stdout:/usr/bin/ceph: stdout Scheduled mon update...
2024-04-22T06:28:30.915 INFO:teuthology.orchestra.run.smithi105.stdout:/usr/bin/ceph: stderr
2024-04-22T06:28:30.095+0000 7fc5d442f700 1 Processor -- start
2024-04-22T06:28:30.915 INFO:teuthology.orchestra.run.smithi105.stdout:/usr/bin/ceph: stderr
2024-04-22T06:28:30.095+0000 7fc5d442f700 1 -- start start
2024-04-22T06:28:30.915 INFO:teuthology.orchestra.run.smithi105.stdout:/usr/bin/ceph: stderr
2024-04-22T06:28:30.095+0000 7fc5d442f700 1 --2- >> [v2:172.21.15.105:3300/0,v1:172.21.15.105:6789/0] conn(0x7fc5cc107480 0x7fc5cc1078a0 unknown :-1 s=NONE pgs=0 cs=0 l=0 rev1=0 crypto rx=0 tx=0 comp rx=0 tx=0).connect
2024-04-22T06:28:30.916 INFO:teuthology.orchestra.run.smithi105.stdout:/usr/bin/ceph: stderr
2024-04-22T06:28:30.095+0000 7fc5d442f700 1 -- --> [v2:172.21.15.105:3300/0,v1:172.21.15.105:6789/0] -- mon_getmap magic: 0 -- 0x7fc5cc107e70 con 0x7fc5cc107480
2024-04-22T06:28:30.916 INFO:teuthology.orchestra.run.smithi105.stdout:/usr/bin/ceph: stderr
2024-04-22T06:28:30.096+0000 7fc5d21cb700 1 --2- >> [v2:172.21.15.105:3300/0,v1:172.21.15.105:6789/0] conn(0x7fc5cc107480 0x7fc5cc1078a0 unknown :-1 s=BANNER_CONNECTING pgs=0 cs=0 l=0 rev1=0 crypto rx=0 tx=0 comp rx=0 tx=0)._handle_peer_banner_payload supported=3 required=0
2024-04-22T06:28:30.916 INFO:teuthology.orchestra.run.smithi105.stdout:/usr/bin/ceph: stderr
2024-04-22T06:28:30.096+0000 7fc5d21cb700 1 --2- >> [v2:172.21.15.105:3300/0,v1:172.21.15.105:6789/0] conn(0x7fc5cc107480 0x7fc5cc1078a0 unknown :-1 s=HELLO_CONNECTING pgs=0 cs=0 l=0 rev1=1 crypto rx=0 tx=0 comp rx=0 tx=0).handle_hello peer v2:172.21.15.105:3300/0 says I am v2:172.21.15.105:50768/0 (socket says 172.21.15.105:50768)
2024-04-22T06:28:30.916 INFO:teuthology.orchestra.run.smithi105.stdout:/usr/bin/ceph: stderr
2024-04-22T06:28:30.096+0000 7fc5d21cb700 1 -- 172.21.15.105:0/1884721019 learned_addr learned my addr 172.21.15.105:0/1884721019 (peer_addr_for_me v2:172.21.15.105:0/0)
2024-04-22T06:28:30.916 INFO:teuthology.orchestra.run.smithi105.stdout:/usr/bin/ceph: stderr
2024-04-22T06:28:30.096+0000 7fc5d21cb700 1 -- 172.21.15.105:0/1884721019 --> [v2:172.21.15.105:3300/0,v1:172.21.15.105:6789/0] -- mon_subscribe({config=0+,monmap=0+}) -- 0x7fc5cc108680 con 0x7fc5cc107480
2024-04-22T06:28:30.916 INFO:teuthology.orchestra.run.smithi105.stdout:/usr/bin/ceph: stderr
2024-04-22T06:28:30.096+0000 7fc5d21cb700 1 --2- 172.21.15.105:0/1884721019 >> [v2:172.21.15.105:3300/0,v1:172.21.15.105:6789/0] conn(0x7fc5cc107480 0x7fc5cc1078a0 secure :-1 s=READY pgs=47 cs=0 l=1 rev1=1 crypto rx=0x7fc5c800bb40 tx=0x7fc5c800be50 comp rx=0 tx=0).ready entity=mon.0 client_cookie=8c95a13db4c57006 server_cookie=0 in_seq=0 out_seq=0
2024-04-22T06:28:30.916 INFO:teuthology.orchestra.run.smithi105.stdout:/usr/bin/ceph: stderr
2024-04-22T06:28:30.096+0000 7fc5d11c9700 1 -- 172.21.15.105:0/1884721019 <== mon.0 v2:172.21.15.105:3300/0 1 ==== mon_map magic: 0 ==== 205+0+0 (secure 0 0 0) 0x7fc5c800dbe0 con 0x7fc5cc107480
2024-04-22T06:28:30.916 INFO:teuthology.orchestra.run.smithi105.stdout:/usr/bin/ceph: stderr
2024-04-22T06:28:30.096+0000 7fc5d11c9700 1 -- 172.21.15.105:0/1884721019 <== mon.0 v2:172.21.15.105:3300/0 2 ==== config(26 keys) ==== 1070+0+0 (secure 0 0 0) 0x7fc5c80044c0 con 0x7fc5cc107480
