2024-04-22T06:35:08.885+0000 7f274b7fe700 1 -- 172.21.15.64:0/1091333375 <== mon.0 v2:172.21.15.64:3300/0 4 ==== mgrmap(e 8) ==== 46558+0+0 (secure 0 0 0) 0x7f274c024430 con 0x7f275c108440
2024-04-22T06:35:09.697 INFO:teuthology.orchestra.run.smithi064.stdout:/usr/bin/ceph: stderr
2024-04-22T06:35:08.885+0000 7f276080e700 1 -- 172.21.15.64:0/1091333375 --> [v2:172.21.15.64:3300/0,v1:172.21.15.64:6789/0] -- mon_command({"prefix": "get_command_descriptions"} v 0) -- 0x7f275c0640a0 con 0x7f275c108440
2024-04-22T06:35:09.697 INFO:teuthology.orchestra.run.smithi064.stdout:/usr/bin/ceph: stderr
2024-04-22T06:35:08.885+0000 7f274b7fe700 1 --2- 172.21.15.64:0/1091333375 >> [v2:172.21.15.64:6800/2974984988,v1:172.21.15.64:6801/2974984988] conn(0x7f2744039560 0x7f274403ba20 unknown :-1 s=NONE pgs=0 cs=0 l=1 rev1=0 crypto rx=0 tx=0 comp rx=0 tx=0).connect
2024-04-22T06:35:09.697 INFO:teuthology.orchestra.run.smithi064.stdout:/usr/bin/ceph: stderr
2024-04-22T06:35:08.885+0000 7f274b7fe700 1 -- 172.21.15.64:0/1091333375 <== mon.0 v2:172.21.15.64:3300/0 5 ==== osd_map(2..2 src has 1..2) ==== 940+0+0 (secure 0 0 0) 0x7f274c04dad0 con 0x7f275c108440
2024-04-22T06:35:09.697 INFO:teuthology.orchestra.run.smithi064.stdout:/usr/bin/ceph: stderr
2024-04-22T06:35:08.885+0000 7f2759d9b700 1 --2- 172.21.15.64:0/1091333375 >> [v2:172.21.15.64:6800/2974984988,v1:172.21.15.64:6801/2974984988] conn(0x7f2744039560 0x7f274403ba20 unknown :-1 s=BANNER_CONNECTING pgs=0 cs=0 l=1 rev1=0 crypto rx=0 tx=0 comp rx=0 tx=0)._handle_peer_banner_payload supported=3 required=0
2024-04-22T06:35:09.697 INFO:teuthology.orchestra.run.smithi064.stdout:/usr/bin/ceph: stderr
2024-04-22T06:35:08.886+0000 7f2759d9b700 1 --2- 172.21.15.64:0/1091333375 >> [v2:172.21.15.64:6800/2974984988,v1:172.21.15.64:6801/2974984988] conn(0x7f2744039560 0x7f274403ba20 secure :-1 s=READY pgs=12 cs=0 l=1 rev1=1 crypto rx=0x7f2750006fd0 tx=0x7f2750006e40 comp rx=0 tx=0).ready entity=mgr.14120 client_cookie=0 server_cookie=0 in_seq=0 out_seq=0
2024-04-22T06:35:09.697 INFO:teuthology.orchestra.run.smithi064.stdout:/usr/bin/ceph: stderr
2024-04-22T06:35:08.890+0000 7f274b7fe700 1 -- 172.21.15.64:0/1091333375 <== mon.0 v2:172.21.15.64:3300/0 6 ==== mon_command_ack([{"prefix": "get_command_descriptions"}]=0 v0) ==== 72+0+188370 (secure 0 0 0) 0x7f274c02d910 con 0x7f275c108440
2024-04-22T06:35:09.698 INFO:teuthology.orchestra.run.smithi064.stdout:/usr/bin/ceph: stderr
2024-04-22T06:35:09.114+0000 7f276080e700 1 -- 172.21.15.64:0/1091333375 --> [v2:172.21.15.64:6800/2974984988,v1:172.21.15.64:6801/2974984988] -- mgr_command(tid 0: {"prefix": "orch apply", "service_type": "mon", "unmanaged": true, "target": ["mon-mgr", ""]}) -- 0x7f275c104d00 con 0x7f2744039560
2024-04-22T06:35:09.698 INFO:teuthology.orchestra.run.smithi064.stdout:/usr/bin/ceph: stderr
2024-04-22T06:35:09.121+0000 7f274b7fe700 1 -- 172.21.15.64:0/1091333375 <== mgr.14120 v2:172.21.15.64:6800/2974984988 1 ==== mgr_command_reply(tid 0: 0 ) ==== 8+0+24 (secure 0 0 0) 0x7f275c104d00 con 0x7f2744039560
2024-04-22T06:35:09.698 INFO:teuthology.orchestra.run.smithi064.stdout:/usr/bin/ceph: stderr
2024-04-22T06:35:09.123+0000 7f276080e700 1 -- 172.21.15.64:0/1091333375 >> [v2:172.21.15.64:6800/2974984988,v1:172.21.15.64:6801/2974984988] conn(0x7f2744039560 msgr2=0x7f274403ba20 secure :-1 s=STATE_CONNECTION_ESTABLISHED l=1).mark_down
2024-04-22T06:35:09.698 INFO:teuthology.orchestra.run.smithi064.stdout:/usr/bin/ceph: stderr
2024-04-22T06:35:09.123+0000 7f276080e700 1 --2- 172.21.15.64:0/1091333375 >> [v2:172.21.15.64:6800/2974984988,v1:172.21.15.64:6801/2974984988] conn(0x7f2744039560 0x7f274403ba20 secure :-1 s=READY pgs=12 cs=0 l=1 rev1=1 crypto rx=0x7f2750006fd0 tx=0x7f2750006e40 comp rx=0 tx=0).stop
2024-04-22T06:35:09.698 INFO:teuthology.orchestra.run.smithi064.stdout:/usr/bin/ceph: stderr
2024-04-22T06:35:09.123+0000 7f276080e700 1 -- 172.21.15.64:0/1091333375 >> [v2:172.21.15.64:3300/0,v1:172.21.15.64:6789/0] conn(0x7f275c108440 msgr2=0x7f275c19c380 secure :-1 s=STATE_CONNECTION_ESTABLISHED l=1).mark_down
2024-04-22T06:35:09.698 INFO:teuthology.orchestra.run.smithi064.stdout:/usr/bin/ceph: stderr
2024-04-22T06:35:09.123+0000 7f276080e700 1 --2- 172.21.15.64:0/1091333375 >> [v2:172.21.15.64:3300/0,v1:172.21.15.64:6789/0] conn(0x7f275c108440 0x7f275c19c380 secure :-1 s=READY pgs=48 cs=0 l=1 rev1=1 crypto rx=0x7f274c003f40 tx=0x7f274c011890 comp rx=0 tx=0).stop
2024-04-22T06:35:09.698 INFO:teuthology.orchestra.run.smithi064.stdout:/usr/bin/ceph: stderr
2024-04-22T06:35:09.123+0000 7f276080e700 1 -- 172.21.15.64:0/1091333375 shutdown_connections
2024-04-22T06:35:09.698 INFO:teuthology.orchestra.run.smithi064.stdout:/usr/bin/ceph: stderr
2024-04-22T06:35:09.123+0000 7f276080e700 1 --2- 172.21.15.64:0/1091333375 >> [v2:172.21.15.64:6800/2974984988,v1:172.21.15.64:6801/2974984988] conn(0x7f2744039560 0x7f274403ba20 unknown :-1 s=CLOSED pgs=12 cs=0 l=1 rev1=1 crypto rx=0 tx=0 comp rx=0 tx=0).stop
2024-04-22T06:35:09.698 INFO:teuthology.orchestra.run.smithi064.stdout:/usr/bin/ceph: stderr
2024-04-22T06:35:09.123+0000 7f276080e700 1 --2- 172.21.15.64:0/1091333375 >> [v2:172.21.15.64:3300/0,v1:172.21.15.64:6789/0] conn(0x7f275c108440 0x7f275c19c380 unknown :-1 s=CLOSED pgs=48 cs=0 l=1 rev1=1 crypto rx=0 tx=0 comp rx=0 tx=0).stop
2024-04-22T06:35:09.698 INFO:teuthology.orchestra.run.smithi064.stdout:/usr/bin/ceph: stderr
2024-04-22T06:35:09.123+0000 7f276080e700 1 -- 172.21.15.64:0/1091333375 >> 172.21.15.64:0/1091333375 conn(0x7f275c103ae0 msgr2=0x7f275c1045f0 unknown :-1 s=STATE_NONE l=0).mark_down
2024-04-22T06:35:09.698 INFO:teuthology.orchestra.run.smithi064.stdout:/usr/bin/ceph: stderr
2024-04-22T06:35:09.123+0000 7f276080e700 1 -- 172.21.15.64:0/1091333375 shutdown_connections
2024-04-22T06:35:09.698 INFO:teuthology.orchestra.run.smithi064.stdout:/usr/bin/ceph: stderr
2024-04-22T06:35:09.124+0000 7f276080e700 1 -- 172.21.15.64:0/1091333375 wait complete.
2024-04-22T06:35:09.698 INFO:teuthology.orchestra.run.smithi064.stdout:Deploying unmanaged mgr service...
2024-04-22T06:35:10.381 INFO:journalctl@ceph.mon.a.smithi064.stdout:Apr 22 06:35:10 smithi064 ceph-mon[27995]: from='client.14142 -' entity='client.admin' cmd=[{"prefix": "orch apply", "service_type": "mon", "unmanaged": true, "target": ["mon-mgr", ""]}]: dispatch
2024-04-22T06:35:10.381 INFO:journalctl@ceph.mon.a.smithi064.stdout:Apr 22 06:35:10 smithi064 ceph-mon[27995]: Saving service mon spec with placement count:5
2024-04-22T06:35:10.381 INFO:journalctl@ceph.mon.a.smithi064.stdout:Apr 22 06:35:10 smithi064 ceph-mon[27995]: from='mgr.14120 172.21.15.64:0/4204268324' entity='mgr.x'
2024-04-22T06:35:11.062 INFO:teuthology.orchestra.run.smithi064.stdout:/usr/bin/ceph: stdout Scheduled mgr update...
2024-04-22T06:35:11.062 INFO:teuthology.orchestra.run.smithi064.stdout:/usr/bin/ceph: stderr
2024-04-22T06:35:10.147+0000 7f0b307d5700 1 Processor -- start
2024-04-22T06:35:11.062 INFO:teuthology.orchestra.run.smithi064.stdout:/usr/bin/ceph: stderr
2024-04-22T06:35:10.147+0000 7f0b307d5700 1 -- start start
2024-04-22T06:35:11.062 INFO:teuthology.orchestra.run.smithi064.stdout:/usr/bin/ceph: stderr
2024-04-22T06:35:10.148+0000 7f0b307d5700 1 --2- >> [v2:172.21.15.64:3300/0,v1:172.21.15.64:6789/0] conn(0x7f0b28108440 0x7f0b28108860 unknown :-1 s=NONE pgs=0 cs=0 l=0 rev1=0 crypto rx=0 tx=0 comp rx=0 tx=0).connect
2024-04-22T06:35:11.062 INFO:teuthology.orchestra.run.smithi064.stdout:/usr/bin/ceph: stderr
2024-04-22T06:35:10.148+0000 7f0b307d5700 1 -- --> [v2:172.21.15.64:3300/0,v1:172.21.15.64:6789/0] -- mon_getmap magic: 0 -- 0x7f0b28108e30 con 0x7f0b28108440
2024-04-22T06:35:11.062 INFO:teuthology.orchestra.run.smithi064.stdout:/usr/bin/ceph: stderr
2024-04-22T06:35:10.148+0000 7f0b2e571700 1 --2- >> [v2:172.21.15.64:3300/0,v1:172.21.15.64:6789/0] conn(0x7f0b28108440 0x7f0b28108860 unknown :-1 s=BANNER_CONNECTING pgs=0 cs=0 l=0 rev1=0 crypto rx=0 tx=0 comp rx=0 tx=0)._handle_peer_banner_payload supported=3 required=0
2024-04-22T06:35:11.062 INFO:teuthology.orchestra.run.smithi064.stdout:/usr/bin/ceph: stderr
2024-04-22T06:35:10.148+0000 7f0b2e571700 1 --2- >> [v2:172.21.15.64:3300/0,v1:172.21.15.64:6789/0] conn(0x7f0b28108440 0x7f0b28108860 unknown :-1 s=HELLO_CONNECTING pgs=0 cs=0 l=0 rev1=1 crypto rx=0 tx=0 comp rx=0 tx=0).handle_hello peer v2:172.21.15.64:3300/0 says I am v2:172.21.15.64:40684/0 (socket says 172.21.15.64:40684)
2024-04-22T06:35:11.062 INFO:teuthology.orchestra.run.smithi064.stdout:/usr/bin/ceph: stderr
2024-04-22T06:35:10.148+0000 7f0b2e571700 1 -- 172.21.15.64:0/310486892 learned_addr learned my addr 172.21.15.64:0/310486892 (peer_addr_for_me v2:172.21.15.64:0/0)
2024-04-22T06:35:11.062 INFO:teuthology.orchestra.run.smithi064.stdout:/usr/bin/ceph: stderr
2024-04-22T06:35:10.148+0000 7f0b2e571700 1 -- 172.21.15.64:0/310486892 --> [v2:172.21.15.64:3300/0,v1:172.21.15.64:6789/0] -- mon_subscribe({config=0+,monmap=0+}) -- 0x7f0b281095f0 con 0x7f0b28108440
2024-04-22T06:35:11.063 INFO:teuthology.orchestra.run.smithi064.stdout:/usr/bin/ceph: stderr
2024-04-22T06:35:10.148+0000 7f0b2e571700 1 --2- 172.21.15.64:0/310486892 >> [v2:172.21.15.64:3300/0,v1:172.21.15.64:6789/0] conn(0x7f0b28108440 0x7f0b28108860 secure :-1 s=READY pgs=49 cs=0 l=1 rev1=1 crypto rx=0x7f0b240098a0 tx=0x7f0b24009bb0 comp rx=0 tx=0).ready entity=mon.0 client_cookie=3cf20495764e9587 server_cookie=0 in_seq=0 out_seq=0
2024-04-22T06:35:11.063 INFO:teuthology.orchestra.run.smithi064.stdout:/usr/bin/ceph: stderr
2024-04-22T06:35:10.149+0000 7f0b2d56f700 1 -- 172.21.15.64:0/310486892 <== mon.0 v2:172.21.15.64:3300/0 1 ==== mon_map magic: 0 ==== 205+0+0 (secure 0 0 0) 0x7f0b24004160 con 0x7f0b28108440
2024-04-22T06:35:11.063 INFO:teuthology.orchestra.run.smithi064.stdout:/usr/bin/ceph: stderr
2024-04-22T06:35:10.149+0000 7f0b2d56f700 1 -- 172.21.15.64:0/310486892 <== mon.0 v2:172.21.15.64:3300/0 2 ==== config(26 keys) ==== 1070+0+0 (secure 0 0 0) 0x7f0b24004300 con 0x7f0b28108440
2024-04-22T06:35:11.063 INFO:teuthology.orchestra.run.smithi064.stdout:/usr/bin/ceph: stderr
2024-04-22T06:35:10.149+0000 7f0b2d56f700 1 -- 172.21.15.64:0/310486892 <== mon.0 v2:172.21.15.64:3300/0 3 ==== mon_map magic: 0 ==== 205+0+0 (secure 0 0 0) 0x7f0b24011af0 con 0x7f0b28108440
2024-04-22T06:35:11.063 INFO:teuthology.orchestra.run.smithi064.stdout:/usr/bin/ceph: stderr
2024-04-22T06:35:10.149+0000 7f0b307d5700 1 -- 172.21.15.64:0/310486892 >> [v2:172.21.15.64:3300/0,v1:172.21.15.64:6789/0] conn(0x7f0b28108440 msgr2=0x7f0b28108860 secure :-1 s=STATE_CONNECTION_ESTABLISHED l=1).mark_down
2024-04-22T06:35:11.063 INFO:teuthology.orchestra.run.smithi064.stdout:/usr/bin/ceph: stderr
2024-04-22T06:35:10.149+0000 7f0b307d5700 1 --2- 172.21.15.64:0/310486892 >> [v2:172.21.15.64:3300/0,v1:172.21.15.64:6789/0] conn(0x7f0b28108440 0x7f0b28108860 secure :-1 s=READY pgs=49 cs=0 l=1 rev1=1 crypto rx=0x7f0b240098a0 tx=0x7f0b24009bb0 comp rx=0 tx=0).stop
2024-04-22T06:35:11.063 INFO:teuthology.orchestra.run.smithi064.stdout:/usr/bin/ceph: stderr
2024-04-22T06:35:10.149+0000 7f0b307d5700 1 -- 172.21.15.64:0/310486892 shutdown_connections
2024-04-22T06:35:11.063 INFO:teuthology.orchestra.run.smithi064.stdout:/usr/bin/ceph: stderr
2024-04-22T06:35:10.149+0000 7f0b307d5700 1 --2- 172.21.15.64:0/310486892 >> [v2:172.21.15.64:3300/0,v1:172.21.15.64:6789/0] conn(0x7f0b28108440 0x7f0b28108860 unknown :-1 s=CLOSED pgs=49 cs=0 l=1 rev1=1 crypto rx=0 tx=0 comp rx=0 tx=0).stop
2024-04-22T06:35:11.063 INFO:teuthology.orchestra.run.smithi064.stdout:/usr/bin/ceph: stderr
2024-04-22T06:35:10.149+0000 7f0b307d5700 1 -- 172.21.15.64:0/310486892 >> 172.21.15.64:0/310486892 conn(0x7f0b28103ae0 msgr2=0x7f0b28105f00 unknown :-1 s=STATE_NONE l=0).mark_down
2024-04-22T06:35:11.063 INFO:teuthology.orchestra.run.smithi064.stdout:/usr/bin/ceph: stderr
2024-04-22T06:35:10.149+0000 7f0b307d5700 1 -- 172.21.15.64:0/310486892 shutdown_connections
2024-04-22T06:35:11.063 INFO:teuthology.orchestra.run.smithi064.stdout:/usr/bin/ceph: stderr
2024-04-22T06:35:10.149+0000 7f0b307d5700 1 -- 172.21.15.64:0/310486892 wait complete.
2024-04-22T06:35:11.063 INFO:teuthology.orchestra.run.smithi064.stdout:/usr/bin/ceph: stderr
2024-04-22T06:35:10.150+0000 7f0b307d5700 1 Processor -- start
2024-04-22T06:35:11.063 INFO:teuthology.orchestra.run.smithi064.stdout:/usr/bin/ceph: stderr
2024-04-22T06:35:10.150+0000 7f0b307d5700 1 -- start start
2024-04-22T06:35:11.063 INFO:teuthology.orchestra.run.smithi064.stdout:/usr/bin/ceph: stderr
2024-04-22T06:35:10.150+0000 7f0b307d5700 1 --2- >> [v2:172.21.15.64:3300/0,v1:172.21.15.64:6789/0] conn(0x7f0b28108440 0x7f0b2819c380 unknown :-1 s=NONE pgs=0 cs=0 l=1 rev1=0 crypto rx=0 tx=0 comp rx=0 tx=0).connect
2024-04-22T06:35:11.063 INFO:teuthology.orchestra.run.smithi064.stdout:/usr/bin/ceph: stderr
2024-04-22T06:35:10.150+0000 7f0b307d5700 1 -- --> [v2:172.21.15.64:3300/0,v1:172.21.15.64:6789/0] -- mon_getmap magic: 0 -- 0x7f0b2810c9a0 con 0x7f0b28108440
2024-04-22T06:35:11.064 INFO:teuthology.orchestra.run.smithi064.stdout:/usr/bin/ceph: stderr
2024-04-22T06:35:10.150+0000 7f0b2e571700 1 --2- >> [v2:172.21.15.64:3300/0,v1:172.21.15.64:6789/0] conn(0x7f0b28108440 0x7f0b2819c380 unknown :-1 s=BANNER_CONNECTING pgs=0 cs=0 l=1 rev1=0 crypto rx=0 tx=0 comp rx=0 tx=0)._handle_peer_banner_payload supported=3 required=0
2024-04-22T06:35:11.064 INFO:teuthology.orchestra.run.smithi064.stdout:/usr/bin/ceph: stderr
2024-04-22T06:35:10.150+0000 7f0b2e571700 1 --2- >> [v2:172.21.15.64:3300/0,v1:172.21.15.64:6789/0] conn(0x7f0b28108440 0x7f0b2819c380 unknown :-1 s=HELLO_CONNECTING pgs=0 cs=0 l=1 rev1=1 crypto rx=0 tx=0 comp rx=0 tx=0).handle_hello peer v2:172.21.15.64:3300/0 says I am v2:172.21.15.64:40696/0 (socket says 172.21.15.64:40696)
2024-04-22T06:35:11.064 INFO:teuthology.orchestra.run.smithi064.stdout:/usr/bin/ceph: stderr
2024-04-22T06:35:10.150+0000 7f0b2e571700 1 -- 172.21.15.64:0/524255083 learned_addr learned my addr 172.21.15.64:0/524255083 (peer_addr_for_me v2:172.21.15.64:0/0)
2024-04-22T06:35:11.064 INFO:teuthology.orchestra.run.smithi064.stdout:/usr/bin/ceph: stderr
2024-04-22T06:35:10.151+0000 7f0b2e571700 1 -- 172.21.15.64:0/524255083 --> [v2:172.21.15.64:3300/0,v1:172.21.15.64:6789/0] -- mon_subscribe({config=0+,monmap=0+}) -- 0x7f0b2819c8c0 con 0x7f0b28108440
2024-04-22T06:35:11.064 INFO:teuthology.orchestra.run.smithi064.stdout:/usr/bin/ceph: stderr
2024-04-22T06:35:10.151+0000 7f0b2e571700 1 --2- 172.21.15.64:0/524255083 >> [v2:172.21.15.64:3300/0,v1:172.21.15.64:6789/0] conn(0x7f0b28108440 0x7f0b2819c380 secure :-1 s=READY pgs=50 cs=0 l=1 rev1=1 crypto rx=0x7f0b24000c00 tx=0x7f0b24011b70 comp rx=0 tx=0).ready entity=mon.0 client_cookie=0 server_cookie=0 in_seq=0 out_seq=0
2024-04-22T06:35:11.064 INFO:teuthology.orchestra.run.smithi064.stdout:/usr/bin/ceph: stderr
2024-04-22T06:35:10.151+0000 7f0b1f7fe700 1 -- 172.21.15.64:0/524255083 <== mon.0 v2:172.21.15.64:3300/0 1 ==== mon_map magic: 0 ==== 205+0+0 (secure 0 0 0) 0x7f0b24003b20 con 0x7f0b28108440
2024-04-22T06:35:11.064 INFO:teuthology.orchestra.run.smithi064.stdout:/usr/bin/ceph: stderr
2024-04-22T06:35:10.151+0000 7f0b1f7fe700 1 -- 172.21.15.64:0/524255083 <== mon.0 v2:172.21.15.64:3300/0 2 ==== config(26 keys) ==== 1070+0+0 (secure 0 0 0) 0x7f0b2401a8c0 con 0x7f0b28108440
2024-04-22T06:35:11.064 INFO:teuthology.orchestra.run.smithi064.stdout:/usr/bin/ceph: stderr
2024-04-22T06:35:10.151+0000 7f0b307d5700 1 -- 172.21.15.64:0/524255083 --> [v2:172.21.15.64:3300/0,v1:172.21.15.64:6789/0] -- mon_subscribe({mgrmap=0+}) -- 0x7f0b2819cb50 con 0x7f0b28108440
2024-04-22T06:35:11.064 INFO:teuthology.orchestra.run.smithi064.stdout:/usr/bin/ceph: stderr
2024-04-22T06:35:10.151+0000 7f0b1f7fe700 1 -- 172.21.15.64:0/524255083 <== mon.0 v2:172.21.15.64:3300/0 3 ==== mon_map magic: 0 ==== 205+0+0 (secure 0 0 0) 0x7f0b24024940 con 0x7f0b28108440
2024-04-22T06:35:11.064 INFO:teuthology.orchestra.run.smithi064.stdout:/usr/bin/ceph: stderr
2024-04-22T06:35:10.151+0000 7f0b307d5700 1 -- 172.21.15.64:0/524255083 --> [v2:172.21.15.64:3300/0,v1:172.21.15.64:6789/0] -- mon_subscribe({osdmap=0}) -- 0x7f0b2819f840 con 0x7f0b28108440
2024-04-22T06:35:11.064 INFO:teuthology.orchestra.run.smithi064.stdout:/usr/bin/ceph: stderr
2024-04-22T06:35:10.152+0000 7f0b1f7fe700 1 -- 172.21.15.64:0/524255083 <== mon.0 v2:172.21.15.64:3300/0 4 ==== mgrmap(e 8) ==== 46558+0+0 (secure 0 0 0) 0x7f0b24022020 con 0x7f0b28108440
2024-04-22T06:35:11.064 INFO:teuthology.orchestra.run.smithi064.stdout:/usr/bin/ceph: stderr
2024-04-22T06:35:10.152+0000 7f0b307d5700 1 -- 172.21.15.64:0/524255083 --> [v2:172.21.15.64:3300/0,v1:172.21.15.64:6789/0] -- mon_command({"prefix": "get_command_descriptions"} v 0) -- 0x7f0b280640a0 con 0x7f0b28108440
2024-04-22T06:35:11.064 INFO:teuthology.orchestra.run.smithi064.stdout:/usr/bin/ceph: stderr
2024-04-22T06:35:10.152+0000 7f0b1f7fe700 1 --2- 172.21.15.64:0/524255083 >> [v2:172.21.15.64:6800/2974984988,v1:172.21.15.64:6801/2974984988] conn(0x7f0b14039600 0x7f0b1403bac0 unknown :-1 s=NONE pgs=0 cs=0 l=1 rev1=0 crypto rx=0 tx=0 comp rx=0 tx=0).connect
2024-04-22T06:35:11.064 INFO:teuthology.orchestra.run.smithi064.stdout:/usr/bin/ceph: stderr
2024-04-22T06:35:10.152+0000 7f0b1f7fe700 1 -- 172.21.15.64:0/524255083 <== mon.0 v2:172.21.15.64:3300/0 5 ==== osd_map(2..2 src has 1..2) ==== 940+0+0 (secure 0 0 0) 0x7f0b2404d7e0 con 0x7f0b28108440
2024-04-22T06:35:11.064 INFO:teuthology.orchestra.run.smithi064.stdout:/usr/bin/ceph: stderr
2024-04-22T06:35:10.152+0000 7f0b2dd70700 1 --2- 172.21.15.64:0/524255083 >> [v2:172.21.15.64:6800/2974984988,v1:172.21.15.64:6801/2974984988] conn(0x7f0b14039600 0x7f0b1403bac0 unknown :-1 s=BANNER_CONNECTING pgs=0 cs=0 l=1 rev1=0 crypto rx=0 tx=0 comp rx=0 tx=0)._handle_peer_banner_payload supported=3 required=0
2024-04-22T06:35:11.065 INFO:teuthology.orchestra.run.smithi064.stdout:/usr/bin/ceph: stderr
2024-04-22T06:35:10.153+0000 7f0b2dd70700 1 --2- 172.21.15.64:0/524255083 >> [v2:172.21.15.64:6800/2974984988,v1:172.21.15.64:6801/2974984988] conn(0x7f0b14039600 0x7f0b1403bac0 secure :-1 s=READY pgs=13 cs=0 l=1 rev1=1 crypto rx=0x7f0b18006fd0 tx=0x7f0b18006e40 comp rx=0 tx=0).ready entity=mgr.14120 client_cookie=0 server_cookie=0 in_seq=0 out_seq=0
2024-04-22T06:35:11.065 INFO:teuthology.orchestra.run.smithi064.stdout:/usr/bin/ceph: stderr
2024-04-22T06:35:10.157+0000 7f0b1f7fe700 1 -- 172.21.15.64:0/524255083 <== mon.0 v2:172.21.15.64:3300/0 6 ==== mon_command_ack([{"prefix": "get_command_descriptions"}]=0 v0) ==== 72+0+188370 (secure 0 0 0) 0x7f0b2400be50 con 0x7f0b28108440
2024-04-22T06:35:11.065 INFO:teuthology.orchestra.run.smithi064.stdout:/usr/bin/ceph: stderr
2024-04-22T06:35:10.382+0000 7f0b307d5700 1 -- 172.21.15.64:0/524255083 --> [v2:172.21.15.64:6800/2974984988,v1:172.21.15.64:6801/2974984988] -- mgr_command(tid 0: {"prefix": "orch apply", "service_type": "mgr", "unmanaged": true, "target": ["mon-mgr", ""]}) -- 0x7f0b28104d00 con 0x7f0b14039600
2024-04-22T06:35:11.065 INFO:teuthology.orchestra.run.smithi064.stdout:/usr/bin/ceph: stderr
2024-04-22T06:35:10.389+0000 7f0b1f7fe700 1 -- 172.21.15.64:0/524255083 <== mgr.14120 v2:172.21.15.64:6800/2974984988 1 ==== mgr_command_reply(tid 0: 0 ) ==== 8+0+24 (secure 0 0 0) 0x7f0b28104d00 con 0x7f0b14039600
2024-04-22T06:35:11.065 INFO:teuthology.orchestra.run.smithi064.stdout:/usr/bin/ceph: stderr
2024-04-22T06:35:10.391+0000 7f0b307d5700 1 -- 172.21.15.64:0/524255083 >> [v2:172.21.15.64:6800/2974984988,v1:172.21.15.64:6801/2974984988] conn(0x7f0b14039600 msgr2=0x7f0b1403bac0 secure :-1 s=STATE_CONNECTION_ESTABLISHED l=1).mark_down
2024-04-22T06:35:11.065 INFO:teuthology.orchestra.run.smithi064.stdout:/usr/bin/ceph: stderr
2024-04-22T06:35:10.391+0000 7f0b307d5700 1 --2- 172.21.15.64:0/524255083 >> [v2:172.21.15.64:6800/2974984988,v1:172.21.15.64:6801/2974984988] conn(0x7f0b14039600 0x7f0b1403bac0 secure :-1 s=READY pgs=13 cs=0 l=1 rev1=1 crypto rx=0x7f0b18006fd0 tx=0x7f0b18006e40 comp rx=0 tx=0).stop
2024-04-22T06:35:11.065 INFO:teuthology.orchestra.run.smithi064.stdout:/usr/bin/ceph: stderr
2024-04-22T06:35:10.391+0000 7f0b307d5700 1 -- 172.21.15.64:0/524255083 >> [v2:172.21.15.64:3300/0,v1:172.21.15.64:6789/0] conn(0x7f0b28108440 msgr2=0x7f0b2819c380 secure :-1 s=STATE_CONNECTION_ESTABLISHED l=1).mark_down
2024-04-22T06:35:11.065 INFO:teuthology.orchestra.run.smithi064.stdout:/usr/bin/ceph: stderr
2024-04-22T06:35:10.391+0000 7f0b307d5700 1 --2- 172.21.15.64:0/524255083 >> [v2:172.21.15.64:3300/0,v1:172.21.15.64:6789/0] conn(0x7f0b28108440 0x7f0b2819c380 secure :-1 s=READY pgs=50 cs=0 l=1 rev1=1 crypto rx=0x7f0b24000c00 tx=0x7f0b24011b70 comp rx=0 tx=0).stop
2024-04-22T06:35:11.065 INFO:teuthology.orchestra.run.smithi064.stdout:/usr/bin/ceph: stderr
2024-04-22T06:35:10.391+0000 7f0b307d5700 1 -- 172.21.15.64:0/524255083 shutdown_connections
2024-04-22T06:35:11.065 INFO:teuthology.orchestra.run.smithi064.stdout:/usr/bin/ceph: stderr
2024-04-22T06:35:10.391+0000 7f0b307d5700 1 --2- 172.21.15.64:0/524255083 >> [v2:172.21.15.64:6800/2974984988,v1:172.21.15.64:6801/2974984988] conn(0x7f0b14039600 0x7f0b1403bac0 unknown :-1 s=CLOSED pgs=13 cs=0 l=1 rev1=1 crypto rx=0 tx=0 comp rx=0 tx=0).stop
2024-04-22T06:35:11.065 INFO:teuthology.orchestra.run.smithi064.stdout:/usr/bin/ceph: stderr
2024-04-22T06:35:10.391+0000 7f0b307d5700 1 --2- 172.21.15.64:0/524255083 >> [v2:172.21.15.64:3300/0,v1:172.21.15.64:6789/0] conn(0x7f0b28108440 0x7f0b2819c380 unknown :-1 s=CLOSED pgs=50 cs=0 l=1 rev1=1 crypto rx=0 tx=0 comp rx=0 tx=0).stop
2024-04-22T06:35:11.065 INFO:teuthology.orchestra.run.smithi064.stdout:/usr/bin/ceph: stderr
2024-04-22T06:35:10.391+0000 7f0b307d5700 1 -- 172.21.15.64:0/524255083 >> 172.21.15.64:0/524255083 conn(0x7f0b28103ae0 msgr2=0x7f0b281045f0 unknown :-1 s=STATE_NONE l=0).mark_down
2024-04-22T06:35:11.065 INFO:teuthology.orchestra.run.smithi064.stdout:/usr/bin/ceph: stderr
2024-04-22T06:35:10.392+0000 7f0b307d5700 1 -- 172.21.15.64:0/524255083 shutdown_connections
2024-04-22T06:35:11.065 INFO:teuthology.orchestra.run.smithi064.stdout:/usr/bin/ceph: stderr
2024-04-22T06:35:10.392+0000 7f0b307d5700 1 -- 172.21.15.64:0/524255083 wait complete.
2024-04-22T06:35:11.672 INFO:journalctl@ceph.mon.a.smithi064.stdout:Apr 22 06:35:11 smithi064 ceph-mon[27995]: from='client.14144 -' entity='client.admin' cmd=[{"prefix": "orch apply", "service_type": "mgr", "unmanaged": true, "target": ["mon-mgr", ""]}]: dispatch
2024-04-22T06:35:11.672 INFO:journalctl@ceph.mon.a.smithi064.stdout:Apr 22 06:35:11 smithi064 ceph-mon[27995]: Saving service mgr spec with placement count:2
2024-04-22T06:35:11.672 INFO:journalctl@ceph.mon.a.smithi064.stdout:Apr 22 06:35:11 smithi064 ceph-mon[27995]: from='mgr.14120 172.21.15.64:0/4204268324' entity='mgr.x'
2024-04-22T06:35:12.622 INFO:teuthology.orchestra.run.smithi064.stdout:/usr/bin/ceph: stderr
2024-04-22T06:35:11.685+0000 7f6498195700 1 Processor -- start
2024-04-22T06:35:12.623 INFO:teuthology.orchestra.run.smithi064.stdout:/usr/bin/ceph: stderr
2024-04-22T06:35:11.686+0000 7f6498195700 1 -- start start
2024-04-22T06:35:12.623 INFO:teuthology.orchestra.run.smithi064.stdout:/usr/bin/ceph: stderr
2024-04-22T06:35:11.686+0000 7f6498195700 1 --2- >> [v2:172.21.15.64:3300/0,v1:172.21.15.64:6789/0] conn(0x7f6490108440 0x7f6490108860 unknown :-1 s=NONE pgs=0 cs=0 l=0 rev1=0 crypto rx=0 tx=0 comp rx=0 tx=0).connect
2024-04-22T06:35:12.623 INFO:teuthology.orchestra.run.smithi064.stdout:/usr/bin/ceph: stderr
2024-04-22T06:35:11.686+0000 7f6498195700 1 -- --> [v2:172.21.15.64:3300/0,v1:172.21.15.64:6789/0] -- mon_getmap magic: 0 -- 0x7f6490108e30 con 0x7f6490108440
2024-04-22T06:35:12.623 INFO:teuthology.orchestra.run.smithi064.stdout:/usr/bin/ceph: stderr
2024-04-22T06:35:11.686+0000 7f6495f31700 1 --2- >> [v2:172.21.15.64:3300/0,v1:172.21.15.64:6789/0] conn(0x7f6490108440 0x7f6490108860 unknown :-1 s=BANNER_CONNECTING pgs=0 cs=0 l=0 rev1=0 crypto rx=0 tx=0 comp rx=0 tx=0)._handle_peer_banner_payload supported=3 required=0
2024-04-22T06:35:12.623 INFO:teuthology.orchestra.run.smithi064.stdout:/usr/bin/ceph: stderr
2024-04-22T06:35:11.686+0000 7f6495f31700 1 --2- >> [v2:172.21.15.64:3300/0,v1:172.21.15.64:6789/0] conn(0x7f6490108440 0x7f6490108860 unknown :-1 s=HELLO_CONNECTING pgs=0 cs=0 l=0 rev1=1 crypto rx=0 tx=0 comp rx=0 tx=0).handle_hello peer v2:172.21.15.64:3300/0 says I am v2:172.21.15.64:40704/0 (socket says 172.21.15.64:40704)
2024-04-22T06:35:12.623 INFO:teuthology.orchestra.run.smithi064.stdout:/usr/bin/ceph: stderr
2024-04-22T06:35:11.686+0000 7f6495f31700 1 -- 172.21.15.64:0/1887059600 learned_addr learned my addr 172.21.15.64:0/1887059600 (peer_addr_for_me v2:172.21.15.64:0/0)
2024-04-22T06:35:12.623 INFO:teuthology.orchestra.run.smithi064.stdout:/usr/bin/ceph: stderr
2024-04-22T06:35:11.686+0000 7f6495f31700 1 -- 172.21.15.64:0/1887059600 --> [v2:172.21.15.64:3300/0,v1:172.21.15.64:6789/0] -- mon_subscribe({config=0+,monmap=0+}) -- 0x7f64901095f0 con 0x7f6490108440
2024-04-22T06:35:12.623 INFO:teuthology.orchestra.run.smithi064.stdout:/usr/bin/ceph: stderr
2024-04-22T06:35:11.687+0000 7f6495f31700 1 --2- 172.21.15.64:0/1887059600 >> [v2:172.21.15.64:3300/0,v1:172.21.15.64:6789/0] conn(0x7f6490108440 0x7f6490108860 secure :-1 s=READY pgs=51 cs=0 l=1 rev1=1 crypto rx=0x7f648c0098a0 tx=0x7f648c009bb0 comp rx=0 tx=0).ready entity=mon.0 client_cookie=a018e97e06b1a9d5 server_cookie=0 in_seq=0 out_seq=0
2024-04-22T06:35:12.623 INFO:teuthology.orchestra.run.smithi064.stdout:/usr/bin/ceph: stderr
2024-04-22T06:35:11.687+0000 7f6494f2f700 1 -- 172.21.15.64:0/1887059600 <== mon.0 v2:172.21.15.64:3300/0 1 ==== mon_map magic: 0 ==== 205+0+0 (secure 0 0 0) 0x7f648c004160 con 0x7f6490108440
2024-04-22T06:35:12.623 INFO:teuthology.orchestra.run.smithi064.stdout:/usr/bin/ceph: stderr
2024-04-22T06:35:11.687+0000 7f6494f2f700 1 -- 172.21.15.64:0/1887059600 <== mon.0 v2:172.21.15.64:3300/0 2 ==== config(26 keys) ==== 1070+0+0 (secure 0 0 0) 0x7f648c004300 con 0x7f6490108440
2024-04-22T06:35:12.623 INFO:teuthology.orchestra.run.smithi064.stdout:/usr/bin/ceph: stderr
2024-04-22T06:35:11.687+0000 7f6494f2f700 1 -- 172.21.15.64:0/1887059600 <== mon.0 v2:172.21.15.64:3300/0 3 ==== mon_map magic: 0 ==== 205+0+0 (secure 0 0 0) 0x7f648c011af0 con 0x7f6490108440
2024-04-22T06:35:12.623 INFO:teuthology.orchestra.run.smithi064.stdout:/usr/bin/ceph: stderr
2024-04-22T06:35:11.687+0000 7f6498195700 1 -- 172.21.15.64:0/1887059600 >> [v2:172.21.15.64:3300/0,v1:172.21.15.64:6789/0] conn(0x7f6490108440 msgr2=0x7f6490108860 secure :-1 s=STATE_CONNECTION_ESTABLISHED l=1).mark_down
2024-04-22T06:35:12.623 INFO:teuthology.orchestra.run.smithi064.stdout:/usr/bin/ceph: stderr
2024-04-22T06:35:11.687+0000 7f6498195700 1 --2- 172.21.15.64:0/1887059600 >> [v2:172.21.15.64:3300/0,v1:172.21.15.64:6789/0] conn(0x7f6490108440 0x7f6490108860 secure :-1 s=READY pgs=51 cs=0 l=1 rev1=1 crypto rx=0x7f648c0098a0 tx=0x7f648c009bb0 comp rx=0 tx=0).stop
2024-04-22T06:35:12.624 INFO:teuthology.orchestra.run.smithi064.stdout:/usr/bin/ceph: stderr
2024-04-22T06:35:11.688+0000 7f6498195700 1 -- 172.21.15.64:0/1887059600 shutdown_connections
2024-04-22T06:35:12.624 INFO:teuthology.orchestra.run.smithi064.stdout:/usr/bin/ceph: stderr
2024-04-22T06:35:11.688+0000 7f6498195700 1 --2- 172.21.15.64:0/1887059600 >> [v2:172.21.15.64:3300/0,v1:172.21.15.64:6789/0] conn(0x7f6490108440 0x7f6490108860 unknown :-1 s=CLOSED pgs=51 cs=0 l=1 rev1=1 crypto rx=0 tx=0 comp rx=0 tx=0).stop
2024-04-22T06:35:12.624 INFO:teuthology.orchestra.run.smithi064.stdout:/usr/bin/ceph: stderr
2024-04-22T06:35:11.688+0000 7f6498195700 1 -- 172.21.15.64:0/1887059600 >> 172.21.15.64:0/1887059600 conn(0x7f6490103a00 msgr2=0x7f6490105e20 unknown :-1 s=STATE_NONE l=0).mark_down
2024-04-22T06:35:12.624 INFO:teuthology.orchestra.run.smithi064.stdout:/usr/bin/ceph: stderr
2024-04-22T06:35:11.688+0000 7f6498195700 1 -- 172.21.15.64:0/1887059600 shutdown_connections
2024-04-22T06:35:12.624 INFO:teuthology.orchestra.run.smithi064.stdout:/usr/bin/ceph: stderr
2024-04-22T06:35:11.688+0000 7f6498195700 1 -- 172.21.15.64:0/1887059600 wait complete.
2024-04-22T06:35:12.624 INFO:teuthology.orchestra.run.smithi064.stdout:/usr/bin/ceph: stderr
2024-04-22T06:35:11.688+0000 7f6498195700 1 Processor -- start
2024-04-22T06:35:12.624 INFO:teuthology.orchestra.run.smithi064.stdout:/usr/bin/ceph: stderr
2024-04-22T06:35:11.688+0000 7f6498195700 1 -- start start
2024-04-22T06:35:12.624 INFO:teuthology.orchestra.run.smithi064.stdout:/usr/bin/ceph: stderr
2024-04-22T06:35:11.689+0000 7f6498195700 1 --2- >> [v2:172.21.15.64:3300/0,v1:172.21.15.64:6789/0] conn(0x7f6490108440 0x7f649019c380 unknown :-1 s=NONE pgs=0 cs=0 l=1 rev1=0 crypto rx=0 tx=0 comp rx=0 tx=0).connect
2024-04-22T06:35:12.624 INFO:teuthology.orchestra.run.smithi064.stdout:/usr/bin/ceph: stderr
2024-04-22T06:35:11.689+0000 7f6498195700 1 -- --> [v2:172.21.15.64:3300/0,v1:172.21.15.64:6789/0] -- mon_getmap magic: 0 -- 0x7f649010c9a0 con 0x7f6490108440
2024-04-22T06:35:12.624 INFO:teuthology.orchestra.run.smithi064.stdout:/usr/bin/ceph: stderr
2024-04-22T06:35:11.689+0000 7f6495f31700 1 --2- >> [v2:172.21.15.64:3300/0,v1:172.21.15.64:6789/0] conn(0x7f6490108440 0x7f649019c380 unknown :-1 s=BANNER_CONNECTING pgs=0 cs=0 l=1 rev1=0 crypto rx=0 tx=0 comp rx=0 tx=0)._handle_peer_banner_payload supported=3 required=0
2024-04-22T06:35:12.624 INFO:teuthology.orchestra.run.smithi064.stdout:/usr/bin/ceph: stderr
2024-04-22T06:35:11.689+0000 7f6495f31700 1 --2- >> [v2:172.21.15.64:3300/0,v1:172.21.15.64:6789/0] conn(0x7f6490108440 0x7f649019c380 unknown :-1 s=HELLO_CONNECTING pgs=0 cs=0 l=1 rev1=1 crypto rx=0 tx=0 comp rx=0 tx=0).handle_hello peer v2:172.21.15.64:3300/0 says I am v2:172.21.15.64:40708/0 (socket says 172.21.15.64:40708)
2024-04-22T06:35:12.624 INFO:teuthology.orchestra.run.smithi064.stdout:/usr/bin/ceph: stderr
2024-04-22T06:35:11.689+0000 7f6495f31700 1 -- 172.21.15.64:0/1843783534 learned_addr learned my addr 172.21.15.64:0/1843783534 (peer_addr_for_me v2:172.21.15.64:0/0)
2024-04-22T06:35:12.624 INFO:teuthology.orchestra.run.smithi064.stdout:/usr/bin/ceph: stderr
2024-04-22T06:35:11.689+0000 7f6495f31700 1 -- 172.21.15.64:0/1843783534 --> [v2:172.21.15.64:3300/0,v1:172.21.15.64:6789/0] -- mon_subscribe({config=0+,monmap=0+}) -- 0x7f649019c8c0 con 0x7f6490108440
2024-04-22T06:35:12.624 INFO:teuthology.orchestra.run.smithi064.stdout:/usr/bin/ceph: stderr
2024-04-22T06:35:11.689+0000 7f6495f31700 1 --2- 172.21.15.64:0/1843783534 >> [v2:172.21.15.64:3300/0,v1:172.21.15.64:6789/0] conn(0x7f6490108440 0x7f649019c380 secure :-1 s=READY pgs=52 cs=0 l=1 rev1=1 crypto rx=0x7f648c003f40 tx=0x7f648c011890 comp rx=0 tx=0).ready entity=mon.0 client_cookie=0 server_cookie=0 in_seq=0 out_seq=0
2024-04-22T06:35:12.624 INFO:teuthology.orchestra.run.smithi064.stdout:/usr/bin/ceph: stderr
2024-04-22T06:35:11.689+0000 7f6486ffd700 1 -- 172.21.15.64:0/1843783534 <== mon.0 v2:172.21.15.64:3300/0 1 ==== mon_map magic: 0 ==== 205+0+0 (secure 0 0 0) 0x7f648c0038b0 con 0x7f6490108440
2024-04-22T06:35:12.625 INFO:teuthology.orchestra.run.smithi064.stdout:/usr/bin/ceph: stderr
2024-04-22T06:35:11.689+0000 7f6486ffd700 1 -- 172.21.15.64:0/1843783534 <== mon.0 v2:172.21.15.64:3300/0 2 ==== config(26 keys) ==== 1070+0+0 (secure 0 0 0) 0x7f648c003a50 con 0x7f6490108440
2024-04-22T06:35:12.625 INFO:teuthology.orchestra.run.smithi064.stdout:/usr/bin/ceph: stderr
2024-04-22T06:35:11.689+0000 7f6486ffd700 1 -- 172.21.15.64:0/1843783534 <== mon.0 v2:172.21.15.64:3300/0 3 ==== mon_map magic: 0 ==== 205+0+0 (secure 0 0 0) 0x7f648c01a5c0 con 0x7f6490108440
2024-04-22T06:35:12.625 INFO:teuthology.orchestra.run.smithi064.stdout:/usr/bin/ceph: stderr
2024-04-22T06:35:11.689+0000 7f6498195700 1 -- 172.21.15.64:0/1843783534 --> [v2:172.21.15.64:3300/0,v1:172.21.15.64:6789/0] -- mon_subscribe({mgrmap=0+}) -- 0x7f649019cb50 con 0x7f6490108440
2024-04-22T06:35:12.625 INFO:teuthology.orchestra.run.smithi064.stdout:/usr/bin/ceph: stderr
2024-04-22T06:35:11.690+0000 7f6498195700 1 -- 172.21.15.64:0/1843783534 --> [v2:172.21.15.64:3300/0,v1:172.21.15.64:6789/0] -- mon_subscribe({osdmap=0}) -- 0x7f649019f840 con 0x7f6490108440
2024-04-22T06:35:12.625 INFO:teuthology.orchestra.run.smithi064.stdout:/usr/bin/ceph: stderr
2024-04-22T06:35:11.690+0000 7f6486ffd700 1 -- 172.21.15.64:0/1843783534 <== mon.0 v2:172.21.15.64:3300/0 4 ==== mgrmap(e 8) ==== 46558+0+0 (secure 0 0 0) 0x7f648c01a8c0 con 0x7f6490108440
2024-04-22T06:35:12.625 INFO:teuthology.orchestra.run.smithi064.stdout:/usr/bin/ceph: stderr
2024-04-22T06:35:11.690+0000 7f6486ffd700 1 --2- 172.21.15.64:0/1843783534 >> [v2:172.21.15.64:6800/2974984988,v1:172.21.15.64:6801/2974984988] conn(0x7f647c039560 0x7f647c03ba20 unknown :-1 s=NONE pgs=0 cs=0 l=1 rev1=0 crypto rx=0 tx=0 comp rx=0 tx=0).connect
2024-04-22T06:35:12.625 INFO:teuthology.orchestra.run.smithi064.stdout:/usr/bin/ceph: stderr
2024-04-22T06:35:11.691+0000 7f6486ffd700 1 -- 172.21.15.64:0/1843783534 <== mon.0 v2:172.21.15.64:3300/0 5 ==== osd_map(2..2 src has 1..2) ==== 940+0+0 (secure 0 0 0) 0x7f648c04e9f0 con 0x7f6490108440
2024-04-22T06:35:12.625 INFO:teuthology.orchestra.run.smithi064.stdout:/usr/bin/ceph: stderr
2024-04-22T06:35:11.691+0000 7f6495730700 1 --2- 172.21.15.64:0/1843783534 >> [v2:172.21.15.64:6800/2974984988,v1:172.21.15.64:6801/2974984988] conn(0x7f647c039560 0x7f647c03ba20 unknown :-1 s=BANNER_CONNECTING pgs=0 cs=0 l=1 rev1=0 crypto rx=0 tx=0 comp rx=0 tx=0)._handle_peer_banner_payload supported=3 required=0
2024-04-22T06:35:12.625 INFO:teuthology.orchestra.run.smithi064.stdout:/usr/bin/ceph: stderr
2024-04-22T06:35:11.691+0000 7f6498195700 1 -- 172.21.15.64:0/1843783534 --> [v2:172.21.15.64:3300/0,v1:172.21.15.64:6789/0] -- mon_command({"prefix": "get_command_descriptions"} v 0) -- 0x7f64900640a0 con 0x7f6490108440
2024-04-22T06:35:12.625 INFO:teuthology.orchestra.run.smithi064.stdout:/usr/bin/ceph: stderr
2024-04-22T06:35:11.691+0000 7f6495730700 1 --2- 172.21.15.64:0/1843783534 >> [v2:172.21.15.64:6800/2974984988,v1:172.21.15.64:6801/2974984988] conn(0x7f647c039560 0x7f647c03ba20 secure :-1 s=READY pgs=14 cs=0 l=1 rev1=1 crypto rx=0x7f6480006fd0 tx=0x7f6480006e40 comp rx=0 tx=0).ready entity=mgr.14120 client_cookie=0 server_cookie=0 in_seq=0 out_seq=0
2024-04-22T06:35:12.625 INFO:teuthology.orchestra.run.smithi064.stdout:/usr/bin/ceph: stderr
2024-04-22T06:35:11.696+0000 7f6486ffd700 1 -- 172.21.15.64:0/1843783534 <== mon.0 v2:172.21.15.64:3300/0 6 ==== mon_command_ack([{"prefix": "get_command_descriptions"}]=0 v0) ==== 72+0+188370 (secure 0 0 0) 0x7f648c019c70 con 0x7f6490108440
2024-04-22T06:35:12.625 INFO:teuthology.orchestra.run.smithi064.stdout:/usr/bin/ceph: stderr
2024-04-22T06:35:11.911+0000 7f6498195700 1 -- 172.21.15.64:0/1843783534 --> [v2:172.21.15.64:3300/0,v1:172.21.15.64:6789/0] -- mon_command([{prefix=config set, name=mgr/cephadm/container_init}] v 0) -- 0x7f649019fd60 con 0x7f6490108440
2024-04-22T06:35:12.625 INFO:teuthology.orchestra.run.smithi064.stdout:/usr/bin/ceph: stderr
2024-04-22T06:35:11.913+0000 7f6486ffd700 1 -- 172.21.15.64:0/1843783534 <== mon.0 v2:172.21.15.64:3300/0 7 ==== mon_command_ack([{prefix=config set, name=mgr/cephadm/container_init}]=0 v6)=0 v6) ==== 142+0+0 (secure 0 0 0) 0x7f648c02cbc0 con 0x7f6490108440
2024-04-22T06:35:12.625 INFO:teuthology.orchestra.run.smithi064.stdout:/usr/bin/ceph: stderr
2024-04-22T06:35:11.916+0000 7f6498195700 1 -- 172.21.15.64:0/1843783534 >> [v2:172.21.15.64:6800/2974984988,v1:172.21.15.64:6801/2974984988] conn(0x7f647c039560 msgr2=0x7f647c03ba20 secure :-1 s=STATE_CONNECTION_ESTABLISHED l=1).mark_down
2024-04-22T06:35:12.625 INFO:teuthology.orchestra.run.smithi064.stdout:/usr/bin/ceph: stderr
2024-04-22T06:35:11.916+0000 7f6498195700 1 --2- 172.21.15.64:0/1843783534 >> [v2:172.21.15.64:6800/2974984988,v1:172.21.15.64:6801/2974984988] conn(0x7f647c039560 0x7f647c03ba20 secure :-1 s=READY pgs=14 cs=0 l=1 rev1=1 crypto rx=0x7f6480006fd0 tx=0x7f6480006e40 comp rx=0 tx=0).stop
2024-04-22T06:35:12.625 INFO:teuthology.orchestra.run.smithi064.stdout:/usr/bin/ceph: stderr
2024-04-22T06:35:11.916+0000 7f6498195700 1 -- 172.21.15.64:0/1843783534 >> [v2:172.21.15.64:3300/0,v1:172.21.15.64:6789/0] conn(0x7f6490108440 msgr2=0x7f649019c380 secure :-1 s=STATE_CONNECTION_ESTABLISHED l=1).mark_down
2024-04-22T06:35:12.626 INFO:teuthology.orchestra.run.smithi064.stdout:/usr/bin/ceph: stderr
2024-04-22T06:35:11.916+0000 7f6498195700 1 --2- 172.21.15.64:0/1843783534 >> [v2:172.21.15.64:3300/0,v1:172.21.15.64:6789/0] conn(0x7f6490108440 0x7f649019c380 secure :-1 s=READY pgs=52 cs=0 l=1 rev1=1 crypto rx=0x7f648c003f40 tx=0x7f648c011890 comp rx=0 tx=0).stop
2024-04-22T06:35:12.626 INFO:teuthology.orchestra.run.smithi064.stdout:/usr/bin/ceph: stderr
2024-04-22T06:35:11.916+0000 7f6498195700 1 -- 172.21.15.64:0/1843783534 shutdown_connections
2024-04-22T06:35:12.626 INFO:teuthology.orchestra.run.smithi064.stdout:/usr/bin/ceph: stderr
2024-04-22T06:35:11.916+0000 7f6498195700 1 --2- 172.21.15.64:0/1843783534 >> [v2:172.21.15.64:6800/2974984988,v1:172.21.15.64:6801/2974984988] conn(0x7f647c039560 0x7f647c03ba20 unknown :-1 s=CLOSED pgs=14 cs=0 l=1 rev1=1 crypto rx=0 tx=0 comp rx=0 tx=0).stop
2024-04-22T06:35:12.626 INFO:teuthology.orchestra.run.smithi064.stdout:/usr/bin/ceph: stderr
2024-04-22T06:35:11.916+0000 7f6498195700 1 --2- 172.21.15.64:0/1843783534 >> [v2:172.21.15.64:3300/0,v1:172.21.15.64:6789/0] conn(0x7f6490108440 0x7f649019c380 unknown :-1 s=CLOSED pgs=52 cs=0 l=1 rev1=1 crypto rx=0 tx=0 comp rx=0 tx=0).stop
2024-04-22T06:35:12.626 INFO:teuthology.orchestra.run.smithi064.stdout:/usr/bin/ceph: stderr
2024-04-22T06:35:11.916+0000 7f6498195700 1 -- 172.21.15.64:0/1843783534 >> 172.21.15.64:0/1843783534 conn(0x7f6490103a00 msgr2=0x7f6490104510 unknown :-1 s=STATE_NONE l=0).mark_down
2024-04-22T06:35:12.626 INFO:teuthology.orchestra.run.smithi064.stdout:/usr/bin/ceph: stderr
2024-04-22T06:35:11.916+0000 7f6498195700 1 -- 172.21.15.64:0/1843783534 shutdown_connections
2024-04-22T06:35:12.626 INFO:teuthology.orchestra.run.smithi064.stdout:/usr/bin/ceph: stderr
2024-04-22T06:35:11.916+0000 7f6498195700 1 -- 172.21.15.64:0/1843783534 wait complete.
2024-04-22T06:35:13.172 INFO:journalctl@ceph.mon.a.smithi064.stdout:Apr 22 06:35:12 smithi064 ceph-mon[27995]: from='client.? 172.21.15.64:0/1843783534' entity='client.admin'
2024-04-22T06:35:13.172 INFO:journalctl@ceph.mon.a.smithi064.stdout:Apr 22 06:35:12 smithi064 ceph-mon[27995]: from='mgr.14120 172.21.15.64:0/4204268324' entity='mgr.x'
2024-04-22T06:35:13.172 INFO:journalctl@ceph.mon.a.smithi064.stdout:Apr 22 06:35:12 smithi064 ceph-mon[27995]: from='mgr.14120 172.21.15.64:0/4204268324' entity='mgr.x'
2024-04-22T06:35:13.896 INFO:teuthology.orchestra.run.smithi064.stdout:/usr/bin/ceph: stderr
2024-04-22T06:35:13.058+0000 7f10c1e45700 1 Processor -- start
2024-04-22T06:35:13.896 INFO:teuthology.orchestra.run.smithi064.stdout:/usr/bin/ceph: stderr
2024-04-22T06:35:13.059+0000 7f10c1e45700 1 -- start start
2024-04-22T06:35:13.896 INFO:teuthology.orchestra.run.smithi064.stdout:/usr/bin/ceph: stderr
2024-04-22T06:35:13.059+0000 7f10c1e45700 1 --2- >> [v2:172.21.15.64:3300/0,v1:172.21.15.64:6789/0] conn(0x7f10bc107330 0x7f10bc107750 unknown :-1 s=NONE pgs=0 cs=0 l=0 rev1=0 crypto rx=0 tx=0 comp rx=0 tx=0).connect
2024-04-22T06:35:13.896 INFO:teuthology.orchestra.run.smithi064.stdout:/usr/bin/ceph: stderr
2024-04-22T06:35:13.059+0000 7f10c1e45700 1 -- --> [v2:172.21.15.64:3300/0,v1:172.21.15.64:6789/0] -- mon_getmap magic: 0 -- 0x7f10bc107d20 con 0x7f10bc107330
2024-04-22T06:35:13.897 INFO:teuthology.orchestra.run.smithi064.stdout:/usr/bin/ceph: stderr
2024-04-22T06:35:13.059+0000 7f10bb7fe700 1 --2- >> [v2:172.21.15.64:3300/0,v1:172.21.15.64:6789/0] conn(0x7f10bc107330 0x7f10bc107750 unknown :-1 s=BANNER_CONNECTING pgs=0 cs=0 l=0 rev1=0 crypto rx=0 tx=0 comp rx=0 tx=0)._handle_peer_banner_payload supported=3 required=0
2024-04-22T06:35:13.897 INFO:teuthology.orchestra.run.smithi064.stdout:/usr/bin/ceph: stderr
2024-04-22T06:35:13.059+0000 7f10bb7fe700 1 --2- >> [v2:172.21.15.64:3300/0,v1:172.21.15.64:6789/0] conn(0x7f10bc107330 0x7f10bc107750 unknown :-1 s=HELLO_CONNECTING pgs=0 cs=0 l=0 rev1=1 crypto rx=0 tx=0 comp rx=0 tx=0).handle_hello peer v2:172.21.15.64:3300/0 says I am v2:172.21.15.64:40722/0 (socket says 172.21.15.64:40722)
2024-04-22T06:35:13.897 INFO:teuthology.orchestra.run.smithi064.stdout:/usr/bin/ceph: stderr
2024-04-22T06:35:13.059+0000 7f10bb7fe700 1 -- 172.21.15.64:0/1631146398 learned_addr learned my addr 172.21.15.64:0/1631146398 (peer_addr_for_me v2:172.21.15.64:0/0)
2024-04-22T06:35:13.897 INFO:teuthology.orchestra.run.smithi064.stdout:/usr/bin/ceph: stderr
2024-04-22T06:35:13.059+0000 7f10bb7fe700 1 -- 172.21.15.64:0/1631146398 --> [v2:172.21.15.64:3300/0,v1:172.21.15.64:6789/0] -- mon_subscribe({config=0+,monmap=0+}) -- 0x7f10bc108530 con 0x7f10bc107330
2024-04-22T06:35:13.897 INFO:teuthology.orchestra.run.smithi064.stdout:/usr/bin/ceph: stderr
2024-04-22T06:35:13.060+0000 7f10bb7fe700 1 --2- 172.21.15.64:0/1631146398 >> [v2:172.21.15.64:3300/0,v1:172.21.15.64:6789/0] conn(0x7f10bc107330 0x7f10bc107750 secure :-1 s=READY pgs=53 cs=0 l=1 rev1=1 crypto rx=0x7f10ac0098a0 tx=0x7f10ac009bb0 comp rx=0 tx=0).ready entity=mon.0 client_cookie=3d9c7c70e2eda20 server_cookie=0 in_seq=0 out_seq=0
2024-04-22T06:35:13.897 INFO:teuthology.orchestra.run.smithi064.stdout:/usr/bin/ceph: stderr
2024-04-22T06:35:13.060+0000 7f10ba7fc700 1 -- 172.21.15.64:0/1631146398 <== mon.0 v2:172.21.15.64:3300/0 1 ==== mon_map magic: 0 ==== 205+0+0 (secure 0 0 0) 0x7f10ac004160 con 0x7f10bc107330
2024-04-22T06:35:13.897 INFO:teuthology.orchestra.run.smithi064.stdout:/usr/bin/ceph: stderr
2024-04-22T06:35:13.060+0000 7f10ba7fc700 1 -- 172.21.15.64:0/1631146398 <== mon.0 v2:172.21.15.64:3300/0 2 ==== config(26 keys) ==== 1101+0+0 (secure 0 0 0) 0x7f10ac004300 con 0x7f10bc107330
2024-04-22T06:35:13.897 INFO:teuthology.orchestra.run.smithi064.stdout:/usr/bin/ceph: stderr
2024-04-22T06:35:13.060+0000 7f10ba7fc700 1 -- 172.21.15.64:0/1631146398 <== mon.0 v2:172.21.15.64:3300/0 3 ==== mon_map magic: 0 ==== 205+0+0 (secure 0 0 0) 0x7f10ac011a20 con 0x7f10bc107330
2024-04-22T06:35:13.897 INFO:teuthology.orchestra.run.smithi064.stdout:/usr/bin/ceph: stderr
2024-04-22T06:35:13.061+0000 7f10c1e45700 1 -- 172.21.15.64:0/1631146398 >> [v2:172.21.15.64:3300/0,v1:172.21.15.64:6789/0] conn(0x7f10bc107330 msgr2=0x7f10bc107750 secure :-1 s=STATE_CONNECTION_ESTABLISHED l=1).mark_down
2024-04-22T06:35:13.897 INFO:teuthology.orchestra.run.smithi064.stdout:/usr/bin/ceph: stderr
2024-04-22T06:35:13.061+0000 7f10c1e45700 1 --2- 172.21.15.64:0/1631146398 >> [v2:172.21.15.64:3300/0,v1:172.21.15.64:6789/0] conn(0x7f10bc107330 0x7f10bc107750 secure :-1 s=READY pgs=53 cs=0 l=1 rev1=1 crypto rx=0x7f10ac0098a0 tx=0x7f10ac009bb0 comp rx=0 tx=0).stop
2024-04-22T06:35:13.897 INFO:teuthology.orchestra.run.smithi064.stdout:/usr/bin/ceph: stderr
2024-04-22T06:35:13.061+0000 7f10c1e45700 1 -- 172.21.15.64:0/1631146398 shutdown_connections
2024-04-22T06:35:13.897 INFO:teuthology.orchestra.run.smithi064.stdout:/usr/bin/ceph: stderr
2024-04-22T06:35:13.061+0000 7f10c1e45700 1 --2- 172.21.15.64:0/1631146398 >> [v2:172.21.15.64:3300/0,v1:172.21.15.64:6789/0] conn(0x7f10bc107330 0x7f10bc107750 unknown :-1 s=CLOSED pgs=53 cs=0 l=1 rev1=1 crypto rx=0 tx=0 comp rx=0 tx=0).stop
2024-04-22T06:35:13.897 INFO:teuthology.orchestra.run.smithi064.stdout:/usr/bin/ceph: stderr
2024-04-22T06:35:13.061+0000 7f10c1e45700 1 -- 172.21.15.64:0/1631146398 >> 172.21.15.64:0/1631146398 conn(0x7f10bc1028b0 msgr2=0x7f10bc104d10 unknown :-1 s=STATE_NONE l=0).mark_down
2024-04-22T06:35:13.897 INFO:teuthology.orchestra.run.smithi064.stdout:/usr/bin/ceph: stderr
2024-04-22T06:35:13.061+0000 7f10c1e45700 1 -- 172.21.15.64:0/1631146398 shutdown_connections
2024-04-22T06:35:13.897 INFO:teuthology.orchestra.run.smithi064.stdout:/usr/bin/ceph: stderr
2024-04-22T06:35:13.061+0000 7f10c1e45700 1 -- 172.21.15.64:0/1631146398 wait complete.
2024-04-22T06:35:13.898 INFO:teuthology.orchestra.run.smithi064.stdout:/usr/bin/ceph: stderr
2024-04-22T06:35:13.061+0000 7f10c1e45700 1 Processor -- start
2024-04-22T06:35:13.898 INFO:teuthology.orchestra.run.smithi064.stdout:/usr/bin/ceph: stderr
2024-04-22T06:35:13.061+0000 7f10c1e45700 1 -- start start
2024-04-22T06:35:13.898 INFO:teuthology.orchestra.run.smithi064.stdout:/usr/bin/ceph: stderr
2024-04-22T06:35:13.062+0000 7f10c1e45700 1 --2- >> [v2:172.21.15.64:3300/0,v1:172.21.15.64:6789/0] conn(0x7f10bc107330 0x7f10bc07ba60 unknown :-1 s=NONE pgs=0 cs=0 l=1 rev1=0 crypto rx=0 tx=0 comp rx=0 tx=0).connect
2024-04-22T06:35:13.898 INFO:teuthology.orchestra.run.smithi064.stdout:/usr/bin/ceph: stderr
2024-04-22T06:35:13.062+0000 7f10c1e45700 1 -- --> [v2:172.21.15.64:3300/0,v1:172.21.15.64:6789/0] -- mon_getmap magic: 0 -- 0x7f10bc10b8e0 con 0x7f10bc107330
2024-04-22T06:35:13.898 INFO:teuthology.orchestra.run.smithi064.stdout:/usr/bin/ceph: stderr
2024-04-22T06:35:13.062+0000 7f10bb7fe700 1 --2- >> [v2:172.21.15.64:3300/0,v1:172.21.15.64:6789/0] conn(0x7f10bc107330 0x7f10bc07ba60 unknown :-1 s=BANNER_CONNECTING pgs=0 cs=0 l=1 rev1=0 crypto rx=0 tx=0 comp rx=0 tx=0)._handle_peer_banner_payload supported=3 required=0
2024-04-22T06:35:13.898 INFO:teuthology.orchestra.run.smithi064.stdout:/usr/bin/ceph: stderr
2024-04-22T06:35:13.062+0000 7f10bb7fe700 1 --2- >> [v2:172.21.15.64:3300/0,v1:172.21.15.64:6789/0] conn(0x7f10bc107330 0x7f10bc07ba60 unknown :-1 s=HELLO_CONNECTING pgs=0 cs=0 l=1 rev1=1 crypto rx=0 tx=0 comp rx=0 tx=0).handle_hello peer v2:172.21.15.64:3300/0 says I am v2:172.21.15.64:40738/0 (socket says 172.21.15.64:40738)
2024-04-22T06:35:13.898 INFO:teuthology.orchestra.run.smithi064.stdout:/usr/bin/ceph: stderr
2024-04-22T06:35:13.062+0000 7f10bb7fe700 1 -- 172.21.15.64:0/111679206 learned_addr learned my addr 172.21.15.64:0/111679206 (peer_addr_for_me v2:172.21.15.64:0/0)
2024-04-22T06:35:13.898 INFO:teuthology.orchestra.run.smithi064.stdout:/usr/bin/ceph: stderr
2024-04-22T06:35:13.062+0000 7f10bb7fe700 1 -- 172.21.15.64:0/111679206 --> [v2:172.21.15.64:3300/0,v1:172.21.15.64:6789/0] -- mon_subscribe({config=0+,monmap=0+}) -- 0x7f10bc19f100 con 0x7f10bc107330
2024-04-22T06:35:13.898 INFO:teuthology.orchestra.run.smithi064.stdout:/usr/bin/ceph: stderr
2024-04-22T06:35:13.062+0000 7f10bb7fe700 1 --2- 172.21.15.64:0/111679206 >> [v2:172.21.15.64:3300/0,v1:172.21.15.64:6789/0] conn(0x7f10bc107330 0x7f10bc07ba60 secure :-1 s=READY pgs=54 cs=0 l=1 rev1=1 crypto rx=0x7f10ac0119f0 tx=0x7f10ac011ad0 comp rx=0 tx=0).ready entity=mon.0 client_cookie=0 server_cookie=0 in_seq=0 out_seq=0
2024-04-22T06:35:13.898 INFO:teuthology.orchestra.run.smithi064.stdout:/usr/bin/ceph: stderr
2024-04-22T06:35:13.062+0000 7f10b8ff9700 1 -- 172.21.15.64:0/111679206 <== mon.0 v2:172.21.15.64:3300/0 1 ==== mon_map magic: 0 ==== 205+0+0 (secure 0 0 0) 0x7f10ac0039e0 con 0x7f10bc107330
2024-04-22T06:35:13.898 INFO:teuthology.orchestra.run.smithi064.stdout:/usr/bin/ceph: stderr
2024-04-22T06:35:13.063+0000 7f10b8ff9700 1 -- 172.21.15.64:0/111679206 <== mon.0 v2:172.21.15.64:3300/0 2 ==== config(26 keys) ==== 1101+0+0 (secure 0 0 0) 0x7f10ac01b8f0 con 0x7f10bc107330
2024-04-22T06:35:13.898 INFO:teuthology.orchestra.run.smithi064.stdout:/usr/bin/ceph: stderr
2024-04-22T06:35:13.063+0000 7f10c1e45700 1 -- 172.21.15.64:0/111679206 --> [v2:172.21.15.64:3300/0,v1:172.21.15.64:6789/0] -- mon_subscribe({mgrmap=0+}) -- 0x7f10bc19f2d0 con 0x7f10bc107330
2024-04-22T06:35:13.898 INFO:teuthology.orchestra.run.smithi064.stdout:/usr/bin/ceph: stderr
2024-04-22T06:35:13.063+0000 7f10b8ff9700 1 -- 172.21.15.64:0/111679206 <== mon.0 v2:172.21.15.64:3300/0 3 ==== mon_map magic: 0 ==== 205+0+0 (secure 0 0 0) 0x7f10ac0237a0 con 0x7f10bc107330
2024-04-22T06:35:13.899 INFO:teuthology.orchestra.run.smithi064.stdout:/usr/bin/ceph: stderr
2024-04-22T06:35:13.064+0000 7f10c1e45700 1 -- 172.21.15.64:0/111679206 --> [v2:172.21.15.64:3300/0,v1:172.21.15.64:6789/0] -- mon_subscribe({osdmap=0}) -- 0x7f10bc19f670 con 0x7f10bc107330
2024-04-22T06:35:13.899 INFO:teuthology.orchestra.run.smithi064.stdout:/usr/bin/ceph: stderr
2024-04-22T06:35:13.064+0000 7f10b8ff9700 1 -- 172.21.15.64:0/111679206 <== mon.0 v2:172.21.15.64:3300/0 4 ==== mgrmap(e 8) ==== 46558+0+0 (secure 0 0 0) 0x7f10ac023a70 con 0x7f10bc107330
2024-04-22T06:35:13.899 INFO:teuthology.orchestra.run.smithi064.stdout:/usr/bin/ceph: stderr
2024-04-22T06:35:13.064+0000 7f10b8ff9700 1 --2- 172.21.15.64:0/111679206 >> [v2:172.21.15.64:6800/2974984988,v1:172.21.15.64:6801/2974984988] conn(0x7f10a4039210 0x7f10a403b6d0 unknown :-1 s=NONE pgs=0 cs=0 l=1 rev1=0 crypto rx=0 tx=0 comp rx=0 tx=0).connect
2024-04-22T06:35:13.899 INFO:teuthology.orchestra.run.smithi064.stdout:/usr/bin/ceph: stderr
2024-04-22T06:35:13.064+0000 7f10b8ff9700 1 -- 172.21.15.64:0/111679206 <== mon.0 v2:172.21.15.64:3300/0 5 ==== osd_map(2..2 src has 1..2) ==== 940+0+0 (secure 0 0 0) 0x7f10ac01baa0 con 0x7f10bc107330
2024-04-22T06:35:13.899 INFO:teuthology.orchestra.run.smithi064.stdout:/usr/bin/ceph: stderr
2024-04-22T06:35:13.064+0000 7f10baffd700 1 --2- 172.21.15.64:0/111679206 >> [v2:172.21.15.64:6800/2974984988,v1:172.21.15.64:6801/2974984988] conn(0x7f10a4039210 0x7f10a403b6d0 unknown :-1 s=BANNER_CONNECTING pgs=0 cs=0 l=1 rev1=0 crypto rx=0 tx=0 comp rx=0 tx=0)._handle_peer_banner_payload supported=3 required=0
2024-04-22T06:35:13.899 INFO:teuthology.orchestra.run.smithi064.stdout:/usr/bin/ceph: stderr
2024-04-22T06:35:13.064+0000 7f10baffd700 1 --2- 172.21.15.64:0/111679206 >> [v2:172.21.15.64:6800/2974984988,v1:172.21.15.64:6801/2974984988] conn(0x7f10a4039210 0x7f10a403b6d0 secure :-1 s=READY pgs=15 cs=0 l=1 rev1=1 crypto rx=0x7f10b0006fd0 tx=0x7f10b0006e40 comp rx=0 tx=0).ready entity=mgr.14120 client_cookie=0 server_cookie=0 in_seq=0 out_seq=0
2024-04-22T06:35:13.899 INFO:teuthology.orchestra.run.smithi064.stdout:/usr/bin/ceph: stderr
