2024-04-22T06:35:00.740+0000 7fbd1fc40700 1 -- 172.21.15.64:0/4183800691 --> [v2:172.21.15.64:3300/0,v1:172.21.15.64:6789/0] -- mon_subscribe({osdmap=0}) -- 0x7fbd1807c7f0 con 0x7fbd18108440
2024-04-22T06:35:01.858 INFO:teuthology.orchestra.run.smithi064.stdout:/usr/bin/ceph: stderr
2024-04-22T06:35:00.741+0000 7fbd0effd700 1 -- 172.21.15.64:0/4183800691 <== mon.0 v2:172.21.15.64:3300/0 4 ==== mgrmap(e 8) ==== 46558+0+0 (secure 0 0 0) 0x7fbd1401a8c0 con 0x7fbd18108440
2024-04-22T06:35:01.858 INFO:teuthology.orchestra.run.smithi064.stdout:/usr/bin/ceph: stderr
2024-04-22T06:35:00.741+0000 7fbd1fc40700 1 -- 172.21.15.64:0/4183800691 --> [v2:172.21.15.64:3300/0,v1:172.21.15.64:6789/0] -- mon_command({"prefix": "get_command_descriptions"} v 0) -- 0x7fbd180640a0 con 0x7fbd18108440
2024-04-22T06:35:01.858 INFO:teuthology.orchestra.run.smithi064.stdout:/usr/bin/ceph: stderr
2024-04-22T06:35:00.741+0000 7fbd0effd700 1 --2- 172.21.15.64:0/4183800691 >> [v2:172.21.15.64:6800/2974984988,v1:172.21.15.64:6801/2974984988] conn(0x7fbd04039560 0x7fbd0403ba20 unknown :-1 s=NONE pgs=0 cs=0 l=1 rev1=0 crypto rx=0 tx=0 comp rx=0 tx=0).connect
2024-04-22T06:35:01.858 INFO:teuthology.orchestra.run.smithi064.stdout:/usr/bin/ceph: stderr
2024-04-22T06:35:00.741+0000 7fbd0effd700 1 -- 172.21.15.64:0/4183800691 <== mon.0 v2:172.21.15.64:3300/0 5 ==== osd_map(2..2 src has 1..2) ==== 940+0+0 (secure 0 0 0) 0x7fbd1404db40 con 0x7fbd18108440
2024-04-22T06:35:01.858 INFO:teuthology.orchestra.run.smithi064.stdout:/usr/bin/ceph: stderr
2024-04-22T06:35:00.741+0000 7fbd1d1db700 1 --2- 172.21.15.64:0/4183800691 >> [v2:172.21.15.64:6800/2974984988,v1:172.21.15.64:6801/2974984988] conn(0x7fbd04039560 0x7fbd0403ba20 unknown :-1 s=BANNER_CONNECTING pgs=0 cs=0 l=1 rev1=0 crypto rx=0 tx=0 comp rx=0 tx=0)._handle_peer_banner_payload supported=3 required=0
2024-04-22T06:35:01.858 INFO:teuthology.orchestra.run.smithi064.stdout:/usr/bin/ceph: stderr
2024-04-22T06:35:00.742+0000 7fbd1d1db700 1 --2- 172.21.15.64:0/4183800691 >> [v2:172.21.15.64:6800/2974984988,v1:172.21.15.64:6801/2974984988] conn(0x7fbd04039560 0x7fbd0403ba20 secure :-1 s=READY pgs=9 cs=0 l=1 rev1=1 crypto rx=0x7fbd08006fd0 tx=0x7fbd08006e40 comp rx=0 tx=0).ready entity=mgr.14120 client_cookie=0 server_cookie=0 in_seq=0 out_seq=0
2024-04-22T06:35:01.859 INFO:teuthology.orchestra.run.smithi064.stdout:/usr/bin/ceph: stderr
2024-04-22T06:35:00.747+0000 7fbd0effd700 1 -- 172.21.15.64:0/4183800691 <== mon.0 v2:172.21.15.64:3300/0 6 ==== mon_command_ack([{"prefix": "get_command_descriptions"}]=0 v0) ==== 72+0+188370 (secure 0 0 0) 0x7fbd14019c70 con 0x7fbd18108440
2024-04-22T06:35:01.859 INFO:teuthology.orchestra.run.smithi064.stdout:/usr/bin/ceph: stderr
2024-04-22T06:35:00.955+0000 7fbd1fc40700 1 -- 172.21.15.64:0/4183800691 --> [v2:172.21.15.64:6800/2974984988,v1:172.21.15.64:6801/2974984988] -- mgr_command(tid 0: {"prefix": "cephadm generate-key", "target": ["mon-mgr", ""]}) -- 0x7fbd18104d00 con 0x7fbd04039560
2024-04-22T06:35:01.859 INFO:teuthology.orchestra.run.smithi064.stdout:/usr/bin/ceph: stderr
2024-04-22T06:35:01.356+0000 7fbd0effd700 1 -- 172.21.15.64:0/4183800691 <== mgr.14120 v2:172.21.15.64:6800/2974984988 1 ==== mgr_command_reply(tid 0: 0 ) ==== 8+0+0 (secure 0 0 0) 0x7fbd18104d00 con 0x7fbd04039560
2024-04-22T06:35:01.859 INFO:teuthology.orchestra.run.smithi064.stdout:/usr/bin/ceph: stderr
2024-04-22T06:35:01.359+0000 7fbd1fc40700 1 -- 172.21.15.64:0/4183800691 >> [v2:172.21.15.64:6800/2974984988,v1:172.21.15.64:6801/2974984988] conn(0x7fbd04039560 msgr2=0x7fbd0403ba20 secure :-1 s=STATE_CONNECTION_ESTABLISHED l=1).mark_down
2024-04-22T06:35:01.859 INFO:teuthology.orchestra.run.smithi064.stdout:/usr/bin/ceph: stderr
2024-04-22T06:35:01.359+0000 7fbd1fc40700 1 --2- 172.21.15.64:0/4183800691 >> [v2:172.21.15.64:6800/2974984988,v1:172.21.15.64:6801/2974984988] conn(0x7fbd04039560 0x7fbd0403ba20 secure :-1 s=READY pgs=9 cs=0 l=1 rev1=1 crypto rx=0x7fbd08006fd0 tx=0x7fbd08006e40 comp rx=0 tx=0).stop
2024-04-22T06:35:01.859 INFO:teuthology.orchestra.run.smithi064.stdout:/usr/bin/ceph: stderr
2024-04-22T06:35:01.359+0000 7fbd1fc40700 1 -- 172.21.15.64:0/4183800691 >> [v2:172.21.15.64:3300/0,v1:172.21.15.64:6789/0] conn(0x7fbd18108440 msgr2=0x7fbd1807db80 secure :-1 s=STATE_CONNECTION_ESTABLISHED l=1).mark_down
2024-04-22T06:35:01.859 INFO:teuthology.orchestra.run.smithi064.stdout:/usr/bin/ceph: stderr
2024-04-22T06:35:01.359+0000 7fbd1fc40700 1 --2- 172.21.15.64:0/4183800691 >> [v2:172.21.15.64:3300/0,v1:172.21.15.64:6789/0] conn(0x7fbd18108440 0x7fbd1807db80 secure :-1 s=READY pgs=42 cs=0 l=1 rev1=1 crypto rx=0x7fbd14003f40 tx=0x7fbd14011890 comp rx=0 tx=0).stop
2024-04-22T06:35:01.859 INFO:teuthology.orchestra.run.smithi064.stdout:/usr/bin/ceph: stderr
2024-04-22T06:35:01.359+0000 7fbd1fc40700 1 -- 172.21.15.64:0/4183800691 shutdown_connections
2024-04-22T06:35:01.859 INFO:teuthology.orchestra.run.smithi064.stdout:/usr/bin/ceph: stderr
2024-04-22T06:35:01.359+0000 7fbd1fc40700 1 --2- 172.21.15.64:0/4183800691 >> [v2:172.21.15.64:6800/2974984988,v1:172.21.15.64:6801/2974984988] conn(0x7fbd04039560 0x7fbd0403ba20 unknown :-1 s=CLOSED pgs=9 cs=0 l=1 rev1=1 crypto rx=0 tx=0 comp rx=0 tx=0).stop
2024-04-22T06:35:01.859 INFO:teuthology.orchestra.run.smithi064.stdout:/usr/bin/ceph: stderr
2024-04-22T06:35:01.359+0000 7fbd1fc40700 1 --2- 172.21.15.64:0/4183800691 >> [v2:172.21.15.64:3300/0,v1:172.21.15.64:6789/0] conn(0x7fbd18108440 0x7fbd1807db80 unknown :-1 s=CLOSED pgs=42 cs=0 l=1 rev1=1 crypto rx=0 tx=0 comp rx=0 tx=0).stop
2024-04-22T06:35:01.859 INFO:teuthology.orchestra.run.smithi064.stdout:/usr/bin/ceph: stderr
2024-04-22T06:35:01.359+0000 7fbd1fc40700 1 -- 172.21.15.64:0/4183800691 >> 172.21.15.64:0/4183800691 conn(0x7fbd18103ae0 msgr2=0x7fbd181045f0 unknown :-1 s=STATE_NONE l=0).mark_down
2024-04-22T06:35:01.859 INFO:teuthology.orchestra.run.smithi064.stdout:/usr/bin/ceph: stderr
2024-04-22T06:35:01.359+0000 7fbd1fc40700 1 -- 172.21.15.64:0/4183800691 shutdown_connections
2024-04-22T06:35:01.859 INFO:teuthology.orchestra.run.smithi064.stdout:/usr/bin/ceph: stderr
2024-04-22T06:35:01.359+0000 7fbd1fc40700 1 -- 172.21.15.64:0/4183800691 wait complete.
2024-04-22T06:35:02.502 INFO:journalctl@ceph.mon.a.smithi064.stdout:Apr 22 06:35:02 smithi064 ceph-mon[27995]: from='client.14136 -' entity='client.admin' cmd=[{"prefix": "cephadm generate-key", "target": ["mon-mgr", ""]}]: dispatch
2024-04-22T06:35:02.502 INFO:journalctl@ceph.mon.a.smithi064.stdout:Apr 22 06:35:02 smithi064 ceph-mon[27995]: Generating ssh key...
2024-04-22T06:35:02.502 INFO:journalctl@ceph.mon.a.smithi064.stdout:Apr 22 06:35:02 smithi064 ceph-mon[27995]: from='mgr.14120 172.21.15.64:0/4204268324' entity='mgr.x'
2024-04-22T06:35:02.502 INFO:journalctl@ceph.mon.a.smithi064.stdout:Apr 22 06:35:02 smithi064 ceph-mon[27995]: from='mgr.14120 172.21.15.64:0/4204268324' entity='mgr.x'
2024-04-22T06:35:03.054 INFO:teuthology.orchestra.run.smithi064.stdout:/usr/bin/ceph: stdout ssh-rsa AAAAB3NzaC1yc2EAAAADAQABAAABgQDXMfbiuooUZmO9LddZF9vMsY0e8XD8GO+UTR7+C/Ni/WsgdE65n8gi8HYEFok/3FHOs0SQe6oEbhTaUv6nA1l5rT96y5cRvCWszCy0K42YySCYChcfUsZ2fgyU3pOuU6zeeozpw05xuCdrSmsHqtRNb3g/NDDlngjKEI0l6EfZXdCtqPzfGHkqNetukqo9WROtg0BCrfgn+LgCtdhLJ4YinnOI3FJQkefjHCorQCzl3PVEfk+eKo3zPfXdL58y4tgflPejO7JbQVlgmS9LHglu25uX0MBmGSfXU9jKpk3gXcV0W5rLCcWUf9EfwgjLx8NkVOlWnzWlRCXyRX0sfd1P3K+wwWB1PIVxORPbSWtfUsoX9XSjClfY722ERPKAleHgu9ls3CrYyX3xH6x5b8Z094AZW3I95+nCfaStygG26TvySS9xW/Cyy2jJWKITUbm4gYcXrybJpLh/GGlSZYRDAn1i9elAMhGF6OVbd2bGLBvqW6T9QPy5G5lgyFF1Thc= ceph-1fa47202-0072-11ef-bc93-c7b262605968
2024-04-22T06:35:03.055 INFO:teuthology.orchestra.run.smithi064.stdout:/usr/bin/ceph: stderr
2024-04-22T06:35:02.283+0000 7f78be902700 1 Processor -- start
2024-04-22T06:35:03.055 INFO:teuthology.orchestra.run.smithi064.stdout:/usr/bin/ceph: stderr
2024-04-22T06:35:02.283+0000 7f78be902700 1 -- start start
2024-04-22T06:35:03.055 INFO:teuthology.orchestra.run.smithi064.stdout:/usr/bin/ceph: stderr
2024-04-22T06:35:02.283+0000 7f78be902700 1 --2- >> [v2:172.21.15.64:3300/0,v1:172.21.15.64:6789/0] conn(0x7f78b8108440 0x7f78b8108860 unknown :-1 s=NONE pgs=0 cs=0 l=0 rev1=0 crypto rx=0 tx=0 comp rx=0 tx=0).connect
2024-04-22T06:35:03.055 INFO:teuthology.orchestra.run.smithi064.stdout:/usr/bin/ceph: stderr
2024-04-22T06:35:02.283+0000 7f78be902700 1 -- --> [v2:172.21.15.64:3300/0,v1:172.21.15.64:6789/0] -- mon_getmap magic: 0 -- 0x7f78b8108e30 con 0x7f78b8108440
2024-04-22T06:35:03.055 INFO:teuthology.orchestra.run.smithi064.stdout:/usr/bin/ceph: stderr
2024-04-22T06:35:02.283+0000 7f78b7fff700 1 --2- >> [v2:172.21.15.64:3300/0,v1:172.21.15.64:6789/0] conn(0x7f78b8108440 0x7f78b8108860 unknown :-1 s=BANNER_CONNECTING pgs=0 cs=0 l=0 rev1=0 crypto rx=0 tx=0 comp rx=0 tx=0)._handle_peer_banner_payload supported=3 required=0
2024-04-22T06:35:03.055 INFO:teuthology.orchestra.run.smithi064.stdout:/usr/bin/ceph: stderr
2024-04-22T06:35:02.284+0000 7f78b7fff700 1 --2- >> [v2:172.21.15.64:3300/0,v1:172.21.15.64:6789/0] conn(0x7f78b8108440 0x7f78b8108860 unknown :-1 s=HELLO_CONNECTING pgs=0 cs=0 l=0 rev1=1 crypto rx=0 tx=0 comp rx=0 tx=0).handle_hello peer v2:172.21.15.64:3300/0 says I am v2:172.21.15.64:60546/0 (socket says 172.21.15.64:60546)
2024-04-22T06:35:03.055 INFO:teuthology.orchestra.run.smithi064.stdout:/usr/bin/ceph: stderr
2024-04-22T06:35:02.284+0000 7f78b7fff700 1 -- 172.21.15.64:0/794104888 learned_addr learned my addr 172.21.15.64:0/794104888 (peer_addr_for_me v2:172.21.15.64:0/0)
2024-04-22T06:35:03.055 INFO:teuthology.orchestra.run.smithi064.stdout:/usr/bin/ceph: stderr
2024-04-22T06:35:02.284+0000 7f78b7fff700 1 -- 172.21.15.64:0/794104888 --> [v2:172.21.15.64:3300/0,v1:172.21.15.64:6789/0] -- mon_subscribe({config=0+,monmap=0+}) -- 0x7f78b81095f0 con 0x7f78b8108440
2024-04-22T06:35:03.055 INFO:teuthology.orchestra.run.smithi064.stdout:/usr/bin/ceph: stderr
2024-04-22T06:35:02.284+0000 7f78b7fff700 1 --2- 172.21.15.64:0/794104888 >> [v2:172.21.15.64:3300/0,v1:172.21.15.64:6789/0] conn(0x7f78b8108440 0x7f78b8108860 secure :-1 s=READY pgs=43 cs=0 l=1 rev1=1 crypto rx=0x7f78ac0098a0 tx=0x7f78ac009bb0 comp rx=0 tx=0).ready entity=mon.0 client_cookie=878f7cc59c55782f server_cookie=0 in_seq=0 out_seq=0
2024-04-22T06:35:03.055 INFO:teuthology.orchestra.run.smithi064.stdout:/usr/bin/ceph: stderr
2024-04-22T06:35:02.284+0000 7f78b6ffd700 1 -- 172.21.15.64:0/794104888 <== mon.0 v2:172.21.15.64:3300/0 1 ==== mon_map magic: 0 ==== 205+0+0 (secure 0 0 0) 0x7f78ac004160 con 0x7f78b8108440
2024-04-22T06:35:03.055 INFO:teuthology.orchestra.run.smithi064.stdout:/usr/bin/ceph: stderr
2024-04-22T06:35:02.284+0000 7f78b6ffd700 1 -- 172.21.15.64:0/794104888 <== mon.0 v2:172.21.15.64:3300/0 2 ==== config(26 keys) ==== 1070+0+0 (secure 0 0 0) 0x7f78ac004300 con 0x7f78b8108440
2024-04-22T06:35:03.055 INFO:teuthology.orchestra.run.smithi064.stdout:/usr/bin/ceph: stderr
2024-04-22T06:35:02.284+0000 7f78b6ffd700 1 -- 172.21.15.64:0/794104888 <== mon.0 v2:172.21.15.64:3300/0 3 ==== mon_map magic: 0 ==== 205+0+0 (secure 0 0 0) 0x7f78ac011af0 con 0x7f78b8108440
2024-04-22T06:35:03.055 INFO:teuthology.orchestra.run.smithi064.stdout:/usr/bin/ceph: stderr
2024-04-22T06:35:02.285+0000 7f78be902700 1 -- 172.21.15.64:0/794104888 >> [v2:172.21.15.64:3300/0,v1:172.21.15.64:6789/0] conn(0x7f78b8108440 msgr2=0x7f78b8108860 secure :-1 s=STATE_CONNECTION_ESTABLISHED l=1).mark_down
2024-04-22T06:35:03.055 INFO:teuthology.orchestra.run.smithi064.stdout:/usr/bin/ceph: stderr
2024-04-22T06:35:02.285+0000 7f78be902700 1 --2- 172.21.15.64:0/794104888 >> [v2:172.21.15.64:3300/0,v1:172.21.15.64:6789/0] conn(0x7f78b8108440 0x7f78b8108860 secure :-1 s=READY pgs=43 cs=0 l=1 rev1=1 crypto rx=0x7f78ac0098a0 tx=0x7f78ac009bb0 comp rx=0 tx=0).stop
2024-04-22T06:35:03.056 INFO:teuthology.orchestra.run.smithi064.stdout:/usr/bin/ceph: stderr
2024-04-22T06:35:02.285+0000 7f78be902700 1 -- 172.21.15.64:0/794104888 shutdown_connections
2024-04-22T06:35:03.056 INFO:teuthology.orchestra.run.smithi064.stdout:/usr/bin/ceph: stderr
2024-04-22T06:35:02.285+0000 7f78be902700 1 --2- 172.21.15.64:0/794104888 >> [v2:172.21.15.64:3300/0,v1:172.21.15.64:6789/0] conn(0x7f78b8108440 0x7f78b8108860 unknown :-1 s=CLOSED pgs=43 cs=0 l=1 rev1=1 crypto rx=0 tx=0 comp rx=0 tx=0).stop
2024-04-22T06:35:03.056 INFO:teuthology.orchestra.run.smithi064.stdout:/usr/bin/ceph: stderr
2024-04-22T06:35:02.285+0000 7f78be902700 1 -- 172.21.15.64:0/794104888 >> 172.21.15.64:0/794104888 conn(0x7f78b8103ae0 msgr2=0x7f78b8105f00 unknown :-1 s=STATE_NONE l=0).mark_down
2024-04-22T06:35:03.056 INFO:teuthology.orchestra.run.smithi064.stdout:/usr/bin/ceph: stderr
2024-04-22T06:35:02.285+0000 7f78be902700 1 -- 172.21.15.64:0/794104888 shutdown_connections
2024-04-22T06:35:03.056 INFO:teuthology.orchestra.run.smithi064.stdout:/usr/bin/ceph: stderr
2024-04-22T06:35:02.285+0000 7f78be902700 1 -- 172.21.15.64:0/794104888 wait complete.
2024-04-22T06:35:03.056 INFO:teuthology.orchestra.run.smithi064.stdout:/usr/bin/ceph: stderr
2024-04-22T06:35:02.285+0000 7f78be902700 1 Processor -- start
2024-04-22T06:35:03.056 INFO:teuthology.orchestra.run.smithi064.stdout:/usr/bin/ceph: stderr
2024-04-22T06:35:02.285+0000 7f78be902700 1 -- start start
2024-04-22T06:35:03.056 INFO:teuthology.orchestra.run.smithi064.stdout:/usr/bin/ceph: stderr
2024-04-22T06:35:02.286+0000 7f78be902700 1 --2- >> [v2:172.21.15.64:3300/0,v1:172.21.15.64:6789/0] conn(0x7f78b8108440 0x7f78b819c380 unknown :-1 s=NONE pgs=0 cs=0 l=1 rev1=0 crypto rx=0 tx=0 comp rx=0 tx=0).connect
2024-04-22T06:35:03.056 INFO:teuthology.orchestra.run.smithi064.stdout:/usr/bin/ceph: stderr
2024-04-22T06:35:02.286+0000 7f78be902700 1 -- --> [v2:172.21.15.64:3300/0,v1:172.21.15.64:6789/0] -- mon_getmap magic: 0 -- 0x7f78b810c9a0 con 0x7f78b8108440
2024-04-22T06:35:03.056 INFO:teuthology.orchestra.run.smithi064.stdout:/usr/bin/ceph: stderr
2024-04-22T06:35:02.286+0000 7f78b7fff700 1 --2- >> [v2:172.21.15.64:3300/0,v1:172.21.15.64:6789/0] conn(0x7f78b8108440 0x7f78b819c380 unknown :-1 s=BANNER_CONNECTING pgs=0 cs=0 l=1 rev1=0 crypto rx=0 tx=0 comp rx=0 tx=0)._handle_peer_banner_payload supported=3 required=0
2024-04-22T06:35:03.056 INFO:teuthology.orchestra.run.smithi064.stdout:/usr/bin/ceph: stderr
2024-04-22T06:35:02.286+0000 7f78b7fff700 1 --2- >> [v2:172.21.15.64:3300/0,v1:172.21.15.64:6789/0] conn(0x7f78b8108440 0x7f78b819c380 unknown :-1 s=HELLO_CONNECTING pgs=0 cs=0 l=1 rev1=1 crypto rx=0 tx=0 comp rx=0 tx=0).handle_hello peer v2:172.21.15.64:3300/0 says I am v2:172.21.15.64:60560/0 (socket says 172.21.15.64:60560)
2024-04-22T06:35:03.056 INFO:teuthology.orchestra.run.smithi064.stdout:/usr/bin/ceph: stderr
2024-04-22T06:35:02.286+0000 7f78b7fff700 1 -- 172.21.15.64:0/2855563939 learned_addr learned my addr 172.21.15.64:0/2855563939 (peer_addr_for_me v2:172.21.15.64:0/0)
2024-04-22T06:35:03.056 INFO:teuthology.orchestra.run.smithi064.stdout:/usr/bin/ceph: stderr
2024-04-22T06:35:02.286+0000 7f78b7fff700 1 -- 172.21.15.64:0/2855563939 --> [v2:172.21.15.64:3300/0,v1:172.21.15.64:6789/0] -- mon_subscribe({config=0+,monmap=0+}) -- 0x7f78b819c8c0 con 0x7f78b8108440
2024-04-22T06:35:03.056 INFO:teuthology.orchestra.run.smithi064.stdout:/usr/bin/ceph: stderr
2024-04-22T06:35:02.286+0000 7f78b7fff700 1 --2- 172.21.15.64:0/2855563939 >> [v2:172.21.15.64:3300/0,v1:172.21.15.64:6789/0] conn(0x7f78b8108440 0x7f78b819c380 secure :-1 s=READY pgs=44 cs=0 l=1 rev1=1 crypto rx=0x7f78ac000c00 tx=0x7f78ac011b70 comp rx=0 tx=0).ready entity=mon.0 client_cookie=0 server_cookie=0 in_seq=0 out_seq=0
2024-04-22T06:35:03.057 INFO:teuthology.orchestra.run.smithi064.stdout:/usr/bin/ceph: stderr
2024-04-22T06:35:02.286+0000 7f78b57fa700 1 -- 172.21.15.64:0/2855563939 <== mon.0 v2:172.21.15.64:3300/0 1 ==== mon_map magic: 0 ==== 205+0+0 (secure 0 0 0) 0x7f78ac003b20 con 0x7f78b8108440
2024-04-22T06:35:03.057 INFO:teuthology.orchestra.run.smithi064.stdout:/usr/bin/ceph: stderr
2024-04-22T06:35:02.286+0000 7f78b57fa700 1 -- 172.21.15.64:0/2855563939 <== mon.0 v2:172.21.15.64:3300/0 2 ==== config(26 keys) ==== 1070+0+0 (secure 0 0 0) 0x7f78ac01a8c0 con 0x7f78b8108440
2024-04-22T06:35:03.057 INFO:teuthology.orchestra.run.smithi064.stdout:/usr/bin/ceph: stderr
2024-04-22T06:35:02.287+0000 7f78be902700 1 -- 172.21.15.64:0/2855563939 --> [v2:172.21.15.64:3300/0,v1:172.21.15.64:6789/0] -- mon_subscribe({mgrmap=0+}) -- 0x7f78b819cb50 con 0x7f78b8108440
2024-04-22T06:35:03.057 INFO:teuthology.orchestra.run.smithi064.stdout:/usr/bin/ceph: stderr
2024-04-22T06:35:02.287+0000 7f78b57fa700 1 -- 172.21.15.64:0/2855563939 <== mon.0 v2:172.21.15.64:3300/0 3 ==== mon_map magic: 0 ==== 205+0+0 (secure 0 0 0) 0x7f78ac024940 con 0x7f78b8108440
2024-04-22T06:35:03.057 INFO:teuthology.orchestra.run.smithi064.stdout:/usr/bin/ceph: stderr
2024-04-22T06:35:02.287+0000 7f78be902700 1 -- 172.21.15.64:0/2855563939 --> [v2:172.21.15.64:3300/0,v1:172.21.15.64:6789/0] -- mon_subscribe({osdmap=0}) -- 0x7f78b819f840 con 0x7f78b8108440
2024-04-22T06:35:03.057 INFO:teuthology.orchestra.run.smithi064.stdout:/usr/bin/ceph: stderr
2024-04-22T06:35:02.287+0000 7f78b57fa700 1 -- 172.21.15.64:0/2855563939 <== mon.0 v2:172.21.15.64:3300/0 4 ==== mgrmap(e 8) ==== 46558+0+0 (secure 0 0 0) 0x7f78ac022020 con 0x7f78b8108440
2024-04-22T06:35:03.057 INFO:teuthology.orchestra.run.smithi064.stdout:/usr/bin/ceph: stderr
2024-04-22T06:35:02.287+0000 7f78be902700 1 -- 172.21.15.64:0/2855563939 --> [v2:172.21.15.64:3300/0,v1:172.21.15.64:6789/0] -- mon_command({"prefix": "get_command_descriptions"} v 0) -- 0x7f78b80640a0 con 0x7f78b8108440
2024-04-22T06:35:03.057 INFO:teuthology.orchestra.run.smithi064.stdout:/usr/bin/ceph: stderr
2024-04-22T06:35:02.288+0000 7f78b57fa700 1 --2- 172.21.15.64:0/2855563939 >> [v2:172.21.15.64:6800/2974984988,v1:172.21.15.64:6801/2974984988] conn(0x7f78a0039600 0x7f78a003bac0 unknown :-1 s=NONE pgs=0 cs=0 l=1 rev1=0 crypto rx=0 tx=0 comp rx=0 tx=0).connect
2024-04-22T06:35:03.057 INFO:teuthology.orchestra.run.smithi064.stdout:/usr/bin/ceph: stderr
2024-04-22T06:35:02.288+0000 7f78b57fa700 1 -- 172.21.15.64:0/2855563939 <== mon.0 v2:172.21.15.64:3300/0 5 ==== osd_map(2..2 src has 1..2) ==== 940+0+0 (secure 0 0 0) 0x7f78ac04d9e0 con 0x7f78b8108440
2024-04-22T06:35:03.057 INFO:teuthology.orchestra.run.smithi064.stdout:/usr/bin/ceph: stderr
2024-04-22T06:35:02.288+0000 7f78b77fe700 1 --2- 172.21.15.64:0/2855563939 >> [v2:172.21.15.64:6800/2974984988,v1:172.21.15.64:6801/2974984988] conn(0x7f78a0039600 0x7f78a003bac0 unknown :-1 s=BANNER_CONNECTING pgs=0 cs=0 l=1 rev1=0 crypto rx=0 tx=0 comp rx=0 tx=0)._handle_peer_banner_payload supported=3 required=0
2024-04-22T06:35:03.057 INFO:teuthology.orchestra.run.smithi064.stdout:/usr/bin/ceph: stderr
2024-04-22T06:35:02.288+0000 7f78b77fe700 1 --2- 172.21.15.64:0/2855563939 >> [v2:172.21.15.64:6800/2974984988,v1:172.21.15.64:6801/2974984988] conn(0x7f78a0039600 0x7f78a003bac0 secure :-1 s=READY pgs=10 cs=0 l=1 rev1=1 crypto rx=0x7f78a8006fd0 tx=0x7f78a8006e40 comp rx=0 tx=0).ready entity=mgr.14120 client_cookie=0 server_cookie=0 in_seq=0 out_seq=0
2024-04-22T06:35:03.057 INFO:teuthology.orchestra.run.smithi064.stdout:/usr/bin/ceph: stderr
2024-04-22T06:35:02.293+0000 7f78b57fa700 1 -- 172.21.15.64:0/2855563939 <== mon.0 v2:172.21.15.64:3300/0 6 ==== mon_command_ack([{"prefix": "get_command_descriptions"}]=0 v0) ==== 72+0+188370 (secure 0 0 0) 0x7f78ac021d80 con 0x7f78b8108440
2024-04-22T06:35:03.057 INFO:teuthology.orchestra.run.smithi064.stdout:/usr/bin/ceph: stderr
2024-04-22T06:35:02.503+0000 7f78be902700 1 -- 172.21.15.64:0/2855563939 --> [v2:172.21.15.64:6800/2974984988,v1:172.21.15.64:6801/2974984988] -- mgr_command(tid 0: {"prefix": "cephadm get-pub-key", "target": ["mon-mgr", ""]}) -- 0x7f78b8104d00 con 0x7f78a0039600
2024-04-22T06:35:03.057 INFO:teuthology.orchestra.run.smithi064.stdout:/usr/bin/ceph: stderr
2024-04-22T06:35:02.503+0000 7f78b57fa700 1 -- 172.21.15.64:0/2855563939 <== mgr.14120 v2:172.21.15.64:6800/2974984988 1 ==== mgr_command_reply(tid 0: 0 ) ==== 8+0+595 (secure 0 0 0) 0x7f78b8104d00 con 0x7f78a0039600
2024-04-22T06:35:03.058 INFO:teuthology.orchestra.run.smithi064.stdout:/usr/bin/ceph: stderr
2024-04-22T06:35:02.505+0000 7f78be902700 1 -- 172.21.15.64:0/2855563939 >> [v2:172.21.15.64:6800/2974984988,v1:172.21.15.64:6801/2974984988] conn(0x7f78a0039600 msgr2=0x7f78a003bac0 secure :-1 s=STATE_CONNECTION_ESTABLISHED l=1).mark_down
2024-04-22T06:35:03.058 INFO:teuthology.orchestra.run.smithi064.stdout:/usr/bin/ceph: stderr
2024-04-22T06:35:02.505+0000 7f78be902700 1 --2- 172.21.15.64:0/2855563939 >> [v2:172.21.15.64:6800/2974984988,v1:172.21.15.64:6801/2974984988] conn(0x7f78a0039600 0x7f78a003bac0 secure :-1 s=READY pgs=10 cs=0 l=1 rev1=1 crypto rx=0x7f78a8006fd0 tx=0x7f78a8006e40 comp rx=0 tx=0).stop
2024-04-22T06:35:03.058 INFO:teuthology.orchestra.run.smithi064.stdout:/usr/bin/ceph: stderr
2024-04-22T06:35:02.505+0000 7f78be902700 1 -- 172.21.15.64:0/2855563939 >> [v2:172.21.15.64:3300/0,v1:172.21.15.64:6789/0] conn(0x7f78b8108440 msgr2=0x7f78b819c380 secure :-1 s=STATE_CONNECTION_ESTABLISHED l=1).mark_down
2024-04-22T06:35:03.058 INFO:teuthology.orchestra.run.smithi064.stdout:/usr/bin/ceph: stderr
2024-04-22T06:35:02.505+0000 7f78be902700 1 --2- 172.21.15.64:0/2855563939 >> [v2:172.21.15.64:3300/0,v1:172.21.15.64:6789/0] conn(0x7f78b8108440 0x7f78b819c380 secure :-1 s=READY pgs=44 cs=0 l=1 rev1=1 crypto rx=0x7f78ac000c00 tx=0x7f78ac011b70 comp rx=0 tx=0).stop
2024-04-22T06:35:03.058 INFO:teuthology.orchestra.run.smithi064.stdout:/usr/bin/ceph: stderr
2024-04-22T06:35:02.505+0000 7f78be902700 1 -- 172.21.15.64:0/2855563939 shutdown_connections
2024-04-22T06:35:03.058 INFO:teuthology.orchestra.run.smithi064.stdout:/usr/bin/ceph: stderr
2024-04-22T06:35:02.505+0000 7f78be902700 1 --2- 172.21.15.64:0/2855563939 >> [v2:172.21.15.64:6800/2974984988,v1:172.21.15.64:6801/2974984988] conn(0x7f78a0039600 0x7f78a003bac0 unknown :-1 s=CLOSED pgs=10 cs=0 l=1 rev1=1 crypto rx=0 tx=0 comp rx=0 tx=0).stop
2024-04-22T06:35:03.058 INFO:teuthology.orchestra.run.smithi064.stdout:/usr/bin/ceph: stderr
2024-04-22T06:35:02.505+0000 7f78be902700 1 --2- 172.21.15.64:0/2855563939 >> [v2:172.21.15.64:3300/0,v1:172.21.15.64:6789/0] conn(0x7f78b8108440 0x7f78b819c380 unknown :-1 s=CLOSED pgs=44 cs=0 l=1 rev1=1 crypto rx=0 tx=0 comp rx=0 tx=0).stop
2024-04-22T06:35:03.058 INFO:teuthology.orchestra.run.smithi064.stdout:/usr/bin/ceph: stderr
2024-04-22T06:35:02.505+0000 7f78be902700 1 -- 172.21.15.64:0/2855563939 >> 172.21.15.64:0/2855563939 conn(0x7f78b8103ae0 msgr2=0x7f78b81045f0 unknown :-1 s=STATE_NONE l=0).mark_down
2024-04-22T06:35:03.058 INFO:teuthology.orchestra.run.smithi064.stdout:/usr/bin/ceph: stderr
2024-04-22T06:35:02.506+0000 7f78be902700 1 -- 172.21.15.64:0/2855563939 shutdown_connections
2024-04-22T06:35:03.058 INFO:teuthology.orchestra.run.smithi064.stdout:/usr/bin/ceph: stderr
2024-04-22T06:35:02.506+0000 7f78be902700 1 -- 172.21.15.64:0/2855563939 wait complete.
2024-04-22T06:35:03.058 INFO:teuthology.orchestra.run.smithi064.stdout:Wrote public SSH key to /home/ubuntu/cephtest/ceph.pub
2024-04-22T06:35:03.058 INFO:teuthology.orchestra.run.smithi064.stdout:Adding key to root@localhost authorized_keys...
2024-04-22T06:35:03.058 INFO:teuthology.orchestra.run.smithi064.stdout:Adding host smithi064...
2024-04-22T06:35:03.661 INFO:journalctl@ceph.mon.a.smithi064.stdout:Apr 22 06:35:03 smithi064 ceph-mon[27995]: from='client.14138 -' entity='client.admin' cmd=[{"prefix": "cephadm get-pub-key", "target": ["mon-mgr", ""]}]: dispatch
2024-04-22T06:35:04.509 INFO:journalctl@ceph.mon.a.smithi064.stdout:Apr 22 06:35:04 smithi064 ceph-mon[27995]: from='client.14140 -' entity='client.admin' cmd=[{"prefix": "orch host add", "hostname": "smithi064", "addr": "172.21.15.64", "target": ["mon-mgr", ""]}]: dispatch
2024-04-22T06:35:04.509 INFO:journalctl@ceph.mon.a.smithi064.stdout:Apr 22 06:35:04 smithi064 ceph-mon[27995]: Deploying cephadm binary to smithi064
2024-04-22T06:35:08.402 INFO:teuthology.orchestra.run.smithi064.stdout:/usr/bin/ceph: stdout Added host 'smithi064' with addr '172.21.15.64'
2024-04-22T06:35:08.403 INFO:teuthology.orchestra.run.smithi064.stdout:/usr/bin/ceph: stderr
2024-04-22T06:35:03.435+0000 7fb1b92bc700 1 Processor -- start
2024-04-22T06:35:08.403 INFO:teuthology.orchestra.run.smithi064.stdout:/usr/bin/ceph: stderr
2024-04-22T06:35:03.435+0000 7fb1b92bc700 1 -- start start
2024-04-22T06:35:08.403 INFO:teuthology.orchestra.run.smithi064.stdout:/usr/bin/ceph: stderr
2024-04-22T06:35:03.435+0000 7fb1b92bc700 1 --2- >> [v2:172.21.15.64:3300/0,v1:172.21.15.64:6789/0] conn(0x7fb1b4108440 0x7fb1b4108860 unknown :-1 s=NONE pgs=0 cs=0 l=0 rev1=0 crypto rx=0 tx=0 comp rx=0 tx=0).connect
2024-04-22T06:35:08.403 INFO:teuthology.orchestra.run.smithi064.stdout:/usr/bin/ceph: stderr
2024-04-22T06:35:03.435+0000 7fb1b92bc700 1 -- --> [v2:172.21.15.64:3300/0,v1:172.21.15.64:6789/0] -- mon_getmap magic: 0 -- 0x7fb1b4108e30 con 0x7fb1b4108440
2024-04-22T06:35:08.403 INFO:teuthology.orchestra.run.smithi064.stdout:/usr/bin/ceph: stderr
2024-04-22T06:35:03.435+0000 7fb1b2ffd700 1 --2- >> [v2:172.21.15.64:3300/0,v1:172.21.15.64:6789/0] conn(0x7fb1b4108440 0x7fb1b4108860 unknown :-1 s=BANNER_CONNECTING pgs=0 cs=0 l=0 rev1=0 crypto rx=0 tx=0 comp rx=0 tx=0)._handle_peer_banner_payload supported=3 required=0
2024-04-22T06:35:08.403 INFO:teuthology.orchestra.run.smithi064.stdout:/usr/bin/ceph: stderr
2024-04-22T06:35:03.435+0000 7fb1b2ffd700 1 --2- >> [v2:172.21.15.64:3300/0,v1:172.21.15.64:6789/0] conn(0x7fb1b4108440 0x7fb1b4108860 unknown :-1 s=HELLO_CONNECTING pgs=0 cs=0 l=0 rev1=1 crypto rx=0 tx=0 comp rx=0 tx=0).handle_hello peer v2:172.21.15.64:3300/0 says I am v2:172.21.15.64:60562/0 (socket says 172.21.15.64:60562)
2024-04-22T06:35:08.403 INFO:teuthology.orchestra.run.smithi064.stdout:/usr/bin/ceph: stderr
2024-04-22T06:35:03.435+0000 7fb1b2ffd700 1 -- 172.21.15.64:0/2092462700 learned_addr learned my addr 172.21.15.64:0/2092462700 (peer_addr_for_me v2:172.21.15.64:0/0)
2024-04-22T06:35:08.403 INFO:teuthology.orchestra.run.smithi064.stdout:/usr/bin/ceph: stderr
2024-04-22T06:35:03.435+0000 7fb1b2ffd700 1 -- 172.21.15.64:0/2092462700 --> [v2:172.21.15.64:3300/0,v1:172.21.15.64:6789/0] -- mon_subscribe({config=0+,monmap=0+}) -- 0x7fb1b41095f0 con 0x7fb1b4108440
2024-04-22T06:35:08.403 INFO:teuthology.orchestra.run.smithi064.stdout:/usr/bin/ceph: stderr
2024-04-22T06:35:03.436+0000 7fb1b2ffd700 1 --2- 172.21.15.64:0/2092462700 >> [v2:172.21.15.64:3300/0,v1:172.21.15.64:6789/0] conn(0x7fb1b4108440 0x7fb1b4108860 secure :-1 s=READY pgs=45 cs=0 l=1 rev1=1 crypto rx=0x7fb1a40098a0 tx=0x7fb1a4009bb0 comp rx=0 tx=0).ready entity=mon.0 client_cookie=752dd7ed54c0b398 server_cookie=0 in_seq=0 out_seq=0
2024-04-22T06:35:08.403 INFO:teuthology.orchestra.run.smithi064.stdout:/usr/bin/ceph: stderr
2024-04-22T06:35:03.436+0000 7fb1b1ffb700 1 -- 172.21.15.64:0/2092462700 <== mon.0 v2:172.21.15.64:3300/0 1 ==== mon_map magic: 0 ==== 205+0+0 (secure 0 0 0) 0x7fb1a4004160 con 0x7fb1b4108440
2024-04-22T06:35:08.403 INFO:teuthology.orchestra.run.smithi064.stdout:/usr/bin/ceph: stderr
2024-04-22T06:35:03.436+0000 7fb1b1ffb700 1 -- 172.21.15.64:0/2092462700 <== mon.0 v2:172.21.15.64:3300/0 2 ==== config(26 keys) ==== 1070+0+0 (secure 0 0 0) 0x7fb1a4004300 con 0x7fb1b4108440
2024-04-22T06:35:08.403 INFO:teuthology.orchestra.run.smithi064.stdout:/usr/bin/ceph: stderr
2024-04-22T06:35:03.436+0000 7fb1b1ffb700 1 -- 172.21.15.64:0/2092462700 <== mon.0 v2:172.21.15.64:3300/0 3 ==== mon_map magic: 0 ==== 205+0+0 (secure 0 0 0) 0x7fb1a4011af0 con 0x7fb1b4108440
2024-04-22T06:35:08.403 INFO:teuthology.orchestra.run.smithi064.stdout:/usr/bin/ceph: stderr
2024-04-22T06:35:03.436+0000 7fb1b92bc700 1 -- 172.21.15.64:0/2092462700 >> [v2:172.21.15.64:3300/0,v1:172.21.15.64:6789/0] conn(0x7fb1b4108440 msgr2=0x7fb1b4108860 secure :-1 s=STATE_CONNECTION_ESTABLISHED l=1).mark_down
2024-04-22T06:35:08.404 INFO:teuthology.orchestra.run.smithi064.stdout:/usr/bin/ceph: stderr
2024-04-22T06:35:03.436+0000 7fb1b92bc700 1 --2- 172.21.15.64:0/2092462700 >> [v2:172.21.15.64:3300/0,v1:172.21.15.64:6789/0] conn(0x7fb1b4108440 0x7fb1b4108860 secure :-1 s=READY pgs=45 cs=0 l=1 rev1=1 crypto rx=0x7fb1a40098a0 tx=0x7fb1a4009bb0 comp rx=0 tx=0).stop
2024-04-22T06:35:08.404 INFO:teuthology.orchestra.run.smithi064.stdout:/usr/bin/ceph: stderr
2024-04-22T06:35:03.436+0000 7fb1b92bc700 1 -- 172.21.15.64:0/2092462700 shutdown_connections
2024-04-22T06:35:08.404 INFO:teuthology.orchestra.run.smithi064.stdout:/usr/bin/ceph: stderr
2024-04-22T06:35:03.436+0000 7fb1b92bc700 1 --2- 172.21.15.64:0/2092462700 >> [v2:172.21.15.64:3300/0,v1:172.21.15.64:6789/0] conn(0x7fb1b4108440 0x7fb1b4108860 unknown :-1 s=CLOSED pgs=45 cs=0 l=1 rev1=1 crypto rx=0 tx=0 comp rx=0 tx=0).stop
2024-04-22T06:35:08.404 INFO:teuthology.orchestra.run.smithi064.stdout:/usr/bin/ceph: stderr
2024-04-22T06:35:03.436+0000 7fb1b92bc700 1 -- 172.21.15.64:0/2092462700 >> 172.21.15.64:0/2092462700 conn(0x7fb1b4103ae0 msgr2=0x7fb1b4105f00 unknown :-1 s=STATE_NONE l=0).mark_down
2024-04-22T06:35:08.404 INFO:teuthology.orchestra.run.smithi064.stdout:/usr/bin/ceph: stderr
2024-04-22T06:35:03.436+0000 7fb1b92bc700 1 -- 172.21.15.64:0/2092462700 shutdown_connections
2024-04-22T06:35:08.404 INFO:teuthology.orchestra.run.smithi064.stdout:/usr/bin/ceph: stderr
2024-04-22T06:35:03.436+0000 7fb1b92bc700 1 -- 172.21.15.64:0/2092462700 wait complete.
2024-04-22T06:35:08.404 INFO:teuthology.orchestra.run.smithi064.stdout:/usr/bin/ceph: stderr
2024-04-22T06:35:03.437+0000 7fb1b92bc700 1 Processor -- start
2024-04-22T06:35:08.404 INFO:teuthology.orchestra.run.smithi064.stdout:/usr/bin/ceph: stderr
2024-04-22T06:35:03.437+0000 7fb1b92bc700 1 -- start start
2024-04-22T06:35:08.404 INFO:teuthology.orchestra.run.smithi064.stdout:/usr/bin/ceph: stderr
2024-04-22T06:35:03.437+0000 7fb1b92bc700 1 --2- >> [v2:172.21.15.64:3300/0,v1:172.21.15.64:6789/0] conn(0x7fb1b4108440 0x7fb1b419e5a0 unknown :-1 s=NONE pgs=0 cs=0 l=1 rev1=0 crypto rx=0 tx=0 comp rx=0 tx=0).connect
2024-04-22T06:35:08.404 INFO:teuthology.orchestra.run.smithi064.stdout:/usr/bin/ceph: stderr
2024-04-22T06:35:03.437+0000 7fb1b92bc700 1 -- --> [v2:172.21.15.64:3300/0,v1:172.21.15.64:6789/0] -- mon_getmap magic: 0 -- 0x7fb1b410c9a0 con 0x7fb1b4108440
2024-04-22T06:35:08.404 INFO:teuthology.orchestra.run.smithi064.stdout:/usr/bin/ceph: stderr
2024-04-22T06:35:03.438+0000 7fb1b2ffd700 1 --2- >> [v2:172.21.15.64:3300/0,v1:172.21.15.64:6789/0] conn(0x7fb1b4108440 0x7fb1b419e5a0 unknown :-1 s=BANNER_CONNECTING pgs=0 cs=0 l=1 rev1=0 crypto rx=0 tx=0 comp rx=0 tx=0)._handle_peer_banner_payload supported=3 required=0
2024-04-22T06:35:08.404 INFO:teuthology.orchestra.run.smithi064.stdout:/usr/bin/ceph: stderr
2024-04-22T06:35:03.438+0000 7fb1b2ffd700 1 --2- >> [v2:172.21.15.64:3300/0,v1:172.21.15.64:6789/0] conn(0x7fb1b4108440 0x7fb1b419e5a0 unknown :-1 s=HELLO_CONNECTING pgs=0 cs=0 l=1 rev1=1 crypto rx=0 tx=0 comp rx=0 tx=0).handle_hello peer v2:172.21.15.64:3300/0 says I am v2:172.21.15.64:60564/0 (socket says 172.21.15.64:60564)
2024-04-22T06:35:08.404 INFO:teuthology.orchestra.run.smithi064.stdout:/usr/bin/ceph: stderr
2024-04-22T06:35:03.438+0000 7fb1b2ffd700 1 -- 172.21.15.64:0/725072003 learned_addr learned my addr 172.21.15.64:0/725072003 (peer_addr_for_me v2:172.21.15.64:0/0)
2024-04-22T06:35:08.404 INFO:teuthology.orchestra.run.smithi064.stdout:/usr/bin/ceph: stderr
2024-04-22T06:35:03.438+0000 7fb1b2ffd700 1 -- 172.21.15.64:0/725072003 --> [v2:172.21.15.64:3300/0,v1:172.21.15.64:6789/0] -- mon_subscribe({config=0+,monmap=0+}) -- 0x7fb1b419eae0 con 0x7fb1b4108440
2024-04-22T06:35:08.404 INFO:teuthology.orchestra.run.smithi064.stdout:/usr/bin/ceph: stderr
2024-04-22T06:35:03.438+0000 7fb1b2ffd700 1 --2- 172.21.15.64:0/725072003 >> [v2:172.21.15.64:3300/0,v1:172.21.15.64:6789/0] conn(0x7fb1b4108440 0x7fb1b419e5a0 secure :-1 s=READY pgs=46 cs=0 l=1 rev1=1 crypto rx=0x7fb1a4003f40 tx=0x7fb1a4011890 comp rx=0 tx=0).ready entity=mon.0 client_cookie=0 server_cookie=0 in_seq=0 out_seq=0
2024-04-22T06:35:08.405 INFO:teuthology.orchestra.run.smithi064.stdout:/usr/bin/ceph: stderr
2024-04-22T06:35:03.438+0000 7fb19bfff700 1 -- 172.21.15.64:0/725072003 <== mon.0 v2:172.21.15.64:3300/0 1 ==== mon_map magic: 0 ==== 205+0+0 (secure 0 0 0) 0x7fb1a40038b0 con 0x7fb1b4108440
2024-04-22T06:35:08.405 INFO:teuthology.orchestra.run.smithi064.stdout:/usr/bin/ceph: stderr
2024-04-22T06:35:03.438+0000 7fb1b92bc700 1 -- 172.21.15.64:0/725072003 --> [v2:172.21.15.64:3300/0,v1:172.21.15.64:6789/0] -- mon_subscribe({mgrmap=0+}) -- 0x7fb1b419ed70 con 0x7fb1b4108440
2024-04-22T06:35:08.405 INFO:teuthology.orchestra.run.smithi064.stdout:/usr/bin/ceph: stderr
2024-04-22T06:35:03.438+0000 7fb19bfff700 1 -- 172.21.15.64:0/725072003 <== mon.0 v2:172.21.15.64:3300/0 2 ==== config(26 keys) ==== 1070+0+0 (secure 0 0 0) 0x7fb1a4003a50 con 0x7fb1b4108440
2024-04-22T06:35:08.405 INFO:teuthology.orchestra.run.smithi064.stdout:/usr/bin/ceph: stderr
2024-04-22T06:35:03.438+0000 7fb19bfff700 1 -- 172.21.15.64:0/725072003 <== mon.0 v2:172.21.15.64:3300/0 3 ==== mon_map magic: 0 ==== 205+0+0 (secure 0 0 0) 0x7fb1a401a5c0 con 0x7fb1b4108440
2024-04-22T06:35:08.405 INFO:teuthology.orchestra.run.smithi064.stdout:/usr/bin/ceph: stderr
2024-04-22T06:35:03.438+0000 7fb1b92bc700 1 -- 172.21.15.64:0/725072003 --> [v2:172.21.15.64:3300/0,v1:172.21.15.64:6789/0] -- mon_subscribe({osdmap=0}) -- 0x7fb1b41a1a60 con 0x7fb1b4108440
2024-04-22T06:35:08.405 INFO:teuthology.orchestra.run.smithi064.stdout:/usr/bin/ceph: stderr
2024-04-22T06:35:03.439+0000 7fb19bfff700 1 -- 172.21.15.64:0/725072003 <== mon.0 v2:172.21.15.64:3300/0 4 ==== mgrmap(e 8) ==== 46558+0+0 (secure 0 0 0) 0x7fb1a4024430 con 0x7fb1b4108440
2024-04-22T06:35:08.405 INFO:teuthology.orchestra.run.smithi064.stdout:/usr/bin/ceph: stderr
2024-04-22T06:35:03.439+0000 7fb1b92bc700 1 -- 172.21.15.64:0/725072003 --> [v2:172.21.15.64:3300/0,v1:172.21.15.64:6789/0] -- mon_command({"prefix": "get_command_descriptions"} v 0) -- 0x7fb1b40640a0 con 0x7fb1b4108440
2024-04-22T06:35:08.405 INFO:teuthology.orchestra.run.smithi064.stdout:/usr/bin/ceph: stderr
2024-04-22T06:35:03.439+0000 7fb19bfff700 1 --2- 172.21.15.64:0/725072003 >> [v2:172.21.15.64:6800/2974984988,v1:172.21.15.64:6801/2974984988] conn(0x7fb19c039560 0x7fb19c03ba20 unknown :-1 s=NONE pgs=0 cs=0 l=1 rev1=0 crypto rx=0 tx=0 comp rx=0 tx=0).connect
2024-04-22T06:35:08.405 INFO:teuthology.orchestra.run.smithi064.stdout:/usr/bin/ceph: stderr
2024-04-22T06:35:03.439+0000 7fb19bfff700 1 -- 172.21.15.64:0/725072003 <== mon.0 v2:172.21.15.64:3300/0 5 ==== osd_map(2..2 src has 1..2) ==== 940+0+0 (secure 0 0 0) 0x7fb1a404dad0 con 0x7fb1b4108440
2024-04-22T06:35:08.405 INFO:teuthology.orchestra.run.smithi064.stdout:/usr/bin/ceph: stderr
2024-04-22T06:35:03.440+0000 7fb1b27fc700 1 --2- 172.21.15.64:0/725072003 >> [v2:172.21.15.64:6800/2974984988,v1:172.21.15.64:6801/2974984988] conn(0x7fb19c039560 0x7fb19c03ba20 unknown :-1 s=BANNER_CONNECTING pgs=0 cs=0 l=1 rev1=0 crypto rx=0 tx=0 comp rx=0 tx=0)._handle_peer_banner_payload supported=3 required=0
2024-04-22T06:35:08.405 INFO:teuthology.orchestra.run.smithi064.stdout:/usr/bin/ceph: stderr
2024-04-22T06:35:03.440+0000 7fb1b27fc700 1 --2- 172.21.15.64:0/725072003 >> [v2:172.21.15.64:6800/2974984988,v1:172.21.15.64:6801/2974984988] conn(0x7fb19c039560 0x7fb19c03ba20 secure :-1 s=READY pgs=11 cs=0 l=1 rev1=1 crypto rx=0x7fb1a8006fd0 tx=0x7fb1a8006e40 comp rx=0 tx=0).ready entity=mgr.14120 client_cookie=0 server_cookie=0 in_seq=0 out_seq=0
2024-04-22T06:35:08.405 INFO:teuthology.orchestra.run.smithi064.stdout:/usr/bin/ceph: stderr
2024-04-22T06:35:03.444+0000 7fb19bfff700 1 -- 172.21.15.64:0/725072003 <== mon.0 v2:172.21.15.64:3300/0 6 ==== mon_command_ack([{"prefix": "get_command_descriptions"}]=0 v0) ==== 72+0+188370 (secure 0 0 0) 0x7fb1a402d910 con 0x7fb1b4108440
2024-04-22T06:35:08.405 INFO:teuthology.orchestra.run.smithi064.stdout:/usr/bin/ceph: stderr
2024-04-22T06:35:03.662+0000 7fb1b92bc700 1 -- 172.21.15.64:0/725072003 --> [v2:172.21.15.64:6800/2974984988,v1:172.21.15.64:6801/2974984988] -- mgr_command(tid 0: {"prefix": "orch host add", "hostname": "smithi064", "addr": "172.21.15.64", "target": ["mon-mgr", ""]}) -- 0x7fb1b4104c80 con 0x7fb19c039560
2024-04-22T06:35:08.405 INFO:teuthology.orchestra.run.smithi064.stdout:/usr/bin/ceph: stderr
2024-04-22T06:35:07.825+0000 7fb19bfff700 1 -- 172.21.15.64:0/725072003 <== mgr.14120 v2:172.21.15.64:6800/2974984988 1 ==== mgr_command_reply(tid 0: 0 ) ==== 8+0+48 (secure 0 0 0) 0x7fb1b4104c80 con 0x7fb19c039560
2024-04-22T06:35:08.405 INFO:teuthology.orchestra.run.smithi064.stdout:/usr/bin/ceph: stderr
2024-04-22T06:35:07.828+0000 7fb1b92bc700 1 -- 172.21.15.64:0/725072003 >> [v2:172.21.15.64:6800/2974984988,v1:172.21.15.64:6801/2974984988] conn(0x7fb19c039560 msgr2=0x7fb19c03ba20 secure :-1 s=STATE_CONNECTION_ESTABLISHED l=1).mark_down
2024-04-22T06:35:08.406 INFO:teuthology.orchestra.run.smithi064.stdout:/usr/bin/ceph: stderr
2024-04-22T06:35:07.828+0000 7fb1b92bc700 1 --2- 172.21.15.64:0/725072003 >> [v2:172.21.15.64:6800/2974984988,v1:172.21.15.64:6801/2974984988] conn(0x7fb19c039560 0x7fb19c03ba20 secure :-1 s=READY pgs=11 cs=0 l=1 rev1=1 crypto rx=0x7fb1a8006fd0 tx=0x7fb1a8006e40 comp rx=0 tx=0).stop
2024-04-22T06:35:08.406 INFO:teuthology.orchestra.run.smithi064.stdout:/usr/bin/ceph: stderr
2024-04-22T06:35:07.828+0000 7fb1b92bc700 1 -- 172.21.15.64:0/725072003 >> [v2:172.21.15.64:3300/0,v1:172.21.15.64:6789/0] conn(0x7fb1b4108440 msgr2=0x7fb1b419e5a0 secure :-1 s=STATE_CONNECTION_ESTABLISHED l=1).mark_down
2024-04-22T06:35:08.406 INFO:teuthology.orchestra.run.smithi064.stdout:/usr/bin/ceph: stderr
2024-04-22T06:35:07.828+0000 7fb1b92bc700 1 --2- 172.21.15.64:0/725072003 >> [v2:172.21.15.64:3300/0,v1:172.21.15.64:6789/0] conn(0x7fb1b4108440 0x7fb1b419e5a0 secure :-1 s=READY pgs=46 cs=0 l=1 rev1=1 crypto rx=0x7fb1a4003f40 tx=0x7fb1a4011890 comp rx=0 tx=0).stop
2024-04-22T06:35:08.406 INFO:teuthology.orchestra.run.smithi064.stdout:/usr/bin/ceph: stderr
2024-04-22T06:35:07.828+0000 7fb1b92bc700 1 -- 172.21.15.64:0/725072003 shutdown_connections
2024-04-22T06:35:08.406 INFO:teuthology.orchestra.run.smithi064.stdout:/usr/bin/ceph: stderr
2024-04-22T06:35:07.828+0000 7fb1b92bc700 1 --2- 172.21.15.64:0/725072003 >> [v2:172.21.15.64:6800/2974984988,v1:172.21.15.64:6801/2974984988] conn(0x7fb19c039560 0x7fb19c03ba20 unknown :-1 s=CLOSED pgs=11 cs=0 l=1 rev1=1 crypto rx=0 tx=0 comp rx=0 tx=0).stop
2024-04-22T06:35:08.406 INFO:teuthology.orchestra.run.smithi064.stdout:/usr/bin/ceph: stderr
2024-04-22T06:35:07.828+0000 7fb1b92bc700 1 --2- 172.21.15.64:0/725072003 >> [v2:172.21.15.64:3300/0,v1:172.21.15.64:6789/0] conn(0x7fb1b4108440 0x7fb1b419e5a0 unknown :-1 s=CLOSED pgs=46 cs=0 l=1 rev1=1 crypto rx=0 tx=0 comp rx=0 tx=0).stop
2024-04-22T06:35:08.406 INFO:teuthology.orchestra.run.smithi064.stdout:/usr/bin/ceph: stderr
2024-04-22T06:35:07.828+0000 7fb1b92bc700 1 -- 172.21.15.64:0/725072003 >> 172.21.15.64:0/725072003 conn(0x7fb1b4103ae0 msgr2=0x7fb1b4104570 unknown :-1 s=STATE_NONE l=0).mark_down
2024-04-22T06:35:08.406 INFO:teuthology.orchestra.run.smithi064.stdout:/usr/bin/ceph: stderr
2024-04-22T06:35:07.828+0000 7fb1b92bc700 1 -- 172.21.15.64:0/725072003 shutdown_connections
2024-04-22T06:35:08.406 INFO:teuthology.orchestra.run.smithi064.stdout:/usr/bin/ceph: stderr
2024-04-22T06:35:07.828+0000 7fb1b92bc700 1 -- 172.21.15.64:0/725072003 wait complete.
2024-04-22T06:35:08.406 INFO:teuthology.orchestra.run.smithi064.stdout:Deploying unmanaged mon service...
2024-04-22T06:35:08.922 INFO:journalctl@ceph.mon.a.smithi064.stdout:Apr 22 06:35:08 smithi064 ceph-mon[27995]: from='mgr.14120 172.21.15.64:0/4204268324' entity='mgr.x'
2024-04-22T06:35:08.922 INFO:journalctl@ceph.mon.a.smithi064.stdout:Apr 22 06:35:08 smithi064 ceph-mon[27995]: Added host smithi064
2024-04-22T06:35:08.922 INFO:journalctl@ceph.mon.a.smithi064.stdout:Apr 22 06:35:08 smithi064 ceph-mon[27995]: from='mgr.14120 172.21.15.64:0/4204268324' entity='mgr.x' cmd=[{"prefix": "config dump", "format": "json"}]: dispatch
2024-04-22T06:35:09.695 INFO:teuthology.orchestra.run.smithi064.stdout:/usr/bin/ceph: stdout Scheduled mon update...
2024-04-22T06:35:09.695 INFO:teuthology.orchestra.run.smithi064.stdout:/usr/bin/ceph: stderr
2024-04-22T06:35:08.881+0000 7f276080e700 1 Processor -- start
2024-04-22T06:35:09.695 INFO:teuthology.orchestra.run.smithi064.stdout:/usr/bin/ceph: stderr
2024-04-22T06:35:08.881+0000 7f276080e700 1 -- start start
2024-04-22T06:35:09.695 INFO:teuthology.orchestra.run.smithi064.stdout:/usr/bin/ceph: stderr
2024-04-22T06:35:08.881+0000 7f276080e700 1 --2- >> [v2:172.21.15.64:3300/0,v1:172.21.15.64:6789/0] conn(0x7f275c108440 0x7f275c108860 unknown :-1 s=NONE pgs=0 cs=0 l=0 rev1=0 crypto rx=0 tx=0 comp rx=0 tx=0).connect
2024-04-22T06:35:09.695 INFO:teuthology.orchestra.run.smithi064.stdout:/usr/bin/ceph: stderr
2024-04-22T06:35:08.881+0000 7f276080e700 1 -- --> [v2:172.21.15.64:3300/0,v1:172.21.15.64:6789/0] -- mon_getmap magic: 0 -- 0x7f275c108e30 con 0x7f275c108440
2024-04-22T06:35:09.695 INFO:teuthology.orchestra.run.smithi064.stdout:/usr/bin/ceph: stderr
2024-04-22T06:35:08.881+0000 7f275a59c700 1 --2- >> [v2:172.21.15.64:3300/0,v1:172.21.15.64:6789/0] conn(0x7f275c108440 0x7f275c108860 unknown :-1 s=BANNER_CONNECTING pgs=0 cs=0 l=0 rev1=0 crypto rx=0 tx=0 comp rx=0 tx=0)._handle_peer_banner_payload supported=3 required=0
2024-04-22T06:35:09.695 INFO:teuthology.orchestra.run.smithi064.stdout:/usr/bin/ceph: stderr
2024-04-22T06:35:08.881+0000 7f275a59c700 1 --2- >> [v2:172.21.15.64:3300/0,v1:172.21.15.64:6789/0] conn(0x7f275c108440 0x7f275c108860 unknown :-1 s=HELLO_CONNECTING pgs=0 cs=0 l=0 rev1=1 crypto rx=0 tx=0 comp rx=0 tx=0).handle_hello peer v2:172.21.15.64:3300/0 says I am v2:172.21.15.64:40664/0 (socket says 172.21.15.64:40664)
2024-04-22T06:35:09.695 INFO:teuthology.orchestra.run.smithi064.stdout:/usr/bin/ceph: stderr
2024-04-22T06:35:08.881+0000 7f275a59c700 1 -- 172.21.15.64:0/4264405384 learned_addr learned my addr 172.21.15.64:0/4264405384 (peer_addr_for_me v2:172.21.15.64:0/0)
2024-04-22T06:35:09.695 INFO:teuthology.orchestra.run.smithi064.stdout:/usr/bin/ceph: stderr
2024-04-22T06:35:08.881+0000 7f275a59c700 1 -- 172.21.15.64:0/4264405384 --> [v2:172.21.15.64:3300/0,v1:172.21.15.64:6789/0] -- mon_subscribe({config=0+,monmap=0+}) -- 0x7f275c1095f0 con 0x7f275c108440
2024-04-22T06:35:09.696 INFO:teuthology.orchestra.run.smithi064.stdout:/usr/bin/ceph: stderr
2024-04-22T06:35:08.881+0000 7f275a59c700 1 --2- 172.21.15.64:0/4264405384 >> [v2:172.21.15.64:3300/0,v1:172.21.15.64:6789/0] conn(0x7f275c108440 0x7f275c108860 secure :-1 s=READY pgs=47 cs=0 l=1 rev1=1 crypto rx=0x7f274c0098a0 tx=0x7f274c009bb0 comp rx=0 tx=0).ready entity=mon.0 client_cookie=982fa3b0de8b4bd0 server_cookie=0 in_seq=0 out_seq=0
2024-04-22T06:35:09.696 INFO:teuthology.orchestra.run.smithi064.stdout:/usr/bin/ceph: stderr
2024-04-22T06:35:08.882+0000 7f275959a700 1 -- 172.21.15.64:0/4264405384 <== mon.0 v2:172.21.15.64:3300/0 1 ==== mon_map magic: 0 ==== 205+0+0 (secure 0 0 0) 0x7f274c004160 con 0x7f275c108440
2024-04-22T06:35:09.696 INFO:teuthology.orchestra.run.smithi064.stdout:/usr/bin/ceph: stderr
2024-04-22T06:35:08.882+0000 7f275959a700 1 -- 172.21.15.64:0/4264405384 <== mon.0 v2:172.21.15.64:3300/0 2 ==== config(26 keys) ==== 1070+0+0 (secure 0 0 0) 0x7f274c004300 con 0x7f275c108440
2024-04-22T06:35:09.696 INFO:teuthology.orchestra.run.smithi064.stdout:/usr/bin/ceph: stderr
2024-04-22T06:35:08.882+0000 7f275959a700 1 -- 172.21.15.64:0/4264405384 <== mon.0 v2:172.21.15.64:3300/0 3 ==== mon_map magic: 0 ==== 205+0+0 (secure 0 0 0) 0x7f274c011af0 con 0x7f275c108440
2024-04-22T06:35:09.696 INFO:teuthology.orchestra.run.smithi064.stdout:/usr/bin/ceph: stderr
2024-04-22T06:35:08.882+0000 7f276080e700 1 -- 172.21.15.64:0/4264405384 >> [v2:172.21.15.64:3300/0,v1:172.21.15.64:6789/0] conn(0x7f275c108440 msgr2=0x7f275c108860 secure :-1 s=STATE_CONNECTION_ESTABLISHED l=1).mark_down
2024-04-22T06:35:09.696 INFO:teuthology.orchestra.run.smithi064.stdout:/usr/bin/ceph: stderr
2024-04-22T06:35:08.882+0000 7f276080e700 1 --2- 172.21.15.64:0/4264405384 >> [v2:172.21.15.64:3300/0,v1:172.21.15.64:6789/0] conn(0x7f275c108440 0x7f275c108860 secure :-1 s=READY pgs=47 cs=0 l=1 rev1=1 crypto rx=0x7f274c0098a0 tx=0x7f274c009bb0 comp rx=0 tx=0).stop
2024-04-22T06:35:09.696 INFO:teuthology.orchestra.run.smithi064.stdout:/usr/bin/ceph: stderr
2024-04-22T06:35:08.882+0000 7f276080e700 1 -- 172.21.15.64:0/4264405384 shutdown_connections
2024-04-22T06:35:09.696 INFO:teuthology.orchestra.run.smithi064.stdout:/usr/bin/ceph: stderr
2024-04-22T06:35:08.882+0000 7f276080e700 1 --2- 172.21.15.64:0/4264405384 >> [v2:172.21.15.64:3300/0,v1:172.21.15.64:6789/0] conn(0x7f275c108440 0x7f275c108860 unknown :-1 s=CLOSED pgs=47 cs=0 l=1 rev1=1 crypto rx=0 tx=0 comp rx=0 tx=0).stop
2024-04-22T06:35:09.696 INFO:teuthology.orchestra.run.smithi064.stdout:/usr/bin/ceph: stderr
2024-04-22T06:35:08.882+0000 7f276080e700 1 -- 172.21.15.64:0/4264405384 >> 172.21.15.64:0/4264405384 conn(0x7f275c103ae0 msgr2=0x7f275c105f00 unknown :-1 s=STATE_NONE l=0).mark_down
2024-04-22T06:35:09.696 INFO:teuthology.orchestra.run.smithi064.stdout:/usr/bin/ceph: stderr
2024-04-22T06:35:08.882+0000 7f276080e700 1 -- 172.21.15.64:0/4264405384 shutdown_connections
2024-04-22T06:35:09.696 INFO:teuthology.orchestra.run.smithi064.stdout:/usr/bin/ceph: stderr
2024-04-22T06:35:08.882+0000 7f276080e700 1 -- 172.21.15.64:0/4264405384 wait complete.
2024-04-22T06:35:09.696 INFO:teuthology.orchestra.run.smithi064.stdout:/usr/bin/ceph: stderr
2024-04-22T06:35:08.883+0000 7f276080e700 1 Processor -- start
2024-04-22T06:35:09.696 INFO:teuthology.orchestra.run.smithi064.stdout:/usr/bin/ceph: stderr
2024-04-22T06:35:08.883+0000 7f276080e700 1 -- start start
2024-04-22T06:35:09.696 INFO:teuthology.orchestra.run.smithi064.stdout:/usr/bin/ceph: stderr
2024-04-22T06:35:08.883+0000 7f276080e700 1 --2- >> [v2:172.21.15.64:3300/0,v1:172.21.15.64:6789/0] conn(0x7f275c108440 0x7f275c19c380 unknown :-1 s=NONE pgs=0 cs=0 l=1 rev1=0 crypto rx=0 tx=0 comp rx=0 tx=0).connect
2024-04-22T06:35:09.696 INFO:teuthology.orchestra.run.smithi064.stdout:/usr/bin/ceph: stderr
2024-04-22T06:35:08.883+0000 7f276080e700 1 -- --> [v2:172.21.15.64:3300/0,v1:172.21.15.64:6789/0] -- mon_getmap magic: 0 -- 0x7f275c10c9a0 con 0x7f275c108440
2024-04-22T06:35:09.697 INFO:teuthology.orchestra.run.smithi064.stdout:/usr/bin/ceph: stderr
2024-04-22T06:35:08.883+0000 7f275a59c700 1 --2- >> [v2:172.21.15.64:3300/0,v1:172.21.15.64:6789/0] conn(0x7f275c108440 0x7f275c19c380 unknown :-1 s=BANNER_CONNECTING pgs=0 cs=0 l=1 rev1=0 crypto rx=0 tx=0 comp rx=0 tx=0)._handle_peer_banner_payload supported=3 required=0
2024-04-22T06:35:09.697 INFO:teuthology.orchestra.run.smithi064.stdout:/usr/bin/ceph: stderr
2024-04-22T06:35:08.883+0000 7f275a59c700 1 --2- >> [v2:172.21.15.64:3300/0,v1:172.21.15.64:6789/0] conn(0x7f275c108440 0x7f275c19c380 unknown :-1 s=HELLO_CONNECTING pgs=0 cs=0 l=1 rev1=1 crypto rx=0 tx=0 comp rx=0 tx=0).handle_hello peer v2:172.21.15.64:3300/0 says I am v2:172.21.15.64:40668/0 (socket says 172.21.15.64:40668)
2024-04-22T06:35:09.697 INFO:teuthology.orchestra.run.smithi064.stdout:/usr/bin/ceph: stderr
2024-04-22T06:35:08.883+0000 7f275a59c700 1 -- 172.21.15.64:0/1091333375 learned_addr learned my addr 172.21.15.64:0/1091333375 (peer_addr_for_me v2:172.21.15.64:0/0)
2024-04-22T06:35:09.697 INFO:teuthology.orchestra.run.smithi064.stdout:/usr/bin/ceph: stderr
2024-04-22T06:35:08.884+0000 7f275a59c700 1 -- 172.21.15.64:0/1091333375 --> [v2:172.21.15.64:3300/0,v1:172.21.15.64:6789/0] -- mon_subscribe({config=0+,monmap=0+}) -- 0x7f275c19c8c0 con 0x7f275c108440
2024-04-22T06:35:09.697 INFO:teuthology.orchestra.run.smithi064.stdout:/usr/bin/ceph: stderr
2024-04-22T06:35:08.884+0000 7f275a59c700 1 --2- 172.21.15.64:0/1091333375 >> [v2:172.21.15.64:3300/0,v1:172.21.15.64:6789/0] conn(0x7f275c108440 0x7f275c19c380 secure :-1 s=READY pgs=48 cs=0 l=1 rev1=1 crypto rx=0x7f274c003f40 tx=0x7f274c011890 comp rx=0 tx=0).ready entity=mon.0 client_cookie=0 server_cookie=0 in_seq=0 out_seq=0
2024-04-22T06:35:09.697 INFO:teuthology.orchestra.run.smithi064.stdout:/usr/bin/ceph: stderr
2024-04-22T06:35:08.884+0000 7f274b7fe700 1 -- 172.21.15.64:0/1091333375 <== mon.0 v2:172.21.15.64:3300/0 1 ==== mon_map magic: 0 ==== 205+0+0 (secure 0 0 0) 0x7f274c0038b0 con 0x7f275c108440
2024-04-22T06:35:09.697 INFO:teuthology.orchestra.run.smithi064.stdout:/usr/bin/ceph: stderr
2024-04-22T06:35:08.884+0000 7f274b7fe700 1 -- 172.21.15.64:0/1091333375 <== mon.0 v2:172.21.15.64:3300/0 2 ==== config(26 keys) ==== 1070+0+0 (secure 0 0 0) 0x7f274c003a50 con 0x7f275c108440
2024-04-22T06:35:09.697 INFO:teuthology.orchestra.run.smithi064.stdout:/usr/bin/ceph: stderr
2024-04-22T06:35:08.884+0000 7f276080e700 1 -- 172.21.15.64:0/1091333375 --> [v2:172.21.15.64:3300/0,v1:172.21.15.64:6789/0] -- mon_subscribe({mgrmap=0+}) -- 0x7f275c19cb50 con 0x7f275c108440
2024-04-22T06:35:09.697 INFO:teuthology.orchestra.run.smithi064.stdout:/usr/bin/ceph: stderr
2024-04-22T06:35:08.884+0000 7f274b7fe700 1 -- 172.21.15.64:0/1091333375 <== mon.0 v2:172.21.15.64:3300/0 3 ==== mon_map magic: 0 ==== 205+0+0 (secure 0 0 0) 0x7f274c01a5c0 con 0x7f275c108440
2024-04-22T06:35:09.697 INFO:teuthology.orchestra.run.smithi064.stdout:/usr/bin/ceph: stderr
2024-04-22T06:35:08.884+0000 7f276080e700 1 -- 172.21.15.64:0/1091333375 --> [v2:172.21.15.64:3300/0,v1:172.21.15.64:6789/0] -- mon_subscribe({osdmap=0}) -- 0x7f275c19f840 con 0x7f275c108440
2024-04-22T06:35:09.697 INFO:teuthology.orchestra.run.smithi064.stdout:/usr/bin/ceph: stderr
