2024-04-22T06:34:40.079 INFO:teuthology.orchestra.run.smithi064.stdout:/usr/bin/ceph: stdout ],
2024-04-22T06:34:40.079 INFO:teuthology.orchestra.run.smithi064.stdout:/usr/bin/ceph: stdout "quorum_age": 12,
2024-04-22T06:34:40.079 INFO:teuthology.orchestra.run.smithi064.stdout:/usr/bin/ceph: stdout "monmap": {
2024-04-22T06:34:40.079 INFO:teuthology.orchestra.run.smithi064.stdout:/usr/bin/ceph: stdout "epoch": 1,
2024-04-22T06:34:40.079 INFO:teuthology.orchestra.run.smithi064.stdout:/usr/bin/ceph: stdout "min_mon_release_name": "squid",
2024-04-22T06:34:40.079 INFO:teuthology.orchestra.run.smithi064.stdout:/usr/bin/ceph: stdout "num_mons": 1
2024-04-22T06:34:40.079 INFO:teuthology.orchestra.run.smithi064.stdout:/usr/bin/ceph: stdout },
2024-04-22T06:34:40.079 INFO:teuthology.orchestra.run.smithi064.stdout:/usr/bin/ceph: stdout "osdmap": {
2024-04-22T06:34:40.079 INFO:teuthology.orchestra.run.smithi064.stdout:/usr/bin/ceph: stdout "epoch": 1,
2024-04-22T06:34:40.079 INFO:teuthology.orchestra.run.smithi064.stdout:/usr/bin/ceph: stdout "num_osds": 0,
2024-04-22T06:34:40.079 INFO:teuthology.orchestra.run.smithi064.stdout:/usr/bin/ceph: stdout "num_up_osds": 0,
2024-04-22T06:34:40.079 INFO:teuthology.orchestra.run.smithi064.stdout:/usr/bin/ceph: stdout "osd_up_since": 0,
2024-04-22T06:34:40.079 INFO:teuthology.orchestra.run.smithi064.stdout:/usr/bin/ceph: stdout "num_in_osds": 0,
2024-04-22T06:34:40.079 INFO:teuthology.orchestra.run.smithi064.stdout:/usr/bin/ceph: stdout "osd_in_since": 0,
2024-04-22T06:34:40.079 INFO:teuthology.orchestra.run.smithi064.stdout:/usr/bin/ceph: stdout "num_remapped_pgs": 0
2024-04-22T06:34:40.080 INFO:teuthology.orchestra.run.smithi064.stdout:/usr/bin/ceph: stdout },
2024-04-22T06:34:40.080 INFO:teuthology.orchestra.run.smithi064.stdout:/usr/bin/ceph: stdout "pgmap": {
2024-04-22T06:34:40.080 INFO:teuthology.orchestra.run.smithi064.stdout:/usr/bin/ceph: stdout "pgs_by_state": [],
2024-04-22T06:34:40.080 INFO:teuthology.orchestra.run.smithi064.stdout:/usr/bin/ceph: stdout "num_pgs": 0,
2024-04-22T06:34:40.080 INFO:teuthology.orchestra.run.smithi064.stdout:/usr/bin/ceph: stdout "num_pools": 0,
2024-04-22T06:34:40.080 INFO:teuthology.orchestra.run.smithi064.stdout:/usr/bin/ceph: stdout "num_objects": 0,
2024-04-22T06:34:40.080 INFO:teuthology.orchestra.run.smithi064.stdout:/usr/bin/ceph: stdout "data_bytes": 0,
2024-04-22T06:34:40.080 INFO:teuthology.orchestra.run.smithi064.stdout:/usr/bin/ceph: stdout "bytes_used": 0,
2024-04-22T06:34:40.080 INFO:teuthology.orchestra.run.smithi064.stdout:/usr/bin/ceph: stdout "bytes_avail": 0,
2024-04-22T06:34:40.080 INFO:teuthology.orchestra.run.smithi064.stdout:/usr/bin/ceph: stdout "bytes_total": 0
2024-04-22T06:34:40.080 INFO:teuthology.orchestra.run.smithi064.stdout:/usr/bin/ceph: stdout },
2024-04-22T06:34:40.080 INFO:teuthology.orchestra.run.smithi064.stdout:/usr/bin/ceph: stdout "fsmap": {
2024-04-22T06:34:40.080 INFO:teuthology.orchestra.run.smithi064.stdout:/usr/bin/ceph: stdout "epoch": 1,
2024-04-22T06:34:40.080 INFO:teuthology.orchestra.run.smithi064.stdout:/usr/bin/ceph: stdout "by_rank": [],
2024-04-22T06:34:40.081 INFO:teuthology.orchestra.run.smithi064.stdout:/usr/bin/ceph: stdout "up:standby": 0
2024-04-22T06:34:40.081 INFO:teuthology.orchestra.run.smithi064.stdout:/usr/bin/ceph: stdout },
2024-04-22T06:34:40.081 INFO:teuthology.orchestra.run.smithi064.stdout:/usr/bin/ceph: stdout "mgrmap": {
2024-04-22T06:34:40.081 INFO:teuthology.orchestra.run.smithi064.stdout:/usr/bin/ceph: stdout "available": true,
2024-04-22T06:34:40.081 INFO:teuthology.orchestra.run.smithi064.stdout:/usr/bin/ceph: stdout "num_standbys": 0,
2024-04-22T06:34:40.081 INFO:teuthology.orchestra.run.smithi064.stdout:/usr/bin/ceph: stdout "modules": [
2024-04-22T06:34:40.081 INFO:teuthology.orchestra.run.smithi064.stdout:/usr/bin/ceph: stdout "iostat",
2024-04-22T06:34:40.081 INFO:teuthology.orchestra.run.smithi064.stdout:/usr/bin/ceph: stdout "nfs",
2024-04-22T06:34:40.081 INFO:teuthology.orchestra.run.smithi064.stdout:/usr/bin/ceph: stdout "restful"
2024-04-22T06:34:40.081 INFO:teuthology.orchestra.run.smithi064.stdout:/usr/bin/ceph: stdout ],
2024-04-22T06:34:40.081 INFO:teuthology.orchestra.run.smithi064.stdout:/usr/bin/ceph: stdout "services": {}
2024-04-22T06:34:40.081 INFO:teuthology.orchestra.run.smithi064.stdout:/usr/bin/ceph: stdout },
2024-04-22T06:34:40.081 INFO:teuthology.orchestra.run.smithi064.stdout:/usr/bin/ceph: stdout "servicemap": {
2024-04-22T06:34:40.081 INFO:teuthology.orchestra.run.smithi064.stdout:/usr/bin/ceph: stdout "epoch": 1,
2024-04-22T06:34:40.082 INFO:teuthology.orchestra.run.smithi064.stdout:/usr/bin/ceph: stdout "modified": "2024-04-22T06:34:21.510616+0000",
2024-04-22T06:34:40.082 INFO:teuthology.orchestra.run.smithi064.stdout:/usr/bin/ceph: stdout "services": {}
2024-04-22T06:34:40.082 INFO:teuthology.orchestra.run.smithi064.stdout:/usr/bin/ceph: stdout },
2024-04-22T06:34:40.082 INFO:teuthology.orchestra.run.smithi064.stdout:/usr/bin/ceph: stdout "progress_events": {}
2024-04-22T06:34:40.082 INFO:teuthology.orchestra.run.smithi064.stdout:/usr/bin/ceph: stdout }
2024-04-22T06:34:40.082 INFO:teuthology.orchestra.run.smithi064.stdout:/usr/bin/ceph: stderr
2024-04-22T06:34:39.196+0000 7fcc07ba2700 1 Processor -- start
2024-04-22T06:34:40.082 INFO:teuthology.orchestra.run.smithi064.stdout:/usr/bin/ceph: stderr
2024-04-22T06:34:39.196+0000 7fcc07ba2700 1 -- start start
2024-04-22T06:34:40.082 INFO:teuthology.orchestra.run.smithi064.stdout:/usr/bin/ceph: stderr
2024-04-22T06:34:39.197+0000 7fcc07ba2700 1 --2- >> [v2:172.21.15.64:3300/0,v1:172.21.15.64:6789/0] conn(0x7fcc0010a650 0x7fcc0010aa70 unknown :-1 s=NONE pgs=0 cs=0 l=0 rev1=0 crypto rx=0 tx=0 comp rx=0 tx=0).connect
2024-04-22T06:34:40.082 INFO:teuthology.orchestra.run.smithi064.stdout:/usr/bin/ceph: stderr
2024-04-22T06:34:39.197+0000 7fcc07ba2700 1 -- --> [v2:172.21.15.64:3300/0,v1:172.21.15.64:6789/0] -- mon_getmap magic: 0 -- 0x7fcc0010b040 con 0x7fcc0010a650
2024-04-22T06:34:40.082 INFO:teuthology.orchestra.run.smithi064.stdout:/usr/bin/ceph: stderr
2024-04-22T06:34:39.197+0000 7fcc0593e700 1 --2- >> [v2:172.21.15.64:3300/0,v1:172.21.15.64:6789/0] conn(0x7fcc0010a650 0x7fcc0010aa70 unknown :-1 s=BANNER_CONNECTING pgs=0 cs=0 l=0 rev1=0 crypto rx=0 tx=0 comp rx=0 tx=0)._handle_peer_banner_payload supported=3 required=0
2024-04-22T06:34:40.082 INFO:teuthology.orchestra.run.smithi064.stdout:/usr/bin/ceph: stderr
2024-04-22T06:34:39.197+0000 7fcc0593e700 1 --2- >> [v2:172.21.15.64:3300/0,v1:172.21.15.64:6789/0] conn(0x7fcc0010a650 0x7fcc0010aa70 unknown :-1 s=HELLO_CONNECTING pgs=0 cs=0 l=0 rev1=1 crypto rx=0 tx=0 comp rx=0 tx=0).handle_hello peer v2:172.21.15.64:3300/0 says I am v2:172.21.15.64:56764/0 (socket says 172.21.15.64:56764)
2024-04-22T06:34:40.082 INFO:teuthology.orchestra.run.smithi064.stdout:/usr/bin/ceph: stderr
2024-04-22T06:34:39.197+0000 7fcc0593e700 1 -- 172.21.15.64:0/1700434039 learned_addr learned my addr 172.21.15.64:0/1700434039 (peer_addr_for_me v2:172.21.15.64:0/0)
2024-04-22T06:34:40.082 INFO:teuthology.orchestra.run.smithi064.stdout:/usr/bin/ceph: stderr
2024-04-22T06:34:39.197+0000 7fcc0593e700 1 -- 172.21.15.64:0/1700434039 --> [v2:172.21.15.64:3300/0,v1:172.21.15.64:6789/0] -- mon_subscribe({config=0+,monmap=0+}) -- 0x7fcc0010b800 con 0x7fcc0010a650
2024-04-22T06:34:40.082 INFO:teuthology.orchestra.run.smithi064.stdout:/usr/bin/ceph: stderr
2024-04-22T06:34:39.197+0000 7fcc0593e700 1 --2- 172.21.15.64:0/1700434039 >> [v2:172.21.15.64:3300/0,v1:172.21.15.64:6789/0] conn(0x7fcc0010a650 0x7fcc0010aa70 secure :-1 s=READY pgs=18 cs=0 l=1 rev1=1 crypto rx=0x7fcbf8009e80 tx=0x7fcbf800b330 comp rx=0 tx=0).ready entity=mon.0 client_cookie=b9328d0ce6cd37ea server_cookie=0 in_seq=0 out_seq=0
2024-04-22T06:34:40.083 INFO:teuthology.orchestra.run.smithi064.stdout:/usr/bin/ceph: stderr
2024-04-22T06:34:39.197+0000 7fcc0493c700 1 -- 172.21.15.64:0/1700434039 <== mon.0 v2:172.21.15.64:3300/0 1 ==== mon_map magic: 0 ==== 205+0+0 (secure 0 0 0) 0x7fcbf8017070 con 0x7fcc0010a650
2024-04-22T06:34:40.083 INFO:teuthology.orchestra.run.smithi064.stdout:/usr/bin/ceph: stderr
2024-04-22T06:34:39.197+0000 7fcc0493c700 1 -- 172.21.15.64:0/1700434039 <== mon.0 v2:172.21.15.64:3300/0 2 ==== config(26 keys) ==== 1070+0+0 (secure 0 0 0) 0x7fcbf800b8c0 con 0x7fcc0010a650
2024-04-22T06:34:40.083 INFO:teuthology.orchestra.run.smithi064.stdout:/usr/bin/ceph: stderr
2024-04-22T06:34:39.197+0000 7fcc0493c700 1 -- 172.21.15.64:0/1700434039 <== mon.0 v2:172.21.15.64:3300/0 3 ==== mon_map magic: 0 ==== 205+0+0 (secure 0 0 0) 0x7fcbf8004490 con 0x7fcc0010a650
2024-04-22T06:34:40.083 INFO:teuthology.orchestra.run.smithi064.stdout:/usr/bin/ceph: stderr
2024-04-22T06:34:39.198+0000 7fcc07ba2700 1 -- 172.21.15.64:0/1700434039 >> [v2:172.21.15.64:3300/0,v1:172.21.15.64:6789/0] conn(0x7fcc0010a650 msgr2=0x7fcc0010aa70 secure :-1 s=STATE_CONNECTION_ESTABLISHED l=1).mark_down
2024-04-22T06:34:40.083 INFO:teuthology.orchestra.run.smithi064.stdout:/usr/bin/ceph: stderr
2024-04-22T06:34:39.198+0000 7fcc07ba2700 1 --2- 172.21.15.64:0/1700434039 >> [v2:172.21.15.64:3300/0,v1:172.21.15.64:6789/0] conn(0x7fcc0010a650 0x7fcc0010aa70 secure :-1 s=READY pgs=18 cs=0 l=1 rev1=1 crypto rx=0x7fcbf8009e80 tx=0x7fcbf800b330 comp rx=0 tx=0).stop
2024-04-22T06:34:40.083 INFO:teuthology.orchestra.run.smithi064.stdout:/usr/bin/ceph: stderr
2024-04-22T06:34:39.198+0000 7fcc07ba2700 1 -- 172.21.15.64:0/1700434039 shutdown_connections
2024-04-22T06:34:40.083 INFO:teuthology.orchestra.run.smithi064.stdout:/usr/bin/ceph: stderr
2024-04-22T06:34:39.198+0000 7fcc07ba2700 1 --2- 172.21.15.64:0/1700434039 >> [v2:172.21.15.64:3300/0,v1:172.21.15.64:6789/0] conn(0x7fcc0010a650 0x7fcc0010aa70 unknown :-1 s=CLOSED pgs=18 cs=0 l=1 rev1=1 crypto rx=0 tx=0 comp rx=0 tx=0).stop
2024-04-22T06:34:40.083 INFO:teuthology.orchestra.run.smithi064.stdout:/usr/bin/ceph: stderr
2024-04-22T06:34:39.198+0000 7fcc07ba2700 1 -- 172.21.15.64:0/1700434039 >> 172.21.15.64:0/1700434039 conn(0x7fcc0007dc20 msgr2=0x7fcc001084e0 unknown :-1 s=STATE_NONE l=0).mark_down
2024-04-22T06:34:40.083 INFO:teuthology.orchestra.run.smithi064.stdout:/usr/bin/ceph: stderr
2024-04-22T06:34:39.198+0000 7fcc07ba2700 1 -- 172.21.15.64:0/1700434039 shutdown_connections
2024-04-22T06:34:40.083 INFO:teuthology.orchestra.run.smithi064.stdout:/usr/bin/ceph: stderr
2024-04-22T06:34:39.198+0000 7fcc07ba2700 1 -- 172.21.15.64:0/1700434039 wait complete.
2024-04-22T06:34:40.083 INFO:teuthology.orchestra.run.smithi064.stdout:/usr/bin/ceph: stderr
2024-04-22T06:34:39.199+0000 7fcc07ba2700 1 Processor -- start
2024-04-22T06:34:40.083 INFO:teuthology.orchestra.run.smithi064.stdout:/usr/bin/ceph: stderr
2024-04-22T06:34:39.199+0000 7fcc07ba2700 1 -- start start
2024-04-22T06:34:40.083 INFO:teuthology.orchestra.run.smithi064.stdout:/usr/bin/ceph: stderr
2024-04-22T06:34:39.199+0000 7fcc07ba2700 1 --2- >> [v2:172.21.15.64:3300/0,v1:172.21.15.64:6789/0] conn(0x7fcc0010a650 0x7fcc0019e600 unknown :-1 s=NONE pgs=0 cs=0 l=1 rev1=0 crypto rx=0 tx=0 comp rx=0 tx=0).connect
2024-04-22T06:34:40.083 INFO:teuthology.orchestra.run.smithi064.stdout:/usr/bin/ceph: stderr
2024-04-22T06:34:39.199+0000 7fcc07ba2700 1 -- --> [v2:172.21.15.64:3300/0,v1:172.21.15.64:6789/0] -- mon_getmap magic: 0 -- 0x7fcc0010ebb0 con 0x7fcc0010a650
2024-04-22T06:34:40.084 INFO:teuthology.orchestra.run.smithi064.stdout:/usr/bin/ceph: stderr
2024-04-22T06:34:39.199+0000 7fcc0593e700 1 --2- >> [v2:172.21.15.64:3300/0,v1:172.21.15.64:6789/0] conn(0x7fcc0010a650 0x7fcc0019e600 unknown :-1 s=BANNER_CONNECTING pgs=0 cs=0 l=1 rev1=0 crypto rx=0 tx=0 comp rx=0 tx=0)._handle_peer_banner_payload supported=3 required=0
2024-04-22T06:34:40.084 INFO:teuthology.orchestra.run.smithi064.stdout:/usr/bin/ceph: stderr
2024-04-22T06:34:39.199+0000 7fcc0593e700 1 --2- >> [v2:172.21.15.64:3300/0,v1:172.21.15.64:6789/0] conn(0x7fcc0010a650 0x7fcc0019e600 unknown :-1 s=HELLO_CONNECTING pgs=0 cs=0 l=1 rev1=1 crypto rx=0 tx=0 comp rx=0 tx=0).handle_hello peer v2:172.21.15.64:3300/0 says I am v2:172.21.15.64:56770/0 (socket says 172.21.15.64:56770)
2024-04-22T06:34:40.084 INFO:teuthology.orchestra.run.smithi064.stdout:/usr/bin/ceph: stderr
2024-04-22T06:34:39.199+0000 7fcc0593e700 1 -- 172.21.15.64:0/2859422125 learned_addr learned my addr 172.21.15.64:0/2859422125 (peer_addr_for_me v2:172.21.15.64:0/0)
2024-04-22T06:34:40.084 INFO:teuthology.orchestra.run.smithi064.stdout:/usr/bin/ceph: stderr
2024-04-22T06:34:39.199+0000 7fcc0593e700 1 -- 172.21.15.64:0/2859422125 --> [v2:172.21.15.64:3300/0,v1:172.21.15.64:6789/0] -- mon_subscribe({config=0+,monmap=0+}) -- 0x7fcc0019eb40 con 0x7fcc0010a650
2024-04-22T06:34:40.084 INFO:teuthology.orchestra.run.smithi064.stdout:/usr/bin/ceph: stderr
2024-04-22T06:34:39.200+0000 7fcc0593e700 1 --2- 172.21.15.64:0/2859422125 >> [v2:172.21.15.64:3300/0,v1:172.21.15.64:6789/0] conn(0x7fcc0010a650 0x7fcc0019e600 secure :-1 s=READY pgs=19 cs=0 l=1 rev1=1 crypto rx=0x7fcbf80072a0 tx=0x7fcbf800bdc0 comp rx=0 tx=0).ready entity=mon.0 client_cookie=0 server_cookie=0 in_seq=0 out_seq=0
2024-04-22T06:34:40.084 INFO:teuthology.orchestra.run.smithi064.stdout:/usr/bin/ceph: stderr
2024-04-22T06:34:39.200+0000 7fcbfeffd700 1 -- 172.21.15.64:0/2859422125 <== mon.0 v2:172.21.15.64:3300/0 1 ==== mon_map magic: 0 ==== 205+0+0 (secure 0 0 0) 0x7fcbf8020020 con 0x7fcc0010a650
2024-04-22T06:34:40.084 INFO:teuthology.orchestra.run.smithi064.stdout:/usr/bin/ceph: stderr
2024-04-22T06:34:39.200+0000 7fcbfeffd700 1 -- 172.21.15.64:0/2859422125 <== mon.0 v2:172.21.15.64:3300/0 2 ==== config(26 keys) ==== 1070+0+0 (secure 0 0 0) 0x7fcbf8012430 con 0x7fcc0010a650
2024-04-22T06:34:40.084 INFO:teuthology.orchestra.run.smithi064.stdout:/usr/bin/ceph: stderr
2024-04-22T06:34:39.200+0000 7fcbfeffd700 1 -- 172.21.15.64:0/2859422125 <== mon.0 v2:172.21.15.64:3300/0 3 ==== mon_map magic: 0 ==== 205+0+0 (secure 0 0 0) 0x7fcbf8017040 con 0x7fcc0010a650
2024-04-22T06:34:40.084 INFO:teuthology.orchestra.run.smithi064.stdout:/usr/bin/ceph: stderr
2024-04-22T06:34:39.200+0000 7fcc07ba2700 1 -- 172.21.15.64:0/2859422125 --> [v2:172.21.15.64:3300/0,v1:172.21.15.64:6789/0] -- mon_subscribe({mgrmap=0+}) -- 0x7fcc0019edd0 con 0x7fcc0010a650
2024-04-22T06:34:40.084 INFO:teuthology.orchestra.run.smithi064.stdout:/usr/bin/ceph: stderr
2024-04-22T06:34:39.200+0000 7fcc07ba2700 1 -- 172.21.15.64:0/2859422125 --> [v2:172.21.15.64:3300/0,v1:172.21.15.64:6789/0] -- mon_subscribe({osdmap=0}) -- 0x7fcc001a1ac0 con 0x7fcc0010a650
2024-04-22T06:34:40.084 INFO:teuthology.orchestra.run.smithi064.stdout:/usr/bin/ceph: stderr
2024-04-22T06:34:39.201+0000 7fcc07ba2700 1 -- 172.21.15.64:0/2859422125 --> [v2:172.21.15.64:3300/0,v1:172.21.15.64:6789/0] -- mon_command({"prefix": "get_command_descriptions"} v 0) -- 0x7fcc000640a0 con 0x7fcc0010a650
2024-04-22T06:34:40.084 INFO:teuthology.orchestra.run.smithi064.stdout:/usr/bin/ceph: stderr
2024-04-22T06:34:39.201+0000 7fcbfeffd700 1 -- 172.21.15.64:0/2859422125 <== mon.0 v2:172.21.15.64:3300/0 4 ==== mgrmap(e 4) ==== 46547+0+0 (secure 0 0 0) 0x7fcbf8023020 con 0x7fcc0010a650
2024-04-22T06:34:40.084 INFO:teuthology.orchestra.run.smithi064.stdout:/usr/bin/ceph: stderr
2024-04-22T06:34:39.201+0000 7fcbfeffd700 1 --2- 172.21.15.64:0/2859422125 >> [v2:172.21.15.64:6800/1502489150,v1:172.21.15.64:6801/1502489150] conn(0x7fcbe8039560 0x7fcbe803ba20 unknown :-1 s=NONE pgs=0 cs=0 l=1 rev1=0 crypto rx=0 tx=0 comp rx=0 tx=0).connect
2024-04-22T06:34:40.084 INFO:teuthology.orchestra.run.smithi064.stdout:/usr/bin/ceph: stderr
2024-04-22T06:34:39.201+0000 7fcbfeffd700 1 -- 172.21.15.64:0/2859422125 <== mon.0 v2:172.21.15.64:3300/0 5 ==== osd_map(1..1 src has 1..1) ==== 725+0+0 (secure 0 0 0) 0x7fcbf800f050 con 0x7fcc0010a650
2024-04-22T06:34:40.085 INFO:teuthology.orchestra.run.smithi064.stdout:/usr/bin/ceph: stderr
2024-04-22T06:34:39.201+0000 7fcc0513d700 1 --2- 172.21.15.64:0/2859422125 >> [v2:172.21.15.64:6800/1502489150,v1:172.21.15.64:6801/1502489150] conn(0x7fcbe8039560 0x7fcbe803ba20 unknown :-1 s=BANNER_CONNECTING pgs=0 cs=0 l=1 rev1=0 crypto rx=0 tx=0 comp rx=0 tx=0)._handle_peer_banner_payload supported=3 required=0
2024-04-22T06:34:40.085 INFO:teuthology.orchestra.run.smithi064.stdout:/usr/bin/ceph: stderr
2024-04-22T06:34:39.202+0000 7fcc0513d700 1 --2- 172.21.15.64:0/2859422125 >> [v2:172.21.15.64:6800/1502489150,v1:172.21.15.64:6801/1502489150] conn(0x7fcbe8039560 0x7fcbe803ba20 secure :-1 s=READY pgs=6 cs=0 l=1 rev1=1 crypto rx=0x7fcbf4006fd0 tx=0x7fcbf4006e40 comp rx=0 tx=0).ready entity=mgr.14100 client_cookie=0 server_cookie=0 in_seq=0 out_seq=0
2024-04-22T06:34:40.085 INFO:teuthology.orchestra.run.smithi064.stdout:/usr/bin/ceph: stderr
2024-04-22T06:34:39.206+0000 7fcbfeffd700 1 -- 172.21.15.64:0/2859422125 <== mon.0 v2:172.21.15.64:3300/0 6 ==== mon_command_ack([{"prefix": "get_command_descriptions"}]=0 v0) ==== 72+0+188370 (secure 0 0 0) 0x7fcbf802a020 con 0x7fcc0010a650
2024-04-22T06:34:40.085 INFO:teuthology.orchestra.run.smithi064.stdout:/usr/bin/ceph: stderr
2024-04-22T06:34:39.499+0000 7fcc07ba2700 1 -- 172.21.15.64:0/2859422125 --> [v2:172.21.15.64:3300/0,v1:172.21.15.64:6789/0] -- mon_command({"prefix": "status", "format": "json-pretty"} v 0) -- 0x7fcc001a1d30 con 0x7fcc0010a650
2024-04-22T06:34:40.085 INFO:teuthology.orchestra.run.smithi064.stdout:/usr/bin/ceph: stderr
2024-04-22T06:34:39.500+0000 7fcbfeffd700 1 -- 172.21.15.64:0/2859422125 <== mon.0 v2:172.21.15.64:3300/0 7 ==== mon_command_ack([{"prefix": "status", "format": "json-pretty"}]=0 v0) ==== 79+0+1239 (secure 0 0 0) 0x7fcbf802d350 con 0x7fcc0010a650
2024-04-22T06:34:40.085 INFO:teuthology.orchestra.run.smithi064.stdout:/usr/bin/ceph: stderr
2024-04-22T06:34:39.502+0000 7fcc07ba2700 1 -- 172.21.15.64:0/2859422125 >> [v2:172.21.15.64:6800/1502489150,v1:172.21.15.64:6801/1502489150] conn(0x7fcbe8039560 msgr2=0x7fcbe803ba20 secure :-1 s=STATE_CONNECTION_ESTABLISHED l=1).mark_down
2024-04-22T06:34:40.085 INFO:teuthology.orchestra.run.smithi064.stdout:/usr/bin/ceph: stderr
2024-04-22T06:34:39.502+0000 7fcc07ba2700 1 --2- 172.21.15.64:0/2859422125 >> [v2:172.21.15.64:6800/1502489150,v1:172.21.15.64:6801/1502489150] conn(0x7fcbe8039560 0x7fcbe803ba20 secure :-1 s=READY pgs=6 cs=0 l=1 rev1=1 crypto rx=0x7fcbf4006fd0 tx=0x7fcbf4006e40 comp rx=0 tx=0).stop
2024-04-22T06:34:40.085 INFO:teuthology.orchestra.run.smithi064.stdout:/usr/bin/ceph: stderr
2024-04-22T06:34:39.502+0000 7fcc07ba2700 1 -- 172.21.15.64:0/2859422125 >> [v2:172.21.15.64:3300/0,v1:172.21.15.64:6789/0] conn(0x7fcc0010a650 msgr2=0x7fcc0019e600 secure :-1 s=STATE_CONNECTION_ESTABLISHED l=1).mark_down
2024-04-22T06:34:40.085 INFO:teuthology.orchestra.run.smithi064.stdout:/usr/bin/ceph: stderr
2024-04-22T06:34:39.502+0000 7fcc07ba2700 1 --2- 172.21.15.64:0/2859422125 >> [v2:172.21.15.64:3300/0,v1:172.21.15.64:6789/0] conn(0x7fcc0010a650 0x7fcc0019e600 secure :-1 s=READY pgs=19 cs=0 l=1 rev1=1 crypto rx=0x7fcbf80072a0 tx=0x7fcbf800bdc0 comp rx=0 tx=0).stop
2024-04-22T06:34:40.085 INFO:teuthology.orchestra.run.smithi064.stdout:/usr/bin/ceph: stderr
2024-04-22T06:34:39.502+0000 7fcc07ba2700 1 -- 172.21.15.64:0/2859422125 shutdown_connections
2024-04-22T06:34:40.085 INFO:teuthology.orchestra.run.smithi064.stdout:/usr/bin/ceph: stderr
2024-04-22T06:34:39.502+0000 7fcc07ba2700 1 --2- 172.21.15.64:0/2859422125 >> [v2:172.21.15.64:6800/1502489150,v1:172.21.15.64:6801/1502489150] conn(0x7fcbe8039560 0x7fcbe803ba20 unknown :-1 s=CLOSED pgs=6 cs=0 l=1 rev1=1 crypto rx=0 tx=0 comp rx=0 tx=0).stop
2024-04-22T06:34:40.085 INFO:teuthology.orchestra.run.smithi064.stdout:/usr/bin/ceph: stderr
2024-04-22T06:34:39.502+0000 7fcc07ba2700 1 --2- 172.21.15.64:0/2859422125 >> [v2:172.21.15.64:3300/0,v1:172.21.15.64:6789/0] conn(0x7fcc0010a650 0x7fcc0019e600 unknown :-1 s=CLOSED pgs=19 cs=0 l=1 rev1=1 crypto rx=0 tx=0 comp rx=0 tx=0).stop
2024-04-22T06:34:40.085 INFO:teuthology.orchestra.run.smithi064.stdout:/usr/bin/ceph: stderr
2024-04-22T06:34:39.502+0000 7fcc07ba2700 1 -- 172.21.15.64:0/2859422125 >> 172.21.15.64:0/2859422125 conn(0x7fcc0007dc20 msgr2=0x7fcc00107cd0 unknown :-1 s=STATE_NONE l=0).mark_down
2024-04-22T06:34:40.085 INFO:teuthology.orchestra.run.smithi064.stdout:/usr/bin/ceph: stderr
2024-04-22T06:34:39.502+0000 7fcc07ba2700 1 -- 172.21.15.64:0/2859422125 shutdown_connections
2024-04-22T06:34:40.085 INFO:teuthology.orchestra.run.smithi064.stdout:/usr/bin/ceph: stderr
2024-04-22T06:34:39.502+0000 7fcc07ba2700 1 -- 172.21.15.64:0/2859422125 wait complete.
2024-04-22T06:34:40.086 INFO:teuthology.orchestra.run.smithi064.stdout:mgr is available
2024-04-22T06:34:41.422 INFO:journalctl@ceph.mon.a.smithi064.stdout:Apr 22 06:34:40 smithi064 ceph-mon[27995]: from='client.? 172.21.15.64:0/9510403' entity='client.admin' cmd=[{"prefix": "config assimilate-conf"}]: dispatch
2024-04-22T06:34:46.279 INFO:teuthology.orchestra.run.smithi064.stdout:/usr/bin/ceph: stdout
2024-04-22T06:34:46.279 INFO:teuthology.orchestra.run.smithi064.stdout:/usr/bin/ceph: stdout [global]
2024-04-22T06:34:46.279 INFO:teuthology.orchestra.run.smithi064.stdout:/usr/bin/ceph: stdout fsid = 1fa47202-0072-11ef-bc93-c7b262605968
2024-04-22T06:34:46.279 INFO:teuthology.orchestra.run.smithi064.stdout:/usr/bin/ceph: stdout mon_cluster_log_file_level = debug
2024-04-22T06:34:46.279 INFO:teuthology.orchestra.run.smithi064.stdout:/usr/bin/ceph: stdout mon_osd_allow_pg_remap = true
2024-04-22T06:34:46.279 INFO:teuthology.orchestra.run.smithi064.stdout:/usr/bin/ceph: stdout mon_osd_allow_primary_affinity = true
2024-04-22T06:34:46.279 INFO:teuthology.orchestra.run.smithi064.stdout:/usr/bin/ceph: stdout mon_warn_on_no_sortbitwise = false
2024-04-22T06:34:46.279 INFO:teuthology.orchestra.run.smithi064.stdout:/usr/bin/ceph: stdout osd_crush_chooseleaf_type = 0
2024-04-22T06:34:46.279 INFO:teuthology.orchestra.run.smithi064.stdout:/usr/bin/ceph: stdout
2024-04-22T06:34:46.279 INFO:teuthology.orchestra.run.smithi064.stdout:/usr/bin/ceph: stdout [mgr]
2024-04-22T06:34:46.279 INFO:teuthology.orchestra.run.smithi064.stdout:/usr/bin/ceph: stdout mgr/telemetry/nag = false
2024-04-22T06:34:46.280 INFO:teuthology.orchestra.run.smithi064.stdout:/usr/bin/ceph: stdout
2024-04-22T06:34:46.280 INFO:teuthology.orchestra.run.smithi064.stdout:/usr/bin/ceph: stdout [osd]
2024-04-22T06:34:46.280 INFO:teuthology.orchestra.run.smithi064.stdout:/usr/bin/ceph: stdout mon_osd_backfillfull_ratio = 0.85
2024-04-22T06:34:46.280 INFO:teuthology.orchestra.run.smithi064.stdout:/usr/bin/ceph: stdout mon_osd_full_ratio = 0.9
2024-04-22T06:34:46.280 INFO:teuthology.orchestra.run.smithi064.stdout:/usr/bin/ceph: stdout mon_osd_nearfull_ratio = 0.8
2024-04-22T06:34:46.280 INFO:teuthology.orchestra.run.smithi064.stdout:/usr/bin/ceph: stdout osd_map_max_advance = 10
2024-04-22T06:34:46.280 INFO:teuthology.orchestra.run.smithi064.stdout:/usr/bin/ceph: stdout osd_sloppy_crc = true
2024-04-22T06:34:46.280 INFO:teuthology.orchestra.run.smithi064.stdout:/usr/bin/ceph: stderr
2024-04-22T06:34:40.439+0000 7f7427905700 1 Processor -- start
2024-04-22T06:34:46.280 INFO:teuthology.orchestra.run.smithi064.stdout:/usr/bin/ceph: stderr
2024-04-22T06:34:40.440+0000 7f7427905700 1 -- start start
2024-04-22T06:34:46.280 INFO:teuthology.orchestra.run.smithi064.stdout:/usr/bin/ceph: stderr
2024-04-22T06:34:40.440+0000 7f7427905700 1 --2- >> [v2:172.21.15.64:3300/0,v1:172.21.15.64:6789/0] conn(0x7f7420108ec0 0x7f742010b2b0 unknown :-1 s=NONE pgs=0 cs=0 l=0 rev1=0 crypto rx=0 tx=0 comp rx=0 tx=0).connect
2024-04-22T06:34:46.280 INFO:teuthology.orchestra.run.smithi064.stdout:/usr/bin/ceph: stderr
2024-04-22T06:34:40.440+0000 7f7427905700 1 -- --> [v2:172.21.15.64:3300/0,v1:172.21.15.64:6789/0] -- mon_getmap magic: 0 -- 0x7f742007be60 con 0x7f7420108ec0
2024-04-22T06:34:46.280 INFO:teuthology.orchestra.run.smithi064.stdout:/usr/bin/ceph: stderr
2024-04-22T06:34:40.440+0000 7f74256a1700 1 --2- >> [v2:172.21.15.64:3300/0,v1:172.21.15.64:6789/0] conn(0x7f7420108ec0 0x7f742010b2b0 unknown :-1 s=BANNER_CONNECTING pgs=0 cs=0 l=0 rev1=0 crypto rx=0 tx=0 comp rx=0 tx=0)._handle_peer_banner_payload supported=3 required=0
2024-04-22T06:34:46.280 INFO:teuthology.orchestra.run.smithi064.stdout:/usr/bin/ceph: stderr
2024-04-22T06:34:40.440+0000 7f74256a1700 1 --2- >> [v2:172.21.15.64:3300/0,v1:172.21.15.64:6789/0] conn(0x7f7420108ec0 0x7f742010b2b0 unknown :-1 s=HELLO_CONNECTING pgs=0 cs=0 l=0 rev1=1 crypto rx=0 tx=0 comp rx=0 tx=0).handle_hello peer v2:172.21.15.64:3300/0 says I am v2:172.21.15.64:56784/0 (socket says 172.21.15.64:56784)
2024-04-22T06:34:46.280 INFO:teuthology.orchestra.run.smithi064.stdout:/usr/bin/ceph: stderr
2024-04-22T06:34:40.440+0000 7f74256a1700 1 -- 172.21.15.64:0/3722975122 learned_addr learned my addr 172.21.15.64:0/3722975122 (peer_addr_for_me v2:172.21.15.64:0/0)
2024-04-22T06:34:46.280 INFO:teuthology.orchestra.run.smithi064.stdout:/usr/bin/ceph: stderr
2024-04-22T06:34:40.440+0000 7f74256a1700 1 -- 172.21.15.64:0/3722975122 --> [v2:172.21.15.64:3300/0,v1:172.21.15.64:6789/0] -- mon_subscribe({config=0+,monmap=0+}) -- 0x7f742010b7f0 con 0x7f7420108ec0
2024-04-22T06:34:46.281 INFO:teuthology.orchestra.run.smithi064.stdout:/usr/bin/ceph: stderr
2024-04-22T06:34:40.440+0000 7f74256a1700 1 --2- 172.21.15.64:0/3722975122 >> [v2:172.21.15.64:3300/0,v1:172.21.15.64:6789/0] conn(0x7f7420108ec0 0x7f742010b2b0 secure :-1 s=READY pgs=20 cs=0 l=1 rev1=1 crypto rx=0x7f74100098a0 tx=0x7f7410009bb0 comp rx=0 tx=0).ready entity=mon.0 client_cookie=93a493c5e5336c39 server_cookie=0 in_seq=0 out_seq=0
2024-04-22T06:34:46.281 INFO:teuthology.orchestra.run.smithi064.stdout:/usr/bin/ceph: stderr
2024-04-22T06:34:40.441+0000 7f7417fff700 1 -- 172.21.15.64:0/3722975122 <== mon.0 v2:172.21.15.64:3300/0 1 ==== mon_map magic: 0 ==== 205+0+0 (secure 0 0 0) 0x7f7410004160 con 0x7f7420108ec0
2024-04-22T06:34:46.281 INFO:teuthology.orchestra.run.smithi064.stdout:/usr/bin/ceph: stderr
2024-04-22T06:34:40.441+0000 7f7417fff700 1 -- 172.21.15.64:0/3722975122 <== mon.0 v2:172.21.15.64:3300/0 2 ==== config(26 keys) ==== 1070+0+0 (secure 0 0 0) 0x7f7410004300 con 0x7f7420108ec0
2024-04-22T06:34:46.281 INFO:teuthology.orchestra.run.smithi064.stdout:/usr/bin/ceph: stderr
2024-04-22T06:34:40.441+0000 7f7417fff700 1 -- 172.21.15.64:0/3722975122 <== mon.0 v2:172.21.15.64:3300/0 3 ==== mon_map magic: 0 ==== 205+0+0 (secure 0 0 0) 0x7f7410011af0 con 0x7f7420108ec0
2024-04-22T06:34:46.281 INFO:teuthology.orchestra.run.smithi064.stdout:/usr/bin/ceph: stderr
2024-04-22T06:34:40.441+0000 7f7427905700 1 -- 172.21.15.64:0/3722975122 >> [v2:172.21.15.64:3300/0,v1:172.21.15.64:6789/0] conn(0x7f7420108ec0 msgr2=0x7f742010b2b0 secure :-1 s=STATE_CONNECTION_ESTABLISHED l=1).mark_down
2024-04-22T06:34:46.281 INFO:teuthology.orchestra.run.smithi064.stdout:/usr/bin/ceph: stderr
2024-04-22T06:34:40.441+0000 7f7427905700 1 --2- 172.21.15.64:0/3722975122 >> [v2:172.21.15.64:3300/0,v1:172.21.15.64:6789/0] conn(0x7f7420108ec0 0x7f742010b2b0 secure :-1 s=READY pgs=20 cs=0 l=1 rev1=1 crypto rx=0x7f74100098a0 tx=0x7f7410009bb0 comp rx=0 tx=0).stop
2024-04-22T06:34:46.281 INFO:teuthology.orchestra.run.smithi064.stdout:/usr/bin/ceph: stderr
2024-04-22T06:34:40.441+0000 7f7427905700 1 -- 172.21.15.64:0/3722975122 shutdown_connections
2024-04-22T06:34:46.281 INFO:teuthology.orchestra.run.smithi064.stdout:/usr/bin/ceph: stderr
2024-04-22T06:34:40.441+0000 7f7427905700 1 --2- 172.21.15.64:0/3722975122 >> [v2:172.21.15.64:3300/0,v1:172.21.15.64:6789/0] conn(0x7f7420108ec0 0x7f742010b2b0 unknown :-1 s=CLOSED pgs=20 cs=0 l=1 rev1=1 crypto rx=0 tx=0 comp rx=0 tx=0).stop
2024-04-22T06:34:46.281 INFO:teuthology.orchestra.run.smithi064.stdout:/usr/bin/ceph: stderr
2024-04-22T06:34:40.441+0000 7f7427905700 1 -- 172.21.15.64:0/3722975122 >> 172.21.15.64:0/3722975122 conn(0x7f7420102910 msgr2=0x7f7420104d30 unknown :-1 s=STATE_NONE l=0).mark_down
2024-04-22T06:34:46.281 INFO:teuthology.orchestra.run.smithi064.stdout:/usr/bin/ceph: stderr
2024-04-22T06:34:40.441+0000 7f7427905700 1 -- 172.21.15.64:0/3722975122 shutdown_connections
2024-04-22T06:34:46.281 INFO:teuthology.orchestra.run.smithi064.stdout:/usr/bin/ceph: stderr
2024-04-22T06:34:40.441+0000 7f7427905700 1 -- 172.21.15.64:0/3722975122 wait complete.
2024-04-22T06:34:46.281 INFO:teuthology.orchestra.run.smithi064.stdout:/usr/bin/ceph: stderr
2024-04-22T06:34:40.442+0000 7f7427905700 1 Processor -- start
2024-04-22T06:34:46.281 INFO:teuthology.orchestra.run.smithi064.stdout:/usr/bin/ceph: stderr
2024-04-22T06:34:40.442+0000 7f7427905700 1 -- start start
2024-04-22T06:34:46.281 INFO:teuthology.orchestra.run.smithi064.stdout:/usr/bin/ceph: stderr
2024-04-22T06:34:40.442+0000 7f7427905700 1 --2- >> [v2:172.21.15.64:3300/0,v1:172.21.15.64:6789/0] conn(0x7f7420108ec0 0x7f742019c3c0 unknown :-1 s=NONE pgs=0 cs=0 l=1 rev1=0 crypto rx=0 tx=0 comp rx=0 tx=0).connect
2024-04-22T06:34:46.282 INFO:teuthology.orchestra.run.smithi064.stdout:/usr/bin/ceph: stderr
2024-04-22T06:34:40.442+0000 7f7427905700 1 -- --> [v2:172.21.15.64:3300/0,v1:172.21.15.64:6789/0] -- mon_getmap magic: 0 -- 0x7f742010c760 con 0x7f7420108ec0
2024-04-22T06:34:46.282 INFO:teuthology.orchestra.run.smithi064.stdout:/usr/bin/ceph: stderr
2024-04-22T06:34:40.442+0000 7f74256a1700 1 --2- >> [v2:172.21.15.64:3300/0,v1:172.21.15.64:6789/0] conn(0x7f7420108ec0 0x7f742019c3c0 unknown :-1 s=BANNER_CONNECTING pgs=0 cs=0 l=1 rev1=0 crypto rx=0 tx=0 comp rx=0 tx=0)._handle_peer_banner_payload supported=3 required=0
2024-04-22T06:34:46.282 INFO:teuthology.orchestra.run.smithi064.stdout:/usr/bin/ceph: stderr
2024-04-22T06:34:40.442+0000 7f74256a1700 1 --2- >> [v2:172.21.15.64:3300/0,v1:172.21.15.64:6789/0] conn(0x7f7420108ec0 0x7f742019c3c0 unknown :-1 s=HELLO_CONNECTING pgs=0 cs=0 l=1 rev1=1 crypto rx=0 tx=0 comp rx=0 tx=0).handle_hello peer v2:172.21.15.64:3300/0 says I am v2:172.21.15.64:56792/0 (socket says 172.21.15.64:56792)
2024-04-22T06:34:46.282 INFO:teuthology.orchestra.run.smithi064.stdout:/usr/bin/ceph: stderr
2024-04-22T06:34:40.442+0000 7f74256a1700 1 -- 172.21.15.64:0/9510403 learned_addr learned my addr 172.21.15.64:0/9510403 (peer_addr_for_me v2:172.21.15.64:0/0)
2024-04-22T06:34:46.282 INFO:teuthology.orchestra.run.smithi064.stdout:/usr/bin/ceph: stderr
2024-04-22T06:34:40.442+0000 7f74256a1700 1 -- 172.21.15.64:0/9510403 --> [v2:172.21.15.64:3300/0,v1:172.21.15.64:6789/0] -- mon_subscribe({config=0+,monmap=0+}) -- 0x7f742019c900 con 0x7f7420108ec0
2024-04-22T06:34:46.282 INFO:teuthology.orchestra.run.smithi064.stdout:/usr/bin/ceph: stderr
2024-04-22T06:34:40.443+0000 7f74256a1700 1 --2- 172.21.15.64:0/9510403 >> [v2:172.21.15.64:3300/0,v1:172.21.15.64:6789/0] conn(0x7f7420108ec0 0x7f742019c3c0 secure :-1 s=READY pgs=21 cs=0 l=1 rev1=1 crypto rx=0x7f7410009fb0 tx=0x7f7410011940 comp rx=0 tx=0).ready entity=mon.0 client_cookie=0 server_cookie=0 in_seq=0 out_seq=0
2024-04-22T06:34:46.282 INFO:teuthology.orchestra.run.smithi064.stdout:/usr/bin/ceph: stderr
2024-04-22T06:34:40.443+0000 7f74167fc700 1 -- 172.21.15.64:0/9510403 <== mon.0 v2:172.21.15.64:3300/0 1 ==== mon_map magic: 0 ==== 205+0+0 (secure 0 0 0) 0x7f74100036a0 con 0x7f7420108ec0
2024-04-22T06:34:46.282 INFO:teuthology.orchestra.run.smithi064.stdout:/usr/bin/ceph: stderr
2024-04-22T06:34:40.443+0000 7f74167fc700 1 -- 172.21.15.64:0/9510403 <== mon.0 v2:172.21.15.64:3300/0 2 ==== config(26 keys) ==== 1070+0+0 (secure 0 0 0) 0x7f741001a430 con 0x7f7420108ec0
2024-04-22T06:34:46.282 INFO:teuthology.orchestra.run.smithi064.stdout:/usr/bin/ceph: stderr
2024-04-22T06:34:40.443+0000 7f74167fc700 1 -- 172.21.15.64:0/9510403 <== mon.0 v2:172.21.15.64:3300/0 3 ==== mon_map magic: 0 ==== 205+0+0 (secure 0 0 0) 0x7f7410019550 con 0x7f7420108ec0
2024-04-22T06:34:46.282 INFO:teuthology.orchestra.run.smithi064.stdout:/usr/bin/ceph: stderr
2024-04-22T06:34:40.443+0000 7f7427905700 1 -- 172.21.15.64:0/9510403 --> [v2:172.21.15.64:3300/0,v1:172.21.15.64:6789/0] -- mon_subscribe({mgrmap=0+}) -- 0x7f742019cb90 con 0x7f7420108ec0
2024-04-22T06:34:46.282 INFO:teuthology.orchestra.run.smithi064.stdout:/usr/bin/ceph: stderr
2024-04-22T06:34:40.443+0000 7f7427905700 1 -- 172.21.15.64:0/9510403 --> [v2:172.21.15.64:3300/0,v1:172.21.15.64:6789/0] -- mon_subscribe({osdmap=0}) -- 0x7f742019f880 con 0x7f7420108ec0
2024-04-22T06:34:46.282 INFO:teuthology.orchestra.run.smithi064.stdout:/usr/bin/ceph: stderr
2024-04-22T06:34:40.444+0000 7f74167fc700 1 -- 172.21.15.64:0/9510403 <== mon.0 v2:172.21.15.64:3300/0 4 ==== mgrmap(e 4) ==== 46547+0+0 (secure 0 0 0) 0x7f7410003840 con 0x7f7420108ec0
2024-04-22T06:34:46.282 INFO:teuthology.orchestra.run.smithi064.stdout:/usr/bin/ceph: stderr
2024-04-22T06:34:40.444+0000 7f7427905700 1 -- 172.21.15.64:0/9510403 --> [v2:172.21.15.64:3300/0,v1:172.21.15.64:6789/0] -- mon_command({"prefix": "get_command_descriptions"} v 0) -- 0x7f74200640a0 con 0x7f7420108ec0
2024-04-22T06:34:46.283 INFO:teuthology.orchestra.run.smithi064.stdout:/usr/bin/ceph: stderr
2024-04-22T06:34:40.444+0000 7f74167fc700 1 --2- 172.21.15.64:0/9510403 >> [v2:172.21.15.64:6800/1502489150,v1:172.21.15.64:6801/1502489150] conn(0x7f740c039510 0x7f740c03b9d0 unknown :-1 s=NONE pgs=0 cs=0 l=1 rev1=0 crypto rx=0 tx=0 comp rx=0 tx=0).connect
2024-04-22T06:34:46.283 INFO:teuthology.orchestra.run.smithi064.stdout:/usr/bin/ceph: stderr
2024-04-22T06:34:40.444+0000 7f74167fc700 1 -- 172.21.15.64:0/9510403 <== mon.0 v2:172.21.15.64:3300/0 5 ==== osd_map(1..1 src has 1..1) ==== 725+0+0 (secure 0 0 0) 0x7f741004d890 con 0x7f7420108ec0
2024-04-22T06:34:46.283 INFO:teuthology.orchestra.run.smithi064.stdout:/usr/bin/ceph: stderr
2024-04-22T06:34:40.444+0000 7f7424ea0700 1 --2- 172.21.15.64:0/9510403 >> [v2:172.21.15.64:6800/1502489150,v1:172.21.15.64:6801/1502489150] conn(0x7f740c039510 0x7f740c03b9d0 unknown :-1 s=BANNER_CONNECTING pgs=0 cs=0 l=1 rev1=0 crypto rx=0 tx=0 comp rx=0 tx=0)._handle_peer_banner_payload supported=3 required=0
2024-04-22T06:34:46.283 INFO:teuthology.orchestra.run.smithi064.stdout:/usr/bin/ceph: stderr
2024-04-22T06:34:40.444+0000 7f7424ea0700 1 --2- 172.21.15.64:0/9510403 >> [v2:172.21.15.64:6800/1502489150,v1:172.21.15.64:6801/1502489150] conn(0x7f740c039510 0x7f740c03b9d0 secure :-1 s=READY pgs=7 cs=0 l=1 rev1=1 crypto rx=0x7f741c006fd0 tx=0x7f741c006e40 comp rx=0 tx=0).ready entity=mgr.14100 client_cookie=0 server_cookie=0 in_seq=0 out_seq=0
2024-04-22T06:34:46.283 INFO:teuthology.orchestra.run.smithi064.stdout:/usr/bin/ceph: stderr
2024-04-22T06:34:40.449+0000 7f74167fc700 1 -- 172.21.15.64:0/9510403 <== mon.0 v2:172.21.15.64:3300/0 6 ==== mon_command_ack([{"prefix": "get_command_descriptions"}]=0 v0) ==== 72+0+188370 (secure 0 0 0) 0x7f7410016df0 con 0x7f7420108ec0
2024-04-22T06:34:46.283 INFO:teuthology.orchestra.run.smithi064.stdout:/usr/bin/ceph: stderr
2024-04-22T06:34:40.656+0000 7f7427905700 1 -- 172.21.15.64:0/9510403 --> [v2:172.21.15.64:3300/0,v1:172.21.15.64:6789/0] -- mon_command({"prefix": "config assimilate-conf"} v 0) -- 0x7f742019fa50 con 0x7f7420108ec0
2024-04-22T06:34:46.283 INFO:teuthology.orchestra.run.smithi064.stdout:/usr/bin/ceph: stderr
2024-04-22T06:34:40.657+0000 7f74167fc700 1 -- 172.21.15.64:0/9510403 <== mon.0 v2:172.21.15.64:3300/0 7 ==== mon_command_ack([{"prefix": "config assimilate-conf"}]=0 v3) ==== 70+0+409 (secure 0 0 0) 0x7f742019fa50 con 0x7f7420108ec0
2024-04-22T06:34:46.283 INFO:teuthology.orchestra.run.smithi064.stdout:/usr/bin/ceph: stderr
2024-04-22T06:34:40.660+0000 7f7427905700 1 -- 172.21.15.64:0/9510403 >> [v2:172.21.15.64:6800/1502489150,v1:172.21.15.64:6801/1502489150] conn(0x7f740c039510 msgr2=0x7f740c03b9d0 secure :-1 s=STATE_CONNECTION_ESTABLISHED l=1).mark_down
2024-04-22T06:34:46.283 INFO:teuthology.orchestra.run.smithi064.stdout:/usr/bin/ceph: stderr
2024-04-22T06:34:40.660+0000 7f7427905700 1 --2- 172.21.15.64:0/9510403 >> [v2:172.21.15.64:6800/1502489150,v1:172.21.15.64:6801/1502489150] conn(0x7f740c039510 0x7f740c03b9d0 secure :-1 s=READY pgs=7 cs=0 l=1 rev1=1 crypto rx=0x7f741c006fd0 tx=0x7f741c006e40 comp rx=0 tx=0).stop
2024-04-22T06:34:46.283 INFO:teuthology.orchestra.run.smithi064.stdout:/usr/bin/ceph: stderr
2024-04-22T06:34:40.660+0000 7f7427905700 1 -- 172.21.15.64:0/9510403 >> [v2:172.21.15.64:3300/0,v1:172.21.15.64:6789/0] conn(0x7f7420108ec0 msgr2=0x7f742019c3c0 secure :-1 s=STATE_CONNECTION_ESTABLISHED l=1).mark_down
2024-04-22T06:34:46.283 INFO:teuthology.orchestra.run.smithi064.stdout:/usr/bin/ceph: stderr
2024-04-22T06:34:40.660+0000 7f7427905700 1 --2- 172.21.15.64:0/9510403 >> [v2:172.21.15.64:3300/0,v1:172.21.15.64:6789/0] conn(0x7f7420108ec0 0x7f742019c3c0 secure :-1 s=READY pgs=21 cs=0 l=1 rev1=1 crypto rx=0x7f7410009fb0 tx=0x7f7410011940 comp rx=0 tx=0).stop
2024-04-22T06:34:46.283 INFO:teuthology.orchestra.run.smithi064.stdout:/usr/bin/ceph: stderr
2024-04-22T06:34:40.660+0000 7f7427905700 1 -- 172.21.15.64:0/9510403 shutdown_connections
2024-04-22T06:34:46.283 INFO:teuthology.orchestra.run.smithi064.stdout:/usr/bin/ceph: stderr
2024-04-22T06:34:40.660+0000 7f7427905700 1 --2- 172.21.15.64:0/9510403 >> [v2:172.21.15.64:6800/1502489150,v1:172.21.15.64:6801/1502489150] conn(0x7f740c039510 0x7f740c03b9d0 unknown :-1 s=CLOSED pgs=7 cs=0 l=1 rev1=1 crypto rx=0 tx=0 comp rx=0 tx=0).stop
2024-04-22T06:34:46.283 INFO:teuthology.orchestra.run.smithi064.stdout:/usr/bin/ceph: stderr
2024-04-22T06:34:40.660+0000 7f7427905700 1 --2- 172.21.15.64:0/9510403 >> [v2:172.21.15.64:3300/0,v1:172.21.15.64:6789/0] conn(0x7f7420108ec0 0x7f742019c3c0 unknown :-1 s=CLOSED pgs=21 cs=0 l=1 rev1=1 crypto rx=0 tx=0 comp rx=0 tx=0).stop
2024-04-22T06:34:46.283 INFO:teuthology.orchestra.run.smithi064.stdout:/usr/bin/ceph: stderr
2024-04-22T06:34:40.660+0000 7f7427905700 1 -- 172.21.15.64:0/9510403 >> 172.21.15.64:0/9510403 conn(0x7f7420102910 msgr2=0x7f74201034a0 unknown :-1 s=STATE_NONE l=0).mark_down
2024-04-22T06:34:46.284 INFO:teuthology.orchestra.run.smithi064.stdout:/usr/bin/ceph: stderr
2024-04-22T06:34:40.660+0000 7f7427905700 1 -- 172.21.15.64:0/9510403 shutdown_connections
2024-04-22T06:34:46.284 INFO:teuthology.orchestra.run.smithi064.stdout:/usr/bin/ceph: stderr
2024-04-22T06:34:40.660+0000 7f7427905700 1 -- 172.21.15.64:0/9510403 wait complete.
2024-04-22T06:34:46.284 INFO:teuthology.orchestra.run.smithi064.stdout:Enabling cephadm module...
2024-04-22T06:34:49.672 INFO:journalctl@ceph.mon.a.smithi064.stdout:Apr 22 06:34:49 smithi064 ceph-mon[27995]: from='client.? 172.21.15.64:0/3507209638' entity='client.admin' cmd=[{"prefix": "mgr module enable", "module": "cephadm"}]: dispatch
2024-04-22T06:34:49.672 INFO:journalctl@ceph.mgr.x.smithi064.stdout:Apr 22 06:34:49 smithi064 ceph-1fa47202-0072-11ef-bc93-c7b262605968-mgr-x[28227]: ignoring --setuser ceph since I am not root
2024-04-22T06:34:49.672 INFO:journalctl@ceph.mgr.x.smithi064.stdout:Apr 22 06:34:49 smithi064 ceph-1fa47202-0072-11ef-bc93-c7b262605968-mgr-x[28227]: ignoring --setgroup ceph since I am not root
2024-04-22T06:34:49.672 INFO:journalctl@ceph.mgr.x.smithi064.stdout:Apr 22 06:34:49 smithi064 ceph-1fa47202-0072-11ef-bc93-c7b262605968-mgr-x[28227]:
2024-04-22T06:34:49.521+0000 7fed226a2200 -1 mgr[py] Module balancer has missing NOTIFY_TYPES member
2024-04-22T06:34:49.927 INFO:teuthology.orchestra.run.smithi064.stdout:/usr/bin/ceph: stderr
2024-04-22T06:34:49.017+0000 7f9ac9613700 1 Processor -- start
2024-04-22T06:34:49.933 INFO:teuthology.orchestra.run.smithi064.stdout:/usr/bin/ceph: stderr
2024-04-22T06:34:49.017+0000 7f9ac9613700 1 -- start start
2024-04-22T06:34:49.933 INFO:teuthology.orchestra.run.smithi064.stdout:/usr/bin/ceph: stderr
2024-04-22T06:34:49.017+0000 7f9ac9613700 1 --2- >> [v2:172.21.15.64:3300/0,v1:172.21.15.64:6789/0] conn(0x7f9ac4108440 0x7f9ac4108860 unknown :-1 s=NONE pgs=0 cs=0 l=0 rev1=0 crypto rx=0 tx=0 comp rx=0 tx=0).connect
2024-04-22T06:34:49.933 INFO:teuthology.orchestra.run.smithi064.stdout:/usr/bin/ceph: stderr
2024-04-22T06:34:49.017+0000 7f9ac9613700 1 -- --> [v2:172.21.15.64:3300/0,v1:172.21.15.64:6789/0] -- mon_getmap magic: 0 -- 0x7f9ac4108e30 con 0x7f9ac4108440
2024-04-22T06:34:49.933 INFO:teuthology.orchestra.run.smithi064.stdout:/usr/bin/ceph: stderr
2024-04-22T06:34:49.018+0000 7f9ac2ffd700 1 --2- >> [v2:172.21.15.64:3300/0,v1:172.21.15.64:6789/0] conn(0x7f9ac4108440 0x7f9ac4108860 unknown :-1 s=BANNER_CONNECTING pgs=0 cs=0 l=0 rev1=0 crypto rx=0 tx=0 comp rx=0 tx=0)._handle_peer_banner_payload supported=3 required=0
2024-04-22T06:34:49.933 INFO:teuthology.orchestra.run.smithi064.stdout:/usr/bin/ceph: stderr
2024-04-22T06:34:49.018+0000 7f9ac2ffd700 1 --2- >> [v2:172.21.15.64:3300/0,v1:172.21.15.64:6789/0] conn(0x7f9ac4108440 0x7f9ac4108860 unknown :-1 s=HELLO_CONNECTING pgs=0 cs=0 l=0 rev1=1 crypto rx=0 tx=0 comp rx=0 tx=0).handle_hello peer v2:172.21.15.64:3300/0 says I am v2:172.21.15.64:37186/0 (socket says 172.21.15.64:37186)
2024-04-22T06:34:49.933 INFO:teuthology.orchestra.run.smithi064.stdout:/usr/bin/ceph: stderr
2024-04-22T06:34:49.018+0000 7f9ac2ffd700 1 -- 172.21.15.64:0/643078057 learned_addr learned my addr 172.21.15.64:0/643078057 (peer_addr_for_me v2:172.21.15.64:0/0)
2024-04-22T06:34:49.933 INFO:teuthology.orchestra.run.smithi064.stdout:/usr/bin/ceph: stderr
2024-04-22T06:34:49.018+0000 7f9ac2ffd700 1 -- 172.21.15.64:0/643078057 --> [v2:172.21.15.64:3300/0,v1:172.21.15.64:6789/0] -- mon_subscribe({config=0+,monmap=0+}) -- 0x7f9ac41095f0 con 0x7f9ac4108440
2024-04-22T06:34:49.933 INFO:teuthology.orchestra.run.smithi064.stdout:/usr/bin/ceph: stderr
2024-04-22T06:34:49.018+0000 7f9ac2ffd700 1 --2- 172.21.15.64:0/643078057 >> [v2:172.21.15.64:3300/0,v1:172.21.15.64:6789/0] conn(0x7f9ac4108440 0x7f9ac4108860 secure :-1 s=READY pgs=22 cs=0 l=1 rev1=1 crypto rx=0x7f9ab40098a0 tx=0x7f9ab4009bb0 comp rx=0 tx=0).ready entity=mon.0 client_cookie=d5e11c4c8490bf7d server_cookie=0 in_seq=0 out_seq=0
2024-04-22T06:34:49.933 INFO:teuthology.orchestra.run.smithi064.stdout:/usr/bin/ceph: stderr
2024-04-22T06:34:49.018+0000 7f9ac1ffb700 1 -- 172.21.15.64:0/643078057 <== mon.0 v2:172.21.15.64:3300/0 1 ==== mon_map magic: 0 ==== 205+0+0 (secure 0 0 0) 0x7f9ab4004160 con 0x7f9ac4108440
2024-04-22T06:34:49.933 INFO:teuthology.orchestra.run.smithi064.stdout:/usr/bin/ceph: stderr
2024-04-22T06:34:49.018+0000 7f9ac1ffb700 1 -- 172.21.15.64:0/643078057 <== mon.0 v2:172.21.15.64:3300/0 2 ==== config(26 keys) ==== 1070+0+0 (secure 0 0 0) 0x7f9ab4004300 con 0x7f9ac4108440
2024-04-22T06:34:49.933 INFO:teuthology.orchestra.run.smithi064.stdout:/usr/bin/ceph: stderr
2024-04-22T06:34:49.018+0000 7f9ac1ffb700 1 -- 172.21.15.64:0/643078057 <== mon.0 v2:172.21.15.64:3300/0 3 ==== mon_map magic: 0 ==== 205+0+0 (secure 0 0 0) 0x7f9ab4011af0 con 0x7f9ac4108440
2024-04-22T06:34:49.933 INFO:teuthology.orchestra.run.smithi064.stdout:/usr/bin/ceph: stderr
2024-04-22T06:34:49.019+0000 7f9ac9613700 1 -- 172.21.15.64:0/643078057 >> [v2:172.21.15.64:3300/0,v1:172.21.15.64:6789/0] conn(0x7f9ac4108440 msgr2=0x7f9ac4108860 secure :-1 s=STATE_CONNECTION_ESTABLISHED l=1).mark_down
2024-04-22T06:34:49.934 INFO:teuthology.orchestra.run.smithi064.stdout:/usr/bin/ceph: stderr
2024-04-22T06:34:49.019+0000 7f9ac9613700 1 --2- 172.21.15.64:0/643078057 >> [v2:172.21.15.64:3300/0,v1:172.21.15.64:6789/0] conn(0x7f9ac4108440 0x7f9ac4108860 secure :-1 s=READY pgs=22 cs=0 l=1 rev1=1 crypto rx=0x7f9ab40098a0 tx=0x7f9ab4009bb0 comp rx=0 tx=0).stop
2024-04-22T06:34:49.934 INFO:teuthology.orchestra.run.smithi064.stdout:/usr/bin/ceph: stderr
2024-04-22T06:34:49.019+0000 7f9ac9613700 1 -- 172.21.15.64:0/643078057 shutdown_connections
2024-04-22T06:34:49.934 INFO:teuthology.orchestra.run.smithi064.stdout:/usr/bin/ceph: stderr
2024-04-22T06:34:49.019+0000 7f9ac9613700 1 --2- 172.21.15.64:0/643078057 >> [v2:172.21.15.64:3300/0,v1:172.21.15.64:6789/0] conn(0x7f9ac4108440 0x7f9ac4108860 unknown :-1 s=CLOSED pgs=22 cs=0 l=1 rev1=1 crypto rx=0 tx=0 comp rx=0 tx=0).stop
2024-04-22T06:34:49.934 INFO:teuthology.orchestra.run.smithi064.stdout:/usr/bin/ceph: stderr
2024-04-22T06:34:49.019+0000 7f9ac9613700 1 -- 172.21.15.64:0/643078057 >> 172.21.15.64:0/643078057 conn(0x7f9ac4103ae0 msgr2=0x7f9ac4105f00 unknown :-1 s=STATE_NONE l=0).mark_down
2024-04-22T06:34:49.934 INFO:teuthology.orchestra.run.smithi064.stdout:/usr/bin/ceph: stderr
2024-04-22T06:34:49.019+0000 7f9ac9613700 1 -- 172.21.15.64:0/643078057 shutdown_connections
2024-04-22T06:34:49.934 INFO:teuthology.orchestra.run.smithi064.stdout:/usr/bin/ceph: stderr
2024-04-22T06:34:49.019+0000 7f9ac9613700 1 -- 172.21.15.64:0/643078057 wait complete.
2024-04-22T06:34:49.934 INFO:teuthology.orchestra.run.smithi064.stdout:/usr/bin/ceph: stderr
2024-04-22T06:34:49.019+0000 7f9ac9613700 1 Processor -- start
2024-04-22T06:34:49.934 INFO:teuthology.orchestra.run.smithi064.stdout:/usr/bin/ceph: stderr
2024-04-22T06:34:49.020+0000 7f9ac9613700 1 -- start start
2024-04-22T06:34:49.934 INFO:teuthology.orchestra.run.smithi064.stdout:/usr/bin/ceph: stderr
2024-04-22T06:34:49.020+0000 7f9ac9613700 1 --2- >> [v2:172.21.15.64:3300/0,v1:172.21.15.64:6789/0] conn(0x7f9ac4108440 0x7f9ac407db80 unknown :-1 s=NONE pgs=0 cs=0 l=1 rev1=0 crypto rx=0 tx=0 comp rx=0 tx=0).connect
2024-04-22T06:34:49.934 INFO:teuthology.orchestra.run.smithi064.stdout:/usr/bin/ceph: stderr
2024-04-22T06:34:49.020+0000 7f9ac9613700 1 -- --> [v2:172.21.15.64:3300/0,v1:172.21.15.64:6789/0] -- mon_getmap magic: 0 -- 0x7f9ac410c9a0 con 0x7f9ac4108440
2024-04-22T06:34:49.934 INFO:teuthology.orchestra.run.smithi064.stdout:/usr/bin/ceph: stderr
2024-04-22T06:34:49.020+0000 7f9ac2ffd700 1 --2- >> [v2:172.21.15.64:3300/0,v1:172.21.15.64:6789/0] conn(0x7f9ac4108440 0x7f9ac407db80 unknown :-1 s=BANNER_CONNECTING pgs=0 cs=0 l=1 rev1=0 crypto rx=0 tx=0 comp rx=0 tx=0)._handle_peer_banner_payload supported=3 required=0
2024-04-22T06:34:49.934 INFO:teuthology.orchestra.run.smithi064.stdout:/usr/bin/ceph: stderr
2024-04-22T06:34:49.020+0000 7f9ac2ffd700 1 --2- >> [v2:172.21.15.64:3300/0,v1:172.21.15.64:6789/0] conn(0x7f9ac4108440 0x7f9ac407db80 unknown :-1 s=HELLO_CONNECTING pgs=0 cs=0 l=1 rev1=1 crypto rx=0 tx=0 comp rx=0 tx=0).handle_hello peer v2:172.21.15.64:3300/0 says I am v2:172.21.15.64:37188/0 (socket says 172.21.15.64:37188)
2024-04-22T06:34:49.934 INFO:teuthology.orchestra.run.smithi064.stdout:/usr/bin/ceph: stderr
2024-04-22T06:34:49.020+0000 7f9ac2ffd700 1 -- 172.21.15.64:0/3507209638 learned_addr learned my addr 172.21.15.64:0/3507209638 (peer_addr_for_me v2:172.21.15.64:0/0)
2024-04-22T06:34:49.935 INFO:teuthology.orchestra.run.smithi064.stdout:/usr/bin/ceph: stderr
2024-04-22T06:34:49.020+0000 7f9ac2ffd700 1 -- 172.21.15.64:0/3507209638 --> [v2:172.21.15.64:3300/0,v1:172.21.15.64:6789/0] -- mon_subscribe({config=0+,monmap=0+}) -- 0x7f9ac407e0c0 con 0x7f9ac4108440
2024-04-22T06:34:49.935 INFO:teuthology.orchestra.run.smithi064.stdout:/usr/bin/ceph: stderr
2024-04-22T06:34:49.020+0000 7f9ac2ffd700 1 --2- 172.21.15.64:0/3507209638 >> [v2:172.21.15.64:3300/0,v1:172.21.15.64:6789/0] conn(0x7f9ac4108440 0x7f9ac407db80 secure :-1 s=READY pgs=23 cs=0 l=1 rev1=1 crypto rx=0x7f9ab4000c00 tx=0x7f9ab4011b70 comp rx=0 tx=0).ready entity=mon.0 client_cookie=0 server_cookie=0 in_seq=0 out_seq=0
2024-04-22T06:34:49.935 INFO:teuthology.orchestra.run.smithi064.stdout:/usr/bin/ceph: stderr
2024-04-22T06:34:49.021+0000 7f9aabfff700 1 -- 172.21.15.64:0/3507209638 <== mon.0 v2:172.21.15.64:3300/0 1 ==== mon_map magic: 0 ==== 205+0+0 (secure 0 0 0) 0x7f9ab4003b20 con 0x7f9ac4108440
2024-04-22T06:34:49.935 INFO:teuthology.orchestra.run.smithi064.stdout:/usr/bin/ceph: stderr
2024-04-22T06:34:49.021+0000 7f9aabfff700 1 -- 172.21.15.64:0/3507209638 <== mon.0 v2:172.21.15.64:3300/0 2 ==== config(26 keys) ==== 1070+0+0 (secure 0 0 0) 0x7f9ab401a8c0 con 0x7f9ac4108440
2024-04-22T06:34:49.935 INFO:teuthology.orchestra.run.smithi064.stdout:/usr/bin/ceph: stderr
2024-04-22T06:34:49.021+0000 7f9ac9613700 1 -- 172.21.15.64:0/3507209638 --> [v2:172.21.15.64:3300/0,v1:172.21.15.64:6789/0] -- mon_subscribe({mgrmap=0+}) -- 0x7f9ac407c2b0 con 0x7f9ac4108440
2024-04-22T06:34:49.935 INFO:teuthology.orchestra.run.smithi064.stdout:/usr/bin/ceph: stderr
2024-04-22T06:34:49.021+0000 7f9aabfff700 1 -- 172.21.15.64:0/3507209638 <== mon.0 v2:172.21.15.64:3300/0 3 ==== mon_map magic: 0 ==== 205+0+0 (secure 0 0 0) 0x7f9ab4024940 con 0x7f9ac4108440
2024-04-22T06:34:49.935 INFO:teuthology.orchestra.run.smithi064.stdout:/usr/bin/ceph: stderr
2024-04-22T06:34:49.021+0000 7f9ac9613700 1 -- 172.21.15.64:0/3507209638 --> [v2:172.21.15.64:3300/0,v1:172.21.15.64:6789/0] -- mon_subscribe({osdmap=0}) -- 0x7f9ac407c7f0 con 0x7f9ac4108440
2024-04-22T06:34:49.935 INFO:teuthology.orchestra.run.smithi064.stdout:/usr/bin/ceph: stderr
2024-04-22T06:34:49.021+0000 7f9aabfff700 1 -- 172.21.15.64:0/3507209638 <== mon.0 v2:172.21.15.64:3300/0 4 ==== mgrmap(e 4) ==== 46547+0+0 (secure 0 0 0) 0x7f9ab4022020 con 0x7f9ac4108440
2024-04-22T06:34:49.935 INFO:teuthology.orchestra.run.smithi064.stdout:/usr/bin/ceph: stderr
2024-04-22T06:34:49.022+0000 7f9aabfff700 1 --2- 172.21.15.64:0/3507209638 >> [v2:172.21.15.64:6800/1502489150,v1:172.21.15.64:6801/1502489150] conn(0x7f9aac039560 0x7f9aac03ba20 unknown :-1 s=NONE pgs=0 cs=0 l=1 rev1=0 crypto rx=0 tx=0 comp rx=0 tx=0).connect
2024-04-22T06:34:49.935 INFO:teuthology.orchestra.run.smithi064.stdout:/usr/bin/ceph: stderr
2024-04-22T06:34:49.022+0000 7f9aabfff700 1 -- 172.21.15.64:0/3507209638 <== mon.0 v2:172.21.15.64:3300/0 5 ==== osd_map(1..1 src has 1..1) ==== 725+0+0 (secure 0 0 0) 0x7f9ab404d4c0 con 0x7f9ac4108440
2024-04-22T06:34:49.935 INFO:teuthology.orchestra.run.smithi064.stdout:/usr/bin/ceph: stderr
2024-04-22T06:34:49.022+0000 7f9ac9613700 1 -- 172.21.15.64:0/3507209638 --> [v2:172.21.15.64:3300/0,v1:172.21.15.64:6789/0] -- mon_command({"prefix": "get_command_descriptions"} v 0) -- 0x7f9ac40640a0 con 0x7f9ac4108440
2024-04-22T06:34:49.935 INFO:teuthology.orchestra.run.smithi064.stdout:/usr/bin/ceph: stderr
