2024-04-22T06:35:01.770+0000 7f50260e4700 1 --2- 172.21.15.77:0/2666782497 >> [v2:172.21.15.77:3300/0,v1:172.21.15.77:6789/0] conn(0x7f50201087f0 0x7f502019c780 unknown :-1 s=CLOSED pgs=36 cs=0 l=1 rev1=1 crypto rx=0 tx=0 comp rx=0 tx=0).stop
2024-04-22T06:35:02.325 INFO:teuthology.orchestra.run.smithi077.stdout:/usr/bin/ceph: stderr
2024-04-22T06:35:01.770+0000 7f50260e4700 1 -- 172.21.15.77:0/2666782497 >> 172.21.15.77:0/2666782497 conn(0x7f5020103db0 msgr2=0x7f5020104860 unknown :-1 s=STATE_NONE l=0).mark_down
2024-04-22T06:35:02.325 INFO:teuthology.orchestra.run.smithi077.stdout:/usr/bin/ceph: stderr
2024-04-22T06:35:01.770+0000 7f50260e4700 1 -- 172.21.15.77:0/2666782497 shutdown_connections
2024-04-22T06:35:02.326 INFO:teuthology.orchestra.run.smithi077.stdout:/usr/bin/ceph: stderr
2024-04-22T06:35:01.771+0000 7f50260e4700 1 -- 172.21.15.77:0/2666782497 wait complete.
2024-04-22T06:35:02.642 INFO:journalctl@ceph.mon.a.smithi077.stdout:Apr 22 06:35:02 smithi077 ceph-mon[28006]: mgrmap e8: x(active, since 2s)
2024-04-22T06:35:02.643 INFO:journalctl@ceph.mon.a.smithi077.stdout:Apr 22 06:35:02 smithi077 ceph-mon[28006]: from='mgr.14118 172.21.15.77:0/2169322281' entity='mgr.x'
2024-04-22T06:35:02.643 INFO:journalctl@ceph.mon.a.smithi077.stdout:Apr 22 06:35:02 smithi077 ceph-mon[28006]: from='mgr.14118 172.21.15.77:0/2169322281' entity='mgr.x' cmd=[{"prefix": "config dump", "format": "json"}]: dispatch
2024-04-22T06:35:03.537 INFO:journalctl@ceph.mon.a.smithi077.stdout:Apr 22 06:35:03 smithi077 ceph-mon[28006]: from='client.14130 -' entity='client.admin' cmd=[{"prefix": "orch set backend", "module_name": "cephadm", "target": ["mon-mgr", ""]}]: dispatch
2024-04-22T06:35:03.546 INFO:teuthology.orchestra.run.smithi077.stdout:/usr/bin/ceph: stdout value unchanged
2024-04-22T06:35:03.546 INFO:teuthology.orchestra.run.smithi077.stdout:/usr/bin/ceph: stderr
2024-04-22T06:35:02.741+0000 7f1ae2270700 1 Processor -- start
2024-04-22T06:35:03.546 INFO:teuthology.orchestra.run.smithi077.stdout:/usr/bin/ceph: stderr
2024-04-22T06:35:02.741+0000 7f1ae2270700 1 -- start start
2024-04-22T06:35:03.546 INFO:teuthology.orchestra.run.smithi077.stdout:/usr/bin/ceph: stderr
2024-04-22T06:35:02.741+0000 7f1ae2270700 1 --2- >> [v2:172.21.15.77:3300/0,v1:172.21.15.77:6789/0] conn(0x7f1adc106e30 0x7f1adc107250 unknown :-1 s=NONE pgs=0 cs=0 l=0 rev1=0 crypto rx=0 tx=0 comp rx=0 tx=0).connect
2024-04-22T06:35:03.547 INFO:teuthology.orchestra.run.smithi077.stdout:/usr/bin/ceph: stderr
2024-04-22T06:35:02.741+0000 7f1ae2270700 1 -- --> [v2:172.21.15.77:3300/0,v1:172.21.15.77:6789/0] -- mon_getmap magic: 0 -- 0x7f1adc107790 con 0x7f1adc106e30
2024-04-22T06:35:03.547 INFO:teuthology.orchestra.run.smithi077.stdout:/usr/bin/ceph: stderr
2024-04-22T06:35:02.741+0000 7f1adbfff700 1 --2- >> [v2:172.21.15.77:3300/0,v1:172.21.15.77:6789/0] conn(0x7f1adc106e30 0x7f1adc107250 unknown :-1 s=BANNER_CONNECTING pgs=0 cs=0 l=0 rev1=0 crypto rx=0 tx=0 comp rx=0 tx=0)._handle_peer_banner_payload supported=3 required=0
2024-04-22T06:35:03.547 INFO:teuthology.orchestra.run.smithi077.stdout:/usr/bin/ceph: stderr
2024-04-22T06:35:02.741+0000 7f1adbfff700 1 --2- >> [v2:172.21.15.77:3300/0,v1:172.21.15.77:6789/0] conn(0x7f1adc106e30 0x7f1adc107250 unknown :-1 s=HELLO_CONNECTING pgs=0 cs=0 l=0 rev1=1 crypto rx=0 tx=0 comp rx=0 tx=0).handle_hello peer v2:172.21.15.77:3300/0 says I am v2:172.21.15.77:54450/0 (socket says 172.21.15.77:54450)
2024-04-22T06:35:03.547 INFO:teuthology.orchestra.run.smithi077.stdout:/usr/bin/ceph: stderr
2024-04-22T06:35:02.741+0000 7f1adbfff700 1 -- 172.21.15.77:0/517875316 learned_addr learned my addr 172.21.15.77:0/517875316 (peer_addr_for_me v2:172.21.15.77:0/0)
2024-04-22T06:35:03.547 INFO:teuthology.orchestra.run.smithi077.stdout:/usr/bin/ceph: stderr
2024-04-22T06:35:02.741+0000 7f1adbfff700 1 -- 172.21.15.77:0/517875316 --> [v2:172.21.15.77:3300/0,v1:172.21.15.77:6789/0] -- mon_subscribe({config=0+,monmap=0+}) -- 0x7f1adc107f90 con 0x7f1adc106e30
2024-04-22T06:35:03.547 INFO:teuthology.orchestra.run.smithi077.stdout:/usr/bin/ceph: stderr
2024-04-22T06:35:02.741+0000 7f1adbfff700 1 --2- 172.21.15.77:0/517875316 >> [v2:172.21.15.77:3300/0,v1:172.21.15.77:6789/0] conn(0x7f1adc106e30 0x7f1adc107250 secure :-1 s=READY pgs=37 cs=0 l=1 rev1=1 crypto rx=0x7f1ad00098a0 tx=0x7f1ad0009bb0 comp rx=0 tx=0).ready entity=mon.0 client_cookie=5aea9348512e1050 server_cookie=0 in_seq=0 out_seq=0
2024-04-22T06:35:03.547 INFO:teuthology.orchestra.run.smithi077.stdout:/usr/bin/ceph: stderr
2024-04-22T06:35:02.741+0000 7f1adaffd700 1 -- 172.21.15.77:0/517875316 <== mon.0 v2:172.21.15.77:3300/0 1 ==== mon_map magic: 0 ==== 205+0+0 (secure 0 0 0) 0x7f1ad0004160 con 0x7f1adc106e30
2024-04-22T06:35:03.547 INFO:teuthology.orchestra.run.smithi077.stdout:/usr/bin/ceph: stderr
2024-04-22T06:35:02.741+0000 7f1adaffd700 1 -- 172.21.15.77:0/517875316 <== mon.0 v2:172.21.15.77:3300/0 2 ==== config(28 keys) ==== 1139+0+0 (secure 0 0 0) 0x7f1ad0004300 con 0x7f1adc106e30
2024-04-22T06:35:03.547 INFO:teuthology.orchestra.run.smithi077.stdout:/usr/bin/ceph: stderr
2024-04-22T06:35:02.742+0000 7f1adaffd700 1 -- 172.21.15.77:0/517875316 <== mon.0 v2:172.21.15.77:3300/0 3 ==== mon_map magic: 0 ==== 205+0+0 (secure 0 0 0) 0x7f1ad0011c00 con 0x7f1adc106e30
2024-04-22T06:35:03.547 INFO:teuthology.orchestra.run.smithi077.stdout:/usr/bin/ceph: stderr
2024-04-22T06:35:02.742+0000 7f1ae2270700 1 -- 172.21.15.77:0/517875316 >> [v2:172.21.15.77:3300/0,v1:172.21.15.77:6789/0] conn(0x7f1adc106e30 msgr2=0x7f1adc107250 secure :-1 s=STATE_CONNECTION_ESTABLISHED l=1).mark_down
2024-04-22T06:35:03.547 INFO:teuthology.orchestra.run.smithi077.stdout:/usr/bin/ceph: stderr
2024-04-22T06:35:02.742+0000 7f1ae2270700 1 --2- 172.21.15.77:0/517875316 >> [v2:172.21.15.77:3300/0,v1:172.21.15.77:6789/0] conn(0x7f1adc106e30 0x7f1adc107250 secure :-1 s=READY pgs=37 cs=0 l=1 rev1=1 crypto rx=0x7f1ad00098a0 tx=0x7f1ad0009bb0 comp rx=0 tx=0).stop
2024-04-22T06:35:03.547 INFO:teuthology.orchestra.run.smithi077.stdout:/usr/bin/ceph: stderr
2024-04-22T06:35:02.742+0000 7f1ae2270700 1 -- 172.21.15.77:0/517875316 shutdown_connections
2024-04-22T06:35:03.547 INFO:teuthology.orchestra.run.smithi077.stdout:/usr/bin/ceph: stderr
2024-04-22T06:35:02.742+0000 7f1ae2270700 1 --2- 172.21.15.77:0/517875316 >> [v2:172.21.15.77:3300/0,v1:172.21.15.77:6789/0] conn(0x7f1adc106e30 0x7f1adc107250 unknown :-1 s=CLOSED pgs=37 cs=0 l=1 rev1=1 crypto rx=0 tx=0 comp rx=0 tx=0).stop
2024-04-22T06:35:03.548 INFO:teuthology.orchestra.run.smithi077.stdout:/usr/bin/ceph: stderr
2024-04-22T06:35:02.742+0000 7f1ae2270700 1 -- 172.21.15.77:0/517875316 >> 172.21.15.77:0/517875316 conn(0x7f1adc102390 msgr2=0x7f1adc104810 unknown :-1 s=STATE_NONE l=0).mark_down
2024-04-22T06:35:03.548 INFO:teuthology.orchestra.run.smithi077.stdout:/usr/bin/ceph: stderr
2024-04-22T06:35:02.742+0000 7f1ae2270700 1 -- 172.21.15.77:0/517875316 shutdown_connections
2024-04-22T06:35:03.548 INFO:teuthology.orchestra.run.smithi077.stdout:/usr/bin/ceph: stderr
2024-04-22T06:35:02.742+0000 7f1ae2270700 1 -- 172.21.15.77:0/517875316 wait complete.
2024-04-22T06:35:03.548 INFO:teuthology.orchestra.run.smithi077.stdout:/usr/bin/ceph: stderr
2024-04-22T06:35:02.743+0000 7f1ae2270700 1 Processor -- start
2024-04-22T06:35:03.548 INFO:teuthology.orchestra.run.smithi077.stdout:/usr/bin/ceph: stderr
2024-04-22T06:35:02.743+0000 7f1ae2270700 1 -- start start
2024-04-22T06:35:03.548 INFO:teuthology.orchestra.run.smithi077.stdout:/usr/bin/ceph: stderr
2024-04-22T06:35:02.743+0000 7f1ae2270700 1 --2- >> [v2:172.21.15.77:3300/0,v1:172.21.15.77:6789/0] conn(0x7f1adc106e30 0x7f1adc19b6d0 unknown :-1 s=NONE pgs=0 cs=0 l=1 rev1=0 crypto rx=0 tx=0 comp rx=0 tx=0).connect
2024-04-22T06:35:03.548 INFO:teuthology.orchestra.run.smithi077.stdout:/usr/bin/ceph: stderr
2024-04-22T06:35:02.743+0000 7f1ae2270700 1 -- --> [v2:172.21.15.77:3300/0,v1:172.21.15.77:6789/0] -- mon_getmap magic: 0 -- 0x7f1adc10b3d0 con 0x7f1adc106e30
2024-04-22T06:35:03.548 INFO:teuthology.orchestra.run.smithi077.stdout:/usr/bin/ceph: stderr
2024-04-22T06:35:02.743+0000 7f1adbfff700 1 --2- >> [v2:172.21.15.77:3300/0,v1:172.21.15.77:6789/0] conn(0x7f1adc106e30 0x7f1adc19b6d0 unknown :-1 s=BANNER_CONNECTING pgs=0 cs=0 l=1 rev1=0 crypto rx=0 tx=0 comp rx=0 tx=0)._handle_peer_banner_payload supported=3 required=0
2024-04-22T06:35:03.548 INFO:teuthology.orchestra.run.smithi077.stdout:/usr/bin/ceph: stderr
2024-04-22T06:35:02.743+0000 7f1adbfff700 1 --2- >> [v2:172.21.15.77:3300/0,v1:172.21.15.77:6789/0] conn(0x7f1adc106e30 0x7f1adc19b6d0 unknown :-1 s=HELLO_CONNECTING pgs=0 cs=0 l=1 rev1=1 crypto rx=0 tx=0 comp rx=0 tx=0).handle_hello peer v2:172.21.15.77:3300/0 says I am v2:172.21.15.77:54466/0 (socket says 172.21.15.77:54466)
2024-04-22T06:35:03.548 INFO:teuthology.orchestra.run.smithi077.stdout:/usr/bin/ceph: stderr
2024-04-22T06:35:02.743+0000 7f1adbfff700 1 -- 172.21.15.77:0/2690695330 learned_addr learned my addr 172.21.15.77:0/2690695330 (peer_addr_for_me v2:172.21.15.77:0/0)
2024-04-22T06:35:03.548 INFO:teuthology.orchestra.run.smithi077.stdout:/usr/bin/ceph: stderr
2024-04-22T06:35:02.743+0000 7f1adbfff700 1 -- 172.21.15.77:0/2690695330 --> [v2:172.21.15.77:3300/0,v1:172.21.15.77:6789/0] -- mon_subscribe({config=0+,monmap=0+}) -- 0x7f1adc19bc10 con 0x7f1adc106e30
2024-04-22T06:35:03.548 INFO:teuthology.orchestra.run.smithi077.stdout:/usr/bin/ceph: stderr
2024-04-22T06:35:02.744+0000 7f1adbfff700 1 --2- 172.21.15.77:0/2690695330 >> [v2:172.21.15.77:3300/0,v1:172.21.15.77:6789/0] conn(0x7f1adc106e30 0x7f1adc19b6d0 secure :-1 s=READY pgs=38 cs=0 l=1 rev1=1 crypto rx=0x7f1ad0009fb0 tx=0x7f1ad0011c60 comp rx=0 tx=0).ready entity=mon.0 client_cookie=0 server_cookie=0 in_seq=0 out_seq=0
2024-04-22T06:35:03.548 INFO:teuthology.orchestra.run.smithi077.stdout:/usr/bin/ceph: stderr
2024-04-22T06:35:02.744+0000 7f1ad97fa700 1 -- 172.21.15.77:0/2690695330 <== mon.0 v2:172.21.15.77:3300/0 1 ==== mon_map magic: 0 ==== 205+0+0 (secure 0 0 0) 0x7f1ad00038b0 con 0x7f1adc106e30
2024-04-22T06:35:03.548 INFO:teuthology.orchestra.run.smithi077.stdout:/usr/bin/ceph: stderr
2024-04-22T06:35:02.744+0000 7f1ad97fa700 1 -- 172.21.15.77:0/2690695330 <== mon.0 v2:172.21.15.77:3300/0 2 ==== config(28 keys) ==== 1139+0+0 (secure 0 0 0) 0x7f1ad001a430 con 0x7f1adc106e30
2024-04-22T06:35:03.549 INFO:teuthology.orchestra.run.smithi077.stdout:/usr/bin/ceph: stderr
2024-04-22T06:35:02.744+0000 7f1ad97fa700 1 -- 172.21.15.77:0/2690695330 <== mon.0 v2:172.21.15.77:3300/0 3 ==== mon_map magic: 0 ==== 205+0+0 (secure 0 0 0) 0x7f1ad0019630 con 0x7f1adc106e30
2024-04-22T06:35:03.549 INFO:teuthology.orchestra.run.smithi077.stdout:/usr/bin/ceph: stderr
2024-04-22T06:35:02.744+0000 7f1ae2270700 1 -- 172.21.15.77:0/2690695330 --> [v2:172.21.15.77:3300/0,v1:172.21.15.77:6789/0] -- mon_subscribe({mgrmap=0+}) -- 0x7f1adc19bea0 con 0x7f1adc106e30
2024-04-22T06:35:03.549 INFO:teuthology.orchestra.run.smithi077.stdout:/usr/bin/ceph: stderr
2024-04-22T06:35:02.744+0000 7f1ae2270700 1 -- 172.21.15.77:0/2690695330 --> [v2:172.21.15.77:3300/0,v1:172.21.15.77:6789/0] -- mon_subscribe({osdmap=0}) -- 0x7f1adc19eb90 con 0x7f1adc106e30
2024-04-22T06:35:03.549 INFO:teuthology.orchestra.run.smithi077.stdout:/usr/bin/ceph: stderr
2024-04-22T06:35:02.745+0000 7f1ad97fa700 1 -- 172.21.15.77:0/2690695330 <== mon.0 v2:172.21.15.77:3300/0 4 ==== mgrmap(e 8) ==== 46558+0+0 (secure 0 0 0) 0x7f1ad00198e0 con 0x7f1adc106e30
2024-04-22T06:35:03.549 INFO:teuthology.orchestra.run.smithi077.stdout:/usr/bin/ceph: stderr
2024-04-22T06:35:02.745+0000 7f1ae2270700 1 -- 172.21.15.77:0/2690695330 --> [v2:172.21.15.77:3300/0,v1:172.21.15.77:6789/0] -- mon_command({"prefix": "get_command_descriptions"} v 0) -- 0x7f1adc0640a0 con 0x7f1adc106e30
2024-04-22T06:35:03.549 INFO:teuthology.orchestra.run.smithi077.stdout:/usr/bin/ceph: stderr
2024-04-22T06:35:02.745+0000 7f1ad97fa700 1 --2- 172.21.15.77:0/2690695330 >> [v2:172.21.15.77:6800/3358479585,v1:172.21.15.77:6801/3358479585] conn(0x7f1ac40395b0 0x7f1ac403ba70 unknown :-1 s=NONE pgs=0 cs=0 l=1 rev1=0 crypto rx=0 tx=0 comp rx=0 tx=0).connect
2024-04-22T06:35:03.549 INFO:teuthology.orchestra.run.smithi077.stdout:/usr/bin/ceph: stderr
2024-04-22T06:35:02.745+0000 7f1ad97fa700 1 -- 172.21.15.77:0/2690695330 <== mon.0 v2:172.21.15.77:3300/0 5 ==== osd_map(2..2 src has 1..2) ==== 940+0+0 (secure 0 0 0) 0x7f1ad004db40 con 0x7f1adc106e30
2024-04-22T06:35:03.549 INFO:teuthology.orchestra.run.smithi077.stdout:/usr/bin/ceph: stderr
2024-04-22T06:35:02.745+0000 7f1adb7fe700 1 --2- 172.21.15.77:0/2690695330 >> [v2:172.21.15.77:6800/3358479585,v1:172.21.15.77:6801/3358479585] conn(0x7f1ac40395b0 0x7f1ac403ba70 unknown :-1 s=BANNER_CONNECTING pgs=0 cs=0 l=1 rev1=0 crypto rx=0 tx=0 comp rx=0 tx=0)._handle_peer_banner_payload supported=3 required=0
2024-04-22T06:35:03.549 INFO:teuthology.orchestra.run.smithi077.stdout:/usr/bin/ceph: stderr
2024-04-22T06:35:02.745+0000 7f1adb7fe700 1 --2- 172.21.15.77:0/2690695330 >> [v2:172.21.15.77:6800/3358479585,v1:172.21.15.77:6801/3358479585] conn(0x7f1ac40395b0 0x7f1ac403ba70 secure :-1 s=READY pgs=8 cs=0 l=1 rev1=1 crypto rx=0x7f1acc006fd0 tx=0x7f1acc006e40 comp rx=0 tx=0).ready entity=mgr.14118 client_cookie=0 server_cookie=0 in_seq=0 out_seq=0
2024-04-22T06:35:03.549 INFO:teuthology.orchestra.run.smithi077.stdout:/usr/bin/ceph: stderr
2024-04-22T06:35:02.750+0000 7f1ad97fa700 1 -- 172.21.15.77:0/2690695330 <== mon.0 v2:172.21.15.77:3300/0 6 ==== mon_command_ack([{"prefix": "get_command_descriptions"}]=0 v0) ==== 72+0+188370 (secure 0 0 0) 0x7f1ad0018dc0 con 0x7f1adc106e30
2024-04-22T06:35:03.549 INFO:teuthology.orchestra.run.smithi077.stdout:/usr/bin/ceph: stderr
2024-04-22T06:35:02.949+0000 7f1ae2270700 1 -- 172.21.15.77:0/2690695330 --> [v2:172.21.15.77:6800/3358479585,v1:172.21.15.77:6801/3358479585] -- mgr_command(tid 0: {"prefix": "cephadm set-user", "user": "root", "target": ["mon-mgr", ""]}) -- 0x7f1adc02e330 con 0x7f1ac40395b0
2024-04-22T06:35:03.549 INFO:teuthology.orchestra.run.smithi077.stdout:/usr/bin/ceph: stderr
2024-04-22T06:35:02.950+0000 7f1ad97fa700 1 -- 172.21.15.77:0/2690695330 <== mgr.14118 v2:172.21.15.77:6800/3358479585 1 ==== mgr_command_reply(tid 0: 0 ) ==== 8+0+16 (secure 0 0 0) 0x7f1adc02e330 con 0x7f1ac40395b0
2024-04-22T06:35:03.550 INFO:teuthology.orchestra.run.smithi077.stdout:/usr/bin/ceph: stderr
2024-04-22T06:35:02.952+0000 7f1ae2270700 1 -- 172.21.15.77:0/2690695330 >> [v2:172.21.15.77:6800/3358479585,v1:172.21.15.77:6801/3358479585] conn(0x7f1ac40395b0 msgr2=0x7f1ac403ba70 secure :-1 s=STATE_CONNECTION_ESTABLISHED l=1).mark_down
2024-04-22T06:35:03.550 INFO:teuthology.orchestra.run.smithi077.stdout:/usr/bin/ceph: stderr
2024-04-22T06:35:02.952+0000 7f1ae2270700 1 --2- 172.21.15.77:0/2690695330 >> [v2:172.21.15.77:6800/3358479585,v1:172.21.15.77:6801/3358479585] conn(0x7f1ac40395b0 0x7f1ac403ba70 secure :-1 s=READY pgs=8 cs=0 l=1 rev1=1 crypto rx=0x7f1acc006fd0 tx=0x7f1acc006e40 comp rx=0 tx=0).stop
2024-04-22T06:35:03.550 INFO:teuthology.orchestra.run.smithi077.stdout:/usr/bin/ceph: stderr
2024-04-22T06:35:02.952+0000 7f1ae2270700 1 -- 172.21.15.77:0/2690695330 >> [v2:172.21.15.77:3300/0,v1:172.21.15.77:6789/0] conn(0x7f1adc106e30 msgr2=0x7f1adc19b6d0 secure :-1 s=STATE_CONNECTION_ESTABLISHED l=1).mark_down
2024-04-22T06:35:03.550 INFO:teuthology.orchestra.run.smithi077.stdout:/usr/bin/ceph: stderr
2024-04-22T06:35:02.952+0000 7f1ae2270700 1 --2- 172.21.15.77:0/2690695330 >> [v2:172.21.15.77:3300/0,v1:172.21.15.77:6789/0] conn(0x7f1adc106e30 0x7f1adc19b6d0 secure :-1 s=READY pgs=38 cs=0 l=1 rev1=1 crypto rx=0x7f1ad0009fb0 tx=0x7f1ad0011c60 comp rx=0 tx=0).stop
2024-04-22T06:35:03.550 INFO:teuthology.orchestra.run.smithi077.stdout:/usr/bin/ceph: stderr
2024-04-22T06:35:02.952+0000 7f1ae2270700 1 -- 172.21.15.77:0/2690695330 shutdown_connections
2024-04-22T06:35:03.550 INFO:teuthology.orchestra.run.smithi077.stdout:/usr/bin/ceph: stderr
2024-04-22T06:35:02.952+0000 7f1ae2270700 1 --2- 172.21.15.77:0/2690695330 >> [v2:172.21.15.77:6800/3358479585,v1:172.21.15.77:6801/3358479585] conn(0x7f1ac40395b0 0x7f1ac403ba70 unknown :-1 s=CLOSED pgs=8 cs=0 l=1 rev1=1 crypto rx=0 tx=0 comp rx=0 tx=0).stop
2024-04-22T06:35:03.550 INFO:teuthology.orchestra.run.smithi077.stdout:/usr/bin/ceph: stderr
2024-04-22T06:35:02.952+0000 7f1ae2270700 1 --2- 172.21.15.77:0/2690695330 >> [v2:172.21.15.77:3300/0,v1:172.21.15.77:6789/0] conn(0x7f1adc106e30 0x7f1adc19b6d0 unknown :-1 s=CLOSED pgs=38 cs=0 l=1 rev1=1 crypto rx=0 tx=0 comp rx=0 tx=0).stop
2024-04-22T06:35:03.550 INFO:teuthology.orchestra.run.smithi077.stdout:/usr/bin/ceph: stderr
2024-04-22T06:35:02.952+0000 7f1ae2270700 1 -- 172.21.15.77:0/2690695330 >> 172.21.15.77:0/2690695330 conn(0x7f1adc102390 msgr2=0x7f1adc104740 unknown :-1 s=STATE_NONE l=0).mark_down
2024-04-22T06:35:03.550 INFO:teuthology.orchestra.run.smithi077.stdout:/usr/bin/ceph: stderr
2024-04-22T06:35:02.952+0000 7f1ae2270700 1 -- 172.21.15.77:0/2690695330 shutdown_connections
2024-04-22T06:35:03.550 INFO:teuthology.orchestra.run.smithi077.stdout:/usr/bin/ceph: stderr
2024-04-22T06:35:02.952+0000 7f1ae2270700 1 -- 172.21.15.77:0/2690695330 wait complete.
2024-04-22T06:35:03.550 INFO:teuthology.orchestra.run.smithi077.stdout:Generating ssh key...
2024-04-22T06:35:04.444 INFO:journalctl@ceph.mgr.x.smithi077.stdout:Apr 22 06:35:04 smithi077 ceph-29b4519a-0072-11ef-bc93-c7b262605968-mgr-x[28236]: Generating public/private rsa key pair.
2024-04-22T06:35:04.444 INFO:journalctl@ceph.mgr.x.smithi077.stdout:Apr 22 06:35:04 smithi077 ceph-29b4519a-0072-11ef-bc93-c7b262605968-mgr-x[28236]: Your identification has been saved in /tmp/tmpselsnxis/key.
2024-04-22T06:35:04.444 INFO:journalctl@ceph.mgr.x.smithi077.stdout:Apr 22 06:35:04 smithi077 ceph-29b4519a-0072-11ef-bc93-c7b262605968-mgr-x[28236]: Your public key has been saved in /tmp/tmpselsnxis/key.pub.
2024-04-22T06:35:04.445 INFO:journalctl@ceph.mgr.x.smithi077.stdout:Apr 22 06:35:04 smithi077 ceph-29b4519a-0072-11ef-bc93-c7b262605968-mgr-x[28236]: The key fingerprint is:
2024-04-22T06:35:04.445 INFO:journalctl@ceph.mgr.x.smithi077.stdout:Apr 22 06:35:04 smithi077 ceph-29b4519a-0072-11ef-bc93-c7b262605968-mgr-x[28236]: SHA256:NG6R/ych01F1S3DHkKfXMwPoxgluW36xTu5zZopc2ho ceph-29b4519a-0072-11ef-bc93-c7b262605968
2024-04-22T06:35:04.445 INFO:journalctl@ceph.mgr.x.smithi077.stdout:Apr 22 06:35:04 smithi077 ceph-29b4519a-0072-11ef-bc93-c7b262605968-mgr-x[28236]: The key's randomart image is:
2024-04-22T06:35:04.445 INFO:journalctl@ceph.mgr.x.smithi077.stdout:Apr 22 06:35:04 smithi077 ceph-29b4519a-0072-11ef-bc93-c7b262605968-mgr-x[28236]: +---[RSA 3072]----+
2024-04-22T06:35:04.445 INFO:journalctl@ceph.mgr.x.smithi077.stdout:Apr 22 06:35:04 smithi077 ceph-29b4519a-0072-11ef-bc93-c7b262605968-mgr-x[28236]: | ..+B+|
2024-04-22T06:35:04.445 INFO:journalctl@ceph.mgr.x.smithi077.stdout:Apr 22 06:35:04 smithi077 ceph-29b4519a-0072-11ef-bc93-c7b262605968-mgr-x[28236]: | o . o+ *|
2024-04-22T06:35:04.445 INFO:journalctl@ceph.mgr.x.smithi077.stdout:Apr 22 06:35:04 smithi077 ceph-29b4519a-0072-11ef-bc93-c7b262605968-mgr-x[28236]: | * + o .+.|
2024-04-22T06:35:04.445 INFO:journalctl@ceph.mgr.x.smithi077.stdout:Apr 22 06:35:04 smithi077 ceph-29b4519a-0072-11ef-bc93-c7b262605968-mgr-x[28236]: | o * B o.+o|
2024-04-22T06:35:04.445 INFO:journalctl@ceph.mgr.x.smithi077.stdout:Apr 22 06:35:04 smithi077 ceph-29b4519a-0072-11ef-bc93-c7b262605968-mgr-x[28236]: | S O o o.+|
2024-04-22T06:35:04.445 INFO:journalctl@ceph.mgr.x.smithi077.stdout:Apr 22 06:35:04 smithi077 ceph-29b4519a-0072-11ef-bc93-c7b262605968-mgr-x[28236]: | . . = = |
2024-04-22T06:35:04.445 INFO:journalctl@ceph.mgr.x.smithi077.stdout:Apr 22 06:35:04 smithi077 ceph-29b4519a-0072-11ef-bc93-c7b262605968-mgr-x[28236]: | EB.. |
2024-04-22T06:35:04.445 INFO:journalctl@ceph.mgr.x.smithi077.stdout:Apr 22 06:35:04 smithi077 ceph-29b4519a-0072-11ef-bc93-c7b262605968-mgr-x[28236]: | . ** + |
2024-04-22T06:35:04.445 INFO:journalctl@ceph.mgr.x.smithi077.stdout:Apr 22 06:35:04 smithi077 ceph-29b4519a-0072-11ef-bc93-c7b262605968-mgr-x[28236]: | =o+* |
2024-04-22T06:35:04.445 INFO:journalctl@ceph.mgr.x.smithi077.stdout:Apr 22 06:35:04 smithi077 ceph-29b4519a-0072-11ef-bc93-c7b262605968-mgr-x[28236]: +----[SHA256]-----+
2024-04-22T06:35:04.764 INFO:journalctl@ceph.mon.a.smithi077.stdout:Apr 22 06:35:04 smithi077 ceph-mon[28006]: from='client.14132 -' entity='client.admin' cmd=[{"prefix": "cephadm set-user", "user": "root", "target": ["mon-mgr", ""]}]: dispatch
2024-04-22T06:35:04.764 INFO:journalctl@ceph.mon.a.smithi077.stdout:Apr 22 06:35:04 smithi077 ceph-mon[28006]: from='mgr.14118 172.21.15.77:0/2169322281' entity='mgr.x'
2024-04-22T06:35:04.764 INFO:journalctl@ceph.mon.a.smithi077.stdout:Apr 22 06:35:04 smithi077 ceph-mon[28006]: from='mgr.14118 172.21.15.77:0/2169322281' entity='mgr.x'
2024-04-22T06:35:04.884 INFO:teuthology.orchestra.run.smithi077.stdout:/usr/bin/ceph: stderr
2024-04-22T06:35:03.954+0000 7fae5eed5700 1 Processor -- start
2024-04-22T06:35:04.884 INFO:teuthology.orchestra.run.smithi077.stdout:/usr/bin/ceph: stderr
2024-04-22T06:35:03.954+0000 7fae5eed5700 1 -- start start
2024-04-22T06:35:04.885 INFO:teuthology.orchestra.run.smithi077.stdout:/usr/bin/ceph: stderr
2024-04-22T06:35:03.954+0000 7fae5eed5700 1 --2- >> [v2:172.21.15.77:3300/0,v1:172.21.15.77:6789/0] conn(0x7fae581087d0 0x7fae58108bf0 unknown :-1 s=NONE pgs=0 cs=0 l=0 rev1=0 crypto rx=0 tx=0 comp rx=0 tx=0).connect
2024-04-22T06:35:04.885 INFO:teuthology.orchestra.run.smithi077.stdout:/usr/bin/ceph: stderr
2024-04-22T06:35:03.954+0000 7fae5eed5700 1 -- --> [v2:172.21.15.77:3300/0,v1:172.21.15.77:6789/0] -- mon_getmap magic: 0 -- 0x7fae581091c0 con 0x7fae581087d0
2024-04-22T06:35:04.885 INFO:teuthology.orchestra.run.smithi077.stdout:/usr/bin/ceph: stderr
2024-04-22T06:35:03.954+0000 7fae5cc71700 1 --2- >> [v2:172.21.15.77:3300/0,v1:172.21.15.77:6789/0] conn(0x7fae581087d0 0x7fae58108bf0 unknown :-1 s=BANNER_CONNECTING pgs=0 cs=0 l=0 rev1=0 crypto rx=0 tx=0 comp rx=0 tx=0)._handle_peer_banner_payload supported=3 required=0
2024-04-22T06:35:04.885 INFO:teuthology.orchestra.run.smithi077.stdout:/usr/bin/ceph: stderr
2024-04-22T06:35:03.954+0000 7fae5cc71700 1 --2- >> [v2:172.21.15.77:3300/0,v1:172.21.15.77:6789/0] conn(0x7fae581087d0 0x7fae58108bf0 unknown :-1 s=HELLO_CONNECTING pgs=0 cs=0 l=0 rev1=1 crypto rx=0 tx=0 comp rx=0 tx=0).handle_hello peer v2:172.21.15.77:3300/0 says I am v2:172.21.15.77:54474/0 (socket says 172.21.15.77:54474)
2024-04-22T06:35:04.885 INFO:teuthology.orchestra.run.smithi077.stdout:/usr/bin/ceph: stderr
2024-04-22T06:35:03.954+0000 7fae5cc71700 1 -- 172.21.15.77:0/569701865 learned_addr learned my addr 172.21.15.77:0/569701865 (peer_addr_for_me v2:172.21.15.77:0/0)
2024-04-22T06:35:04.885 INFO:teuthology.orchestra.run.smithi077.stdout:/usr/bin/ceph: stderr
2024-04-22T06:35:03.954+0000 7fae5cc71700 1 -- 172.21.15.77:0/569701865 --> [v2:172.21.15.77:3300/0,v1:172.21.15.77:6789/0] -- mon_subscribe({config=0+,monmap=0+}) -- 0x7fae58109980 con 0x7fae581087d0
2024-04-22T06:35:04.885 INFO:teuthology.orchestra.run.smithi077.stdout:/usr/bin/ceph: stderr
2024-04-22T06:35:03.954+0000 7fae5cc71700 1 --2- 172.21.15.77:0/569701865 >> [v2:172.21.15.77:3300/0,v1:172.21.15.77:6789/0] conn(0x7fae581087d0 0x7fae58108bf0 secure :-1 s=READY pgs=39 cs=0 l=1 rev1=1 crypto rx=0x7fae4c0098a0 tx=0x7fae4c009bb0 comp rx=0 tx=0).ready entity=mon.0 client_cookie=4f0c314b16c0f85c server_cookie=0 in_seq=0 out_seq=0
2024-04-22T06:35:04.885 INFO:teuthology.orchestra.run.smithi077.stdout:/usr/bin/ceph: stderr
2024-04-22T06:35:03.955+0000 7fae577fe700 1 -- 172.21.15.77:0/569701865 <== mon.0 v2:172.21.15.77:3300/0 1 ==== mon_map magic: 0 ==== 205+0+0 (secure 0 0 0) 0x7fae4c004160 con 0x7fae581087d0
2024-04-22T06:35:04.885 INFO:teuthology.orchestra.run.smithi077.stdout:/usr/bin/ceph: stderr
2024-04-22T06:35:03.955+0000 7fae577fe700 1 -- 172.21.15.77:0/569701865 <== mon.0 v2:172.21.15.77:3300/0 2 ==== config(28 keys) ==== 1139+0+0 (secure 0 0 0) 0x7fae4c004300 con 0x7fae581087d0
2024-04-22T06:35:04.885 INFO:teuthology.orchestra.run.smithi077.stdout:/usr/bin/ceph: stderr
2024-04-22T06:35:03.955+0000 7fae577fe700 1 -- 172.21.15.77:0/569701865 <== mon.0 v2:172.21.15.77:3300/0 3 ==== mon_map magic: 0 ==== 205+0+0 (secure 0 0 0) 0x7fae4c011c00 con 0x7fae581087d0
2024-04-22T06:35:04.885 INFO:teuthology.orchestra.run.smithi077.stdout:/usr/bin/ceph: stderr
2024-04-22T06:35:03.955+0000 7fae5eed5700 1 -- 172.21.15.77:0/569701865 >> [v2:172.21.15.77:3300/0,v1:172.21.15.77:6789/0] conn(0x7fae581087d0 msgr2=0x7fae58108bf0 secure :-1 s=STATE_CONNECTION_ESTABLISHED l=1).mark_down
2024-04-22T06:35:04.885 INFO:teuthology.orchestra.run.smithi077.stdout:/usr/bin/ceph: stderr
2024-04-22T06:35:03.955+0000 7fae5eed5700 1 --2- 172.21.15.77:0/569701865 >> [v2:172.21.15.77:3300/0,v1:172.21.15.77:6789/0] conn(0x7fae581087d0 0x7fae58108bf0 secure :-1 s=READY pgs=39 cs=0 l=1 rev1=1 crypto rx=0x7fae4c0098a0 tx=0x7fae4c009bb0 comp rx=0 tx=0).stop
2024-04-22T06:35:04.885 INFO:teuthology.orchestra.run.smithi077.stdout:/usr/bin/ceph: stderr
2024-04-22T06:35:03.955+0000 7fae5eed5700 1 -- 172.21.15.77:0/569701865 shutdown_connections
2024-04-22T06:35:04.885 INFO:teuthology.orchestra.run.smithi077.stdout:/usr/bin/ceph: stderr
2024-04-22T06:35:03.955+0000 7fae5eed5700 1 --2- 172.21.15.77:0/569701865 >> [v2:172.21.15.77:3300/0,v1:172.21.15.77:6789/0] conn(0x7fae581087d0 0x7fae58108bf0 unknown :-1 s=CLOSED pgs=39 cs=0 l=1 rev1=1 crypto rx=0 tx=0 comp rx=0 tx=0).stop
2024-04-22T06:35:04.885 INFO:teuthology.orchestra.run.smithi077.stdout:/usr/bin/ceph: stderr
2024-04-22T06:35:03.955+0000 7fae5eed5700 1 -- 172.21.15.77:0/569701865 >> 172.21.15.77:0/569701865 conn(0x7fae58103db0 msgr2=0x7fae581061d0 unknown :-1 s=STATE_NONE l=0).mark_down
2024-04-22T06:35:04.886 INFO:teuthology.orchestra.run.smithi077.stdout:/usr/bin/ceph: stderr
2024-04-22T06:35:03.955+0000 7fae5eed5700 1 -- 172.21.15.77:0/569701865 shutdown_connections
2024-04-22T06:35:04.886 INFO:teuthology.orchestra.run.smithi077.stdout:/usr/bin/ceph: stderr
2024-04-22T06:35:03.955+0000 7fae5eed5700 1 -- 172.21.15.77:0/569701865 wait complete.
2024-04-22T06:35:04.886 INFO:teuthology.orchestra.run.smithi077.stdout:/usr/bin/ceph: stderr
2024-04-22T06:35:03.956+0000 7fae5eed5700 1 Processor -- start
2024-04-22T06:35:04.886 INFO:teuthology.orchestra.run.smithi077.stdout:/usr/bin/ceph: stderr
2024-04-22T06:35:03.956+0000 7fae5eed5700 1 -- start start
2024-04-22T06:35:04.886 INFO:teuthology.orchestra.run.smithi077.stdout:/usr/bin/ceph: stderr
2024-04-22T06:35:03.956+0000 7fae5eed5700 1 --2- >> [v2:172.21.15.77:3300/0,v1:172.21.15.77:6789/0] conn(0x7fae581087d0 0x7fae5819ea30 unknown :-1 s=NONE pgs=0 cs=0 l=1 rev1=0 crypto rx=0 tx=0 comp rx=0 tx=0).connect
2024-04-22T06:35:04.886 INFO:teuthology.orchestra.run.smithi077.stdout:/usr/bin/ceph: stderr
2024-04-22T06:35:03.956+0000 7fae5eed5700 1 -- --> [v2:172.21.15.77:3300/0,v1:172.21.15.77:6789/0] -- mon_getmap magic: 0 -- 0x7fae5807d240 con 0x7fae581087d0
2024-04-22T06:35:04.886 INFO:teuthology.orchestra.run.smithi077.stdout:/usr/bin/ceph: stderr
2024-04-22T06:35:03.956+0000 7fae5cc71700 1 --2- >> [v2:172.21.15.77:3300/0,v1:172.21.15.77:6789/0] conn(0x7fae581087d0 0x7fae5819ea30 unknown :-1 s=BANNER_CONNECTING pgs=0 cs=0 l=1 rev1=0 crypto rx=0 tx=0 comp rx=0 tx=0)._handle_peer_banner_payload supported=3 required=0
2024-04-22T06:35:04.886 INFO:teuthology.orchestra.run.smithi077.stdout:/usr/bin/ceph: stderr
2024-04-22T06:35:03.956+0000 7fae5cc71700 1 --2- >> [v2:172.21.15.77:3300/0,v1:172.21.15.77:6789/0] conn(0x7fae581087d0 0x7fae5819ea30 unknown :-1 s=HELLO_CONNECTING pgs=0 cs=0 l=1 rev1=1 crypto rx=0 tx=0 comp rx=0 tx=0).handle_hello peer v2:172.21.15.77:3300/0 says I am v2:172.21.15.77:54480/0 (socket says 172.21.15.77:54480)
2024-04-22T06:35:04.886 INFO:teuthology.orchestra.run.smithi077.stdout:/usr/bin/ceph: stderr
2024-04-22T06:35:03.956+0000 7fae5cc71700 1 -- 172.21.15.77:0/1460206875 learned_addr learned my addr 172.21.15.77:0/1460206875 (peer_addr_for_me v2:172.21.15.77:0/0)
2024-04-22T06:35:04.886 INFO:teuthology.orchestra.run.smithi077.stdout:/usr/bin/ceph: stderr
2024-04-22T06:35:03.957+0000 7fae5cc71700 1 -- 172.21.15.77:0/1460206875 --> [v2:172.21.15.77:3300/0,v1:172.21.15.77:6789/0] -- mon_subscribe({config=0+,monmap=0+}) -- 0x7fae5819ef70 con 0x7fae581087d0
2024-04-22T06:35:04.886 INFO:teuthology.orchestra.run.smithi077.stdout:/usr/bin/ceph: stderr
2024-04-22T06:35:03.957+0000 7fae5cc71700 1 --2- 172.21.15.77:0/1460206875 >> [v2:172.21.15.77:3300/0,v1:172.21.15.77:6789/0] conn(0x7fae581087d0 0x7fae5819ea30 secure :-1 s=READY pgs=40 cs=0 l=1 rev1=1 crypto rx=0x7fae4c009fb0 tx=0x7fae4c011bd0 comp rx=0 tx=0).ready entity=mon.0 client_cookie=0 server_cookie=0 in_seq=0 out_seq=0
2024-04-22T06:35:04.886 INFO:teuthology.orchestra.run.smithi077.stdout:/usr/bin/ceph: stderr
2024-04-22T06:35:03.957+0000 7fae55ffb700 1 -- 172.21.15.77:0/1460206875 <== mon.0 v2:172.21.15.77:3300/0 1 ==== mon_map magic: 0 ==== 205+0+0 (secure 0 0 0) 0x7fae4c0038b0 con 0x7fae581087d0
2024-04-22T06:35:04.886 INFO:teuthology.orchestra.run.smithi077.stdout:/usr/bin/ceph: stderr
2024-04-22T06:35:03.957+0000 7fae5eed5700 1 -- 172.21.15.77:0/1460206875 --> [v2:172.21.15.77:3300/0,v1:172.21.15.77:6789/0] -- mon_subscribe({mgrmap=0+}) -- 0x7fae5819f200 con 0x7fae581087d0
2024-04-22T06:35:04.887 INFO:teuthology.orchestra.run.smithi077.stdout:/usr/bin/ceph: stderr
2024-04-22T06:35:03.957+0000 7fae55ffb700 1 -- 172.21.15.77:0/1460206875 <== mon.0 v2:172.21.15.77:3300/0 2 ==== config(28 keys) ==== 1139+0+0 (secure 0 0 0) 0x7fae4c024440 con 0x7fae581087d0
2024-04-22T06:35:04.887 INFO:teuthology.orchestra.run.smithi077.stdout:/usr/bin/ceph: stderr
2024-04-22T06:35:03.957+0000 7fae55ffb700 1 -- 172.21.15.77:0/1460206875 <== mon.0 v2:172.21.15.77:3300/0 3 ==== mon_map magic: 0 ==== 205+0+0 (secure 0 0 0) 0x7fae4c01a600 con 0x7fae581087d0
2024-04-22T06:35:04.887 INFO:teuthology.orchestra.run.smithi077.stdout:/usr/bin/ceph: stderr
2024-04-22T06:35:03.957+0000 7fae5eed5700 1 -- 172.21.15.77:0/1460206875 --> [v2:172.21.15.77:3300/0,v1:172.21.15.77:6789/0] -- mon_subscribe({osdmap=0}) -- 0x7fae581a1ef0 con 0x7fae581087d0
2024-04-22T06:35:04.887 INFO:teuthology.orchestra.run.smithi077.stdout:/usr/bin/ceph: stderr
2024-04-22T06:35:03.958+0000 7fae55ffb700 1 -- 172.21.15.77:0/1460206875 <== mon.0 v2:172.21.15.77:3300/0 4 ==== mgrmap(e 8) ==== 46558+0+0 (secure 0 0 0) 0x7fae4c01a900 con 0x7fae581087d0
2024-04-22T06:35:04.887 INFO:teuthology.orchestra.run.smithi077.stdout:/usr/bin/ceph: stderr
2024-04-22T06:35:03.958+0000 7fae5eed5700 1 -- 172.21.15.77:0/1460206875 --> [v2:172.21.15.77:3300/0,v1:172.21.15.77:6789/0] -- mon_command({"prefix": "get_command_descriptions"} v 0) -- 0x7fae580640a0 con 0x7fae581087d0
2024-04-22T06:35:04.887 INFO:teuthology.orchestra.run.smithi077.stdout:/usr/bin/ceph: stderr
2024-04-22T06:35:03.958+0000 7fae55ffb700 1 --2- 172.21.15.77:0/1460206875 >> [v2:172.21.15.77:6800/3358479585,v1:172.21.15.77:6801/3358479585] conn(0x7fae48039560 0x7fae4803ba20 unknown :-1 s=NONE pgs=0 cs=0 l=1 rev1=0 crypto rx=0 tx=0 comp rx=0 tx=0).connect
2024-04-22T06:35:04.887 INFO:teuthology.orchestra.run.smithi077.stdout:/usr/bin/ceph: stderr
2024-04-22T06:35:03.958+0000 7fae55ffb700 1 -- 172.21.15.77:0/1460206875 <== mon.0 v2:172.21.15.77:3300/0 5 ==== osd_map(2..2 src has 1..2) ==== 940+0+0 (secure 0 0 0) 0x7fae4c04d8c0 con 0x7fae581087d0
2024-04-22T06:35:04.887 INFO:teuthology.orchestra.run.smithi077.stdout:/usr/bin/ceph: stderr
2024-04-22T06:35:03.958+0000 7fae57fff700 1 --2- 172.21.15.77:0/1460206875 >> [v2:172.21.15.77:6800/3358479585,v1:172.21.15.77:6801/3358479585] conn(0x7fae48039560 0x7fae4803ba20 unknown :-1 s=BANNER_CONNECTING pgs=0 cs=0 l=1 rev1=0 crypto rx=0 tx=0 comp rx=0 tx=0)._handle_peer_banner_payload supported=3 required=0
2024-04-22T06:35:04.887 INFO:teuthology.orchestra.run.smithi077.stdout:/usr/bin/ceph: stderr
2024-04-22T06:35:03.959+0000 7fae57fff700 1 --2- 172.21.15.77:0/1460206875 >> [v2:172.21.15.77:6800/3358479585,v1:172.21.15.77:6801/3358479585] conn(0x7fae48039560 0x7fae4803ba20 secure :-1 s=READY pgs=9 cs=0 l=1 rev1=1 crypto rx=0x7fae44006fd0 tx=0x7fae44006e40 comp rx=0 tx=0).ready entity=mgr.14118 client_cookie=0 server_cookie=0 in_seq=0 out_seq=0
2024-04-22T06:35:04.887 INFO:teuthology.orchestra.run.smithi077.stdout:/usr/bin/ceph: stderr
2024-04-22T06:35:03.963+0000 7fae55ffb700 1 -- 172.21.15.77:0/1460206875 <== mon.0 v2:172.21.15.77:3300/0 6 ==== mon_command_ack([{"prefix": "get_command_descriptions"}]=0 v0) ==== 72+0+188370 (secure 0 0 0) 0x7fae4c02ad60 con 0x7fae581087d0
2024-04-22T06:35:04.887 INFO:teuthology.orchestra.run.smithi077.stdout:/usr/bin/ceph: stderr
2024-04-22T06:35:04.160+0000 7fae5eed5700 1 -- 172.21.15.77:0/1460206875 --> [v2:172.21.15.77:6800/3358479585,v1:172.21.15.77:6801/3358479585] -- mgr_command(tid 0: {"prefix": "cephadm generate-key", "target": ["mon-mgr", ""]}) -- 0x7fae5802e2f0 con 0x7fae48039560
2024-04-22T06:35:04.887 INFO:teuthology.orchestra.run.smithi077.stdout:/usr/bin/ceph: stderr
2024-04-22T06:35:04.300+0000 7fae55ffb700 1 -- 172.21.15.77:0/1460206875 <== mgr.14118 v2:172.21.15.77:6800/3358479585 1 ==== mgr_command_reply(tid 0: 0 ) ==== 8+0+0 (secure 0 0 0) 0x7fae5802e2f0 con 0x7fae48039560
2024-04-22T06:35:04.887 INFO:teuthology.orchestra.run.smithi077.stdout:/usr/bin/ceph: stderr
2024-04-22T06:35:04.302+0000 7fae5eed5700 1 -- 172.21.15.77:0/1460206875 >> [v2:172.21.15.77:6800/3358479585,v1:172.21.15.77:6801/3358479585] conn(0x7fae48039560 msgr2=0x7fae4803ba20 secure :-1 s=STATE_CONNECTION_ESTABLISHED l=1).mark_down
2024-04-22T06:35:04.887 INFO:teuthology.orchestra.run.smithi077.stdout:/usr/bin/ceph: stderr
2024-04-22T06:35:04.302+0000 7fae5eed5700 1 --2- 172.21.15.77:0/1460206875 >> [v2:172.21.15.77:6800/3358479585,v1:172.21.15.77:6801/3358479585] conn(0x7fae48039560 0x7fae4803ba20 secure :-1 s=READY pgs=9 cs=0 l=1 rev1=1 crypto rx=0x7fae44006fd0 tx=0x7fae44006e40 comp rx=0 tx=0).stop
2024-04-22T06:35:04.887 INFO:teuthology.orchestra.run.smithi077.stdout:/usr/bin/ceph: stderr
2024-04-22T06:35:04.302+0000 7fae5eed5700 1 -- 172.21.15.77:0/1460206875 >> [v2:172.21.15.77:3300/0,v1:172.21.15.77:6789/0] conn(0x7fae581087d0 msgr2=0x7fae5819ea30 secure :-1 s=STATE_CONNECTION_ESTABLISHED l=1).mark_down
2024-04-22T06:35:04.887 INFO:teuthology.orchestra.run.smithi077.stdout:/usr/bin/ceph: stderr
2024-04-22T06:35:04.302+0000 7fae5eed5700 1 --2- 172.21.15.77:0/1460206875 >> [v2:172.21.15.77:3300/0,v1:172.21.15.77:6789/0] conn(0x7fae581087d0 0x7fae5819ea30 secure :-1 s=READY pgs=40 cs=0 l=1 rev1=1 crypto rx=0x7fae4c009fb0 tx=0x7fae4c011bd0 comp rx=0 tx=0).stop
2024-04-22T06:35:04.888 INFO:teuthology.orchestra.run.smithi077.stdout:/usr/bin/ceph: stderr
2024-04-22T06:35:04.302+0000 7fae5eed5700 1 -- 172.21.15.77:0/1460206875 shutdown_connections
2024-04-22T06:35:04.888 INFO:teuthology.orchestra.run.smithi077.stdout:/usr/bin/ceph: stderr
2024-04-22T06:35:04.302+0000 7fae5eed5700 1 --2- 172.21.15.77:0/1460206875 >> [v2:172.21.15.77:6800/3358479585,v1:172.21.15.77:6801/3358479585] conn(0x7fae48039560 0x7fae4803ba20 unknown :-1 s=CLOSED pgs=9 cs=0 l=1 rev1=1 crypto rx=0 tx=0 comp rx=0 tx=0).stop
2024-04-22T06:35:04.888 INFO:teuthology.orchestra.run.smithi077.stdout:/usr/bin/ceph: stderr
2024-04-22T06:35:04.302+0000 7fae5eed5700 1 --2- 172.21.15.77:0/1460206875 >> [v2:172.21.15.77:3300/0,v1:172.21.15.77:6789/0] conn(0x7fae581087d0 0x7fae5819ea30 unknown :-1 s=CLOSED pgs=40 cs=0 l=1 rev1=1 crypto rx=0 tx=0 comp rx=0 tx=0).stop
2024-04-22T06:35:04.888 INFO:teuthology.orchestra.run.smithi077.stdout:/usr/bin/ceph: stderr
2024-04-22T06:35:04.302+0000 7fae5eed5700 1 -- 172.21.15.77:0/1460206875 >> 172.21.15.77:0/1460206875 conn(0x7fae58103db0 msgr2=0x7fae58195cd0 unknown :-1 s=STATE_NONE l=0).mark_down
2024-04-22T06:35:04.888 INFO:teuthology.orchestra.run.smithi077.stdout:/usr/bin/ceph: stderr
2024-04-22T06:35:04.302+0000 7fae5eed5700 1 -- 172.21.15.77:0/1460206875 shutdown_connections
2024-04-22T06:35:04.888 INFO:teuthology.orchestra.run.smithi077.stdout:/usr/bin/ceph: stderr
2024-04-22T06:35:04.302+0000 7fae5eed5700 1 -- 172.21.15.77:0/1460206875 wait complete.
2024-04-22T06:35:05.790 INFO:journalctl@ceph.mon.a.smithi077.stdout:Apr 22 06:35:05 smithi077 ceph-mon[28006]: from='client.14134 -' entity='client.admin' cmd=[{"prefix": "cephadm generate-key", "target": ["mon-mgr", ""]}]: dispatch
2024-04-22T06:35:05.790 INFO:journalctl@ceph.mon.a.smithi077.stdout:Apr 22 06:35:05 smithi077 ceph-mon[28006]: Generating ssh key...
2024-04-22T06:35:06.074 INFO:teuthology.orchestra.run.smithi077.stdout:/usr/bin/ceph: stdout ssh-rsa AAAAB3NzaC1yc2EAAAADAQABAAABgQDIfTqy7ENNwdXPI/5cc0utnwkgI5+5DPMRba99gX28fTFR1zggNiCdttypw8nLAeydb7/aImp5JJpiMlHgEd+HliqKkM3Hmq5QhXEmOIjuEpVn2IKw5tOPGQc/9wCJmfgxkbRUBzax6vfomepQNc+xykU+yaL7mnNjvxQ5ngZNlkFo3/Gm4TnN1T2SIxLw2pyUQCszZSwSZzzcl1oFXeywsLM63p72Oxjcz6xCL0DNv6zwmjk4OtJ6qKhRJ9rErgh3rbrsMRX7Urm6p2UUKCiIBYBoZj4UXhFJNAbKdxab7Y4eqsrRTwszbRxDZyuroYjR4t3yP13lgYWBb5fiUMYx+5vJpWKv6Jkm0qtn/sA+jW3tYwCusPNmHaMiKB7BH212ubvTBsO1O5cpTRPhCHa+PVDyhGso2ibHmtn79S9FI5i+UUa/SjsoXlrylyNB5yca9dRoNF0zmvNDmxqtCEWvoKlrPqgVd03ZgtCEOFiKBLJqiV+NDXFbT6XE0W526G8= ceph-29b4519a-0072-11ef-bc93-c7b262605968
2024-04-22T06:35:06.074 INFO:teuthology.orchestra.run.smithi077.stdout:/usr/bin/ceph: stderr
2024-04-22T06:35:05.288+0000 7f62bafd6700 1 Processor -- start
2024-04-22T06:35:06.074 INFO:teuthology.orchestra.run.smithi077.stdout:/usr/bin/ceph: stderr
2024-04-22T06:35:05.288+0000 7f62bafd6700 1 -- start start
2024-04-22T06:35:06.074 INFO:teuthology.orchestra.run.smithi077.stdout:/usr/bin/ceph: stderr
2024-04-22T06:35:05.288+0000 7f62bafd6700 1 --2- >> [v2:172.21.15.77:3300/0,v1:172.21.15.77:6789/0] conn(0x7f62b4109250 0x7f62b410b640 unknown :-1 s=NONE pgs=0 cs=0 l=0 rev1=0 crypto rx=0 tx=0 comp rx=0 tx=0).connect
2024-04-22T06:35:06.074 INFO:teuthology.orchestra.run.smithi077.stdout:/usr/bin/ceph: stderr
2024-04-22T06:35:05.288+0000 7f62bafd6700 1 -- --> [v2:172.21.15.77:3300/0,v1:172.21.15.77:6789/0] -- mon_getmap magic: 0 -- 0x7f62b4076320 con 0x7f62b4109250
2024-04-22T06:35:06.074 INFO:teuthology.orchestra.run.smithi077.stdout:/usr/bin/ceph: stderr
2024-04-22T06:35:05.289+0000 7f62b8d72700 1 --2- >> [v2:172.21.15.77:3300/0,v1:172.21.15.77:6789/0] conn(0x7f62b4109250 0x7f62b410b640 unknown :-1 s=BANNER_CONNECTING pgs=0 cs=0 l=0 rev1=0 crypto rx=0 tx=0 comp rx=0 tx=0)._handle_peer_banner_payload supported=3 required=0
2024-04-22T06:35:06.074 INFO:teuthology.orchestra.run.smithi077.stdout:/usr/bin/ceph: stderr
2024-04-22T06:35:05.289+0000 7f62b8d72700 1 --2- >> [v2:172.21.15.77:3300/0,v1:172.21.15.77:6789/0] conn(0x7f62b4109250 0x7f62b410b640 unknown :-1 s=HELLO_CONNECTING pgs=0 cs=0 l=0 rev1=1 crypto rx=0 tx=0 comp rx=0 tx=0).handle_hello peer v2:172.21.15.77:3300/0 says I am v2:172.21.15.77:54492/0 (socket says 172.21.15.77:54492)
2024-04-22T06:35:06.074 INFO:teuthology.orchestra.run.smithi077.stdout:/usr/bin/ceph: stderr
2024-04-22T06:35:05.289+0000 7f62b8d72700 1 -- 172.21.15.77:0/1197908190 learned_addr learned my addr 172.21.15.77:0/1197908190 (peer_addr_for_me v2:172.21.15.77:0/0)
2024-04-22T06:35:06.075 INFO:teuthology.orchestra.run.smithi077.stdout:/usr/bin/ceph: stderr
2024-04-22T06:35:05.289+0000 7f62b8d72700 1 -- 172.21.15.77:0/1197908190 --> [v2:172.21.15.77:3300/0,v1:172.21.15.77:6789/0] -- mon_subscribe({config=0+,monmap=0+}) -- 0x7f62b410bb80 con 0x7f62b4109250
2024-04-22T06:35:06.075 INFO:teuthology.orchestra.run.smithi077.stdout:/usr/bin/ceph: stderr
2024-04-22T06:35:05.289+0000 7f62b8d72700 1 --2- 172.21.15.77:0/1197908190 >> [v2:172.21.15.77:3300/0,v1:172.21.15.77:6789/0] conn(0x7f62b4109250 0x7f62b410b640 secure :-1 s=READY pgs=41 cs=0 l=1 rev1=1 crypto rx=0x7f62a80098a0 tx=0x7f62a8009bb0 comp rx=0 tx=0).ready entity=mon.0 client_cookie=88a6023e7324f947 server_cookie=0 in_seq=0 out_seq=0
2024-04-22T06:35:06.075 INFO:teuthology.orchestra.run.smithi077.stdout:/usr/bin/ceph: stderr
2024-04-22T06:35:05.289+0000 7f62b37fe700 1 -- 172.21.15.77:0/1197908190 <== mon.0 v2:172.21.15.77:3300/0 1 ==== mon_map magic: 0 ==== 205+0+0 (secure 0 0 0) 0x7f62a8004160 con 0x7f62b4109250
2024-04-22T06:35:06.075 INFO:teuthology.orchestra.run.smithi077.stdout:/usr/bin/ceph: stderr
2024-04-22T06:35:05.289+0000 7f62b37fe700 1 -- 172.21.15.77:0/1197908190 <== mon.0 v2:172.21.15.77:3300/0 2 ==== config(28 keys) ==== 1139+0+0 (secure 0 0 0) 0x7f62a8004300 con 0x7f62b4109250
2024-04-22T06:35:06.075 INFO:teuthology.orchestra.run.smithi077.stdout:/usr/bin/ceph: stderr
2024-04-22T06:35:05.289+0000 7f62b37fe700 1 -- 172.21.15.77:0/1197908190 <== mon.0 v2:172.21.15.77:3300/0 3 ==== mon_map magic: 0 ==== 205+0+0 (secure 0 0 0) 0x7f62a8011c00 con 0x7f62b4109250
2024-04-22T06:35:06.075 INFO:teuthology.orchestra.run.smithi077.stdout:/usr/bin/ceph: stderr
2024-04-22T06:35:05.290+0000 7f62bafd6700 1 -- 172.21.15.77:0/1197908190 >> [v2:172.21.15.77:3300/0,v1:172.21.15.77:6789/0] conn(0x7f62b4109250 msgr2=0x7f62b410b640 secure :-1 s=STATE_CONNECTION_ESTABLISHED l=1).mark_down
2024-04-22T06:35:06.075 INFO:teuthology.orchestra.run.smithi077.stdout:/usr/bin/ceph: stderr
2024-04-22T06:35:05.290+0000 7f62bafd6700 1 --2- 172.21.15.77:0/1197908190 >> [v2:172.21.15.77:3300/0,v1:172.21.15.77:6789/0] conn(0x7f62b4109250 0x7f62b410b640 secure :-1 s=READY pgs=41 cs=0 l=1 rev1=1 crypto rx=0x7f62a80098a0 tx=0x7f62a8009bb0 comp rx=0 tx=0).stop
2024-04-22T06:35:06.075 INFO:teuthology.orchestra.run.smithi077.stdout:/usr/bin/ceph: stderr
2024-04-22T06:35:05.290+0000 7f62bafd6700 1 -- 172.21.15.77:0/1197908190 shutdown_connections
2024-04-22T06:35:06.075 INFO:teuthology.orchestra.run.smithi077.stdout:/usr/bin/ceph: stderr
2024-04-22T06:35:05.290+0000 7f62bafd6700 1 --2- 172.21.15.77:0/1197908190 >> [v2:172.21.15.77:3300/0,v1:172.21.15.77:6789/0] conn(0x7f62b4109250 0x7f62b410b640 unknown :-1 s=CLOSED pgs=41 cs=0 l=1 rev1=1 crypto rx=0 tx=0 comp rx=0 tx=0).stop
2024-04-22T06:35:06.075 INFO:teuthology.orchestra.run.smithi077.stdout:/usr/bin/ceph: stderr
2024-04-22T06:35:05.290+0000 7f62bafd6700 1 -- 172.21.15.77:0/1197908190 >> 172.21.15.77:0/1197908190 conn(0x7f62b4102ca0 msgr2=0x7f62b41050c0 unknown :-1 s=STATE_NONE l=0).mark_down
2024-04-22T06:35:06.075 INFO:teuthology.orchestra.run.smithi077.stdout:/usr/bin/ceph: stderr
2024-04-22T06:35:05.290+0000 7f62bafd6700 1 -- 172.21.15.77:0/1197908190 shutdown_connections
2024-04-22T06:35:06.075 INFO:teuthology.orchestra.run.smithi077.stdout:/usr/bin/ceph: stderr
2024-04-22T06:35:05.290+0000 7f62bafd6700 1 -- 172.21.15.77:0/1197908190 wait complete.
2024-04-22T06:35:06.076 INFO:teuthology.orchestra.run.smithi077.stdout:/usr/bin/ceph: stderr
2024-04-22T06:35:05.290+0000 7f62bafd6700 1 Processor -- start
2024-04-22T06:35:06.076 INFO:teuthology.orchestra.run.smithi077.stdout:/usr/bin/ceph: stderr
2024-04-22T06:35:05.290+0000 7f62bafd6700 1 -- start start
2024-04-22T06:35:06.076 INFO:teuthology.orchestra.run.smithi077.stdout:/usr/bin/ceph: stderr
2024-04-22T06:35:05.291+0000 7f62bafd6700 1 --2- >> [v2:172.21.15.77:3300/0,v1:172.21.15.77:6789/0] conn(0x7f62b4109250 0x7f62b4108ad0 unknown :-1 s=NONE pgs=0 cs=0 l=1 rev1=0 crypto rx=0 tx=0 comp rx=0 tx=0).connect
2024-04-22T06:35:06.076 INFO:teuthology.orchestra.run.smithi077.stdout:/usr/bin/ceph: stderr
2024-04-22T06:35:05.291+0000 7f62bafd6700 1 -- --> [v2:172.21.15.77:3300/0,v1:172.21.15.77:6789/0] -- mon_getmap magic: 0 -- 0x7f62b410cba0 con 0x7f62b4109250
2024-04-22T06:35:06.076 INFO:teuthology.orchestra.run.smithi077.stdout:/usr/bin/ceph: stderr
2024-04-22T06:35:05.291+0000 7f62b8d72700 1 --2- >> [v2:172.21.15.77:3300/0,v1:172.21.15.77:6789/0] conn(0x7f62b4109250 0x7f62b4108ad0 unknown :-1 s=BANNER_CONNECTING pgs=0 cs=0 l=1 rev1=0 crypto rx=0 tx=0 comp rx=0 tx=0)._handle_peer_banner_payload supported=3 required=0
2024-04-22T06:35:06.076 INFO:teuthology.orchestra.run.smithi077.stdout:/usr/bin/ceph: stderr
2024-04-22T06:35:05.291+0000 7f62b8d72700 1 --2- >> [v2:172.21.15.77:3300/0,v1:172.21.15.77:6789/0] conn(0x7f62b4109250 0x7f62b4108ad0 unknown :-1 s=HELLO_CONNECTING pgs=0 cs=0 l=1 rev1=1 crypto rx=0 tx=0 comp rx=0 tx=0).handle_hello peer v2:172.21.15.77:3300/0 says I am v2:172.21.15.77:54498/0 (socket says 172.21.15.77:54498)
2024-04-22T06:35:06.076 INFO:teuthology.orchestra.run.smithi077.stdout:/usr/bin/ceph: stderr
2024-04-22T06:35:05.291+0000 7f62b8d72700 1 -- 172.21.15.77:0/1290574528 learned_addr learned my addr 172.21.15.77:0/1290574528 (peer_addr_for_me v2:172.21.15.77:0/0)
2024-04-22T06:35:06.076 INFO:teuthology.orchestra.run.smithi077.stdout:/usr/bin/ceph: stderr
2024-04-22T06:35:05.291+0000 7f62b8d72700 1 -- 172.21.15.77:0/1290574528 --> [v2:172.21.15.77:3300/0,v1:172.21.15.77:6789/0] -- mon_subscribe({config=0+,monmap=0+}) -- 0x7f62b4109010 con 0x7f62b4109250
2024-04-22T06:35:06.076 INFO:teuthology.orchestra.run.smithi077.stdout:/usr/bin/ceph: stderr
2024-04-22T06:35:05.291+0000 7f62b8d72700 1 --2- 172.21.15.77:0/1290574528 >> [v2:172.21.15.77:3300/0,v1:172.21.15.77:6789/0] conn(0x7f62b4109250 0x7f62b4108ad0 secure :-1 s=READY pgs=42 cs=0 l=1 rev1=1 crypto rx=0x7f62a8009fb0 tx=0x7f62a8011c60 comp rx=0 tx=0).ready entity=mon.0 client_cookie=0 server_cookie=0 in_seq=0 out_seq=0
2024-04-22T06:35:06.076 INFO:teuthology.orchestra.run.smithi077.stdout:/usr/bin/ceph: stderr
2024-04-22T06:35:05.291+0000 7f62b1ffb700 1 -- 172.21.15.77:0/1290574528 <== mon.0 v2:172.21.15.77:3300/0 1 ==== mon_map magic: 0 ==== 205+0+0 (secure 0 0 0) 0x7f62a80038b0 con 0x7f62b4109250
2024-04-22T06:35:06.076 INFO:teuthology.orchestra.run.smithi077.stdout:/usr/bin/ceph: stderr
2024-04-22T06:35:05.291+0000 7f62b1ffb700 1 -- 172.21.15.77:0/1290574528 <== mon.0 v2:172.21.15.77:3300/0 2 ==== config(28 keys) ==== 1139+0+0 (secure 0 0 0) 0x7f62a801a430 con 0x7f62b4109250
2024-04-22T06:35:06.076 INFO:teuthology.orchestra.run.smithi077.stdout:/usr/bin/ceph: stderr
2024-04-22T06:35:05.291+0000 7f62bafd6700 1 -- 172.21.15.77:0/1290574528 --> [v2:172.21.15.77:3300/0,v1:172.21.15.77:6789/0] -- mon_subscribe({mgrmap=0+}) -- 0x7f62b4107200 con 0x7f62b4109250
2024-04-22T06:35:06.076 INFO:teuthology.orchestra.run.smithi077.stdout:/usr/bin/ceph: stderr
2024-04-22T06:35:05.291+0000 7f62b1ffb700 1 -- 172.21.15.77:0/1290574528 <== mon.0 v2:172.21.15.77:3300/0 3 ==== mon_map magic: 0 ==== 205+0+0 (secure 0 0 0) 0x7f62a8019630 con 0x7f62b4109250
2024-04-22T06:35:06.076 INFO:teuthology.orchestra.run.smithi077.stdout:/usr/bin/ceph: stderr
2024-04-22T06:35:05.292+0000 7f62bafd6700 1 -- 172.21.15.77:0/1290574528 --> [v2:172.21.15.77:3300/0,v1:172.21.15.77:6789/0] -- mon_subscribe({osdmap=0}) -- 0x7f62b4107740 con 0x7f62b4109250
2024-04-22T06:35:06.077 INFO:teuthology.orchestra.run.smithi077.stdout:/usr/bin/ceph: stderr
2024-04-22T06:35:05.292+0000 7f62b1ffb700 1 -- 172.21.15.77:0/1290574528 <== mon.0 v2:172.21.15.77:3300/0 4 ==== mgrmap(e 8) ==== 46558+0+0 (secure 0 0 0) 0x7f62a80198e0 con 0x7f62b4109250
2024-04-22T06:35:06.077 INFO:teuthology.orchestra.run.smithi077.stdout:/usr/bin/ceph: stderr
2024-04-22T06:35:05.292+0000 7f62bafd6700 1 -- 172.21.15.77:0/1290574528 --> [v2:172.21.15.77:3300/0,v1:172.21.15.77:6789/0] -- mon_command({"prefix": "get_command_descriptions"} v 0) -- 0x7f62b40640a0 con 0x7f62b4109250
2024-04-22T06:35:06.077 INFO:teuthology.orchestra.run.smithi077.stdout:/usr/bin/ceph: stderr
2024-04-22T06:35:05.293+0000 7f62b1ffb700 1 --2- 172.21.15.77:0/1290574528 >> [v2:172.21.15.77:6800/3358479585,v1:172.21.15.77:6801/3358479585] conn(0x7f62a40395b0 0x7f62a403ba70 unknown :-1 s=NONE pgs=0 cs=0 l=1 rev1=0 crypto rx=0 tx=0 comp rx=0 tx=0).connect
2024-04-22T06:35:06.077 INFO:teuthology.orchestra.run.smithi077.stdout:/usr/bin/ceph: stderr
2024-04-22T06:35:05.293+0000 7f62b1ffb700 1 -- 172.21.15.77:0/1290574528 <== mon.0 v2:172.21.15.77:3300/0 5 ==== osd_map(2..2 src has 1..2) ==== 940+0+0 (secure 0 0 0) 0x7f62a804db40 con 0x7f62b4109250
2024-04-22T06:35:06.077 INFO:teuthology.orchestra.run.smithi077.stdout:/usr/bin/ceph: stderr
2024-04-22T06:35:05.293+0000 7f62b3fff700 1 --2- 172.21.15.77:0/1290574528 >> [v2:172.21.15.77:6800/3358479585,v1:172.21.15.77:6801/3358479585] conn(0x7f62a40395b0 0x7f62a403ba70 unknown :-1 s=BANNER_CONNECTING pgs=0 cs=0 l=1 rev1=0 crypto rx=0 tx=0 comp rx=0 tx=0)._handle_peer_banner_payload supported=3 required=0
2024-04-22T06:35:06.077 INFO:teuthology.orchestra.run.smithi077.stdout:/usr/bin/ceph: stderr
2024-04-22T06:35:05.293+0000 7f62b3fff700 1 --2- 172.21.15.77:0/1290574528 >> [v2:172.21.15.77:6800/3358479585,v1:172.21.15.77:6801/3358479585] conn(0x7f62a40395b0 0x7f62a403ba70 secure :-1 s=READY pgs=10 cs=0 l=1 rev1=1 crypto rx=0x7f62a0006fd0 tx=0x7f62a0006e40 comp rx=0 tx=0).ready entity=mgr.14118 client_cookie=0 server_cookie=0 in_seq=0 out_seq=0
2024-04-22T06:35:06.077 INFO:teuthology.orchestra.run.smithi077.stdout:/usr/bin/ceph: stderr
2024-04-22T06:35:05.298+0000 7f62b1ffb700 1 -- 172.21.15.77:0/1290574528 <== mon.0 v2:172.21.15.77:3300/0 6 ==== mon_command_ack([{"prefix": "get_command_descriptions"}]=0 v0) ==== 72+0+188370 (secure 0 0 0) 0x7f62a8019cd0 con 0x7f62b4109250
2024-04-22T06:35:06.077 INFO:teuthology.orchestra.run.smithi077.stdout:/usr/bin/ceph: stderr
2024-04-22T06:35:05.496+0000 7f62bafd6700 1 -- 172.21.15.77:0/1290574528 --> [v2:172.21.15.77:6800/3358479585,v1:172.21.15.77:6801/3358479585] -- mgr_command(tid 0: {"prefix": "cephadm get-pub-key", "target": ["mon-mgr", ""]}) -- 0x7f62b4103ee0 con 0x7f62a40395b0
2024-04-22T06:35:06.077 INFO:teuthology.orchestra.run.smithi077.stdout:/usr/bin/ceph: stderr
2024-04-22T06:35:05.497+0000 7f62b1ffb700 1 -- 172.21.15.77:0/1290574528 <== mgr.14118 v2:172.21.15.77:6800/3358479585 1 ==== mgr_command_reply(tid 0: 0 ) ==== 8+0+595 (secure 0 0 0) 0x7f62b4103ee0 con 0x7f62a40395b0
2024-04-22T06:35:06.077 INFO:teuthology.orchestra.run.smithi077.stdout:/usr/bin/ceph: stderr
