2024-04-22T06:35:32.387 INFO:teuthology.orchestra.run.smithi077.stdout:firewalld.service is not enabled
2024-04-22T06:35:32.387 INFO:teuthology.orchestra.run.smithi077.stdout:Not possible to open ports <[8443]>. firewalld.service is not available
2024-04-22T06:35:32.388 INFO:teuthology.orchestra.run.smithi077.stdout:Ceph Dashboard is now available at:
2024-04-22T06:35:32.388 INFO:teuthology.orchestra.run.smithi077.stdout:
2024-04-22T06:35:32.389 INFO:teuthology.orchestra.run.smithi077.stdout: URL: https://smithi077:8443/
2024-04-22T06:35:32.389 INFO:teuthology.orchestra.run.smithi077.stdout: User: admin
2024-04-22T06:35:32.389 INFO:teuthology.orchestra.run.smithi077.stdout: Password: sf53zedkqc
2024-04-22T06:35:32.389 INFO:teuthology.orchestra.run.smithi077.stdout:
2024-04-22T06:35:32.389 INFO:teuthology.orchestra.run.smithi077.stdout:Saving cluster configuration to /var/lib/ceph/29b4519a-0072-11ef-bc93-c7b262605968/config directory
2024-04-22T06:35:32.389 INFO:teuthology.orchestra.run.smithi077.stdout:Enabling autotune for osd_memory_target
2024-04-22T06:35:33.314 INFO:journalctl@ceph.mon.a.smithi077.stdout:Apr 22 06:35:33 smithi077 ceph-mon[28006]: mgrmap e13: x(active, since 6s)
2024-04-22T06:35:33.831 INFO:teuthology.orchestra.run.smithi077.stdout:/usr/bin/ceph: stderr
2024-04-22T06:35:32.823+0000 7f1a4511b700 1 Processor -- start
2024-04-22T06:35:33.831 INFO:teuthology.orchestra.run.smithi077.stdout:/usr/bin/ceph: stderr
2024-04-22T06:35:32.823+0000 7f1a4511b700 1 -- start start
2024-04-22T06:35:33.831 INFO:teuthology.orchestra.run.smithi077.stdout:/usr/bin/ceph: stderr
2024-04-22T06:35:32.823+0000 7f1a4511b700 1 --2- >> [v2:172.21.15.77:3300/0,v1:172.21.15.77:6789/0] conn(0x7f1a40107660 0x7f1a40107a80 unknown :-1 s=NONE pgs=0 cs=0 l=0 rev1=0 crypto rx=0 tx=0 comp rx=0 tx=0).connect
2024-04-22T06:35:33.831 INFO:teuthology.orchestra.run.smithi077.stdout:/usr/bin/ceph: stderr
2024-04-22T06:35:32.823+0000 7f1a4511b700 1 -- --> [v2:172.21.15.77:3300/0,v1:172.21.15.77:6789/0] -- mon_getmap magic: 0 -- 0x7f1a40108050 con 0x7f1a40107660
2024-04-22T06:35:33.831 INFO:teuthology.orchestra.run.smithi077.stdout:/usr/bin/ceph: stderr
2024-04-22T06:35:32.824+0000 7f1a3ed9d700 1 --2- >> [v2:172.21.15.77:3300/0,v1:172.21.15.77:6789/0] conn(0x7f1a40107660 0x7f1a40107a80 unknown :-1 s=BANNER_CONNECTING pgs=0 cs=0 l=0 rev1=0 crypto rx=0 tx=0 comp rx=0 tx=0)._handle_peer_banner_payload supported=3 required=0
2024-04-22T06:35:33.831 INFO:teuthology.orchestra.run.smithi077.stdout:/usr/bin/ceph: stderr
2024-04-22T06:35:32.824+0000 7f1a3ed9d700 1 --2- >> [v2:172.21.15.77:3300/0,v1:172.21.15.77:6789/0] conn(0x7f1a40107660 0x7f1a40107a80 unknown :-1 s=HELLO_CONNECTING pgs=0 cs=0 l=0 rev1=1 crypto rx=0 tx=0 comp rx=0 tx=0).handle_hello peer v2:172.21.15.77:3300/0 says I am v2:172.21.15.77:35812/0 (socket says 172.21.15.77:35812)
2024-04-22T06:35:33.831 INFO:teuthology.orchestra.run.smithi077.stdout:/usr/bin/ceph: stderr
2024-04-22T06:35:32.824+0000 7f1a3ed9d700 1 -- 172.21.15.77:0/3978721152 learned_addr learned my addr 172.21.15.77:0/3978721152 (peer_addr_for_me v2:172.21.15.77:0/0)
2024-04-22T06:35:33.831 INFO:teuthology.orchestra.run.smithi077.stdout:/usr/bin/ceph: stderr
2024-04-22T06:35:32.824+0000 7f1a3ed9d700 1 -- 172.21.15.77:0/3978721152 --> [v2:172.21.15.77:3300/0,v1:172.21.15.77:6789/0] -- mon_subscribe({config=0+,monmap=0+}) -- 0x7f1a40108860 con 0x7f1a40107660
2024-04-22T06:35:33.831 INFO:teuthology.orchestra.run.smithi077.stdout:/usr/bin/ceph: stderr
2024-04-22T06:35:32.824+0000 7f1a3ed9d700 1 --2- 172.21.15.77:0/3978721152 >> [v2:172.21.15.77:3300/0,v1:172.21.15.77:6789/0] conn(0x7f1a40107660 0x7f1a40107a80 secure :-1 s=READY pgs=74 cs=0 l=1 rev1=1 crypto rx=0x7f1a300098a0 tx=0x7f1a30009bb0 comp rx=0 tx=0).ready entity=mon.0 client_cookie=b021fc06cdcd30e2 server_cookie=0 in_seq=0 out_seq=0
2024-04-22T06:35:33.831 INFO:teuthology.orchestra.run.smithi077.stdout:/usr/bin/ceph: stderr
2024-04-22T06:35:32.824+0000 7f1a3e59c700 1 -- 172.21.15.77:0/3978721152 <== mon.0 v2:172.21.15.77:3300/0 1 ==== mon_map magic: 0 ==== 205+0+0 (secure 0 0 0) 0x7f1a30004160 con 0x7f1a40107660
2024-04-22T06:35:33.831 INFO:teuthology.orchestra.run.smithi077.stdout:/usr/bin/ceph: stderr
2024-04-22T06:35:32.824+0000 7f1a3e59c700 1 -- 172.21.15.77:0/3978721152 <== mon.0 v2:172.21.15.77:3300/0 2 ==== config(28 keys) ==== 1170+0+0 (secure 0 0 0) 0x7f1a30004300 con 0x7f1a40107660
2024-04-22T06:35:33.832 INFO:teuthology.orchestra.run.smithi077.stdout:/usr/bin/ceph: stderr
2024-04-22T06:35:32.824+0000 7f1a3e59c700 1 -- 172.21.15.77:0/3978721152 <== mon.0 v2:172.21.15.77:3300/0 3 ==== mon_map magic: 0 ==== 205+0+0 (secure 0 0 0) 0x7f1a30011c20 con 0x7f1a40107660
2024-04-22T06:35:33.832 INFO:teuthology.orchestra.run.smithi077.stdout:/usr/bin/ceph: stderr
2024-04-22T06:35:32.825+0000 7f1a4511b700 1 -- 172.21.15.77:0/3978721152 >> [v2:172.21.15.77:3300/0,v1:172.21.15.77:6789/0] conn(0x7f1a40107660 msgr2=0x7f1a40107a80 secure :-1 s=STATE_CONNECTION_ESTABLISHED l=1).mark_down
2024-04-22T06:35:33.832 INFO:teuthology.orchestra.run.smithi077.stdout:/usr/bin/ceph: stderr
2024-04-22T06:35:32.825+0000 7f1a4511b700 1 --2- 172.21.15.77:0/3978721152 >> [v2:172.21.15.77:3300/0,v1:172.21.15.77:6789/0] conn(0x7f1a40107660 0x7f1a40107a80 secure :-1 s=READY pgs=74 cs=0 l=1 rev1=1 crypto rx=0x7f1a300098a0 tx=0x7f1a30009bb0 comp rx=0 tx=0).stop
2024-04-22T06:35:33.832 INFO:teuthology.orchestra.run.smithi077.stdout:/usr/bin/ceph: stderr
2024-04-22T06:35:32.825+0000 7f1a4511b700 1 -- 172.21.15.77:0/3978721152 shutdown_connections
2024-04-22T06:35:33.832 INFO:teuthology.orchestra.run.smithi077.stdout:/usr/bin/ceph: stderr
2024-04-22T06:35:32.825+0000 7f1a4511b700 1 --2- 172.21.15.77:0/3978721152 >> [v2:172.21.15.77:3300/0,v1:172.21.15.77:6789/0] conn(0x7f1a40107660 0x7f1a40107a80 unknown :-1 s=CLOSED pgs=74 cs=0 l=1 rev1=1 crypto rx=0 tx=0 comp rx=0 tx=0).stop
2024-04-22T06:35:33.832 INFO:teuthology.orchestra.run.smithi077.stdout:/usr/bin/ceph: stderr
2024-04-22T06:35:32.825+0000 7f1a4511b700 1 -- 172.21.15.77:0/3978721152 >> 172.21.15.77:0/3978721152 conn(0x7f1a40102ca0 msgr2=0x7f1a401050c0 unknown :-1 s=STATE_NONE l=0).mark_down
2024-04-22T06:35:33.832 INFO:teuthology.orchestra.run.smithi077.stdout:/usr/bin/ceph: stderr
2024-04-22T06:35:32.825+0000 7f1a4511b700 1 -- 172.21.15.77:0/3978721152 shutdown_connections
2024-04-22T06:35:33.832 INFO:teuthology.orchestra.run.smithi077.stdout:/usr/bin/ceph: stderr
2024-04-22T06:35:32.825+0000 7f1a4511b700 1 -- 172.21.15.77:0/3978721152 wait complete.
2024-04-22T06:35:33.832 INFO:teuthology.orchestra.run.smithi077.stdout:/usr/bin/ceph: stderr
2024-04-22T06:35:32.826+0000 7f1a4511b700 1 Processor -- start
2024-04-22T06:35:33.832 INFO:teuthology.orchestra.run.smithi077.stdout:/usr/bin/ceph: stderr
2024-04-22T06:35:32.826+0000 7f1a4511b700 1 -- start start
2024-04-22T06:35:33.832 INFO:teuthology.orchestra.run.smithi077.stdout:/usr/bin/ceph: stderr
2024-04-22T06:35:32.826+0000 7f1a4511b700 1 --2- >> [v2:172.21.15.77:3300/0,v1:172.21.15.77:6789/0] conn(0x7f1a40107660 0x7f1a4019b740 unknown :-1 s=NONE pgs=0 cs=0 l=1 rev1=0 crypto rx=0 tx=0 comp rx=0 tx=0).connect
2024-04-22T06:35:33.832 INFO:teuthology.orchestra.run.smithi077.stdout:/usr/bin/ceph: stderr
2024-04-22T06:35:32.826+0000 7f1a4511b700 1 -- --> [v2:172.21.15.77:3300/0,v1:172.21.15.77:6789/0] -- mon_getmap magic: 0 -- 0x7f1a4010bc10 con 0x7f1a40107660
2024-04-22T06:35:33.832 INFO:teuthology.orchestra.run.smithi077.stdout:/usr/bin/ceph: stderr
2024-04-22T06:35:32.826+0000 7f1a3ed9d700 1 --2- >> [v2:172.21.15.77:3300/0,v1:172.21.15.77:6789/0] conn(0x7f1a40107660 0x7f1a4019b740 unknown :-1 s=BANNER_CONNECTING pgs=0 cs=0 l=1 rev1=0 crypto rx=0 tx=0 comp rx=0 tx=0)._handle_peer_banner_payload supported=3 required=0
2024-04-22T06:35:33.832 INFO:teuthology.orchestra.run.smithi077.stdout:/usr/bin/ceph: stderr
2024-04-22T06:35:32.826+0000 7f1a3ed9d700 1 --2- >> [v2:172.21.15.77:3300/0,v1:172.21.15.77:6789/0] conn(0x7f1a40107660 0x7f1a4019b740 unknown :-1 s=HELLO_CONNECTING pgs=0 cs=0 l=1 rev1=1 crypto rx=0 tx=0 comp rx=0 tx=0).handle_hello peer v2:172.21.15.77:3300/0 says I am v2:172.21.15.77:35816/0 (socket says 172.21.15.77:35816)
2024-04-22T06:35:33.833 INFO:teuthology.orchestra.run.smithi077.stdout:/usr/bin/ceph: stderr
2024-04-22T06:35:32.826+0000 7f1a3ed9d700 1 -- 172.21.15.77:0/1962563626 learned_addr learned my addr 172.21.15.77:0/1962563626 (peer_addr_for_me v2:172.21.15.77:0/0)
2024-04-22T06:35:33.833 INFO:teuthology.orchestra.run.smithi077.stdout:/usr/bin/ceph: stderr
2024-04-22T06:35:32.826+0000 7f1a3ed9d700 1 -- 172.21.15.77:0/1962563626 --> [v2:172.21.15.77:3300/0,v1:172.21.15.77:6789/0] -- mon_subscribe({config=0+,monmap=0+}) -- 0x7f1a4019bc80 con 0x7f1a40107660
2024-04-22T06:35:33.833 INFO:teuthology.orchestra.run.smithi077.stdout:/usr/bin/ceph: stderr
2024-04-22T06:35:32.826+0000 7f1a3ed9d700 1 --2- 172.21.15.77:0/1962563626 >> [v2:172.21.15.77:3300/0,v1:172.21.15.77:6789/0] conn(0x7f1a40107660 0x7f1a4019b740 secure :-1 s=READY pgs=75 cs=0 l=1 rev1=1 crypto rx=0x7f1a30009fb0 tx=0x7f1a30011de0 comp rx=0 tx=0).ready entity=mon.0 client_cookie=0 server_cookie=0 in_seq=0 out_seq=0
2024-04-22T06:35:33.833 INFO:teuthology.orchestra.run.smithi077.stdout:/usr/bin/ceph: stderr
2024-04-22T06:35:32.827+0000 7f1a3cd99700 1 -- 172.21.15.77:0/1962563626 <== mon.0 v2:172.21.15.77:3300/0 1 ==== mon_map magic: 0 ==== 205+0+0 (secure 0 0 0) 0x7f1a300039e0 con 0x7f1a40107660
2024-04-22T06:35:33.833 INFO:teuthology.orchestra.run.smithi077.stdout:/usr/bin/ceph: stderr
2024-04-22T06:35:32.827+0000 7f1a4511b700 1 -- 172.21.15.77:0/1962563626 --> [v2:172.21.15.77:3300/0,v1:172.21.15.77:6789/0] -- mon_subscribe({mgrmap=0+}) -- 0x7f1a4019bf10 con 0x7f1a40107660
2024-04-22T06:35:33.833 INFO:teuthology.orchestra.run.smithi077.stdout:/usr/bin/ceph: stderr
2024-04-22T06:35:32.827+0000 7f1a3cd99700 1 -- 172.21.15.77:0/1962563626 <== mon.0 v2:172.21.15.77:3300/0 2 ==== config(28 keys) ==== 1170+0+0 (secure 0 0 0) 0x7f1a30004080 con 0x7f1a40107660
2024-04-22T06:35:33.833 INFO:teuthology.orchestra.run.smithi077.stdout:/usr/bin/ceph: stderr
2024-04-22T06:35:32.827+0000 7f1a3cd99700 1 -- 172.21.15.77:0/1962563626 <== mon.0 v2:172.21.15.77:3300/0 3 ==== mon_map magic: 0 ==== 205+0+0 (secure 0 0 0) 0x7f1a3001a430 con 0x7f1a40107660
2024-04-22T06:35:33.833 INFO:teuthology.orchestra.run.smithi077.stdout:/usr/bin/ceph: stderr
2024-04-22T06:35:32.827+0000 7f1a4511b700 1 -- 172.21.15.77:0/1962563626 --> [v2:172.21.15.77:3300/0,v1:172.21.15.77:6789/0] -- mon_subscribe({osdmap=0}) -- 0x7f1a4019ec00 con 0x7f1a40107660
2024-04-22T06:35:33.833 INFO:teuthology.orchestra.run.smithi077.stdout:/usr/bin/ceph: stderr
2024-04-22T06:35:32.827+0000 7f1a3cd99700 1 -- 172.21.15.77:0/1962563626 <== mon.0 v2:172.21.15.77:3300/0 4 ==== mgrmap(e 13) ==== 46614+0+0 (secure 0 0 0) 0x7f1a3001a6e0 con 0x7f1a40107660
2024-04-22T06:35:33.833 INFO:teuthology.orchestra.run.smithi077.stdout:/usr/bin/ceph: stderr
2024-04-22T06:35:32.828+0000 7f1a4511b700 1 -- 172.21.15.77:0/1962563626 --> [v2:172.21.15.77:3300/0,v1:172.21.15.77:6789/0] -- mon_command({"prefix": "get_command_descriptions"} v 0) -- 0x7f1a4010bd90 con 0x7f1a40107660
2024-04-22T06:35:33.834 INFO:teuthology.orchestra.run.smithi077.stdout:/usr/bin/ceph: stderr
2024-04-22T06:35:32.828+0000 7f1a3cd99700 1 --2- 172.21.15.77:0/1962563626 >> [v2:172.21.15.77:6800/2525080851,v1:172.21.15.77:6801/2525080851] conn(0x7f1a2c0396b0 0x7f1a2c03bb70 unknown :-1 s=NONE pgs=0 cs=0 l=1 rev1=0 crypto rx=0 tx=0 comp rx=0 tx=0).connect
2024-04-22T06:35:33.834 INFO:teuthology.orchestra.run.smithi077.stdout:/usr/bin/ceph: stderr
2024-04-22T06:35:32.828+0000 7f1a3cd99700 1 -- 172.21.15.77:0/1962563626 <== mon.0 v2:172.21.15.77:3300/0 5 ==== osd_map(3..3 src has 1..3) ==== 1155+0+0 (secure 0 0 0) 0x7f1a3004d960 con 0x7f1a40107660
2024-04-22T06:35:33.834 INFO:teuthology.orchestra.run.smithi077.stdout:/usr/bin/ceph: stderr
2024-04-22T06:35:32.828+0000 7f1a3659c700 1 --2- 172.21.15.77:0/1962563626 >> [v2:172.21.15.77:6800/2525080851,v1:172.21.15.77:6801/2525080851] conn(0x7f1a2c0396b0 0x7f1a2c03bb70 unknown :-1 s=BANNER_CONNECTING pgs=0 cs=0 l=1 rev1=0 crypto rx=0 tx=0 comp rx=0 tx=0)._handle_peer_banner_payload supported=3 required=0
2024-04-22T06:35:33.834 INFO:teuthology.orchestra.run.smithi077.stdout:/usr/bin/ceph: stderr
2024-04-22T06:35:32.828+0000 7f1a3659c700 1 --2- 172.21.15.77:0/1962563626 >> [v2:172.21.15.77:6800/2525080851,v1:172.21.15.77:6801/2525080851] conn(0x7f1a2c0396b0 0x7f1a2c03bb70 secure :-1 s=READY pgs=10 cs=0 l=1 rev1=1 crypto rx=0x7f1a28006fd0 tx=0x7f1a28006e40 comp rx=0 tx=0).ready entity=mgr.14150 client_cookie=0 server_cookie=0 in_seq=0 out_seq=0
2024-04-22T06:35:33.834 INFO:teuthology.orchestra.run.smithi077.stdout:/usr/bin/ceph: stderr
2024-04-22T06:35:32.833+0000 7f1a3cd99700 1 -- 172.21.15.77:0/1962563626 <== mon.0 v2:172.21.15.77:3300/0 6 ==== mon_command_ack([{"prefix": "get_command_descriptions"}]=0 v0) ==== 72+0+188370 (secure 0 0 0) 0x7f1a3002cc30 con 0x7f1a40107660
2024-04-22T06:35:33.834 INFO:teuthology.orchestra.run.smithi077.stdout:/usr/bin/ceph: stderr
2024-04-22T06:35:33.032+0000 7f1a4511b700 1 -- 172.21.15.77:0/1962563626 --> [v2:172.21.15.77:3300/0,v1:172.21.15.77:6789/0] -- mon_command([{prefix=config set, name=osd_memory_target_autotune}] v 0) -- 0x7f1a400640a0 con 0x7f1a40107660
2024-04-22T06:35:33.834 INFO:teuthology.orchestra.run.smithi077.stdout:/usr/bin/ceph: stderr
2024-04-22T06:35:33.033+0000 7f1a3cd99700 1 -- 172.21.15.77:0/1962563626 <== mon.0 v2:172.21.15.77:3300/0 7 ==== mon_command_ack([{prefix=config set, name=osd_memory_target_autotune}]=0 v8)=0 v8) ==== 127+0+0 (secure 0 0 0) 0x7f1a30024440 con 0x7f1a40107660
2024-04-22T06:35:33.834 INFO:teuthology.orchestra.run.smithi077.stdout:/usr/bin/ceph: stderr
2024-04-22T06:35:33.036+0000 7f1a4511b700 1 -- 172.21.15.77:0/1962563626 >> [v2:172.21.15.77:6800/2525080851,v1:172.21.15.77:6801/2525080851] conn(0x7f1a2c0396b0 msgr2=0x7f1a2c03bb70 secure :-1 s=STATE_CONNECTION_ESTABLISHED l=1).mark_down
2024-04-22T06:35:33.834 INFO:teuthology.orchestra.run.smithi077.stdout:/usr/bin/ceph: stderr
2024-04-22T06:35:33.036+0000 7f1a4511b700 1 --2- 172.21.15.77:0/1962563626 >> [v2:172.21.15.77:6800/2525080851,v1:172.21.15.77:6801/2525080851] conn(0x7f1a2c0396b0 0x7f1a2c03bb70 secure :-1 s=READY pgs=10 cs=0 l=1 rev1=1 crypto rx=0x7f1a28006fd0 tx=0x7f1a28006e40 comp rx=0 tx=0).stop
2024-04-22T06:35:33.834 INFO:teuthology.orchestra.run.smithi077.stdout:/usr/bin/ceph: stderr
2024-04-22T06:35:33.036+0000 7f1a4511b700 1 -- 172.21.15.77:0/1962563626 >> [v2:172.21.15.77:3300/0,v1:172.21.15.77:6789/0] conn(0x7f1a40107660 msgr2=0x7f1a4019b740 secure :-1 s=STATE_CONNECTION_ESTABLISHED l=1).mark_down
2024-04-22T06:35:33.834 INFO:teuthology.orchestra.run.smithi077.stdout:/usr/bin/ceph: stderr
2024-04-22T06:35:33.036+0000 7f1a4511b700 1 --2- 172.21.15.77:0/1962563626 >> [v2:172.21.15.77:3300/0,v1:172.21.15.77:6789/0] conn(0x7f1a40107660 0x7f1a4019b740 secure :-1 s=READY pgs=75 cs=0 l=1 rev1=1 crypto rx=0x7f1a30009fb0 tx=0x7f1a30011de0 comp rx=0 tx=0).stop
2024-04-22T06:35:33.835 INFO:teuthology.orchestra.run.smithi077.stdout:/usr/bin/ceph: stderr
2024-04-22T06:35:33.036+0000 7f1a4511b700 1 -- 172.21.15.77:0/1962563626 shutdown_connections
2024-04-22T06:35:33.835 INFO:teuthology.orchestra.run.smithi077.stdout:/usr/bin/ceph: stderr
2024-04-22T06:35:33.036+0000 7f1a4511b700 1 --2- 172.21.15.77:0/1962563626 >> [v2:172.21.15.77:6800/2525080851,v1:172.21.15.77:6801/2525080851] conn(0x7f1a2c0396b0 0x7f1a2c03bb70 unknown :-1 s=CLOSED pgs=10 cs=0 l=1 rev1=1 crypto rx=0 tx=0 comp rx=0 tx=0).stop
2024-04-22T06:35:33.835 INFO:teuthology.orchestra.run.smithi077.stdout:/usr/bin/ceph: stderr
2024-04-22T06:35:33.036+0000 7f1a4511b700 1 --2- 172.21.15.77:0/1962563626 >> [v2:172.21.15.77:3300/0,v1:172.21.15.77:6789/0] conn(0x7f1a40107660 0x7f1a4019b740 unknown :-1 s=CLOSED pgs=75 cs=0 l=1 rev1=1 crypto rx=0 tx=0 comp rx=0 tx=0).stop
2024-04-22T06:35:33.835 INFO:teuthology.orchestra.run.smithi077.stdout:/usr/bin/ceph: stderr
2024-04-22T06:35:33.036+0000 7f1a4511b700 1 -- 172.21.15.77:0/1962563626 >> 172.21.15.77:0/1962563626 conn(0x7f1a40102ca0 msgr2=0x7f1a40103830 unknown :-1 s=STATE_NONE l=0).mark_down
2024-04-22T06:35:33.835 INFO:teuthology.orchestra.run.smithi077.stdout:/usr/bin/ceph: stderr
2024-04-22T06:35:33.036+0000 7f1a4511b700 1 -- 172.21.15.77:0/1962563626 shutdown_connections
2024-04-22T06:35:33.835 INFO:teuthology.orchestra.run.smithi077.stdout:/usr/bin/ceph: stderr
2024-04-22T06:35:33.036+0000 7f1a4511b700 1 -- 172.21.15.77:0/1962563626 wait complete.
2024-04-22T06:35:35.121 INFO:teuthology.orchestra.run.smithi077.stdout:/usr/bin/ceph: stderr
2024-04-22T06:35:34.211+0000 7f65a1eb1700 1 Processor -- start
2024-04-22T06:35:35.121 INFO:teuthology.orchestra.run.smithi077.stdout:/usr/bin/ceph: stderr
2024-04-22T06:35:34.211+0000 7f65a1eb1700 1 -- start start
2024-04-22T06:35:35.121 INFO:teuthology.orchestra.run.smithi077.stdout:/usr/bin/ceph: stderr
2024-04-22T06:35:34.211+0000 7f65a1eb1700 1 --2- >> [v2:172.21.15.77:3300/0,v1:172.21.15.77:6789/0] conn(0x7f659c07ee30 0x7f659c07d2e0 unknown :-1 s=NONE pgs=0 cs=0 l=0 rev1=0 crypto rx=0 tx=0 comp rx=0 tx=0).connect
2024-04-22T06:35:35.121 INFO:teuthology.orchestra.run.smithi077.stdout:/usr/bin/ceph: stderr
2024-04-22T06:35:34.211+0000 7f65a1eb1700 1 -- --> [v2:172.21.15.77:3300/0,v1:172.21.15.77:6789/0] -- mon_getmap magic: 0 -- 0x7f659c07d8b0 con 0x7f659c07ee30
2024-04-22T06:35:35.122 INFO:teuthology.orchestra.run.smithi077.stdout:/usr/bin/ceph: stderr
2024-04-22T06:35:34.212+0000 7f659b7fe700 1 --2- >> [v2:172.21.15.77:3300/0,v1:172.21.15.77:6789/0] conn(0x7f659c07ee30 0x7f659c07d2e0 unknown :-1 s=BANNER_CONNECTING pgs=0 cs=0 l=0 rev1=0 crypto rx=0 tx=0 comp rx=0 tx=0)._handle_peer_banner_payload supported=3 required=0
2024-04-22T06:35:35.122 INFO:teuthology.orchestra.run.smithi077.stdout:/usr/bin/ceph: stderr
2024-04-22T06:35:34.212+0000 7f659b7fe700 1 --2- >> [v2:172.21.15.77:3300/0,v1:172.21.15.77:6789/0] conn(0x7f659c07ee30 0x7f659c07d2e0 unknown :-1 s=HELLO_CONNECTING pgs=0 cs=0 l=0 rev1=1 crypto rx=0 tx=0 comp rx=0 tx=0).handle_hello peer v2:172.21.15.77:3300/0 says I am v2:172.21.15.77:35818/0 (socket says 172.21.15.77:35818)
2024-04-22T06:35:35.122 INFO:teuthology.orchestra.run.smithi077.stdout:/usr/bin/ceph: stderr
2024-04-22T06:35:34.212+0000 7f659b7fe700 1 -- 172.21.15.77:0/2764285388 learned_addr learned my addr 172.21.15.77:0/2764285388 (peer_addr_for_me v2:172.21.15.77:0/0)
2024-04-22T06:35:35.122 INFO:teuthology.orchestra.run.smithi077.stdout:/usr/bin/ceph: stderr
2024-04-22T06:35:34.212+0000 7f659b7fe700 1 -- 172.21.15.77:0/2764285388 --> [v2:172.21.15.77:3300/0,v1:172.21.15.77:6789/0] -- mon_subscribe({config=0+,monmap=0+}) -- 0x7f659c07da30 con 0x7f659c07ee30
2024-04-22T06:35:35.122 INFO:teuthology.orchestra.run.smithi077.stdout:/usr/bin/ceph: stderr
2024-04-22T06:35:34.212+0000 7f659b7fe700 1 --2- 172.21.15.77:0/2764285388 >> [v2:172.21.15.77:3300/0,v1:172.21.15.77:6789/0] conn(0x7f659c07ee30 0x7f659c07d2e0 secure :-1 s=READY pgs=76 cs=0 l=1 rev1=1 crypto rx=0x7f65900098a0 tx=0x7f6590009bb0 comp rx=0 tx=0).ready entity=mon.0 client_cookie=b6ddd497dfec04b4 server_cookie=0 in_seq=0 out_seq=0
2024-04-22T06:35:35.122 INFO:teuthology.orchestra.run.smithi077.stdout:/usr/bin/ceph: stderr
2024-04-22T06:35:34.212+0000 7f659a7fc700 1 -- 172.21.15.77:0/2764285388 <== mon.0 v2:172.21.15.77:3300/0 1 ==== mon_map magic: 0 ==== 205+0+0 (secure 0 0 0) 0x7f6590004160 con 0x7f659c07ee30
2024-04-22T06:35:35.122 INFO:teuthology.orchestra.run.smithi077.stdout:/usr/bin/ceph: stderr
2024-04-22T06:35:34.212+0000 7f659a7fc700 1 -- 172.21.15.77:0/2764285388 <== mon.0 v2:172.21.15.77:3300/0 2 ==== config(28 keys) ==== 1170+0+0 (secure 0 0 0) 0x7f6590004300 con 0x7f659c07ee30
2024-04-22T06:35:35.122 INFO:teuthology.orchestra.run.smithi077.stdout:/usr/bin/ceph: stderr
2024-04-22T06:35:34.212+0000 7f659a7fc700 1 -- 172.21.15.77:0/2764285388 <== mon.0 v2:172.21.15.77:3300/0 3 ==== mon_map magic: 0 ==== 205+0+0 (secure 0 0 0) 0x7f6590011c20 con 0x7f659c07ee30
2024-04-22T06:35:35.122 INFO:teuthology.orchestra.run.smithi077.stdout:/usr/bin/ceph: stderr
2024-04-22T06:35:34.213+0000 7f65a1eb1700 1 -- 172.21.15.77:0/2764285388 >> [v2:172.21.15.77:3300/0,v1:172.21.15.77:6789/0] conn(0x7f659c07ee30 msgr2=0x7f659c07d2e0 secure :-1 s=STATE_CONNECTION_ESTABLISHED l=1).mark_down
2024-04-22T06:35:35.122 INFO:teuthology.orchestra.run.smithi077.stdout:/usr/bin/ceph: stderr
2024-04-22T06:35:34.213+0000 7f65a1eb1700 1 --2- 172.21.15.77:0/2764285388 >> [v2:172.21.15.77:3300/0,v1:172.21.15.77:6789/0] conn(0x7f659c07ee30 0x7f659c07d2e0 secure :-1 s=READY pgs=76 cs=0 l=1 rev1=1 crypto rx=0x7f65900098a0 tx=0x7f6590009bb0 comp rx=0 tx=0).stop
2024-04-22T06:35:35.122 INFO:teuthology.orchestra.run.smithi077.stdout:/usr/bin/ceph: stderr
2024-04-22T06:35:34.213+0000 7f65a1eb1700 1 -- 172.21.15.77:0/2764285388 shutdown_connections
2024-04-22T06:35:35.122 INFO:teuthology.orchestra.run.smithi077.stdout:/usr/bin/ceph: stderr
2024-04-22T06:35:34.213+0000 7f65a1eb1700 1 --2- 172.21.15.77:0/2764285388 >> [v2:172.21.15.77:3300/0,v1:172.21.15.77:6789/0] conn(0x7f659c07ee30 0x7f659c07d2e0 unknown :-1 s=CLOSED pgs=76 cs=0 l=1 rev1=1 crypto rx=0 tx=0 comp rx=0 tx=0).stop
2024-04-22T06:35:35.122 INFO:teuthology.orchestra.run.smithi077.stdout:/usr/bin/ceph: stderr
2024-04-22T06:35:34.213+0000 7f65a1eb1700 1 -- 172.21.15.77:0/2764285388 >> 172.21.15.77:0/2764285388 conn(0x7f659c103db0 msgr2=0x7f659c1061d0 unknown :-1 s=STATE_NONE l=0).mark_down
2024-04-22T06:35:35.123 INFO:teuthology.orchestra.run.smithi077.stdout:/usr/bin/ceph: stderr
2024-04-22T06:35:34.213+0000 7f65a1eb1700 1 -- 172.21.15.77:0/2764285388 shutdown_connections
2024-04-22T06:35:35.123 INFO:teuthology.orchestra.run.smithi077.stdout:/usr/bin/ceph: stderr
2024-04-22T06:35:34.213+0000 7f65a1eb1700 1 -- 172.21.15.77:0/2764285388 wait complete.
2024-04-22T06:35:35.123 INFO:teuthology.orchestra.run.smithi077.stdout:/usr/bin/ceph: stderr
2024-04-22T06:35:34.213+0000 7f65a1eb1700 1 Processor -- start
2024-04-22T06:35:35.123 INFO:teuthology.orchestra.run.smithi077.stdout:/usr/bin/ceph: stderr
2024-04-22T06:35:34.214+0000 7f65a1eb1700 1 -- start start
2024-04-22T06:35:35.123 INFO:teuthology.orchestra.run.smithi077.stdout:/usr/bin/ceph: stderr
2024-04-22T06:35:34.214+0000 7f65a1eb1700 1 --2- >> [v2:172.21.15.77:3300/0,v1:172.21.15.77:6789/0] conn(0x7f659c07ee30 0x7f659c19e9a0 unknown :-1 s=NONE pgs=0 cs=0 l=1 rev1=0 crypto rx=0 tx=0 comp rx=0 tx=0).connect
2024-04-22T06:35:35.123 INFO:teuthology.orchestra.run.smithi077.stdout:/usr/bin/ceph: stderr
2024-04-22T06:35:34.214+0000 7f65a1eb1700 1 -- --> [v2:172.21.15.77:3300/0,v1:172.21.15.77:6789/0] -- mon_getmap magic: 0 -- 0x7f659c10ee50 con 0x7f659c07ee30
2024-04-22T06:35:35.123 INFO:teuthology.orchestra.run.smithi077.stdout:/usr/bin/ceph: stderr
2024-04-22T06:35:34.214+0000 7f659b7fe700 1 --2- >> [v2:172.21.15.77:3300/0,v1:172.21.15.77:6789/0] conn(0x7f659c07ee30 0x7f659c19e9a0 unknown :-1 s=BANNER_CONNECTING pgs=0 cs=0 l=1 rev1=0 crypto rx=0 tx=0 comp rx=0 tx=0)._handle_peer_banner_payload supported=3 required=0
2024-04-22T06:35:35.123 INFO:teuthology.orchestra.run.smithi077.stdout:/usr/bin/ceph: stderr
2024-04-22T06:35:34.214+0000 7f659b7fe700 1 --2- >> [v2:172.21.15.77:3300/0,v1:172.21.15.77:6789/0] conn(0x7f659c07ee30 0x7f659c19e9a0 unknown :-1 s=HELLO_CONNECTING pgs=0 cs=0 l=1 rev1=1 crypto rx=0 tx=0 comp rx=0 tx=0).handle_hello peer v2:172.21.15.77:3300/0 says I am v2:172.21.15.77:35826/0 (socket says 172.21.15.77:35826)
2024-04-22T06:35:35.123 INFO:teuthology.orchestra.run.smithi077.stdout:/usr/bin/ceph: stderr
2024-04-22T06:35:34.214+0000 7f659b7fe700 1 -- 172.21.15.77:0/4234722807 learned_addr learned my addr 172.21.15.77:0/4234722807 (peer_addr_for_me v2:172.21.15.77:0/0)
2024-04-22T06:35:35.123 INFO:teuthology.orchestra.run.smithi077.stdout:/usr/bin/ceph: stderr
2024-04-22T06:35:34.214+0000 7f659b7fe700 1 -- 172.21.15.77:0/4234722807 --> [v2:172.21.15.77:3300/0,v1:172.21.15.77:6789/0] -- mon_subscribe({config=0+,monmap=0+}) -- 0x7f659c19eee0 con 0x7f659c07ee30
2024-04-22T06:35:35.123 INFO:teuthology.orchestra.run.smithi077.stdout:/usr/bin/ceph: stderr
2024-04-22T06:35:34.214+0000 7f659b7fe700 1 --2- 172.21.15.77:0/4234722807 >> [v2:172.21.15.77:3300/0,v1:172.21.15.77:6789/0] conn(0x7f659c07ee30 0x7f659c19e9a0 secure :-1 s=READY pgs=77 cs=0 l=1 rev1=1 crypto rx=0x7f65900046e0 tx=0x7f6590011a70 comp rx=0 tx=0).ready entity=mon.0 client_cookie=0 server_cookie=0 in_seq=0 out_seq=0
2024-04-22T06:35:35.123 INFO:teuthology.orchestra.run.smithi077.stdout:/usr/bin/ceph: stderr
2024-04-22T06:35:34.215+0000 7f6598ff9700 1 -- 172.21.15.77:0/4234722807 <== mon.0 v2:172.21.15.77:3300/0 1 ==== mon_map magic: 0 ==== 205+0+0 (secure 0 0 0) 0x7f65900038b0 con 0x7f659c07ee30
2024-04-22T06:35:35.123 INFO:teuthology.orchestra.run.smithi077.stdout:/usr/bin/ceph: stderr
2024-04-22T06:35:34.215+0000 7f6598ff9700 1 -- 172.21.15.77:0/4234722807 <== mon.0 v2:172.21.15.77:3300/0 2 ==== config(28 keys) ==== 1170+0+0 (secure 0 0 0) 0x7f6590003a50 con 0x7f659c07ee30
2024-04-22T06:35:35.123 INFO:teuthology.orchestra.run.smithi077.stdout:/usr/bin/ceph: stderr
2024-04-22T06:35:34.215+0000 7f65a1eb1700 1 -- 172.21.15.77:0/4234722807 --> [v2:172.21.15.77:3300/0,v1:172.21.15.77:6789/0] -- mon_subscribe({mgrmap=0+}) -- 0x7f659c19f170 con 0x7f659c07ee30
2024-04-22T06:35:35.124 INFO:teuthology.orchestra.run.smithi077.stdout:/usr/bin/ceph: stderr
2024-04-22T06:35:34.215+0000 7f6598ff9700 1 -- 172.21.15.77:0/4234722807 <== mon.0 v2:172.21.15.77:3300/0 3 ==== mon_map magic: 0 ==== 205+0+0 (secure 0 0 0) 0x7f6590024630 con 0x7f659c07ee30
2024-04-22T06:35:35.124 INFO:teuthology.orchestra.run.smithi077.stdout:/usr/bin/ceph: stderr
2024-04-22T06:35:34.215+0000 7f65a1eb1700 1 -- 172.21.15.77:0/4234722807 --> [v2:172.21.15.77:3300/0,v1:172.21.15.77:6789/0] -- mon_subscribe({osdmap=0}) -- 0x7f659c1a1e60 con 0x7f659c07ee30
2024-04-22T06:35:35.124 INFO:teuthology.orchestra.run.smithi077.stdout:/usr/bin/ceph: stderr
2024-04-22T06:35:34.215+0000 7f6598ff9700 1 -- 172.21.15.77:0/4234722807 <== mon.0 v2:172.21.15.77:3300/0 4 ==== mgrmap(e 13) ==== 46614+0+0 (secure 0 0 0) 0x7f6590022020 con 0x7f659c07ee30
2024-04-22T06:35:35.124 INFO:teuthology.orchestra.run.smithi077.stdout:/usr/bin/ceph: stderr
2024-04-22T06:35:34.215+0000 7f65a1eb1700 1 -- 172.21.15.77:0/4234722807 --> [v2:172.21.15.77:3300/0,v1:172.21.15.77:6789/0] -- mon_command({"prefix": "get_command_descriptions"} v 0) -- 0x7f659c0640a0 con 0x7f659c07ee30
2024-04-22T06:35:35.124 INFO:teuthology.orchestra.run.smithi077.stdout:/usr/bin/ceph: stderr
2024-04-22T06:35:34.216+0000 7f6598ff9700 1 --2- 172.21.15.77:0/4234722807 >> [v2:172.21.15.77:6800/2525080851,v1:172.21.15.77:6801/2525080851] conn(0x7f65840396a0 0x7f658403bb60 unknown :-1 s=NONE pgs=0 cs=0 l=1 rev1=0 crypto rx=0 tx=0 comp rx=0 tx=0).connect
2024-04-22T06:35:35.124 INFO:teuthology.orchestra.run.smithi077.stdout:/usr/bin/ceph: stderr
2024-04-22T06:35:34.216+0000 7f6598ff9700 1 -- 172.21.15.77:0/4234722807 <== mon.0 v2:172.21.15.77:3300/0 5 ==== osd_map(3..3 src has 1..3) ==== 1155+0+0 (secure 0 0 0) 0x7f659004d820 con 0x7f659c07ee30
2024-04-22T06:35:35.124 INFO:teuthology.orchestra.run.smithi077.stdout:/usr/bin/ceph: stderr
2024-04-22T06:35:34.216+0000 7f659affd700 1 --2- 172.21.15.77:0/4234722807 >> [v2:172.21.15.77:6800/2525080851,v1:172.21.15.77:6801/2525080851] conn(0x7f65840396a0 0x7f658403bb60 unknown :-1 s=BANNER_CONNECTING pgs=0 cs=0 l=1 rev1=0 crypto rx=0 tx=0 comp rx=0 tx=0)._handle_peer_banner_payload supported=3 required=0
2024-04-22T06:35:35.124 INFO:teuthology.orchestra.run.smithi077.stdout:/usr/bin/ceph: stderr
2024-04-22T06:35:34.216+0000 7f659affd700 1 --2- 172.21.15.77:0/4234722807 >> [v2:172.21.15.77:6800/2525080851,v1:172.21.15.77:6801/2525080851] conn(0x7f65840396a0 0x7f658403bb60 secure :-1 s=READY pgs=11 cs=0 l=1 rev1=1 crypto rx=0x7f658c006fd0 tx=0x7f658c006e40 comp rx=0 tx=0).ready entity=mgr.14150 client_cookie=0 server_cookie=0 in_seq=0 out_seq=0
2024-04-22T06:35:35.124 INFO:teuthology.orchestra.run.smithi077.stdout:/usr/bin/ceph: stderr
2024-04-22T06:35:34.221+0000 7f6598ff9700 1 -- 172.21.15.77:0/4234722807 <== mon.0 v2:172.21.15.77:3300/0 6 ==== mon_command_ack([{"prefix": "get_command_descriptions"}]=0 v0) ==== 72+0+188370 (secure 0 0 0) 0x7f659000be30 con 0x7f659c07ee30
2024-04-22T06:35:35.124 INFO:teuthology.orchestra.run.smithi077.stdout:/usr/bin/ceph: stderr
2024-04-22T06:35:34.530+0000 7f65a1eb1700 1 -- 172.21.15.77:0/4234722807 --> [v2:172.21.15.77:3300/0,v1:172.21.15.77:6789/0] -- mon_command([{prefix=config-key set, key=mgr/dashboard/cluster/status}] v 0) -- 0x7f659c1a2410 con 0x7f659c07ee30
2024-04-22T06:35:35.124 INFO:teuthology.orchestra.run.smithi077.stdout:/usr/bin/ceph: stderr
2024-04-22T06:35:34.532+0000 7f6598ff9700 1 -- 172.21.15.77:0/4234722807 <== mon.0 v2:172.21.15.77:3300/0 7 ==== mon_command_ack([{prefix=config-key set, key=mgr/dashboard/cluster/status}]=0 set mgr/dashboard/cluster/status v28)=0 set mgr/dashboard/cluster/status v28) ==== 153+0+0 (secure 0 0 0) 0x7f6590020c10 con 0x7f659c07ee30
2024-04-22T06:35:35.124 INFO:teuthology.orchestra.run.smithi077.stdout:/usr/bin/ceph: stderr
2024-04-22T06:35:34.534+0000 7f65a1eb1700 1 -- 172.21.15.77:0/4234722807 >> [v2:172.21.15.77:6800/2525080851,v1:172.21.15.77:6801/2525080851] conn(0x7f65840396a0 msgr2=0x7f658403bb60 secure :-1 s=STATE_CONNECTION_ESTABLISHED l=1).mark_down
2024-04-22T06:35:35.124 INFO:teuthology.orchestra.run.smithi077.stdout:/usr/bin/ceph: stderr
2024-04-22T06:35:34.534+0000 7f65a1eb1700 1 --2- 172.21.15.77:0/4234722807 >> [v2:172.21.15.77:6800/2525080851,v1:172.21.15.77:6801/2525080851] conn(0x7f65840396a0 0x7f658403bb60 secure :-1 s=READY pgs=11 cs=0 l=1 rev1=1 crypto rx=0x7f658c006fd0 tx=0x7f658c006e40 comp rx=0 tx=0).stop
2024-04-22T06:35:35.125 INFO:teuthology.orchestra.run.smithi077.stdout:/usr/bin/ceph: stderr
2024-04-22T06:35:34.534+0000 7f65a1eb1700 1 -- 172.21.15.77:0/4234722807 >> [v2:172.21.15.77:3300/0,v1:172.21.15.77:6789/0] conn(0x7f659c07ee30 msgr2=0x7f659c19e9a0 secure :-1 s=STATE_CONNECTION_ESTABLISHED l=1).mark_down
2024-04-22T06:35:35.125 INFO:teuthology.orchestra.run.smithi077.stdout:/usr/bin/ceph: stderr
2024-04-22T06:35:34.534+0000 7f65a1eb1700 1 --2- 172.21.15.77:0/4234722807 >> [v2:172.21.15.77:3300/0,v1:172.21.15.77:6789/0] conn(0x7f659c07ee30 0x7f659c19e9a0 secure :-1 s=READY pgs=77 cs=0 l=1 rev1=1 crypto rx=0x7f65900046e0 tx=0x7f6590011a70 comp rx=0 tx=0).stop
2024-04-22T06:35:35.125 INFO:teuthology.orchestra.run.smithi077.stdout:/usr/bin/ceph: stderr
2024-04-22T06:35:34.535+0000 7f65a1eb1700 1 -- 172.21.15.77:0/4234722807 shutdown_connections
2024-04-22T06:35:35.125 INFO:teuthology.orchestra.run.smithi077.stdout:/usr/bin/ceph: stderr
2024-04-22T06:35:34.535+0000 7f65a1eb1700 1 --2- 172.21.15.77:0/4234722807 >> [v2:172.21.15.77:6800/2525080851,v1:172.21.15.77:6801/2525080851] conn(0x7f65840396a0 0x7f658403bb60 unknown :-1 s=CLOSED pgs=11 cs=0 l=1 rev1=1 crypto rx=0 tx=0 comp rx=0 tx=0).stop
2024-04-22T06:35:35.125 INFO:teuthology.orchestra.run.smithi077.stdout:/usr/bin/ceph: stderr
2024-04-22T06:35:34.535+0000 7f65a1eb1700 1 --2- 172.21.15.77:0/4234722807 >> [v2:172.21.15.77:3300/0,v1:172.21.15.77:6789/0] conn(0x7f659c07ee30 0x7f659c19e9a0 unknown :-1 s=CLOSED pgs=77 cs=0 l=1 rev1=1 crypto rx=0 tx=0 comp rx=0 tx=0).stop
2024-04-22T06:35:35.125 INFO:teuthology.orchestra.run.smithi077.stdout:/usr/bin/ceph: stderr
2024-04-22T06:35:34.535+0000 7f65a1eb1700 1 -- 172.21.15.77:0/4234722807 >> 172.21.15.77:0/4234722807 conn(0x7f659c103db0 msgr2=0x7f659c1048f0 unknown :-1 s=STATE_NONE l=0).mark_down
2024-04-22T06:35:35.125 INFO:teuthology.orchestra.run.smithi077.stdout:/usr/bin/ceph: stderr
2024-04-22T06:35:34.535+0000 7f65a1eb1700 1 -- 172.21.15.77:0/4234722807 shutdown_connections
2024-04-22T06:35:35.125 INFO:teuthology.orchestra.run.smithi077.stdout:/usr/bin/ceph: stderr
2024-04-22T06:35:34.535+0000 7f65a1eb1700 1 -- 172.21.15.77:0/4234722807 wait complete.
2024-04-22T06:35:35.125 INFO:teuthology.orchestra.run.smithi077.stdout:/usr/bin/ceph: stderr set mgr/dashboard/cluster/status
2024-04-22T06:35:35.125 INFO:teuthology.orchestra.run.smithi077.stdout:You can access the Ceph CLI as following in case of multi-cluster or non-default config:
2024-04-22T06:35:35.125 INFO:teuthology.orchestra.run.smithi077.stdout:
2024-04-22T06:35:35.125 INFO:teuthology.orchestra.run.smithi077.stdout: sudo /home/ubuntu/cephtest/cephadm shell --fsid 29b4519a-0072-11ef-bc93-c7b262605968 -c /etc/ceph/ceph.conf -k /etc/ceph/ceph.client.admin.keyring
2024-04-22T06:35:35.125 INFO:teuthology.orchestra.run.smithi077.stdout:
2024-04-22T06:35:35.125 INFO:teuthology.orchestra.run.smithi077.stdout:Or, if you are only running a single cluster on this host:
2024-04-22T06:35:35.125 INFO:teuthology.orchestra.run.smithi077.stdout:
2024-04-22T06:35:35.125 INFO:teuthology.orchestra.run.smithi077.stdout: sudo /home/ubuntu/cephtest/cephadm shell
2024-04-22T06:35:35.126 INFO:teuthology.orchestra.run.smithi077.stdout:
2024-04-22T06:35:35.126 INFO:teuthology.orchestra.run.smithi077.stdout:Please consider enabling telemetry to help improve Ceph:
2024-04-22T06:35:35.126 INFO:teuthology.orchestra.run.smithi077.stdout:
2024-04-22T06:35:35.126 INFO:teuthology.orchestra.run.smithi077.stdout: ceph telemetry on
2024-04-22T06:35:35.126 INFO:teuthology.orchestra.run.smithi077.stdout:
2024-04-22T06:35:35.126 INFO:teuthology.orchestra.run.smithi077.stdout:For more information see:
2024-04-22T06:35:35.126 INFO:teuthology.orchestra.run.smithi077.stdout:
2024-04-22T06:35:35.126 INFO:teuthology.orchestra.run.smithi077.stdout: https://docs.ceph.com/en/latest/mgr/telemetry/
2024-04-22T06:35:35.126 INFO:teuthology.orchestra.run.smithi077.stdout:
2024-04-22T06:35:35.126 INFO:teuthology.orchestra.run.smithi077.stdout:Bootstrap complete.
2024-04-22T06:35:35.157 INFO:tasks.cephadm:Fetching config...
2024-04-22T06:35:35.157 DEBUG:teuthology.orchestra.run.smithi077:> set -ex
2024-04-22T06:35:35.157 DEBUG:teuthology.orchestra.run.smithi077:> dd if=/etc/ceph/ceph.conf of=/dev/stdout
2024-04-22T06:35:35.173 INFO:tasks.cephadm:Fetching client.admin keyring...
2024-04-22T06:35:35.173 DEBUG:teuthology.orchestra.run.smithi077:> set -ex
2024-04-22T06:35:35.173 DEBUG:teuthology.orchestra.run.smithi077:> dd if=/etc/ceph/ceph.client.admin.keyring of=/dev/stdout
2024-04-22T06:35:35.227 INFO:tasks.cephadm:Fetching mon keyring...
2024-04-22T06:35:35.228 DEBUG:teuthology.orchestra.run.smithi077:> set -ex
2024-04-22T06:35:35.228 DEBUG:teuthology.orchestra.run.smithi077:> sudo dd if=/var/lib/ceph/29b4519a-0072-11ef-bc93-c7b262605968/mon.a/keyring of=/dev/stdout
2024-04-22T06:35:35.291 INFO:tasks.cephadm:Fetching pub ssh key...
2024-04-22T06:35:35.291 DEBUG:teuthology.orchestra.run.smithi077:> set -ex
2024-04-22T06:35:35.291 DEBUG:teuthology.orchestra.run.smithi077:> dd if=/home/ubuntu/cephtest/ceph.pub of=/dev/stdout
2024-04-22T06:35:35.346 INFO:tasks.cephadm:Installing pub ssh key for root users...
2024-04-22T06:35:35.347 DEBUG:teuthology.orchestra.run.smithi077:> sudo install -d -m 0700 /root/.ssh && echo 'ssh-rsa AAAAB3NzaC1yc2EAAAADAQABAAABgQDIfTqy7ENNwdXPI/5cc0utnwkgI5+5DPMRba99gX28fTFR1zggNiCdttypw8nLAeydb7/aImp5JJpiMlHgEd+HliqKkM3Hmq5QhXEmOIjuEpVn2IKw5tOPGQc/9wCJmfgxkbRUBzax6vfomepQNc+xykU+yaL7mnNjvxQ5ngZNlkFo3/Gm4TnN1T2SIxLw2pyUQCszZSwSZzzcl1oFXeywsLM63p72Oxjcz6xCL0DNv6zwmjk4OtJ6qKhRJ9rErgh3rbrsMRX7Urm6p2UUKCiIBYBoZj4UXhFJNAbKdxab7Y4eqsrRTwszbRxDZyuroYjR4t3yP13lgYWBb5fiUMYx+5vJpWKv6Jkm0qtn/sA+jW3tYwCusPNmHaMiKB7BH212ubvTBsO1O5cpTRPhCHa+PVDyhGso2ibHmtn79S9FI5i+UUa/SjsoXlrylyNB5yca9dRoNF0zmvNDmxqtCEWvoKlrPqgVd03ZgtCEOFiKBLJqiV+NDXFbT6XE0W526G8= ceph-29b4519a-0072-11ef-bc93-c7b262605968' | sudo tee -a /root/.ssh/authorized_keys && sudo chmod 0600 /root/.ssh/authorized_keys
2024-04-22T06:35:35.419 INFO:teuthology.orchestra.run.smithi077.stdout:ssh-rsa AAAAB3NzaC1yc2EAAAADAQABAAABgQDIfTqy7ENNwdXPI/5cc0utnwkgI5+5DPMRba99gX28fTFR1zggNiCdttypw8nLAeydb7/aImp5JJpiMlHgEd+HliqKkM3Hmq5QhXEmOIjuEpVn2IKw5tOPGQc/9wCJmfgxkbRUBzax6vfomepQNc+xykU+yaL7mnNjvxQ5ngZNlkFo3/Gm4TnN1T2SIxLw2pyUQCszZSwSZzzcl1oFXeywsLM63p72Oxjcz6xCL0DNv6zwmjk4OtJ6qKhRJ9rErgh3rbrsMRX7Urm6p2UUKCiIBYBoZj4UXhFJNAbKdxab7Y4eqsrRTwszbRxDZyuroYjR4t3yP13lgYWBb5fiUMYx+5vJpWKv6Jkm0qtn/sA+jW3tYwCusPNmHaMiKB7BH212ubvTBsO1O5cpTRPhCHa+PVDyhGso2ibHmtn79S9FI5i+UUa/SjsoXlrylyNB5yca9dRoNF0zmvNDmxqtCEWvoKlrPqgVd03ZgtCEOFiKBLJqiV+NDXFbT6XE0W526G8= ceph-29b4519a-0072-11ef-bc93-c7b262605968
2024-04-22T06:35:35.440 DEBUG:teuthology.orchestra.run.smithi086:> sudo install -d -m 0700 /root/.ssh && echo 'ssh-rsa AAAAB3NzaC1yc2EAAAADAQABAAABgQDIfTqy7ENNwdXPI/5cc0utnwkgI5+5DPMRba99gX28fTFR1zggNiCdttypw8nLAeydb7/aImp5JJpiMlHgEd+HliqKkM3Hmq5QhXEmOIjuEpVn2IKw5tOPGQc/9wCJmfgxkbRUBzax6vfomepQNc+xykU+yaL7mnNjvxQ5ngZNlkFo3/Gm4TnN1T2SIxLw2pyUQCszZSwSZzzcl1oFXeywsLM63p72Oxjcz6xCL0DNv6zwmjk4OtJ6qKhRJ9rErgh3rbrsMRX7Urm6p2UUKCiIBYBoZj4UXhFJNAbKdxab7Y4eqsrRTwszbRxDZyuroYjR4t3yP13lgYWBb5fiUMYx+5vJpWKv6Jkm0qtn/sA+jW3tYwCusPNmHaMiKB7BH212ubvTBsO1O5cpTRPhCHa+PVDyhGso2ibHmtn79S9FI5i+UUa/SjsoXlrylyNB5yca9dRoNF0zmvNDmxqtCEWvoKlrPqgVd03ZgtCEOFiKBLJqiV+NDXFbT6XE0W526G8= ceph-29b4519a-0072-11ef-bc93-c7b262605968' | sudo tee -a /root/.ssh/authorized_keys && sudo chmod 0600 /root/.ssh/authorized_keys
2024-04-22T06:35:35.478 INFO:teuthology.orchestra.run.smithi086.stdout:ssh-rsa AAAAB3NzaC1yc2EAAAADAQABAAABgQDIfTqy7ENNwdXPI/5cc0utnwkgI5+5DPMRba99gX28fTFR1zggNiCdttypw8nLAeydb7/aImp5JJpiMlHgEd+HliqKkM3Hmq5QhXEmOIjuEpVn2IKw5tOPGQc/9wCJmfgxkbRUBzax6vfomepQNc+xykU+yaL7mnNjvxQ5ngZNlkFo3/Gm4TnN1T2SIxLw2pyUQCszZSwSZzzcl1oFXeywsLM63p72Oxjcz6xCL0DNv6zwmjk4OtJ6qKhRJ9rErgh3rbrsMRX7Urm6p2UUKCiIBYBoZj4UXhFJNAbKdxab7Y4eqsrRTwszbRxDZyuroYjR4t3yP13lgYWBb5fiUMYx+5vJpWKv6Jkm0qtn/sA+jW3tYwCusPNmHaMiKB7BH212ubvTBsO1O5cpTRPhCHa+PVDyhGso2ibHmtn79S9FI5i+UUa/SjsoXlrylyNB5yca9dRoNF0zmvNDmxqtCEWvoKlrPqgVd03ZgtCEOFiKBLJqiV+NDXFbT6XE0W526G8= ceph-29b4519a-0072-11ef-bc93-c7b262605968
2024-04-22T06:35:35.490 DEBUG:teuthology.orchestra.run.smithi144:> sudo install -d -m 0700 /root/.ssh && echo 'ssh-rsa AAAAB3NzaC1yc2EAAAADAQABAAABgQDIfTqy7ENNwdXPI/5cc0utnwkgI5+5DPMRba99gX28fTFR1zggNiCdttypw8nLAeydb7/aImp5JJpiMlHgEd+HliqKkM3Hmq5QhXEmOIjuEpVn2IKw5tOPGQc/9wCJmfgxkbRUBzax6vfomepQNc+xykU+yaL7mnNjvxQ5ngZNlkFo3/Gm4TnN1T2SIxLw2pyUQCszZSwSZzzcl1oFXeywsLM63p72Oxjcz6xCL0DNv6zwmjk4OtJ6qKhRJ9rErgh3rbrsMRX7Urm6p2UUKCiIBYBoZj4UXhFJNAbKdxab7Y4eqsrRTwszbRxDZyuroYjR4t3yP13lgYWBb5fiUMYx+5vJpWKv6Jkm0qtn/sA+jW3tYwCusPNmHaMiKB7BH212ubvTBsO1O5cpTRPhCHa+PVDyhGso2ibHmtn79S9FI5i+UUa/SjsoXlrylyNB5yca9dRoNF0zmvNDmxqtCEWvoKlrPqgVd03ZgtCEOFiKBLJqiV+NDXFbT6XE0W526G8= ceph-29b4519a-0072-11ef-bc93-c7b262605968' | sudo tee -a /root/.ssh/authorized_keys && sudo chmod 0600 /root/.ssh/authorized_keys
2024-04-22T06:35:35.529 INFO:teuthology.orchestra.run.smithi144.stdout:ssh-rsa AAAAB3NzaC1yc2EAAAADAQABAAABgQDIfTqy7ENNwdXPI/5cc0utnwkgI5+5DPMRba99gX28fTFR1zggNiCdttypw8nLAeydb7/aImp5JJpiMlHgEd+HliqKkM3Hmq5QhXEmOIjuEpVn2IKw5tOPGQc/9wCJmfgxkbRUBzax6vfomepQNc+xykU+yaL7mnNjvxQ5ngZNlkFo3/Gm4TnN1T2SIxLw2pyUQCszZSwSZzzcl1oFXeywsLM63p72Oxjcz6xCL0DNv6zwmjk4OtJ6qKhRJ9rErgh3rbrsMRX7Urm6p2UUKCiIBYBoZj4UXhFJNAbKdxab7Y4eqsrRTwszbRxDZyuroYjR4t3yP13lgYWBb5fiUMYx+5vJpWKv6Jkm0qtn/sA+jW3tYwCusPNmHaMiKB7BH212ubvTBsO1O5cpTRPhCHa+PVDyhGso2ibHmtn79S9FI5i+UUa/SjsoXlrylyNB5yca9dRoNF0zmvNDmxqtCEWvoKlrPqgVd03ZgtCEOFiKBLJqiV+NDXFbT6XE0W526G8= ceph-29b4519a-0072-11ef-bc93-c7b262605968
2024-04-22T06:35:35.541 DEBUG:teuthology.orchestra.run.smithi077:> sudo /home/ubuntu/cephtest/cephadm --image quay-quay-quay.apps.os.sepia.ceph.com/ceph-ci/ceph:86f7587a5a09af35f0895e1a2d08527638fae697 shell -c /etc/ceph/ceph.conf -k /etc/ceph/ceph.client.admin.keyring --fsid 29b4519a-0072-11ef-bc93-c7b262605968 -- ceph config set mgr mgr/cephadm/allow_ptrace true
2024-04-22T06:35:35.778 INFO:teuthology.orchestra.run.smithi077.stderr:Inferring config /var/lib/ceph/29b4519a-0072-11ef-bc93-c7b262605968/mon.a/config
2024-04-22T06:35:35.814 INFO:journalctl@ceph.mon.a.smithi077.stdout:Apr 22 06:35:35 smithi077 ceph-mon[28006]: from='client.? 172.21.15.77:0/4234722807' entity='client.admin'
2024-04-22T06:35:38.263 INFO:teuthology.orchestra.run.smithi077.stderr:2024-04-22T06:35:38.263+0000 7f96994b7700 1 -- 172.21.15.77:0/3366929869 >> [v2:172.21.15.77:3300/0,v1:172.21.15.77:6789/0] conn(0x7f96941013a0 msgr2=0x7f96941017c0 secure :-1 s=STATE_CONNECTION_ESTABLISHED l=1).mark_down
2024-04-22T06:35:38.263 INFO:teuthology.orchestra.run.smithi077.stderr:2024-04-22T06:35:38.263+0000 7f96994b7700 1 --2- 172.21.15.77:0/3366929869 >> [v2:172.21.15.77:3300/0,v1:172.21.15.77:6789/0] conn(0x7f96941013a0 0x7f96941017c0 secure :-1 s=READY pgs=78 cs=0 l=1 rev1=1 crypto rx=0x7f9684009910 tx=0x7f9684009c20 comp rx=0 tx=0).stop
2024-04-22T06:35:38.263 INFO:teuthology.orchestra.run.smithi077.stderr:2024-04-22T06:35:38.263+0000 7f96994b7700 1 -- 172.21.15.77:0/3366929869 shutdown_connections
2024-04-22T06:35:38.263 INFO:teuthology.orchestra.run.smithi077.stderr:2024-04-22T06:35:38.263+0000 7f96994b7700 1 --2- 172.21.15.77:0/3366929869 >> [v2:172.21.15.77:3300/0,v1:172.21.15.77:6789/0] conn(0x7f96941013a0 0x7f96941017c0 unknown :-1 s=CLOSED pgs=78 cs=0 l=1 rev1=1 crypto rx=0 tx=0 comp rx=0 tx=0).stop
2024-04-22T06:35:38.263 INFO:teuthology.orchestra.run.smithi077.stderr:2024-04-22T06:35:38.263+0000 7f96994b7700 1 -- 172.21.15.77:0/3366929869 >> 172.21.15.77:0/3366929869 conn(0x7f96940fc940 msgr2=0x7f96940fed80 unknown :-1 s=STATE_NONE l=0).mark_down
2024-04-22T06:35:38.263 INFO:teuthology.orchestra.run.smithi077.stderr:2024-04-22T06:35:38.263+0000 7f96994b7700 1 -- 172.21.15.77:0/3366929869 shutdown_connections
2024-04-22T06:35:38.263 INFO:teuthology.orchestra.run.smithi077.stderr:2024-04-22T06:35:38.263+0000 7f96994b7700 1 -- 172.21.15.77:0/3366929869 wait complete.
2024-04-22T06:35:38.264 INFO:teuthology.orchestra.run.smithi077.stderr:2024-04-22T06:35:38.264+0000 7f96994b7700 1 Processor -- start
2024-04-22T06:35:38.264 INFO:teuthology.orchestra.run.smithi077.stderr:2024-04-22T06:35:38.264+0000 7f96994b7700 1 -- start start
2024-04-22T06:35:38.264 INFO:teuthology.orchestra.run.smithi077.stderr:2024-04-22T06:35:38.264+0000 7f96994b7700 1 --2- >> [v2:172.21.15.77:3300/0,v1:172.21.15.77:6789/0] conn(0x7f96941013a0 0x7f9694197bd0 unknown :-1 s=NONE pgs=0 cs=0 l=1 rev1=0 crypto rx=0 tx=0 comp rx=0 tx=0).connect
2024-04-22T06:35:38.264 INFO:teuthology.orchestra.run.smithi077.stderr:2024-04-22T06:35:38.264+0000 7f96994b7700 1 -- --> [v2:172.21.15.77:3300/0,v1:172.21.15.77:6789/0] -- mon_getmap magic: 0 -- 0x7f9694107570 con 0x7f96941013a0
2024-04-22T06:35:38.264 INFO:teuthology.orchestra.run.smithi077.stderr:2024-04-22T06:35:38.264+0000 7f9692ffd700 1 --2- >> [v2:172.21.15.77:3300/0,v1:172.21.15.77:6789/0] conn(0x7f96941013a0 0x7f9694197bd0 unknown :-1 s=BANNER_CONNECTING pgs=0 cs=0 l=1 rev1=0 crypto rx=0 tx=0 comp rx=0 tx=0)._handle_peer_banner_payload supported=3 required=0
2024-04-22T06:35:38.264 INFO:teuthology.orchestra.run.smithi077.stderr:2024-04-22T06:35:38.264+0000 7f9692ffd700 1 --2- >> [v2:172.21.15.77:3300/0,v1:172.21.15.77:6789/0] conn(0x7f96941013a0 0x7f9694197bd0 unknown :-1 s=HELLO_CONNECTING pgs=0 cs=0 l=1 rev1=1 crypto rx=0 tx=0 comp rx=0 tx=0).handle_hello peer v2:172.21.15.77:3300/0 says I am v2:172.21.15.77:35838/0 (socket says 172.21.15.77:35838)
2024-04-22T06:35:38.264 INFO:teuthology.orchestra.run.smithi077.stderr:2024-04-22T06:35:38.264+0000 7f9692ffd700 1 -- 172.21.15.77:0/2592034349 learned_addr learned my addr 172.21.15.77:0/2592034349 (peer_addr_for_me v2:172.21.15.77:0/0)
2024-04-22T06:35:38.264 INFO:teuthology.orchestra.run.smithi077.stderr:2024-04-22T06:35:38.265+0000 7f9692ffd700 1 -- 172.21.15.77:0/2592034349 --> [v2:172.21.15.77:3300/0,v1:172.21.15.77:6789/0] -- mon_subscribe({config=0+,monmap=0+}) -- 0x7f9694198110 con 0x7f96941013a0
2024-04-22T06:35:38.264 INFO:teuthology.orchestra.run.smithi077.stderr:2024-04-22T06:35:38.265+0000 7f9692ffd700 1 --2- 172.21.15.77:0/2592034349 >> [v2:172.21.15.77:3300/0,v1:172.21.15.77:6789/0] conn(0x7f96941013a0 0x7f9694197bd0 secure :-1 s=READY pgs=79 cs=0 l=1 rev1=1 crypto rx=0x7f9684009ed0 tx=0x7f9684004690 comp rx=0 tx=0).ready entity=mon.0 client_cookie=0 server_cookie=0 in_seq=0 out_seq=0
2024-04-22T06:35:38.264 INFO:teuthology.orchestra.run.smithi077.stderr:2024-04-22T06:35:38.265+0000 7f967bfff700 1 -- 172.21.15.77:0/2592034349 <== mon.0 v2:172.21.15.77:3300/0 1 ==== mon_map magic: 0 ==== 205+0+0 (secure 0 0 0) 0x7f9684027070 con 0x7f96941013a0
2024-04-22T06:35:38.264 INFO:teuthology.orchestra.run.smithi077.stderr:2024-04-22T06:35:38.265+0000 7f96994b7700 1 -- 172.21.15.77:0/2592034349 --> [v2:172.21.15.77:3300/0,v1:172.21.15.77:6789/0] -- mon_subscribe({mgrmap=0+}) -- 0x7f96941983a0 con 0x7f96941013a0
2024-04-22T06:35:38.266 INFO:teuthology.orchestra.run.smithi077.stderr:2024-04-22T06:35:38.265+0000 7f967bfff700 1 -- 172.21.15.77:0/2592034349 <== mon.0 v2:172.21.15.77:3300/0 2 ==== config(28 keys) ==== 1170+0+0 (secure 0 0 0) 0x7f9684022470 con 0x7f96941013a0
2024-04-22T06:35:38.266 INFO:teuthology.orchestra.run.smithi077.stderr:2024-04-22T06:35:38.265+0000 7f967bfff700 1 -- 172.21.15.77:0/2592034349 <== mon.0 v2:172.21.15.77:3300/0 3 ==== mon_map magic: 0 ==== 205+0+0 (secure 0 0 0) 0x7f968400f5d0 con 0x7f96941013a0
2024-04-22T06:35:38.266 INFO:teuthology.orchestra.run.smithi077.stderr:2024-04-22T06:35:38.265+0000 7f96994b7700 1 -- 172.21.15.77:0/2592034349 --> [v2:172.21.15.77:3300/0,v1:172.21.15.77:6789/0] -- mon_subscribe({osdmap=0}) -- 0x7f969419b090 con 0x7f96941013a0
2024-04-22T06:35:38.266 INFO:teuthology.orchestra.run.smithi077.stderr:2024-04-22T06:35:38.266+0000 7f967bfff700 1 -- 172.21.15.77:0/2592034349 <== mon.0 v2:172.21.15.77:3300/0 4 ==== mgrmap(e 13) ==== 46614+0+0 (secure 0 0 0) 0x7f968402a070 con 0x7f96941013a0
2024-04-22T06:35:38.266 INFO:teuthology.orchestra.run.smithi077.stderr:2024-04-22T06:35:38.266+0000 7f96994b7700 1 -- 172.21.15.77:0/2592034349 --> [v2:172.21.15.77:3300/0,v1:172.21.15.77:6789/0] -- mon_command({"prefix": "get_command_descriptions"} v 0) -- 0x7f9694107cf0 con 0x7f96941013a0
2024-04-22T06:35:38.266 INFO:teuthology.orchestra.run.smithi077.stderr:2024-04-22T06:35:38.266+0000 7f967bfff700 1 --2- 172.21.15.77:0/2592034349 >> [v2:172.21.15.77:6800/2525080851,v1:172.21.15.77:6801/2525080851] conn(0x7f967c0396b0 0x7f967c03bb70 unknown :-1 s=NONE pgs=0 cs=0 l=1 rev1=0 crypto rx=0 tx=0 comp rx=0 tx=0).connect
2024-04-22T06:35:38.266 INFO:teuthology.orchestra.run.smithi077.stderr:2024-04-22T06:35:38.266+0000 7f967bfff700 1 -- 172.21.15.77:0/2592034349 <== mon.0 v2:172.21.15.77:3300/0 5 ==== osd_map(3..3 src has 1..3) ==== 1155+0+0 (secure 0 0 0) 0x7f968401e030 con 0x7f96941013a0
2024-04-22T06:35:38.266 INFO:teuthology.orchestra.run.smithi077.stderr:2024-04-22T06:35:38.267+0000 7f96927fc700 1 --2- 172.21.15.77:0/2592034349 >> [v2:172.21.15.77:6800/2525080851,v1:172.21.15.77:6801/2525080851] conn(0x7f967c0396b0 0x7f967c03bb70 unknown :-1 s=BANNER_CONNECTING pgs=0 cs=0 l=1 rev1=0 crypto rx=0 tx=0 comp rx=0 tx=0)._handle_peer_banner_payload supported=3 required=0
2024-04-22T06:35:38.266 INFO:teuthology.orchestra.run.smithi077.stderr:2024-04-22T06:35:38.267+0000 7f96927fc700 1 --2- 172.21.15.77:0/2592034349 >> [v2:172.21.15.77:6800/2525080851,v1:172.21.15.77:6801/2525080851] conn(0x7f967c0396b0 0x7f967c03bb70 secure :-1 s=READY pgs=12 cs=0 l=1 rev1=1 crypto rx=0x7f9688006fd0 tx=0x7f9688006e40 comp rx=0 tx=0).ready entity=mgr.14150 client_cookie=0 server_cookie=0 in_seq=0 out_seq=0
2024-04-22T06:35:38.269 INFO:teuthology.orchestra.run.smithi077.stderr:2024-04-22T06:35:38.272+0000 7f967bfff700 1 -- 172.21.15.77:0/2592034349 <== mon.0 v2:172.21.15.77:3300/0 6 ==== mon_command_ack([{"prefix": "get_command_descriptions"}]=0 v0) ==== 72+0+188370 (secure 0 0 0) 0x7f9684013070 con 0x7f96941013a0
2024-04-22T06:35:38.477 INFO:teuthology.orchestra.run.smithi077.stderr:2024-04-22T06:35:38.479+0000 7f96994b7700 1 -- 172.21.15.77:0/2592034349 --> [v2:172.21.15.77:3300/0,v1:172.21.15.77:6789/0] -- mon_command([{prefix=config set, name=mgr/cephadm/allow_ptrace}] v 0) -- 0x7f969402e090 con 0x7f96941013a0
2024-04-22T06:35:38.479 INFO:teuthology.orchestra.run.smithi077.stderr:2024-04-22T06:35:38.481+0000 7f967bfff700 1 -- 172.21.15.77:0/2592034349 <== mon.0 v2:172.21.15.77:3300/0 7 ==== mon_command_ack([{prefix=config set, name=mgr/cephadm/allow_ptrace}]=0 v9)=0 v9) ==== 125+0+0 (secure 0 0 0) 0x7f96840292c0 con 0x7f96941013a0
2024-04-22T06:35:38.481 INFO:teuthology.orchestra.run.smithi077.stderr:2024-04-22T06:35:38.484+0000 7f96994b7700 1 -- 172.21.15.77:0/2592034349 >> [v2:172.21.15.77:6800/2525080851,v1:172.21.15.77:6801/2525080851] conn(0x7f967c0396b0 msgr2=0x7f967c03bb70 secure :-1 s=STATE_CONNECTION_ESTABLISHED l=1).mark_down
2024-04-22T06:35:38.481 INFO:teuthology.orchestra.run.smithi077.stderr:2024-04-22T06:35:38.484+0000 7f96994b7700 1 --2- 172.21.15.77:0/2592034349 >> [v2:172.21.15.77:6800/2525080851,v1:172.21.15.77:6801/2525080851] conn(0x7f967c0396b0 0x7f967c03bb70 secure :-1 s=READY pgs=12 cs=0 l=1 rev1=1 crypto rx=0x7f9688006fd0 tx=0x7f9688006e40 comp rx=0 tx=0).stop
2024-04-22T06:35:38.482 INFO:teuthology.orchestra.run.smithi077.stderr:2024-04-22T06:35:38.484+0000 7f96994b7700 1 -- 172.21.15.77:0/2592034349 >> [v2:172.21.15.77:3300/0,v1:172.21.15.77:6789/0] conn(0x7f96941013a0 msgr2=0x7f9694197bd0 secure :-1 s=STATE_CONNECTION_ESTABLISHED l=1).mark_down
2024-04-22T06:35:38.482 INFO:teuthology.orchestra.run.smithi077.stderr:2024-04-22T06:35:38.484+0000 7f96994b7700 1 --2- 172.21.15.77:0/2592034349 >> [v2:172.21.15.77:3300/0,v1:172.21.15.77:6789/0] conn(0x7f96941013a0 0x7f9694197bd0 secure :-1 s=READY pgs=79 cs=0 l=1 rev1=1 crypto rx=0x7f9684009ed0 tx=0x7f9684004690 comp rx=0 tx=0).stop
