2024-04-22T07:05:16.226+0000 7fca47c4f700 1 --2- 172.21.15.113:0/3040031566 >> [v2:172.21.15.113:3300/0,v1:172.21.15.113:6789/0] conn(0x7fca40109140 0x7fca401089c0 unknown :-1 s=CLOSED pgs=17 cs=0 l=1 rev1=1 crypto rx=0 tx=0 comp rx=0 tx=0).stop
2024-04-22T07:05:19.693 INFO:teuthology.orchestra.run.smithi113.stdout:/usr/bin/ceph: stderr
2024-04-22T07:05:16.226+0000 7fca47c4f700 1 -- 172.21.15.113:0/3040031566 >> 172.21.15.113:0/3040031566 conn(0x7fca40102c10 msgr2=0x7fca40103690 unknown :-1 s=STATE_NONE l=0).mark_down
2024-04-22T07:05:19.693 INFO:teuthology.orchestra.run.smithi113.stdout:/usr/bin/ceph: stderr
2024-04-22T07:05:16.226+0000 7fca47c4f700 1 -- 172.21.15.113:0/3040031566 shutdown_connections
2024-04-22T07:05:19.693 INFO:teuthology.orchestra.run.smithi113.stdout:/usr/bin/ceph: stderr
2024-04-22T07:05:16.226+0000 7fca47c4f700 1 -- 172.21.15.113:0/3040031566 wait complete.
2024-04-22T07:05:19.693 INFO:teuthology.orchestra.run.smithi113.stdout:mgr is available
2024-04-22T07:05:20.810 INFO:journalctl@ceph.mon.a.smithi113.stdout:Apr 22 07:05:20 smithi113 ceph-mon[27933]: from='client.? 172.21.15.113:0/603690701' entity='client.admin' cmd=[{"prefix": "config assimilate-conf"}]: dispatch
2024-04-22T07:05:20.892 INFO:teuthology.orchestra.run.smithi113.stdout:/usr/bin/ceph: stdout
2024-04-22T07:05:20.893 INFO:teuthology.orchestra.run.smithi113.stdout:/usr/bin/ceph: stdout [global]
2024-04-22T07:05:20.893 INFO:teuthology.orchestra.run.smithi113.stdout:/usr/bin/ceph: stdout fsid = 81035712-0076-11ef-bc93-c7b262605968
2024-04-22T07:05:20.893 INFO:teuthology.orchestra.run.smithi113.stdout:/usr/bin/ceph: stdout mon_cluster_log_file_level = debug
2024-04-22T07:05:20.893 INFO:teuthology.orchestra.run.smithi113.stdout:/usr/bin/ceph: stdout mon_osd_allow_pg_remap = true
2024-04-22T07:05:20.893 INFO:teuthology.orchestra.run.smithi113.stdout:/usr/bin/ceph: stdout mon_osd_allow_primary_affinity = true
2024-04-22T07:05:20.893 INFO:teuthology.orchestra.run.smithi113.stdout:/usr/bin/ceph: stdout mon_warn_on_no_sortbitwise = false
2024-04-22T07:05:20.893 INFO:teuthology.orchestra.run.smithi113.stdout:/usr/bin/ceph: stdout osd_crush_chooseleaf_type = 0
2024-04-22T07:05:20.893 INFO:teuthology.orchestra.run.smithi113.stdout:/usr/bin/ceph: stdout
2024-04-22T07:05:20.893 INFO:teuthology.orchestra.run.smithi113.stdout:/usr/bin/ceph: stdout [mgr]
2024-04-22T07:05:20.893 INFO:teuthology.orchestra.run.smithi113.stdout:/usr/bin/ceph: stdout mgr/telemetry/nag = false
2024-04-22T07:05:20.893 INFO:teuthology.orchestra.run.smithi113.stdout:/usr/bin/ceph: stdout
2024-04-22T07:05:20.893 INFO:teuthology.orchestra.run.smithi113.stdout:/usr/bin/ceph: stdout [osd]
2024-04-22T07:05:20.894 INFO:teuthology.orchestra.run.smithi113.stdout:/usr/bin/ceph: stdout bdev_async_discard = True
2024-04-22T07:05:20.894 INFO:teuthology.orchestra.run.smithi113.stdout:/usr/bin/ceph: stdout mon_osd_backfillfull_ratio = 0.85
2024-04-22T07:05:20.894 INFO:teuthology.orchestra.run.smithi113.stdout:/usr/bin/ceph: stdout mon_osd_full_ratio = 0.9
2024-04-22T07:05:20.894 INFO:teuthology.orchestra.run.smithi113.stdout:/usr/bin/ceph: stdout mon_osd_nearfull_ratio = 0.8
2024-04-22T07:05:20.894 INFO:teuthology.orchestra.run.smithi113.stdout:/usr/bin/ceph: stdout osd_map_max_advance = 10
2024-04-22T07:05:20.894 INFO:teuthology.orchestra.run.smithi113.stdout:/usr/bin/ceph: stdout osd_sloppy_crc = true
2024-04-22T07:05:20.894 INFO:teuthology.orchestra.run.smithi113.stdout:/usr/bin/ceph: stderr
2024-04-22T07:05:20.133+0000 7ff898c2c700 1 Processor -- start
2024-04-22T07:05:20.894 INFO:teuthology.orchestra.run.smithi113.stdout:/usr/bin/ceph: stderr
2024-04-22T07:05:20.133+0000 7ff898c2c700 1 -- start start
2024-04-22T07:05:20.894 INFO:teuthology.orchestra.run.smithi113.stdout:/usr/bin/ceph: stderr
2024-04-22T07:05:20.133+0000 7ff898c2c700 1 --2- >> [v2:172.21.15.113:3300/0,v1:172.21.15.113:6789/0] conn(0x7ff894109180 0x7ff89410b570 unknown :-1 s=NONE pgs=0 cs=0 l=0 rev1=0 crypto rx=0 tx=0 comp rx=0 tx=0).connect
2024-04-22T07:05:20.894 INFO:teuthology.orchestra.run.smithi113.stdout:/usr/bin/ceph: stderr
2024-04-22T07:05:20.133+0000 7ff898c2c700 1 -- --> [v2:172.21.15.113:3300/0,v1:172.21.15.113:6789/0] -- mon_getmap magic: 0 -- 0x7ff89407ce90 con 0x7ff894109180
2024-04-22T07:05:20.894 INFO:teuthology.orchestra.run.smithi113.stdout:/usr/bin/ceph: stderr
2024-04-22T07:05:20.134+0000 7ff89259c700 1 --2- >> [v2:172.21.15.113:3300/0,v1:172.21.15.113:6789/0] conn(0x7ff894109180 0x7ff89410b570 unknown :-1 s=BANNER_CONNECTING pgs=0 cs=0 l=0 rev1=0 crypto rx=0 tx=0 comp rx=0 tx=0)._handle_peer_banner_payload supported=3 required=0
2024-04-22T07:05:20.894 INFO:teuthology.orchestra.run.smithi113.stdout:/usr/bin/ceph: stderr
2024-04-22T07:05:20.134+0000 7ff89259c700 1 --2- >> [v2:172.21.15.113:3300/0,v1:172.21.15.113:6789/0] conn(0x7ff894109180 0x7ff89410b570 unknown :-1 s=HELLO_CONNECTING pgs=0 cs=0 l=0 rev1=1 crypto rx=0 tx=0 comp rx=0 tx=0).handle_hello peer v2:172.21.15.113:3300/0 says I am v2:172.21.15.113:48182/0 (socket says 172.21.15.113:48182)
2024-04-22T07:05:20.894 INFO:teuthology.orchestra.run.smithi113.stdout:/usr/bin/ceph: stderr
2024-04-22T07:05:20.134+0000 7ff89259c700 1 -- 172.21.15.113:0/3667676781 learned_addr learned my addr 172.21.15.113:0/3667676781 (peer_addr_for_me v2:172.21.15.113:0/0)
2024-04-22T07:05:20.895 INFO:teuthology.orchestra.run.smithi113.stdout:/usr/bin/ceph: stderr
2024-04-22T07:05:20.134+0000 7ff89259c700 1 -- 172.21.15.113:0/3667676781 --> [v2:172.21.15.113:3300/0,v1:172.21.15.113:6789/0] -- mon_subscribe({config=0+,monmap=0+}) -- 0x7ff89410bab0 con 0x7ff894109180
2024-04-22T07:05:20.895 INFO:teuthology.orchestra.run.smithi113.stdout:/usr/bin/ceph: stderr
2024-04-22T07:05:20.134+0000 7ff89259c700 1 --2- 172.21.15.113:0/3667676781 >> [v2:172.21.15.113:3300/0,v1:172.21.15.113:6789/0] conn(0x7ff894109180 0x7ff89410b570 secure :-1 s=READY pgs=18 cs=0 l=1 rev1=1 crypto rx=0x7ff8880098a0 tx=0x7ff888009bb0 comp rx=0 tx=0).ready entity=mon.0 client_cookie=396f65c59b487b73 server_cookie=0 in_seq=0 out_seq=0
2024-04-22T07:05:20.895 INFO:teuthology.orchestra.run.smithi113.stdout:/usr/bin/ceph: stderr
2024-04-22T07:05:20.134+0000 7ff89159a700 1 -- 172.21.15.113:0/3667676781 <== mon.0 v2:172.21.15.113:3300/0 1 ==== mon_map magic: 0 ==== 205+0+0 (secure 0 0 0) 0x7ff888004160 con 0x7ff894109180
2024-04-22T07:05:20.895 INFO:teuthology.orchestra.run.smithi113.stdout:/usr/bin/ceph: stderr
2024-04-22T07:05:20.135+0000 7ff89159a700 1 -- 172.21.15.113:0/3667676781 <== mon.0 v2:172.21.15.113:3300/0 2 ==== config(27 keys) ==== 1104+0+0 (secure 0 0 0) 0x7ff888004300 con 0x7ff894109180
2024-04-22T07:05:20.895 INFO:teuthology.orchestra.run.smithi113.stdout:/usr/bin/ceph: stderr
2024-04-22T07:05:20.135+0000 7ff89159a700 1 -- 172.21.15.113:0/3667676781 <== mon.0 v2:172.21.15.113:3300/0 3 ==== mon_map magic: 0 ==== 205+0+0 (secure 0 0 0) 0x7ff888011b20 con 0x7ff894109180
2024-04-22T07:05:20.895 INFO:teuthology.orchestra.run.smithi113.stdout:/usr/bin/ceph: stderr
2024-04-22T07:05:20.135+0000 7ff898c2c700 1 -- 172.21.15.113:0/3667676781 >> [v2:172.21.15.113:3300/0,v1:172.21.15.113:6789/0] conn(0x7ff894109180 msgr2=0x7ff89410b570 secure :-1 s=STATE_CONNECTION_ESTABLISHED l=1).mark_down
2024-04-22T07:05:20.895 INFO:teuthology.orchestra.run.smithi113.stdout:/usr/bin/ceph: stderr
2024-04-22T07:05:20.135+0000 7ff898c2c700 1 --2- 172.21.15.113:0/3667676781 >> [v2:172.21.15.113:3300/0,v1:172.21.15.113:6789/0] conn(0x7ff894109180 0x7ff89410b570 secure :-1 s=READY pgs=18 cs=0 l=1 rev1=1 crypto rx=0x7ff8880098a0 tx=0x7ff888009bb0 comp rx=0 tx=0).stop
2024-04-22T07:05:20.895 INFO:teuthology.orchestra.run.smithi113.stdout:/usr/bin/ceph: stderr
2024-04-22T07:05:20.135+0000 7ff898c2c700 1 -- 172.21.15.113:0/3667676781 shutdown_connections
2024-04-22T07:05:20.895 INFO:teuthology.orchestra.run.smithi113.stdout:/usr/bin/ceph: stderr
2024-04-22T07:05:20.135+0000 7ff898c2c700 1 --2- 172.21.15.113:0/3667676781 >> [v2:172.21.15.113:3300/0,v1:172.21.15.113:6789/0] conn(0x7ff894109180 0x7ff89410b570 unknown :-1 s=CLOSED pgs=18 cs=0 l=1 rev1=1 crypto rx=0 tx=0 comp rx=0 tx=0).stop
2024-04-22T07:05:20.895 INFO:teuthology.orchestra.run.smithi113.stdout:/usr/bin/ceph: stderr
2024-04-22T07:05:20.135+0000 7ff898c2c700 1 -- 172.21.15.113:0/3667676781 >> 172.21.15.113:0/3667676781 conn(0x7ff894102c10 msgr2=0x7ff894105030 unknown :-1 s=STATE_NONE l=0).mark_down
2024-04-22T07:05:20.895 INFO:teuthology.orchestra.run.smithi113.stdout:/usr/bin/ceph: stderr
2024-04-22T07:05:20.135+0000 7ff898c2c700 1 -- 172.21.15.113:0/3667676781 shutdown_connections
2024-04-22T07:05:20.895 INFO:teuthology.orchestra.run.smithi113.stdout:/usr/bin/ceph: stderr
2024-04-22T07:05:20.135+0000 7ff898c2c700 1 -- 172.21.15.113:0/3667676781 wait complete.
2024-04-22T07:05:20.895 INFO:teuthology.orchestra.run.smithi113.stdout:/usr/bin/ceph: stderr
2024-04-22T07:05:20.136+0000 7ff898c2c700 1 Processor -- start
2024-04-22T07:05:20.895 INFO:teuthology.orchestra.run.smithi113.stdout:/usr/bin/ceph: stderr
2024-04-22T07:05:20.137+0000 7ff898c2c700 1 -- start start
2024-04-22T07:05:20.896 INFO:teuthology.orchestra.run.smithi113.stdout:/usr/bin/ceph: stderr
2024-04-22T07:05:20.137+0000 7ff898c2c700 1 --2- >> [v2:172.21.15.113:3300/0,v1:172.21.15.113:6789/0] conn(0x7ff894109180 0x7ff89419c5d0 unknown :-1 s=NONE pgs=0 cs=0 l=1 rev1=0 crypto rx=0 tx=0 comp rx=0 tx=0).connect
2024-04-22T07:05:20.896 INFO:teuthology.orchestra.run.smithi113.stdout:/usr/bin/ceph: stderr
2024-04-22T07:05:20.137+0000 7ff898c2c700 1 -- --> [v2:172.21.15.113:3300/0,v1:172.21.15.113:6789/0] -- mon_getmap magic: 0 -- 0x7ff89410cae0 con 0x7ff894109180
2024-04-22T07:05:20.896 INFO:teuthology.orchestra.run.smithi113.stdout:/usr/bin/ceph: stderr
2024-04-22T07:05:20.137+0000 7ff89259c700 1 --2- >> [v2:172.21.15.113:3300/0,v1:172.21.15.113:6789/0] conn(0x7ff894109180 0x7ff89419c5d0 unknown :-1 s=BANNER_CONNECTING pgs=0 cs=0 l=1 rev1=0 crypto rx=0 tx=0 comp rx=0 tx=0)._handle_peer_banner_payload supported=3 required=0
2024-04-22T07:05:20.896 INFO:teuthology.orchestra.run.smithi113.stdout:/usr/bin/ceph: stderr
2024-04-22T07:05:20.137+0000 7ff89259c700 1 --2- >> [v2:172.21.15.113:3300/0,v1:172.21.15.113:6789/0] conn(0x7ff894109180 0x7ff89419c5d0 unknown :-1 s=HELLO_CONNECTING pgs=0 cs=0 l=1 rev1=1 crypto rx=0 tx=0 comp rx=0 tx=0).handle_hello peer v2:172.21.15.113:3300/0 says I am v2:172.21.15.113:48188/0 (socket says 172.21.15.113:48188)
2024-04-22T07:05:20.896 INFO:teuthology.orchestra.run.smithi113.stdout:/usr/bin/ceph: stderr
2024-04-22T07:05:20.137+0000 7ff89259c700 1 -- 172.21.15.113:0/603690701 learned_addr learned my addr 172.21.15.113:0/603690701 (peer_addr_for_me v2:172.21.15.113:0/0)
2024-04-22T07:05:20.896 INFO:teuthology.orchestra.run.smithi113.stdout:/usr/bin/ceph: stderr
2024-04-22T07:05:20.137+0000 7ff89259c700 1 -- 172.21.15.113:0/603690701 --> [v2:172.21.15.113:3300/0,v1:172.21.15.113:6789/0] -- mon_subscribe({config=0+,monmap=0+}) -- 0x7ff89419cb10 con 0x7ff894109180
2024-04-22T07:05:20.896 INFO:teuthology.orchestra.run.smithi113.stdout:/usr/bin/ceph: stderr
2024-04-22T07:05:20.137+0000 7ff89259c700 1 --2- 172.21.15.113:0/603690701 >> [v2:172.21.15.113:3300/0,v1:172.21.15.113:6789/0] conn(0x7ff894109180 0x7ff89419c5d0 secure :-1 s=READY pgs=19 cs=0 l=1 rev1=1 crypto rx=0x7ff888006af0 tx=0x7ff888011ce0 comp rx=0 tx=0).ready entity=mon.0 client_cookie=0 server_cookie=0 in_seq=0 out_seq=0
2024-04-22T07:05:20.896 INFO:teuthology.orchestra.run.smithi113.stdout:/usr/bin/ceph: stderr
2024-04-22T07:05:20.137+0000 7ff8837fe700 1 -- 172.21.15.113:0/603690701 <== mon.0 v2:172.21.15.113:3300/0 1 ==== mon_map magic: 0 ==== 205+0+0 (secure 0 0 0) 0x7ff8880039a0 con 0x7ff894109180
2024-04-22T07:05:20.896 INFO:teuthology.orchestra.run.smithi113.stdout:/usr/bin/ceph: stderr
2024-04-22T07:05:20.138+0000 7ff8837fe700 1 -- 172.21.15.113:0/603690701 <== mon.0 v2:172.21.15.113:3300/0 2 ==== config(27 keys) ==== 1104+0+0 (secure 0 0 0) 0x7ff888003b40 con 0x7ff894109180
2024-04-22T07:05:20.896 INFO:teuthology.orchestra.run.smithi113.stdout:/usr/bin/ceph: stderr
2024-04-22T07:05:20.138+0000 7ff898c2c700 1 -- 172.21.15.113:0/603690701 --> [v2:172.21.15.113:3300/0,v1:172.21.15.113:6789/0] -- mon_subscribe({mgrmap=0+}) -- 0x7ff89419cda0 con 0x7ff894109180
2024-04-22T07:05:20.896 INFO:teuthology.orchestra.run.smithi113.stdout:/usr/bin/ceph: stderr
2024-04-22T07:05:20.138+0000 7ff8837fe700 1 -- 172.21.15.113:0/603690701 <== mon.0 v2:172.21.15.113:3300/0 3 ==== mon_map magic: 0 ==== 205+0+0 (secure 0 0 0) 0x7ff888019670 con 0x7ff894109180
2024-04-22T07:05:20.896 INFO:teuthology.orchestra.run.smithi113.stdout:/usr/bin/ceph: stderr
2024-04-22T07:05:20.138+0000 7ff898c2c700 1 -- 172.21.15.113:0/603690701 --> [v2:172.21.15.113:3300/0,v1:172.21.15.113:6789/0] -- mon_subscribe({osdmap=0}) -- 0x7ff89419d200 con 0x7ff894109180
2024-04-22T07:05:20.896 INFO:teuthology.orchestra.run.smithi113.stdout:/usr/bin/ceph: stderr
2024-04-22T07:05:20.138+0000 7ff8837fe700 1 -- 172.21.15.113:0/603690701 <== mon.0 v2:172.21.15.113:3300/0 4 ==== mgrmap(e 4) ==== 46547+0+0 (secure 0 0 0) 0x7ff888019970 con 0x7ff894109180
2024-04-22T07:05:20.897 INFO:teuthology.orchestra.run.smithi113.stdout:/usr/bin/ceph: stderr
2024-04-22T07:05:20.139+0000 7ff898c2c700 1 -- 172.21.15.113:0/603690701 --> [v2:172.21.15.113:3300/0,v1:172.21.15.113:6789/0] -- mon_command({"prefix": "get_command_descriptions"} v 0) -- 0x7ff8940681b0 con 0x7ff894109180
2024-04-22T07:05:20.897 INFO:teuthology.orchestra.run.smithi113.stdout:/usr/bin/ceph: stderr
2024-04-22T07:05:20.139+0000 7ff8837fe700 1 --2- 172.21.15.113:0/603690701 >> [v2:172.21.15.113:6800/1303444723,v1:172.21.15.113:6801/1303444723] conn(0x7ff87c039510 0x7ff87c03b9d0 unknown :-1 s=NONE pgs=0 cs=0 l=1 rev1=0 crypto rx=0 tx=0 comp rx=0 tx=0).connect
2024-04-22T07:05:20.897 INFO:teuthology.orchestra.run.smithi113.stdout:/usr/bin/ceph: stderr
2024-04-22T07:05:20.139+0000 7ff8837fe700 1 -- 172.21.15.113:0/603690701 <== mon.0 v2:172.21.15.113:3300/0 5 ==== osd_map(1..1 src has 1..1) ==== 725+0+0 (secure 0 0 0) 0x7ff88804dbf0 con 0x7ff894109180
2024-04-22T07:05:20.897 INFO:teuthology.orchestra.run.smithi113.stdout:/usr/bin/ceph: stderr
2024-04-22T07:05:20.139+0000 7ff891d9b700 1 --2- 172.21.15.113:0/603690701 >> [v2:172.21.15.113:6800/1303444723,v1:172.21.15.113:6801/1303444723] conn(0x7ff87c039510 0x7ff87c03b9d0 unknown :-1 s=BANNER_CONNECTING pgs=0 cs=0 l=1 rev1=0 crypto rx=0 tx=0 comp rx=0 tx=0)._handle_peer_banner_payload supported=3 required=0
2024-04-22T07:05:20.897 INFO:teuthology.orchestra.run.smithi113.stdout:/usr/bin/ceph: stderr
2024-04-22T07:05:20.139+0000 7ff891d9b700 1 --2- 172.21.15.113:0/603690701 >> [v2:172.21.15.113:6800/1303444723,v1:172.21.15.113:6801/1303444723] conn(0x7ff87c039510 0x7ff87c03b9d0 secure :-1 s=READY pgs=7 cs=0 l=1 rev1=1 crypto rx=0x7ff884006fd0 tx=0x7ff884006e40 comp rx=0 tx=0).ready entity=mgr.14100 client_cookie=0 server_cookie=0 in_seq=0 out_seq=0
2024-04-22T07:05:20.897 INFO:teuthology.orchestra.run.smithi113.stdout:/usr/bin/ceph: stderr
2024-04-22T07:05:20.144+0000 7ff8837fe700 1 -- 172.21.15.113:0/603690701 <== mon.0 v2:172.21.15.113:3300/0 6 ==== mon_command_ack([{"prefix": "get_command_descriptions"}]=0 v0) ==== 72+0+188370 (secure 0 0 0) 0x7ff888011e20 con 0x7ff894109180
2024-04-22T07:05:20.897 INFO:teuthology.orchestra.run.smithi113.stdout:/usr/bin/ceph: stderr
2024-04-22T07:05:20.346+0000 7ff898c2c700 1 -- 172.21.15.113:0/603690701 --> [v2:172.21.15.113:3300/0,v1:172.21.15.113:6789/0] -- mon_command({"prefix": "config assimilate-conf"} v 0) -- 0x7ff89419fc20 con 0x7ff894109180
2024-04-22T07:05:20.897 INFO:teuthology.orchestra.run.smithi113.stdout:/usr/bin/ceph: stderr
2024-04-22T07:05:20.347+0000 7ff8837fe700 1 -- 172.21.15.113:0/603690701 <== mon.0 v2:172.21.15.113:3300/0 7 ==== mon_command_ack([{"prefix": "config assimilate-conf"}]=0 v3) ==== 70+0+436 (secure 0 0 0) 0x7ff89419fc20 con 0x7ff894109180
2024-04-22T07:05:20.897 INFO:teuthology.orchestra.run.smithi113.stdout:/usr/bin/ceph: stderr
2024-04-22T07:05:20.349+0000 7ff898c2c700 1 -- 172.21.15.113:0/603690701 >> [v2:172.21.15.113:6800/1303444723,v1:172.21.15.113:6801/1303444723] conn(0x7ff87c039510 msgr2=0x7ff87c03b9d0 secure :-1 s=STATE_CONNECTION_ESTABLISHED l=1).mark_down
2024-04-22T07:05:20.897 INFO:teuthology.orchestra.run.smithi113.stdout:/usr/bin/ceph: stderr
2024-04-22T07:05:20.349+0000 7ff898c2c700 1 --2- 172.21.15.113:0/603690701 >> [v2:172.21.15.113:6800/1303444723,v1:172.21.15.113:6801/1303444723] conn(0x7ff87c039510 0x7ff87c03b9d0 secure :-1 s=READY pgs=7 cs=0 l=1 rev1=1 crypto rx=0x7ff884006fd0 tx=0x7ff884006e40 comp rx=0 tx=0).stop
2024-04-22T07:05:20.897 INFO:teuthology.orchestra.run.smithi113.stdout:/usr/bin/ceph: stderr
2024-04-22T07:05:20.349+0000 7ff898c2c700 1 -- 172.21.15.113:0/603690701 >> [v2:172.21.15.113:3300/0,v1:172.21.15.113:6789/0] conn(0x7ff894109180 msgr2=0x7ff89419c5d0 secure :-1 s=STATE_CONNECTION_ESTABLISHED l=1).mark_down
2024-04-22T07:05:20.897 INFO:teuthology.orchestra.run.smithi113.stdout:/usr/bin/ceph: stderr
2024-04-22T07:05:20.349+0000 7ff898c2c700 1 --2- 172.21.15.113:0/603690701 >> [v2:172.21.15.113:3300/0,v1:172.21.15.113:6789/0] conn(0x7ff894109180 0x7ff89419c5d0 secure :-1 s=READY pgs=19 cs=0 l=1 rev1=1 crypto rx=0x7ff888006af0 tx=0x7ff888011ce0 comp rx=0 tx=0).stop
2024-04-22T07:05:20.897 INFO:teuthology.orchestra.run.smithi113.stdout:/usr/bin/ceph: stderr
2024-04-22T07:05:20.350+0000 7ff898c2c700 1 -- 172.21.15.113:0/603690701 shutdown_connections
2024-04-22T07:05:20.897 INFO:teuthology.orchestra.run.smithi113.stdout:/usr/bin/ceph: stderr
2024-04-22T07:05:20.350+0000 7ff898c2c700 1 --2- 172.21.15.113:0/603690701 >> [v2:172.21.15.113:6800/1303444723,v1:172.21.15.113:6801/1303444723] conn(0x7ff87c039510 0x7ff87c03b9d0 unknown :-1 s=CLOSED pgs=7 cs=0 l=1 rev1=1 crypto rx=0 tx=0 comp rx=0 tx=0).stop
2024-04-22T07:05:20.898 INFO:teuthology.orchestra.run.smithi113.stdout:/usr/bin/ceph: stderr
2024-04-22T07:05:20.350+0000 7ff898c2c700 1 --2- 172.21.15.113:0/603690701 >> [v2:172.21.15.113:3300/0,v1:172.21.15.113:6789/0] conn(0x7ff894109180 0x7ff89419c5d0 unknown :-1 s=CLOSED pgs=19 cs=0 l=1 rev1=1 crypto rx=0 tx=0 comp rx=0 tx=0).stop
2024-04-22T07:05:20.898 INFO:teuthology.orchestra.run.smithi113.stdout:/usr/bin/ceph: stderr
2024-04-22T07:05:20.350+0000 7ff898c2c700 1 -- 172.21.15.113:0/603690701 >> 172.21.15.113:0/603690701 conn(0x7ff894102c10 msgr2=0x7ff894103670 unknown :-1 s=STATE_NONE l=0).mark_down
2024-04-22T07:05:20.898 INFO:teuthology.orchestra.run.smithi113.stdout:/usr/bin/ceph: stderr
2024-04-22T07:05:20.350+0000 7ff898c2c700 1 -- 172.21.15.113:0/603690701 shutdown_connections
2024-04-22T07:05:20.898 INFO:teuthology.orchestra.run.smithi113.stdout:/usr/bin/ceph: stderr
2024-04-22T07:05:20.350+0000 7ff898c2c700 1 -- 172.21.15.113:0/603690701 wait complete.
2024-04-22T07:05:20.898 INFO:teuthology.orchestra.run.smithi113.stdout:Enabling cephadm module...
2024-04-22T07:05:21.834 INFO:journalctl@ceph.mon.a.smithi113.stdout:Apr 22 07:05:21 smithi113 ceph-mon[27933]: from='client.? 172.21.15.113:0/3075629725' entity='client.admin' cmd=[{"prefix": "mgr module enable", "module": "cephadm"}]: dispatch
2024-04-22T07:05:21.834 INFO:journalctl@ceph.mgr.x.smithi113.stdout:Apr 22 07:05:21 smithi113 ceph-81035712-0076-11ef-bc93-c7b262605968-mgr-x[28170]: ignoring --setuser ceph since I am not root
2024-04-22T07:05:21.835 INFO:journalctl@ceph.mgr.x.smithi113.stdout:Apr 22 07:05:21 smithi113 ceph-81035712-0076-11ef-bc93-c7b262605968-mgr-x[28170]: ignoring --setgroup ceph since I am not root
2024-04-22T07:05:21.835 INFO:journalctl@ceph.mgr.x.smithi113.stdout:Apr 22 07:05:21 smithi113 ceph-81035712-0076-11ef-bc93-c7b262605968-mgr-x[28170]:
2024-04-22T07:05:21.762+0000 7fd6032d5200 -1 mgr[py] Module balancer has missing NOTIFY_TYPES member
2024-04-22T07:05:22.084 INFO:teuthology.orchestra.run.smithi113.stdout:/usr/bin/ceph: stderr
2024-04-22T07:05:21.279+0000 7f1532f4f700 1 Processor -- start
2024-04-22T07:05:22.084 INFO:teuthology.orchestra.run.smithi113.stdout:/usr/bin/ceph: stderr
2024-04-22T07:05:21.279+0000 7f1532f4f700 1 -- start start
2024-04-22T07:05:22.084 INFO:teuthology.orchestra.run.smithi113.stdout:/usr/bin/ceph: stderr
2024-04-22T07:05:21.279+0000 7f1532f4f700 1 --2- >> [v2:172.21.15.113:3300/0,v1:172.21.15.113:6789/0] conn(0x7f152c07ee30 0x7f152c07d2e0 unknown :-1 s=NONE pgs=0 cs=0 l=0 rev1=0 crypto rx=0 tx=0 comp rx=0 tx=0).connect
2024-04-22T07:05:22.085 INFO:teuthology.orchestra.run.smithi113.stdout:/usr/bin/ceph: stderr
2024-04-22T07:05:21.279+0000 7f1532f4f700 1 -- --> [v2:172.21.15.113:3300/0,v1:172.21.15.113:6789/0] -- mon_getmap magic: 0 -- 0x7f152c07d8b0 con 0x7f152c07ee30
2024-04-22T07:05:22.085 INFO:teuthology.orchestra.run.smithi113.stdout:/usr/bin/ceph: stderr
2024-04-22T07:05:21.279+0000 7f1530ceb700 1 --2- >> [v2:172.21.15.113:3300/0,v1:172.21.15.113:6789/0] conn(0x7f152c07ee30 0x7f152c07d2e0 unknown :-1 s=BANNER_CONNECTING pgs=0 cs=0 l=0 rev1=0 crypto rx=0 tx=0 comp rx=0 tx=0)._handle_peer_banner_payload supported=3 required=0
2024-04-22T07:05:22.085 INFO:teuthology.orchestra.run.smithi113.stdout:/usr/bin/ceph: stderr
2024-04-22T07:05:21.279+0000 7f1530ceb700 1 --2- >> [v2:172.21.15.113:3300/0,v1:172.21.15.113:6789/0] conn(0x7f152c07ee30 0x7f152c07d2e0 unknown :-1 s=HELLO_CONNECTING pgs=0 cs=0 l=0 rev1=1 crypto rx=0 tx=0 comp rx=0 tx=0).handle_hello peer v2:172.21.15.113:3300/0 says I am v2:172.21.15.113:48196/0 (socket says 172.21.15.113:48196)
2024-04-22T07:05:22.085 INFO:teuthology.orchestra.run.smithi113.stdout:/usr/bin/ceph: stderr
2024-04-22T07:05:21.279+0000 7f1530ceb700 1 -- 172.21.15.113:0/29703728 learned_addr learned my addr 172.21.15.113:0/29703728 (peer_addr_for_me v2:172.21.15.113:0/0)
2024-04-22T07:05:22.085 INFO:teuthology.orchestra.run.smithi113.stdout:/usr/bin/ceph: stderr
2024-04-22T07:05:21.280+0000 7f1530ceb700 1 -- 172.21.15.113:0/29703728 --> [v2:172.21.15.113:3300/0,v1:172.21.15.113:6789/0] -- mon_subscribe({config=0+,monmap=0+}) -- 0x7f152c07da30 con 0x7f152c07ee30
2024-04-22T07:05:22.085 INFO:teuthology.orchestra.run.smithi113.stdout:/usr/bin/ceph: stderr
2024-04-22T07:05:21.280+0000 7f1530ceb700 1 --2- 172.21.15.113:0/29703728 >> [v2:172.21.15.113:3300/0,v1:172.21.15.113:6789/0] conn(0x7f152c07ee30 0x7f152c07d2e0 secure :-1 s=READY pgs=20 cs=0 l=1 rev1=1 crypto rx=0x7f15200098a0 tx=0x7f1520009bb0 comp rx=0 tx=0).ready entity=mon.0 client_cookie=43a4002bf97fdcb3 server_cookie=0 in_seq=0 out_seq=0
2024-04-22T07:05:22.085 INFO:teuthology.orchestra.run.smithi113.stdout:/usr/bin/ceph: stderr
2024-04-22T07:05:21.280+0000 7f152b7fe700 1 -- 172.21.15.113:0/29703728 <== mon.0 v2:172.21.15.113:3300/0 1 ==== mon_map magic: 0 ==== 205+0+0 (secure 0 0 0) 0x7f1520004160 con 0x7f152c07ee30
2024-04-22T07:05:22.085 INFO:teuthology.orchestra.run.smithi113.stdout:/usr/bin/ceph: stderr
2024-04-22T07:05:21.280+0000 7f152b7fe700 1 -- 172.21.15.113:0/29703728 <== mon.0 v2:172.21.15.113:3300/0 2 ==== config(27 keys) ==== 1104+0+0 (secure 0 0 0) 0x7f1520004300 con 0x7f152c07ee30
2024-04-22T07:05:22.085 INFO:teuthology.orchestra.run.smithi113.stdout:/usr/bin/ceph: stderr
2024-04-22T07:05:21.280+0000 7f152b7fe700 1 -- 172.21.15.113:0/29703728 <== mon.0 v2:172.21.15.113:3300/0 3 ==== mon_map magic: 0 ==== 205+0+0 (secure 0 0 0) 0x7f1520011b20 con 0x7f152c07ee30
2024-04-22T07:05:22.085 INFO:teuthology.orchestra.run.smithi113.stdout:/usr/bin/ceph: stderr
2024-04-22T07:05:21.281+0000 7f1532f4f700 1 -- 172.21.15.113:0/29703728 >> [v2:172.21.15.113:3300/0,v1:172.21.15.113:6789/0] conn(0x7f152c07ee30 msgr2=0x7f152c07d2e0 secure :-1 s=STATE_CONNECTION_ESTABLISHED l=1).mark_down
2024-04-22T07:05:22.085 INFO:teuthology.orchestra.run.smithi113.stdout:/usr/bin/ceph: stderr
2024-04-22T07:05:21.281+0000 7f1532f4f700 1 --2- 172.21.15.113:0/29703728 >> [v2:172.21.15.113:3300/0,v1:172.21.15.113:6789/0] conn(0x7f152c07ee30 0x7f152c07d2e0 secure :-1 s=READY pgs=20 cs=0 l=1 rev1=1 crypto rx=0x7f15200098a0 tx=0x7f1520009bb0 comp rx=0 tx=0).stop
2024-04-22T07:05:22.085 INFO:teuthology.orchestra.run.smithi113.stdout:/usr/bin/ceph: stderr
2024-04-22T07:05:21.281+0000 7f1532f4f700 1 -- 172.21.15.113:0/29703728 shutdown_connections
2024-04-22T07:05:22.085 INFO:teuthology.orchestra.run.smithi113.stdout:/usr/bin/ceph: stderr
2024-04-22T07:05:21.281+0000 7f1532f4f700 1 --2- 172.21.15.113:0/29703728 >> [v2:172.21.15.113:3300/0,v1:172.21.15.113:6789/0] conn(0x7f152c07ee30 0x7f152c07d2e0 unknown :-1 s=CLOSED pgs=20 cs=0 l=1 rev1=1 crypto rx=0 tx=0 comp rx=0 tx=0).stop
2024-04-22T07:05:22.086 INFO:teuthology.orchestra.run.smithi113.stdout:/usr/bin/ceph: stderr
2024-04-22T07:05:21.281+0000 7f1532f4f700 1 -- 172.21.15.113:0/29703728 >> 172.21.15.113:0/29703728 conn(0x7f152c103df0 msgr2=0x7f152c106210 unknown :-1 s=STATE_NONE l=0).mark_down
2024-04-22T07:05:22.086 INFO:teuthology.orchestra.run.smithi113.stdout:/usr/bin/ceph: stderr
2024-04-22T07:05:21.281+0000 7f1532f4f700 1 -- 172.21.15.113:0/29703728 shutdown_connections
2024-04-22T07:05:22.086 INFO:teuthology.orchestra.run.smithi113.stdout:/usr/bin/ceph: stderr
2024-04-22T07:05:21.281+0000 7f1532f4f700 1 -- 172.21.15.113:0/29703728 wait complete.
2024-04-22T07:05:22.086 INFO:teuthology.orchestra.run.smithi113.stdout:/usr/bin/ceph: stderr
2024-04-22T07:05:21.281+0000 7f1532f4f700 1 Processor -- start
2024-04-22T07:05:22.086 INFO:teuthology.orchestra.run.smithi113.stdout:/usr/bin/ceph: stderr
2024-04-22T07:05:21.281+0000 7f1532f4f700 1 -- start start
2024-04-22T07:05:22.086 INFO:teuthology.orchestra.run.smithi113.stdout:/usr/bin/ceph: stderr
2024-04-22T07:05:21.281+0000 7f1532f4f700 1 --2- >> [v2:172.21.15.113:3300/0,v1:172.21.15.113:6789/0] conn(0x7f152c07ee30 0x7f152c19e8b0 unknown :-1 s=NONE pgs=0 cs=0 l=1 rev1=0 crypto rx=0 tx=0 comp rx=0 tx=0).connect
2024-04-22T07:05:22.086 INFO:teuthology.orchestra.run.smithi113.stdout:/usr/bin/ceph: stderr
2024-04-22T07:05:21.281+0000 7f1532f4f700 1 -- --> [v2:172.21.15.113:3300/0,v1:172.21.15.113:6789/0] -- mon_getmap magic: 0 -- 0x7f152c10ed80 con 0x7f152c07ee30
2024-04-22T07:05:22.086 INFO:teuthology.orchestra.run.smithi113.stdout:/usr/bin/ceph: stderr
2024-04-22T07:05:21.281+0000 7f1530ceb700 1 --2- >> [v2:172.21.15.113:3300/0,v1:172.21.15.113:6789/0] conn(0x7f152c07ee30 0x7f152c19e8b0 unknown :-1 s=BANNER_CONNECTING pgs=0 cs=0 l=1 rev1=0 crypto rx=0 tx=0 comp rx=0 tx=0)._handle_peer_banner_payload supported=3 required=0
2024-04-22T07:05:22.086 INFO:teuthology.orchestra.run.smithi113.stdout:/usr/bin/ceph: stderr
2024-04-22T07:05:21.281+0000 7f1530ceb700 1 --2- >> [v2:172.21.15.113:3300/0,v1:172.21.15.113:6789/0] conn(0x7f152c07ee30 0x7f152c19e8b0 unknown :-1 s=HELLO_CONNECTING pgs=0 cs=0 l=1 rev1=1 crypto rx=0 tx=0 comp rx=0 tx=0).handle_hello peer v2:172.21.15.113:3300/0 says I am v2:172.21.15.113:48212/0 (socket says 172.21.15.113:48212)
2024-04-22T07:05:22.086 INFO:teuthology.orchestra.run.smithi113.stdout:/usr/bin/ceph: stderr
2024-04-22T07:05:21.281+0000 7f1530ceb700 1 -- 172.21.15.113:0/3075629725 learned_addr learned my addr 172.21.15.113:0/3075629725 (peer_addr_for_me v2:172.21.15.113:0/0)
2024-04-22T07:05:22.086 INFO:teuthology.orchestra.run.smithi113.stdout:/usr/bin/ceph: stderr
2024-04-22T07:05:21.282+0000 7f1530ceb700 1 -- 172.21.15.113:0/3075629725 --> [v2:172.21.15.113:3300/0,v1:172.21.15.113:6789/0] -- mon_subscribe({config=0+,monmap=0+}) -- 0x7f152c19edf0 con 0x7f152c07ee30
2024-04-22T07:05:22.086 INFO:teuthology.orchestra.run.smithi113.stdout:/usr/bin/ceph: stderr
2024-04-22T07:05:21.282+0000 7f1530ceb700 1 --2- 172.21.15.113:0/3075629725 >> [v2:172.21.15.113:3300/0,v1:172.21.15.113:6789/0] conn(0x7f152c07ee30 0x7f152c19e8b0 secure :-1 s=READY pgs=21 cs=0 l=1 rev1=1 crypto rx=0x7f15200116a0 tx=0x7f1520011ce0 comp rx=0 tx=0).ready entity=mon.0 client_cookie=0 server_cookie=0 in_seq=0 out_seq=0
2024-04-22T07:05:22.086 INFO:teuthology.orchestra.run.smithi113.stdout:/usr/bin/ceph: stderr
2024-04-22T07:05:21.282+0000 7f1529ffb700 1 -- 172.21.15.113:0/3075629725 <== mon.0 v2:172.21.15.113:3300/0 1 ==== mon_map magic: 0 ==== 205+0+0 (secure 0 0 0) 0x7f1520003ab0 con 0x7f152c07ee30
2024-04-22T07:05:22.087 INFO:teuthology.orchestra.run.smithi113.stdout:/usr/bin/ceph: stderr
2024-04-22T07:05:21.282+0000 7f1532f4f700 1 -- 172.21.15.113:0/3075629725 --> [v2:172.21.15.113:3300/0,v1:172.21.15.113:6789/0] -- mon_subscribe({mgrmap=0+}) -- 0x7f152c19f080 con 0x7f152c07ee30
2024-04-22T07:05:22.087 INFO:teuthology.orchestra.run.smithi113.stdout:/usr/bin/ceph: stderr
2024-04-22T07:05:21.282+0000 7f1529ffb700 1 -- 172.21.15.113:0/3075629725 <== mon.0 v2:172.21.15.113:3300/0 2 ==== config(27 keys) ==== 1104+0+0 (secure 0 0 0) 0x7f1520003c50 con 0x7f152c07ee30
2024-04-22T07:05:22.087 INFO:teuthology.orchestra.run.smithi113.stdout:/usr/bin/ceph: stderr
2024-04-22T07:05:21.282+0000 7f1529ffb700 1 -- 172.21.15.113:0/3075629725 <== mon.0 v2:172.21.15.113:3300/0 3 ==== mon_map magic: 0 ==== 205+0+0 (secure 0 0 0) 0x7f1520019870 con 0x7f152c07ee30
2024-04-22T07:05:22.087 INFO:teuthology.orchestra.run.smithi113.stdout:/usr/bin/ceph: stderr
2024-04-22T07:05:21.282+0000 7f1532f4f700 1 -- 172.21.15.113:0/3075629725 --> [v2:172.21.15.113:3300/0,v1:172.21.15.113:6789/0] -- mon_subscribe({osdmap=0}) -- 0x7f152c19f4e0 con 0x7f152c07ee30
2024-04-22T07:05:22.087 INFO:teuthology.orchestra.run.smithi113.stdout:/usr/bin/ceph: stderr
2024-04-22T07:05:21.283+0000 7f1529ffb700 1 -- 172.21.15.113:0/3075629725 <== mon.0 v2:172.21.15.113:3300/0 4 ==== mgrmap(e 4) ==== 46547+0+0 (secure 0 0 0) 0x7f152001ac00 con 0x7f152c07ee30
2024-04-22T07:05:22.087 INFO:teuthology.orchestra.run.smithi113.stdout:/usr/bin/ceph: stderr
2024-04-22T07:05:21.283+0000 7f1529ffb700 1 --2- 172.21.15.113:0/3075629725 >> [v2:172.21.15.113:6800/1303444723,v1:172.21.15.113:6801/1303444723] conn(0x7f151c039510 0x7f151c03b9d0 unknown :-1 s=NONE pgs=0 cs=0 l=1 rev1=0 crypto rx=0 tx=0 comp rx=0 tx=0).connect
2024-04-22T07:05:22.087 INFO:teuthology.orchestra.run.smithi113.stdout:/usr/bin/ceph: stderr
2024-04-22T07:05:21.283+0000 7f1532f4f700 1 -- 172.21.15.113:0/3075629725 --> [v2:172.21.15.113:3300/0,v1:172.21.15.113:6789/0] -- mon_command({"prefix": "get_command_descriptions"} v 0) -- 0x7f152c0681b0 con 0x7f152c07ee30
2024-04-22T07:05:22.087 INFO:teuthology.orchestra.run.smithi113.stdout:/usr/bin/ceph: stderr
2024-04-22T07:05:21.283+0000 7f1529ffb700 1 -- 172.21.15.113:0/3075629725 <== mon.0 v2:172.21.15.113:3300/0 5 ==== osd_map(1..1 src has 1..1) ==== 725+0+0 (secure 0 0 0) 0x7f152004da90 con 0x7f152c07ee30
2024-04-22T07:05:22.087 INFO:teuthology.orchestra.run.smithi113.stdout:/usr/bin/ceph: stderr
2024-04-22T07:05:21.283+0000 7f152bfff700 1 --2- 172.21.15.113:0/3075629725 >> [v2:172.21.15.113:6800/1303444723,v1:172.21.15.113:6801/1303444723] conn(0x7f151c039510 0x7f151c03b9d0 unknown :-1 s=BANNER_CONNECTING pgs=0 cs=0 l=1 rev1=0 crypto rx=0 tx=0 comp rx=0 tx=0)._handle_peer_banner_payload supported=3 required=0
2024-04-22T07:05:22.087 INFO:teuthology.orchestra.run.smithi113.stdout:/usr/bin/ceph: stderr
2024-04-22T07:05:21.284+0000 7f152bfff700 1 --2- 172.21.15.113:0/3075629725 >> [v2:172.21.15.113:6800/1303444723,v1:172.21.15.113:6801/1303444723] conn(0x7f151c039510 0x7f151c03b9d0 secure :-1 s=READY pgs=8 cs=0 l=1 rev1=1 crypto rx=0x7f1518006fd0 tx=0x7f1518006e40 comp rx=0 tx=0).ready entity=mgr.14100 client_cookie=0 server_cookie=0 in_seq=0 out_seq=0
2024-04-22T07:05:22.087 INFO:teuthology.orchestra.run.smithi113.stdout:/usr/bin/ceph: stderr
2024-04-22T07:05:21.288+0000 7f1529ffb700 1 -- 172.21.15.113:0/3075629725 <== mon.0 v2:172.21.15.113:3300/0 6 ==== mon_command_ack([{"prefix": "get_command_descriptions"}]=0 v0) ==== 72+0+188370 (secure 0 0 0) 0x7f1520011e20 con 0x7f152c07ee30
2024-04-22T07:05:22.087 INFO:teuthology.orchestra.run.smithi113.stdout:/usr/bin/ceph: stderr
2024-04-22T07:05:21.543+0000 7f1532f4f700 1 -- 172.21.15.113:0/3075629725 --> [v2:172.21.15.113:3300/0,v1:172.21.15.113:6789/0] -- mon_command({"prefix": "mgr module enable", "module": "cephadm"} v 0) -- 0x7f152c1a1f70 con 0x7f152c07ee30
2024-04-22T07:05:22.087 INFO:teuthology.orchestra.run.smithi113.stdout:/usr/bin/ceph: stderr
2024-04-22T07:05:21.594+0000 7f1529ffb700 1 -- 172.21.15.113:0/3075629725 <== mon.0 v2:172.21.15.113:3300/0 7 ==== mon_command_ack([{"prefix": "mgr module enable", "module": "cephadm"}]=0 v5) ==== 86+0+0 (secure 0 0 0) 0x7f152001aa00 con 0x7f152c07ee30
2024-04-22T07:05:22.087 INFO:teuthology.orchestra.run.smithi113.stdout:/usr/bin/ceph: stderr
2024-04-22T07:05:21.595+0000 7f1529ffb700 1 -- 172.21.15.113:0/3075629725 <== mon.0 v2:172.21.15.113:3300/0 8 ==== mgrmap(e 5) ==== 46558+0+0 (secure 0 0 0) 0x7f152004dd10 con 0x7f152c07ee30
2024-04-22T07:05:22.088 INFO:teuthology.orchestra.run.smithi113.stdout:/usr/bin/ceph: stderr
2024-04-22T07:05:21.597+0000 7f1532f4f700 1 -- 172.21.15.113:0/3075629725 >> [v2:172.21.15.113:6800/1303444723,v1:172.21.15.113:6801/1303444723] conn(0x7f151c039510 msgr2=0x7f151c03b9d0 secure :-1 s=STATE_CONNECTION_ESTABLISHED l=1).mark_down
2024-04-22T07:05:22.088 INFO:teuthology.orchestra.run.smithi113.stdout:/usr/bin/ceph: stderr
2024-04-22T07:05:21.597+0000 7f1532f4f700 1 --2- 172.21.15.113:0/3075629725 >> [v2:172.21.15.113:6800/1303444723,v1:172.21.15.113:6801/1303444723] conn(0x7f151c039510 0x7f151c03b9d0 secure :-1 s=READY pgs=8 cs=0 l=1 rev1=1 crypto rx=0x7f1518006fd0 tx=0x7f1518006e40 comp rx=0 tx=0).stop
2024-04-22T07:05:22.088 INFO:teuthology.orchestra.run.smithi113.stdout:/usr/bin/ceph: stderr
2024-04-22T07:05:21.597+0000 7f1532f4f700 1 -- 172.21.15.113:0/3075629725 >> [v2:172.21.15.113:3300/0,v1:172.21.15.113:6789/0] conn(0x7f152c07ee30 msgr2=0x7f152c19e8b0 secure :-1 s=STATE_CONNECTION_ESTABLISHED l=1).mark_down
2024-04-22T07:05:22.088 INFO:teuthology.orchestra.run.smithi113.stdout:/usr/bin/ceph: stderr
2024-04-22T07:05:21.597+0000 7f1532f4f700 1 --2- 172.21.15.113:0/3075629725 >> [v2:172.21.15.113:3300/0,v1:172.21.15.113:6789/0] conn(0x7f152c07ee30 0x7f152c19e8b0 secure :-1 s=READY pgs=21 cs=0 l=1 rev1=1 crypto rx=0x7f15200116a0 tx=0x7f1520011ce0 comp rx=0 tx=0).stop
2024-04-22T07:05:22.088 INFO:teuthology.orchestra.run.smithi113.stdout:/usr/bin/ceph: stderr
2024-04-22T07:05:21.597+0000 7f1532f4f700 1 -- 172.21.15.113:0/3075629725 shutdown_connections
2024-04-22T07:05:22.088 INFO:teuthology.orchestra.run.smithi113.stdout:/usr/bin/ceph: stderr
2024-04-22T07:05:21.597+0000 7f1532f4f700 1 --2- 172.21.15.113:0/3075629725 >> [v2:172.21.15.113:6800/1303444723,v1:172.21.15.113:6801/1303444723] conn(0x7f151c039510 0x7f151c03b9d0 unknown :-1 s=CLOSED pgs=8 cs=0 l=1 rev1=1 crypto rx=0 tx=0 comp rx=0 tx=0).stop
2024-04-22T07:05:22.088 INFO:teuthology.orchestra.run.smithi113.stdout:/usr/bin/ceph: stderr
2024-04-22T07:05:21.597+0000 7f1532f4f700 1 --2- 172.21.15.113:0/3075629725 >> [v2:172.21.15.113:3300/0,v1:172.21.15.113:6789/0] conn(0x7f152c07ee30 0x7f152c19e8b0 unknown :-1 s=CLOSED pgs=21 cs=0 l=1 rev1=1 crypto rx=0 tx=0 comp rx=0 tx=0).stop
2024-04-22T07:05:22.088 INFO:teuthology.orchestra.run.smithi113.stdout:/usr/bin/ceph: stderr
2024-04-22T07:05:21.597+0000 7f1532f4f700 1 -- 172.21.15.113:0/3075629725 >> 172.21.15.113:0/3075629725 conn(0x7f152c103df0 msgr2=0x7f152c104870 unknown :-1 s=STATE_NONE l=0).mark_down
2024-04-22T07:05:22.088 INFO:teuthology.orchestra.run.smithi113.stdout:/usr/bin/ceph: stderr
2024-04-22T07:05:21.597+0000 7f1532f4f700 1 -- 172.21.15.113:0/3075629725 shutdown_connections
2024-04-22T07:05:22.088 INFO:teuthology.orchestra.run.smithi113.stdout:/usr/bin/ceph: stderr
2024-04-22T07:05:21.597+0000 7f1532f4f700 1 -- 172.21.15.113:0/3075629725 wait complete.
2024-04-22T07:05:22.201 INFO:journalctl@ceph.mgr.x.smithi113.stdout:Apr 22 07:05:21 smithi113 ceph-81035712-0076-11ef-bc93-c7b262605968-mgr-x[28170]:
2024-04-22T07:05:21.948+0000 7fd6032d5200 -1 mgr[py] Module orchestrator has missing NOTIFY_TYPES member
2024-04-22T07:05:22.202 INFO:journalctl@ceph.mgr.x.smithi113.stdout:Apr 22 07:05:22 smithi113 ceph-81035712-0076-11ef-bc93-c7b262605968-mgr-x[28170]:
2024-04-22T07:05:22.051+0000 7fd6032d5200 -1 mgr[py] Module snap_schedule has missing NOTIFY_TYPES member
2024-04-22T07:05:22.452 INFO:journalctl@ceph.mgr.x.smithi113.stdout:Apr 22 07:05:22 smithi113 ceph-81035712-0076-11ef-bc93-c7b262605968-mgr-x[28170]:
2024-04-22T07:05:22.368+0000 7fd6032d5200 -1 mgr[py] Module progress has missing NOTIFY_TYPES member
2024-04-22T07:05:22.453 INFO:journalctl@ceph.mgr.x.smithi113.stdout:Apr 22 07:05:22 smithi113 ceph-81035712-0076-11ef-bc93-c7b262605968-mgr-x[28170]:
2024-04-22T07:05:22.454+0000 7fd6032d5200 -1 mgr[py] Module influx has missing NOTIFY_TYPES member
2024-04-22T07:05:22.748 INFO:journalctl@ceph.mon.a.smithi113.stdout:Apr 22 07:05:22 smithi113 ceph-mon[27933]: from='client.? 172.21.15.113:0/3075629725' entity='client.admin' cmd='[{"prefix": "mgr module enable", "module": "cephadm"}]': finished
2024-04-22T07:05:22.748 INFO:journalctl@ceph.mon.a.smithi113.stdout:Apr 22 07:05:22 smithi113 ceph-mon[27933]: mgrmap e5: x(active, since 9s)
2024-04-22T07:05:23.439 INFO:teuthology.orchestra.run.smithi113.stdout:/usr/bin/ceph: stdout {
2024-04-22T07:05:23.439 INFO:teuthology.orchestra.run.smithi113.stdout:/usr/bin/ceph: stdout "epoch": 5,
2024-04-22T07:05:23.439 INFO:teuthology.orchestra.run.smithi113.stdout:/usr/bin/ceph: stdout "available": true,
2024-04-22T07:05:23.439 INFO:teuthology.orchestra.run.smithi113.stdout:/usr/bin/ceph: stdout "active_name": "x",
2024-04-22T07:05:23.439 INFO:teuthology.orchestra.run.smithi113.stdout:/usr/bin/ceph: stdout "num_standby": 0
2024-04-22T07:05:23.439 INFO:teuthology.orchestra.run.smithi113.stdout:/usr/bin/ceph: stdout }
2024-04-22T07:05:23.439 INFO:teuthology.orchestra.run.smithi113.stdout:/usr/bin/ceph: stderr
2024-04-22T07:05:22.544+0000 7f4e41a2c700 1 Processor -- start
2024-04-22T07:05:23.439 INFO:teuthology.orchestra.run.smithi113.stdout:/usr/bin/ceph: stderr
2024-04-22T07:05:22.544+0000 7f4e41a2c700 1 -- start start
2024-04-22T07:05:23.439 INFO:teuthology.orchestra.run.smithi113.stdout:/usr/bin/ceph: stderr
2024-04-22T07:05:22.545+0000 7f4e41a2c700 1 --2- >> [v2:172.21.15.113:3300/0,v1:172.21.15.113:6789/0] conn(0x7f4e3c106a00 0x7f4e3c106e20 unknown :-1 s=NONE pgs=0 cs=0 l=0 rev1=0 crypto rx=0 tx=0 comp rx=0 tx=0).connect
2024-04-22T07:05:23.439 INFO:teuthology.orchestra.run.smithi113.stdout:/usr/bin/ceph: stderr
2024-04-22T07:05:22.545+0000 7f4e41a2c700 1 -- --> [v2:172.21.15.113:3300/0,v1:172.21.15.113:6789/0] -- mon_getmap magic: 0 -- 0x7f4e3c1073f0 con 0x7f4e3c106a00
2024-04-22T07:05:23.440 INFO:teuthology.orchestra.run.smithi113.stdout:/usr/bin/ceph: stderr
2024-04-22T07:05:22.545+0000 7f4e3affd700 1 --2- >> [v2:172.21.15.113:3300/0,v1:172.21.15.113:6789/0] conn(0x7f4e3c106a00 0x7f4e3c106e20 unknown :-1 s=BANNER_CONNECTING pgs=0 cs=0 l=0 rev1=0 crypto rx=0 tx=0 comp rx=0 tx=0)._handle_peer_banner_payload supported=3 required=0
2024-04-22T07:05:23.440 INFO:teuthology.orchestra.run.smithi113.stdout:/usr/bin/ceph: stderr
2024-04-22T07:05:22.545+0000 7f4e3affd700 1 --2- >> [v2:172.21.15.113:3300/0,v1:172.21.15.113:6789/0] conn(0x7f4e3c106a00 0x7f4e3c106e20 unknown :-1 s=HELLO_CONNECTING pgs=0 cs=0 l=0 rev1=1 crypto rx=0 tx=0 comp rx=0 tx=0).handle_hello peer v2:172.21.15.113:3300/0 says I am v2:172.21.15.113:48238/0 (socket says 172.21.15.113:48238)
2024-04-22T07:05:23.440 INFO:teuthology.orchestra.run.smithi113.stdout:/usr/bin/ceph: stderr
2024-04-22T07:05:22.545+0000 7f4e3affd700 1 -- 172.21.15.113:0/3762860273 learned_addr learned my addr 172.21.15.113:0/3762860273 (peer_addr_for_me v2:172.21.15.113:0/0)
2024-04-22T07:05:23.440 INFO:teuthology.orchestra.run.smithi113.stdout:/usr/bin/ceph: stderr
2024-04-22T07:05:22.545+0000 7f4e3affd700 1 -- 172.21.15.113:0/3762860273 --> [v2:172.21.15.113:3300/0,v1:172.21.15.113:6789/0] -- mon_subscribe({config=0+,monmap=0+}) -- 0x7f4e3c1099e0 con 0x7f4e3c106a00
2024-04-22T07:05:23.440 INFO:teuthology.orchestra.run.smithi113.stdout:/usr/bin/ceph: stderr
2024-04-22T07:05:22.545+0000 7f4e3affd700 1 --2- 172.21.15.113:0/3762860273 >> [v2:172.21.15.113:3300/0,v1:172.21.15.113:6789/0] conn(0x7f4e3c106a00 0x7f4e3c106e20 secure :-1 s=READY pgs=24 cs=0 l=1 rev1=1 crypto rx=0x7f4e2c0098a0 tx=0x7f4e2c009bb0 comp rx=0 tx=0).ready entity=mon.0 client_cookie=7f469a93eb843594 server_cookie=0 in_seq=0 out_seq=0
2024-04-22T07:05:23.440 INFO:teuthology.orchestra.run.smithi113.stdout:/usr/bin/ceph: stderr
2024-04-22T07:05:22.545+0000 7f4e39ffb700 1 -- 172.21.15.113:0/3762860273 <== mon.0 v2:172.21.15.113:3300/0 1 ==== mon_map magic: 0 ==== 205+0+0 (secure 0 0 0) 0x7f4e2c004160 con 0x7f4e3c106a00
2024-04-22T07:05:23.440 INFO:teuthology.orchestra.run.smithi113.stdout:/usr/bin/ceph: stderr
2024-04-22T07:05:22.545+0000 7f4e39ffb700 1 -- 172.21.15.113:0/3762860273 <== mon.0 v2:172.21.15.113:3300/0 2 ==== config(27 keys) ==== 1104+0+0 (secure 0 0 0) 0x7f4e2c004300 con 0x7f4e3c106a00
2024-04-22T07:05:23.440 INFO:teuthology.orchestra.run.smithi113.stdout:/usr/bin/ceph: stderr
2024-04-22T07:05:22.545+0000 7f4e39ffb700 1 -- 172.21.15.113:0/3762860273 <== mon.0 v2:172.21.15.113:3300/0 3 ==== mon_map magic: 0 ==== 205+0+0 (secure 0 0 0) 0x7f4e2c011b20 con 0x7f4e3c106a00
2024-04-22T07:05:23.440 INFO:teuthology.orchestra.run.smithi113.stdout:/usr/bin/ceph: stderr
2024-04-22T07:05:22.546+0000 7f4e41a2c700 1 -- 172.21.15.113:0/3762860273 >> [v2:172.21.15.113:3300/0,v1:172.21.15.113:6789/0] conn(0x7f4e3c106a00 msgr2=0x7f4e3c106e20 secure :-1 s=STATE_CONNECTION_ESTABLISHED l=1).mark_down
2024-04-22T07:05:23.440 INFO:teuthology.orchestra.run.smithi113.stdout:/usr/bin/ceph: stderr
2024-04-22T07:05:22.546+0000 7f4e41a2c700 1 --2- 172.21.15.113:0/3762860273 >> [v2:172.21.15.113:3300/0,v1:172.21.15.113:6789/0] conn(0x7f4e3c106a00 0x7f4e3c106e20 secure :-1 s=READY pgs=24 cs=0 l=1 rev1=1 crypto rx=0x7f4e2c0098a0 tx=0x7f4e2c009bb0 comp rx=0 tx=0).stop
2024-04-22T07:05:23.440 INFO:teuthology.orchestra.run.smithi113.stdout:/usr/bin/ceph: stderr
2024-04-22T07:05:22.546+0000 7f4e41a2c700 1 -- 172.21.15.113:0/3762860273 shutdown_connections
2024-04-22T07:05:23.440 INFO:teuthology.orchestra.run.smithi113.stdout:/usr/bin/ceph: stderr
2024-04-22T07:05:22.546+0000 7f4e41a2c700 1 --2- 172.21.15.113:0/3762860273 >> [v2:172.21.15.113:3300/0,v1:172.21.15.113:6789/0] conn(0x7f4e3c106a00 0x7f4e3c106e20 unknown :-1 s=CLOSED pgs=24 cs=0 l=1 rev1=1 crypto rx=0 tx=0 comp rx=0 tx=0).stop
2024-04-22T07:05:23.440 INFO:teuthology.orchestra.run.smithi113.stdout:/usr/bin/ceph: stderr
2024-04-22T07:05:22.546+0000 7f4e41a2c700 1 -- 172.21.15.113:0/3762860273 >> 172.21.15.113:0/3762860273 conn(0x7f4e3c102340 msgr2=0x7f4e3c1047a0 unknown :-1 s=STATE_NONE l=0).mark_down
2024-04-22T07:05:23.440 INFO:teuthology.orchestra.run.smithi113.stdout:/usr/bin/ceph: stderr
2024-04-22T07:05:22.546+0000 7f4e41a2c700 1 -- 172.21.15.113:0/3762860273 shutdown_connections
2024-04-22T07:05:23.441 INFO:teuthology.orchestra.run.smithi113.stdout:/usr/bin/ceph: stderr
2024-04-22T07:05:22.546+0000 7f4e41a2c700 1 -- 172.21.15.113:0/3762860273 wait complete.
2024-04-22T07:05:23.441 INFO:teuthology.orchestra.run.smithi113.stdout:/usr/bin/ceph: stderr
2024-04-22T07:05:22.547+0000 7f4e41a2c700 1 Processor -- start
2024-04-22T07:05:23.441 INFO:teuthology.orchestra.run.smithi113.stdout:/usr/bin/ceph: stderr
2024-04-22T07:05:22.547+0000 7f4e41a2c700 1 -- start start
2024-04-22T07:05:23.441 INFO:teuthology.orchestra.run.smithi113.stdout:/usr/bin/ceph: stderr
2024-04-22T07:05:22.547+0000 7f4e41a2c700 1 --2- >> [v2:172.21.15.113:3300/0,v1:172.21.15.113:6789/0] conn(0x7f4e3c106a00 0x7f4e3c19c6d0 unknown :-1 s=NONE pgs=0 cs=0 l=1 rev1=0 crypto rx=0 tx=0 comp rx=0 tx=0).connect
2024-04-22T07:05:23.441 INFO:teuthology.orchestra.run.smithi113.stdout:/usr/bin/ceph: stderr
2024-04-22T07:05:22.547+0000 7f4e41a2c700 1 -- --> [v2:172.21.15.113:3300/0,v1:172.21.15.113:6789/0] -- mon_getmap magic: 0 -- 0x7f4e3c10cd90 con 0x7f4e3c106a00
2024-04-22T07:05:23.441 INFO:teuthology.orchestra.run.smithi113.stdout:/usr/bin/ceph: stderr
2024-04-22T07:05:22.547+0000 7f4e3affd700 1 --2- >> [v2:172.21.15.113:3300/0,v1:172.21.15.113:6789/0] conn(0x7f4e3c106a00 0x7f4e3c19c6d0 unknown :-1 s=BANNER_CONNECTING pgs=0 cs=0 l=1 rev1=0 crypto rx=0 tx=0 comp rx=0 tx=0)._handle_peer_banner_payload supported=3 required=0
2024-04-22T07:05:23.441 INFO:teuthology.orchestra.run.smithi113.stdout:/usr/bin/ceph: stderr
2024-04-22T07:05:22.548+0000 7f4e3affd700 1 --2- >> [v2:172.21.15.113:3300/0,v1:172.21.15.113:6789/0] conn(0x7f4e3c106a00 0x7f4e3c19c6d0 unknown :-1 s=HELLO_CONNECTING pgs=0 cs=0 l=1 rev1=1 crypto rx=0 tx=0 comp rx=0 tx=0).handle_hello peer v2:172.21.15.113:3300/0 says I am v2:172.21.15.113:48246/0 (socket says 172.21.15.113:48246)
2024-04-22T07:05:23.441 INFO:teuthology.orchestra.run.smithi113.stdout:/usr/bin/ceph: stderr
2024-04-22T07:05:22.548+0000 7f4e3affd700 1 -- 172.21.15.113:0/1381684848 learned_addr learned my addr 172.21.15.113:0/1381684848 (peer_addr_for_me v2:172.21.15.113:0/0)
2024-04-22T07:05:23.441 INFO:teuthology.orchestra.run.smithi113.stdout:/usr/bin/ceph: stderr
2024-04-22T07:05:22.548+0000 7f4e3affd700 1 -- 172.21.15.113:0/1381684848 --> [v2:172.21.15.113:3300/0,v1:172.21.15.113:6789/0] -- mon_subscribe({config=0+,monmap=0+}) -- 0x7f4e3c19cc10 con 0x7f4e3c106a00
2024-04-22T07:05:23.442 INFO:teuthology.orchestra.run.smithi113.stdout:/usr/bin/ceph: stderr
2024-04-22T07:05:22.548+0000 7f4e3affd700 1 --2- 172.21.15.113:0/1381684848 >> [v2:172.21.15.113:3300/0,v1:172.21.15.113:6789/0] conn(0x7f4e3c106a00 0x7f4e3c19c6d0 secure :-1 s=READY pgs=25 cs=0 l=1 rev1=1 crypto rx=0x7f4e2c006af0 tx=0x7f4e2c011c10 comp rx=0 tx=0).ready entity=mon.0 client_cookie=0 server_cookie=0 in_seq=0 out_seq=0
2024-04-22T07:05:23.442 INFO:teuthology.orchestra.run.smithi113.stdout:/usr/bin/ceph: stderr
2024-04-22T07:05:22.548+0000 7f4e40a2a700 1 -- 172.21.15.113:0/1381684848 <== mon.0 v2:172.21.15.113:3300/0 1 ==== mon_map magic: 0 ==== 205+0+0 (secure 0 0 0) 0x7f4e2c003930 con 0x7f4e3c106a00
2024-04-22T07:05:23.442 INFO:teuthology.orchestra.run.smithi113.stdout:/usr/bin/ceph: stderr
2024-04-22T07:05:22.548+0000 7f4e41a2c700 1 -- 172.21.15.113:0/1381684848 --> [v2:172.21.15.113:3300/0,v1:172.21.15.113:6789/0] -- mon_subscribe({mgrmap=0+}) -- 0x7f4e3c19cea0 con 0x7f4e3c106a00
2024-04-22T07:05:23.442 INFO:teuthology.orchestra.run.smithi113.stdout:/usr/bin/ceph: stderr
2024-04-22T07:05:22.548+0000 7f4e40a2a700 1 -- 172.21.15.113:0/1381684848 <== mon.0 v2:172.21.15.113:3300/0 2 ==== config(27 keys) ==== 1104+0+0 (secure 0 0 0) 0x7f4e2c003ad0 con 0x7f4e3c106a00
2024-04-22T07:05:23.442 INFO:teuthology.orchestra.run.smithi113.stdout:/usr/bin/ceph: stderr
2024-04-22T07:05:22.548+0000 7f4e40a2a700 1 -- 172.21.15.113:0/1381684848 <== mon.0 v2:172.21.15.113:3300/0 3 ==== mon_map magic: 0 ==== 205+0+0 (secure 0 0 0) 0x7f4e2c019610 con 0x7f4e3c106a00
2024-04-22T07:05:23.442 INFO:teuthology.orchestra.run.smithi113.stdout:/usr/bin/ceph: stderr
2024-04-22T07:05:22.548+0000 7f4e41a2c700 1 -- 172.21.15.113:0/1381684848 --> [v2:172.21.15.113:3300/0,v1:172.21.15.113:6789/0] -- mon_subscribe({osdmap=0}) -- 0x7f4e3c19d300 con 0x7f4e3c106a00
2024-04-22T07:05:23.442 INFO:teuthology.orchestra.run.smithi113.stdout:/usr/bin/ceph: stderr
2024-04-22T07:05:22.549+0000 7f4e40a2a700 1 -- 172.21.15.113:0/1381684848 <== mon.0 v2:172.21.15.113:3300/0 4 ==== mgrmap(e 5) ==== 46558+0+0 (secure 0 0 0) 0x7f4e2c0198d0 con 0x7f4e3c106a00
2024-04-22T07:05:23.442 INFO:teuthology.orchestra.run.smithi113.stdout:/usr/bin/ceph: stderr
2024-04-22T07:05:22.549+0000 7f4e41a2c700 1 -- 172.21.15.113:0/1381684848 --> [v2:172.21.15.113:3300/0,v1:172.21.15.113:6789/0] -- mon_command({"prefix": "get_command_descriptions"} v 0) -- 0x7f4e3c0681b0 con 0x7f4e3c106a00
2024-04-22T07:05:23.442 INFO:teuthology.orchestra.run.smithi113.stdout:/usr/bin/ceph: stderr
2024-04-22T07:05:22.549+0000 7f4e40a2a700 1 --2- 172.21.15.113:0/1381684848 >> [v2:172.21.15.113:6800/1303444723,v1:172.21.15.113:6801/1303444723] conn(0x7f4e24039560 0x7f4e2403ba20 unknown :-1 s=NONE pgs=0 cs=0 l=1 rev1=0 crypto rx=0 tx=0 comp rx=0 tx=0).connect
2024-04-22T07:05:23.442 INFO:teuthology.orchestra.run.smithi113.stdout:/usr/bin/ceph: stderr
2024-04-22T07:05:22.549+0000 7f4e40a2a700 1 -- 172.21.15.113:0/1381684848 <== mon.0 v2:172.21.15.113:3300/0 5 ==== osd_map(1..1 src has 1..1) ==== 725+0+0 (secure 0 0 0) 0x7f4e2c04dc50 con 0x7f4e3c106a00
2024-04-22T07:05:23.442 INFO:teuthology.orchestra.run.smithi113.stdout:/usr/bin/ceph: stderr
2024-04-22T07:05:22.549+0000 7f4e3a7fc700 1 -- 172.21.15.113:0/1381684848 >> [v2:172.21.15.113:6800/1303444723,v1:172.21.15.113:6801/1303444723] conn(0x7f4e24039560 msgr2=0x7f4e2403ba20 unknown :-1 s=STATE_CONNECTING_RE l=1).process reconnect failed to v2:172.21.15.113:6800/1303444723
2024-04-22T07:05:23.442 INFO:teuthology.orchestra.run.smithi113.stdout:/usr/bin/ceph: stderr
2024-04-22T07:05:22.549+0000 7f4e3a7fc700 1 --2- 172.21.15.113:0/1381684848 >> [v2:172.21.15.113:6800/1303444723,v1:172.21.15.113:6801/1303444723] conn(0x7f4e24039560 0x7f4e2403ba20 unknown :-1 s=START_CONNECT pgs=0 cs=0 l=1 rev1=0 crypto rx=0 tx=0 comp rx=0 tx=0)._fault waiting 0.200000
2024-04-22T07:05:23.442 INFO:teuthology.orchestra.run.smithi113.stdout:/usr/bin/ceph: stderr
2024-04-22T07:05:22.558+0000 7f4e40a2a700 1 -- 172.21.15.113:0/1381684848 <== mon.0 v2:172.21.15.113:3300/0 6 ==== mon_command_ack([{"prefix": "get_command_descriptions"}]=0 v0) ==== 72+0+188370 (secure 0 0 0) 0x7f4e2c011e20 con 0x7f4e3c106a00
2024-04-22T07:05:23.443 INFO:teuthology.orchestra.run.smithi113.stdout:/usr/bin/ceph: stderr
2024-04-22T07:05:22.750+0000 7f4e3a7fc700 1 -- 172.21.15.113:0/1381684848 >> [v2:172.21.15.113:6800/1303444723,v1:172.21.15.113:6801/1303444723] conn(0x7f4e24039560 msgr2=0x7f4e2403ba20 unknown :-1 s=STATE_CONNECTING_RE l=1).process reconnect failed to v2:172.21.15.113:6800/1303444723
2024-04-22T07:05:23.443 INFO:teuthology.orchestra.run.smithi113.stdout:/usr/bin/ceph: stderr
