2024-04-22T07:05:22.750+0000 7f4e3a7fc700 1 --2- 172.21.15.113:0/1381684848 >> [v2:172.21.15.113:6800/1303444723,v1:172.21.15.113:6801/1303444723] conn(0x7f4e24039560 0x7f4e2403ba20 unknown :-1 s=START_CONNECT pgs=0 cs=0 l=1 rev1=0 crypto rx=0 tx=0 comp rx=0 tx=0)._fault waiting 0.400000
2024-04-22T07:05:23.443 INFO:teuthology.orchestra.run.smithi113.stdout:/usr/bin/ceph: stderr
2024-04-22T07:05:22.819+0000 7f4e41a2c700 1 -- 172.21.15.113:0/1381684848 --> [v2:172.21.15.113:3300/0,v1:172.21.15.113:6789/0] -- mon_command({"prefix": "mgr stat"} v 0) -- 0x7f4e3c19fd20 con 0x7f4e3c106a00
2024-04-22T07:05:23.443 INFO:teuthology.orchestra.run.smithi113.stdout:/usr/bin/ceph: stderr
2024-04-22T07:05:22.819+0000 7f4e40a2a700 1 -- 172.21.15.113:0/1381684848 <== mon.0 v2:172.21.15.113:3300/0 7 ==== mon_command_ack([{"prefix": "mgr stat"}]=0 v5) ==== 56+0+88 (secure 0 0 0) 0x7f4e3c19fd20 con 0x7f4e3c106a00
2024-04-22T07:05:23.443 INFO:teuthology.orchestra.run.smithi113.stdout:/usr/bin/ceph: stderr
2024-04-22T07:05:22.821+0000 7f4e41a2c700 1 -- 172.21.15.113:0/1381684848 >> [v2:172.21.15.113:6800/1303444723,v1:172.21.15.113:6801/1303444723] conn(0x7f4e24039560 msgr2=0x7f4e2403ba20 unknown :-1 s=STATE_CONNECTING l=1).mark_down
2024-04-22T07:05:23.443 INFO:teuthology.orchestra.run.smithi113.stdout:/usr/bin/ceph: stderr
2024-04-22T07:05:22.821+0000 7f4e41a2c700 1 --2- 172.21.15.113:0/1381684848 >> [v2:172.21.15.113:6800/1303444723,v1:172.21.15.113:6801/1303444723] conn(0x7f4e24039560 0x7f4e2403ba20 unknown :-1 s=START_CONNECT pgs=0 cs=0 l=1 rev1=0 crypto rx=0 tx=0 comp rx=0 tx=0).stop
2024-04-22T07:05:23.443 INFO:teuthology.orchestra.run.smithi113.stdout:/usr/bin/ceph: stderr
2024-04-22T07:05:22.821+0000 7f4e41a2c700 1 -- 172.21.15.113:0/1381684848 >> [v2:172.21.15.113:3300/0,v1:172.21.15.113:6789/0] conn(0x7f4e3c106a00 msgr2=0x7f4e3c19c6d0 secure :-1 s=STATE_CONNECTION_ESTABLISHED l=1).mark_down
2024-04-22T07:05:23.443 INFO:teuthology.orchestra.run.smithi113.stdout:/usr/bin/ceph: stderr
2024-04-22T07:05:22.821+0000 7f4e41a2c700 1 --2- 172.21.15.113:0/1381684848 >> [v2:172.21.15.113:3300/0,v1:172.21.15.113:6789/0] conn(0x7f4e3c106a00 0x7f4e3c19c6d0 secure :-1 s=READY pgs=25 cs=0 l=1 rev1=1 crypto rx=0x7f4e2c006af0 tx=0x7f4e2c011c10 comp rx=0 tx=0).stop
2024-04-22T07:05:23.443 INFO:teuthology.orchestra.run.smithi113.stdout:/usr/bin/ceph: stderr
2024-04-22T07:05:22.821+0000 7f4e41a2c700 1 -- 172.21.15.113:0/1381684848 shutdown_connections
2024-04-22T07:05:23.443 INFO:teuthology.orchestra.run.smithi113.stdout:/usr/bin/ceph: stderr
2024-04-22T07:05:22.821+0000 7f4e41a2c700 1 --2- 172.21.15.113:0/1381684848 >> [v2:172.21.15.113:6800/1303444723,v1:172.21.15.113:6801/1303444723] conn(0x7f4e24039560 0x7f4e2403ba20 unknown :-1 s=CLOSED pgs=0 cs=0 l=1 rev1=0 crypto rx=0 tx=0 comp rx=0 tx=0).stop
2024-04-22T07:05:23.443 INFO:teuthology.orchestra.run.smithi113.stdout:/usr/bin/ceph: stderr
2024-04-22T07:05:22.821+0000 7f4e41a2c700 1 --2- 172.21.15.113:0/1381684848 >> [v2:172.21.15.113:3300/0,v1:172.21.15.113:6789/0] conn(0x7f4e3c106a00 0x7f4e3c19c6d0 unknown :-1 s=CLOSED pgs=25 cs=0 l=1 rev1=1 crypto rx=0 tx=0 comp rx=0 tx=0).stop
2024-04-22T07:05:23.443 INFO:teuthology.orchestra.run.smithi113.stdout:/usr/bin/ceph: stderr
2024-04-22T07:05:22.821+0000 7f4e41a2c700 1 -- 172.21.15.113:0/1381684848 >> 172.21.15.113:0/1381684848 conn(0x7f4e3c102340 msgr2=0x7f4e3c102e50 unknown :-1 s=STATE_NONE l=0).mark_down
2024-04-22T07:05:23.443 INFO:teuthology.orchestra.run.smithi113.stdout:/usr/bin/ceph: stderr
2024-04-22T07:05:22.822+0000 7f4e41a2c700 1 -- 172.21.15.113:0/1381684848 shutdown_connections
2024-04-22T07:05:23.443 INFO:teuthology.orchestra.run.smithi113.stdout:/usr/bin/ceph: stderr
2024-04-22T07:05:22.822+0000 7f4e41a2c700 1 -- 172.21.15.113:0/1381684848 wait complete.
2024-04-22T07:05:23.443 INFO:teuthology.orchestra.run.smithi113.stdout:Waiting for the mgr to restart...
2024-04-22T07:05:23.444 INFO:teuthology.orchestra.run.smithi113.stdout:Waiting for mgr epoch 5...
2024-04-22T07:05:23.834 INFO:journalctl@ceph.mon.a.smithi113.stdout:Apr 22 07:05:23 smithi113 ceph-mon[27933]: from='client.? 172.21.15.113:0/1381684848' entity='client.admin' cmd=[{"prefix": "mgr stat"}]: dispatch
2024-04-22T07:05:23.834 INFO:journalctl@ceph.mgr.x.smithi113.stdout:Apr 22 07:05:23 smithi113 ceph-81035712-0076-11ef-bc93-c7b262605968-mgr-x[28170]:
2024-04-22T07:05:23.671+0000 7fd6032d5200 -1 mgr[py] Module telegraf has missing NOTIFY_TYPES member
2024-04-22T07:05:24.301 INFO:journalctl@ceph.mgr.x.smithi113.stdout:Apr 22 07:05:23 smithi113 ceph-81035712-0076-11ef-bc93-c7b262605968-mgr-x[28170]:
2024-04-22T07:05:23.847+0000 7fd6032d5200 -1 mgr[py] Module osd_support has missing NOTIFY_TYPES member
2024-04-22T07:05:24.301 INFO:journalctl@ceph.mgr.x.smithi113.stdout:Apr 22 07:05:24 smithi113 ceph-81035712-0076-11ef-bc93-c7b262605968-mgr-x[28170]:
2024-04-22T07:05:24.017+0000 7fd6032d5200 -1 mgr[py] Module iostat has missing NOTIFY_TYPES member
2024-04-22T07:05:24.301 INFO:journalctl@ceph.mgr.x.smithi113.stdout:Apr 22 07:05:24 smithi113 ceph-81035712-0076-11ef-bc93-c7b262605968-mgr-x[28170]:
2024-04-22T07:05:24.303+0000 7fd6032d5200 -1 mgr[py] Module alerts has missing NOTIFY_TYPES member
2024-04-22T07:05:24.584 INFO:journalctl@ceph.mgr.x.smithi113.stdout:Apr 22 07:05:24 smithi113 ceph-81035712-0076-11ef-bc93-c7b262605968-mgr-x[28170]:
2024-04-22T07:05:24.398+0000 7fd6032d5200 -1 mgr[py] Module selftest has missing NOTIFY_TYPES member
2024-04-22T07:05:25.084 INFO:journalctl@ceph.mgr.x.smithi113.stdout:Apr 22 07:05:24 smithi113 ceph-81035712-0076-11ef-bc93-c7b262605968-mgr-x[28170]:
2024-04-22T07:05:24.600+0000 7fd6032d5200 -1 mgr[py] Module pg_autoscaler has missing NOTIFY_TYPES member
2024-04-22T07:05:25.084 INFO:journalctl@ceph.mgr.x.smithi113.stdout:Apr 22 07:05:24 smithi113 ceph-81035712-0076-11ef-bc93-c7b262605968-mgr-x[28170]:
2024-04-22T07:05:24.793+0000 7fd6032d5200 -1 mgr[py] Module test_orchestrator has missing NOTIFY_TYPES member
2024-04-22T07:05:25.584 INFO:journalctl@ceph.mgr.x.smithi113.stdout:Apr 22 07:05:25 smithi113 ceph-81035712-0076-11ef-bc93-c7b262605968-mgr-x[28170]:
2024-04-22T07:05:25.391+0000 7fd6032d5200 -1 mgr[py] Module rook has missing NOTIFY_TYPES member
2024-04-22T07:05:26.084 INFO:journalctl@ceph.mgr.x.smithi113.stdout:Apr 22 07:05:25 smithi113 ceph-81035712-0076-11ef-bc93-c7b262605968-mgr-x[28170]:
2024-04-22T07:05:25.813+0000 7fd6032d5200 -1 mgr[py] Module volumes has missing NOTIFY_TYPES member
2024-04-22T07:05:26.084 INFO:journalctl@ceph.mgr.x.smithi113.stdout:Apr 22 07:05:25 smithi113 ceph-81035712-0076-11ef-bc93-c7b262605968-mgr-x[28170]:
2024-04-22T07:05:25.910+0000 7fd6032d5200 -1 mgr[py] Module crash has missing NOTIFY_TYPES member
2024-04-22T07:05:26.584 INFO:journalctl@ceph.mgr.x.smithi113.stdout:Apr 22 07:05:26 smithi113 ceph-81035712-0076-11ef-bc93-c7b262605968-mgr-x[28170]:
2024-04-22T07:05:26.111+0000 7fd6032d5200 -1 mgr[py] Module rgw has missing NOTIFY_TYPES member
2024-04-22T07:05:26.965 INFO:journalctl@ceph.mgr.x.smithi113.stdout:Apr 22 07:05:26 smithi113 ceph-81035712-0076-11ef-bc93-c7b262605968-mgr-x[28170]:
2024-04-22T07:05:26.631+0000 7fd6032d5200 -1 mgr[py] Module prometheus has missing NOTIFY_TYPES member
2024-04-22T07:05:26.965 INFO:journalctl@ceph.mgr.x.smithi113.stdout:Apr 22 07:05:26 smithi113 ceph-81035712-0076-11ef-bc93-c7b262605968-mgr-x[28170]:
2024-04-22T07:05:26.723+0000 7fd6032d5200 -1 mgr[py] Module devicehealth has missing NOTIFY_TYPES member
2024-04-22T07:05:27.310 INFO:journalctl@ceph.mgr.x.smithi113.stdout:Apr 22 07:05:26 smithi113 ceph-81035712-0076-11ef-bc93-c7b262605968-mgr-x[28170]:
2024-04-22T07:05:26.967+0000 7fd6032d5200 -1 mgr[py] Module telemetry has missing NOTIFY_TYPES member
2024-04-22T07:05:27.311 INFO:journalctl@ceph.mgr.x.smithi113.stdout:Apr 22 07:05:27 smithi113 ceph-81035712-0076-11ef-bc93-c7b262605968-mgr-x[28170]:
2024-04-22T07:05:27.099+0000 7fd6032d5200 -1 mgr[py] Module diskprediction_local has missing NOTIFY_TYPES member
2024-04-22T07:05:27.311 INFO:journalctl@ceph.mgr.x.smithi113.stdout:Apr 22 07:05:27 smithi113 ceph-81035712-0076-11ef-bc93-c7b262605968-mgr-x[28170]:
2024-04-22T07:05:27.196+0000 7fd6032d5200 -1 mgr[py] Module osd_perf_query has missing NOTIFY_TYPES member
2024-04-22T07:05:27.311 INFO:journalctl@ceph.mgr.x.smithi113.stdout:Apr 22 07:05:27 smithi113 ceph-81035712-0076-11ef-bc93-c7b262605968-mgr-x[28170]:
2024-04-22T07:05:27.312+0000 7fd6032d5200 -1 mgr[py] Module rbd_support has missing NOTIFY_TYPES member
2024-04-22T07:05:28.084 INFO:journalctl@ceph.mgr.x.smithi113.stdout:Apr 22 07:05:27 smithi113 ceph-81035712-0076-11ef-bc93-c7b262605968-mgr-x[28170]:
2024-04-22T07:05:27.637+0000 7fd6032d5200 -1 mgr[py] Module zabbix has missing NOTIFY_TYPES member
2024-04-22T07:05:28.508 INFO:journalctl@ceph.mgr.x.smithi113.stdout:Apr 22 07:05:28 smithi113 ceph-81035712-0076-11ef-bc93-c7b262605968-mgr-x[28170]:
2024-04-22T07:05:28.238+0000 7fd6032d5200 -1 mgr[py] Module status has missing NOTIFY_TYPES member
2024-04-22T07:05:28.508 INFO:journalctl@ceph.mgr.x.smithi113.stdout:Apr 22 07:05:28 smithi113 ceph-81035712-0076-11ef-bc93-c7b262605968-mgr-x[28170]:
2024-04-22T07:05:28.457+0000 7fd6032d5200 -1 mgr[py] Module nfs has missing NOTIFY_TYPES member
2024-04-22T07:05:28.834 INFO:journalctl@ceph.mon.a.smithi113.stdout:Apr 22 07:05:28 smithi113 ceph-mon[27933]: Active manager daemon x restarted
2024-04-22T07:05:28.834 INFO:journalctl@ceph.mon.a.smithi113.stdout:Apr 22 07:05:28 smithi113 ceph-mon[27933]: Activating manager daemon x
2024-04-22T07:05:28.834 INFO:journalctl@ceph.mon.a.smithi113.stdout:Apr 22 07:05:28 smithi113 ceph-mon[27933]: osdmap e2: 0 total, 0 up, 0 in
2024-04-22T07:05:28.834 INFO:journalctl@ceph.mon.a.smithi113.stdout:Apr 22 07:05:28 smithi113 ceph-mon[27933]: mgrmap e6: x(active, starting, since 0.00349139s)
2024-04-22T07:05:28.835 INFO:journalctl@ceph.mon.a.smithi113.stdout:Apr 22 07:05:28 smithi113 ceph-mon[27933]: from='mgr.14118 172.21.15.113:0/4006368748' entity='mgr.x' cmd=[{"prefix": "mon metadata", "id": "a"}]: dispatch
2024-04-22T07:05:28.835 INFO:journalctl@ceph.mon.a.smithi113.stdout:Apr 22 07:05:28 smithi113 ceph-mon[27933]: from='mgr.14118 172.21.15.113:0/4006368748' entity='mgr.x' cmd=[{"prefix": "mgr metadata", "who": "x", "id": "x"}]: dispatch
2024-04-22T07:05:28.835 INFO:journalctl@ceph.mon.a.smithi113.stdout:Apr 22 07:05:28 smithi113 ceph-mon[27933]: from='mgr.14118 172.21.15.113:0/4006368748' entity='mgr.x' cmd=[{"prefix": "mds metadata"}]: dispatch
2024-04-22T07:05:28.835 INFO:journalctl@ceph.mon.a.smithi113.stdout:Apr 22 07:05:28 smithi113 ceph-mon[27933]: from='mgr.14118 172.21.15.113:0/4006368748' entity='mgr.x' cmd=[{"prefix": "osd metadata"}]: dispatch
2024-04-22T07:05:28.835 INFO:journalctl@ceph.mon.a.smithi113.stdout:Apr 22 07:05:28 smithi113 ceph-mon[27933]: from='mgr.14118 172.21.15.113:0/4006368748' entity='mgr.x' cmd=[{"prefix": "mon metadata"}]: dispatch
2024-04-22T07:05:28.835 INFO:journalctl@ceph.mon.a.smithi113.stdout:Apr 22 07:05:28 smithi113 ceph-mon[27933]: Manager daemon x is now available
2024-04-22T07:05:28.835 INFO:journalctl@ceph.mon.a.smithi113.stdout:Apr 22 07:05:28 smithi113 ceph-mon[27933]: from='mgr.14118 172.21.15.113:0/4006368748' entity='mgr.x'
2024-04-22T07:05:28.835 INFO:journalctl@ceph.mon.a.smithi113.stdout:Apr 22 07:05:28 smithi113 ceph-mon[27933]: from='mgr.14118 172.21.15.113:0/4006368748' entity='mgr.x'
2024-04-22T07:05:28.835 INFO:journalctl@ceph.mon.a.smithi113.stdout:Apr 22 07:05:28 smithi113 ceph-mon[27933]: from='mgr.14118 172.21.15.113:0/4006368748' entity='mgr.x' cmd=[{"prefix": "config dump", "format": "json"}]: dispatch
2024-04-22T07:05:28.835 INFO:journalctl@ceph.mon.a.smithi113.stdout:Apr 22 07:05:28 smithi113 ceph-mon[27933]: from='mgr.14118 172.21.15.113:0/4006368748' entity='mgr.x' cmd=[{"prefix": "config dump", "format": "json"}]: dispatch
2024-04-22T07:05:28.835 INFO:journalctl@ceph.mon.a.smithi113.stdout:Apr 22 07:05:28 smithi113 ceph-mon[27933]: from='mgr.14118 172.21.15.113:0/4006368748' entity='mgr.x' cmd=[{"prefix":"config rm","who":"mgr","name":"mgr/rbd_support/x/mirror_snapshot_schedule"}]: dispatch
2024-04-22T07:05:29.816 INFO:journalctl@ceph.mon.a.smithi113.stdout:Apr 22 07:05:29 smithi113 ceph-mon[27933]: Found migration_current of "None". Setting to last migration.
2024-04-22T07:05:29.816 INFO:journalctl@ceph.mon.a.smithi113.stdout:Apr 22 07:05:29 smithi113 ceph-mon[27933]: from='mgr.14118 172.21.15.113:0/4006368748' entity='mgr.x' cmd=[{"prefix":"config rm","who":"mgr","name":"mgr/rbd_support/x/trash_purge_schedule"}]: dispatch
2024-04-22T07:05:29.816 INFO:journalctl@ceph.mon.a.smithi113.stdout:Apr 22 07:05:29 smithi113 ceph-mon[27933]: mgrmap e7: x(active, since 1.00559s)
2024-04-22T07:05:30.062 INFO:teuthology.orchestra.run.smithi113.stdout:/usr/bin/ceph: stdout {
2024-04-22T07:05:30.062 INFO:teuthology.orchestra.run.smithi113.stdout:/usr/bin/ceph: stdout "mgrmap_epoch": 7,
2024-04-22T07:05:30.062 INFO:teuthology.orchestra.run.smithi113.stdout:/usr/bin/ceph: stdout "initialized": true
2024-04-22T07:05:30.062 INFO:teuthology.orchestra.run.smithi113.stdout:/usr/bin/ceph: stdout }
2024-04-22T07:05:30.063 INFO:teuthology.orchestra.run.smithi113.stdout:/usr/bin/ceph: stderr
2024-04-22T07:05:23.868+0000 7f0a9a8df700 1 Processor -- start
2024-04-22T07:05:30.063 INFO:teuthology.orchestra.run.smithi113.stdout:/usr/bin/ceph: stderr
2024-04-22T07:05:23.868+0000 7f0a9a8df700 1 -- start start
2024-04-22T07:05:30.063 INFO:teuthology.orchestra.run.smithi113.stdout:/usr/bin/ceph: stderr
2024-04-22T07:05:23.868+0000 7f0a9a8df700 1 --2- >> [v2:172.21.15.113:3300/0,v1:172.21.15.113:6789/0] conn(0x7f0a941091f0 0x7f0a9410b5e0 unknown :-1 s=NONE pgs=0 cs=0 l=0 rev1=0 crypto rx=0 tx=0 comp rx=0 tx=0).connect
2024-04-22T07:05:30.063 INFO:teuthology.orchestra.run.smithi113.stdout:/usr/bin/ceph: stderr
2024-04-22T07:05:23.868+0000 7f0a9a8df700 1 -- --> [v2:172.21.15.113:3300/0,v1:172.21.15.113:6789/0] -- mon_getmap magic: 0 -- 0x7f0a94063cc0 con 0x7f0a941091f0
2024-04-22T07:05:30.063 INFO:teuthology.orchestra.run.smithi113.stdout:/usr/bin/ceph: stderr
2024-04-22T07:05:23.869+0000 7f0a93fff700 1 --2- >> [v2:172.21.15.113:3300/0,v1:172.21.15.113:6789/0] conn(0x7f0a941091f0 0x7f0a9410b5e0 unknown :-1 s=BANNER_CONNECTING pgs=0 cs=0 l=0 rev1=0 crypto rx=0 tx=0 comp rx=0 tx=0)._handle_peer_banner_payload supported=3 required=0
2024-04-22T07:05:30.063 INFO:teuthology.orchestra.run.smithi113.stdout:/usr/bin/ceph: stderr
2024-04-22T07:05:23.869+0000 7f0a93fff700 1 --2- >> [v2:172.21.15.113:3300/0,v1:172.21.15.113:6789/0] conn(0x7f0a941091f0 0x7f0a9410b5e0 unknown :-1 s=HELLO_CONNECTING pgs=0 cs=0 l=0 rev1=1 crypto rx=0 tx=0 comp rx=0 tx=0).handle_hello peer v2:172.21.15.113:3300/0 says I am v2:172.21.15.113:48262/0 (socket says 172.21.15.113:48262)
2024-04-22T07:05:30.063 INFO:teuthology.orchestra.run.smithi113.stdout:/usr/bin/ceph: stderr
2024-04-22T07:05:23.869+0000 7f0a93fff700 1 -- 172.21.15.113:0/865411872 learned_addr learned my addr 172.21.15.113:0/865411872 (peer_addr_for_me v2:172.21.15.113:0/0)
2024-04-22T07:05:30.063 INFO:teuthology.orchestra.run.smithi113.stdout:/usr/bin/ceph: stderr
2024-04-22T07:05:23.869+0000 7f0a93fff700 1 -- 172.21.15.113:0/865411872 --> [v2:172.21.15.113:3300/0,v1:172.21.15.113:6789/0] -- mon_subscribe({config=0+,monmap=0+}) -- 0x7f0a9410bb20 con 0x7f0a941091f0
2024-04-22T07:05:30.063 INFO:teuthology.orchestra.run.smithi113.stdout:/usr/bin/ceph: stderr
2024-04-22T07:05:23.869+0000 7f0a93fff700 1 --2- 172.21.15.113:0/865411872 >> [v2:172.21.15.113:3300/0,v1:172.21.15.113:6789/0] conn(0x7f0a941091f0 0x7f0a9410b5e0 secure :-1 s=READY pgs=26 cs=0 l=1 rev1=1 crypto rx=0x7f0a840098a0 tx=0x7f0a84009bb0 comp rx=0 tx=0).ready entity=mon.0 client_cookie=4d77a4fa1e02f453 server_cookie=0 in_seq=0 out_seq=0
2024-04-22T07:05:30.063 INFO:teuthology.orchestra.run.smithi113.stdout:/usr/bin/ceph: stderr
2024-04-22T07:05:23.869+0000 7f0a92ffd700 1 -- 172.21.15.113:0/865411872 <== mon.0 v2:172.21.15.113:3300/0 1 ==== mon_map magic: 0 ==== 205+0+0 (secure 0 0 0) 0x7f0a84004160 con 0x7f0a941091f0
2024-04-22T07:05:30.063 INFO:teuthology.orchestra.run.smithi113.stdout:/usr/bin/ceph: stderr
2024-04-22T07:05:23.869+0000 7f0a92ffd700 1 -- 172.21.15.113:0/865411872 <== mon.0 v2:172.21.15.113:3300/0 2 ==== config(27 keys) ==== 1104+0+0 (secure 0 0 0) 0x7f0a84004300 con 0x7f0a941091f0
2024-04-22T07:05:30.063 INFO:teuthology.orchestra.run.smithi113.stdout:/usr/bin/ceph: stderr
2024-04-22T07:05:23.869+0000 7f0a92ffd700 1 -- 172.21.15.113:0/865411872 <== mon.0 v2:172.21.15.113:3300/0 3 ==== mon_map magic: 0 ==== 205+0+0 (secure 0 0 0) 0x7f0a84011b20 con 0x7f0a941091f0
2024-04-22T07:05:30.063 INFO:teuthology.orchestra.run.smithi113.stdout:/usr/bin/ceph: stderr
2024-04-22T07:05:23.870+0000 7f0a9a8df700 1 -- 172.21.15.113:0/865411872 >> [v2:172.21.15.113:3300/0,v1:172.21.15.113:6789/0] conn(0x7f0a941091f0 msgr2=0x7f0a9410b5e0 secure :-1 s=STATE_CONNECTION_ESTABLISHED l=1).mark_down
2024-04-22T07:05:30.064 INFO:teuthology.orchestra.run.smithi113.stdout:/usr/bin/ceph: stderr
2024-04-22T07:05:23.870+0000 7f0a9a8df700 1 --2- 172.21.15.113:0/865411872 >> [v2:172.21.15.113:3300/0,v1:172.21.15.113:6789/0] conn(0x7f0a941091f0 0x7f0a9410b5e0 secure :-1 s=READY pgs=26 cs=0 l=1 rev1=1 crypto rx=0x7f0a840098a0 tx=0x7f0a84009bb0 comp rx=0 tx=0).stop
2024-04-22T07:05:30.064 INFO:teuthology.orchestra.run.smithi113.stdout:/usr/bin/ceph: stderr
2024-04-22T07:05:23.870+0000 7f0a9a8df700 1 -- 172.21.15.113:0/865411872 shutdown_connections
2024-04-22T07:05:30.064 INFO:teuthology.orchestra.run.smithi113.stdout:/usr/bin/ceph: stderr
2024-04-22T07:05:23.870+0000 7f0a9a8df700 1 --2- 172.21.15.113:0/865411872 >> [v2:172.21.15.113:3300/0,v1:172.21.15.113:6789/0] conn(0x7f0a941091f0 0x7f0a9410b5e0 unknown :-1 s=CLOSED pgs=26 cs=0 l=1 rev1=1 crypto rx=0 tx=0 comp rx=0 tx=0).stop
2024-04-22T07:05:30.064 INFO:teuthology.orchestra.run.smithi113.stdout:/usr/bin/ceph: stderr
2024-04-22T07:05:23.870+0000 7f0a9a8df700 1 -- 172.21.15.113:0/865411872 >> 172.21.15.113:0/865411872 conn(0x7f0a94102c60 msgr2=0x7f0a94105080 unknown :-1 s=STATE_NONE l=0).mark_down
2024-04-22T07:05:30.064 INFO:teuthology.orchestra.run.smithi113.stdout:/usr/bin/ceph: stderr
2024-04-22T07:05:23.870+0000 7f0a9a8df700 1 -- 172.21.15.113:0/865411872 shutdown_connections
2024-04-22T07:05:30.064 INFO:teuthology.orchestra.run.smithi113.stdout:/usr/bin/ceph: stderr
2024-04-22T07:05:23.870+0000 7f0a9a8df700 1 -- 172.21.15.113:0/865411872 wait complete.
2024-04-22T07:05:30.064 INFO:teuthology.orchestra.run.smithi113.stdout:/usr/bin/ceph: stderr
2024-04-22T07:05:23.871+0000 7f0a9a8df700 1 Processor -- start
2024-04-22T07:05:30.064 INFO:teuthology.orchestra.run.smithi113.stdout:/usr/bin/ceph: stderr
2024-04-22T07:05:23.871+0000 7f0a9a8df700 1 -- start start
2024-04-22T07:05:30.064 INFO:teuthology.orchestra.run.smithi113.stdout:/usr/bin/ceph: stderr
2024-04-22T07:05:23.871+0000 7f0a9a8df700 1 --2- >> [v2:172.21.15.113:3300/0,v1:172.21.15.113:6789/0] conn(0x7f0a941091f0 0x7f0a94108a70 unknown :-1 s=NONE pgs=0 cs=0 l=1 rev1=0 crypto rx=0 tx=0 comp rx=0 tx=0).connect
2024-04-22T07:05:30.064 INFO:teuthology.orchestra.run.smithi113.stdout:/usr/bin/ceph: stderr
2024-04-22T07:05:23.871+0000 7f0a9a8df700 1 -- --> [v2:172.21.15.113:3300/0,v1:172.21.15.113:6789/0] -- mon_getmap magic: 0 -- 0x7f0a9410cae0 con 0x7f0a941091f0
2024-04-22T07:05:30.064 INFO:teuthology.orchestra.run.smithi113.stdout:/usr/bin/ceph: stderr
2024-04-22T07:05:23.871+0000 7f0a93fff700 1 --2- >> [v2:172.21.15.113:3300/0,v1:172.21.15.113:6789/0] conn(0x7f0a941091f0 0x7f0a94108a70 unknown :-1 s=BANNER_CONNECTING pgs=0 cs=0 l=1 rev1=0 crypto rx=0 tx=0 comp rx=0 tx=0)._handle_peer_banner_payload supported=3 required=0
2024-04-22T07:05:30.064 INFO:teuthology.orchestra.run.smithi113.stdout:/usr/bin/ceph: stderr
2024-04-22T07:05:23.871+0000 7f0a93fff700 1 --2- >> [v2:172.21.15.113:3300/0,v1:172.21.15.113:6789/0] conn(0x7f0a941091f0 0x7f0a94108a70 unknown :-1 s=HELLO_CONNECTING pgs=0 cs=0 l=1 rev1=1 crypto rx=0 tx=0 comp rx=0 tx=0).handle_hello peer v2:172.21.15.113:3300/0 says I am v2:172.21.15.113:48272/0 (socket says 172.21.15.113:48272)
2024-04-22T07:05:30.064 INFO:teuthology.orchestra.run.smithi113.stdout:/usr/bin/ceph: stderr
2024-04-22T07:05:23.871+0000 7f0a93fff700 1 -- 172.21.15.113:0/3330956876 learned_addr learned my addr 172.21.15.113:0/3330956876 (peer_addr_for_me v2:172.21.15.113:0/0)
2024-04-22T07:05:30.065 INFO:teuthology.orchestra.run.smithi113.stdout:/usr/bin/ceph: stderr
2024-04-22T07:05:23.871+0000 7f0a93fff700 1 -- 172.21.15.113:0/3330956876 --> [v2:172.21.15.113:3300/0,v1:172.21.15.113:6789/0] -- mon_subscribe({config=0+,monmap=0+}) -- 0x7f0a94108fb0 con 0x7f0a941091f0
2024-04-22T07:05:30.065 INFO:teuthology.orchestra.run.smithi113.stdout:/usr/bin/ceph: stderr
2024-04-22T07:05:23.872+0000 7f0a93fff700 1 --2- 172.21.15.113:0/3330956876 >> [v2:172.21.15.113:3300/0,v1:172.21.15.113:6789/0] conn(0x7f0a941091f0 0x7f0a94108a70 secure :-1 s=READY pgs=27 cs=0 l=1 rev1=1 crypto rx=0x7f0a840116a0 tx=0x7f0a84011ce0 comp rx=0 tx=0).ready entity=mon.0 client_cookie=0 server_cookie=0 in_seq=0 out_seq=0
2024-04-22T07:05:30.065 INFO:teuthology.orchestra.run.smithi113.stdout:/usr/bin/ceph: stderr
2024-04-22T07:05:23.872+0000 7f0a917fa700 1 -- 172.21.15.113:0/3330956876 <== mon.0 v2:172.21.15.113:3300/0 1 ==== mon_map magic: 0 ==== 205+0+0 (secure 0 0 0) 0x7f0a84003ab0 con 0x7f0a941091f0
2024-04-22T07:05:30.065 INFO:teuthology.orchestra.run.smithi113.stdout:/usr/bin/ceph: stderr
2024-04-22T07:05:23.872+0000 7f0a9a8df700 1 -- 172.21.15.113:0/3330956876 --> [v2:172.21.15.113:3300/0,v1:172.21.15.113:6789/0] -- mon_subscribe({mgrmap=0+}) -- 0x7f0a941071a0 con 0x7f0a941091f0
2024-04-22T07:05:30.065 INFO:teuthology.orchestra.run.smithi113.stdout:/usr/bin/ceph: stderr
2024-04-22T07:05:23.872+0000 7f0a917fa700 1 -- 172.21.15.113:0/3330956876 <== mon.0 v2:172.21.15.113:3300/0 2 ==== config(27 keys) ==== 1104+0+0 (secure 0 0 0) 0x7f0a84003c50 con 0x7f0a941091f0
2024-04-22T07:05:30.065 INFO:teuthology.orchestra.run.smithi113.stdout:/usr/bin/ceph: stderr
2024-04-22T07:05:23.872+0000 7f0a917fa700 1 -- 172.21.15.113:0/3330956876 <== mon.0 v2:172.21.15.113:3300/0 3 ==== mon_map magic: 0 ==== 205+0+0 (secure 0 0 0) 0x7f0a84019870 con 0x7f0a941091f0
2024-04-22T07:05:30.065 INFO:teuthology.orchestra.run.smithi113.stdout:/usr/bin/ceph: stderr
2024-04-22T07:05:23.872+0000 7f0a9a8df700 1 -- 172.21.15.113:0/3330956876 --> [v2:172.21.15.113:3300/0,v1:172.21.15.113:6789/0] -- mon_subscribe({osdmap=0}) -- 0x7f0a94107660 con 0x7f0a941091f0
2024-04-22T07:05:30.065 INFO:teuthology.orchestra.run.smithi113.stdout:/usr/bin/ceph: stderr
2024-04-22T07:05:23.873+0000 7f0a917fa700 1 -- 172.21.15.113:0/3330956876 <== mon.0 v2:172.21.15.113:3300/0 4 ==== mgrmap(e 5) ==== 46558+0+0 (secure 0 0 0) 0x7f0a84019b30 con 0x7f0a941091f0
2024-04-22T07:05:30.065 INFO:teuthology.orchestra.run.smithi113.stdout:/usr/bin/ceph: stderr
2024-04-22T07:05:23.873+0000 7f0a917fa700 1 --2- 172.21.15.113:0/3330956876 >> [v2:172.21.15.113:6800/1303444723,v1:172.21.15.113:6801/1303444723] conn(0x7f0a7c039560 0x7f0a7c03ba20 unknown :-1 s=NONE pgs=0 cs=0 l=1 rev1=0 crypto rx=0 tx=0 comp rx=0 tx=0).connect
2024-04-22T07:05:30.065 INFO:teuthology.orchestra.run.smithi113.stdout:/usr/bin/ceph: stderr
2024-04-22T07:05:23.873+0000 7f0a917fa700 1 -- 172.21.15.113:0/3330956876 --> [v2:172.21.15.113:6800/1303444723,v1:172.21.15.113:6801/1303444723] -- command(tid 0: {"prefix": "get_command_descriptions"}) -- 0x7f0a7c03c130 con 0x7f0a7c039560
2024-04-22T07:05:30.065 INFO:teuthology.orchestra.run.smithi113.stdout:/usr/bin/ceph: stderr
2024-04-22T07:05:23.873+0000 7f0a917fa700 1 -- 172.21.15.113:0/3330956876 <== mon.0 v2:172.21.15.113:3300/0 5 ==== osd_map(1..1 src has 1..1) ==== 725+0+0 (secure 0 0 0) 0x7f0a8404dca0 con 0x7f0a941091f0
2024-04-22T07:05:30.065 INFO:teuthology.orchestra.run.smithi113.stdout:/usr/bin/ceph: stderr
2024-04-22T07:05:23.873+0000 7f0a937fe700 1 -- 172.21.15.113:0/3330956876 >> [v2:172.21.15.113:6800/1303444723,v1:172.21.15.113:6801/1303444723] conn(0x7f0a7c039560 msgr2=0x7f0a7c03ba20 unknown :-1 s=STATE_CONNECTING_RE l=1).process reconnect failed to v2:172.21.15.113:6800/1303444723
2024-04-22T07:05:30.065 INFO:teuthology.orchestra.run.smithi113.stdout:/usr/bin/ceph: stderr
2024-04-22T07:05:23.873+0000 7f0a937fe700 1 --2- 172.21.15.113:0/3330956876 >> [v2:172.21.15.113:6800/1303444723,v1:172.21.15.113:6801/1303444723] conn(0x7f0a7c039560 0x7f0a7c03ba20 unknown :-1 s=START_CONNECT pgs=0 cs=0 l=1 rev1=0 crypto rx=0 tx=0 comp rx=0 tx=0)._fault waiting 0.200000
2024-04-22T07:05:30.066 INFO:teuthology.orchestra.run.smithi113.stdout:/usr/bin/ceph: stderr
2024-04-22T07:05:24.074+0000 7f0a937fe700 1 -- 172.21.15.113:0/3330956876 >> [v2:172.21.15.113:6800/1303444723,v1:172.21.15.113:6801/1303444723] conn(0x7f0a7c039560 msgr2=0x7f0a7c03ba20 unknown :-1 s=STATE_CONNECTING_RE l=1).process reconnect failed to v2:172.21.15.113:6800/1303444723
2024-04-22T07:05:30.066 INFO:teuthology.orchestra.run.smithi113.stdout:/usr/bin/ceph: stderr
2024-04-22T07:05:24.074+0000 7f0a937fe700 1 --2- 172.21.15.113:0/3330956876 >> [v2:172.21.15.113:6800/1303444723,v1:172.21.15.113:6801/1303444723] conn(0x7f0a7c039560 0x7f0a7c03ba20 unknown :-1 s=START_CONNECT pgs=0 cs=0 l=1 rev1=0 crypto rx=0 tx=0 comp rx=0 tx=0)._fault waiting 0.400000
2024-04-22T07:05:30.066 INFO:teuthology.orchestra.run.smithi113.stdout:/usr/bin/ceph: stderr
2024-04-22T07:05:24.475+0000 7f0a937fe700 1 -- 172.21.15.113:0/3330956876 >> [v2:172.21.15.113:6800/1303444723,v1:172.21.15.113:6801/1303444723] conn(0x7f0a7c039560 msgr2=0x7f0a7c03ba20 unknown :-1 s=STATE_CONNECTING_RE l=1).process reconnect failed to v2:172.21.15.113:6800/1303444723
2024-04-22T07:05:30.066 INFO:teuthology.orchestra.run.smithi113.stdout:/usr/bin/ceph: stderr
2024-04-22T07:05:24.475+0000 7f0a937fe700 1 --2- 172.21.15.113:0/3330956876 >> [v2:172.21.15.113:6800/1303444723,v1:172.21.15.113:6801/1303444723] conn(0x7f0a7c039560 0x7f0a7c03ba20 unknown :-1 s=START_CONNECT pgs=0 cs=0 l=1 rev1=0 crypto rx=0 tx=0 comp rx=0 tx=0)._fault waiting 0.800000
2024-04-22T07:05:30.066 INFO:teuthology.orchestra.run.smithi113.stdout:/usr/bin/ceph: stderr
2024-04-22T07:05:25.276+0000 7f0a937fe700 1 -- 172.21.15.113:0/3330956876 >> [v2:172.21.15.113:6800/1303444723,v1:172.21.15.113:6801/1303444723] conn(0x7f0a7c039560 msgr2=0x7f0a7c03ba20 unknown :-1 s=STATE_CONNECTING_RE l=1).process reconnect failed to v2:172.21.15.113:6800/1303444723
2024-04-22T07:05:30.066 INFO:teuthology.orchestra.run.smithi113.stdout:/usr/bin/ceph: stderr
2024-04-22T07:05:25.276+0000 7f0a937fe700 1 --2- 172.21.15.113:0/3330956876 >> [v2:172.21.15.113:6800/1303444723,v1:172.21.15.113:6801/1303444723] conn(0x7f0a7c039560 0x7f0a7c03ba20 unknown :-1 s=START_CONNECT pgs=0 cs=0 l=1 rev1=0 crypto rx=0 tx=0 comp rx=0 tx=0)._fault waiting 1.600000
2024-04-22T07:05:30.066 INFO:teuthology.orchestra.run.smithi113.stdout:/usr/bin/ceph: stderr
2024-04-22T07:05:26.877+0000 7f0a937fe700 1 -- 172.21.15.113:0/3330956876 >> [v2:172.21.15.113:6800/1303444723,v1:172.21.15.113:6801/1303444723] conn(0x7f0a7c039560 msgr2=0x7f0a7c03ba20 unknown :-1 s=STATE_CONNECTING_RE l=1).process reconnect failed to v2:172.21.15.113:6800/1303444723
2024-04-22T07:05:30.066 INFO:teuthology.orchestra.run.smithi113.stdout:/usr/bin/ceph: stderr
2024-04-22T07:05:26.877+0000 7f0a937fe700 1 --2- 172.21.15.113:0/3330956876 >> [v2:172.21.15.113:6800/1303444723,v1:172.21.15.113:6801/1303444723] conn(0x7f0a7c039560 0x7f0a7c03ba20 unknown :-1 s=START_CONNECT pgs=0 cs=0 l=1 rev1=0 crypto rx=0 tx=0 comp rx=0 tx=0)._fault waiting 3.200000
2024-04-22T07:05:30.066 INFO:teuthology.orchestra.run.smithi113.stdout:/usr/bin/ceph: stderr
2024-04-22T07:05:28.461+0000 7f0a917fa700 1 -- 172.21.15.113:0/3330956876 <== mon.0 v2:172.21.15.113:3300/0 6 ==== mgrmap(e 6) ==== 46325+0+0 (secure 0 0 0) 0x7f0a8402dcd0 con 0x7f0a941091f0
2024-04-22T07:05:30.066 INFO:teuthology.orchestra.run.smithi113.stdout:/usr/bin/ceph: stderr
2024-04-22T07:05:28.461+0000 7f0a917fa700 1 -- 172.21.15.113:0/3330956876 >> [v2:172.21.15.113:6800/1303444723,v1:172.21.15.113:6801/1303444723] conn(0x7f0a7c039560 msgr2=0x7f0a7c03ba20 unknown :-1 s=STATE_CONNECTING l=1).mark_down
2024-04-22T07:05:30.066 INFO:teuthology.orchestra.run.smithi113.stdout:/usr/bin/ceph: stderr
2024-04-22T07:05:28.461+0000 7f0a917fa700 1 --2- 172.21.15.113:0/3330956876 >> [v2:172.21.15.113:6800/1303444723,v1:172.21.15.113:6801/1303444723] conn(0x7f0a7c039560 0x7f0a7c03ba20 unknown :-1 s=START_CONNECT pgs=0 cs=0 l=1 rev1=0 crypto rx=0 tx=0 comp rx=0 tx=0).stop
2024-04-22T07:05:30.066 INFO:teuthology.orchestra.run.smithi113.stdout:/usr/bin/ceph: stderr
2024-04-22T07:05:29.462+0000 7f0a917fa700 1 -- 172.21.15.113:0/3330956876 <== mon.0 v2:172.21.15.113:3300/0 7 ==== mgrmap(e 7) ==== 46452+0+0 (secure 0 0 0) 0x7f0a8404f620 con 0x7f0a941091f0
2024-04-22T07:05:30.066 INFO:teuthology.orchestra.run.smithi113.stdout:/usr/bin/ceph: stderr
2024-04-22T07:05:29.462+0000 7f0a917fa700 1 --2- 172.21.15.113:0/3330956876 >> [v2:172.21.15.113:6800/1807162111,v1:172.21.15.113:6801/1807162111] conn(0x7f0a7c03ce50 0x7f0a7c03f240 unknown :-1 s=NONE pgs=0 cs=0 l=1 rev1=0 crypto rx=0 tx=0 comp rx=0 tx=0).connect
2024-04-22T07:05:30.067 INFO:teuthology.orchestra.run.smithi113.stdout:/usr/bin/ceph: stderr
2024-04-22T07:05:29.462+0000 7f0a917fa700 1 -- 172.21.15.113:0/3330956876 --> [v2:172.21.15.113:6800/1807162111,v1:172.21.15.113:6801/1807162111] -- command(tid 0: {"prefix": "get_command_descriptions"}) -- 0x7f0a8401fec0 con 0x7f0a7c03ce50
2024-04-22T07:05:30.067 INFO:teuthology.orchestra.run.smithi113.stdout:/usr/bin/ceph: stderr
2024-04-22T07:05:29.463+0000 7f0a937fe700 1 --2- 172.21.15.113:0/3330956876 >> [v2:172.21.15.113:6800/1807162111,v1:172.21.15.113:6801/1807162111] conn(0x7f0a7c03ce50 0x7f0a7c03f240 unknown :-1 s=BANNER_CONNECTING pgs=0 cs=0 l=1 rev1=0 crypto rx=0 tx=0 comp rx=0 tx=0)._handle_peer_banner_payload supported=3 required=0
2024-04-22T07:05:30.067 INFO:teuthology.orchestra.run.smithi113.stdout:/usr/bin/ceph: stderr
2024-04-22T07:05:29.464+0000 7f0a937fe700 1 --2- 172.21.15.113:0/3330956876 >> [v2:172.21.15.113:6800/1807162111,v1:172.21.15.113:6801/1807162111] conn(0x7f0a7c03ce50 0x7f0a7c03f240 secure :-1 s=READY pgs=3 cs=0 l=1 rev1=1 crypto rx=0x7f0a88003a10 tx=0x7f0a88009290 comp rx=0 tx=0).ready entity=mgr.14118 client_cookie=0 server_cookie=0 in_seq=0 out_seq=0
2024-04-22T07:05:30.067 INFO:teuthology.orchestra.run.smithi113.stdout:/usr/bin/ceph: stderr
2024-04-22T07:05:29.464+0000 7f0a917fa700 1 -- 172.21.15.113:0/3330956876 <== mgr.14118 v2:172.21.15.113:6800/1807162111 1 ==== command_reply(tid 0: 0 ) ==== 8+0+7774 (secure 0 0 0) 0x7f0a8401fec0 con 0x7f0a7c03ce50
2024-04-22T07:05:30.067 INFO:teuthology.orchestra.run.smithi113.stdout:/usr/bin/ceph: stderr
2024-04-22T07:05:29.471+0000 7f0a9a8df700 1 -- 172.21.15.113:0/3330956876 --> [v2:172.21.15.113:6800/1807162111,v1:172.21.15.113:6801/1807162111] -- command(tid 1: {"prefix": "mgr_status"}) -- 0x7f0a940681b0 con 0x7f0a7c03ce50
2024-04-22T07:05:30.067 INFO:teuthology.orchestra.run.smithi113.stdout:/usr/bin/ceph: stderr
2024-04-22T07:05:29.471+0000 7f0a917fa700 1 -- 172.21.15.113:0/3330956876 <== mgr.14118 v2:172.21.15.113:6800/1807162111 2 ==== command_reply(tid 1: 0 ) ==== 8+0+51 (secure 0 0 0) 0x7f0a940681b0 con 0x7f0a7c03ce50
2024-04-22T07:05:30.067 INFO:teuthology.orchestra.run.smithi113.stdout:/usr/bin/ceph: stderr
2024-04-22T07:05:29.471+0000 7f0a9a8df700 1 -- 172.21.15.113:0/3330956876 >> [v2:172.21.15.113:6800/1807162111,v1:172.21.15.113:6801/1807162111] conn(0x7f0a7c03ce50 msgr2=0x7f0a7c03f240 secure :-1 s=STATE_CONNECTION_ESTABLISHED l=1).mark_down
2024-04-22T07:05:30.067 INFO:teuthology.orchestra.run.smithi113.stdout:/usr/bin/ceph: stderr
2024-04-22T07:05:29.471+0000 7f0a9a8df700 1 --2- 172.21.15.113:0/3330956876 >> [v2:172.21.15.113:6800/1807162111,v1:172.21.15.113:6801/1807162111] conn(0x7f0a7c03ce50 0x7f0a7c03f240 secure :-1 s=READY pgs=3 cs=0 l=1 rev1=1 crypto rx=0x7f0a88003a10 tx=0x7f0a88009290 comp rx=0 tx=0).stop
2024-04-22T07:05:30.067 INFO:teuthology.orchestra.run.smithi113.stdout:/usr/bin/ceph: stderr
2024-04-22T07:05:29.471+0000 7f0a9a8df700 1 -- 172.21.15.113:0/3330956876 >> [v2:172.21.15.113:3300/0,v1:172.21.15.113:6789/0] conn(0x7f0a941091f0 msgr2=0x7f0a94108a70 secure :-1 s=STATE_CONNECTION_ESTABLISHED l=1).mark_down
2024-04-22T07:05:30.067 INFO:teuthology.orchestra.run.smithi113.stdout:/usr/bin/ceph: stderr
2024-04-22T07:05:29.471+0000 7f0a9a8df700 1 --2- 172.21.15.113:0/3330956876 >> [v2:172.21.15.113:3300/0,v1:172.21.15.113:6789/0] conn(0x7f0a941091f0 0x7f0a94108a70 secure :-1 s=READY pgs=27 cs=0 l=1 rev1=1 crypto rx=0x7f0a840116a0 tx=0x7f0a84011ce0 comp rx=0 tx=0).stop
2024-04-22T07:05:30.067 INFO:teuthology.orchestra.run.smithi113.stdout:/usr/bin/ceph: stderr
2024-04-22T07:05:29.471+0000 7f0a9a8df700 1 -- 172.21.15.113:0/3330956876 shutdown_connections
2024-04-22T07:05:30.067 INFO:teuthology.orchestra.run.smithi113.stdout:/usr/bin/ceph: stderr
2024-04-22T07:05:29.471+0000 7f0a9a8df700 1 --2- 172.21.15.113:0/3330956876 >> [v2:172.21.15.113:6800/1807162111,v1:172.21.15.113:6801/1807162111] conn(0x7f0a7c03ce50 0x7f0a7c03f240 unknown :-1 s=CLOSED pgs=3 cs=0 l=1 rev1=1 crypto rx=0 tx=0 comp rx=0 tx=0).stop
2024-04-22T07:05:30.067 INFO:teuthology.orchestra.run.smithi113.stdout:/usr/bin/ceph: stderr
2024-04-22T07:05:29.471+0000 7f0a9a8df700 1 --2- 172.21.15.113:0/3330956876 >> [v2:172.21.15.113:3300/0,v1:172.21.15.113:6789/0] conn(0x7f0a941091f0 0x7f0a94108a70 unknown :-1 s=CLOSED pgs=27 cs=0 l=1 rev1=1 crypto rx=0 tx=0 comp rx=0 tx=0).stop
2024-04-22T07:05:30.067 INFO:teuthology.orchestra.run.smithi113.stdout:/usr/bin/ceph: stderr
2024-04-22T07:05:29.471+0000 7f0a9a8df700 1 --2- 172.21.15.113:0/3330956876 >> [v2:172.21.15.113:6800/1303444723,v1:172.21.15.113:6801/1303444723] conn(0x7f0a7c039560 0x7f0a7c03ba20 unknown :-1 s=CLOSED pgs=0 cs=0 l=1 rev1=0 crypto rx=0 tx=0 comp rx=0 tx=0).stop
2024-04-22T07:05:30.068 INFO:teuthology.orchestra.run.smithi113.stdout:/usr/bin/ceph: stderr
2024-04-22T07:05:29.471+0000 7f0a9a8df700 1 -- 172.21.15.113:0/3330956876 >> 172.21.15.113:0/3330956876 conn(0x7f0a94102c60 msgr2=0x7f0a94103730 unknown :-1 s=STATE_NONE l=0).mark_down
2024-04-22T07:05:30.068 INFO:teuthology.orchestra.run.smithi113.stdout:/usr/bin/ceph: stderr
2024-04-22T07:05:29.471+0000 7f0a9a8df700 1 -- 172.21.15.113:0/3330956876 shutdown_connections
2024-04-22T07:05:30.068 INFO:teuthology.orchestra.run.smithi113.stdout:/usr/bin/ceph: stderr
2024-04-22T07:05:29.471+0000 7f0a9a8df700 1 -- 172.21.15.113:0/3330956876 wait complete.
2024-04-22T07:05:30.068 INFO:teuthology.orchestra.run.smithi113.stdout:mgr epoch 5 is available
2024-04-22T07:05:30.068 INFO:teuthology.orchestra.run.smithi113.stdout:Setting orchestrator backend to cephadm...
2024-04-22T07:05:30.719 INFO:journalctl@ceph.mon.a.smithi113.stdout:Apr 22 07:05:30 smithi113 ceph-mon[27933]: from='client.14122 -' entity='client.admin' cmd=[{"prefix": "get_command_descriptions"}]: dispatch
2024-04-22T07:05:30.719 INFO:journalctl@ceph.mon.a.smithi113.stdout:Apr 22 07:05:30 smithi113 ceph-mon[27933]: from='client.14122 -' entity='client.admin' cmd=[{"prefix": "mgr_status"}]: dispatch
2024-04-22T07:05:30.719 INFO:journalctl@ceph.mon.a.smithi113.stdout:Apr 22 07:05:30 smithi113 ceph-mon[27933]: from='mgr.14118 172.21.15.113:0/4006368748' entity='mgr.x'
2024-04-22T07:05:30.719 INFO:journalctl@ceph.mon.a.smithi113.stdout:Apr 22 07:05:30 smithi113 ceph-mon[27933]: from='mgr.14118 172.21.15.113:0/4006368748' entity='mgr.x'
2024-04-22T07:05:30.719 INFO:journalctl@ceph.mon.a.smithi113.stdout:Apr 22 07:05:30 smithi113 ceph-mon[27933]: from='mgr.14118 172.21.15.113:0/4006368748' entity='mgr.x' cmd=[{"prefix": "config dump", "format": "json"}]: dispatch
2024-04-22T07:05:31.213 INFO:teuthology.orchestra.run.smithi113.stdout:/usr/bin/ceph: stderr
2024-04-22T07:05:30.488+0000 7fa9a177f700 1 Processor -- start
2024-04-22T07:05:31.213 INFO:teuthology.orchestra.run.smithi113.stdout:/usr/bin/ceph: stderr
2024-04-22T07:05:30.488+0000 7fa9a177f700 1 -- start start
2024-04-22T07:05:31.213 INFO:teuthology.orchestra.run.smithi113.stdout:/usr/bin/ceph: stderr
2024-04-22T07:05:30.488+0000 7fa9a177f700 1 --2- >> [v2:172.21.15.113:3300/0,v1:172.21.15.113:6789/0] conn(0x7fa99c07ee50 0x7fa99c07d300 unknown :-1 s=NONE pgs=0 cs=0 l=0 rev1=0 crypto rx=0 tx=0 comp rx=0 tx=0).connect
2024-04-22T07:05:31.213 INFO:teuthology.orchestra.run.smithi113.stdout:/usr/bin/ceph: stderr
2024-04-22T07:05:30.488+0000 7fa9a177f700 1 -- --> [v2:172.21.15.113:3300/0,v1:172.21.15.113:6789/0] -- mon_getmap magic: 0 -- 0x7fa99c07d8d0 con 0x7fa99c07ee50
2024-04-22T07:05:31.213 INFO:teuthology.orchestra.run.smithi113.stdout:/usr/bin/ceph: stderr
2024-04-22T07:05:30.488+0000 7fa99affd700 1 --2- >> [v2:172.21.15.113:3300/0,v1:172.21.15.113:6789/0] conn(0x7fa99c07ee50 0x7fa99c07d300 unknown :-1 s=BANNER_CONNECTING pgs=0 cs=0 l=0 rev1=0 crypto rx=0 tx=0 comp rx=0 tx=0)._handle_peer_banner_payload supported=3 required=0
2024-04-22T07:05:31.214 INFO:teuthology.orchestra.run.smithi113.stdout:/usr/bin/ceph: stderr
2024-04-22T07:05:30.488+0000 7fa99affd700 1 --2- >> [v2:172.21.15.113:3300/0,v1:172.21.15.113:6789/0] conn(0x7fa99c07ee50 0x7fa99c07d300 unknown :-1 s=HELLO_CONNECTING pgs=0 cs=0 l=0 rev1=1 crypto rx=0 tx=0 comp rx=0 tx=0).handle_hello peer v2:172.21.15.113:3300/0 says I am v2:172.21.15.113:40096/0 (socket says 172.21.15.113:40096)
2024-04-22T07:05:31.214 INFO:teuthology.orchestra.run.smithi113.stdout:/usr/bin/ceph: stderr
2024-04-22T07:05:30.488+0000 7fa99affd700 1 -- 172.21.15.113:0/3298896623 learned_addr learned my addr 172.21.15.113:0/3298896623 (peer_addr_for_me v2:172.21.15.113:0/0)
2024-04-22T07:05:31.214 INFO:teuthology.orchestra.run.smithi113.stdout:/usr/bin/ceph: stderr
2024-04-22T07:05:30.488+0000 7fa99affd700 1 -- 172.21.15.113:0/3298896623 --> [v2:172.21.15.113:3300/0,v1:172.21.15.113:6789/0] -- mon_subscribe({config=0+,monmap=0+}) -- 0x7fa99c07da50 con 0x7fa99c07ee50
2024-04-22T07:05:31.214 INFO:teuthology.orchestra.run.smithi113.stdout:/usr/bin/ceph: stderr
2024-04-22T07:05:30.488+0000 7fa99affd700 1 --2- 172.21.15.113:0/3298896623 >> [v2:172.21.15.113:3300/0,v1:172.21.15.113:6789/0] conn(0x7fa99c07ee50 0x7fa99c07d300 secure :-1 s=READY pgs=35 cs=0 l=1 rev1=1 crypto rx=0x7fa98c0098a0 tx=0x7fa98c009bb0 comp rx=0 tx=0).ready entity=mon.0 client_cookie=bf7839f9de6f888 server_cookie=0 in_seq=0 out_seq=0
2024-04-22T07:05:31.214 INFO:teuthology.orchestra.run.smithi113.stdout:/usr/bin/ceph: stderr
2024-04-22T07:05:30.489+0000 7fa999ffb700 1 -- 172.21.15.113:0/3298896623 <== mon.0 v2:172.21.15.113:3300/0 1 ==== mon_map magic: 0 ==== 205+0+0 (secure 0 0 0) 0x7fa98c004160 con 0x7fa99c07ee50
2024-04-22T07:05:31.214 INFO:teuthology.orchestra.run.smithi113.stdout:/usr/bin/ceph: stderr
2024-04-22T07:05:30.489+0000 7fa999ffb700 1 -- 172.21.15.113:0/3298896623 <== mon.0 v2:172.21.15.113:3300/0 2 ==== config(27 keys) ==== 1104+0+0 (secure 0 0 0) 0x7fa98c004300 con 0x7fa99c07ee50
2024-04-22T07:05:31.214 INFO:teuthology.orchestra.run.smithi113.stdout:/usr/bin/ceph: stderr
2024-04-22T07:05:30.489+0000 7fa999ffb700 1 -- 172.21.15.113:0/3298896623 <== mon.0 v2:172.21.15.113:3300/0 3 ==== mon_map magic: 0 ==== 205+0+0 (secure 0 0 0) 0x7fa98c011b20 con 0x7fa99c07ee50
2024-04-22T07:05:31.214 INFO:teuthology.orchestra.run.smithi113.stdout:/usr/bin/ceph: stderr
2024-04-22T07:05:30.489+0000 7fa9a177f700 1 -- 172.21.15.113:0/3298896623 >> [v2:172.21.15.113:3300/0,v1:172.21.15.113:6789/0] conn(0x7fa99c07ee50 msgr2=0x7fa99c07d300 secure :-1 s=STATE_CONNECTION_ESTABLISHED l=1).mark_down
2024-04-22T07:05:31.214 INFO:teuthology.orchestra.run.smithi113.stdout:/usr/bin/ceph: stderr
2024-04-22T07:05:30.489+0000 7fa9a177f700 1 --2- 172.21.15.113:0/3298896623 >> [v2:172.21.15.113:3300/0,v1:172.21.15.113:6789/0] conn(0x7fa99c07ee50 0x7fa99c07d300 secure :-1 s=READY pgs=35 cs=0 l=1 rev1=1 crypto rx=0x7fa98c0098a0 tx=0x7fa98c009bb0 comp rx=0 tx=0).stop
2024-04-22T07:05:31.214 INFO:teuthology.orchestra.run.smithi113.stdout:/usr/bin/ceph: stderr
2024-04-22T07:05:30.489+0000 7fa9a177f700 1 -- 172.21.15.113:0/3298896623 shutdown_connections
2024-04-22T07:05:31.214 INFO:teuthology.orchestra.run.smithi113.stdout:/usr/bin/ceph: stderr
2024-04-22T07:05:30.489+0000 7fa9a177f700 1 --2- 172.21.15.113:0/3298896623 >> [v2:172.21.15.113:3300/0,v1:172.21.15.113:6789/0] conn(0x7fa99c07ee50 0x7fa99c07d300 unknown :-1 s=CLOSED pgs=35 cs=0 l=1 rev1=1 crypto rx=0 tx=0 comp rx=0 tx=0).stop
2024-04-22T07:05:31.214 INFO:teuthology.orchestra.run.smithi113.stdout:/usr/bin/ceph: stderr
2024-04-22T07:05:30.489+0000 7fa9a177f700 1 -- 172.21.15.113:0/3298896623 >> 172.21.15.113:0/3298896623 conn(0x7fa99c103df0 msgr2=0x7fa99c106210 unknown :-1 s=STATE_NONE l=0).mark_down
2024-04-22T07:05:31.214 INFO:teuthology.orchestra.run.smithi113.stdout:/usr/bin/ceph: stderr
2024-04-22T07:05:30.489+0000 7fa9a177f700 1 -- 172.21.15.113:0/3298896623 shutdown_connections
2024-04-22T07:05:31.215 INFO:teuthology.orchestra.run.smithi113.stdout:/usr/bin/ceph: stderr
2024-04-22T07:05:30.489+0000 7fa9a177f700 1 -- 172.21.15.113:0/3298896623 wait complete.
2024-04-22T07:05:31.215 INFO:teuthology.orchestra.run.smithi113.stdout:/usr/bin/ceph: stderr
2024-04-22T07:05:30.490+0000 7fa9a177f700 1 Processor -- start
2024-04-22T07:05:31.215 INFO:teuthology.orchestra.run.smithi113.stdout:/usr/bin/ceph: stderr
2024-04-22T07:05:30.490+0000 7fa9a177f700 1 -- start start
2024-04-22T07:05:31.215 INFO:teuthology.orchestra.run.smithi113.stdout:/usr/bin/ceph: stderr
2024-04-22T07:05:30.490+0000 7fa9a177f700 1 --2- >> [v2:172.21.15.113:3300/0,v1:172.21.15.113:6789/0] conn(0x7fa99c07ee50 0x7fa99c19e8b0 unknown :-1 s=NONE pgs=0 cs=0 l=1 rev1=0 crypto rx=0 tx=0 comp rx=0 tx=0).connect
2024-04-22T07:05:31.215 INFO:teuthology.orchestra.run.smithi113.stdout:/usr/bin/ceph: stderr
2024-04-22T07:05:30.490+0000 7fa9a177f700 1 -- --> [v2:172.21.15.113:3300/0,v1:172.21.15.113:6789/0] -- mon_getmap magic: 0 -- 0x7fa99c10ed60 con 0x7fa99c07ee50
2024-04-22T07:05:31.215 INFO:teuthology.orchestra.run.smithi113.stdout:/usr/bin/ceph: stderr
2024-04-22T07:05:30.490+0000 7fa99affd700 1 --2- >> [v2:172.21.15.113:3300/0,v1:172.21.15.113:6789/0] conn(0x7fa99c07ee50 0x7fa99c19e8b0 unknown :-1 s=BANNER_CONNECTING pgs=0 cs=0 l=1 rev1=0 crypto rx=0 tx=0 comp rx=0 tx=0)._handle_peer_banner_payload supported=3 required=0
2024-04-22T07:05:31.215 INFO:teuthology.orchestra.run.smithi113.stdout:/usr/bin/ceph: stderr
2024-04-22T07:05:30.490+0000 7fa99affd700 1 --2- >> [v2:172.21.15.113:3300/0,v1:172.21.15.113:6789/0] conn(0x7fa99c07ee50 0x7fa99c19e8b0 unknown :-1 s=HELLO_CONNECTING pgs=0 cs=0 l=1 rev1=1 crypto rx=0 tx=0 comp rx=0 tx=0).handle_hello peer v2:172.21.15.113:3300/0 says I am v2:172.21.15.113:40108/0 (socket says 172.21.15.113:40108)
2024-04-22T07:05:31.215 INFO:teuthology.orchestra.run.smithi113.stdout:/usr/bin/ceph: stderr
2024-04-22T07:05:30.490+0000 7fa99affd700 1 -- 172.21.15.113:0/1428462076 learned_addr learned my addr 172.21.15.113:0/1428462076 (peer_addr_for_me v2:172.21.15.113:0/0)
2024-04-22T07:05:31.215 INFO:teuthology.orchestra.run.smithi113.stdout:/usr/bin/ceph: stderr
2024-04-22T07:05:30.491+0000 7fa99affd700 1 -- 172.21.15.113:0/1428462076 --> [v2:172.21.15.113:3300/0,v1:172.21.15.113:6789/0] -- mon_subscribe({config=0+,monmap=0+}) -- 0x7fa99c19edf0 con 0x7fa99c07ee50
2024-04-22T07:05:31.215 INFO:teuthology.orchestra.run.smithi113.stdout:/usr/bin/ceph: stderr
2024-04-22T07:05:30.491+0000 7fa99affd700 1 --2- 172.21.15.113:0/1428462076 >> [v2:172.21.15.113:3300/0,v1:172.21.15.113:6789/0] conn(0x7fa99c07ee50 0x7fa99c19e8b0 secure :-1 s=READY pgs=36 cs=0 l=1 rev1=1 crypto rx=0x7fa98c0116a0 tx=0x7fa98c011ce0 comp rx=0 tx=0).ready entity=mon.0 client_cookie=0 server_cookie=0 in_seq=0 out_seq=0
2024-04-22T07:05:31.215 INFO:teuthology.orchestra.run.smithi113.stdout:/usr/bin/ceph: stderr
2024-04-22T07:05:30.491+0000 7fa983fff700 1 -- 172.21.15.113:0/1428462076 <== mon.0 v2:172.21.15.113:3300/0 1 ==== mon_map magic: 0 ==== 205+0+0 (secure 0 0 0) 0x7fa98c003ab0 con 0x7fa99c07ee50
2024-04-22T07:05:31.215 INFO:teuthology.orchestra.run.smithi113.stdout:/usr/bin/ceph: stderr
2024-04-22T07:05:30.491+0000 7fa9a177f700 1 -- 172.21.15.113:0/1428462076 --> [v2:172.21.15.113:3300/0,v1:172.21.15.113:6789/0] -- mon_subscribe({mgrmap=0+}) -- 0x7fa99c19f080 con 0x7fa99c07ee50
2024-04-22T07:05:31.215 INFO:teuthology.orchestra.run.smithi113.stdout:/usr/bin/ceph: stderr
2024-04-22T07:05:30.491+0000 7fa983fff700 1 -- 172.21.15.113:0/1428462076 <== mon.0 v2:172.21.15.113:3300/0 2 ==== config(27 keys) ==== 1104+0+0 (secure 0 0 0) 0x7fa98c003c50 con 0x7fa99c07ee50
2024-04-22T07:05:31.215 INFO:teuthology.orchestra.run.smithi113.stdout:/usr/bin/ceph: stderr
2024-04-22T07:05:30.491+0000 7fa983fff700 1 -- 172.21.15.113:0/1428462076 <== mon.0 v2:172.21.15.113:3300/0 3 ==== mon_map magic: 0 ==== 205+0+0 (secure 0 0 0) 0x7fa98c019870 con 0x7fa99c07ee50
2024-04-22T07:05:31.215 INFO:teuthology.orchestra.run.smithi113.stdout:/usr/bin/ceph: stderr
2024-04-22T07:05:30.491+0000 7fa9a177f700 1 -- 172.21.15.113:0/1428462076 --> [v2:172.21.15.113:3300/0,v1:172.21.15.113:6789/0] -- mon_subscribe({osdmap=0}) -- 0x7fa99c19f4e0 con 0x7fa99c07ee50
2024-04-22T07:05:31.216 INFO:teuthology.orchestra.run.smithi113.stdout:/usr/bin/ceph: stderr
2024-04-22T07:05:30.492+0000 7fa983fff700 1 -- 172.21.15.113:0/1428462076 <== mon.0 v2:172.21.15.113:3300/0 4 ==== mgrmap(e 7) ==== 46452+0+0 (secure 0 0 0) 0x7fa98c019b30 con 0x7fa99c07ee50
2024-04-22T07:05:31.216 INFO:teuthology.orchestra.run.smithi113.stdout:/usr/bin/ceph: stderr
2024-04-22T07:05:30.492+0000 7fa983fff700 1 --2- 172.21.15.113:0/1428462076 >> [v2:172.21.15.113:6800/1807162111,v1:172.21.15.113:6801/1807162111] conn(0x7fa984039450 0x7fa98403b910 unknown :-1 s=NONE pgs=0 cs=0 l=1 rev1=0 crypto rx=0 tx=0 comp rx=0 tx=0).connect
2024-04-22T07:05:31.216 INFO:teuthology.orchestra.run.smithi113.stdout:/usr/bin/ceph: stderr
2024-04-22T07:05:30.492+0000 7fa983fff700 1 -- 172.21.15.113:0/1428462076 <== mon.0 v2:172.21.15.113:3300/0 5 ==== osd_map(2..2 src has 1..2) ==== 940+0+0 (secure 0 0 0) 0x7fa98c04d960 con 0x7fa99c07ee50
2024-04-22T07:05:31.216 INFO:teuthology.orchestra.run.smithi113.stdout:/usr/bin/ceph: stderr
2024-04-22T07:05:30.492+0000 7fa9a177f700 1 -- 172.21.15.113:0/1428462076 --> [v2:172.21.15.113:3300/0,v1:172.21.15.113:6789/0] -- mon_command({"prefix": "get_command_descriptions"} v 0) -- 0x7fa99c0681b0 con 0x7fa99c07ee50
2024-04-22T07:05:31.216 INFO:teuthology.orchestra.run.smithi113.stdout:/usr/bin/ceph: stderr
2024-04-22T07:05:30.492+0000 7fa99a7fc700 1 --2- 172.21.15.113:0/1428462076 >> [v2:172.21.15.113:6800/1807162111,v1:172.21.15.113:6801/1807162111] conn(0x7fa984039450 0x7fa98403b910 unknown :-1 s=BANNER_CONNECTING pgs=0 cs=0 l=1 rev1=0 crypto rx=0 tx=0 comp rx=0 tx=0)._handle_peer_banner_payload supported=3 required=0
2024-04-22T07:05:31.216 INFO:teuthology.orchestra.run.smithi113.stdout:/usr/bin/ceph: stderr
2024-04-22T07:05:30.493+0000 7fa99a7fc700 1 --2- 172.21.15.113:0/1428462076 >> [v2:172.21.15.113:6800/1807162111,v1:172.21.15.113:6801/1807162111] conn(0x7fa984039450 0x7fa98403b910 secure :-1 s=READY pgs=7 cs=0 l=1 rev1=1 crypto rx=0x7fa990006fd0 tx=0x7fa990006e40 comp rx=0 tx=0).ready entity=mgr.14118 client_cookie=0 server_cookie=0 in_seq=0 out_seq=0
2024-04-22T07:05:31.216 INFO:teuthology.orchestra.run.smithi113.stdout:/usr/bin/ceph: stderr
2024-04-22T07:05:30.498+0000 7fa983fff700 1 -- 172.21.15.113:0/1428462076 <== mon.0 v2:172.21.15.113:3300/0 6 ==== mon_command_ack([{"prefix": "get_command_descriptions"}]=0 v0) ==== 72+0+188370 (secure 0 0 0) 0x7fa98c011e20 con 0x7fa99c07ee50
2024-04-22T07:05:31.216 INFO:teuthology.orchestra.run.smithi113.stdout:/usr/bin/ceph: stderr
2024-04-22T07:05:30.610+0000 7fa983fff700 1 -- 172.21.15.113:0/1428462076 <== mon.0 v2:172.21.15.113:3300/0 7 ==== mgrmap(e 8) ==== 46558+0+0 (secure 0 0 0) 0x7fa98c02dcd0 con 0x7fa99c07ee50
2024-04-22T07:05:31.216 INFO:teuthology.orchestra.run.smithi113.stdout:/usr/bin/ceph: stderr
2024-04-22T07:05:30.714+0000 7fa9a177f700 1 -- 172.21.15.113:0/1428462076 --> [v2:172.21.15.113:6800/1807162111,v1:172.21.15.113:6801/1807162111] -- mgr_command(tid 0: {"prefix": "orch set backend", "module_name": "cephadm", "target": ["mon-mgr", ""]}) -- 0x7fa99c104f70 con 0x7fa984039450
2024-04-22T07:05:31.216 INFO:teuthology.orchestra.run.smithi113.stdout:/usr/bin/ceph: stderr
2024-04-22T07:05:30.718+0000 7fa983fff700 1 -- 172.21.15.113:0/1428462076 <== mgr.14118 v2:172.21.15.113:6800/1807162111 1 ==== mgr_command_reply(tid 0: 0 ) ==== 8+0+0 (secure 0 0 0) 0x7fa99c104f70 con 0x7fa984039450
2024-04-22T07:05:31.216 INFO:teuthology.orchestra.run.smithi113.stdout:/usr/bin/ceph: stderr
2024-04-22T07:05:30.721+0000 7fa9a177f700 1 -- 172.21.15.113:0/1428462076 >> [v2:172.21.15.113:6800/1807162111,v1:172.21.15.113:6801/1807162111] conn(0x7fa984039450 msgr2=0x7fa98403b910 secure :-1 s=STATE_CONNECTION_ESTABLISHED l=1).mark_down
2024-04-22T07:05:31.216 INFO:teuthology.orchestra.run.smithi113.stdout:/usr/bin/ceph: stderr
2024-04-22T07:05:30.721+0000 7fa9a177f700 1 --2- 172.21.15.113:0/1428462076 >> [v2:172.21.15.113:6800/1807162111,v1:172.21.15.113:6801/1807162111] conn(0x7fa984039450 0x7fa98403b910 secure :-1 s=READY pgs=7 cs=0 l=1 rev1=1 crypto rx=0x7fa990006fd0 tx=0x7fa990006e40 comp rx=0 tx=0).stop
2024-04-22T07:05:31.216 INFO:teuthology.orchestra.run.smithi113.stdout:/usr/bin/ceph: stderr
2024-04-22T07:05:30.721+0000 7fa9a177f700 1 -- 172.21.15.113:0/1428462076 >> [v2:172.21.15.113:3300/0,v1:172.21.15.113:6789/0] conn(0x7fa99c07ee50 msgr2=0x7fa99c19e8b0 secure :-1 s=STATE_CONNECTION_ESTABLISHED l=1).mark_down
2024-04-22T07:05:31.217 INFO:teuthology.orchestra.run.smithi113.stdout:/usr/bin/ceph: stderr
