2024-04-22T07:06:00.280+0000 7f2601b7c700 1 -- 172.21.15.113:0/2915699919 >> [v2:172.21.15.113:6800/610623186,v1:172.21.15.113:6801/610623186] conn(0x7f25e4039610 msgr2=0x7f25e403bad0 secure :-1 s=STATE_CONNECTION_ESTABLISHED l=1).mark_down
2024-04-22T07:06:00.862 INFO:teuthology.orchestra.run.smithi113.stdout:/usr/bin/ceph: stderr
2024-04-22T07:06:00.280+0000 7f2601b7c700 1 --2- 172.21.15.113:0/2915699919 >> [v2:172.21.15.113:6800/610623186,v1:172.21.15.113:6801/610623186] conn(0x7f25e4039610 0x7f25e403bad0 secure :-1 s=READY pgs=9 cs=0 l=1 rev1=1 crypto rx=0x7f25f0006fd0 tx=0x7f25f0006e40 comp rx=0 tx=0).stop
2024-04-22T07:06:00.862 INFO:teuthology.orchestra.run.smithi113.stdout:/usr/bin/ceph: stderr
2024-04-22T07:06:00.280+0000 7f2601b7c700 1 -- 172.21.15.113:0/2915699919 >> [v2:172.21.15.113:3300/0,v1:172.21.15.113:6789/0] conn(0x7f25fc109240 msgr2=0x7f25fc19c6b0 secure :-1 s=STATE_CONNECTION_ESTABLISHED l=1).mark_down
2024-04-22T07:06:00.863 INFO:teuthology.orchestra.run.smithi113.stdout:/usr/bin/ceph: stderr
2024-04-22T07:06:00.280+0000 7f2601b7c700 1 --2- 172.21.15.113:0/2915699919 >> [v2:172.21.15.113:3300/0,v1:172.21.15.113:6789/0] conn(0x7f25fc109240 0x7f25fc19c6b0 secure :-1 s=READY pgs=73 cs=0 l=1 rev1=1 crypto rx=0x7f25ec0117b0 tx=0x7f25ec0045f0 comp rx=0 tx=0).stop
2024-04-22T07:06:00.863 INFO:teuthology.orchestra.run.smithi113.stdout:/usr/bin/ceph: stderr
2024-04-22T07:06:00.280+0000 7f2601b7c700 1 -- 172.21.15.113:0/2915699919 shutdown_connections
2024-04-22T07:06:00.863 INFO:teuthology.orchestra.run.smithi113.stdout:/usr/bin/ceph: stderr
2024-04-22T07:06:00.280+0000 7f2601b7c700 1 --2- 172.21.15.113:0/2915699919 >> [v2:172.21.15.113:6800/610623186,v1:172.21.15.113:6801/610623186] conn(0x7f25e4039610 0x7f25e403bad0 unknown :-1 s=CLOSED pgs=9 cs=0 l=1 rev1=1 crypto rx=0 tx=0 comp rx=0 tx=0).stop
2024-04-22T07:06:00.863 INFO:teuthology.orchestra.run.smithi113.stdout:/usr/bin/ceph: stderr
2024-04-22T07:06:00.280+0000 7f2601b7c700 1 --2- 172.21.15.113:0/2915699919 >> [v2:172.21.15.113:3300/0,v1:172.21.15.113:6789/0] conn(0x7f25fc109240 0x7f25fc19c6b0 unknown :-1 s=CLOSED pgs=73 cs=0 l=1 rev1=1 crypto rx=0 tx=0 comp rx=0 tx=0).stop
2024-04-22T07:06:00.863 INFO:teuthology.orchestra.run.smithi113.stdout:/usr/bin/ceph: stderr
2024-04-22T07:06:00.280+0000 7f2601b7c700 1 -- 172.21.15.113:0/2915699919 >> 172.21.15.113:0/2915699919 conn(0x7f25fc102c10 msgr2=0x7f25fc1036b0 unknown :-1 s=STATE_NONE l=0).mark_down
2024-04-22T07:06:00.863 INFO:teuthology.orchestra.run.smithi113.stdout:/usr/bin/ceph: stderr
2024-04-22T07:06:00.280+0000 7f2601b7c700 1 -- 172.21.15.113:0/2915699919 shutdown_connections
2024-04-22T07:06:00.863 INFO:teuthology.orchestra.run.smithi113.stdout:/usr/bin/ceph: stderr
2024-04-22T07:06:00.280+0000 7f2601b7c700 1 -- 172.21.15.113:0/2915699919 wait complete.
2024-04-22T07:06:00.865 INFO:teuthology.orchestra.run.smithi113.stdout:Non-zero exit code 1 from systemctl is-enabled firewalld.service
2024-04-22T07:06:00.865 INFO:teuthology.orchestra.run.smithi113.stdout:systemctl: stdout disabled
2024-04-22T07:06:00.872 INFO:teuthology.orchestra.run.smithi113.stdout:Non-zero exit code 3 from systemctl is-active firewalld.service
2024-04-22T07:06:00.872 INFO:teuthology.orchestra.run.smithi113.stdout:systemctl: stdout inactive
2024-04-22T07:06:00.873 INFO:teuthology.orchestra.run.smithi113.stdout:firewalld.service is not enabled
2024-04-22T07:06:00.873 INFO:teuthology.orchestra.run.smithi113.stdout:Not possible to open ports <[8443]>. firewalld.service is not available
2024-04-22T07:06:00.874 INFO:teuthology.orchestra.run.smithi113.stdout:Ceph Dashboard is now available at:
2024-04-22T07:06:00.874 INFO:teuthology.orchestra.run.smithi113.stdout:
2024-04-22T07:06:00.874 INFO:teuthology.orchestra.run.smithi113.stdout: URL: https://smithi113:8443/
2024-04-22T07:06:00.874 INFO:teuthology.orchestra.run.smithi113.stdout: User: admin
2024-04-22T07:06:00.874 INFO:teuthology.orchestra.run.smithi113.stdout: Password: 0oqje4zchj
2024-04-22T07:06:00.874 INFO:teuthology.orchestra.run.smithi113.stdout:
2024-04-22T07:06:00.875 INFO:teuthology.orchestra.run.smithi113.stdout:Saving cluster configuration to /var/lib/ceph/81035712-0076-11ef-bc93-c7b262605968/config directory
2024-04-22T07:06:00.875 INFO:teuthology.orchestra.run.smithi113.stdout:Enabling autotune for osd_memory_target
2024-04-22T07:06:00.991 INFO:journalctl@ceph.mon.a.smithi113.stdout:Apr 22 07:06:00 smithi113 ceph-mon[27933]: from='client.? 172.21.15.113:0/2915699919' entity='client.admin' cmd=[{"prefix": "config get", "who": "mgr", "key": "mgr/dashboard/ssl_server_port"}]: dispatch
2024-04-22T07:06:02.779 INFO:teuthology.orchestra.run.smithi113.stdout:/usr/bin/ceph: stderr
2024-04-22T07:06:01.788+0000 7f050102b700 1 Processor -- start
2024-04-22T07:06:02.780 INFO:teuthology.orchestra.run.smithi113.stdout:/usr/bin/ceph: stderr
2024-04-22T07:06:01.788+0000 7f050102b700 1 -- start start
2024-04-22T07:06:02.780 INFO:teuthology.orchestra.run.smithi113.stdout:/usr/bin/ceph: stderr
2024-04-22T07:06:01.788+0000 7f050102b700 1 --2- >> [v2:172.21.15.113:3300/0,v1:172.21.15.113:6789/0] conn(0x7f04fc108830 0x7f04fc108c50 unknown :-1 s=NONE pgs=0 cs=0 l=0 rev1=0 crypto rx=0 tx=0 comp rx=0 tx=0).connect
2024-04-22T07:06:02.780 INFO:teuthology.orchestra.run.smithi113.stdout:/usr/bin/ceph: stderr
2024-04-22T07:06:01.788+0000 7f050102b700 1 -- --> [v2:172.21.15.113:3300/0,v1:172.21.15.113:6789/0] -- mon_getmap magic: 0 -- 0x7f04fc109220 con 0x7f04fc108830
2024-04-22T07:06:02.780 INFO:teuthology.orchestra.run.smithi113.stdout:/usr/bin/ceph: stderr
2024-04-22T07:06:01.788+0000 7f04fad9d700 1 --2- >> [v2:172.21.15.113:3300/0,v1:172.21.15.113:6789/0] conn(0x7f04fc108830 0x7f04fc108c50 unknown :-1 s=BANNER_CONNECTING pgs=0 cs=0 l=0 rev1=0 crypto rx=0 tx=0 comp rx=0 tx=0)._handle_peer_banner_payload supported=3 required=0
2024-04-22T07:06:02.780 INFO:teuthology.orchestra.run.smithi113.stdout:/usr/bin/ceph: stderr
2024-04-22T07:06:01.788+0000 7f04fad9d700 1 --2- >> [v2:172.21.15.113:3300/0,v1:172.21.15.113:6789/0] conn(0x7f04fc108830 0x7f04fc108c50 unknown :-1 s=HELLO_CONNECTING pgs=0 cs=0 l=0 rev1=1 crypto rx=0 tx=0 comp rx=0 tx=0).handle_hello peer v2:172.21.15.113:3300/0 says I am v2:172.21.15.113:58178/0 (socket says 172.21.15.113:58178)
2024-04-22T07:06:02.780 INFO:teuthology.orchestra.run.smithi113.stdout:/usr/bin/ceph: stderr
2024-04-22T07:06:01.788+0000 7f04fad9d700 1 -- 172.21.15.113:0/985843428 learned_addr learned my addr 172.21.15.113:0/985843428 (peer_addr_for_me v2:172.21.15.113:0/0)
2024-04-22T07:06:02.780 INFO:teuthology.orchestra.run.smithi113.stdout:/usr/bin/ceph: stderr
2024-04-22T07:06:01.789+0000 7f04fad9d700 1 -- 172.21.15.113:0/985843428 --> [v2:172.21.15.113:3300/0,v1:172.21.15.113:6789/0] -- mon_subscribe({config=0+,monmap=0+}) -- 0x7f04fc1099e0 con 0x7f04fc108830
2024-04-22T07:06:02.780 INFO:teuthology.orchestra.run.smithi113.stdout:/usr/bin/ceph: stderr
2024-04-22T07:06:01.789+0000 7f04fad9d700 1 --2- 172.21.15.113:0/985843428 >> [v2:172.21.15.113:3300/0,v1:172.21.15.113:6789/0] conn(0x7f04fc108830 0x7f04fc108c50 secure :-1 s=READY pgs=74 cs=0 l=1 rev1=1 crypto rx=0x7f04ec0098a0 tx=0x7f04ec009bb0 comp rx=0 tx=0).ready entity=mon.0 client_cookie=3431d79d17be6338 server_cookie=0 in_seq=0 out_seq=0
2024-04-22T07:06:02.780 INFO:teuthology.orchestra.run.smithi113.stdout:/usr/bin/ceph: stderr
2024-04-22T07:06:01.789+0000 7f04fa59c700 1 -- 172.21.15.113:0/985843428 <== mon.0 v2:172.21.15.113:3300/0 1 ==== mon_map magic: 0 ==== 205+0+0 (secure 0 0 0) 0x7f04ec004160 con 0x7f04fc108830
2024-04-22T07:06:02.780 INFO:teuthology.orchestra.run.smithi113.stdout:/usr/bin/ceph: stderr
2024-04-22T07:06:01.789+0000 7f04fa59c700 1 -- 172.21.15.113:0/985843428 <== mon.0 v2:172.21.15.113:3300/0 2 ==== config(27 keys) ==== 1135+0+0 (secure 0 0 0) 0x7f04ec004300 con 0x7f04fc108830
2024-04-22T07:06:02.780 INFO:teuthology.orchestra.run.smithi113.stdout:/usr/bin/ceph: stderr
2024-04-22T07:06:01.789+0000 7f04fa59c700 1 -- 172.21.15.113:0/985843428 <== mon.0 v2:172.21.15.113:3300/0 3 ==== mon_map magic: 0 ==== 205+0+0 (secure 0 0 0) 0x7f04ec011af0 con 0x7f04fc108830
2024-04-22T07:06:02.780 INFO:teuthology.orchestra.run.smithi113.stdout:/usr/bin/ceph: stderr
2024-04-22T07:06:01.789+0000 7f050102b700 1 -- 172.21.15.113:0/985843428 >> [v2:172.21.15.113:3300/0,v1:172.21.15.113:6789/0] conn(0x7f04fc108830 msgr2=0x7f04fc108c50 secure :-1 s=STATE_CONNECTION_ESTABLISHED l=1).mark_down
2024-04-22T07:06:02.780 INFO:teuthology.orchestra.run.smithi113.stdout:/usr/bin/ceph: stderr
2024-04-22T07:06:01.789+0000 7f050102b700 1 --2- 172.21.15.113:0/985843428 >> [v2:172.21.15.113:3300/0,v1:172.21.15.113:6789/0] conn(0x7f04fc108830 0x7f04fc108c50 secure :-1 s=READY pgs=74 cs=0 l=1 rev1=1 crypto rx=0x7f04ec0098a0 tx=0x7f04ec009bb0 comp rx=0 tx=0).stop
2024-04-22T07:06:02.781 INFO:teuthology.orchestra.run.smithi113.stdout:/usr/bin/ceph: stderr
2024-04-22T07:06:01.789+0000 7f050102b700 1 -- 172.21.15.113:0/985843428 shutdown_connections
2024-04-22T07:06:02.781 INFO:teuthology.orchestra.run.smithi113.stdout:/usr/bin/ceph: stderr
2024-04-22T07:06:01.789+0000 7f050102b700 1 --2- 172.21.15.113:0/985843428 >> [v2:172.21.15.113:3300/0,v1:172.21.15.113:6789/0] conn(0x7f04fc108830 0x7f04fc108c50 unknown :-1 s=CLOSED pgs=74 cs=0 l=1 rev1=1 crypto rx=0 tx=0 comp rx=0 tx=0).stop
2024-04-22T07:06:02.781 INFO:teuthology.orchestra.run.smithi113.stdout:/usr/bin/ceph: stderr
2024-04-22T07:06:01.789+0000 7f050102b700 1 -- 172.21.15.113:0/985843428 >> 172.21.15.113:0/985843428 conn(0x7f04fc103df0 msgr2=0x7f04fc106210 unknown :-1 s=STATE_NONE l=0).mark_down
2024-04-22T07:06:02.781 INFO:teuthology.orchestra.run.smithi113.stdout:/usr/bin/ceph: stderr
2024-04-22T07:06:01.790+0000 7f050102b700 1 -- 172.21.15.113:0/985843428 shutdown_connections
2024-04-22T07:06:02.781 INFO:teuthology.orchestra.run.smithi113.stdout:/usr/bin/ceph: stderr
2024-04-22T07:06:01.790+0000 7f050102b700 1 -- 172.21.15.113:0/985843428 wait complete.
2024-04-22T07:06:02.781 INFO:teuthology.orchestra.run.smithi113.stdout:/usr/bin/ceph: stderr
2024-04-22T07:06:01.790+0000 7f050102b700 1 Processor -- start
2024-04-22T07:06:02.781 INFO:teuthology.orchestra.run.smithi113.stdout:/usr/bin/ceph: stderr
2024-04-22T07:06:01.790+0000 7f050102b700 1 -- start start
2024-04-22T07:06:02.781 INFO:teuthology.orchestra.run.smithi113.stdout:/usr/bin/ceph: stderr
2024-04-22T07:06:01.791+0000 7f050102b700 1 --2- >> [v2:172.21.15.113:3300/0,v1:172.21.15.113:6789/0] conn(0x7f04fc108830 0x7f04fc07eb50 unknown :-1 s=NONE pgs=0 cs=0 l=1 rev1=0 crypto rx=0 tx=0 comp rx=0 tx=0).connect
2024-04-22T07:06:02.781 INFO:teuthology.orchestra.run.smithi113.stdout:/usr/bin/ceph: stderr
2024-04-22T07:06:01.791+0000 7f050102b700 1 -- --> [v2:172.21.15.113:3300/0,v1:172.21.15.113:6789/0] -- mon_getmap magic: 0 -- 0x7f04fc10cd90 con 0x7f04fc108830
2024-04-22T07:06:02.781 INFO:teuthology.orchestra.run.smithi113.stdout:/usr/bin/ceph: stderr
2024-04-22T07:06:01.791+0000 7f04fad9d700 1 --2- >> [v2:172.21.15.113:3300/0,v1:172.21.15.113:6789/0] conn(0x7f04fc108830 0x7f04fc07eb50 unknown :-1 s=BANNER_CONNECTING pgs=0 cs=0 l=1 rev1=0 crypto rx=0 tx=0 comp rx=0 tx=0)._handle_peer_banner_payload supported=3 required=0
2024-04-22T07:06:02.781 INFO:teuthology.orchestra.run.smithi113.stdout:/usr/bin/ceph: stderr
2024-04-22T07:06:01.791+0000 7f04fad9d700 1 --2- >> [v2:172.21.15.113:3300/0,v1:172.21.15.113:6789/0] conn(0x7f04fc108830 0x7f04fc07eb50 unknown :-1 s=HELLO_CONNECTING pgs=0 cs=0 l=1 rev1=1 crypto rx=0 tx=0 comp rx=0 tx=0).handle_hello peer v2:172.21.15.113:3300/0 says I am v2:172.21.15.113:58192/0 (socket says 172.21.15.113:58192)
2024-04-22T07:06:02.781 INFO:teuthology.orchestra.run.smithi113.stdout:/usr/bin/ceph: stderr
2024-04-22T07:06:01.791+0000 7f04fad9d700 1 -- 172.21.15.113:0/3824625590 learned_addr learned my addr 172.21.15.113:0/3824625590 (peer_addr_for_me v2:172.21.15.113:0/0)
2024-04-22T07:06:02.781 INFO:teuthology.orchestra.run.smithi113.stdout:/usr/bin/ceph: stderr
2024-04-22T07:06:01.791+0000 7f04fad9d700 1 -- 172.21.15.113:0/3824625590 --> [v2:172.21.15.113:3300/0,v1:172.21.15.113:6789/0] -- mon_subscribe({config=0+,monmap=0+}) -- 0x7f04fc07f090 con 0x7f04fc108830
2024-04-22T07:06:02.781 INFO:teuthology.orchestra.run.smithi113.stdout:/usr/bin/ceph: stderr
2024-04-22T07:06:01.791+0000 7f04fad9d700 1 --2- 172.21.15.113:0/3824625590 >> [v2:172.21.15.113:3300/0,v1:172.21.15.113:6789/0] conn(0x7f04fc108830 0x7f04fc07eb50 secure :-1 s=READY pgs=75 cs=0 l=1 rev1=1 crypto rx=0x7f04ec009520 tx=0x7f04ec0045f0 comp rx=0 tx=0).ready entity=mon.0 client_cookie=0 server_cookie=0 in_seq=0 out_seq=0
2024-04-22T07:06:02.782 INFO:teuthology.orchestra.run.smithi113.stdout:/usr/bin/ceph: stderr
2024-04-22T07:06:01.791+0000 7f04f8d99700 1 -- 172.21.15.113:0/3824625590 <== mon.0 v2:172.21.15.113:3300/0 1 ==== mon_map magic: 0 ==== 205+0+0 (secure 0 0 0) 0x7f04ec0036a0 con 0x7f04fc108830
2024-04-22T07:06:02.782 INFO:teuthology.orchestra.run.smithi113.stdout:/usr/bin/ceph: stderr
2024-04-22T07:06:01.791+0000 7f04f8d99700 1 -- 172.21.15.113:0/3824625590 <== mon.0 v2:172.21.15.113:3300/0 2 ==== config(27 keys) ==== 1135+0+0 (secure 0 0 0) 0x7f04ec01a430 con 0x7f04fc108830
2024-04-22T07:06:02.782 INFO:teuthology.orchestra.run.smithi113.stdout:/usr/bin/ceph: stderr
2024-04-22T07:06:01.791+0000 7f050102b700 1 -- 172.21.15.113:0/3824625590 --> [v2:172.21.15.113:3300/0,v1:172.21.15.113:6789/0] -- mon_subscribe({mgrmap=0+}) -- 0x7f04fc07d280 con 0x7f04fc108830
2024-04-22T07:06:02.782 INFO:teuthology.orchestra.run.smithi113.stdout:/usr/bin/ceph: stderr
2024-04-22T07:06:01.791+0000 7f04f8d99700 1 -- 172.21.15.113:0/3824625590 <== mon.0 v2:172.21.15.113:3300/0 3 ==== mon_map magic: 0 ==== 205+0+0 (secure 0 0 0) 0x7f04ec019550 con 0x7f04fc108830
2024-04-22T07:06:02.782 INFO:teuthology.orchestra.run.smithi113.stdout:/usr/bin/ceph: stderr
2024-04-22T07:06:01.791+0000 7f050102b700 1 -- 172.21.15.113:0/3824625590 --> [v2:172.21.15.113:3300/0,v1:172.21.15.113:6789/0] -- mon_subscribe({osdmap=0}) -- 0x7f04fc07d7c0 con 0x7f04fc108830
2024-04-22T07:06:02.782 INFO:teuthology.orchestra.run.smithi113.stdout:/usr/bin/ceph: stderr
2024-04-22T07:06:01.792+0000 7f04f8d99700 1 -- 172.21.15.113:0/3824625590 <== mon.0 v2:172.21.15.113:3300/0 4 ==== mgrmap(e 13) ==== 46615+0+0 (secure 0 0 0) 0x7f04ec019850 con 0x7f04fc108830
2024-04-22T07:06:02.782 INFO:teuthology.orchestra.run.smithi113.stdout:/usr/bin/ceph: stderr
2024-04-22T07:06:01.792+0000 7f04f8d99700 1 --2- 172.21.15.113:0/3824625590 >> [v2:172.21.15.113:6800/610623186,v1:172.21.15.113:6801/610623186] conn(0x7f04e8039650 0x7f04e803bb10 unknown :-1 s=NONE pgs=0 cs=0 l=1 rev1=0 crypto rx=0 tx=0 comp rx=0 tx=0).connect
2024-04-22T07:06:02.782 INFO:teuthology.orchestra.run.smithi113.stdout:/usr/bin/ceph: stderr
2024-04-22T07:06:01.792+0000 7f050102b700 1 -- 172.21.15.113:0/3824625590 --> [v2:172.21.15.113:3300/0,v1:172.21.15.113:6789/0] -- mon_command({"prefix": "get_command_descriptions"} v 0) -- 0x7f04fc0681b0 con 0x7f04fc108830
2024-04-22T07:06:02.782 INFO:teuthology.orchestra.run.smithi113.stdout:/usr/bin/ceph: stderr
2024-04-22T07:06:01.792+0000 7f04f8d99700 1 -- 172.21.15.113:0/3824625590 <== mon.0 v2:172.21.15.113:3300/0 5 ==== osd_map(3..3 src has 1..3) ==== 1155+0+0 (secure 0 0 0) 0x7f04ec04d990 con 0x7f04fc108830
2024-04-22T07:06:02.782 INFO:teuthology.orchestra.run.smithi113.stdout:/usr/bin/ceph: stderr
2024-04-22T07:06:01.792+0000 7f04f259c700 1 --2- 172.21.15.113:0/3824625590 >> [v2:172.21.15.113:6800/610623186,v1:172.21.15.113:6801/610623186] conn(0x7f04e8039650 0x7f04e803bb10 unknown :-1 s=BANNER_CONNECTING pgs=0 cs=0 l=1 rev1=0 crypto rx=0 tx=0 comp rx=0 tx=0)._handle_peer_banner_payload supported=3 required=0
2024-04-22T07:06:02.782 INFO:teuthology.orchestra.run.smithi113.stdout:/usr/bin/ceph: stderr
2024-04-22T07:06:01.793+0000 7f04f259c700 1 --2- 172.21.15.113:0/3824625590 >> [v2:172.21.15.113:6800/610623186,v1:172.21.15.113:6801/610623186] conn(0x7f04e8039650 0x7f04e803bb10 secure :-1 s=READY pgs=10 cs=0 l=1 rev1=1 crypto rx=0x7f04e4006fd0 tx=0x7f04e4006e40 comp rx=0 tx=0).ready entity=mgr.14150 client_cookie=0 server_cookie=0 in_seq=0 out_seq=0
2024-04-22T07:06:02.782 INFO:teuthology.orchestra.run.smithi113.stdout:/usr/bin/ceph: stderr
2024-04-22T07:06:01.797+0000 7f04f8d99700 1 -- 172.21.15.113:0/3824625590 <== mon.0 v2:172.21.15.113:3300/0 6 ==== mon_command_ack([{"prefix": "get_command_descriptions"}]=0 v0) ==== 72+0+188370 (secure 0 0 0) 0x7f04ec00f2e0 con 0x7f04fc108830
2024-04-22T07:06:02.782 INFO:teuthology.orchestra.run.smithi113.stdout:/usr/bin/ceph: stderr
2024-04-22T07:06:02.000+0000 7f050102b700 1 -- 172.21.15.113:0/3824625590 --> [v2:172.21.15.113:3300/0,v1:172.21.15.113:6789/0] -- mon_command([{prefix=config set, name=osd_memory_target_autotune}] v 0) -- 0x7f04fc07e0b0 con 0x7f04fc108830
2024-04-22T07:06:02.783 INFO:teuthology.orchestra.run.smithi113.stdout:/usr/bin/ceph: stderr
2024-04-22T07:06:02.001+0000 7f04f8d99700 1 -- 172.21.15.113:0/3824625590 <== mon.0 v2:172.21.15.113:3300/0 7 ==== mon_command_ack([{prefix=config set, name=osd_memory_target_autotune}]=0 v8)=0 v8) ==== 127+0+0 (secure 0 0 0) 0x7f04ec032030 con 0x7f04fc108830
2024-04-22T07:06:02.783 INFO:teuthology.orchestra.run.smithi113.stdout:/usr/bin/ceph: stderr
2024-04-22T07:06:02.003+0000 7f050102b700 1 -- 172.21.15.113:0/3824625590 >> [v2:172.21.15.113:6800/610623186,v1:172.21.15.113:6801/610623186] conn(0x7f04e8039650 msgr2=0x7f04e803bb10 secure :-1 s=STATE_CONNECTION_ESTABLISHED l=1).mark_down
2024-04-22T07:06:02.783 INFO:teuthology.orchestra.run.smithi113.stdout:/usr/bin/ceph: stderr
2024-04-22T07:06:02.003+0000 7f050102b700 1 --2- 172.21.15.113:0/3824625590 >> [v2:172.21.15.113:6800/610623186,v1:172.21.15.113:6801/610623186] conn(0x7f04e8039650 0x7f04e803bb10 secure :-1 s=READY pgs=10 cs=0 l=1 rev1=1 crypto rx=0x7f04e4006fd0 tx=0x7f04e4006e40 comp rx=0 tx=0).stop
2024-04-22T07:06:02.783 INFO:teuthology.orchestra.run.smithi113.stdout:/usr/bin/ceph: stderr
2024-04-22T07:06:02.003+0000 7f050102b700 1 -- 172.21.15.113:0/3824625590 >> [v2:172.21.15.113:3300/0,v1:172.21.15.113:6789/0] conn(0x7f04fc108830 msgr2=0x7f04fc07eb50 secure :-1 s=STATE_CONNECTION_ESTABLISHED l=1).mark_down
2024-04-22T07:06:02.783 INFO:teuthology.orchestra.run.smithi113.stdout:/usr/bin/ceph: stderr
2024-04-22T07:06:02.003+0000 7f050102b700 1 --2- 172.21.15.113:0/3824625590 >> [v2:172.21.15.113:3300/0,v1:172.21.15.113:6789/0] conn(0x7f04fc108830 0x7f04fc07eb50 secure :-1 s=READY pgs=75 cs=0 l=1 rev1=1 crypto rx=0x7f04ec009520 tx=0x7f04ec0045f0 comp rx=0 tx=0).stop
2024-04-22T07:06:02.783 INFO:teuthology.orchestra.run.smithi113.stdout:/usr/bin/ceph: stderr
2024-04-22T07:06:02.003+0000 7f050102b700 1 -- 172.21.15.113:0/3824625590 shutdown_connections
2024-04-22T07:06:02.783 INFO:teuthology.orchestra.run.smithi113.stdout:/usr/bin/ceph: stderr
2024-04-22T07:06:02.003+0000 7f050102b700 1 --2- 172.21.15.113:0/3824625590 >> [v2:172.21.15.113:6800/610623186,v1:172.21.15.113:6801/610623186] conn(0x7f04e8039650 0x7f04e803bb10 unknown :-1 s=CLOSED pgs=10 cs=0 l=1 rev1=1 crypto rx=0 tx=0 comp rx=0 tx=0).stop
2024-04-22T07:06:02.783 INFO:teuthology.orchestra.run.smithi113.stdout:/usr/bin/ceph: stderr
2024-04-22T07:06:02.003+0000 7f050102b700 1 --2- 172.21.15.113:0/3824625590 >> [v2:172.21.15.113:3300/0,v1:172.21.15.113:6789/0] conn(0x7f04fc108830 0x7f04fc07eb50 unknown :-1 s=CLOSED pgs=75 cs=0 l=1 rev1=1 crypto rx=0 tx=0 comp rx=0 tx=0).stop
2024-04-22T07:06:02.783 INFO:teuthology.orchestra.run.smithi113.stdout:/usr/bin/ceph: stderr
2024-04-22T07:06:02.003+0000 7f050102b700 1 -- 172.21.15.113:0/3824625590 >> 172.21.15.113:0/3824625590 conn(0x7f04fc103df0 msgr2=0x7f04fc1048e0 unknown :-1 s=STATE_NONE l=0).mark_down
2024-04-22T07:06:02.783 INFO:teuthology.orchestra.run.smithi113.stdout:/usr/bin/ceph: stderr
2024-04-22T07:06:02.003+0000 7f050102b700 1 -- 172.21.15.113:0/3824625590 shutdown_connections
2024-04-22T07:06:02.783 INFO:teuthology.orchestra.run.smithi113.stdout:/usr/bin/ceph: stderr
2024-04-22T07:06:02.003+0000 7f050102b700 1 -- 172.21.15.113:0/3824625590 wait complete.
2024-04-22T07:06:03.001 INFO:journalctl@ceph.mon.a.smithi113.stdout:Apr 22 07:06:02 smithi113 ceph-mon[27933]: mgrmap e13: x(active, since 6s)
2024-04-22T07:06:04.087 INFO:teuthology.orchestra.run.smithi113.stdout:/usr/bin/ceph: stderr
2024-04-22T07:06:03.232+0000 7f27b9173700 1 Processor -- start
2024-04-22T07:06:04.087 INFO:teuthology.orchestra.run.smithi113.stdout:/usr/bin/ceph: stderr
2024-04-22T07:06:03.232+0000 7f27b9173700 1 -- start start
2024-04-22T07:06:04.087 INFO:teuthology.orchestra.run.smithi113.stdout:/usr/bin/ceph: stderr
2024-04-22T07:06:03.232+0000 7f27b9173700 1 --2- >> [v2:172.21.15.113:3300/0,v1:172.21.15.113:6789/0] conn(0x7f27b4107610 0x7f27b4107a30 unknown :-1 s=NONE pgs=0 cs=0 l=0 rev1=0 crypto rx=0 tx=0 comp rx=0 tx=0).connect
2024-04-22T07:06:04.087 INFO:teuthology.orchestra.run.smithi113.stdout:/usr/bin/ceph: stderr
2024-04-22T07:06:03.232+0000 7f27b9173700 1 -- --> [v2:172.21.15.113:3300/0,v1:172.21.15.113:6789/0] -- mon_getmap magic: 0 -- 0x7f27b4108000 con 0x7f27b4107610
2024-04-22T07:06:04.087 INFO:teuthology.orchestra.run.smithi113.stdout:/usr/bin/ceph: stderr
2024-04-22T07:06:03.232+0000 7f27b2d9d700 1 --2- >> [v2:172.21.15.113:3300/0,v1:172.21.15.113:6789/0] conn(0x7f27b4107610 0x7f27b4107a30 unknown :-1 s=BANNER_CONNECTING pgs=0 cs=0 l=0 rev1=0 crypto rx=0 tx=0 comp rx=0 tx=0)._handle_peer_banner_payload supported=3 required=0
2024-04-22T07:06:04.088 INFO:teuthology.orchestra.run.smithi113.stdout:/usr/bin/ceph: stderr
2024-04-22T07:06:03.232+0000 7f27b2d9d700 1 --2- >> [v2:172.21.15.113:3300/0,v1:172.21.15.113:6789/0] conn(0x7f27b4107610 0x7f27b4107a30 unknown :-1 s=HELLO_CONNECTING pgs=0 cs=0 l=0 rev1=1 crypto rx=0 tx=0 comp rx=0 tx=0).handle_hello peer v2:172.21.15.113:3300/0 says I am v2:172.21.15.113:58194/0 (socket says 172.21.15.113:58194)
2024-04-22T07:06:04.088 INFO:teuthology.orchestra.run.smithi113.stdout:/usr/bin/ceph: stderr
2024-04-22T07:06:03.232+0000 7f27b2d9d700 1 -- 172.21.15.113:0/2596234711 learned_addr learned my addr 172.21.15.113:0/2596234711 (peer_addr_for_me v2:172.21.15.113:0/0)
2024-04-22T07:06:04.088 INFO:teuthology.orchestra.run.smithi113.stdout:/usr/bin/ceph: stderr
2024-04-22T07:06:03.233+0000 7f27b2d9d700 1 -- 172.21.15.113:0/2596234711 --> [v2:172.21.15.113:3300/0,v1:172.21.15.113:6789/0] -- mon_subscribe({config=0+,monmap=0+}) -- 0x7f27b4108810 con 0x7f27b4107610
2024-04-22T07:06:04.088 INFO:teuthology.orchestra.run.smithi113.stdout:/usr/bin/ceph: stderr
2024-04-22T07:06:03.233+0000 7f27b2d9d700 1 --2- 172.21.15.113:0/2596234711 >> [v2:172.21.15.113:3300/0,v1:172.21.15.113:6789/0] conn(0x7f27b4107610 0x7f27b4107a30 secure :-1 s=READY pgs=76 cs=0 l=1 rev1=1 crypto rx=0x7f27a40098a0 tx=0x7f27a4009bb0 comp rx=0 tx=0).ready entity=mon.0 client_cookie=f6e595beda01d59a server_cookie=0 in_seq=0 out_seq=0
2024-04-22T07:06:04.088 INFO:teuthology.orchestra.run.smithi113.stdout:/usr/bin/ceph: stderr
2024-04-22T07:06:03.233+0000 7f27b259c700 1 -- 172.21.15.113:0/2596234711 <== mon.0 v2:172.21.15.113:3300/0 1 ==== mon_map magic: 0 ==== 205+0+0 (secure 0 0 0) 0x7f27a4004160 con 0x7f27b4107610
2024-04-22T07:06:04.088 INFO:teuthology.orchestra.run.smithi113.stdout:/usr/bin/ceph: stderr
2024-04-22T07:06:03.233+0000 7f27b259c700 1 -- 172.21.15.113:0/2596234711 <== mon.0 v2:172.21.15.113:3300/0 2 ==== config(27 keys) ==== 1135+0+0 (secure 0 0 0) 0x7f27a4004300 con 0x7f27b4107610
2024-04-22T07:06:04.088 INFO:teuthology.orchestra.run.smithi113.stdout:/usr/bin/ceph: stderr
2024-04-22T07:06:03.233+0000 7f27b259c700 1 -- 172.21.15.113:0/2596234711 <== mon.0 v2:172.21.15.113:3300/0 3 ==== mon_map magic: 0 ==== 205+0+0 (secure 0 0 0) 0x7f27a4011af0 con 0x7f27b4107610
2024-04-22T07:06:04.088 INFO:teuthology.orchestra.run.smithi113.stdout:/usr/bin/ceph: stderr
2024-04-22T07:06:03.234+0000 7f27b9173700 1 -- 172.21.15.113:0/2596234711 >> [v2:172.21.15.113:3300/0,v1:172.21.15.113:6789/0] conn(0x7f27b4107610 msgr2=0x7f27b4107a30 secure :-1 s=STATE_CONNECTION_ESTABLISHED l=1).mark_down
2024-04-22T07:06:04.088 INFO:teuthology.orchestra.run.smithi113.stdout:/usr/bin/ceph: stderr
2024-04-22T07:06:03.234+0000 7f27b9173700 1 --2- 172.21.15.113:0/2596234711 >> [v2:172.21.15.113:3300/0,v1:172.21.15.113:6789/0] conn(0x7f27b4107610 0x7f27b4107a30 secure :-1 s=READY pgs=76 cs=0 l=1 rev1=1 crypto rx=0x7f27a40098a0 tx=0x7f27a4009bb0 comp rx=0 tx=0).stop
2024-04-22T07:06:04.088 INFO:teuthology.orchestra.run.smithi113.stdout:/usr/bin/ceph: stderr
2024-04-22T07:06:03.234+0000 7f27b9173700 1 -- 172.21.15.113:0/2596234711 shutdown_connections
2024-04-22T07:06:04.088 INFO:teuthology.orchestra.run.smithi113.stdout:/usr/bin/ceph: stderr
2024-04-22T07:06:03.234+0000 7f27b9173700 1 --2- 172.21.15.113:0/2596234711 >> [v2:172.21.15.113:3300/0,v1:172.21.15.113:6789/0] conn(0x7f27b4107610 0x7f27b4107a30 unknown :-1 s=CLOSED pgs=76 cs=0 l=1 rev1=1 crypto rx=0 tx=0 comp rx=0 tx=0).stop
2024-04-22T07:06:04.088 INFO:teuthology.orchestra.run.smithi113.stdout:/usr/bin/ceph: stderr
2024-04-22T07:06:03.234+0000 7f27b9173700 1 -- 172.21.15.113:0/2596234711 >> 172.21.15.113:0/2596234711 conn(0x7f27b4102c10 msgr2=0x7f27b4105030 unknown :-1 s=STATE_NONE l=0).mark_down
2024-04-22T07:06:04.088 INFO:teuthology.orchestra.run.smithi113.stdout:/usr/bin/ceph: stderr
2024-04-22T07:06:03.234+0000 7f27b9173700 1 -- 172.21.15.113:0/2596234711 shutdown_connections
2024-04-22T07:06:04.088 INFO:teuthology.orchestra.run.smithi113.stdout:/usr/bin/ceph: stderr
2024-04-22T07:06:03.234+0000 7f27b9173700 1 -- 172.21.15.113:0/2596234711 wait complete.
2024-04-22T07:06:04.089 INFO:teuthology.orchestra.run.smithi113.stdout:/usr/bin/ceph: stderr
2024-04-22T07:06:03.234+0000 7f27b9173700 1 Processor -- start
2024-04-22T07:06:04.089 INFO:teuthology.orchestra.run.smithi113.stdout:/usr/bin/ceph: stderr
2024-04-22T07:06:03.235+0000 7f27b9173700 1 -- start start
2024-04-22T07:06:04.089 INFO:teuthology.orchestra.run.smithi113.stdout:/usr/bin/ceph: stderr
2024-04-22T07:06:03.235+0000 7f27b9173700 1 --2- >> [v2:172.21.15.113:3300/0,v1:172.21.15.113:6789/0] conn(0x7f27b4107610 0x7f27b407ca50 unknown :-1 s=NONE pgs=0 cs=0 l=1 rev1=0 crypto rx=0 tx=0 comp rx=0 tx=0).connect
2024-04-22T07:06:04.089 INFO:teuthology.orchestra.run.smithi113.stdout:/usr/bin/ceph: stderr
2024-04-22T07:06:03.235+0000 7f27b9173700 1 -- --> [v2:172.21.15.113:3300/0,v1:172.21.15.113:6789/0] -- mon_getmap magic: 0 -- 0x7f27b410bbc0 con 0x7f27b4107610
2024-04-22T07:06:04.089 INFO:teuthology.orchestra.run.smithi113.stdout:/usr/bin/ceph: stderr
2024-04-22T07:06:03.235+0000 7f27b2d9d700 1 --2- >> [v2:172.21.15.113:3300/0,v1:172.21.15.113:6789/0] conn(0x7f27b4107610 0x7f27b407ca50 unknown :-1 s=BANNER_CONNECTING pgs=0 cs=0 l=1 rev1=0 crypto rx=0 tx=0 comp rx=0 tx=0)._handle_peer_banner_payload supported=3 required=0
2024-04-22T07:06:04.089 INFO:teuthology.orchestra.run.smithi113.stdout:/usr/bin/ceph: stderr
2024-04-22T07:06:03.235+0000 7f27b2d9d700 1 --2- >> [v2:172.21.15.113:3300/0,v1:172.21.15.113:6789/0] conn(0x7f27b4107610 0x7f27b407ca50 unknown :-1 s=HELLO_CONNECTING pgs=0 cs=0 l=1 rev1=1 crypto rx=0 tx=0 comp rx=0 tx=0).handle_hello peer v2:172.21.15.113:3300/0 says I am v2:172.21.15.113:58208/0 (socket says 172.21.15.113:58208)
2024-04-22T07:06:04.089 INFO:teuthology.orchestra.run.smithi113.stdout:/usr/bin/ceph: stderr
2024-04-22T07:06:03.235+0000 7f27b2d9d700 1 -- 172.21.15.113:0/21145674 learned_addr learned my addr 172.21.15.113:0/21145674 (peer_addr_for_me v2:172.21.15.113:0/0)
2024-04-22T07:06:04.089 INFO:teuthology.orchestra.run.smithi113.stdout:/usr/bin/ceph: stderr
2024-04-22T07:06:03.235+0000 7f27b2d9d700 1 -- 172.21.15.113:0/21145674 --> [v2:172.21.15.113:3300/0,v1:172.21.15.113:6789/0] -- mon_subscribe({config=0+,monmap=0+}) -- 0x7f27b419f350 con 0x7f27b4107610
2024-04-22T07:06:04.089 INFO:teuthology.orchestra.run.smithi113.stdout:/usr/bin/ceph: stderr
2024-04-22T07:06:03.235+0000 7f27b2d9d700 1 --2- 172.21.15.113:0/21145674 >> [v2:172.21.15.113:3300/0,v1:172.21.15.113:6789/0] conn(0x7f27b4107610 0x7f27b407ca50 secure :-1 s=READY pgs=77 cs=0 l=1 rev1=1 crypto rx=0x7f27a4009520 tx=0x7f27a4003eb0 comp rx=0 tx=0).ready entity=mon.0 client_cookie=0 server_cookie=0 in_seq=0 out_seq=0
2024-04-22T07:06:04.089 INFO:teuthology.orchestra.run.smithi113.stdout:/usr/bin/ceph: stderr
2024-04-22T07:06:03.235+0000 7f27b0d99700 1 -- 172.21.15.113:0/21145674 <== mon.0 v2:172.21.15.113:3300/0 1 ==== mon_map magic: 0 ==== 205+0+0 (secure 0 0 0) 0x7f27a40036a0 con 0x7f27b4107610
2024-04-22T07:06:04.089 INFO:teuthology.orchestra.run.smithi113.stdout:/usr/bin/ceph: stderr
2024-04-22T07:06:03.235+0000 7f27b0d99700 1 -- 172.21.15.113:0/21145674 <== mon.0 v2:172.21.15.113:3300/0 2 ==== config(27 keys) ==== 1135+0+0 (secure 0 0 0) 0x7f27a401a430 con 0x7f27b4107610
2024-04-22T07:06:04.089 INFO:teuthology.orchestra.run.smithi113.stdout:/usr/bin/ceph: stderr
2024-04-22T07:06:03.235+0000 7f27b9173700 1 -- 172.21.15.113:0/21145674 --> [v2:172.21.15.113:3300/0,v1:172.21.15.113:6789/0] -- mon_subscribe({mgrmap=0+}) -- 0x7f27b419f520 con 0x7f27b4107610
2024-04-22T07:06:04.089 INFO:teuthology.orchestra.run.smithi113.stdout:/usr/bin/ceph: stderr
2024-04-22T07:06:03.235+0000 7f27b0d99700 1 -- 172.21.15.113:0/21145674 <== mon.0 v2:172.21.15.113:3300/0 3 ==== mon_map magic: 0 ==== 205+0+0 (secure 0 0 0) 0x7f27a40193c0 con 0x7f27b4107610
2024-04-22T07:06:04.089 INFO:teuthology.orchestra.run.smithi113.stdout:/usr/bin/ceph: stderr
2024-04-22T07:06:03.235+0000 7f27b9173700 1 -- 172.21.15.113:0/21145674 --> [v2:172.21.15.113:3300/0,v1:172.21.15.113:6789/0] -- mon_subscribe({osdmap=0}) -- 0x7f27b419f940 con 0x7f27b4107610
2024-04-22T07:06:04.090 INFO:teuthology.orchestra.run.smithi113.stdout:/usr/bin/ceph: stderr
2024-04-22T07:06:03.236+0000 7f27b0d99700 1 -- 172.21.15.113:0/21145674 <== mon.0 v2:172.21.15.113:3300/0 4 ==== mgrmap(e 13) ==== 46615+0+0 (secure 0 0 0) 0x7f27a4019670 con 0x7f27b4107610
2024-04-22T07:06:04.090 INFO:teuthology.orchestra.run.smithi113.stdout:/usr/bin/ceph: stderr
2024-04-22T07:06:03.236+0000 7f27b9173700 1 -- 172.21.15.113:0/21145674 --> [v2:172.21.15.113:3300/0,v1:172.21.15.113:6789/0] -- mon_command({"prefix": "get_command_descriptions"} v 0) -- 0x7f27b40681b0 con 0x7f27b4107610
2024-04-22T07:06:04.090 INFO:teuthology.orchestra.run.smithi113.stdout:/usr/bin/ceph: stderr
2024-04-22T07:06:03.236+0000 7f27b0d99700 1 --2- 172.21.15.113:0/21145674 >> [v2:172.21.15.113:6800/610623186,v1:172.21.15.113:6801/610623186] conn(0x7f27a0039650 0x7f27a003bb10 unknown :-1 s=NONE pgs=0 cs=0 l=1 rev1=0 crypto rx=0 tx=0 comp rx=0 tx=0).connect
2024-04-22T07:06:04.090 INFO:teuthology.orchestra.run.smithi113.stdout:/usr/bin/ceph: stderr
2024-04-22T07:06:03.237+0000 7f27b0d99700 1 -- 172.21.15.113:0/21145674 <== mon.0 v2:172.21.15.113:3300/0 5 ==== osd_map(3..3 src has 1..3) ==== 1155+0+0 (secure 0 0 0) 0x7f27a404da40 con 0x7f27b4107610
2024-04-22T07:06:04.090 INFO:teuthology.orchestra.run.smithi113.stdout:/usr/bin/ceph: stderr
2024-04-22T07:06:03.237+0000 7f27aa59c700 1 --2- 172.21.15.113:0/21145674 >> [v2:172.21.15.113:6800/610623186,v1:172.21.15.113:6801/610623186] conn(0x7f27a0039650 0x7f27a003bb10 unknown :-1 s=BANNER_CONNECTING pgs=0 cs=0 l=1 rev1=0 crypto rx=0 tx=0 comp rx=0 tx=0)._handle_peer_banner_payload supported=3 required=0
2024-04-22T07:06:04.090 INFO:teuthology.orchestra.run.smithi113.stdout:/usr/bin/ceph: stderr
2024-04-22T07:06:03.237+0000 7f27aa59c700 1 --2- 172.21.15.113:0/21145674 >> [v2:172.21.15.113:6800/610623186,v1:172.21.15.113:6801/610623186] conn(0x7f27a0039650 0x7f27a003bb10 secure :-1 s=READY pgs=11 cs=0 l=1 rev1=1 crypto rx=0x7f279c006fd0 tx=0x7f279c006e40 comp rx=0 tx=0).ready entity=mgr.14150 client_cookie=0 server_cookie=0 in_seq=0 out_seq=0
2024-04-22T07:06:04.090 INFO:teuthology.orchestra.run.smithi113.stdout:/usr/bin/ceph: stderr
2024-04-22T07:06:03.242+0000 7f27b0d99700 1 -- 172.21.15.113:0/21145674 <== mon.0 v2:172.21.15.113:3300/0 6 ==== mon_command_ack([{"prefix": "get_command_descriptions"}]=0 v0) ==== 72+0+188370 (secure 0 0 0) 0x7f27a4020240 con 0x7f27b4107610
2024-04-22T07:06:04.090 INFO:teuthology.orchestra.run.smithi113.stdout:/usr/bin/ceph: stderr
2024-04-22T07:06:03.552+0000 7f27b9173700 1 -- 172.21.15.113:0/21145674 --> [v2:172.21.15.113:3300/0,v1:172.21.15.113:6789/0] -- mon_command([{prefix=config-key set, key=mgr/dashboard/cluster/status}] v 0) -- 0x7f27b419fd50 con 0x7f27b4107610
2024-04-22T07:06:04.090 INFO:teuthology.orchestra.run.smithi113.stdout:/usr/bin/ceph: stderr
2024-04-22T07:06:03.555+0000 7f27b0d99700 1 -- 172.21.15.113:0/21145674 <== mon.0 v2:172.21.15.113:3300/0 7 ==== mon_command_ack([{prefix=config-key set, key=mgr/dashboard/cluster/status}]=0 set mgr/dashboard/cluster/status v27)=0 set mgr/dashboard/cluster/status v27) ==== 153+0+0 (secure 0 0 0) 0x7f27a404de20 con 0x7f27b4107610
2024-04-22T07:06:04.090 INFO:teuthology.orchestra.run.smithi113.stdout:/usr/bin/ceph: stderr
2024-04-22T07:06:03.557+0000 7f27b9173700 1 -- 172.21.15.113:0/21145674 >> [v2:172.21.15.113:6800/610623186,v1:172.21.15.113:6801/610623186] conn(0x7f27a0039650 msgr2=0x7f27a003bb10 secure :-1 s=STATE_CONNECTION_ESTABLISHED l=1).mark_down
2024-04-22T07:06:04.090 INFO:teuthology.orchestra.run.smithi113.stdout:/usr/bin/ceph: stderr
2024-04-22T07:06:03.557+0000 7f27b9173700 1 --2- 172.21.15.113:0/21145674 >> [v2:172.21.15.113:6800/610623186,v1:172.21.15.113:6801/610623186] conn(0x7f27a0039650 0x7f27a003bb10 secure :-1 s=READY pgs=11 cs=0 l=1 rev1=1 crypto rx=0x7f279c006fd0 tx=0x7f279c006e40 comp rx=0 tx=0).stop
2024-04-22T07:06:04.090 INFO:teuthology.orchestra.run.smithi113.stdout:/usr/bin/ceph: stderr
2024-04-22T07:06:03.557+0000 7f27b9173700 1 -- 172.21.15.113:0/21145674 >> [v2:172.21.15.113:3300/0,v1:172.21.15.113:6789/0] conn(0x7f27b4107610 msgr2=0x7f27b407ca50 secure :-1 s=STATE_CONNECTION_ESTABLISHED l=1).mark_down
2024-04-22T07:06:04.090 INFO:teuthology.orchestra.run.smithi113.stdout:/usr/bin/ceph: stderr
2024-04-22T07:06:03.557+0000 7f27b9173700 1 --2- 172.21.15.113:0/21145674 >> [v2:172.21.15.113:3300/0,v1:172.21.15.113:6789/0] conn(0x7f27b4107610 0x7f27b407ca50 secure :-1 s=READY pgs=77 cs=0 l=1 rev1=1 crypto rx=0x7f27a4009520 tx=0x7f27a4003eb0 comp rx=0 tx=0).stop
2024-04-22T07:06:04.091 INFO:teuthology.orchestra.run.smithi113.stdout:/usr/bin/ceph: stderr
2024-04-22T07:06:03.557+0000 7f27b9173700 1 -- 172.21.15.113:0/21145674 shutdown_connections
2024-04-22T07:06:04.091 INFO:teuthology.orchestra.run.smithi113.stdout:/usr/bin/ceph: stderr
2024-04-22T07:06:03.557+0000 7f27b9173700 1 --2- 172.21.15.113:0/21145674 >> [v2:172.21.15.113:6800/610623186,v1:172.21.15.113:6801/610623186] conn(0x7f27a0039650 0x7f27a003bb10 unknown :-1 s=CLOSED pgs=11 cs=0 l=1 rev1=1 crypto rx=0 tx=0 comp rx=0 tx=0).stop
2024-04-22T07:06:04.091 INFO:teuthology.orchestra.run.smithi113.stdout:/usr/bin/ceph: stderr
2024-04-22T07:06:03.557+0000 7f27b9173700 1 --2- 172.21.15.113:0/21145674 >> [v2:172.21.15.113:3300/0,v1:172.21.15.113:6789/0] conn(0x7f27b4107610 0x7f27b407ca50 unknown :-1 s=CLOSED pgs=77 cs=0 l=1 rev1=1 crypto rx=0 tx=0 comp rx=0 tx=0).stop
2024-04-22T07:06:04.091 INFO:teuthology.orchestra.run.smithi113.stdout:/usr/bin/ceph: stderr
2024-04-22T07:06:03.557+0000 7f27b9173700 1 -- 172.21.15.113:0/21145674 >> 172.21.15.113:0/21145674 conn(0x7f27b4102c10 msgr2=0x7f27b41036b0 unknown :-1 s=STATE_NONE l=0).mark_down
2024-04-22T07:06:04.091 INFO:teuthology.orchestra.run.smithi113.stdout:/usr/bin/ceph: stderr
2024-04-22T07:06:03.557+0000 7f27b9173700 1 -- 172.21.15.113:0/21145674 shutdown_connections
2024-04-22T07:06:04.091 INFO:teuthology.orchestra.run.smithi113.stdout:/usr/bin/ceph: stderr
2024-04-22T07:06:03.557+0000 7f27b9173700 1 -- 172.21.15.113:0/21145674 wait complete.
2024-04-22T07:06:04.091 INFO:teuthology.orchestra.run.smithi113.stdout:/usr/bin/ceph: stderr set mgr/dashboard/cluster/status
2024-04-22T07:06:04.091 INFO:teuthology.orchestra.run.smithi113.stdout:You can access the Ceph CLI as following in case of multi-cluster or non-default config:
2024-04-22T07:06:04.091 INFO:teuthology.orchestra.run.smithi113.stdout:
2024-04-22T07:06:04.091 INFO:teuthology.orchestra.run.smithi113.stdout: sudo /home/ubuntu/cephtest/cephadm shell --fsid 81035712-0076-11ef-bc93-c7b262605968 -c /etc/ceph/ceph.conf -k /etc/ceph/ceph.client.admin.keyring
2024-04-22T07:06:04.091 INFO:teuthology.orchestra.run.smithi113.stdout:
2024-04-22T07:06:04.091 INFO:teuthology.orchestra.run.smithi113.stdout:Or, if you are only running a single cluster on this host:
2024-04-22T07:06:04.091 INFO:teuthology.orchestra.run.smithi113.stdout:
2024-04-22T07:06:04.091 INFO:teuthology.orchestra.run.smithi113.stdout: sudo /home/ubuntu/cephtest/cephadm shell
2024-04-22T07:06:04.091 INFO:teuthology.orchestra.run.smithi113.stdout:
2024-04-22T07:06:04.092 INFO:teuthology.orchestra.run.smithi113.stdout:Please consider enabling telemetry to help improve Ceph:
2024-04-22T07:06:04.092 INFO:teuthology.orchestra.run.smithi113.stdout:
2024-04-22T07:06:04.092 INFO:teuthology.orchestra.run.smithi113.stdout: ceph telemetry on
2024-04-22T07:06:04.092 INFO:teuthology.orchestra.run.smithi113.stdout:
2024-04-22T07:06:04.092 INFO:teuthology.orchestra.run.smithi113.stdout:For more information see:
2024-04-22T07:06:04.092 INFO:teuthology.orchestra.run.smithi113.stdout:
2024-04-22T07:06:04.092 INFO:teuthology.orchestra.run.smithi113.stdout: https://docs.ceph.com/en/latest/mgr/telemetry/
2024-04-22T07:06:04.092 INFO:teuthology.orchestra.run.smithi113.stdout:
2024-04-22T07:06:04.092 INFO:teuthology.orchestra.run.smithi113.stdout:Bootstrap complete.
2024-04-22T07:06:04.126 INFO:tasks.cephadm:Fetching config...
2024-04-22T07:06:04.126 DEBUG:teuthology.orchestra.run.smithi113:> set -ex
2024-04-22T07:06:04.126 DEBUG:teuthology.orchestra.run.smithi113:> dd if=/etc/ceph/ceph.conf of=/dev/stdout
2024-04-22T07:06:04.142 INFO:tasks.cephadm:Fetching client.admin keyring...
2024-04-22T07:06:04.142 DEBUG:teuthology.orchestra.run.smithi113:> set -ex
2024-04-22T07:06:04.142 DEBUG:teuthology.orchestra.run.smithi113:> dd if=/etc/ceph/ceph.client.admin.keyring of=/dev/stdout
2024-04-22T07:06:04.197 INFO:tasks.cephadm:Fetching mon keyring...
2024-04-22T07:06:04.226 DEBUG:teuthology.orchestra.run.smithi113:> set -ex
2024-04-22T07:06:04.226 DEBUG:teuthology.orchestra.run.smithi113:> sudo dd if=/var/lib/ceph/81035712-0076-11ef-bc93-c7b262605968/mon.a/keyring of=/dev/stdout
2024-04-22T07:06:04.260 INFO:tasks.cephadm:Fetching pub ssh key...
2024-04-22T07:06:04.260 DEBUG:teuthology.orchestra.run.smithi113:> set -ex
2024-04-22T07:06:04.260 DEBUG:teuthology.orchestra.run.smithi113:> dd if=/home/ubuntu/cephtest/ceph.pub of=/dev/stdout
2024-04-22T07:06:04.316 INFO:tasks.cephadm:Installing pub ssh key for root users...
2024-04-22T07:06:04.316 DEBUG:teuthology.orchestra.run.smithi113:> sudo install -d -m 0700 /root/.ssh && echo 'ssh-rsa AAAAB3NzaC1yc2EAAAADAQABAAABgQDGnGbmeNSdBIx2hte8nZEGYQyO1olrIY1/I/YOflOwtpR8bwNHPJb+PYkvCwokgI8oZJUhuXJlbaFBDEtbGMWwM1w2xDudZ2UFUUf0yUSCZLNnlQPk2MU1TrMn8Vb9Pxh+GS9RIrWYRdiFXqimhXp29pyMVo0SlHSsLXfyeAPlv88V02Vus3NcgTgq9oO6nu4O+MvSDxU/lEbDrQGsFr6g/MHTecd+DJf71PjMvGVFzTTvsY0dkQDhivQb1hGEFlP6v14MOKMRI0CPvHDXkqI3VpJQTV8LiIPB7MYaCouz1SToNlk6TLsuMnBsNalNDdwZw94qfbeCKiQOqjActE7wGvqlaWJnc0isN7LgsjcsDO1w7IoK6IzJoQqNH2eduY7xH4TuSw96u5MWlM4mkltLYbRvkQzE6hU/HqIaGaV/mgeWiN2+Y8kBMndb/V3R22GYu/sM9V2jZhkEWbOCWtKxrYAIH0zZXHO3Kcqb0qTV6OY5fsDGQGUGM36yujHfEuE= ceph-81035712-0076-11ef-bc93-c7b262605968' | sudo tee -a /root/.ssh/authorized_keys && sudo chmod 0600 /root/.ssh/authorized_keys
2024-04-22T07:06:04.388 INFO:teuthology.orchestra.run.smithi113.stdout:ssh-rsa AAAAB3NzaC1yc2EAAAADAQABAAABgQDGnGbmeNSdBIx2hte8nZEGYQyO1olrIY1/I/YOflOwtpR8bwNHPJb+PYkvCwokgI8oZJUhuXJlbaFBDEtbGMWwM1w2xDudZ2UFUUf0yUSCZLNnlQPk2MU1TrMn8Vb9Pxh+GS9RIrWYRdiFXqimhXp29pyMVo0SlHSsLXfyeAPlv88V02Vus3NcgTgq9oO6nu4O+MvSDxU/lEbDrQGsFr6g/MHTecd+DJf71PjMvGVFzTTvsY0dkQDhivQb1hGEFlP6v14MOKMRI0CPvHDXkqI3VpJQTV8LiIPB7MYaCouz1SToNlk6TLsuMnBsNalNDdwZw94qfbeCKiQOqjActE7wGvqlaWJnc0isN7LgsjcsDO1w7IoK6IzJoQqNH2eduY7xH4TuSw96u5MWlM4mkltLYbRvkQzE6hU/HqIaGaV/mgeWiN2+Y8kBMndb/V3R22GYu/sM9V2jZhkEWbOCWtKxrYAIH0zZXHO3Kcqb0qTV6OY5fsDGQGUGM36yujHfEuE= ceph-81035712-0076-11ef-bc93-c7b262605968
2024-04-22T07:06:04.399 DEBUG:teuthology.orchestra.run.smithi133:> sudo install -d -m 0700 /root/.ssh && echo 'ssh-rsa AAAAB3NzaC1yc2EAAAADAQABAAABgQDGnGbmeNSdBIx2hte8nZEGYQyO1olrIY1/I/YOflOwtpR8bwNHPJb+PYkvCwokgI8oZJUhuXJlbaFBDEtbGMWwM1w2xDudZ2UFUUf0yUSCZLNnlQPk2MU1TrMn8Vb9Pxh+GS9RIrWYRdiFXqimhXp29pyMVo0SlHSsLXfyeAPlv88V02Vus3NcgTgq9oO6nu4O+MvSDxU/lEbDrQGsFr6g/MHTecd+DJf71PjMvGVFzTTvsY0dkQDhivQb1hGEFlP6v14MOKMRI0CPvHDXkqI3VpJQTV8LiIPB7MYaCouz1SToNlk6TLsuMnBsNalNDdwZw94qfbeCKiQOqjActE7wGvqlaWJnc0isN7LgsjcsDO1w7IoK6IzJoQqNH2eduY7xH4TuSw96u5MWlM4mkltLYbRvkQzE6hU/HqIaGaV/mgeWiN2+Y8kBMndb/V3R22GYu/sM9V2jZhkEWbOCWtKxrYAIH0zZXHO3Kcqb0qTV6OY5fsDGQGUGM36yujHfEuE= ceph-81035712-0076-11ef-bc93-c7b262605968' | sudo tee -a /root/.ssh/authorized_keys && sudo chmod 0600 /root/.ssh/authorized_keys
2024-04-22T07:06:04.438 INFO:teuthology.orchestra.run.smithi133.stdout:ssh-rsa AAAAB3NzaC1yc2EAAAADAQABAAABgQDGnGbmeNSdBIx2hte8nZEGYQyO1olrIY1/I/YOflOwtpR8bwNHPJb+PYkvCwokgI8oZJUhuXJlbaFBDEtbGMWwM1w2xDudZ2UFUUf0yUSCZLNnlQPk2MU1TrMn8Vb9Pxh+GS9RIrWYRdiFXqimhXp29pyMVo0SlHSsLXfyeAPlv88V02Vus3NcgTgq9oO6nu4O+MvSDxU/lEbDrQGsFr6g/MHTecd+DJf71PjMvGVFzTTvsY0dkQDhivQb1hGEFlP6v14MOKMRI0CPvHDXkqI3VpJQTV8LiIPB7MYaCouz1SToNlk6TLsuMnBsNalNDdwZw94qfbeCKiQOqjActE7wGvqlaWJnc0isN7LgsjcsDO1w7IoK6IzJoQqNH2eduY7xH4TuSw96u5MWlM4mkltLYbRvkQzE6hU/HqIaGaV/mgeWiN2+Y8kBMndb/V3R22GYu/sM9V2jZhkEWbOCWtKxrYAIH0zZXHO3Kcqb0qTV6OY5fsDGQGUGM36yujHfEuE= ceph-81035712-0076-11ef-bc93-c7b262605968
2024-04-22T07:06:04.450 DEBUG:teuthology.orchestra.run.smithi154:> sudo install -d -m 0700 /root/.ssh && echo 'ssh-rsa AAAAB3NzaC1yc2EAAAADAQABAAABgQDGnGbmeNSdBIx2hte8nZEGYQyO1olrIY1/I/YOflOwtpR8bwNHPJb+PYkvCwokgI8oZJUhuXJlbaFBDEtbGMWwM1w2xDudZ2UFUUf0yUSCZLNnlQPk2MU1TrMn8Vb9Pxh+GS9RIrWYRdiFXqimhXp29pyMVo0SlHSsLXfyeAPlv88V02Vus3NcgTgq9oO6nu4O+MvSDxU/lEbDrQGsFr6g/MHTecd+DJf71PjMvGVFzTTvsY0dkQDhivQb1hGEFlP6v14MOKMRI0CPvHDXkqI3VpJQTV8LiIPB7MYaCouz1SToNlk6TLsuMnBsNalNDdwZw94qfbeCKiQOqjActE7wGvqlaWJnc0isN7LgsjcsDO1w7IoK6IzJoQqNH2eduY7xH4TuSw96u5MWlM4mkltLYbRvkQzE6hU/HqIaGaV/mgeWiN2+Y8kBMndb/V3R22GYu/sM9V2jZhkEWbOCWtKxrYAIH0zZXHO3Kcqb0qTV6OY5fsDGQGUGM36yujHfEuE= ceph-81035712-0076-11ef-bc93-c7b262605968' | sudo tee -a /root/.ssh/authorized_keys && sudo chmod 0600 /root/.ssh/authorized_keys
2024-04-22T07:06:04.488 INFO:teuthology.orchestra.run.smithi154.stdout:ssh-rsa AAAAB3NzaC1yc2EAAAADAQABAAABgQDGnGbmeNSdBIx2hte8nZEGYQyO1olrIY1/I/YOflOwtpR8bwNHPJb+PYkvCwokgI8oZJUhuXJlbaFBDEtbGMWwM1w2xDudZ2UFUUf0yUSCZLNnlQPk2MU1TrMn8Vb9Pxh+GS9RIrWYRdiFXqimhXp29pyMVo0SlHSsLXfyeAPlv88V02Vus3NcgTgq9oO6nu4O+MvSDxU/lEbDrQGsFr6g/MHTecd+DJf71PjMvGVFzTTvsY0dkQDhivQb1hGEFlP6v14MOKMRI0CPvHDXkqI3VpJQTV8LiIPB7MYaCouz1SToNlk6TLsuMnBsNalNDdwZw94qfbeCKiQOqjActE7wGvqlaWJnc0isN7LgsjcsDO1w7IoK6IzJoQqNH2eduY7xH4TuSw96u5MWlM4mkltLYbRvkQzE6hU/HqIaGaV/mgeWiN2+Y8kBMndb/V3R22GYu/sM9V2jZhkEWbOCWtKxrYAIH0zZXHO3Kcqb0qTV6OY5fsDGQGUGM36yujHfEuE= ceph-81035712-0076-11ef-bc93-c7b262605968
2024-04-22T07:06:04.500 DEBUG:teuthology.orchestra.run.smithi113:> sudo /home/ubuntu/cephtest/cephadm --image quay-quay-quay.apps.os.sepia.ceph.com/ceph-ci/ceph:86f7587a5a09af35f0895e1a2d08527638fae697 shell -c /etc/ceph/ceph.conf -k /etc/ceph/ceph.client.admin.keyring --fsid 81035712-0076-11ef-bc93-c7b262605968 -- ceph config set mgr mgr/cephadm/allow_ptrace true
2024-04-22T07:06:04.640 INFO:journalctl@ceph.mon.a.smithi113.stdout:Apr 22 07:06:04 smithi113 ceph-mon[27933]: from='client.? 172.21.15.113:0/21145674' entity='client.admin'
2024-04-22T07:06:04.740 INFO:teuthology.orchestra.run.smithi113.stderr:Inferring config /var/lib/ceph/81035712-0076-11ef-bc93-c7b262605968/mon.a/config
2024-04-22T07:06:06.960 INFO:teuthology.orchestra.run.smithi113.stderr:2024-04-22T07:06:06.960+0000 7f3089c9e700 1 -- 172.21.15.113:0/1832317233 >> [v2:172.21.15.113:3300/0,v1:172.21.15.113:6789/0] conn(0x7f30841024b0 msgr2=0x7f30841028d0 secure :-1 s=STATE_CONNECTION_ESTABLISHED l=1).mark_down
2024-04-22T07:06:06.960 INFO:teuthology.orchestra.run.smithi113.stderr:2024-04-22T07:06:06.960+0000 7f3089c9e700 1 --2- 172.21.15.113:0/1832317233 >> [v2:172.21.15.113:3300/0,v1:172.21.15.113:6789/0] conn(0x7f30841024b0 0x7f30841028d0 secure :-1 s=READY pgs=78 cs=0 l=1 rev1=1 crypto rx=0x7f3074009910 tx=0x7f3074009c20 comp rx=0 tx=0).stop
2024-04-22T07:06:06.960 INFO:teuthology.orchestra.run.smithi113.stderr:2024-04-22T07:06:06.960+0000 7f3089c9e700 1 -- 172.21.15.113:0/1832317233 shutdown_connections
2024-04-22T07:06:06.960 INFO:teuthology.orchestra.run.smithi113.stderr:2024-04-22T07:06:06.960+0000 7f3089c9e700 1 --2- 172.21.15.113:0/1832317233 >> [v2:172.21.15.113:3300/0,v1:172.21.15.113:6789/0] conn(0x7f30841024b0 0x7f30841028d0 unknown :-1 s=CLOSED pgs=78 cs=0 l=1 rev1=1 crypto rx=0 tx=0 comp rx=0 tx=0).stop
2024-04-22T07:06:06.960 INFO:teuthology.orchestra.run.smithi113.stderr:2024-04-22T07:06:06.960+0000 7f3089c9e700 1 -- 172.21.15.113:0/1832317233 >> 172.21.15.113:0/1832317233 conn(0x7f30840fda70 msgr2=0x7f30840ffe90 unknown :-1 s=STATE_NONE l=0).mark_down
2024-04-22T07:06:06.960 INFO:teuthology.orchestra.run.smithi113.stderr:2024-04-22T07:06:06.960+0000 7f3089c9e700 1 -- 172.21.15.113:0/1832317233 shutdown_connections
2024-04-22T07:06:06.960 INFO:teuthology.orchestra.run.smithi113.stderr:2024-04-22T07:06:06.960+0000 7f3089c9e700 1 -- 172.21.15.113:0/1832317233 wait complete.
2024-04-22T07:06:06.960 INFO:teuthology.orchestra.run.smithi113.stderr:2024-04-22T07:06:06.961+0000 7f3089c9e700 1 Processor -- start
2024-04-22T07:06:06.960 INFO:teuthology.orchestra.run.smithi113.stderr:2024-04-22T07:06:06.961+0000 7f3089c9e700 1 -- start start
2024-04-22T07:06:06.960 INFO:teuthology.orchestra.run.smithi113.stderr:2024-04-22T07:06:06.961+0000 7f3089c9e700 1 --2- >> [v2:172.21.15.113:3300/0,v1:172.21.15.113:6789/0] conn(0x7f30840766c0 0x7f3084074e30 unknown :-1 s=NONE pgs=0 cs=0 l=1 rev1=0 crypto rx=0 tx=0 comp rx=0 tx=0).connect
2024-04-22T07:06:06.960 INFO:teuthology.orchestra.run.smithi113.stderr:2024-04-22T07:06:06.961+0000 7f3089c9e700 1 -- --> [v2:172.21.15.113:3300/0,v1:172.21.15.113:6789/0] -- mon_getmap magic: 0 -- 0x7f3084108530 con 0x7f30840766c0
2024-04-22T07:06:06.961 INFO:teuthology.orchestra.run.smithi113.stderr:2024-04-22T07:06:06.961+0000 7f30837fe700 1 --2- >> [v2:172.21.15.113:3300/0,v1:172.21.15.113:6789/0] conn(0x7f30840766c0 0x7f3084074e30 unknown :-1 s=BANNER_CONNECTING pgs=0 cs=0 l=1 rev1=0 crypto rx=0 tx=0 comp rx=0 tx=0)._handle_peer_banner_payload supported=3 required=0
2024-04-22T07:06:06.961 INFO:teuthology.orchestra.run.smithi113.stderr:2024-04-22T07:06:06.961+0000 7f30837fe700 1 --2- >> [v2:172.21.15.113:3300/0,v1:172.21.15.113:6789/0] conn(0x7f30840766c0 0x7f3084074e30 unknown :-1 s=HELLO_CONNECTING pgs=0 cs=0 l=1 rev1=1 crypto rx=0 tx=0 comp rx=0 tx=0).handle_hello peer v2:172.21.15.113:3300/0 says I am v2:172.21.15.113:50114/0 (socket says 172.21.15.113:50114)
2024-04-22T07:06:06.961 INFO:teuthology.orchestra.run.smithi113.stderr:2024-04-22T07:06:06.961+0000 7f30837fe700 1 -- 172.21.15.113:0/3491813263 learned_addr learned my addr 172.21.15.113:0/3491813263 (peer_addr_for_me v2:172.21.15.113:0/0)
2024-04-22T07:06:06.961 INFO:teuthology.orchestra.run.smithi113.stderr:2024-04-22T07:06:06.962+0000 7f30837fe700 1 -- 172.21.15.113:0/3491813263 --> [v2:172.21.15.113:3300/0,v1:172.21.15.113:6789/0] -- mon_subscribe({config=0+,monmap=0+}) -- 0x7f3084076ae0 con 0x7f30840766c0
2024-04-22T07:06:06.961 INFO:teuthology.orchestra.run.smithi113.stderr:2024-04-22T07:06:06.962+0000 7f30837fe700 1 --2- 172.21.15.113:0/3491813263 >> [v2:172.21.15.113:3300/0,v1:172.21.15.113:6789/0] conn(0x7f30840766c0 0x7f3084074e30 secure :-1 s=READY pgs=79 cs=0 l=1 rev1=1 crypto rx=0x7f3074000c00 tx=0x7f3074009e60 comp rx=0 tx=0).ready entity=mon.0 client_cookie=0 server_cookie=0 in_seq=0 out_seq=0
2024-04-22T07:06:06.961 INFO:teuthology.orchestra.run.smithi113.stderr:2024-04-22T07:06:06.962+0000 7f30817fa700 1 -- 172.21.15.113:0/3491813263 <== mon.0 v2:172.21.15.113:3300/0 1 ==== mon_map magic: 0 ==== 205+0+0 (secure 0 0 0) 0x7f3074027070 con 0x7f30840766c0
2024-04-22T07:06:06.961 INFO:teuthology.orchestra.run.smithi113.stderr:2024-04-22T07:06:06.962+0000 7f30817fa700 1 -- 172.21.15.113:0/3491813263 <== mon.0 v2:172.21.15.113:3300/0 2 ==== config(27 keys) ==== 1135+0+0 (secure 0 0 0) 0x7f3074022470 con 0x7f30840766c0
2024-04-22T07:06:06.961 INFO:teuthology.orchestra.run.smithi113.stderr:2024-04-22T07:06:06.962+0000 7f3089c9e700 1 -- 172.21.15.113:0/3491813263 --> [v2:172.21.15.113:3300/0,v1:172.21.15.113:6789/0] -- mon_subscribe({mgrmap=0+}) -- 0x7f3084075370 con 0x7f30840766c0
2024-04-22T07:06:06.961 INFO:teuthology.orchestra.run.smithi113.stderr:2024-04-22T07:06:06.962+0000 7f30817fa700 1 -- 172.21.15.113:0/3491813263 <== mon.0 v2:172.21.15.113:3300/0 3 ==== mon_map magic: 0 ==== 205+0+0 (secure 0 0 0) 0x7f307400f5d0 con 0x7f30840766c0
2024-04-22T07:06:06.961 INFO:teuthology.orchestra.run.smithi113.stderr:2024-04-22T07:06:06.962+0000 7f3089c9e700 1 -- 172.21.15.113:0/3491813263 --> [v2:172.21.15.113:3300/0,v1:172.21.15.113:6789/0] -- mon_subscribe({osdmap=0}) -- 0x7f3084075850 con 0x7f30840766c0
2024-04-22T07:06:06.962 INFO:teuthology.orchestra.run.smithi113.stderr:2024-04-22T07:06:06.963+0000 7f30817fa700 1 -- 172.21.15.113:0/3491813263 <== mon.0 v2:172.21.15.113:3300/0 4 ==== mgrmap(e 13) ==== 46615+0+0 (secure 0 0 0) 0x7f307402a070 con 0x7f30840766c0
2024-04-22T07:06:06.962 INFO:teuthology.orchestra.run.smithi113.stderr:2024-04-22T07:06:06.963+0000 7f3089c9e700 1 -- 172.21.15.113:0/3491813263 --> [v2:172.21.15.113:3300/0,v1:172.21.15.113:6789/0] -- mon_command({"prefix": "get_command_descriptions"} v 0) -- 0x7f3084076cb0 con 0x7f30840766c0
