2024-04-22T13:14:49.541+0000 7fd46affd700 1 -- 172.21.15.12:0/2147293267 <== mon.0 v2:172.21.15.12:3300/0 2 ==== config(26 keys) ==== 1070+0+0 (secure 0 0 0) 0x7fd470003a50 con 0x7fd4741067f0
2024-04-22T13:14:50.515 INFO:teuthology.orchestra.run.smithi012.stdout:/usr/bin/ceph: stderr
2024-04-22T13:14:49.541+0000 7fd46affd700 1 -- 172.21.15.12:0/2147293267 <== mon.0 v2:172.21.15.12:3300/0 3 ==== mon_map magic: 0 ==== 205+0+0 (secure 0 0 0) 0x7fd47001a5c0 con 0x7fd4741067f0
2024-04-22T13:14:50.515 INFO:teuthology.orchestra.run.smithi012.stdout:/usr/bin/ceph: stderr
2024-04-22T13:14:49.541+0000 7fd47bee7700 1 -- 172.21.15.12:0/2147293267 --> [v2:172.21.15.12:3300/0,v1:172.21.15.12:6789/0] -- mon_subscribe({osdmap=0}) -- 0x7fd47419f920 con 0x7fd4741067f0
2024-04-22T13:14:50.515 INFO:teuthology.orchestra.run.smithi012.stdout:/usr/bin/ceph: stderr
2024-04-22T13:14:49.542+0000 7fd46affd700 1 -- 172.21.15.12:0/2147293267 <== mon.0 v2:172.21.15.12:3300/0 4 ==== mgrmap(e 8) ==== 46558+0+0 (secure 0 0 0) 0x7fd470024430 con 0x7fd4741067f0
2024-04-22T13:14:50.515 INFO:teuthology.orchestra.run.smithi012.stdout:/usr/bin/ceph: stderr
2024-04-22T13:14:49.542+0000 7fd47bee7700 1 -- 172.21.15.12:0/2147293267 --> [v2:172.21.15.12:3300/0,v1:172.21.15.12:6789/0] -- mon_command({"prefix": "get_command_descriptions"} v 0) -- 0x7fd4740640a0 con 0x7fd4741067f0
2024-04-22T13:14:50.515 INFO:teuthology.orchestra.run.smithi012.stdout:/usr/bin/ceph: stderr
2024-04-22T13:14:49.542+0000 7fd46affd700 1 --2- 172.21.15.12:0/2147293267 >> [v2:172.21.15.12:6800/2009831940,v1:172.21.15.12:6801/2009831940] conn(0x7fd460039560 0x7fd46003ba20 unknown :-1 s=NONE pgs=0 cs=0 l=1 rev1=0 crypto rx=0 tx=0 comp rx=0 tx=0).connect
2024-04-22T13:14:50.515 INFO:teuthology.orchestra.run.smithi012.stdout:/usr/bin/ceph: stderr
2024-04-22T13:14:49.542+0000 7fd46affd700 1 -- 172.21.15.12:0/2147293267 <== mon.0 v2:172.21.15.12:3300/0 5 ==== osd_map(2..2 src has 1..2) ==== 940+0+0 (secure 0 0 0) 0x7fd47004dae0 con 0x7fd4741067f0
2024-04-22T13:14:50.515 INFO:teuthology.orchestra.run.smithi012.stdout:/usr/bin/ceph: stderr
2024-04-22T13:14:49.542+0000 7fd479482700 1 --2- 172.21.15.12:0/2147293267 >> [v2:172.21.15.12:6800/2009831940,v1:172.21.15.12:6801/2009831940] conn(0x7fd460039560 0x7fd46003ba20 unknown :-1 s=BANNER_CONNECTING pgs=0 cs=0 l=1 rev1=0 crypto rx=0 tx=0 comp rx=0 tx=0)._handle_peer_banner_payload supported=3 required=0
2024-04-22T13:14:50.515 INFO:teuthology.orchestra.run.smithi012.stdout:/usr/bin/ceph: stderr
2024-04-22T13:14:49.543+0000 7fd479482700 1 --2- 172.21.15.12:0/2147293267 >> [v2:172.21.15.12:6800/2009831940,v1:172.21.15.12:6801/2009831940] conn(0x7fd460039560 0x7fd46003ba20 secure :-1 s=READY pgs=12 cs=0 l=1 rev1=1 crypto rx=0x7fd464006fd0 tx=0x7fd464006e40 comp rx=0 tx=0).ready entity=mgr.14120 client_cookie=0 server_cookie=0 in_seq=0 out_seq=0
2024-04-22T13:14:50.515 INFO:teuthology.orchestra.run.smithi012.stdout:/usr/bin/ceph: stderr
2024-04-22T13:14:49.548+0000 7fd46affd700 1 -- 172.21.15.12:0/2147293267 <== mon.0 v2:172.21.15.12:3300/0 6 ==== mon_command_ack([{"prefix": "get_command_descriptions"}]=0 v0) ==== 72+0+188370 (secure 0 0 0) 0x7fd47002d910 con 0x7fd4741067f0
2024-04-22T13:14:50.515 INFO:teuthology.orchestra.run.smithi012.stdout:/usr/bin/ceph: stderr
2024-04-22T13:14:49.784+0000 7fd47bee7700 1 -- 172.21.15.12:0/2147293267 --> [v2:172.21.15.12:6800/2009831940,v1:172.21.15.12:6801/2009831940] -- mgr_command(tid 0: {"prefix": "orch apply", "service_type": "mon", "unmanaged": true, "target": ["mon-mgr", ""]}) -- 0x7fd474103300 con 0x7fd460039560
2024-04-22T13:14:50.516 INFO:teuthology.orchestra.run.smithi012.stdout:/usr/bin/ceph: stderr
2024-04-22T13:14:49.791+0000 7fd46affd700 1 -- 172.21.15.12:0/2147293267 <== mgr.14120 v2:172.21.15.12:6800/2009831940 1 ==== mgr_command_reply(tid 0: 0 ) ==== 8+0+24 (secure 0 0 0) 0x7fd474103300 con 0x7fd460039560
2024-04-22T13:14:50.516 INFO:teuthology.orchestra.run.smithi012.stdout:/usr/bin/ceph: stderr
2024-04-22T13:14:49.794+0000 7fd47bee7700 1 -- 172.21.15.12:0/2147293267 >> [v2:172.21.15.12:6800/2009831940,v1:172.21.15.12:6801/2009831940] conn(0x7fd460039560 msgr2=0x7fd46003ba20 secure :-1 s=STATE_CONNECTION_ESTABLISHED l=1).mark_down
2024-04-22T13:14:50.516 INFO:teuthology.orchestra.run.smithi012.stdout:/usr/bin/ceph: stderr
2024-04-22T13:14:49.794+0000 7fd47bee7700 1 --2- 172.21.15.12:0/2147293267 >> [v2:172.21.15.12:6800/2009831940,v1:172.21.15.12:6801/2009831940] conn(0x7fd460039560 0x7fd46003ba20 secure :-1 s=READY pgs=12 cs=0 l=1 rev1=1 crypto rx=0x7fd464006fd0 tx=0x7fd464006e40 comp rx=0 tx=0).stop
2024-04-22T13:14:50.516 INFO:teuthology.orchestra.run.smithi012.stdout:/usr/bin/ceph: stderr
2024-04-22T13:14:49.794+0000 7fd47bee7700 1 -- 172.21.15.12:0/2147293267 >> [v2:172.21.15.12:3300/0,v1:172.21.15.12:6789/0] conn(0x7fd4741067f0 msgr2=0x7fd47419c460 secure :-1 s=STATE_CONNECTION_ESTABLISHED l=1).mark_down
2024-04-22T13:14:50.516 INFO:teuthology.orchestra.run.smithi012.stdout:/usr/bin/ceph: stderr
2024-04-22T13:14:49.794+0000 7fd47bee7700 1 --2- 172.21.15.12:0/2147293267 >> [v2:172.21.15.12:3300/0,v1:172.21.15.12:6789/0] conn(0x7fd4741067f0 0x7fd47419c460 secure :-1 s=READY pgs=48 cs=0 l=1 rev1=1 crypto rx=0x7fd470003f40 tx=0x7fd470011890 comp rx=0 tx=0).stop
2024-04-22T13:14:50.516 INFO:teuthology.orchestra.run.smithi012.stdout:/usr/bin/ceph: stderr
2024-04-22T13:14:49.794+0000 7fd47bee7700 1 -- 172.21.15.12:0/2147293267 shutdown_connections
2024-04-22T13:14:50.516 INFO:teuthology.orchestra.run.smithi012.stdout:/usr/bin/ceph: stderr
2024-04-22T13:14:49.794+0000 7fd47bee7700 1 --2- 172.21.15.12:0/2147293267 >> [v2:172.21.15.12:6800/2009831940,v1:172.21.15.12:6801/2009831940] conn(0x7fd460039560 0x7fd46003ba20 unknown :-1 s=CLOSED pgs=12 cs=0 l=1 rev1=1 crypto rx=0 tx=0 comp rx=0 tx=0).stop
2024-04-22T13:14:50.516 INFO:teuthology.orchestra.run.smithi012.stdout:/usr/bin/ceph: stderr
2024-04-22T13:14:49.794+0000 7fd47bee7700 1 --2- 172.21.15.12:0/2147293267 >> [v2:172.21.15.12:3300/0,v1:172.21.15.12:6789/0] conn(0x7fd4741067f0 0x7fd47419c460 unknown :-1 s=CLOSED pgs=48 cs=0 l=1 rev1=1 crypto rx=0 tx=0 comp rx=0 tx=0).stop
2024-04-22T13:14:50.516 INFO:teuthology.orchestra.run.smithi012.stdout:/usr/bin/ceph: stderr
2024-04-22T13:14:49.794+0000 7fd47bee7700 1 -- 172.21.15.12:0/2147293267 >> 172.21.15.12:0/2147293267 conn(0x7fd474102140 msgr2=0x7fd474102bf0 unknown :-1 s=STATE_NONE l=0).mark_down
2024-04-22T13:14:50.516 INFO:teuthology.orchestra.run.smithi012.stdout:/usr/bin/ceph: stderr
2024-04-22T13:14:49.794+0000 7fd47bee7700 1 -- 172.21.15.12:0/2147293267 shutdown_connections
2024-04-22T13:14:50.516 INFO:teuthology.orchestra.run.smithi012.stdout:/usr/bin/ceph: stderr
2024-04-22T13:14:49.794+0000 7fd47bee7700 1 -- 172.21.15.12:0/2147293267 wait complete.
2024-04-22T13:14:50.516 INFO:teuthology.orchestra.run.smithi012.stdout:Deploying unmanaged mgr service...
2024-04-22T13:14:51.089 INFO:journalctl@ceph.mon.a.smithi012.stdout:Apr 22 13:14:50 smithi012 ceph-mon[28265]: from='client.14142 -' entity='client.admin' cmd=[{"prefix": "orch apply", "service_type": "mon", "unmanaged": true, "target": ["mon-mgr", ""]}]: dispatch
2024-04-22T13:14:51.090 INFO:journalctl@ceph.mon.a.smithi012.stdout:Apr 22 13:14:50 smithi012 ceph-mon[28265]: Saving service mon spec with placement count:5
2024-04-22T13:14:51.090 INFO:journalctl@ceph.mon.a.smithi012.stdout:Apr 22 13:14:50 smithi012 ceph-mon[28265]: from='mgr.14120 172.21.15.12:0/2157619606' entity='mgr.x'
2024-04-22T13:14:52.456 INFO:teuthology.orchestra.run.smithi012.stdout:/usr/bin/ceph: stdout Scheduled mgr update...
2024-04-22T13:14:52.457 INFO:teuthology.orchestra.run.smithi012.stdout:/usr/bin/ceph: stderr
2024-04-22T13:14:51.360+0000 7f93d04a0700 1 Processor -- start
2024-04-22T13:14:52.457 INFO:teuthology.orchestra.run.smithi012.stdout:/usr/bin/ceph: stderr
2024-04-22T13:14:51.360+0000 7f93d04a0700 1 -- start start
2024-04-22T13:14:52.457 INFO:teuthology.orchestra.run.smithi012.stdout:/usr/bin/ceph: stderr
2024-04-22T13:14:51.360+0000 7f93d04a0700 1 --2- >> [v2:172.21.15.12:3300/0,v1:172.21.15.12:6789/0] conn(0x7f93c8107440 0x7f93c8107860 unknown :-1 s=NONE pgs=0 cs=0 l=0 rev1=0 crypto rx=0 tx=0 comp rx=0 tx=0).connect
2024-04-22T13:14:52.457 INFO:teuthology.orchestra.run.smithi012.stdout:/usr/bin/ceph: stderr
2024-04-22T13:14:51.360+0000 7f93d04a0700 1 -- --> [v2:172.21.15.12:3300/0,v1:172.21.15.12:6789/0] -- mon_getmap magic: 0 -- 0x7f93c8107e30 con 0x7f93c8107440
2024-04-22T13:14:52.457 INFO:teuthology.orchestra.run.smithi012.stdout:/usr/bin/ceph: stderr
2024-04-22T13:14:51.361+0000 7f93ce23c700 1 --2- >> [v2:172.21.15.12:3300/0,v1:172.21.15.12:6789/0] conn(0x7f93c8107440 0x7f93c8107860 unknown :-1 s=BANNER_CONNECTING pgs=0 cs=0 l=0 rev1=0 crypto rx=0 tx=0 comp rx=0 tx=0)._handle_peer_banner_payload supported=3 required=0
2024-04-22T13:14:52.457 INFO:teuthology.orchestra.run.smithi012.stdout:/usr/bin/ceph: stderr
2024-04-22T13:14:51.361+0000 7f93ce23c700 1 --2- >> [v2:172.21.15.12:3300/0,v1:172.21.15.12:6789/0] conn(0x7f93c8107440 0x7f93c8107860 unknown :-1 s=HELLO_CONNECTING pgs=0 cs=0 l=0 rev1=1 crypto rx=0 tx=0 comp rx=0 tx=0).handle_hello peer v2:172.21.15.12:3300/0 says I am v2:172.21.15.12:54480/0 (socket says 172.21.15.12:54480)
2024-04-22T13:14:52.457 INFO:teuthology.orchestra.run.smithi012.stdout:/usr/bin/ceph: stderr
2024-04-22T13:14:51.361+0000 7f93ce23c700 1 -- 172.21.15.12:0/952002747 learned_addr learned my addr 172.21.15.12:0/952002747 (peer_addr_for_me v2:172.21.15.12:0/0)
2024-04-22T13:14:52.457 INFO:teuthology.orchestra.run.smithi012.stdout:/usr/bin/ceph: stderr
2024-04-22T13:14:51.361+0000 7f93ce23c700 1 -- 172.21.15.12:0/952002747 --> [v2:172.21.15.12:3300/0,v1:172.21.15.12:6789/0] -- mon_subscribe({config=0+,monmap=0+}) -- 0x7f93c8108640 con 0x7f93c8107440
2024-04-22T13:14:52.457 INFO:teuthology.orchestra.run.smithi012.stdout:/usr/bin/ceph: stderr
2024-04-22T13:14:51.361+0000 7f93ce23c700 1 --2- 172.21.15.12:0/952002747 >> [v2:172.21.15.12:3300/0,v1:172.21.15.12:6789/0] conn(0x7f93c8107440 0x7f93c8107860 secure :-1 s=READY pgs=49 cs=0 l=1 rev1=1 crypto rx=0x7f93c400bb40 tx=0x7f93c400be50 comp rx=0 tx=0).ready entity=mon.0 client_cookie=b0ff7d4866f91334 server_cookie=0 in_seq=0 out_seq=0
2024-04-22T13:14:52.457 INFO:teuthology.orchestra.run.smithi012.stdout:/usr/bin/ceph: stderr
2024-04-22T13:14:51.361+0000 7f93cd23a700 1 -- 172.21.15.12:0/952002747 <== mon.0 v2:172.21.15.12:3300/0 1 ==== mon_map magic: 0 ==== 205+0+0 (secure 0 0 0) 0x7f93c400dbe0 con 0x7f93c8107440
2024-04-22T13:14:52.457 INFO:teuthology.orchestra.run.smithi012.stdout:/usr/bin/ceph: stderr
2024-04-22T13:14:51.361+0000 7f93cd23a700 1 -- 172.21.15.12:0/952002747 <== mon.0 v2:172.21.15.12:3300/0 2 ==== config(26 keys) ==== 1070+0+0 (secure 0 0 0) 0x7f93c40044c0 con 0x7f93c8107440
2024-04-22T13:14:52.457 INFO:teuthology.orchestra.run.smithi012.stdout:/usr/bin/ceph: stderr
2024-04-22T13:14:51.361+0000 7f93cd23a700 1 -- 172.21.15.12:0/952002747 <== mon.0 v2:172.21.15.12:3300/0 3 ==== mon_map magic: 0 ==== 205+0+0 (secure 0 0 0) 0x7f93c4010470 con 0x7f93c8107440
2024-04-22T13:14:52.457 INFO:teuthology.orchestra.run.smithi012.stdout:/usr/bin/ceph: stderr
2024-04-22T13:14:51.362+0000 7f93d04a0700 1 -- 172.21.15.12:0/952002747 >> [v2:172.21.15.12:3300/0,v1:172.21.15.12:6789/0] conn(0x7f93c8107440 msgr2=0x7f93c8107860 secure :-1 s=STATE_CONNECTION_ESTABLISHED l=1).mark_down
2024-04-22T13:14:52.458 INFO:teuthology.orchestra.run.smithi012.stdout:/usr/bin/ceph: stderr
2024-04-22T13:14:51.362+0000 7f93d04a0700 1 --2- 172.21.15.12:0/952002747 >> [v2:172.21.15.12:3300/0,v1:172.21.15.12:6789/0] conn(0x7f93c8107440 0x7f93c8107860 secure :-1 s=READY pgs=49 cs=0 l=1 rev1=1 crypto rx=0x7f93c400bb40 tx=0x7f93c400be50 comp rx=0 tx=0).stop
2024-04-22T13:14:52.458 INFO:teuthology.orchestra.run.smithi012.stdout:/usr/bin/ceph: stderr
2024-04-22T13:14:51.362+0000 7f93d04a0700 1 -- 172.21.15.12:0/952002747 shutdown_connections
2024-04-22T13:14:52.458 INFO:teuthology.orchestra.run.smithi012.stdout:/usr/bin/ceph: stderr
2024-04-22T13:14:51.362+0000 7f93d04a0700 1 --2- 172.21.15.12:0/952002747 >> [v2:172.21.15.12:3300/0,v1:172.21.15.12:6789/0] conn(0x7f93c8107440 0x7f93c8107860 unknown :-1 s=CLOSED pgs=49 cs=0 l=1 rev1=1 crypto rx=0 tx=0 comp rx=0 tx=0).stop
2024-04-22T13:14:52.458 INFO:teuthology.orchestra.run.smithi012.stdout:/usr/bin/ceph: stderr
2024-04-22T13:14:51.362+0000 7f93d04a0700 1 -- 172.21.15.12:0/952002747 >> 172.21.15.12:0/952002747 conn(0x7f93c8102a40 msgr2=0x7f93c8104e60 unknown :-1 s=STATE_NONE l=0).mark_down
2024-04-22T13:14:52.458 INFO:teuthology.orchestra.run.smithi012.stdout:/usr/bin/ceph: stderr
2024-04-22T13:14:51.362+0000 7f93d04a0700 1 -- 172.21.15.12:0/952002747 shutdown_connections
2024-04-22T13:14:52.458 INFO:teuthology.orchestra.run.smithi012.stdout:/usr/bin/ceph: stderr
2024-04-22T13:14:51.362+0000 7f93d04a0700 1 -- 172.21.15.12:0/952002747 wait complete.
2024-04-22T13:14:52.458 INFO:teuthology.orchestra.run.smithi012.stdout:/usr/bin/ceph: stderr
2024-04-22T13:14:51.362+0000 7f93d04a0700 1 Processor -- start
2024-04-22T13:14:52.458 INFO:teuthology.orchestra.run.smithi012.stdout:/usr/bin/ceph: stderr
2024-04-22T13:14:51.363+0000 7f93d04a0700 1 -- start start
2024-04-22T13:14:52.458 INFO:teuthology.orchestra.run.smithi012.stdout:/usr/bin/ceph: stderr
2024-04-22T13:14:51.363+0000 7f93d04a0700 1 --2- >> [v2:172.21.15.12:3300/0,v1:172.21.15.12:6789/0] conn(0x7f93c8107440 0x7f93c819e650 unknown :-1 s=NONE pgs=0 cs=0 l=1 rev1=0 crypto rx=0 tx=0 comp rx=0 tx=0).connect
2024-04-22T13:14:52.458 INFO:teuthology.orchestra.run.smithi012.stdout:/usr/bin/ceph: stderr
2024-04-22T13:14:51.363+0000 7f93d04a0700 1 -- --> [v2:172.21.15.12:3300/0,v1:172.21.15.12:6789/0] -- mon_getmap magic: 0 -- 0x7f93c807afe0 con 0x7f93c8107440
2024-04-22T13:14:52.458 INFO:teuthology.orchestra.run.smithi012.stdout:/usr/bin/ceph: stderr
2024-04-22T13:14:51.363+0000 7f93ce23c700 1 --2- >> [v2:172.21.15.12:3300/0,v1:172.21.15.12:6789/0] conn(0x7f93c8107440 0x7f93c819e650 unknown :-1 s=BANNER_CONNECTING pgs=0 cs=0 l=1 rev1=0 crypto rx=0 tx=0 comp rx=0 tx=0)._handle_peer_banner_payload supported=3 required=0
2024-04-22T13:14:52.458 INFO:teuthology.orchestra.run.smithi012.stdout:/usr/bin/ceph: stderr
2024-04-22T13:14:51.363+0000 7f93ce23c700 1 --2- >> [v2:172.21.15.12:3300/0,v1:172.21.15.12:6789/0] conn(0x7f93c8107440 0x7f93c819e650 unknown :-1 s=HELLO_CONNECTING pgs=0 cs=0 l=1 rev1=1 crypto rx=0 tx=0 comp rx=0 tx=0).handle_hello peer v2:172.21.15.12:3300/0 says I am v2:172.21.15.12:54492/0 (socket says 172.21.15.12:54492)
2024-04-22T13:14:52.458 INFO:teuthology.orchestra.run.smithi012.stdout:/usr/bin/ceph: stderr
2024-04-22T13:14:51.363+0000 7f93ce23c700 1 -- 172.21.15.12:0/189524986 learned_addr learned my addr 172.21.15.12:0/189524986 (peer_addr_for_me v2:172.21.15.12:0/0)
2024-04-22T13:14:52.458 INFO:teuthology.orchestra.run.smithi012.stdout:/usr/bin/ceph: stderr
2024-04-22T13:14:51.363+0000 7f93ce23c700 1 -- 172.21.15.12:0/189524986 --> [v2:172.21.15.12:3300/0,v1:172.21.15.12:6789/0] -- mon_subscribe({config=0+,monmap=0+}) -- 0x7f93c819eb90 con 0x7f93c8107440
2024-04-22T13:14:52.459 INFO:teuthology.orchestra.run.smithi012.stdout:/usr/bin/ceph: stderr
2024-04-22T13:14:51.363+0000 7f93ce23c700 1 --2- 172.21.15.12:0/189524986 >> [v2:172.21.15.12:3300/0,v1:172.21.15.12:6789/0] conn(0x7f93c8107440 0x7f93c819e650 secure :-1 s=READY pgs=50 cs=0 l=1 rev1=1 crypto rx=0x7f93c400d650 tx=0x7f93c4003ff0 comp rx=0 tx=0).ready entity=mon.0 client_cookie=0 server_cookie=0 in_seq=0 out_seq=0
2024-04-22T13:14:52.459 INFO:teuthology.orchestra.run.smithi012.stdout:/usr/bin/ceph: stderr
2024-04-22T13:14:51.364+0000 7f93bf7fe700 1 -- 172.21.15.12:0/189524986 <== mon.0 v2:172.21.15.12:3300/0 1 ==== mon_map magic: 0 ==== 205+0+0 (secure 0 0 0) 0x7f93c4010770 con 0x7f93c8107440
2024-04-22T13:14:52.459 INFO:teuthology.orchestra.run.smithi012.stdout:/usr/bin/ceph: stderr
2024-04-22T13:14:51.364+0000 7f93bf7fe700 1 -- 172.21.15.12:0/189524986 <== mon.0 v2:172.21.15.12:3300/0 2 ==== config(26 keys) ==== 1070+0+0 (secure 0 0 0) 0x7f93c401d070 con 0x7f93c8107440
2024-04-22T13:14:52.459 INFO:teuthology.orchestra.run.smithi012.stdout:/usr/bin/ceph: stderr
2024-04-22T13:14:51.364+0000 7f93d04a0700 1 -- 172.21.15.12:0/189524986 --> [v2:172.21.15.12:3300/0,v1:172.21.15.12:6789/0] -- mon_subscribe({mgrmap=0+}) -- 0x7f93c819ee20 con 0x7f93c8107440
2024-04-22T13:14:52.459 INFO:teuthology.orchestra.run.smithi012.stdout:/usr/bin/ceph: stderr
2024-04-22T13:14:51.364+0000 7f93bf7fe700 1 -- 172.21.15.12:0/189524986 <== mon.0 v2:172.21.15.12:3300/0 3 ==== mon_map magic: 0 ==== 205+0+0 (secure 0 0 0) 0x7f93c4019c10 con 0x7f93c8107440
2024-04-22T13:14:52.459 INFO:teuthology.orchestra.run.smithi012.stdout:/usr/bin/ceph: stderr
2024-04-22T13:14:51.364+0000 7f93d04a0700 1 -- 172.21.15.12:0/189524986 --> [v2:172.21.15.12:3300/0,v1:172.21.15.12:6789/0] -- mon_subscribe({osdmap=0}) -- 0x7f93c81a1b10 con 0x7f93c8107440
2024-04-22T13:14:52.459 INFO:teuthology.orchestra.run.smithi012.stdout:/usr/bin/ceph: stderr
2024-04-22T13:14:51.364+0000 7f93d04a0700 1 -- 172.21.15.12:0/189524986 --> [v2:172.21.15.12:3300/0,v1:172.21.15.12:6789/0] -- mon_command({"prefix": "get_command_descriptions"} v 0) -- 0x7f93c80640a0 con 0x7f93c8107440
2024-04-22T13:14:52.459 INFO:teuthology.orchestra.run.smithi012.stdout:/usr/bin/ceph: stderr
2024-04-22T13:14:51.365+0000 7f93bf7fe700 1 -- 172.21.15.12:0/189524986 <== mon.0 v2:172.21.15.12:3300/0 4 ==== mgrmap(e 8) ==== 46558+0+0 (secure 0 0 0) 0x7f93c4028060 con 0x7f93c8107440
2024-04-22T13:14:52.459 INFO:teuthology.orchestra.run.smithi012.stdout:/usr/bin/ceph: stderr
2024-04-22T13:14:51.365+0000 7f93bf7fe700 1 --2- 172.21.15.12:0/189524986 >> [v2:172.21.15.12:6800/2009831940,v1:172.21.15.12:6801/2009831940] conn(0x7f93b4039560 0x7f93b403ba20 unknown :-1 s=NONE pgs=0 cs=0 l=1 rev1=0 crypto rx=0 tx=0 comp rx=0 tx=0).connect
2024-04-22T13:14:52.459 INFO:teuthology.orchestra.run.smithi012.stdout:/usr/bin/ceph: stderr
2024-04-22T13:14:51.365+0000 7f93bf7fe700 1 -- 172.21.15.12:0/189524986 <== mon.0 v2:172.21.15.12:3300/0 5 ==== osd_map(2..2 src has 1..2) ==== 940+0+0 (secure 0 0 0) 0x7f93c404db20 con 0x7f93c8107440
2024-04-22T13:14:52.459 INFO:teuthology.orchestra.run.smithi012.stdout:/usr/bin/ceph: stderr
2024-04-22T13:14:51.365+0000 7f93cda3b700 1 --2- 172.21.15.12:0/189524986 >> [v2:172.21.15.12:6800/2009831940,v1:172.21.15.12:6801/2009831940] conn(0x7f93b4039560 0x7f93b403ba20 unknown :-1 s=BANNER_CONNECTING pgs=0 cs=0 l=1 rev1=0 crypto rx=0 tx=0 comp rx=0 tx=0)._handle_peer_banner_payload supported=3 required=0
2024-04-22T13:14:52.459 INFO:teuthology.orchestra.run.smithi012.stdout:/usr/bin/ceph: stderr
2024-04-22T13:14:51.365+0000 7f93cda3b700 1 --2- 172.21.15.12:0/189524986 >> [v2:172.21.15.12:6800/2009831940,v1:172.21.15.12:6801/2009831940] conn(0x7f93b4039560 0x7f93b403ba20 secure :-1 s=READY pgs=13 cs=0 l=1 rev1=1 crypto rx=0x7f93b8006fd0 tx=0x7f93b8006e40 comp rx=0 tx=0).ready entity=mgr.14120 client_cookie=0 server_cookie=0 in_seq=0 out_seq=0
2024-04-22T13:14:52.459 INFO:teuthology.orchestra.run.smithi012.stdout:/usr/bin/ceph: stderr
2024-04-22T13:14:51.370+0000 7f93bf7fe700 1 -- 172.21.15.12:0/189524986 <== mon.0 v2:172.21.15.12:3300/0 6 ==== mon_command_ack([{"prefix": "get_command_descriptions"}]=0 v0) ==== 72+0+188370 (secure 0 0 0) 0x7f93c4015070 con 0x7f93c8107440
2024-04-22T13:14:52.459 INFO:teuthology.orchestra.run.smithi012.stdout:/usr/bin/ceph: stderr
2024-04-22T13:14:51.594+0000 7f93d04a0700 1 -- 172.21.15.12:0/189524986 --> [v2:172.21.15.12:6800/2009831940,v1:172.21.15.12:6801/2009831940] -- mgr_command(tid 0: {"prefix": "orch apply", "service_type": "mgr", "unmanaged": true, "target": ["mon-mgr", ""]}) -- 0x7f93c8075460 con 0x7f93b4039560
2024-04-22T13:14:52.460 INFO:teuthology.orchestra.run.smithi012.stdout:/usr/bin/ceph: stderr
2024-04-22T13:14:51.598+0000 7f93bf7fe700 1 -- 172.21.15.12:0/189524986 <== mgr.14120 v2:172.21.15.12:6800/2009831940 1 ==== mgr_command_reply(tid 0: 0 ) ==== 8+0+24 (secure 0 0 0) 0x7f93c8075460 con 0x7f93b4039560
2024-04-22T13:14:52.460 INFO:teuthology.orchestra.run.smithi012.stdout:/usr/bin/ceph: stderr
2024-04-22T13:14:51.600+0000 7f93d04a0700 1 -- 172.21.15.12:0/189524986 >> [v2:172.21.15.12:6800/2009831940,v1:172.21.15.12:6801/2009831940] conn(0x7f93b4039560 msgr2=0x7f93b403ba20 secure :-1 s=STATE_CONNECTION_ESTABLISHED l=1).mark_down
2024-04-22T13:14:52.460 INFO:teuthology.orchestra.run.smithi012.stdout:/usr/bin/ceph: stderr
2024-04-22T13:14:51.600+0000 7f93d04a0700 1 --2- 172.21.15.12:0/189524986 >> [v2:172.21.15.12:6800/2009831940,v1:172.21.15.12:6801/2009831940] conn(0x7f93b4039560 0x7f93b403ba20 secure :-1 s=READY pgs=13 cs=0 l=1 rev1=1 crypto rx=0x7f93b8006fd0 tx=0x7f93b8006e40 comp rx=0 tx=0).stop
2024-04-22T13:14:52.460 INFO:teuthology.orchestra.run.smithi012.stdout:/usr/bin/ceph: stderr
2024-04-22T13:14:51.600+0000 7f93d04a0700 1 -- 172.21.15.12:0/189524986 >> [v2:172.21.15.12:3300/0,v1:172.21.15.12:6789/0] conn(0x7f93c8107440 msgr2=0x7f93c819e650 secure :-1 s=STATE_CONNECTION_ESTABLISHED l=1).mark_down
2024-04-22T13:14:52.460 INFO:teuthology.orchestra.run.smithi012.stdout:/usr/bin/ceph: stderr
2024-04-22T13:14:51.600+0000 7f93d04a0700 1 --2- 172.21.15.12:0/189524986 >> [v2:172.21.15.12:3300/0,v1:172.21.15.12:6789/0] conn(0x7f93c8107440 0x7f93c819e650 secure :-1 s=READY pgs=50 cs=0 l=1 rev1=1 crypto rx=0x7f93c400d650 tx=0x7f93c4003ff0 comp rx=0 tx=0).stop
2024-04-22T13:14:52.460 INFO:teuthology.orchestra.run.smithi012.stdout:/usr/bin/ceph: stderr
2024-04-22T13:14:51.600+0000 7f93d04a0700 1 -- 172.21.15.12:0/189524986 shutdown_connections
2024-04-22T13:14:52.460 INFO:teuthology.orchestra.run.smithi012.stdout:/usr/bin/ceph: stderr
2024-04-22T13:14:51.600+0000 7f93d04a0700 1 --2- 172.21.15.12:0/189524986 >> [v2:172.21.15.12:6800/2009831940,v1:172.21.15.12:6801/2009831940] conn(0x7f93b4039560 0x7f93b403ba20 unknown :-1 s=CLOSED pgs=13 cs=0 l=1 rev1=1 crypto rx=0 tx=0 comp rx=0 tx=0).stop
2024-04-22T13:14:52.460 INFO:teuthology.orchestra.run.smithi012.stdout:/usr/bin/ceph: stderr
2024-04-22T13:14:51.600+0000 7f93d04a0700 1 --2- 172.21.15.12:0/189524986 >> [v2:172.21.15.12:3300/0,v1:172.21.15.12:6789/0] conn(0x7f93c8107440 0x7f93c819e650 unknown :-1 s=CLOSED pgs=50 cs=0 l=1 rev1=1 crypto rx=0 tx=0 comp rx=0 tx=0).stop
2024-04-22T13:14:52.460 INFO:teuthology.orchestra.run.smithi012.stdout:/usr/bin/ceph: stderr
2024-04-22T13:14:51.600+0000 7f93d04a0700 1 -- 172.21.15.12:0/189524986 >> 172.21.15.12:0/189524986 conn(0x7f93c8102a40 msgr2=0x7f93c8190860 unknown :-1 s=STATE_NONE l=0).mark_down
2024-04-22T13:14:52.460 INFO:teuthology.orchestra.run.smithi012.stdout:/usr/bin/ceph: stderr
2024-04-22T13:14:51.600+0000 7f93d04a0700 1 -- 172.21.15.12:0/189524986 shutdown_connections
2024-04-22T13:14:52.460 INFO:teuthology.orchestra.run.smithi012.stdout:/usr/bin/ceph: stderr
2024-04-22T13:14:51.600+0000 7f93d04a0700 1 -- 172.21.15.12:0/189524986 wait complete.
2024-04-22T13:14:52.734 INFO:journalctl@ceph.mon.a.smithi012.stdout:Apr 22 13:14:52 smithi012 ceph-mon[28265]: from='client.14144 -' entity='client.admin' cmd=[{"prefix": "orch apply", "service_type": "mgr", "unmanaged": true, "target": ["mon-mgr", ""]}]: dispatch
2024-04-22T13:14:52.734 INFO:journalctl@ceph.mon.a.smithi012.stdout:Apr 22 13:14:52 smithi012 ceph-mon[28265]: Saving service mgr spec with placement count:2
2024-04-22T13:14:52.734 INFO:journalctl@ceph.mon.a.smithi012.stdout:Apr 22 13:14:52 smithi012 ceph-mon[28265]: from='mgr.14120 172.21.15.12:0/2157619606' entity='mgr.x'
2024-04-22T13:14:52.734 INFO:journalctl@ceph.mon.a.smithi012.stdout:Apr 22 13:14:52 smithi012 ceph-mon[28265]: from='mgr.14120 172.21.15.12:0/2157619606' entity='mgr.x'
2024-04-22T13:14:52.734 INFO:journalctl@ceph.mon.a.smithi012.stdout:Apr 22 13:14:52 smithi012 ceph-mon[28265]: from='mgr.14120 172.21.15.12:0/2157619606' entity='mgr.x'
2024-04-22T13:14:54.417 INFO:journalctl@ceph.mon.a.smithi012.stdout:Apr 22 13:14:54 smithi012 ceph-mon[28265]: from='client.? 172.21.15.12:0/2467382' entity='client.admin'
2024-04-22T13:14:54.417 INFO:journalctl@ceph.mon.a.smithi012.stdout:Apr 22 13:14:54 smithi012 ceph-mon[28265]: from='mgr.14120 172.21.15.12:0/2157619606' entity='mgr.x'
2024-04-22T13:14:54.423 INFO:teuthology.orchestra.run.smithi012.stdout:/usr/bin/ceph: stderr
2024-04-22T13:14:52.942+0000 7fcb4d983700 1 Processor -- start
2024-04-22T13:14:54.423 INFO:teuthology.orchestra.run.smithi012.stdout:/usr/bin/ceph: stderr
2024-04-22T13:14:52.942+0000 7fcb4d983700 1 -- start start
2024-04-22T13:14:54.423 INFO:teuthology.orchestra.run.smithi012.stdout:/usr/bin/ceph: stderr
2024-04-22T13:14:52.942+0000 7fcb4d983700 1 --2- >> [v2:172.21.15.12:3300/0,v1:172.21.15.12:6789/0] conn(0x7fcb48108fc0 0x7fcb4810b3b0 unknown :-1 s=NONE pgs=0 cs=0 l=0 rev1=0 crypto rx=0 tx=0 comp rx=0 tx=0).connect
2024-04-22T13:14:54.423 INFO:teuthology.orchestra.run.smithi012.stdout:/usr/bin/ceph: stderr
2024-04-22T13:14:52.942+0000 7fcb4d983700 1 -- --> [v2:172.21.15.12:3300/0,v1:172.21.15.12:6789/0] -- mon_getmap magic: 0 -- 0x7fcb4807bec0 con 0x7fcb48108fc0
2024-04-22T13:14:54.423 INFO:teuthology.orchestra.run.smithi012.stdout:/usr/bin/ceph: stderr
2024-04-22T13:14:52.943+0000 7fcb46ffd700 1 --2- >> [v2:172.21.15.12:3300/0,v1:172.21.15.12:6789/0] conn(0x7fcb48108fc0 0x7fcb4810b3b0 unknown :-1 s=BANNER_CONNECTING pgs=0 cs=0 l=0 rev1=0 crypto rx=0 tx=0 comp rx=0 tx=0)._handle_peer_banner_payload supported=3 required=0
2024-04-22T13:14:54.423 INFO:teuthology.orchestra.run.smithi012.stdout:/usr/bin/ceph: stderr
2024-04-22T13:14:52.943+0000 7fcb46ffd700 1 --2- >> [v2:172.21.15.12:3300/0,v1:172.21.15.12:6789/0] conn(0x7fcb48108fc0 0x7fcb4810b3b0 unknown :-1 s=HELLO_CONNECTING pgs=0 cs=0 l=0 rev1=1 crypto rx=0 tx=0 comp rx=0 tx=0).handle_hello peer v2:172.21.15.12:3300/0 says I am v2:172.21.15.12:36280/0 (socket says 172.21.15.12:36280)
2024-04-22T13:14:54.423 INFO:teuthology.orchestra.run.smithi012.stdout:/usr/bin/ceph: stderr
2024-04-22T13:14:52.943+0000 7fcb46ffd700 1 -- 172.21.15.12:0/820861379 learned_addr learned my addr 172.21.15.12:0/820861379 (peer_addr_for_me v2:172.21.15.12:0/0)
2024-04-22T13:14:54.423 INFO:teuthology.orchestra.run.smithi012.stdout:/usr/bin/ceph: stderr
2024-04-22T13:14:52.943+0000 7fcb46ffd700 1 -- 172.21.15.12:0/820861379 --> [v2:172.21.15.12:3300/0,v1:172.21.15.12:6789/0] -- mon_subscribe({config=0+,monmap=0+}) -- 0x7fcb4810b8f0 con 0x7fcb48108fc0
2024-04-22T13:14:54.423 INFO:teuthology.orchestra.run.smithi012.stdout:/usr/bin/ceph: stderr
2024-04-22T13:14:52.943+0000 7fcb46ffd700 1 --2- 172.21.15.12:0/820861379 >> [v2:172.21.15.12:3300/0,v1:172.21.15.12:6789/0] conn(0x7fcb48108fc0 0x7fcb4810b3b0 secure :-1 s=READY pgs=51 cs=0 l=1 rev1=1 crypto rx=0x7fcb3c0098a0 tx=0x7fcb3c009bb0 comp rx=0 tx=0).ready entity=mon.0 client_cookie=6148bd5057e85528 server_cookie=0 in_seq=0 out_seq=0
2024-04-22T13:14:54.423 INFO:teuthology.orchestra.run.smithi012.stdout:/usr/bin/ceph: stderr
2024-04-22T13:14:52.943+0000 7fcb45ffb700 1 -- 172.21.15.12:0/820861379 <== mon.0 v2:172.21.15.12:3300/0 1 ==== mon_map magic: 0 ==== 205+0+0 (secure 0 0 0) 0x7fcb3c004160 con 0x7fcb48108fc0
2024-04-22T13:14:54.423 INFO:teuthology.orchestra.run.smithi012.stdout:/usr/bin/ceph: stderr
2024-04-22T13:14:52.943+0000 7fcb45ffb700 1 -- 172.21.15.12:0/820861379 <== mon.0 v2:172.21.15.12:3300/0 2 ==== config(26 keys) ==== 1101+0+0 (secure 0 0 0) 0x7fcb3c004300 con 0x7fcb48108fc0
2024-04-22T13:14:54.424 INFO:teuthology.orchestra.run.smithi012.stdout:/usr/bin/ceph: stderr
2024-04-22T13:14:52.943+0000 7fcb45ffb700 1 -- 172.21.15.12:0/820861379 <== mon.0 v2:172.21.15.12:3300/0 3 ==== mon_map magic: 0 ==== 205+0+0 (secure 0 0 0) 0x7fcb3c011a20 con 0x7fcb48108fc0
2024-04-22T13:14:54.424 INFO:teuthology.orchestra.run.smithi012.stdout:/usr/bin/ceph: stderr
2024-04-22T13:14:52.944+0000 7fcb4d983700 1 -- 172.21.15.12:0/820861379 >> [v2:172.21.15.12:3300/0,v1:172.21.15.12:6789/0] conn(0x7fcb48108fc0 msgr2=0x7fcb4810b3b0 secure :-1 s=STATE_CONNECTION_ESTABLISHED l=1).mark_down
2024-04-22T13:14:54.424 INFO:teuthology.orchestra.run.smithi012.stdout:/usr/bin/ceph: stderr
2024-04-22T13:14:52.944+0000 7fcb4d983700 1 --2- 172.21.15.12:0/820861379 >> [v2:172.21.15.12:3300/0,v1:172.21.15.12:6789/0] conn(0x7fcb48108fc0 0x7fcb4810b3b0 secure :-1 s=READY pgs=51 cs=0 l=1 rev1=1 crypto rx=0x7fcb3c0098a0 tx=0x7fcb3c009bb0 comp rx=0 tx=0).stop
2024-04-22T13:14:54.424 INFO:teuthology.orchestra.run.smithi012.stdout:/usr/bin/ceph: stderr
2024-04-22T13:14:52.944+0000 7fcb4d983700 1 -- 172.21.15.12:0/820861379 shutdown_connections
2024-04-22T13:14:54.424 INFO:teuthology.orchestra.run.smithi012.stdout:/usr/bin/ceph: stderr
2024-04-22T13:14:52.944+0000 7fcb4d983700 1 --2- 172.21.15.12:0/820861379 >> [v2:172.21.15.12:3300/0,v1:172.21.15.12:6789/0] conn(0x7fcb48108fc0 0x7fcb4810b3b0 unknown :-1 s=CLOSED pgs=51 cs=0 l=1 rev1=1 crypto rx=0 tx=0 comp rx=0 tx=0).stop
2024-04-22T13:14:54.424 INFO:teuthology.orchestra.run.smithi012.stdout:/usr/bin/ceph: stderr
2024-04-22T13:14:52.944+0000 7fcb4d983700 1 -- 172.21.15.12:0/820861379 >> 172.21.15.12:0/820861379 conn(0x7fcb48102a50 msgr2=0x7fcb48104e70 unknown :-1 s=STATE_NONE l=0).mark_down
2024-04-22T13:14:54.424 INFO:teuthology.orchestra.run.smithi012.stdout:/usr/bin/ceph: stderr
2024-04-22T13:14:52.944+0000 7fcb4d983700 1 -- 172.21.15.12:0/820861379 shutdown_connections
2024-04-22T13:14:54.424 INFO:teuthology.orchestra.run.smithi012.stdout:/usr/bin/ceph: stderr
2024-04-22T13:14:52.944+0000 7fcb4d983700 1 -- 172.21.15.12:0/820861379 wait complete.
2024-04-22T13:14:54.424 INFO:teuthology.orchestra.run.smithi012.stdout:/usr/bin/ceph: stderr
2024-04-22T13:14:52.945+0000 7fcb4d983700 1 Processor -- start
2024-04-22T13:14:54.424 INFO:teuthology.orchestra.run.smithi012.stdout:/usr/bin/ceph: stderr
2024-04-22T13:14:52.945+0000 7fcb4d983700 1 -- start start
2024-04-22T13:14:54.424 INFO:teuthology.orchestra.run.smithi012.stdout:/usr/bin/ceph: stderr
2024-04-22T13:14:52.945+0000 7fcb4d983700 1 --2- >> [v2:172.21.15.12:3300/0,v1:172.21.15.12:6789/0] conn(0x7fcb48108fc0 0x7fcb4819c420 unknown :-1 s=NONE pgs=0 cs=0 l=1 rev1=0 crypto rx=0 tx=0 comp rx=0 tx=0).connect
2024-04-22T13:14:54.424 INFO:teuthology.orchestra.run.smithi012.stdout:/usr/bin/ceph: stderr
2024-04-22T13:14:52.945+0000 7fcb4d983700 1 -- --> [v2:172.21.15.12:3300/0,v1:172.21.15.12:6789/0] -- mon_getmap magic: 0 -- 0x7fcb4810c900 con 0x7fcb48108fc0
2024-04-22T13:14:54.424 INFO:teuthology.orchestra.run.smithi012.stdout:/usr/bin/ceph: stderr
2024-04-22T13:14:52.945+0000 7fcb46ffd700 1 --2- >> [v2:172.21.15.12:3300/0,v1:172.21.15.12:6789/0] conn(0x7fcb48108fc0 0x7fcb4819c420 unknown :-1 s=BANNER_CONNECTING pgs=0 cs=0 l=1 rev1=0 crypto rx=0 tx=0 comp rx=0 tx=0)._handle_peer_banner_payload supported=3 required=0
2024-04-22T13:14:54.425 INFO:teuthology.orchestra.run.smithi012.stdout:/usr/bin/ceph: stderr
2024-04-22T13:14:52.945+0000 7fcb46ffd700 1 --2- >> [v2:172.21.15.12:3300/0,v1:172.21.15.12:6789/0] conn(0x7fcb48108fc0 0x7fcb4819c420 unknown :-1 s=HELLO_CONNECTING pgs=0 cs=0 l=1 rev1=1 crypto rx=0 tx=0 comp rx=0 tx=0).handle_hello peer v2:172.21.15.12:3300/0 says I am v2:172.21.15.12:36294/0 (socket says 172.21.15.12:36294)
2024-04-22T13:14:54.425 INFO:teuthology.orchestra.run.smithi012.stdout:/usr/bin/ceph: stderr
2024-04-22T13:14:52.945+0000 7fcb46ffd700 1 -- 172.21.15.12:0/2467382 learned_addr learned my addr 172.21.15.12:0/2467382 (peer_addr_for_me v2:172.21.15.12:0/0)
2024-04-22T13:14:54.425 INFO:teuthology.orchestra.run.smithi012.stdout:/usr/bin/ceph: stderr
2024-04-22T13:14:52.946+0000 7fcb46ffd700 1 -- 172.21.15.12:0/2467382 --> [v2:172.21.15.12:3300/0,v1:172.21.15.12:6789/0] -- mon_subscribe({config=0+,monmap=0+}) -- 0x7fcb4819c960 con 0x7fcb48108fc0
2024-04-22T13:14:54.425 INFO:teuthology.orchestra.run.smithi012.stdout:/usr/bin/ceph: stderr
2024-04-22T13:14:52.946+0000 7fcb46ffd700 1 --2- 172.21.15.12:0/2467382 >> [v2:172.21.15.12:3300/0,v1:172.21.15.12:6789/0] conn(0x7fcb48108fc0 0x7fcb4819c420 secure :-1 s=READY pgs=52 cs=0 l=1 rev1=1 crypto rx=0x7fcb3c0116e0 tx=0x7fcb3c011aa0 comp rx=0 tx=0).ready entity=mon.0 client_cookie=0 server_cookie=0 in_seq=0 out_seq=0
2024-04-22T13:14:54.425 INFO:teuthology.orchestra.run.smithi012.stdout:/usr/bin/ceph: stderr
2024-04-22T13:14:52.946+0000 7fcb4c981700 1 -- 172.21.15.12:0/2467382 <== mon.0 v2:172.21.15.12:3300/0 1 ==== mon_map magic: 0 ==== 205+0+0 (secure 0 0 0) 0x7fcb3c003b20 con 0x7fcb48108fc0
2024-04-22T13:14:54.425 INFO:teuthology.orchestra.run.smithi012.stdout:/usr/bin/ceph: stderr
2024-04-22T13:14:52.946+0000 7fcb4c981700 1 -- 172.21.15.12:0/2467382 <== mon.0 v2:172.21.15.12:3300/0 2 ==== config(26 keys) ==== 1101+0+0 (secure 0 0 0) 0x7fcb3c01b8f0 con 0x7fcb48108fc0
2024-04-22T13:14:54.425 INFO:teuthology.orchestra.run.smithi012.stdout:/usr/bin/ceph: stderr
2024-04-22T13:14:52.946+0000 7fcb4c981700 1 -- 172.21.15.12:0/2467382 <== mon.0 v2:172.21.15.12:3300/0 3 ==== mon_map magic: 0 ==== 205+0+0 (secure 0 0 0) 0x7fcb3c0238c0 con 0x7fcb48108fc0
2024-04-22T13:14:54.425 INFO:teuthology.orchestra.run.smithi012.stdout:/usr/bin/ceph: stderr
2024-04-22T13:14:52.946+0000 7fcb4d983700 1 -- 172.21.15.12:0/2467382 --> [v2:172.21.15.12:3300/0,v1:172.21.15.12:6789/0] -- mon_subscribe({mgrmap=0+}) -- 0x7fcb4819cbf0 con 0x7fcb48108fc0
2024-04-22T13:14:54.425 INFO:teuthology.orchestra.run.smithi012.stdout:/usr/bin/ceph: stderr
2024-04-22T13:14:52.946+0000 7fcb4d983700 1 -- 172.21.15.12:0/2467382 --> [v2:172.21.15.12:3300/0,v1:172.21.15.12:6789/0] -- mon_subscribe({osdmap=0}) -- 0x7fcb4819f8e0 con 0x7fcb48108fc0
2024-04-22T13:14:54.425 INFO:teuthology.orchestra.run.smithi012.stdout:/usr/bin/ceph: stderr
2024-04-22T13:14:52.947+0000 7fcb4d983700 1 -- 172.21.15.12:0/2467382 --> [v2:172.21.15.12:3300/0,v1:172.21.15.12:6789/0] -- mon_command({"prefix": "get_command_descriptions"} v 0) -- 0x7fcb480640a0 con 0x7fcb48108fc0
2024-04-22T13:14:54.425 INFO:teuthology.orchestra.run.smithi012.stdout:/usr/bin/ceph: stderr
2024-04-22T13:14:52.947+0000 7fcb4c981700 1 -- 172.21.15.12:0/2467382 <== mon.0 v2:172.21.15.12:3300/0 4 ==== mgrmap(e 8) ==== 46558+0+0 (secure 0 0 0) 0x7fcb3c01baa0 con 0x7fcb48108fc0
2024-04-22T13:14:54.425 INFO:teuthology.orchestra.run.smithi012.stdout:/usr/bin/ceph: stderr
2024-04-22T13:14:52.947+0000 7fcb4c981700 1 --2- 172.21.15.12:0/2467382 >> [v2:172.21.15.12:6800/2009831940,v1:172.21.15.12:6801/2009831940] conn(0x7fcb30039560 0x7fcb3003ba20 unknown :-1 s=NONE pgs=0 cs=0 l=1 rev1=0 crypto rx=0 tx=0 comp rx=0 tx=0).connect
2024-04-22T13:14:54.425 INFO:teuthology.orchestra.run.smithi012.stdout:/usr/bin/ceph: stderr
2024-04-22T13:14:52.948+0000 7fcb4c981700 1 -- 172.21.15.12:0/2467382 <== mon.0 v2:172.21.15.12:3300/0 5 ==== osd_map(2..2 src has 1..2) ==== 940+0+0 (secure 0 0 0) 0x7fcb3c04e080 con 0x7fcb48108fc0
2024-04-22T13:14:54.425 INFO:teuthology.orchestra.run.smithi012.stdout:/usr/bin/ceph: stderr
2024-04-22T13:14:52.948+0000 7fcb467fc700 1 --2- 172.21.15.12:0/2467382 >> [v2:172.21.15.12:6800/2009831940,v1:172.21.15.12:6801/2009831940] conn(0x7fcb30039560 0x7fcb3003ba20 unknown :-1 s=BANNER_CONNECTING pgs=0 cs=0 l=1 rev1=0 crypto rx=0 tx=0 comp rx=0 tx=0)._handle_peer_banner_payload supported=3 required=0
2024-04-22T13:14:54.426 INFO:teuthology.orchestra.run.smithi012.stdout:/usr/bin/ceph: stderr
2024-04-22T13:14:52.948+0000 7fcb467fc700 1 --2- 172.21.15.12:0/2467382 >> [v2:172.21.15.12:6800/2009831940,v1:172.21.15.12:6801/2009831940] conn(0x7fcb30039560 0x7fcb3003ba20 secure :-1 s=READY pgs=14 cs=0 l=1 rev1=1 crypto rx=0x7fcb38006fd0 tx=0x7fcb38006e40 comp rx=0 tx=0).ready entity=mgr.14120 client_cookie=0 server_cookie=0 in_seq=0 out_seq=0
2024-04-22T13:14:54.426 INFO:teuthology.orchestra.run.smithi012.stdout:/usr/bin/ceph: stderr
2024-04-22T13:14:52.953+0000 7fcb4c981700 1 -- 172.21.15.12:0/2467382 <== mon.0 v2:172.21.15.12:3300/0 6 ==== mon_command_ack([{"prefix": "get_command_descriptions"}]=0 v0) ==== 72+0+188370 (secure 0 0 0) 0x7fcb3c01f030 con 0x7fcb48108fc0
2024-04-22T13:14:54.426 INFO:teuthology.orchestra.run.smithi012.stdout:/usr/bin/ceph: stderr
2024-04-22T13:14:53.178+0000 7fcb4d983700 1 -- 172.21.15.12:0/2467382 --> [v2:172.21.15.12:3300/0,v1:172.21.15.12:6789/0] -- mon_command([{prefix=config set, name=mgr/cephadm/container_init}] v 0) -- 0x7fcb4819fe60 con 0x7fcb48108fc0
2024-04-22T13:14:54.426 INFO:teuthology.orchestra.run.smithi012.stdout:/usr/bin/ceph: stderr
2024-04-22T13:14:53.180+0000 7fcb4c981700 1 -- 172.21.15.12:0/2467382 <== mon.0 v2:172.21.15.12:3300/0 7 ==== mon_command_ack([{prefix=config set, name=mgr/cephadm/container_init}]=0 v7)=0 v7) ==== 142+0+0 (secure 0 0 0) 0x7fcb3c01a3d0 con 0x7fcb48108fc0
2024-04-22T13:14:54.426 INFO:teuthology.orchestra.run.smithi012.stdout:/usr/bin/ceph: stderr
2024-04-22T13:14:53.183+0000 7fcb4d983700 1 -- 172.21.15.12:0/2467382 >> [v2:172.21.15.12:6800/2009831940,v1:172.21.15.12:6801/2009831940] conn(0x7fcb30039560 msgr2=0x7fcb3003ba20 secure :-1 s=STATE_CONNECTION_ESTABLISHED l=1).mark_down
2024-04-22T13:14:54.426 INFO:teuthology.orchestra.run.smithi012.stdout:/usr/bin/ceph: stderr
2024-04-22T13:14:53.183+0000 7fcb4d983700 1 --2- 172.21.15.12:0/2467382 >> [v2:172.21.15.12:6800/2009831940,v1:172.21.15.12:6801/2009831940] conn(0x7fcb30039560 0x7fcb3003ba20 secure :-1 s=READY pgs=14 cs=0 l=1 rev1=1 crypto rx=0x7fcb38006fd0 tx=0x7fcb38006e40 comp rx=0 tx=0).stop
2024-04-22T13:14:54.426 INFO:teuthology.orchestra.run.smithi012.stdout:/usr/bin/ceph: stderr
2024-04-22T13:14:53.183+0000 7fcb4d983700 1 -- 172.21.15.12:0/2467382 >> [v2:172.21.15.12:3300/0,v1:172.21.15.12:6789/0] conn(0x7fcb48108fc0 msgr2=0x7fcb4819c420 secure :-1 s=STATE_CONNECTION_ESTABLISHED l=1).mark_down
2024-04-22T13:14:54.426 INFO:teuthology.orchestra.run.smithi012.stdout:/usr/bin/ceph: stderr
2024-04-22T13:14:53.183+0000 7fcb4d983700 1 --2- 172.21.15.12:0/2467382 >> [v2:172.21.15.12:3300/0,v1:172.21.15.12:6789/0] conn(0x7fcb48108fc0 0x7fcb4819c420 secure :-1 s=READY pgs=52 cs=0 l=1 rev1=1 crypto rx=0x7fcb3c0116e0 tx=0x7fcb3c011aa0 comp rx=0 tx=0).stop
2024-04-22T13:14:54.426 INFO:teuthology.orchestra.run.smithi012.stdout:/usr/bin/ceph: stderr
2024-04-22T13:14:53.183+0000 7fcb4d983700 1 -- 172.21.15.12:0/2467382 shutdown_connections
2024-04-22T13:14:54.426 INFO:teuthology.orchestra.run.smithi012.stdout:/usr/bin/ceph: stderr
2024-04-22T13:14:53.183+0000 7fcb4d983700 1 --2- 172.21.15.12:0/2467382 >> [v2:172.21.15.12:6800/2009831940,v1:172.21.15.12:6801/2009831940] conn(0x7fcb30039560 0x7fcb3003ba20 unknown :-1 s=CLOSED pgs=14 cs=0 l=1 rev1=1 crypto rx=0 tx=0 comp rx=0 tx=0).stop
2024-04-22T13:14:54.426 INFO:teuthology.orchestra.run.smithi012.stdout:/usr/bin/ceph: stderr
2024-04-22T13:14:53.183+0000 7fcb4d983700 1 --2- 172.21.15.12:0/2467382 >> [v2:172.21.15.12:3300/0,v1:172.21.15.12:6789/0] conn(0x7fcb48108fc0 0x7fcb4819c420 unknown :-1 s=CLOSED pgs=52 cs=0 l=1 rev1=1 crypto rx=0 tx=0 comp rx=0 tx=0).stop
2024-04-22T13:14:54.426 INFO:teuthology.orchestra.run.smithi012.stdout:/usr/bin/ceph: stderr
2024-04-22T13:14:53.183+0000 7fcb4d983700 1 -- 172.21.15.12:0/2467382 >> 172.21.15.12:0/2467382 conn(0x7fcb48102a50 msgr2=0x7fcb481034c0 unknown :-1 s=STATE_NONE l=0).mark_down
2024-04-22T13:14:54.426 INFO:teuthology.orchestra.run.smithi012.stdout:/usr/bin/ceph: stderr
2024-04-22T13:14:53.183+0000 7fcb4d983700 1 -- 172.21.15.12:0/2467382 shutdown_connections
2024-04-22T13:14:54.426 INFO:teuthology.orchestra.run.smithi012.stdout:/usr/bin/ceph: stderr
2024-04-22T13:14:53.183+0000 7fcb4d983700 1 -- 172.21.15.12:0/2467382 wait complete.
2024-04-22T13:14:55.729 INFO:teuthology.orchestra.run.smithi012.stdout:/usr/bin/ceph: stderr
2024-04-22T13:14:54.878+0000 7f4d3b232700 1 Processor -- start
2024-04-22T13:14:55.729 INFO:teuthology.orchestra.run.smithi012.stdout:/usr/bin/ceph: stderr
2024-04-22T13:14:54.878+0000 7f4d3b232700 1 -- start start
2024-04-22T13:14:55.729 INFO:teuthology.orchestra.run.smithi012.stdout:/usr/bin/ceph: stderr
2024-04-22T13:14:54.878+0000 7f4d3b232700 1 --2- >> [v2:172.21.15.12:3300/0,v1:172.21.15.12:6789/0] conn(0x7f4d34108570 0x7f4d34108990 unknown :-1 s=NONE pgs=0 cs=0 l=0 rev1=0 crypto rx=0 tx=0 comp rx=0 tx=0).connect
2024-04-22T13:14:55.729 INFO:teuthology.orchestra.run.smithi012.stdout:/usr/bin/ceph: stderr
2024-04-22T13:14:54.878+0000 7f4d3b232700 1 -- --> [v2:172.21.15.12:3300/0,v1:172.21.15.12:6789/0] -- mon_getmap magic: 0 -- 0x7f4d34108f60 con 0x7f4d34108570
2024-04-22T13:14:55.729 INFO:teuthology.orchestra.run.smithi012.stdout:/usr/bin/ceph: stderr
2024-04-22T13:14:54.879+0000 7f4d38fce700 1 --2- >> [v2:172.21.15.12:3300/0,v1:172.21.15.12:6789/0] conn(0x7f4d34108570 0x7f4d34108990 unknown :-1 s=BANNER_CONNECTING pgs=0 cs=0 l=0 rev1=0 crypto rx=0 tx=0 comp rx=0 tx=0)._handle_peer_banner_payload supported=3 required=0
2024-04-22T13:14:55.730 INFO:teuthology.orchestra.run.smithi012.stdout:/usr/bin/ceph: stderr
2024-04-22T13:14:54.879+0000 7f4d38fce700 1 --2- >> [v2:172.21.15.12:3300/0,v1:172.21.15.12:6789/0] conn(0x7f4d34108570 0x7f4d34108990 unknown :-1 s=HELLO_CONNECTING pgs=0 cs=0 l=0 rev1=1 crypto rx=0 tx=0 comp rx=0 tx=0).handle_hello peer v2:172.21.15.12:3300/0 says I am v2:172.21.15.12:36304/0 (socket says 172.21.15.12:36304)
2024-04-22T13:14:55.730 INFO:teuthology.orchestra.run.smithi012.stdout:/usr/bin/ceph: stderr
2024-04-22T13:14:54.879+0000 7f4d38fce700 1 -- 172.21.15.12:0/2258537867 learned_addr learned my addr 172.21.15.12:0/2258537867 (peer_addr_for_me v2:172.21.15.12:0/0)
2024-04-22T13:14:55.730 INFO:teuthology.orchestra.run.smithi012.stdout:/usr/bin/ceph: stderr
2024-04-22T13:14:54.879+0000 7f4d38fce700 1 -- 172.21.15.12:0/2258537867 --> [v2:172.21.15.12:3300/0,v1:172.21.15.12:6789/0] -- mon_subscribe({config=0+,monmap=0+}) -- 0x7f4d34109720 con 0x7f4d34108570
2024-04-22T13:14:55.730 INFO:teuthology.orchestra.run.smithi012.stdout:/usr/bin/ceph: stderr
2024-04-22T13:14:54.879+0000 7f4d38fce700 1 --2- 172.21.15.12:0/2258537867 >> [v2:172.21.15.12:3300/0,v1:172.21.15.12:6789/0] conn(0x7f4d34108570 0x7f4d34108990 secure :-1 s=READY pgs=53 cs=0 l=1 rev1=1 crypto rx=0x7f4d280098a0 tx=0x7f4d28009bb0 comp rx=0 tx=0).ready entity=mon.0 client_cookie=d81c8a6a1317aece server_cookie=0 in_seq=0 out_seq=0
2024-04-22T13:14:55.730 INFO:teuthology.orchestra.run.smithi012.stdout:/usr/bin/ceph: stderr
2024-04-22T13:14:54.879+0000 7f4d337fe700 1 -- 172.21.15.12:0/2258537867 <== mon.0 v2:172.21.15.12:3300/0 1 ==== mon_map magic: 0 ==== 205+0+0 (secure 0 0 0) 0x7f4d28004160 con 0x7f4d34108570
2024-04-22T13:14:55.730 INFO:teuthology.orchestra.run.smithi012.stdout:/usr/bin/ceph: stderr
2024-04-22T13:14:54.879+0000 7f4d337fe700 1 -- 172.21.15.12:0/2258537867 <== mon.0 v2:172.21.15.12:3300/0 2 ==== config(26 keys) ==== 1101+0+0 (secure 0 0 0) 0x7f4d28004300 con 0x7f4d34108570
2024-04-22T13:14:55.730 INFO:teuthology.orchestra.run.smithi012.stdout:/usr/bin/ceph: stderr
2024-04-22T13:14:54.879+0000 7f4d337fe700 1 -- 172.21.15.12:0/2258537867 <== mon.0 v2:172.21.15.12:3300/0 3 ==== mon_map magic: 0 ==== 205+0+0 (secure 0 0 0) 0x7f4d28011a20 con 0x7f4d34108570
2024-04-22T13:14:55.730 INFO:teuthology.orchestra.run.smithi012.stdout:/usr/bin/ceph: stderr
2024-04-22T13:14:54.880+0000 7f4d3b232700 1 -- 172.21.15.12:0/2258537867 >> [v2:172.21.15.12:3300/0,v1:172.21.15.12:6789/0] conn(0x7f4d34108570 msgr2=0x7f4d34108990 secure :-1 s=STATE_CONNECTION_ESTABLISHED l=1).mark_down
2024-04-22T13:14:55.730 INFO:teuthology.orchestra.run.smithi012.stdout:/usr/bin/ceph: stderr
2024-04-22T13:14:54.880+0000 7f4d3b232700 1 --2- 172.21.15.12:0/2258537867 >> [v2:172.21.15.12:3300/0,v1:172.21.15.12:6789/0] conn(0x7f4d34108570 0x7f4d34108990 secure :-1 s=READY pgs=53 cs=0 l=1 rev1=1 crypto rx=0x7f4d280098a0 tx=0x7f4d28009bb0 comp rx=0 tx=0).stop
2024-04-22T13:14:55.730 INFO:teuthology.orchestra.run.smithi012.stdout:/usr/bin/ceph: stderr
2024-04-22T13:14:54.880+0000 7f4d3b232700 1 -- 172.21.15.12:0/2258537867 shutdown_connections
2024-04-22T13:14:55.730 INFO:teuthology.orchestra.run.smithi012.stdout:/usr/bin/ceph: stderr
2024-04-22T13:14:54.880+0000 7f4d3b232700 1 --2- 172.21.15.12:0/2258537867 >> [v2:172.21.15.12:3300/0,v1:172.21.15.12:6789/0] conn(0x7f4d34108570 0x7f4d34108990 unknown :-1 s=CLOSED pgs=53 cs=0 l=1 rev1=1 crypto rx=0 tx=0 comp rx=0 tx=0).stop
2024-04-22T13:14:55.730 INFO:teuthology.orchestra.run.smithi012.stdout:/usr/bin/ceph: stderr
2024-04-22T13:14:54.880+0000 7f4d3b232700 1 -- 172.21.15.12:0/2258537867 >> 172.21.15.12:0/2258537867 conn(0x7f4d34103b70 msgr2=0x7f4d34105f90 unknown :-1 s=STATE_NONE l=0).mark_down
2024-04-22T13:14:55.730 INFO:teuthology.orchestra.run.smithi012.stdout:/usr/bin/ceph: stderr
2024-04-22T13:14:54.880+0000 7f4d3b232700 1 -- 172.21.15.12:0/2258537867 shutdown_connections
2024-04-22T13:14:55.730 INFO:teuthology.orchestra.run.smithi012.stdout:/usr/bin/ceph: stderr
2024-04-22T13:14:54.880+0000 7f4d3b232700 1 -- 172.21.15.12:0/2258537867 wait complete.
2024-04-22T13:14:55.731 INFO:teuthology.orchestra.run.smithi012.stdout:/usr/bin/ceph: stderr
2024-04-22T13:14:54.881+0000 7f4d3b232700 1 Processor -- start
2024-04-22T13:14:55.731 INFO:teuthology.orchestra.run.smithi012.stdout:/usr/bin/ceph: stderr
2024-04-22T13:14:54.881+0000 7f4d3b232700 1 -- start start
2024-04-22T13:14:55.731 INFO:teuthology.orchestra.run.smithi012.stdout:/usr/bin/ceph: stderr
2024-04-22T13:14:54.881+0000 7f4d3b232700 1 --2- >> [v2:172.21.15.12:3300/0,v1:172.21.15.12:6789/0] conn(0x7f4d34108570 0x7f4d3419c470 unknown :-1 s=NONE pgs=0 cs=0 l=1 rev1=0 crypto rx=0 tx=0 comp rx=0 tx=0).connect
2024-04-22T13:14:55.731 INFO:teuthology.orchestra.run.smithi012.stdout:/usr/bin/ceph: stderr
2024-04-22T13:14:54.881+0000 7f4d3b232700 1 -- --> [v2:172.21.15.12:3300/0,v1:172.21.15.12:6789/0] -- mon_getmap magic: 0 -- 0x7f4d3410cad0 con 0x7f4d34108570
2024-04-22T13:14:55.731 INFO:teuthology.orchestra.run.smithi012.stdout:/usr/bin/ceph: stderr
2024-04-22T13:14:54.881+0000 7f4d38fce700 1 --2- >> [v2:172.21.15.12:3300/0,v1:172.21.15.12:6789/0] conn(0x7f4d34108570 0x7f4d3419c470 unknown :-1 s=BANNER_CONNECTING pgs=0 cs=0 l=1 rev1=0 crypto rx=0 tx=0 comp rx=0 tx=0)._handle_peer_banner_payload supported=3 required=0
2024-04-22T13:14:55.731 INFO:teuthology.orchestra.run.smithi012.stdout:/usr/bin/ceph: stderr
2024-04-22T13:14:54.881+0000 7f4d38fce700 1 --2- >> [v2:172.21.15.12:3300/0,v1:172.21.15.12:6789/0] conn(0x7f4d34108570 0x7f4d3419c470 unknown :-1 s=HELLO_CONNECTING pgs=0 cs=0 l=1 rev1=1 crypto rx=0 tx=0 comp rx=0 tx=0).handle_hello peer v2:172.21.15.12:3300/0 says I am v2:172.21.15.12:36320/0 (socket says 172.21.15.12:36320)
2024-04-22T13:14:55.731 INFO:teuthology.orchestra.run.smithi012.stdout:/usr/bin/ceph: stderr
2024-04-22T13:14:54.881+0000 7f4d38fce700 1 -- 172.21.15.12:0/371530690 learned_addr learned my addr 172.21.15.12:0/371530690 (peer_addr_for_me v2:172.21.15.12:0/0)
2024-04-22T13:14:55.731 INFO:teuthology.orchestra.run.smithi012.stdout:/usr/bin/ceph: stderr
2024-04-22T13:14:54.881+0000 7f4d38fce700 1 -- 172.21.15.12:0/371530690 --> [v2:172.21.15.12:3300/0,v1:172.21.15.12:6789/0] -- mon_subscribe({config=0+,monmap=0+}) -- 0x7f4d3419c9b0 con 0x7f4d34108570
2024-04-22T13:14:55.731 INFO:teuthology.orchestra.run.smithi012.stdout:/usr/bin/ceph: stderr
2024-04-22T13:14:54.882+0000 7f4d38fce700 1 --2- 172.21.15.12:0/371530690 >> [v2:172.21.15.12:3300/0,v1:172.21.15.12:6789/0] conn(0x7f4d34108570 0x7f4d3419c470 secure :-1 s=READY pgs=54 cs=0 l=1 rev1=1 crypto rx=0x7f4d28000c00 tx=0x7f4d28011aa0 comp rx=0 tx=0).ready entity=mon.0 client_cookie=0 server_cookie=0 in_seq=0 out_seq=0
2024-04-22T13:14:55.731 INFO:teuthology.orchestra.run.smithi012.stdout:/usr/bin/ceph: stderr
2024-04-22T13:14:54.882+0000 7f4d31ffb700 1 -- 172.21.15.12:0/371530690 <== mon.0 v2:172.21.15.12:3300/0 1 ==== mon_map magic: 0 ==== 205+0+0 (secure 0 0 0) 0x7f4d28003aa0 con 0x7f4d34108570
2024-04-22T13:14:55.731 INFO:teuthology.orchestra.run.smithi012.stdout:/usr/bin/ceph: stderr
2024-04-22T13:14:54.882+0000 7f4d31ffb700 1 -- 172.21.15.12:0/371530690 <== mon.0 v2:172.21.15.12:3300/0 2 ==== config(26 keys) ==== 1101+0+0 (secure 0 0 0) 0x7f4d2801b8f0 con 0x7f4d34108570
2024-04-22T13:14:55.731 INFO:teuthology.orchestra.run.smithi012.stdout:/usr/bin/ceph: stderr
2024-04-22T13:14:54.882+0000 7f4d3b232700 1 -- 172.21.15.12:0/371530690 --> [v2:172.21.15.12:3300/0,v1:172.21.15.12:6789/0] -- mon_subscribe({mgrmap=0+}) -- 0x7f4d3419cc40 con 0x7f4d34108570
2024-04-22T13:14:55.731 INFO:teuthology.orchestra.run.smithi012.stdout:/usr/bin/ceph: stderr
2024-04-22T13:14:54.882+0000 7f4d31ffb700 1 -- 172.21.15.12:0/371530690 <== mon.0 v2:172.21.15.12:3300/0 3 ==== mon_map magic: 0 ==== 205+0+0 (secure 0 0 0) 0x7f4d28023890 con 0x7f4d34108570
2024-04-22T13:14:55.731 INFO:teuthology.orchestra.run.smithi012.stdout:/usr/bin/ceph: stderr
2024-04-22T13:14:54.882+0000 7f4d3b232700 1 -- 172.21.15.12:0/371530690 --> [v2:172.21.15.12:3300/0,v1:172.21.15.12:6789/0] -- mon_subscribe({osdmap=0}) -- 0x7f4d3419f930 con 0x7f4d34108570
2024-04-22T13:14:55.731 INFO:teuthology.orchestra.run.smithi012.stdout:/usr/bin/ceph: stderr
2024-04-22T13:14:54.883+0000 7f4d31ffb700 1 -- 172.21.15.12:0/371530690 <== mon.0 v2:172.21.15.12:3300/0 4 ==== mgrmap(e 8) ==== 46558+0+0 (secure 0 0 0) 0x7f4d2802c3f0 con 0x7f4d34108570
2024-04-22T13:14:55.732 INFO:teuthology.orchestra.run.smithi012.stdout:/usr/bin/ceph: stderr
2024-04-22T13:14:54.883+0000 7f4d31ffb700 1 --2- 172.21.15.12:0/371530690 >> [v2:172.21.15.12:6800/2009831940,v1:172.21.15.12:6801/2009831940] conn(0x7f4d24039600 0x7f4d2403bac0 unknown :-1 s=NONE pgs=0 cs=0 l=1 rev1=0 crypto rx=0 tx=0 comp rx=0 tx=0).connect
2024-04-22T13:14:55.732 INFO:teuthology.orchestra.run.smithi012.stdout:/usr/bin/ceph: stderr
2024-04-22T13:14:54.883+0000 7f4d31ffb700 1 -- 172.21.15.12:0/371530690 <== mon.0 v2:172.21.15.12:3300/0 5 ==== osd_map(2..2 src has 1..2) ==== 940+0+0 (secure 0 0 0) 0x7f4d2801bda0 con 0x7f4d34108570
