2024-04-22T13:17:40.933 INFO:teuthology.orchestra.run.smithi005.stdout:/usr/bin/ceph: stderr
2024-04-22T13:17:39.514+0000 7fb8769f5700 1 --2- >> [v2:172.21.15.5:3300/0,v1:172.21.15.5:6789/0] conn(0x7fb87007de80 0x7fb87019e6c0 unknown :-1 s=NONE pgs=0 cs=0 l=1 rev1=0 crypto rx=0 tx=0 comp rx=0 tx=0).connect
2024-04-22T13:17:40.933 INFO:teuthology.orchestra.run.smithi005.stdout:/usr/bin/ceph: stderr
2024-04-22T13:17:39.514+0000 7fb8769f5700 1 -- --> [v2:172.21.15.5:3300/0,v1:172.21.15.5:6789/0] -- mon_getmap magic: 0 -- 0x7fb87010ea90 con 0x7fb87007de80
2024-04-22T13:17:40.933 INFO:teuthology.orchestra.run.smithi005.stdout:/usr/bin/ceph: stderr
2024-04-22T13:17:39.514+0000 7fb86ffff700 1 --2- >> [v2:172.21.15.5:3300/0,v1:172.21.15.5:6789/0] conn(0x7fb87007de80 0x7fb87019e6c0 unknown :-1 s=BANNER_CONNECTING pgs=0 cs=0 l=1 rev1=0 crypto rx=0 tx=0 comp rx=0 tx=0)._handle_peer_banner_payload supported=3 required=0
2024-04-22T13:17:40.933 INFO:teuthology.orchestra.run.smithi005.stdout:/usr/bin/ceph: stderr
2024-04-22T13:17:39.514+0000 7fb86ffff700 1 --2- >> [v2:172.21.15.5:3300/0,v1:172.21.15.5:6789/0] conn(0x7fb87007de80 0x7fb87019e6c0 unknown :-1 s=HELLO_CONNECTING pgs=0 cs=0 l=1 rev1=1 crypto rx=0 tx=0 comp rx=0 tx=0).handle_hello peer v2:172.21.15.5:3300/0 says I am v2:172.21.15.5:58844/0 (socket says 172.21.15.5:58844)
2024-04-22T13:17:40.934 INFO:teuthology.orchestra.run.smithi005.stdout:/usr/bin/ceph: stderr
2024-04-22T13:17:39.514+0000 7fb86ffff700 1 -- 172.21.15.5:0/4070976451 learned_addr learned my addr 172.21.15.5:0/4070976451 (peer_addr_for_me v2:172.21.15.5:0/0)
2024-04-22T13:17:40.934 INFO:teuthology.orchestra.run.smithi005.stdout:/usr/bin/ceph: stderr
2024-04-22T13:17:39.514+0000 7fb86ffff700 1 -- 172.21.15.5:0/4070976451 --> [v2:172.21.15.5:3300/0,v1:172.21.15.5:6789/0] -- mon_subscribe({config=0+,monmap=0+}) -- 0x7fb87019ec00 con 0x7fb87007de80
2024-04-22T13:17:40.934 INFO:teuthology.orchestra.run.smithi005.stdout:/usr/bin/ceph: stderr
2024-04-22T13:17:39.514+0000 7fb86ffff700 1 --2- 172.21.15.5:0/4070976451 >> [v2:172.21.15.5:3300/0,v1:172.21.15.5:6789/0] conn(0x7fb87007de80 0x7fb87019e6c0 secure :-1 s=READY pgs=23 cs=0 l=1 rev1=1 crypto rx=0x7fb860011ac0 tx=0x7fb860011ba0 comp rx=0 tx=0).ready entity=mon.0 client_cookie=0 server_cookie=0 in_seq=0 out_seq=0
2024-04-22T13:17:40.934 INFO:teuthology.orchestra.run.smithi005.stdout:/usr/bin/ceph: stderr
2024-04-22T13:17:39.514+0000 7fb86d7fa700 1 -- 172.21.15.5:0/4070976451 <== mon.0 v2:172.21.15.5:3300/0 1 ==== mon_map magic: 0 ==== 205+0+0 (secure 0 0 0) 0x7fb860003970 con 0x7fb87007de80
2024-04-22T13:17:40.934 INFO:teuthology.orchestra.run.smithi005.stdout:/usr/bin/ceph: stderr
2024-04-22T13:17:39.514+0000 7fb86d7fa700 1 -- 172.21.15.5:0/4070976451 <== mon.0 v2:172.21.15.5:3300/0 2 ==== config(26 keys) ==== 1070+0+0 (secure 0 0 0) 0x7fb860003b10 con 0x7fb87007de80
2024-04-22T13:17:40.934 INFO:teuthology.orchestra.run.smithi005.stdout:/usr/bin/ceph: stderr
2024-04-22T13:17:39.514+0000 7fb8769f5700 1 -- 172.21.15.5:0/4070976451 --> [v2:172.21.15.5:3300/0,v1:172.21.15.5:6789/0] -- mon_subscribe({mgrmap=0+}) -- 0x7fb87019ee90 con 0x7fb87007de80
2024-04-22T13:17:40.934 INFO:teuthology.orchestra.run.smithi005.stdout:/usr/bin/ceph: stderr
2024-04-22T13:17:39.514+0000 7fb86d7fa700 1 -- 172.21.15.5:0/4070976451 <== mon.0 v2:172.21.15.5:3300/0 3 ==== mon_map magic: 0 ==== 205+0+0 (secure 0 0 0) 0x7fb860024610 con 0x7fb87007de80
2024-04-22T13:17:40.934 INFO:teuthology.orchestra.run.smithi005.stdout:/usr/bin/ceph: stderr
2024-04-22T13:17:39.514+0000 7fb8769f5700 1 -- 172.21.15.5:0/4070976451 --> [v2:172.21.15.5:3300/0,v1:172.21.15.5:6789/0] -- mon_subscribe({osdmap=0}) -- 0x7fb8701a1b80 con 0x7fb87007de80
2024-04-22T13:17:40.934 INFO:teuthology.orchestra.run.smithi005.stdout:/usr/bin/ceph: stderr
2024-04-22T13:17:39.515+0000 7fb86d7fa700 1 -- 172.21.15.5:0/4070976451 <== mon.0 v2:172.21.15.5:3300/0 4 ==== mgrmap(e 4) ==== 46547+0+0 (secure 0 0 0) 0x7fb860024890 con 0x7fb87007de80
2024-04-22T13:17:40.934 INFO:teuthology.orchestra.run.smithi005.stdout:/usr/bin/ceph: stderr
2024-04-22T13:17:39.515+0000 7fb86d7fa700 1 --2- 172.21.15.5:0/4070976451 >> [v2:172.21.15.5:6800/3443029620,v1:172.21.15.5:6801/3443029620] conn(0x7fb858039560 0x7fb85803ba20 unknown :-1 s=NONE pgs=0 cs=0 l=1 rev1=0 crypto rx=0 tx=0 comp rx=0 tx=0).connect
2024-04-22T13:17:40.934 INFO:teuthology.orchestra.run.smithi005.stdout:/usr/bin/ceph: stderr
2024-04-22T13:17:39.515+0000 7fb86d7fa700 1 -- 172.21.15.5:0/4070976451 <== mon.0 v2:172.21.15.5:3300/0 5 ==== osd_map(1..1 src has 1..1) ==== 725+0+0 (secure 0 0 0) 0x7fb86004d8c0 con 0x7fb87007de80
2024-04-22T13:17:40.934 INFO:teuthology.orchestra.run.smithi005.stdout:/usr/bin/ceph: stderr
2024-04-22T13:17:39.516+0000 7fb86f7fe700 1 --2- 172.21.15.5:0/4070976451 >> [v2:172.21.15.5:6800/3443029620,v1:172.21.15.5:6801/3443029620] conn(0x7fb858039560 0x7fb85803ba20 unknown :-1 s=BANNER_CONNECTING pgs=0 cs=0 l=1 rev1=0 crypto rx=0 tx=0 comp rx=0 tx=0)._handle_peer_banner_payload supported=3 required=0
2024-04-22T13:17:40.934 INFO:teuthology.orchestra.run.smithi005.stdout:/usr/bin/ceph: stderr
2024-04-22T13:17:39.516+0000 7fb8769f5700 1 -- 172.21.15.5:0/4070976451 --> [v2:172.21.15.5:3300/0,v1:172.21.15.5:6789/0] -- mon_command({"prefix": "get_command_descriptions"} v 0) -- 0x7fb8700640a0 con 0x7fb87007de80
2024-04-22T13:17:40.935 INFO:teuthology.orchestra.run.smithi005.stdout:/usr/bin/ceph: stderr
2024-04-22T13:17:39.516+0000 7fb86f7fe700 1 --2- 172.21.15.5:0/4070976451 >> [v2:172.21.15.5:6800/3443029620,v1:172.21.15.5:6801/3443029620] conn(0x7fb858039560 0x7fb85803ba20 secure :-1 s=READY pgs=8 cs=0 l=1 rev1=1 crypto rx=0x7fb864006fd0 tx=0x7fb864006e40 comp rx=0 tx=0).ready entity=mgr.14100 client_cookie=0 server_cookie=0 in_seq=0 out_seq=0
2024-04-22T13:17:40.935 INFO:teuthology.orchestra.run.smithi005.stdout:/usr/bin/ceph: stderr
2024-04-22T13:17:39.521+0000 7fb86d7fa700 1 -- 172.21.15.5:0/4070976451 <== mon.0 v2:172.21.15.5:3300/0 6 ==== mon_command_ack([{"prefix": "get_command_descriptions"}]=0 v0) ==== 72+0+188370 (secure 0 0 0) 0x7fb8600172b0 con 0x7fb87007de80
2024-04-22T13:17:40.935 INFO:teuthology.orchestra.run.smithi005.stdout:/usr/bin/ceph: stderr
2024-04-22T13:17:39.790+0000 7fb8769f5700 1 -- 172.21.15.5:0/4070976451 --> [v2:172.21.15.5:3300/0,v1:172.21.15.5:6789/0] -- mon_command({"prefix": "mgr module enable", "module": "cephadm"} v 0) -- 0x7fb8701a2130 con 0x7fb87007de80
2024-04-22T13:17:40.935 INFO:teuthology.orchestra.run.smithi005.stdout:/usr/bin/ceph: stderr
2024-04-22T13:17:39.842+0000 7fb86d7fa700 1 -- 172.21.15.5:0/4070976451 <== mon.0 v2:172.21.15.5:3300/0 7 ==== mon_command_ack([{"prefix": "mgr module enable", "module": "cephadm"}]=0 v5) ==== 86+0+0 (secure 0 0 0) 0x7fb86004d2e0 con 0x7fb87007de80
2024-04-22T13:17:40.935 INFO:teuthology.orchestra.run.smithi005.stdout:/usr/bin/ceph: stderr
2024-04-22T13:17:39.843+0000 7fb86d7fa700 1 -- 172.21.15.5:0/4070976451 <== mon.0 v2:172.21.15.5:3300/0 8 ==== mgrmap(e 5) ==== 46558+0+0 (secure 0 0 0) 0x7fb86002d960 con 0x7fb87007de80
2024-04-22T13:17:40.935 INFO:teuthology.orchestra.run.smithi005.stdout:/usr/bin/ceph: stderr
2024-04-22T13:17:39.844+0000 7fb8769f5700 1 -- 172.21.15.5:0/4070976451 >> [v2:172.21.15.5:6800/3443029620,v1:172.21.15.5:6801/3443029620] conn(0x7fb858039560 msgr2=0x7fb85803ba20 secure :-1 s=STATE_CONNECTION_ESTABLISHED l=1).mark_down
2024-04-22T13:17:40.935 INFO:teuthology.orchestra.run.smithi005.stdout:/usr/bin/ceph: stderr
2024-04-22T13:17:39.844+0000 7fb8769f5700 1 --2- 172.21.15.5:0/4070976451 >> [v2:172.21.15.5:6800/3443029620,v1:172.21.15.5:6801/3443029620] conn(0x7fb858039560 0x7fb85803ba20 secure :-1 s=READY pgs=8 cs=0 l=1 rev1=1 crypto rx=0x7fb864006fd0 tx=0x7fb864006e40 comp rx=0 tx=0).stop
2024-04-22T13:17:40.935 INFO:teuthology.orchestra.run.smithi005.stdout:/usr/bin/ceph: stderr
2024-04-22T13:17:39.845+0000 7fb8769f5700 1 -- 172.21.15.5:0/4070976451 >> [v2:172.21.15.5:3300/0,v1:172.21.15.5:6789/0] conn(0x7fb87007de80 msgr2=0x7fb87019e6c0 secure :-1 s=STATE_CONNECTION_ESTABLISHED l=1).mark_down
2024-04-22T13:17:40.935 INFO:teuthology.orchestra.run.smithi005.stdout:/usr/bin/ceph: stderr
2024-04-22T13:17:39.845+0000 7fb8769f5700 1 --2- 172.21.15.5:0/4070976451 >> [v2:172.21.15.5:3300/0,v1:172.21.15.5:6789/0] conn(0x7fb87007de80 0x7fb87019e6c0 secure :-1 s=READY pgs=23 cs=0 l=1 rev1=1 crypto rx=0x7fb860011ac0 tx=0x7fb860011ba0 comp rx=0 tx=0).stop
2024-04-22T13:17:40.935 INFO:teuthology.orchestra.run.smithi005.stdout:/usr/bin/ceph: stderr
2024-04-22T13:17:39.845+0000 7fb8769f5700 1 -- 172.21.15.5:0/4070976451 shutdown_connections
2024-04-22T13:17:40.935 INFO:teuthology.orchestra.run.smithi005.stdout:/usr/bin/ceph: stderr
2024-04-22T13:17:39.845+0000 7fb8769f5700 1 --2- 172.21.15.5:0/4070976451 >> [v2:172.21.15.5:6800/3443029620,v1:172.21.15.5:6801/3443029620] conn(0x7fb858039560 0x7fb85803ba20 unknown :-1 s=CLOSED pgs=8 cs=0 l=1 rev1=1 crypto rx=0 tx=0 comp rx=0 tx=0).stop
2024-04-22T13:17:40.936 INFO:teuthology.orchestra.run.smithi005.stdout:/usr/bin/ceph: stderr
2024-04-22T13:17:39.845+0000 7fb8769f5700 1 --2- 172.21.15.5:0/4070976451 >> [v2:172.21.15.5:3300/0,v1:172.21.15.5:6789/0] conn(0x7fb87007de80 0x7fb87019e6c0 unknown :-1 s=CLOSED pgs=23 cs=0 l=1 rev1=1 crypto rx=0 tx=0 comp rx=0 tx=0).stop
2024-04-22T13:17:40.936 INFO:teuthology.orchestra.run.smithi005.stdout:/usr/bin/ceph: stderr
2024-04-22T13:17:39.845+0000 7fb8769f5700 1 -- 172.21.15.5:0/4070976451 >> 172.21.15.5:0/4070976451 conn(0x7fb870103b40 msgr2=0x7fb870104700 unknown :-1 s=STATE_NONE l=0).mark_down
2024-04-22T13:17:40.936 INFO:teuthology.orchestra.run.smithi005.stdout:/usr/bin/ceph: stderr
2024-04-22T13:17:39.845+0000 7fb8769f5700 1 -- 172.21.15.5:0/4070976451 shutdown_connections
2024-04-22T13:17:40.936 INFO:teuthology.orchestra.run.smithi005.stdout:/usr/bin/ceph: stderr
2024-04-22T13:17:39.845+0000 7fb8769f5700 1 -- 172.21.15.5:0/4070976451 wait complete.
2024-04-22T13:17:42.007 INFO:journalctl@ceph.mon.a.smithi005.stdout:Apr 22 13:17:41 smithi005 ceph-mon[28006]: from='client.? 172.21.15.5:0/467499592' entity='client.admin' cmd=[{"prefix": "mgr stat"}]: dispatch
2024-04-22T13:17:42.309 INFO:journalctl@ceph.mgr.x.smithi005.stdout:Apr 22 13:17:42 smithi005 ceph-73e95e94-00aa-11ef-bc93-c7b262605968-mgr-x[28236]:
2024-04-22T13:17:42.008+0000 7f28386d5200 -1 mgr[py] Module telegraf has missing NOTIFY_TYPES member
2024-04-22T13:17:42.310 INFO:journalctl@ceph.mgr.x.smithi005.stdout:Apr 22 13:17:42 smithi005 ceph-73e95e94-00aa-11ef-bc93-c7b262605968-mgr-x[28236]:
2024-04-22T13:17:42.190+0000 7f28386d5200 -1 mgr[py] Module osd_support has missing NOTIFY_TYPES member
2024-04-22T13:17:42.413 INFO:teuthology.orchestra.run.smithi005.stdout:/usr/bin/ceph: stdout {
2024-04-22T13:17:42.414 INFO:teuthology.orchestra.run.smithi005.stdout:/usr/bin/ceph: stdout "epoch": 5,
2024-04-22T13:17:42.414 INFO:teuthology.orchestra.run.smithi005.stdout:/usr/bin/ceph: stdout "available": true,
2024-04-22T13:17:42.414 INFO:teuthology.orchestra.run.smithi005.stdout:/usr/bin/ceph: stdout "active_name": "x",
2024-04-22T13:17:42.414 INFO:teuthology.orchestra.run.smithi005.stdout:/usr/bin/ceph: stdout "num_standby": 0
2024-04-22T13:17:42.414 INFO:teuthology.orchestra.run.smithi005.stdout:/usr/bin/ceph: stdout }
2024-04-22T13:17:42.414 INFO:teuthology.orchestra.run.smithi005.stdout:/usr/bin/ceph: stderr
2024-04-22T13:17:41.397+0000 7f8b33de0700 1 Processor -- start
2024-04-22T13:17:42.414 INFO:teuthology.orchestra.run.smithi005.stdout:/usr/bin/ceph: stderr
2024-04-22T13:17:41.397+0000 7f8b33de0700 1 -- start start
2024-04-22T13:17:42.414 INFO:teuthology.orchestra.run.smithi005.stdout:/usr/bin/ceph: stderr
2024-04-22T13:17:41.397+0000 7f8b33de0700 1 --2- >> [v2:172.21.15.5:3300/0,v1:172.21.15.5:6789/0] conn(0x7f8b2c107440 0x7f8b2c107860 unknown :-1 s=NONE pgs=0 cs=0 l=0 rev1=0 crypto rx=0 tx=0 comp rx=0 tx=0).connect
2024-04-22T13:17:42.414 INFO:teuthology.orchestra.run.smithi005.stdout:/usr/bin/ceph: stderr
2024-04-22T13:17:41.397+0000 7f8b33de0700 1 -- --> [v2:172.21.15.5:3300/0,v1:172.21.15.5:6789/0] -- mon_getmap magic: 0 -- 0x7f8b2c107e30 con 0x7f8b2c107440
2024-04-22T13:17:42.414 INFO:teuthology.orchestra.run.smithi005.stdout:/usr/bin/ceph: stderr
2024-04-22T13:17:41.397+0000 7f8b31b7c700 1 --2- >> [v2:172.21.15.5:3300/0,v1:172.21.15.5:6789/0] conn(0x7f8b2c107440 0x7f8b2c107860 unknown :-1 s=BANNER_CONNECTING pgs=0 cs=0 l=0 rev1=0 crypto rx=0 tx=0 comp rx=0 tx=0)._handle_peer_banner_payload supported=3 required=0
2024-04-22T13:17:42.414 INFO:teuthology.orchestra.run.smithi005.stdout:/usr/bin/ceph: stderr
2024-04-22T13:17:41.397+0000 7f8b31b7c700 1 --2- >> [v2:172.21.15.5:3300/0,v1:172.21.15.5:6789/0] conn(0x7f8b2c107440 0x7f8b2c107860 unknown :-1 s=HELLO_CONNECTING pgs=0 cs=0 l=0 rev1=1 crypto rx=0 tx=0 comp rx=0 tx=0).handle_hello peer v2:172.21.15.5:3300/0 says I am v2:172.21.15.5:58866/0 (socket says 172.21.15.5:58866)
2024-04-22T13:17:42.414 INFO:teuthology.orchestra.run.smithi005.stdout:/usr/bin/ceph: stderr
2024-04-22T13:17:41.397+0000 7f8b31b7c700 1 -- 172.21.15.5:0/116400633 learned_addr learned my addr 172.21.15.5:0/116400633 (peer_addr_for_me v2:172.21.15.5:0/0)
2024-04-22T13:17:42.414 INFO:teuthology.orchestra.run.smithi005.stdout:/usr/bin/ceph: stderr
2024-04-22T13:17:41.397+0000 7f8b31b7c700 1 -- 172.21.15.5:0/116400633 --> [v2:172.21.15.5:3300/0,v1:172.21.15.5:6789/0] -- mon_subscribe({config=0+,monmap=0+}) -- 0x7f8b2c108640 con 0x7f8b2c107440
2024-04-22T13:17:42.415 INFO:teuthology.orchestra.run.smithi005.stdout:/usr/bin/ceph: stderr
2024-04-22T13:17:41.398+0000 7f8b31b7c700 1 --2- 172.21.15.5:0/116400633 >> [v2:172.21.15.5:3300/0,v1:172.21.15.5:6789/0] conn(0x7f8b2c107440 0x7f8b2c107860 secure :-1 s=READY pgs=26 cs=0 l=1 rev1=1 crypto rx=0x7f8b280098a0 tx=0x7f8b28009bb0 comp rx=0 tx=0).ready entity=mon.0 client_cookie=3d66658aa5903d76 server_cookie=0 in_seq=0 out_seq=0
2024-04-22T13:17:42.415 INFO:teuthology.orchestra.run.smithi005.stdout:/usr/bin/ceph: stderr
2024-04-22T13:17:41.398+0000 7f8b30b7a700 1 -- 172.21.15.5:0/116400633 <== mon.0 v2:172.21.15.5:3300/0 1 ==== mon_map magic: 0 ==== 205+0+0 (secure 0 0 0) 0x7f8b28004160 con 0x7f8b2c107440
2024-04-22T13:17:42.415 INFO:teuthology.orchestra.run.smithi005.stdout:/usr/bin/ceph: stderr
2024-04-22T13:17:41.398+0000 7f8b30b7a700 1 -- 172.21.15.5:0/116400633 <== mon.0 v2:172.21.15.5:3300/0 2 ==== config(26 keys) ==== 1070+0+0 (secure 0 0 0) 0x7f8b28004300 con 0x7f8b2c107440
2024-04-22T13:17:42.415 INFO:teuthology.orchestra.run.smithi005.stdout:/usr/bin/ceph: stderr
2024-04-22T13:17:41.398+0000 7f8b30b7a700 1 -- 172.21.15.5:0/116400633 <== mon.0 v2:172.21.15.5:3300/0 3 ==== mon_map magic: 0 ==== 205+0+0 (secure 0 0 0) 0x7f8b28011af0 con 0x7f8b2c107440
2024-04-22T13:17:42.415 INFO:teuthology.orchestra.run.smithi005.stdout:/usr/bin/ceph: stderr
2024-04-22T13:17:41.398+0000 7f8b33de0700 1 -- 172.21.15.5:0/116400633 >> [v2:172.21.15.5:3300/0,v1:172.21.15.5:6789/0] conn(0x7f8b2c107440 msgr2=0x7f8b2c107860 secure :-1 s=STATE_CONNECTION_ESTABLISHED l=1).mark_down
2024-04-22T13:17:42.415 INFO:teuthology.orchestra.run.smithi005.stdout:/usr/bin/ceph: stderr
2024-04-22T13:17:41.398+0000 7f8b33de0700 1 --2- 172.21.15.5:0/116400633 >> [v2:172.21.15.5:3300/0,v1:172.21.15.5:6789/0] conn(0x7f8b2c107440 0x7f8b2c107860 secure :-1 s=READY pgs=26 cs=0 l=1 rev1=1 crypto rx=0x7f8b280098a0 tx=0x7f8b28009bb0 comp rx=0 tx=0).stop
2024-04-22T13:17:42.415 INFO:teuthology.orchestra.run.smithi005.stdout:/usr/bin/ceph: stderr
2024-04-22T13:17:41.399+0000 7f8b33de0700 1 -- 172.21.15.5:0/116400633 shutdown_connections
2024-04-22T13:17:42.415 INFO:teuthology.orchestra.run.smithi005.stdout:/usr/bin/ceph: stderr
2024-04-22T13:17:41.399+0000 7f8b33de0700 1 --2- 172.21.15.5:0/116400633 >> [v2:172.21.15.5:3300/0,v1:172.21.15.5:6789/0] conn(0x7f8b2c107440 0x7f8b2c107860 unknown :-1 s=CLOSED pgs=26 cs=0 l=1 rev1=1 crypto rx=0 tx=0 comp rx=0 tx=0).stop
2024-04-22T13:17:42.415 INFO:teuthology.orchestra.run.smithi005.stdout:/usr/bin/ceph: stderr
2024-04-22T13:17:41.399+0000 7f8b33de0700 1 -- 172.21.15.5:0/116400633 >> 172.21.15.5:0/116400633 conn(0x7f8b2c102a40 msgr2=0x7f8b2c104e60 unknown :-1 s=STATE_NONE l=0).mark_down
2024-04-22T13:17:42.415 INFO:teuthology.orchestra.run.smithi005.stdout:/usr/bin/ceph: stderr
2024-04-22T13:17:41.399+0000 7f8b33de0700 1 -- 172.21.15.5:0/116400633 shutdown_connections
2024-04-22T13:17:42.415 INFO:teuthology.orchestra.run.smithi005.stdout:/usr/bin/ceph: stderr
2024-04-22T13:17:41.399+0000 7f8b33de0700 1 -- 172.21.15.5:0/116400633 wait complete.
2024-04-22T13:17:42.415 INFO:teuthology.orchestra.run.smithi005.stdout:/usr/bin/ceph: stderr
2024-04-22T13:17:41.399+0000 7f8b33de0700 1 Processor -- start
2024-04-22T13:17:42.415 INFO:teuthology.orchestra.run.smithi005.stdout:/usr/bin/ceph: stderr
2024-04-22T13:17:41.399+0000 7f8b33de0700 1 -- start start
2024-04-22T13:17:42.415 INFO:teuthology.orchestra.run.smithi005.stdout:/usr/bin/ceph: stderr
2024-04-22T13:17:41.399+0000 7f8b33de0700 1 --2- >> [v2:172.21.15.5:3300/0,v1:172.21.15.5:6789/0] conn(0x7f8b2c107440 0x7f8b2c1925b0 unknown :-1 s=NONE pgs=0 cs=0 l=1 rev1=0 crypto rx=0 tx=0 comp rx=0 tx=0).connect
2024-04-22T13:17:42.416 INFO:teuthology.orchestra.run.smithi005.stdout:/usr/bin/ceph: stderr
2024-04-22T13:17:41.399+0000 7f8b33de0700 1 -- --> [v2:172.21.15.5:3300/0,v1:172.21.15.5:6789/0] -- mon_getmap magic: 0 -- 0x7f8b2c10b9f0 con 0x7f8b2c107440
2024-04-22T13:17:42.416 INFO:teuthology.orchestra.run.smithi005.stdout:/usr/bin/ceph: stderr
2024-04-22T13:17:41.400+0000 7f8b31b7c700 1 --2- >> [v2:172.21.15.5:3300/0,v1:172.21.15.5:6789/0] conn(0x7f8b2c107440 0x7f8b2c1925b0 unknown :-1 s=BANNER_CONNECTING pgs=0 cs=0 l=1 rev1=0 crypto rx=0 tx=0 comp rx=0 tx=0)._handle_peer_banner_payload supported=3 required=0
2024-04-22T13:17:42.416 INFO:teuthology.orchestra.run.smithi005.stdout:/usr/bin/ceph: stderr
2024-04-22T13:17:41.400+0000 7f8b31b7c700 1 --2- >> [v2:172.21.15.5:3300/0,v1:172.21.15.5:6789/0] conn(0x7f8b2c107440 0x7f8b2c1925b0 unknown :-1 s=HELLO_CONNECTING pgs=0 cs=0 l=1 rev1=1 crypto rx=0 tx=0 comp rx=0 tx=0).handle_hello peer v2:172.21.15.5:3300/0 says I am v2:172.21.15.5:58872/0 (socket says 172.21.15.5:58872)
2024-04-22T13:17:42.416 INFO:teuthology.orchestra.run.smithi005.stdout:/usr/bin/ceph: stderr
2024-04-22T13:17:41.400+0000 7f8b31b7c700 1 -- 172.21.15.5:0/467499592 learned_addr learned my addr 172.21.15.5:0/467499592 (peer_addr_for_me v2:172.21.15.5:0/0)
2024-04-22T13:17:42.416 INFO:teuthology.orchestra.run.smithi005.stdout:/usr/bin/ceph: stderr
2024-04-22T13:17:41.400+0000 7f8b31b7c700 1 -- 172.21.15.5:0/467499592 --> [v2:172.21.15.5:3300/0,v1:172.21.15.5:6789/0] -- mon_subscribe({config=0+,monmap=0+}) -- 0x7f8b2c192af0 con 0x7f8b2c107440
2024-04-22T13:17:42.416 INFO:teuthology.orchestra.run.smithi005.stdout:/usr/bin/ceph: stderr
2024-04-22T13:17:41.400+0000 7f8b31b7c700 1 --2- 172.21.15.5:0/467499592 >> [v2:172.21.15.5:3300/0,v1:172.21.15.5:6789/0] conn(0x7f8b2c107440 0x7f8b2c1925b0 secure :-1 s=READY pgs=27 cs=0 l=1 rev1=1 crypto rx=0x7f8b28003f40 tx=0x7f8b28011890 comp rx=0 tx=0).ready entity=mon.0 client_cookie=0 server_cookie=0 in_seq=0 out_seq=0
2024-04-22T13:17:42.416 INFO:teuthology.orchestra.run.smithi005.stdout:/usr/bin/ceph: stderr
2024-04-22T13:17:41.400+0000 7f8b22ffd700 1 -- 172.21.15.5:0/467499592 <== mon.0 v2:172.21.15.5:3300/0 1 ==== mon_map magic: 0 ==== 205+0+0 (secure 0 0 0) 0x7f8b280038b0 con 0x7f8b2c107440
2024-04-22T13:17:42.416 INFO:teuthology.orchestra.run.smithi005.stdout:/usr/bin/ceph: stderr
2024-04-22T13:17:41.400+0000 7f8b22ffd700 1 -- 172.21.15.5:0/467499592 <== mon.0 v2:172.21.15.5:3300/0 2 ==== config(26 keys) ==== 1070+0+0 (secure 0 0 0) 0x7f8b28003a50 con 0x7f8b2c107440
2024-04-22T13:17:42.416 INFO:teuthology.orchestra.run.smithi005.stdout:/usr/bin/ceph: stderr
2024-04-22T13:17:41.400+0000 7f8b33de0700 1 -- 172.21.15.5:0/467499592 --> [v2:172.21.15.5:3300/0,v1:172.21.15.5:6789/0] -- mon_subscribe({mgrmap=0+}) -- 0x7f8b2c190ce0 con 0x7f8b2c107440
2024-04-22T13:17:42.416 INFO:teuthology.orchestra.run.smithi005.stdout:/usr/bin/ceph: stderr
2024-04-22T13:17:41.400+0000 7f8b22ffd700 1 -- 172.21.15.5:0/467499592 <== mon.0 v2:172.21.15.5:3300/0 3 ==== mon_map magic: 0 ==== 205+0+0 (secure 0 0 0) 0x7f8b2801a5c0 con 0x7f8b2c107440
2024-04-22T13:17:42.416 INFO:teuthology.orchestra.run.smithi005.stdout:/usr/bin/ceph: stderr
2024-04-22T13:17:41.400+0000 7f8b33de0700 1 -- 172.21.15.5:0/467499592 --> [v2:172.21.15.5:3300/0,v1:172.21.15.5:6789/0] -- mon_subscribe({osdmap=0}) -- 0x7f8b2c191220 con 0x7f8b2c107440
2024-04-22T13:17:42.416 INFO:teuthology.orchestra.run.smithi005.stdout:/usr/bin/ceph: stderr
2024-04-22T13:17:41.401+0000 7f8b22ffd700 1 -- 172.21.15.5:0/467499592 <== mon.0 v2:172.21.15.5:3300/0 4 ==== mgrmap(e 5) ==== 46558+0+0 (secure 0 0 0) 0x7f8b2801a870 con 0x7f8b2c107440
2024-04-22T13:17:42.416 INFO:teuthology.orchestra.run.smithi005.stdout:/usr/bin/ceph: stderr
2024-04-22T13:17:41.401+0000 7f8b22ffd700 1 --2- 172.21.15.5:0/467499592 >> [v2:172.21.15.5:6800/3443029620,v1:172.21.15.5:6801/3443029620] conn(0x7f8b180395b0 0x7f8b1803ba70 unknown :-1 s=NONE pgs=0 cs=0 l=1 rev1=0 crypto rx=0 tx=0 comp rx=0 tx=0).connect
2024-04-22T13:17:42.416 INFO:teuthology.orchestra.run.smithi005.stdout:/usr/bin/ceph: stderr
2024-04-22T13:17:41.401+0000 7f8b22ffd700 1 -- 172.21.15.5:0/467499592 <== mon.0 v2:172.21.15.5:3300/0 5 ==== osd_map(1..1 src has 1..1) ==== 725+0+0 (secure 0 0 0) 0x7f8b2804da60 con 0x7f8b2c107440
2024-04-22T13:17:42.416 INFO:teuthology.orchestra.run.smithi005.stdout:/usr/bin/ceph: stderr
2024-04-22T13:17:41.401+0000 7f8b3137b700 1 -- 172.21.15.5:0/467499592 >> [v2:172.21.15.5:6800/3443029620,v1:172.21.15.5:6801/3443029620] conn(0x7f8b180395b0 msgr2=0x7f8b1803ba70 unknown :-1 s=STATE_CONNECTING_RE l=1).process reconnect failed to v2:172.21.15.5:6800/3443029620
2024-04-22T13:17:42.417 INFO:teuthology.orchestra.run.smithi005.stdout:/usr/bin/ceph: stderr
2024-04-22T13:17:41.401+0000 7f8b3137b700 1 --2- 172.21.15.5:0/467499592 >> [v2:172.21.15.5:6800/3443029620,v1:172.21.15.5:6801/3443029620] conn(0x7f8b180395b0 0x7f8b1803ba70 unknown :-1 s=START_CONNECT pgs=0 cs=0 l=1 rev1=0 crypto rx=0 tx=0 comp rx=0 tx=0)._fault waiting 0.200000
2024-04-22T13:17:42.417 INFO:teuthology.orchestra.run.smithi005.stdout:/usr/bin/ceph: stderr
2024-04-22T13:17:41.402+0000 7f8b33de0700 1 -- 172.21.15.5:0/467499592 --> [v2:172.21.15.5:3300/0,v1:172.21.15.5:6789/0] -- mon_command({"prefix": "get_command_descriptions"} v 0) -- 0x7f8b2c0640a0 con 0x7f8b2c107440
2024-04-22T13:17:42.417 INFO:teuthology.orchestra.run.smithi005.stdout:/usr/bin/ceph: stderr
2024-04-22T13:17:41.407+0000 7f8b22ffd700 1 -- 172.21.15.5:0/467499592 <== mon.0 v2:172.21.15.5:3300/0 6 ==== mon_command_ack([{"prefix": "get_command_descriptions"}]=0 v0) ==== 72+0+188370 (secure 0 0 0) 0x7f8b28019c70 con 0x7f8b2c107440
2024-04-22T13:17:42.417 INFO:teuthology.orchestra.run.smithi005.stdout:/usr/bin/ceph: stderr
2024-04-22T13:17:41.602+0000 7f8b3137b700 1 -- 172.21.15.5:0/467499592 >> [v2:172.21.15.5:6800/3443029620,v1:172.21.15.5:6801/3443029620] conn(0x7f8b180395b0 msgr2=0x7f8b1803ba70 unknown :-1 s=STATE_CONNECTING_RE l=1).process reconnect failed to v2:172.21.15.5:6800/3443029620
2024-04-22T13:17:42.417 INFO:teuthology.orchestra.run.smithi005.stdout:/usr/bin/ceph: stderr
2024-04-22T13:17:41.602+0000 7f8b3137b700 1 --2- 172.21.15.5:0/467499592 >> [v2:172.21.15.5:6800/3443029620,v1:172.21.15.5:6801/3443029620] conn(0x7f8b180395b0 0x7f8b1803ba70 unknown :-1 s=START_CONNECT pgs=0 cs=0 l=1 rev1=0 crypto rx=0 tx=0 comp rx=0 tx=0)._fault waiting 0.400000
2024-04-22T13:17:42.417 INFO:teuthology.orchestra.run.smithi005.stdout:/usr/bin/ceph: stderr
2024-04-22T13:17:41.696+0000 7f8b33de0700 1 -- 172.21.15.5:0/467499592 --> [v2:172.21.15.5:3300/0,v1:172.21.15.5:6789/0] -- mon_command({"prefix": "mgr stat"} v 0) -- 0x7f8b2c1962e0 con 0x7f8b2c107440
2024-04-22T13:17:42.417 INFO:teuthology.orchestra.run.smithi005.stdout:/usr/bin/ceph: stderr
2024-04-22T13:17:41.696+0000 7f8b22ffd700 1 -- 172.21.15.5:0/467499592 <== mon.0 v2:172.21.15.5:3300/0 7 ==== mon_command_ack([{"prefix": "mgr stat"}]=0 v5) ==== 56+0+88 (secure 0 0 0) 0x7f8b2804d480 con 0x7f8b2c107440
2024-04-22T13:17:42.417 INFO:teuthology.orchestra.run.smithi005.stdout:/usr/bin/ceph: stderr
2024-04-22T13:17:41.698+0000 7f8b33de0700 1 -- 172.21.15.5:0/467499592 >> [v2:172.21.15.5:6800/3443029620,v1:172.21.15.5:6801/3443029620] conn(0x7f8b180395b0 msgr2=0x7f8b1803ba70 unknown :-1 s=STATE_CONNECTING l=1).mark_down
2024-04-22T13:17:42.417 INFO:teuthology.orchestra.run.smithi005.stdout:/usr/bin/ceph: stderr
2024-04-22T13:17:41.698+0000 7f8b33de0700 1 --2- 172.21.15.5:0/467499592 >> [v2:172.21.15.5:6800/3443029620,v1:172.21.15.5:6801/3443029620] conn(0x7f8b180395b0 0x7f8b1803ba70 unknown :-1 s=START_CONNECT pgs=0 cs=0 l=1 rev1=0 crypto rx=0 tx=0 comp rx=0 tx=0).stop
2024-04-22T13:17:42.417 INFO:teuthology.orchestra.run.smithi005.stdout:/usr/bin/ceph: stderr
2024-04-22T13:17:41.698+0000 7f8b33de0700 1 -- 172.21.15.5:0/467499592 >> [v2:172.21.15.5:3300/0,v1:172.21.15.5:6789/0] conn(0x7f8b2c107440 msgr2=0x7f8b2c1925b0 secure :-1 s=STATE_CONNECTION_ESTABLISHED l=1).mark_down
2024-04-22T13:17:42.417 INFO:teuthology.orchestra.run.smithi005.stdout:/usr/bin/ceph: stderr
2024-04-22T13:17:41.698+0000 7f8b33de0700 1 --2- 172.21.15.5:0/467499592 >> [v2:172.21.15.5:3300/0,v1:172.21.15.5:6789/0] conn(0x7f8b2c107440 0x7f8b2c1925b0 secure :-1 s=READY pgs=27 cs=0 l=1 rev1=1 crypto rx=0x7f8b28003f40 tx=0x7f8b28011890 comp rx=0 tx=0).stop
2024-04-22T13:17:42.417 INFO:teuthology.orchestra.run.smithi005.stdout:/usr/bin/ceph: stderr
2024-04-22T13:17:41.698+0000 7f8b33de0700 1 -- 172.21.15.5:0/467499592 shutdown_connections
2024-04-22T13:17:42.417 INFO:teuthology.orchestra.run.smithi005.stdout:/usr/bin/ceph: stderr
2024-04-22T13:17:41.698+0000 7f8b33de0700 1 --2- 172.21.15.5:0/467499592 >> [v2:172.21.15.5:6800/3443029620,v1:172.21.15.5:6801/3443029620] conn(0x7f8b180395b0 0x7f8b1803ba70 unknown :-1 s=CLOSED pgs=0 cs=0 l=1 rev1=0 crypto rx=0 tx=0 comp rx=0 tx=0).stop
2024-04-22T13:17:42.417 INFO:teuthology.orchestra.run.smithi005.stdout:/usr/bin/ceph: stderr
2024-04-22T13:17:41.698+0000 7f8b33de0700 1 --2- 172.21.15.5:0/467499592 >> [v2:172.21.15.5:3300/0,v1:172.21.15.5:6789/0] conn(0x7f8b2c107440 0x7f8b2c1925b0 unknown :-1 s=CLOSED pgs=27 cs=0 l=1 rev1=1 crypto rx=0 tx=0 comp rx=0 tx=0).stop
2024-04-22T13:17:42.417 INFO:teuthology.orchestra.run.smithi005.stdout:/usr/bin/ceph: stderr
2024-04-22T13:17:41.698+0000 7f8b33de0700 1 -- 172.21.15.5:0/467499592 >> 172.21.15.5:0/467499592 conn(0x7f8b2c102a40 msgr2=0x7f8b2c1038e0 unknown :-1 s=STATE_NONE l=0).mark_down
2024-04-22T13:17:42.418 INFO:teuthology.orchestra.run.smithi005.stdout:/usr/bin/ceph: stderr
2024-04-22T13:17:41.699+0000 7f8b33de0700 1 -- 172.21.15.5:0/467499592 shutdown_connections
2024-04-22T13:17:42.418 INFO:teuthology.orchestra.run.smithi005.stdout:/usr/bin/ceph: stderr
2024-04-22T13:17:41.699+0000 7f8b33de0700 1 -- 172.21.15.5:0/467499592 wait complete.
2024-04-22T13:17:42.418 INFO:teuthology.orchestra.run.smithi005.stdout:Waiting for the mgr to restart...
2024-04-22T13:17:42.418 INFO:teuthology.orchestra.run.smithi005.stdout:Waiting for mgr epoch 5...
2024-04-22T13:17:42.629 INFO:journalctl@ceph.mgr.x.smithi005.stdout:Apr 22 13:17:42 smithi005 ceph-73e95e94-00aa-11ef-bc93-c7b262605968-mgr-x[28236]:
2024-04-22T13:17:42.367+0000 7f28386d5200 -1 mgr[py] Module iostat has missing NOTIFY_TYPES member
2024-04-22T13:17:42.986 INFO:journalctl@ceph.mgr.x.smithi005.stdout:Apr 22 13:17:42 smithi005 ceph-73e95e94-00aa-11ef-bc93-c7b262605968-mgr-x[28236]:
2024-04-22T13:17:42.677+0000 7f28386d5200 -1 mgr[py] Module alerts has missing NOTIFY_TYPES member
2024-04-22T13:17:42.987 INFO:journalctl@ceph.mgr.x.smithi005.stdout:Apr 22 13:17:42 smithi005 ceph-73e95e94-00aa-11ef-bc93-c7b262605968-mgr-x[28236]:
2024-04-22T13:17:42.776+0000 7f28386d5200 -1 mgr[py] Module selftest has missing NOTIFY_TYPES member
2024-04-22T13:17:42.987 INFO:journalctl@ceph.mgr.x.smithi005.stdout:Apr 22 13:17:42 smithi005 ceph-73e95e94-00aa-11ef-bc93-c7b262605968-mgr-x[28236]:
2024-04-22T13:17:42.987+0000 7f28386d5200 -1 mgr[py] Module pg_autoscaler has missing NOTIFY_TYPES member
2024-04-22T13:17:43.310 INFO:journalctl@ceph.mgr.x.smithi005.stdout:Apr 22 13:17:43 smithi005 ceph-73e95e94-00aa-11ef-bc93-c7b262605968-mgr-x[28236]:
2024-04-22T13:17:43.188+0000 7f28386d5200 -1 mgr[py] Module test_orchestrator has missing NOTIFY_TYPES member
2024-04-22T13:17:44.226 INFO:journalctl@ceph.mgr.x.smithi005.stdout:Apr 22 13:17:43 smithi005 ceph-73e95e94-00aa-11ef-bc93-c7b262605968-mgr-x[28236]:
2024-04-22T13:17:43.813+0000 7f28386d5200 -1 mgr[py] Module rook has missing NOTIFY_TYPES member
2024-04-22T13:17:44.558 INFO:journalctl@ceph.mgr.x.smithi005.stdout:Apr 22 13:17:44 smithi005 ceph-73e95e94-00aa-11ef-bc93-c7b262605968-mgr-x[28236]:
2024-04-22T13:17:44.251+0000 7f28386d5200 -1 mgr[py] Module volumes has missing NOTIFY_TYPES member
2024-04-22T13:17:44.558 INFO:journalctl@ceph.mgr.x.smithi005.stdout:Apr 22 13:17:44 smithi005 ceph-73e95e94-00aa-11ef-bc93-c7b262605968-mgr-x[28236]:
2024-04-22T13:17:44.351+0000 7f28386d5200 -1 mgr[py] Module crash has missing NOTIFY_TYPES member
2024-04-22T13:17:44.558 INFO:journalctl@ceph.mgr.x.smithi005.stdout:Apr 22 13:17:44 smithi005 ceph-73e95e94-00aa-11ef-bc93-c7b262605968-mgr-x[28236]:
2024-04-22T13:17:44.559+0000 7f28386d5200 -1 mgr[py] Module rgw has missing NOTIFY_TYPES member
2024-04-22T13:17:45.450 INFO:journalctl@ceph.mgr.x.smithi005.stdout:Apr 22 13:17:45 smithi005 ceph-73e95e94-00aa-11ef-bc93-c7b262605968-mgr-x[28236]:
2024-04-22T13:17:45.103+0000 7f28386d5200 -1 mgr[py] Module prometheus has missing NOTIFY_TYPES member
2024-04-22T13:17:45.450 INFO:journalctl@ceph.mgr.x.smithi005.stdout:Apr 22 13:17:45 smithi005 ceph-73e95e94-00aa-11ef-bc93-c7b262605968-mgr-x[28236]:
2024-04-22T13:17:45.198+0000 7f28386d5200 -1 mgr[py] Module devicehealth has missing NOTIFY_TYPES member
2024-04-22T13:17:45.806 INFO:journalctl@ceph.mgr.x.smithi005.stdout:Apr 22 13:17:45 smithi005 ceph-73e95e94-00aa-11ef-bc93-c7b262605968-mgr-x[28236]:
2024-04-22T13:17:45.451+0000 7f28386d5200 -1 mgr[py] Module telemetry has missing NOTIFY_TYPES member
2024-04-22T13:17:45.806 INFO:journalctl@ceph.mgr.x.smithi005.stdout:Apr 22 13:17:45 smithi005 ceph-73e95e94-00aa-11ef-bc93-c7b262605968-mgr-x[28236]:
2024-04-22T13:17:45.590+0000 7f28386d5200 -1 mgr[py] Module diskprediction_local has missing NOTIFY_TYPES member
2024-04-22T13:17:45.806 INFO:journalctl@ceph.mgr.x.smithi005.stdout:Apr 22 13:17:45 smithi005 ceph-73e95e94-00aa-11ef-bc93-c7b262605968-mgr-x[28236]:
2024-04-22T13:17:45.688+0000 7f28386d5200 -1 mgr[py] Module osd_perf_query has missing NOTIFY_TYPES member
2024-04-22T13:17:45.806 INFO:journalctl@ceph.mgr.x.smithi005.stdout:Apr 22 13:17:45 smithi005 ceph-73e95e94-00aa-11ef-bc93-c7b262605968-mgr-x[28236]:
2024-04-22T13:17:45.807+0000 7f28386d5200 -1 mgr[py] Module rbd_support has missing NOTIFY_TYPES member
2024-04-22T13:17:46.560 INFO:journalctl@ceph.mgr.x.smithi005.stdout:Apr 22 13:17:46 smithi005 ceph-73e95e94-00aa-11ef-bc93-c7b262605968-mgr-x[28236]:
2024-04-22T13:17:46.119+0000 7f28386d5200 -1 mgr[py] Module zabbix has missing NOTIFY_TYPES member
2024-04-22T13:17:47.023 INFO:journalctl@ceph.mgr.x.smithi005.stdout:Apr 22 13:17:46 smithi005 ceph-73e95e94-00aa-11ef-bc93-c7b262605968-mgr-x[28236]:
2024-04-22T13:17:46.747+0000 7f28386d5200 -1 mgr[py] Module status has missing NOTIFY_TYPES member
2024-04-22T13:17:47.023 INFO:journalctl@ceph.mgr.x.smithi005.stdout:Apr 22 13:17:46 smithi005 ceph-73e95e94-00aa-11ef-bc93-c7b262605968-mgr-x[28236]:
2024-04-22T13:17:46.971+0000 7f28386d5200 -1 mgr[py] Module nfs has missing NOTIFY_TYPES member
2024-04-22T13:17:47.310 INFO:journalctl@ceph.mon.a.smithi005.stdout:Apr 22 13:17:47 smithi005 ceph-mon[28006]: Active manager daemon x restarted
2024-04-22T13:17:47.310 INFO:journalctl@ceph.mon.a.smithi005.stdout:Apr 22 13:17:47 smithi005 ceph-mon[28006]: Activating manager daemon x
2024-04-22T13:17:47.310 INFO:journalctl@ceph.mon.a.smithi005.stdout:Apr 22 13:17:47 smithi005 ceph-mon[28006]: osdmap e2: 0 total, 0 up, 0 in
2024-04-22T13:17:47.310 INFO:journalctl@ceph.mon.a.smithi005.stdout:Apr 22 13:17:47 smithi005 ceph-mon[28006]: mgrmap e6: x(active, starting, since 0.00337827s)
2024-04-22T13:17:47.310 INFO:journalctl@ceph.mon.a.smithi005.stdout:Apr 22 13:17:47 smithi005 ceph-mon[28006]: from='mgr.14120 172.21.15.5:0/3202998420' entity='mgr.x' cmd=[{"prefix": "mon metadata", "id": "a"}]: dispatch
2024-04-22T13:17:47.310 INFO:journalctl@ceph.mon.a.smithi005.stdout:Apr 22 13:17:47 smithi005 ceph-mon[28006]: from='mgr.14120 172.21.15.5:0/3202998420' entity='mgr.x' cmd=[{"prefix": "mgr metadata", "who": "x", "id": "x"}]: dispatch
2024-04-22T13:17:47.310 INFO:journalctl@ceph.mon.a.smithi005.stdout:Apr 22 13:17:47 smithi005 ceph-mon[28006]: from='mgr.14120 172.21.15.5:0/3202998420' entity='mgr.x' cmd=[{"prefix": "mds metadata"}]: dispatch
2024-04-22T13:17:47.311 INFO:journalctl@ceph.mon.a.smithi005.stdout:Apr 22 13:17:47 smithi005 ceph-mon[28006]: from='mgr.14120 172.21.15.5:0/3202998420' entity='mgr.x' cmd=[{"prefix": "osd metadata"}]: dispatch
2024-04-22T13:17:47.311 INFO:journalctl@ceph.mon.a.smithi005.stdout:Apr 22 13:17:47 smithi005 ceph-mon[28006]: from='mgr.14120 172.21.15.5:0/3202998420' entity='mgr.x' cmd=[{"prefix": "mon metadata"}]: dispatch
2024-04-22T13:17:47.311 INFO:journalctl@ceph.mon.a.smithi005.stdout:Apr 22 13:17:47 smithi005 ceph-mon[28006]: Manager daemon x is now available
2024-04-22T13:17:47.311 INFO:journalctl@ceph.mon.a.smithi005.stdout:Apr 22 13:17:47 smithi005 ceph-mon[28006]: from='mgr.14120 172.21.15.5:0/3202998420' entity='mgr.x'
2024-04-22T13:17:47.311 INFO:journalctl@ceph.mon.a.smithi005.stdout:Apr 22 13:17:47 smithi005 ceph-mon[28006]: from='mgr.14120 172.21.15.5:0/3202998420' entity='mgr.x'
2024-04-22T13:17:47.311 INFO:journalctl@ceph.mon.a.smithi005.stdout:Apr 22 13:17:47 smithi005 ceph-mon[28006]: from='mgr.14120 172.21.15.5:0/3202998420' entity='mgr.x' cmd=[{"prefix": "config dump", "format": "json"}]: dispatch
2024-04-22T13:17:47.311 INFO:journalctl@ceph.mon.a.smithi005.stdout:Apr 22 13:17:47 smithi005 ceph-mon[28006]: from='mgr.14120 172.21.15.5:0/3202998420' entity='mgr.x' cmd=[{"prefix": "config dump", "format": "json"}]: dispatch
2024-04-22T13:17:47.311 INFO:journalctl@ceph.mon.a.smithi005.stdout:Apr 22 13:17:47 smithi005 ceph-mon[28006]: from='mgr.14120 172.21.15.5:0/3202998420' entity='mgr.x' cmd=[{"prefix":"config rm","who":"mgr","name":"mgr/rbd_support/x/mirror_snapshot_schedule"}]: dispatch
2024-04-22T13:17:48.310 INFO:journalctl@ceph.mon.a.smithi005.stdout:Apr 22 13:17:48 smithi005 ceph-mon[28006]: Found migration_current of "None". Setting to last migration.
2024-04-22T13:17:48.310 INFO:journalctl@ceph.mon.a.smithi005.stdout:Apr 22 13:17:48 smithi005 ceph-mon[28006]: from='mgr.14120 172.21.15.5:0/3202998420' entity='mgr.x' cmd=[{"prefix":"config rm","who":"mgr","name":"mgr/rbd_support/x/trash_purge_schedule"}]: dispatch
2024-04-22T13:17:48.310 INFO:journalctl@ceph.mon.a.smithi005.stdout:Apr 22 13:17:48 smithi005 ceph-mon[28006]: mgrmap e7: x(active, since 1.00592s)
2024-04-22T13:17:48.614 INFO:teuthology.orchestra.run.smithi005.stdout:/usr/bin/ceph: stdout {
2024-04-22T13:17:48.614 INFO:teuthology.orchestra.run.smithi005.stdout:/usr/bin/ceph: stdout "mgrmap_epoch": 7,
2024-04-22T13:17:48.614 INFO:teuthology.orchestra.run.smithi005.stdout:/usr/bin/ceph: stdout "initialized": true
2024-04-22T13:17:48.614 INFO:teuthology.orchestra.run.smithi005.stdout:/usr/bin/ceph: stdout }
2024-04-22T13:17:48.614 INFO:teuthology.orchestra.run.smithi005.stdout:/usr/bin/ceph: stderr
2024-04-22T13:17:42.820+0000 7f093882a700 1 Processor -- start
2024-04-22T13:17:48.614 INFO:teuthology.orchestra.run.smithi005.stdout:/usr/bin/ceph: stderr
2024-04-22T13:17:42.820+0000 7f093882a700 1 -- start start
2024-04-22T13:17:48.614 INFO:teuthology.orchestra.run.smithi005.stdout:/usr/bin/ceph: stderr
2024-04-22T13:17:42.820+0000 7f093882a700 1 --2- >> [v2:172.21.15.5:3300/0,v1:172.21.15.5:6789/0] conn(0x7f0934108ff0 0x7f093410b3e0 unknown :-1 s=NONE pgs=0 cs=0 l=0 rev1=0 crypto rx=0 tx=0 comp rx=0 tx=0).connect
2024-04-22T13:17:48.614 INFO:teuthology.orchestra.run.smithi005.stdout:/usr/bin/ceph: stderr
2024-04-22T13:17:42.821+0000 7f093882a700 1 -- --> [v2:172.21.15.5:3300/0,v1:172.21.15.5:6789/0] -- mon_getmap magic: 0 -- 0x7f0934063d20 con 0x7f0934108ff0
2024-04-22T13:17:48.614 INFO:teuthology.orchestra.run.smithi005.stdout:/usr/bin/ceph: stderr
2024-04-22T13:17:42.821+0000 7f093259c700 1 --2- >> [v2:172.21.15.5:3300/0,v1:172.21.15.5:6789/0] conn(0x7f0934108ff0 0x7f093410b3e0 unknown :-1 s=BANNER_CONNECTING pgs=0 cs=0 l=0 rev1=0 crypto rx=0 tx=0 comp rx=0 tx=0)._handle_peer_banner_payload supported=3 required=0
2024-04-22T13:17:48.615 INFO:teuthology.orchestra.run.smithi005.stdout:/usr/bin/ceph: stderr
2024-04-22T13:17:42.821+0000 7f093259c700 1 --2- >> [v2:172.21.15.5:3300/0,v1:172.21.15.5:6789/0] conn(0x7f0934108ff0 0x7f093410b3e0 unknown :-1 s=HELLO_CONNECTING pgs=0 cs=0 l=0 rev1=1 crypto rx=0 tx=0 comp rx=0 tx=0).handle_hello peer v2:172.21.15.5:3300/0 says I am v2:172.21.15.5:58874/0 (socket says 172.21.15.5:58874)
2024-04-22T13:17:48.615 INFO:teuthology.orchestra.run.smithi005.stdout:/usr/bin/ceph: stderr
2024-04-22T13:17:42.821+0000 7f093259c700 1 -- 172.21.15.5:0/1994580001 learned_addr learned my addr 172.21.15.5:0/1994580001 (peer_addr_for_me v2:172.21.15.5:0/0)
2024-04-22T13:17:48.615 INFO:teuthology.orchestra.run.smithi005.stdout:/usr/bin/ceph: stderr
2024-04-22T13:17:42.821+0000 7f093259c700 1 -- 172.21.15.5:0/1994580001 --> [v2:172.21.15.5:3300/0,v1:172.21.15.5:6789/0] -- mon_subscribe({config=0+,monmap=0+}) -- 0x7f093410b920 con 0x7f0934108ff0
2024-04-22T13:17:48.615 INFO:teuthology.orchestra.run.smithi005.stdout:/usr/bin/ceph: stderr
2024-04-22T13:17:42.821+0000 7f093259c700 1 --2- 172.21.15.5:0/1994580001 >> [v2:172.21.15.5:3300/0,v1:172.21.15.5:6789/0] conn(0x7f0934108ff0 0x7f093410b3e0 secure :-1 s=READY pgs=28 cs=0 l=1 rev1=1 crypto rx=0x7f09240098a0 tx=0x7f0924009bb0 comp rx=0 tx=0).ready entity=mon.0 client_cookie=17a09d2304d6af01 server_cookie=0 in_seq=0 out_seq=0
2024-04-22T13:17:48.615 INFO:teuthology.orchestra.run.smithi005.stdout:/usr/bin/ceph: stderr
2024-04-22T13:17:42.821+0000 7f093159a700 1 -- 172.21.15.5:0/1994580001 <== mon.0 v2:172.21.15.5:3300/0 1 ==== mon_map magic: 0 ==== 205+0+0 (secure 0 0 0) 0x7f0924004160 con 0x7f0934108ff0
2024-04-22T13:17:48.615 INFO:teuthology.orchestra.run.smithi005.stdout:/usr/bin/ceph: stderr
2024-04-22T13:17:42.821+0000 7f093159a700 1 -- 172.21.15.5:0/1994580001 <== mon.0 v2:172.21.15.5:3300/0 2 ==== config(26 keys) ==== 1070+0+0 (secure 0 0 0) 0x7f0924004300 con 0x7f0934108ff0
2024-04-22T13:17:48.615 INFO:teuthology.orchestra.run.smithi005.stdout:/usr/bin/ceph: stderr
2024-04-22T13:17:42.821+0000 7f093159a700 1 -- 172.21.15.5:0/1994580001 <== mon.0 v2:172.21.15.5:3300/0 3 ==== mon_map magic: 0 ==== 205+0+0 (secure 0 0 0) 0x7f0924011af0 con 0x7f0934108ff0
2024-04-22T13:17:48.615 INFO:teuthology.orchestra.run.smithi005.stdout:/usr/bin/ceph: stderr
2024-04-22T13:17:42.822+0000 7f093882a700 1 -- 172.21.15.5:0/1994580001 >> [v2:172.21.15.5:3300/0,v1:172.21.15.5:6789/0] conn(0x7f0934108ff0 msgr2=0x7f093410b3e0 secure :-1 s=STATE_CONNECTION_ESTABLISHED l=1).mark_down
2024-04-22T13:17:48.615 INFO:teuthology.orchestra.run.smithi005.stdout:/usr/bin/ceph: stderr
2024-04-22T13:17:42.822+0000 7f093882a700 1 --2- 172.21.15.5:0/1994580001 >> [v2:172.21.15.5:3300/0,v1:172.21.15.5:6789/0] conn(0x7f0934108ff0 0x7f093410b3e0 secure :-1 s=READY pgs=28 cs=0 l=1 rev1=1 crypto rx=0x7f09240098a0 tx=0x7f0924009bb0 comp rx=0 tx=0).stop
2024-04-22T13:17:48.615 INFO:teuthology.orchestra.run.smithi005.stdout:/usr/bin/ceph: stderr
2024-04-22T13:17:42.822+0000 7f093882a700 1 -- 172.21.15.5:0/1994580001 shutdown_connections
2024-04-22T13:17:48.615 INFO:teuthology.orchestra.run.smithi005.stdout:/usr/bin/ceph: stderr
2024-04-22T13:17:42.822+0000 7f093882a700 1 --2- 172.21.15.5:0/1994580001 >> [v2:172.21.15.5:3300/0,v1:172.21.15.5:6789/0] conn(0x7f0934108ff0 0x7f093410b3e0 unknown :-1 s=CLOSED pgs=28 cs=0 l=1 rev1=1 crypto rx=0 tx=0 comp rx=0 tx=0).stop
2024-04-22T13:17:48.615 INFO:teuthology.orchestra.run.smithi005.stdout:/usr/bin/ceph: stderr
2024-04-22T13:17:42.822+0000 7f093882a700 1 -- 172.21.15.5:0/1994580001 >> 172.21.15.5:0/1994580001 conn(0x7f0934102a40 msgr2=0x7f0934104e60 unknown :-1 s=STATE_NONE l=0).mark_down
2024-04-22T13:17:48.615 INFO:teuthology.orchestra.run.smithi005.stdout:/usr/bin/ceph: stderr
2024-04-22T13:17:42.822+0000 7f093882a700 1 -- 172.21.15.5:0/1994580001 shutdown_connections
2024-04-22T13:17:48.615 INFO:teuthology.orchestra.run.smithi005.stdout:/usr/bin/ceph: stderr
2024-04-22T13:17:42.822+0000 7f093882a700 1 -- 172.21.15.5:0/1994580001 wait complete.
2024-04-22T13:17:48.616 INFO:teuthology.orchestra.run.smithi005.stdout:/usr/bin/ceph: stderr
2024-04-22T13:17:42.823+0000 7f093882a700 1 Processor -- start
2024-04-22T13:17:48.616 INFO:teuthology.orchestra.run.smithi005.stdout:/usr/bin/ceph: stderr
2024-04-22T13:17:42.823+0000 7f093882a700 1 -- start start
2024-04-22T13:17:48.616 INFO:teuthology.orchestra.run.smithi005.stdout:/usr/bin/ceph: stderr
2024-04-22T13:17:42.823+0000 7f093882a700 1 --2- >> [v2:172.21.15.5:3300/0,v1:172.21.15.5:6789/0] conn(0x7f0934108ff0 0x7f093419c450 unknown :-1 s=NONE pgs=0 cs=0 l=1 rev1=0 crypto rx=0 tx=0 comp rx=0 tx=0).connect
2024-04-22T13:17:48.616 INFO:teuthology.orchestra.run.smithi005.stdout:/usr/bin/ceph: stderr
2024-04-22T13:17:42.823+0000 7f093882a700 1 -- --> [v2:172.21.15.5:3300/0,v1:172.21.15.5:6789/0] -- mon_getmap magic: 0 -- 0x7f093410c8e0 con 0x7f0934108ff0
2024-04-22T13:17:48.616 INFO:teuthology.orchestra.run.smithi005.stdout:/usr/bin/ceph: stderr
2024-04-22T13:17:42.823+0000 7f093259c700 1 --2- >> [v2:172.21.15.5:3300/0,v1:172.21.15.5:6789/0] conn(0x7f0934108ff0 0x7f093419c450 unknown :-1 s=BANNER_CONNECTING pgs=0 cs=0 l=1 rev1=0 crypto rx=0 tx=0 comp rx=0 tx=0)._handle_peer_banner_payload supported=3 required=0
2024-04-22T13:17:48.616 INFO:teuthology.orchestra.run.smithi005.stdout:/usr/bin/ceph: stderr
2024-04-22T13:17:42.823+0000 7f093259c700 1 --2- >> [v2:172.21.15.5:3300/0,v1:172.21.15.5:6789/0] conn(0x7f0934108ff0 0x7f093419c450 unknown :-1 s=HELLO_CONNECTING pgs=0 cs=0 l=1 rev1=1 crypto rx=0 tx=0 comp rx=0 tx=0).handle_hello peer v2:172.21.15.5:3300/0 says I am v2:172.21.15.5:58884/0 (socket says 172.21.15.5:58884)
2024-04-22T13:17:48.616 INFO:teuthology.orchestra.run.smithi005.stdout:/usr/bin/ceph: stderr
2024-04-22T13:17:42.823+0000 7f093259c700 1 -- 172.21.15.5:0/69919354 learned_addr learned my addr 172.21.15.5:0/69919354 (peer_addr_for_me v2:172.21.15.5:0/0)
2024-04-22T13:17:48.616 INFO:teuthology.orchestra.run.smithi005.stdout:/usr/bin/ceph: stderr
2024-04-22T13:17:42.824+0000 7f093259c700 1 -- 172.21.15.5:0/69919354 --> [v2:172.21.15.5:3300/0,v1:172.21.15.5:6789/0] -- mon_subscribe({config=0+,monmap=0+}) -- 0x7f093419c990 con 0x7f0934108ff0
2024-04-22T13:17:48.616 INFO:teuthology.orchestra.run.smithi005.stdout:/usr/bin/ceph: stderr
2024-04-22T13:17:42.824+0000 7f093259c700 1 --2- 172.21.15.5:0/69919354 >> [v2:172.21.15.5:3300/0,v1:172.21.15.5:6789/0] conn(0x7f0934108ff0 0x7f093419c450 secure :-1 s=READY pgs=29 cs=0 l=1 rev1=1 crypto rx=0x7f0924011ac0 tx=0x7f0924011ba0 comp rx=0 tx=0).ready entity=mon.0 client_cookie=0 server_cookie=0 in_seq=0 out_seq=0
2024-04-22T13:17:48.616 INFO:teuthology.orchestra.run.smithi005.stdout:/usr/bin/ceph: stderr
2024-04-22T13:17:42.824+0000 7f092b7fe700 1 -- 172.21.15.5:0/69919354 <== mon.0 v2:172.21.15.5:3300/0 1 ==== mon_map magic: 0 ==== 205+0+0 (secure 0 0 0) 0x7f0924003b20 con 0x7f0934108ff0
2024-04-22T13:17:48.616 INFO:teuthology.orchestra.run.smithi005.stdout:/usr/bin/ceph: stderr
2024-04-22T13:17:42.824+0000 7f093882a700 1 -- 172.21.15.5:0/69919354 --> [v2:172.21.15.5:3300/0,v1:172.21.15.5:6789/0] -- mon_subscribe({mgrmap=0+}) -- 0x7f093419cc20 con 0x7f0934108ff0
2024-04-22T13:17:48.616 INFO:teuthology.orchestra.run.smithi005.stdout:/usr/bin/ceph: stderr
2024-04-22T13:17:42.824+0000 7f092b7fe700 1 -- 172.21.15.5:0/69919354 <== mon.0 v2:172.21.15.5:3300/0 2 ==== config(26 keys) ==== 1070+0+0 (secure 0 0 0) 0x7f092401a8c0 con 0x7f0934108ff0
2024-04-22T13:17:48.616 INFO:teuthology.orchestra.run.smithi005.stdout:/usr/bin/ceph: stderr
2024-04-22T13:17:42.824+0000 7f092b7fe700 1 -- 172.21.15.5:0/69919354 <== mon.0 v2:172.21.15.5:3300/0 3 ==== mon_map magic: 0 ==== 205+0+0 (secure 0 0 0) 0x7f09240248d0 con 0x7f0934108ff0
2024-04-22T13:17:48.616 INFO:teuthology.orchestra.run.smithi005.stdout:/usr/bin/ceph: stderr
2024-04-22T13:17:42.824+0000 7f093882a700 1 -- 172.21.15.5:0/69919354 --> [v2:172.21.15.5:3300/0,v1:172.21.15.5:6789/0] -- mon_subscribe({osdmap=0}) -- 0x7f093419f910 con 0x7f0934108ff0
2024-04-22T13:17:48.617 INFO:teuthology.orchestra.run.smithi005.stdout:/usr/bin/ceph: stderr
2024-04-22T13:17:42.825+0000 7f092b7fe700 1 -- 172.21.15.5:0/69919354 <== mon.0 v2:172.21.15.5:3300/0 4 ==== mgrmap(e 5) ==== 46558+0+0 (secure 0 0 0) 0x7f0924022020 con 0x7f0934108ff0
2024-04-22T13:17:48.617 INFO:teuthology.orchestra.run.smithi005.stdout:/usr/bin/ceph: stderr
2024-04-22T13:17:42.825+0000 7f092b7fe700 1 --2- 172.21.15.5:0/69919354 >> [v2:172.21.15.5:6800/3443029620,v1:172.21.15.5:6801/3443029620] conn(0x7f0920039600 0x7f092003bac0 unknown :-1 s=NONE pgs=0 cs=0 l=1 rev1=0 crypto rx=0 tx=0 comp rx=0 tx=0).connect
2024-04-22T13:17:48.617 INFO:teuthology.orchestra.run.smithi005.stdout:/usr/bin/ceph: stderr
2024-04-22T13:17:42.825+0000 7f092b7fe700 1 -- 172.21.15.5:0/69919354 --> [v2:172.21.15.5:6800/3443029620,v1:172.21.15.5:6801/3443029620] -- command(tid 0: {"prefix": "get_command_descriptions"}) -- 0x7f092003c1d0 con 0x7f0920039600
2024-04-22T13:17:48.617 INFO:teuthology.orchestra.run.smithi005.stdout:/usr/bin/ceph: stderr
2024-04-22T13:17:42.825+0000 7f092b7fe700 1 -- 172.21.15.5:0/69919354 <== mon.0 v2:172.21.15.5:3300/0 5 ==== osd_map(1..1 src has 1..1) ==== 725+0+0 (secure 0 0 0) 0x7f092401a430 con 0x7f0934108ff0
2024-04-22T13:17:48.617 INFO:teuthology.orchestra.run.smithi005.stdout:/usr/bin/ceph: stderr
2024-04-22T13:17:42.825+0000 7f0931d9b700 1 -- 172.21.15.5:0/69919354 >> [v2:172.21.15.5:6800/3443029620,v1:172.21.15.5:6801/3443029620] conn(0x7f0920039600 msgr2=0x7f092003bac0 unknown :-1 s=STATE_CONNECTING_RE l=1).process reconnect failed to v2:172.21.15.5:6800/3443029620
2024-04-22T13:17:48.617 INFO:teuthology.orchestra.run.smithi005.stdout:/usr/bin/ceph: stderr
2024-04-22T13:17:42.825+0000 7f0931d9b700 1 --2- 172.21.15.5:0/69919354 >> [v2:172.21.15.5:6800/3443029620,v1:172.21.15.5:6801/3443029620] conn(0x7f0920039600 0x7f092003bac0 unknown :-1 s=START_CONNECT pgs=0 cs=0 l=1 rev1=0 crypto rx=0 tx=0 comp rx=0 tx=0)._fault waiting 0.200000
2024-04-22T13:17:48.617 INFO:teuthology.orchestra.run.smithi005.stdout:/usr/bin/ceph: stderr
2024-04-22T13:17:43.026+0000 7f0931d9b700 1 -- 172.21.15.5:0/69919354 >> [v2:172.21.15.5:6800/3443029620,v1:172.21.15.5:6801/3443029620] conn(0x7f0920039600 msgr2=0x7f092003bac0 unknown :-1 s=STATE_CONNECTING_RE l=1).process reconnect failed to v2:172.21.15.5:6800/3443029620
2024-04-22T13:17:48.617 INFO:teuthology.orchestra.run.smithi005.stdout:/usr/bin/ceph: stderr
2024-04-22T13:17:43.026+0000 7f0931d9b700 1 --2- 172.21.15.5:0/69919354 >> [v2:172.21.15.5:6800/3443029620,v1:172.21.15.5:6801/3443029620] conn(0x7f0920039600 0x7f092003bac0 unknown :-1 s=START_CONNECT pgs=0 cs=0 l=1 rev1=0 crypto rx=0 tx=0 comp rx=0 tx=0)._fault waiting 0.400000
2024-04-22T13:17:48.617 INFO:teuthology.orchestra.run.smithi005.stdout:/usr/bin/ceph: stderr
2024-04-22T13:17:43.427+0000 7f0931d9b700 1 -- 172.21.15.5:0/69919354 >> [v2:172.21.15.5:6800/3443029620,v1:172.21.15.5:6801/3443029620] conn(0x7f0920039600 msgr2=0x7f092003bac0 unknown :-1 s=STATE_CONNECTING_RE l=1).process reconnect failed to v2:172.21.15.5:6800/3443029620
2024-04-22T13:17:48.617 INFO:teuthology.orchestra.run.smithi005.stdout:/usr/bin/ceph: stderr
2024-04-22T13:17:43.427+0000 7f0931d9b700 1 --2- 172.21.15.5:0/69919354 >> [v2:172.21.15.5:6800/3443029620,v1:172.21.15.5:6801/3443029620] conn(0x7f0920039600 0x7f092003bac0 unknown :-1 s=START_CONNECT pgs=0 cs=0 l=1 rev1=0 crypto rx=0 tx=0 comp rx=0 tx=0)._fault waiting 0.800000
2024-04-22T13:17:48.617 INFO:teuthology.orchestra.run.smithi005.stdout:/usr/bin/ceph: stderr
2024-04-22T13:17:44.228+0000 7f0931d9b700 1 -- 172.21.15.5:0/69919354 >> [v2:172.21.15.5:6800/3443029620,v1:172.21.15.5:6801/3443029620] conn(0x7f0920039600 msgr2=0x7f092003bac0 unknown :-1 s=STATE_CONNECTING_RE l=1).process reconnect failed to v2:172.21.15.5:6800/3443029620
2024-04-22T13:17:48.617 INFO:teuthology.orchestra.run.smithi005.stdout:/usr/bin/ceph: stderr
2024-04-22T13:17:44.228+0000 7f0931d9b700 1 --2- 172.21.15.5:0/69919354 >> [v2:172.21.15.5:6800/3443029620,v1:172.21.15.5:6801/3443029620] conn(0x7f0920039600 0x7f092003bac0 unknown :-1 s=START_CONNECT pgs=0 cs=0 l=1 rev1=0 crypto rx=0 tx=0 comp rx=0 tx=0)._fault waiting 1.600000
2024-04-22T13:17:48.617 INFO:teuthology.orchestra.run.smithi005.stdout:/usr/bin/ceph: stderr
2024-04-22T13:17:45.829+0000 7f0931d9b700 1 -- 172.21.15.5:0/69919354 >> [v2:172.21.15.5:6800/3443029620,v1:172.21.15.5:6801/3443029620] conn(0x7f0920039600 msgr2=0x7f092003bac0 unknown :-1 s=STATE_CONNECTING_RE l=1).process reconnect failed to v2:172.21.15.5:6800/3443029620
2024-04-22T13:17:48.617 INFO:teuthology.orchestra.run.smithi005.stdout:/usr/bin/ceph: stderr
