2024-04-22T13:17:45.829+0000 7f0931d9b700 1 --2- 172.21.15.5:0/69919354 >> [v2:172.21.15.5:6800/3443029620,v1:172.21.15.5:6801/3443029620] conn(0x7f0920039600 0x7f092003bac0 unknown :-1 s=START_CONNECT pgs=0 cs=0 l=1 rev1=0 crypto rx=0 tx=0 comp rx=0 tx=0)._fault waiting 3.200000
2024-04-22T13:17:48.617 INFO:teuthology.orchestra.run.smithi005.stdout:/usr/bin/ceph: stderr
2024-04-22T13:17:46.975+0000 7f092b7fe700 1 -- 172.21.15.5:0/69919354 <== mon.0 v2:172.21.15.5:3300/0 6 ==== mgrmap(e 6) ==== 46325+0+0 (secure 0 0 0) 0x7f092402d3f0 con 0x7f0934108ff0
2024-04-22T13:17:48.617 INFO:teuthology.orchestra.run.smithi005.stdout:/usr/bin/ceph: stderr
2024-04-22T13:17:46.975+0000 7f092b7fe700 1 -- 172.21.15.5:0/69919354 >> [v2:172.21.15.5:6800/3443029620,v1:172.21.15.5:6801/3443029620] conn(0x7f0920039600 msgr2=0x7f092003bac0 unknown :-1 s=STATE_CONNECTING l=1).mark_down
2024-04-22T13:17:48.618 INFO:teuthology.orchestra.run.smithi005.stdout:/usr/bin/ceph: stderr
2024-04-22T13:17:46.975+0000 7f092b7fe700 1 --2- 172.21.15.5:0/69919354 >> [v2:172.21.15.5:6800/3443029620,v1:172.21.15.5:6801/3443029620] conn(0x7f0920039600 0x7f092003bac0 unknown :-1 s=START_CONNECT pgs=0 cs=0 l=1 rev1=0 crypto rx=0 tx=0 comp rx=0 tx=0).stop
2024-04-22T13:17:48.618 INFO:teuthology.orchestra.run.smithi005.stdout:/usr/bin/ceph: stderr
2024-04-22T13:17:47.976+0000 7f092b7fe700 1 -- 172.21.15.5:0/69919354 <== mon.0 v2:172.21.15.5:3300/0 7 ==== mgrmap(e 7) ==== 46452+0+0 (secure 0 0 0) 0x7f092404f080 con 0x7f0934108ff0
2024-04-22T13:17:48.618 INFO:teuthology.orchestra.run.smithi005.stdout:/usr/bin/ceph: stderr
2024-04-22T13:17:47.976+0000 7f092b7fe700 1 --2- 172.21.15.5:0/69919354 >> [v2:172.21.15.5:6800/4095818300,v1:172.21.15.5:6801/4095818300] conn(0x7f092003cef0 0x7f092003f2e0 unknown :-1 s=NONE pgs=0 cs=0 l=1 rev1=0 crypto rx=0 tx=0 comp rx=0 tx=0).connect
2024-04-22T13:17:48.618 INFO:teuthology.orchestra.run.smithi005.stdout:/usr/bin/ceph: stderr
2024-04-22T13:17:47.976+0000 7f092b7fe700 1 -- 172.21.15.5:0/69919354 --> [v2:172.21.15.5:6800/4095818300,v1:172.21.15.5:6801/4095818300] -- command(tid 0: {"prefix": "get_command_descriptions"}) -- 0x7f0924020ec0 con 0x7f092003cef0
2024-04-22T13:17:48.618 INFO:teuthology.orchestra.run.smithi005.stdout:/usr/bin/ceph: stderr
2024-04-22T13:17:47.977+0000 7f0931d9b700 1 --2- 172.21.15.5:0/69919354 >> [v2:172.21.15.5:6800/4095818300,v1:172.21.15.5:6801/4095818300] conn(0x7f092003cef0 0x7f092003f2e0 unknown :-1 s=BANNER_CONNECTING pgs=0 cs=0 l=1 rev1=0 crypto rx=0 tx=0 comp rx=0 tx=0)._handle_peer_banner_payload supported=3 required=0
2024-04-22T13:17:48.618 INFO:teuthology.orchestra.run.smithi005.stdout:/usr/bin/ceph: stderr
2024-04-22T13:17:47.978+0000 7f0931d9b700 1 --2- 172.21.15.5:0/69919354 >> [v2:172.21.15.5:6800/4095818300,v1:172.21.15.5:6801/4095818300] conn(0x7f092003cef0 0x7f092003f2e0 secure :-1 s=READY pgs=2 cs=0 l=1 rev1=1 crypto rx=0x7f091c003a10 tx=0x7f091c0092b0 comp rx=0 tx=0).ready entity=mgr.14120 client_cookie=0 server_cookie=0 in_seq=0 out_seq=0
2024-04-22T13:17:48.618 INFO:teuthology.orchestra.run.smithi005.stdout:/usr/bin/ceph: stderr
2024-04-22T13:17:47.978+0000 7f092b7fe700 1 -- 172.21.15.5:0/69919354 <== mgr.14120 v2:172.21.15.5:6800/4095818300 1 ==== command_reply(tid 0: 0 ) ==== 8+0+7774 (secure 0 0 0) 0x7f0924020ec0 con 0x7f092003cef0
2024-04-22T13:17:48.618 INFO:teuthology.orchestra.run.smithi005.stdout:/usr/bin/ceph: stderr
2024-04-22T13:17:47.984+0000 7f093882a700 1 -- 172.21.15.5:0/69919354 --> [v2:172.21.15.5:6800/4095818300,v1:172.21.15.5:6801/4095818300] -- command(tid 1: {"prefix": "mgr_status"}) -- 0x7f0934069ba0 con 0x7f092003cef0
2024-04-22T13:17:48.618 INFO:teuthology.orchestra.run.smithi005.stdout:/usr/bin/ceph: stderr
2024-04-22T13:17:47.985+0000 7f092b7fe700 1 -- 172.21.15.5:0/69919354 <== mgr.14120 v2:172.21.15.5:6800/4095818300 2 ==== command_reply(tid 1: 0 ) ==== 8+0+51 (secure 0 0 0) 0x7f0934069ba0 con 0x7f092003cef0
2024-04-22T13:17:48.618 INFO:teuthology.orchestra.run.smithi005.stdout:/usr/bin/ceph: stderr
2024-04-22T13:17:47.985+0000 7f093882a700 1 -- 172.21.15.5:0/69919354 >> [v2:172.21.15.5:6800/4095818300,v1:172.21.15.5:6801/4095818300] conn(0x7f092003cef0 msgr2=0x7f092003f2e0 secure :-1 s=STATE_CONNECTION_ESTABLISHED l=1).mark_down
2024-04-22T13:17:48.618 INFO:teuthology.orchestra.run.smithi005.stdout:/usr/bin/ceph: stderr
2024-04-22T13:17:47.985+0000 7f093882a700 1 --2- 172.21.15.5:0/69919354 >> [v2:172.21.15.5:6800/4095818300,v1:172.21.15.5:6801/4095818300] conn(0x7f092003cef0 0x7f092003f2e0 secure :-1 s=READY pgs=2 cs=0 l=1 rev1=1 crypto rx=0x7f091c003a10 tx=0x7f091c0092b0 comp rx=0 tx=0).stop
2024-04-22T13:17:48.618 INFO:teuthology.orchestra.run.smithi005.stdout:/usr/bin/ceph: stderr
2024-04-22T13:17:47.985+0000 7f093882a700 1 -- 172.21.15.5:0/69919354 >> [v2:172.21.15.5:3300/0,v1:172.21.15.5:6789/0] conn(0x7f0934108ff0 msgr2=0x7f093419c450 secure :-1 s=STATE_CONNECTION_ESTABLISHED l=1).mark_down
2024-04-22T13:17:48.618 INFO:teuthology.orchestra.run.smithi005.stdout:/usr/bin/ceph: stderr
2024-04-22T13:17:47.985+0000 7f093882a700 1 --2- 172.21.15.5:0/69919354 >> [v2:172.21.15.5:3300/0,v1:172.21.15.5:6789/0] conn(0x7f0934108ff0 0x7f093419c450 secure :-1 s=READY pgs=29 cs=0 l=1 rev1=1 crypto rx=0x7f0924011ac0 tx=0x7f0924011ba0 comp rx=0 tx=0).stop
2024-04-22T13:17:48.619 INFO:teuthology.orchestra.run.smithi005.stdout:/usr/bin/ceph: stderr
2024-04-22T13:17:47.985+0000 7f093882a700 1 -- 172.21.15.5:0/69919354 shutdown_connections
2024-04-22T13:17:48.619 INFO:teuthology.orchestra.run.smithi005.stdout:/usr/bin/ceph: stderr
2024-04-22T13:17:47.985+0000 7f093882a700 1 --2- 172.21.15.5:0/69919354 >> [v2:172.21.15.5:6800/4095818300,v1:172.21.15.5:6801/4095818300] conn(0x7f092003cef0 0x7f092003f2e0 unknown :-1 s=CLOSED pgs=2 cs=0 l=1 rev1=1 crypto rx=0 tx=0 comp rx=0 tx=0).stop
2024-04-22T13:17:48.619 INFO:teuthology.orchestra.run.smithi005.stdout:/usr/bin/ceph: stderr
2024-04-22T13:17:47.985+0000 7f093882a700 1 --2- 172.21.15.5:0/69919354 >> [v2:172.21.15.5:3300/0,v1:172.21.15.5:6789/0] conn(0x7f0934108ff0 0x7f093419c450 unknown :-1 s=CLOSED pgs=29 cs=0 l=1 rev1=1 crypto rx=0 tx=0 comp rx=0 tx=0).stop
2024-04-22T13:17:48.619 INFO:teuthology.orchestra.run.smithi005.stdout:/usr/bin/ceph: stderr
2024-04-22T13:17:47.985+0000 7f093882a700 1 --2- 172.21.15.5:0/69919354 >> [v2:172.21.15.5:6800/3443029620,v1:172.21.15.5:6801/3443029620] conn(0x7f0920039600 0x7f092003bac0 unknown :-1 s=CLOSED pgs=0 cs=0 l=1 rev1=0 crypto rx=0 tx=0 comp rx=0 tx=0).stop
2024-04-22T13:17:48.619 INFO:teuthology.orchestra.run.smithi005.stdout:/usr/bin/ceph: stderr
2024-04-22T13:17:47.985+0000 7f093882a700 1 -- 172.21.15.5:0/69919354 >> 172.21.15.5:0/69919354 conn(0x7f0934102a40 msgr2=0x7f0934103510 unknown :-1 s=STATE_NONE l=0).mark_down
2024-04-22T13:17:48.619 INFO:teuthology.orchestra.run.smithi005.stdout:/usr/bin/ceph: stderr
2024-04-22T13:17:47.985+0000 7f093882a700 1 -- 172.21.15.5:0/69919354 shutdown_connections
2024-04-22T13:17:48.619 INFO:teuthology.orchestra.run.smithi005.stdout:/usr/bin/ceph: stderr
2024-04-22T13:17:47.985+0000 7f093882a700 1 -- 172.21.15.5:0/69919354 wait complete.
2024-04-22T13:17:48.619 INFO:teuthology.orchestra.run.smithi005.stdout:mgr epoch 5 is available
2024-04-22T13:17:48.619 INFO:teuthology.orchestra.run.smithi005.stdout:Setting orchestrator backend to cephadm...
2024-04-22T13:17:49.223 INFO:journalctl@ceph.mon.a.smithi005.stdout:Apr 22 13:17:49 smithi005 ceph-mon[28006]: from='client.14124 -' entity='client.admin' cmd=[{"prefix": "get_command_descriptions"}]: dispatch
2024-04-22T13:17:49.223 INFO:journalctl@ceph.mon.a.smithi005.stdout:Apr 22 13:17:49 smithi005 ceph-mon[28006]: from='client.14124 -' entity='client.admin' cmd=[{"prefix": "mgr_status"}]: dispatch
2024-04-22T13:17:49.223 INFO:journalctl@ceph.mon.a.smithi005.stdout:Apr 22 13:17:49 smithi005 ceph-mon[28006]: from='mgr.14120 172.21.15.5:0/3202998420' entity='mgr.x'
2024-04-22T13:17:49.223 INFO:journalctl@ceph.mon.a.smithi005.stdout:Apr 22 13:17:49 smithi005 ceph-mon[28006]: from='mgr.14120 172.21.15.5:0/3202998420' entity='mgr.x'
2024-04-22T13:17:49.223 INFO:journalctl@ceph.mon.a.smithi005.stdout:Apr 22 13:17:49 smithi005 ceph-mon[28006]: [22/Apr/2024:13:17:48] ENGINE Bus STARTING
2024-04-22T13:17:49.223 INFO:journalctl@ceph.mon.a.smithi005.stdout:Apr 22 13:17:49 smithi005 ceph-mon[28006]: [22/Apr/2024:13:17:48] ENGINE Serving on https://172.21.15.5:7150
2024-04-22T13:17:49.223 INFO:journalctl@ceph.mon.a.smithi005.stdout:Apr 22 13:17:49 smithi005 ceph-mon[28006]: [22/Apr/2024:13:17:48] ENGINE Serving on http://172.21.15.5:8765
2024-04-22T13:17:49.223 INFO:journalctl@ceph.mon.a.smithi005.stdout:Apr 22 13:17:49 smithi005 ceph-mon[28006]: [22/Apr/2024:13:17:48] ENGINE Bus STARTED
2024-04-22T13:17:49.223 INFO:journalctl@ceph.mon.a.smithi005.stdout:Apr 22 13:17:49 smithi005 ceph-mon[28006]: from='mgr.14120 172.21.15.5:0/3202998420' entity='mgr.x' cmd=[{"prefix": "config dump", "format": "json"}]: dispatch
2024-04-22T13:17:49.760 INFO:teuthology.orchestra.run.smithi005.stdout:/usr/bin/ceph: stderr
2024-04-22T13:17:48.986+0000 7f42f229c700 1 Processor -- start
2024-04-22T13:17:49.760 INFO:teuthology.orchestra.run.smithi005.stdout:/usr/bin/ceph: stderr
2024-04-22T13:17:48.986+0000 7f42f229c700 1 -- start start
2024-04-22T13:17:49.760 INFO:teuthology.orchestra.run.smithi005.stdout:/usr/bin/ceph: stderr
2024-04-22T13:17:48.986+0000 7f42f229c700 1 --2- >> [v2:172.21.15.5:3300/0,v1:172.21.15.5:6789/0] conn(0x7f42ec109040 0x7f42ec10b430 unknown :-1 s=NONE pgs=0 cs=0 l=0 rev1=0 crypto rx=0 tx=0 comp rx=0 tx=0).connect
2024-04-22T13:17:49.761 INFO:teuthology.orchestra.run.smithi005.stdout:/usr/bin/ceph: stderr
2024-04-22T13:17:48.986+0000 7f42f229c700 1 -- --> [v2:172.21.15.5:3300/0,v1:172.21.15.5:6789/0] -- mon_getmap magic: 0 -- 0x7f42ec07be40 con 0x7f42ec109040
2024-04-22T13:17:49.761 INFO:teuthology.orchestra.run.smithi005.stdout:/usr/bin/ceph: stderr
2024-04-22T13:17:48.987+0000 7f42ebfff700 1 --2- >> [v2:172.21.15.5:3300/0,v1:172.21.15.5:6789/0] conn(0x7f42ec109040 0x7f42ec10b430 unknown :-1 s=BANNER_CONNECTING pgs=0 cs=0 l=0 rev1=0 crypto rx=0 tx=0 comp rx=0 tx=0)._handle_peer_banner_payload supported=3 required=0
2024-04-22T13:17:49.761 INFO:teuthology.orchestra.run.smithi005.stdout:/usr/bin/ceph: stderr
2024-04-22T13:17:48.987+0000 7f42ebfff700 1 --2- >> [v2:172.21.15.5:3300/0,v1:172.21.15.5:6789/0] conn(0x7f42ec109040 0x7f42ec10b430 unknown :-1 s=HELLO_CONNECTING pgs=0 cs=0 l=0 rev1=1 crypto rx=0 tx=0 comp rx=0 tx=0).handle_hello peer v2:172.21.15.5:3300/0 says I am v2:172.21.15.5:37098/0 (socket says 172.21.15.5:37098)
2024-04-22T13:17:49.761 INFO:teuthology.orchestra.run.smithi005.stdout:/usr/bin/ceph: stderr
2024-04-22T13:17:48.987+0000 7f42ebfff700 1 -- 172.21.15.5:0/102641040 learned_addr learned my addr 172.21.15.5:0/102641040 (peer_addr_for_me v2:172.21.15.5:0/0)
2024-04-22T13:17:49.761 INFO:teuthology.orchestra.run.smithi005.stdout:/usr/bin/ceph: stderr
2024-04-22T13:17:48.987+0000 7f42ebfff700 1 -- 172.21.15.5:0/102641040 --> [v2:172.21.15.5:3300/0,v1:172.21.15.5:6789/0] -- mon_subscribe({config=0+,monmap=0+}) -- 0x7f42ec10b970 con 0x7f42ec109040
2024-04-22T13:17:49.761 INFO:teuthology.orchestra.run.smithi005.stdout:/usr/bin/ceph: stderr
2024-04-22T13:17:48.987+0000 7f42ebfff700 1 --2- 172.21.15.5:0/102641040 >> [v2:172.21.15.5:3300/0,v1:172.21.15.5:6789/0] conn(0x7f42ec109040 0x7f42ec10b430 secure :-1 s=READY pgs=37 cs=0 l=1 rev1=1 crypto rx=0x7f42dc0098a0 tx=0x7f42dc009bb0 comp rx=0 tx=0).ready entity=mon.0 client_cookie=f8ae0e1ef38dc32e server_cookie=0 in_seq=0 out_seq=0
2024-04-22T13:17:49.761 INFO:teuthology.orchestra.run.smithi005.stdout:/usr/bin/ceph: stderr
2024-04-22T13:17:48.987+0000 7f42eaffd700 1 -- 172.21.15.5:0/102641040 <== mon.0 v2:172.21.15.5:3300/0 1 ==== mon_map magic: 0 ==== 205+0+0 (secure 0 0 0) 0x7f42dc004160 con 0x7f42ec109040
2024-04-22T13:17:49.761 INFO:teuthology.orchestra.run.smithi005.stdout:/usr/bin/ceph: stderr
2024-04-22T13:17:48.987+0000 7f42eaffd700 1 -- 172.21.15.5:0/102641040 <== mon.0 v2:172.21.15.5:3300/0 2 ==== config(26 keys) ==== 1070+0+0 (secure 0 0 0) 0x7f42dc004300 con 0x7f42ec109040
2024-04-22T13:17:49.761 INFO:teuthology.orchestra.run.smithi005.stdout:/usr/bin/ceph: stderr
2024-04-22T13:17:48.987+0000 7f42eaffd700 1 -- 172.21.15.5:0/102641040 <== mon.0 v2:172.21.15.5:3300/0 3 ==== mon_map magic: 0 ==== 205+0+0 (secure 0 0 0) 0x7f42dc011af0 con 0x7f42ec109040
2024-04-22T13:17:49.761 INFO:teuthology.orchestra.run.smithi005.stdout:/usr/bin/ceph: stderr
2024-04-22T13:17:48.988+0000 7f42f229c700 1 -- 172.21.15.5:0/102641040 >> [v2:172.21.15.5:3300/0,v1:172.21.15.5:6789/0] conn(0x7f42ec109040 msgr2=0x7f42ec10b430 secure :-1 s=STATE_CONNECTION_ESTABLISHED l=1).mark_down
2024-04-22T13:17:49.761 INFO:teuthology.orchestra.run.smithi005.stdout:/usr/bin/ceph: stderr
2024-04-22T13:17:48.988+0000 7f42f229c700 1 --2- 172.21.15.5:0/102641040 >> [v2:172.21.15.5:3300/0,v1:172.21.15.5:6789/0] conn(0x7f42ec109040 0x7f42ec10b430 secure :-1 s=READY pgs=37 cs=0 l=1 rev1=1 crypto rx=0x7f42dc0098a0 tx=0x7f42dc009bb0 comp rx=0 tx=0).stop
2024-04-22T13:17:49.761 INFO:teuthology.orchestra.run.smithi005.stdout:/usr/bin/ceph: stderr
2024-04-22T13:17:48.988+0000 7f42f229c700 1 -- 172.21.15.5:0/102641040 shutdown_connections
2024-04-22T13:17:49.761 INFO:teuthology.orchestra.run.smithi005.stdout:/usr/bin/ceph: stderr
2024-04-22T13:17:48.988+0000 7f42f229c700 1 --2- 172.21.15.5:0/102641040 >> [v2:172.21.15.5:3300/0,v1:172.21.15.5:6789/0] conn(0x7f42ec109040 0x7f42ec10b430 unknown :-1 s=CLOSED pgs=37 cs=0 l=1 rev1=1 crypto rx=0 tx=0 comp rx=0 tx=0).stop
2024-04-22T13:17:49.761 INFO:teuthology.orchestra.run.smithi005.stdout:/usr/bin/ceph: stderr
2024-04-22T13:17:48.988+0000 7f42f229c700 1 -- 172.21.15.5:0/102641040 >> 172.21.15.5:0/102641040 conn(0x7f42ec102a50 msgr2=0x7f42ec104e70 unknown :-1 s=STATE_NONE l=0).mark_down
2024-04-22T13:17:49.762 INFO:teuthology.orchestra.run.smithi005.stdout:/usr/bin/ceph: stderr
2024-04-22T13:17:48.988+0000 7f42f229c700 1 -- 172.21.15.5:0/102641040 shutdown_connections
2024-04-22T13:17:49.762 INFO:teuthology.orchestra.run.smithi005.stdout:/usr/bin/ceph: stderr
2024-04-22T13:17:48.988+0000 7f42f229c700 1 -- 172.21.15.5:0/102641040 wait complete.
2024-04-22T13:17:49.762 INFO:teuthology.orchestra.run.smithi005.stdout:/usr/bin/ceph: stderr
2024-04-22T13:17:48.988+0000 7f42f229c700 1 Processor -- start
2024-04-22T13:17:49.762 INFO:teuthology.orchestra.run.smithi005.stdout:/usr/bin/ceph: stderr
2024-04-22T13:17:48.988+0000 7f42f229c700 1 -- start start
2024-04-22T13:17:49.762 INFO:teuthology.orchestra.run.smithi005.stdout:/usr/bin/ceph: stderr
2024-04-22T13:17:48.989+0000 7f42f229c700 1 --2- >> [v2:172.21.15.5:3300/0,v1:172.21.15.5:6789/0] conn(0x7f42ec109040 0x7f42ec19c490 unknown :-1 s=NONE pgs=0 cs=0 l=1 rev1=0 crypto rx=0 tx=0 comp rx=0 tx=0).connect
2024-04-22T13:17:49.762 INFO:teuthology.orchestra.run.smithi005.stdout:/usr/bin/ceph: stderr
2024-04-22T13:17:48.989+0000 7f42f229c700 1 -- --> [v2:172.21.15.5:3300/0,v1:172.21.15.5:6789/0] -- mon_getmap magic: 0 -- 0x7f42ec10c8d0 con 0x7f42ec109040
2024-04-22T13:17:49.762 INFO:teuthology.orchestra.run.smithi005.stdout:/usr/bin/ceph: stderr
2024-04-22T13:17:48.989+0000 7f42ebfff700 1 --2- >> [v2:172.21.15.5:3300/0,v1:172.21.15.5:6789/0] conn(0x7f42ec109040 0x7f42ec19c490 unknown :-1 s=BANNER_CONNECTING pgs=0 cs=0 l=1 rev1=0 crypto rx=0 tx=0 comp rx=0 tx=0)._handle_peer_banner_payload supported=3 required=0
2024-04-22T13:17:49.762 INFO:teuthology.orchestra.run.smithi005.stdout:/usr/bin/ceph: stderr
2024-04-22T13:17:48.989+0000 7f42ebfff700 1 --2- >> [v2:172.21.15.5:3300/0,v1:172.21.15.5:6789/0] conn(0x7f42ec109040 0x7f42ec19c490 unknown :-1 s=HELLO_CONNECTING pgs=0 cs=0 l=1 rev1=1 crypto rx=0 tx=0 comp rx=0 tx=0).handle_hello peer v2:172.21.15.5:3300/0 says I am v2:172.21.15.5:37112/0 (socket says 172.21.15.5:37112)
2024-04-22T13:17:49.762 INFO:teuthology.orchestra.run.smithi005.stdout:/usr/bin/ceph: stderr
2024-04-22T13:17:48.989+0000 7f42ebfff700 1 -- 172.21.15.5:0/2789979390 learned_addr learned my addr 172.21.15.5:0/2789979390 (peer_addr_for_me v2:172.21.15.5:0/0)
2024-04-22T13:17:49.762 INFO:teuthology.orchestra.run.smithi005.stdout:/usr/bin/ceph: stderr
2024-04-22T13:17:48.989+0000 7f42ebfff700 1 -- 172.21.15.5:0/2789979390 --> [v2:172.21.15.5:3300/0,v1:172.21.15.5:6789/0] -- mon_subscribe({config=0+,monmap=0+}) -- 0x7f42ec19c9d0 con 0x7f42ec109040
2024-04-22T13:17:49.762 INFO:teuthology.orchestra.run.smithi005.stdout:/usr/bin/ceph: stderr
2024-04-22T13:17:48.989+0000 7f42ebfff700 1 --2- 172.21.15.5:0/2789979390 >> [v2:172.21.15.5:3300/0,v1:172.21.15.5:6789/0] conn(0x7f42ec109040 0x7f42ec19c490 secure :-1 s=READY pgs=38 cs=0 l=1 rev1=1 crypto rx=0x7f42dc011ac0 tx=0x7f42dc011ba0 comp rx=0 tx=0).ready entity=mon.0 client_cookie=0 server_cookie=0 in_seq=0 out_seq=0
2024-04-22T13:17:49.762 INFO:teuthology.orchestra.run.smithi005.stdout:/usr/bin/ceph: stderr
2024-04-22T13:17:48.989+0000 7f42e97fa700 1 -- 172.21.15.5:0/2789979390 <== mon.0 v2:172.21.15.5:3300/0 1 ==== mon_map magic: 0 ==== 205+0+0 (secure 0 0 0) 0x7f42dc003970 con 0x7f42ec109040
2024-04-22T13:17:49.762 INFO:teuthology.orchestra.run.smithi005.stdout:/usr/bin/ceph: stderr
2024-04-22T13:17:48.990+0000 7f42e97fa700 1 -- 172.21.15.5:0/2789979390 <== mon.0 v2:172.21.15.5:3300/0 2 ==== config(26 keys) ==== 1070+0+0 (secure 0 0 0) 0x7f42dc003b10 con 0x7f42ec109040
2024-04-22T13:17:49.763 INFO:teuthology.orchestra.run.smithi005.stdout:/usr/bin/ceph: stderr
2024-04-22T13:17:48.990+0000 7f42f229c700 1 -- 172.21.15.5:0/2789979390 --> [v2:172.21.15.5:3300/0,v1:172.21.15.5:6789/0] -- mon_subscribe({mgrmap=0+}) -- 0x7f42ec19cc60 con 0x7f42ec109040
2024-04-22T13:17:49.763 INFO:teuthology.orchestra.run.smithi005.stdout:/usr/bin/ceph: stderr
2024-04-22T13:17:48.990+0000 7f42e97fa700 1 -- 172.21.15.5:0/2789979390 <== mon.0 v2:172.21.15.5:3300/0 3 ==== mon_map magic: 0 ==== 205+0+0 (secure 0 0 0) 0x7f42dc024610 con 0x7f42ec109040
2024-04-22T13:17:49.763 INFO:teuthology.orchestra.run.smithi005.stdout:/usr/bin/ceph: stderr
2024-04-22T13:17:48.990+0000 7f42f229c700 1 -- 172.21.15.5:0/2789979390 --> [v2:172.21.15.5:3300/0,v1:172.21.15.5:6789/0] -- mon_subscribe({osdmap=0}) -- 0x7f42ec19f950 con 0x7f42ec109040
2024-04-22T13:17:49.763 INFO:teuthology.orchestra.run.smithi005.stdout:/usr/bin/ceph: stderr
2024-04-22T13:17:48.990+0000 7f42e97fa700 1 -- 172.21.15.5:0/2789979390 <== mon.0 v2:172.21.15.5:3300/0 4 ==== mgrmap(e 7) ==== 46452+0+0 (secure 0 0 0) 0x7f42dc024840 con 0x7f42ec109040
2024-04-22T13:17:49.763 INFO:teuthology.orchestra.run.smithi005.stdout:/usr/bin/ceph: stderr
2024-04-22T13:17:48.991+0000 7f42f229c700 1 -- 172.21.15.5:0/2789979390 --> [v2:172.21.15.5:3300/0,v1:172.21.15.5:6789/0] -- mon_command({"prefix": "get_command_descriptions"} v 0) -- 0x7f42ec0640a0 con 0x7f42ec109040
2024-04-22T13:17:49.763 INFO:teuthology.orchestra.run.smithi005.stdout:/usr/bin/ceph: stderr
2024-04-22T13:17:48.991+0000 7f42e97fa700 1 --2- 172.21.15.5:0/2789979390 >> [v2:172.21.15.5:6800/4095818300,v1:172.21.15.5:6801/4095818300] conn(0x7f42d40394e0 0x7f42d403b9a0 unknown :-1 s=NONE pgs=0 cs=0 l=1 rev1=0 crypto rx=0 tx=0 comp rx=0 tx=0).connect
2024-04-22T13:17:49.763 INFO:teuthology.orchestra.run.smithi005.stdout:/usr/bin/ceph: stderr
2024-04-22T13:17:48.991+0000 7f42e97fa700 1 -- 172.21.15.5:0/2789979390 <== mon.0 v2:172.21.15.5:3300/0 5 ==== osd_map(2..2 src has 1..2) ==== 940+0+0 (secure 0 0 0) 0x7f42dc04d710 con 0x7f42ec109040
2024-04-22T13:17:49.763 INFO:teuthology.orchestra.run.smithi005.stdout:/usr/bin/ceph: stderr
2024-04-22T13:17:48.991+0000 7f42eb7fe700 1 --2- 172.21.15.5:0/2789979390 >> [v2:172.21.15.5:6800/4095818300,v1:172.21.15.5:6801/4095818300] conn(0x7f42d40394e0 0x7f42d403b9a0 unknown :-1 s=BANNER_CONNECTING pgs=0 cs=0 l=1 rev1=0 crypto rx=0 tx=0 comp rx=0 tx=0)._handle_peer_banner_payload supported=3 required=0
2024-04-22T13:17:49.763 INFO:teuthology.orchestra.run.smithi005.stdout:/usr/bin/ceph: stderr
2024-04-22T13:17:48.991+0000 7f42eb7fe700 1 --2- 172.21.15.5:0/2789979390 >> [v2:172.21.15.5:6800/4095818300,v1:172.21.15.5:6801/4095818300] conn(0x7f42d40394e0 0x7f42d403b9a0 secure :-1 s=READY pgs=7 cs=0 l=1 rev1=1 crypto rx=0x7f42e0006fd0 tx=0x7f42e0006e40 comp rx=0 tx=0).ready entity=mgr.14120 client_cookie=0 server_cookie=0 in_seq=0 out_seq=0
2024-04-22T13:17:49.763 INFO:teuthology.orchestra.run.smithi005.stdout:/usr/bin/ceph: stderr
2024-04-22T13:17:48.997+0000 7f42e97fa700 1 -- 172.21.15.5:0/2789979390 <== mon.0 v2:172.21.15.5:3300/0 6 ==== mon_command_ack([{"prefix": "get_command_descriptions"}]=0 v0) ==== 72+0+188370 (secure 0 0 0) 0x7f42dc0172b0 con 0x7f42ec109040
2024-04-22T13:17:49.763 INFO:teuthology.orchestra.run.smithi005.stdout:/usr/bin/ceph: stderr
2024-04-22T13:17:49.100+0000 7f42e97fa700 1 -- 172.21.15.5:0/2789979390 <== mon.0 v2:172.21.15.5:3300/0 7 ==== mgrmap(e 8) ==== 46558+0+0 (secure 0 0 0) 0x7f42dc02d910 con 0x7f42ec109040
2024-04-22T13:17:49.763 INFO:teuthology.orchestra.run.smithi005.stdout:/usr/bin/ceph: stderr
2024-04-22T13:17:49.225+0000 7f42f229c700 1 -- 172.21.15.5:0/2789979390 --> [v2:172.21.15.5:6800/4095818300,v1:172.21.15.5:6801/4095818300] -- mgr_command(tid 0: {"prefix": "orch set backend", "module_name": "cephadm", "target": ["mon-mgr", ""]}) -- 0x7f42ec103c50 con 0x7f42d40394e0
2024-04-22T13:17:49.763 INFO:teuthology.orchestra.run.smithi005.stdout:/usr/bin/ceph: stderr
2024-04-22T13:17:49.228+0000 7f42e97fa700 1 -- 172.21.15.5:0/2789979390 <== mgr.14120 v2:172.21.15.5:6800/4095818300 1 ==== mgr_command_reply(tid 0: 0 ) ==== 8+0+0 (secure 0 0 0) 0x7f42ec103c50 con 0x7f42d40394e0
2024-04-22T13:17:49.764 INFO:teuthology.orchestra.run.smithi005.stdout:/usr/bin/ceph: stderr
2024-04-22T13:17:49.232+0000 7f42f229c700 1 -- 172.21.15.5:0/2789979390 >> [v2:172.21.15.5:6800/4095818300,v1:172.21.15.5:6801/4095818300] conn(0x7f42d40394e0 msgr2=0x7f42d403b9a0 secure :-1 s=STATE_CONNECTION_ESTABLISHED l=1).mark_down
2024-04-22T13:17:49.764 INFO:teuthology.orchestra.run.smithi005.stdout:/usr/bin/ceph: stderr
2024-04-22T13:17:49.232+0000 7f42f229c700 1 --2- 172.21.15.5:0/2789979390 >> [v2:172.21.15.5:6800/4095818300,v1:172.21.15.5:6801/4095818300] conn(0x7f42d40394e0 0x7f42d403b9a0 secure :-1 s=READY pgs=7 cs=0 l=1 rev1=1 crypto rx=0x7f42e0006fd0 tx=0x7f42e0006e40 comp rx=0 tx=0).stop
2024-04-22T13:17:49.764 INFO:teuthology.orchestra.run.smithi005.stdout:/usr/bin/ceph: stderr
2024-04-22T13:17:49.232+0000 7f42f229c700 1 -- 172.21.15.5:0/2789979390 >> [v2:172.21.15.5:3300/0,v1:172.21.15.5:6789/0] conn(0x7f42ec109040 msgr2=0x7f42ec19c490 secure :-1 s=STATE_CONNECTION_ESTABLISHED l=1).mark_down
2024-04-22T13:17:49.764 INFO:teuthology.orchestra.run.smithi005.stdout:/usr/bin/ceph: stderr
2024-04-22T13:17:49.232+0000 7f42f229c700 1 --2- 172.21.15.5:0/2789979390 >> [v2:172.21.15.5:3300/0,v1:172.21.15.5:6789/0] conn(0x7f42ec109040 0x7f42ec19c490 secure :-1 s=READY pgs=38 cs=0 l=1 rev1=1 crypto rx=0x7f42dc011ac0 tx=0x7f42dc011ba0 comp rx=0 tx=0).stop
2024-04-22T13:17:49.764 INFO:teuthology.orchestra.run.smithi005.stdout:/usr/bin/ceph: stderr
2024-04-22T13:17:49.232+0000 7f42f229c700 1 -- 172.21.15.5:0/2789979390 shutdown_connections
2024-04-22T13:17:49.764 INFO:teuthology.orchestra.run.smithi005.stdout:/usr/bin/ceph: stderr
2024-04-22T13:17:49.232+0000 7f42f229c700 1 --2- 172.21.15.5:0/2789979390 >> [v2:172.21.15.5:6800/4095818300,v1:172.21.15.5:6801/4095818300] conn(0x7f42d40394e0 0x7f42d403b9a0 unknown :-1 s=CLOSED pgs=7 cs=0 l=1 rev1=1 crypto rx=0 tx=0 comp rx=0 tx=0).stop
2024-04-22T13:17:49.764 INFO:teuthology.orchestra.run.smithi005.stdout:/usr/bin/ceph: stderr
2024-04-22T13:17:49.232+0000 7f42f229c700 1 --2- 172.21.15.5:0/2789979390 >> [v2:172.21.15.5:3300/0,v1:172.21.15.5:6789/0] conn(0x7f42ec109040 0x7f42ec19c490 unknown :-1 s=CLOSED pgs=38 cs=0 l=1 rev1=1 crypto rx=0 tx=0 comp rx=0 tx=0).stop
2024-04-22T13:17:49.764 INFO:teuthology.orchestra.run.smithi005.stdout:/usr/bin/ceph: stderr
2024-04-22T13:17:49.232+0000 7f42f229c700 1 -- 172.21.15.5:0/2789979390 >> 172.21.15.5:0/2789979390 conn(0x7f42ec102a50 msgr2=0x7f42ec103540 unknown :-1 s=STATE_NONE l=0).mark_down
2024-04-22T13:17:49.764 INFO:teuthology.orchestra.run.smithi005.stdout:/usr/bin/ceph: stderr
2024-04-22T13:17:49.232+0000 7f42f229c700 1 -- 172.21.15.5:0/2789979390 shutdown_connections
2024-04-22T13:17:49.764 INFO:teuthology.orchestra.run.smithi005.stdout:/usr/bin/ceph: stderr
2024-04-22T13:17:49.232+0000 7f42f229c700 1 -- 172.21.15.5:0/2789979390 wait complete.
2024-04-22T13:17:50.310 INFO:journalctl@ceph.mon.a.smithi005.stdout:Apr 22 13:17:50 smithi005 ceph-mon[28006]: mgrmap e8: x(active, since 2s)
2024-04-22T13:17:50.310 INFO:journalctl@ceph.mon.a.smithi005.stdout:Apr 22 13:17:50 smithi005 ceph-mon[28006]: from='client.14132 -' entity='client.admin' cmd=[{"prefix": "orch set backend", "module_name": "cephadm", "target": ["mon-mgr", ""]}]: dispatch
2024-04-22T13:17:50.310 INFO:journalctl@ceph.mon.a.smithi005.stdout:Apr 22 13:17:50 smithi005 ceph-mon[28006]: from='mgr.14120 172.21.15.5:0/3202998420' entity='mgr.x'
2024-04-22T13:17:50.310 INFO:journalctl@ceph.mon.a.smithi005.stdout:Apr 22 13:17:50 smithi005 ceph-mon[28006]: from='mgr.14120 172.21.15.5:0/3202998420' entity='mgr.x' cmd=[{"prefix": "config dump", "format": "json"}]: dispatch
2024-04-22T13:17:50.983 INFO:teuthology.orchestra.run.smithi005.stdout:/usr/bin/ceph: stdout value unchanged
2024-04-22T13:17:50.983 INFO:teuthology.orchestra.run.smithi005.stdout:/usr/bin/ceph: stderr
2024-04-22T13:17:50.185+0000 7f1a0596d700 1 Processor -- start
2024-04-22T13:17:50.983 INFO:teuthology.orchestra.run.smithi005.stdout:/usr/bin/ceph: stderr
2024-04-22T13:17:50.185+0000 7f1a0596d700 1 -- start start
2024-04-22T13:17:50.983 INFO:teuthology.orchestra.run.smithi005.stdout:/usr/bin/ceph: stderr
2024-04-22T13:17:50.185+0000 7f1a0596d700 1 --2- >> [v2:172.21.15.5:3300/0,v1:172.21.15.5:6789/0] conn(0x7f1a00108560 0x7f1a00108980 unknown :-1 s=NONE pgs=0 cs=0 l=0 rev1=0 crypto rx=0 tx=0 comp rx=0 tx=0).connect
2024-04-22T13:17:50.983 INFO:teuthology.orchestra.run.smithi005.stdout:/usr/bin/ceph: stderr
2024-04-22T13:17:50.185+0000 7f1a0596d700 1 -- --> [v2:172.21.15.5:3300/0,v1:172.21.15.5:6789/0] -- mon_getmap magic: 0 -- 0x7f1a00108f50 con 0x7f1a00108560
2024-04-22T13:17:50.983 INFO:teuthology.orchestra.run.smithi005.stdout:/usr/bin/ceph: stderr
2024-04-22T13:17:50.185+0000 7f19feffd700 1 --2- >> [v2:172.21.15.5:3300/0,v1:172.21.15.5:6789/0] conn(0x7f1a00108560 0x7f1a00108980 unknown :-1 s=BANNER_CONNECTING pgs=0 cs=0 l=0 rev1=0 crypto rx=0 tx=0 comp rx=0 tx=0)._handle_peer_banner_payload supported=3 required=0
2024-04-22T13:17:50.983 INFO:teuthology.orchestra.run.smithi005.stdout:/usr/bin/ceph: stderr
2024-04-22T13:17:50.185+0000 7f19feffd700 1 --2- >> [v2:172.21.15.5:3300/0,v1:172.21.15.5:6789/0] conn(0x7f1a00108560 0x7f1a00108980 unknown :-1 s=HELLO_CONNECTING pgs=0 cs=0 l=0 rev1=1 crypto rx=0 tx=0 comp rx=0 tx=0).handle_hello peer v2:172.21.15.5:3300/0 says I am v2:172.21.15.5:37128/0 (socket says 172.21.15.5:37128)
2024-04-22T13:17:50.983 INFO:teuthology.orchestra.run.smithi005.stdout:/usr/bin/ceph: stderr
2024-04-22T13:17:50.185+0000 7f19feffd700 1 -- 172.21.15.5:0/2904452034 learned_addr learned my addr 172.21.15.5:0/2904452034 (peer_addr_for_me v2:172.21.15.5:0/0)
2024-04-22T13:17:50.983 INFO:teuthology.orchestra.run.smithi005.stdout:/usr/bin/ceph: stderr
2024-04-22T13:17:50.185+0000 7f19feffd700 1 -- 172.21.15.5:0/2904452034 --> [v2:172.21.15.5:3300/0,v1:172.21.15.5:6789/0] -- mon_subscribe({config=0+,monmap=0+}) -- 0x7f1a00109710 con 0x7f1a00108560
2024-04-22T13:17:50.983 INFO:teuthology.orchestra.run.smithi005.stdout:/usr/bin/ceph: stderr
2024-04-22T13:17:50.186+0000 7f19feffd700 1 --2- 172.21.15.5:0/2904452034 >> [v2:172.21.15.5:3300/0,v1:172.21.15.5:6789/0] conn(0x7f1a00108560 0x7f1a00108980 secure :-1 s=READY pgs=39 cs=0 l=1 rev1=1 crypto rx=0x7f19f00098a0 tx=0x7f19f0009bb0 comp rx=0 tx=0).ready entity=mon.0 client_cookie=68e611578d627da3 server_cookie=0 in_seq=0 out_seq=0
2024-04-22T13:17:50.983 INFO:teuthology.orchestra.run.smithi005.stdout:/usr/bin/ceph: stderr
2024-04-22T13:17:50.186+0000 7f19fdffb700 1 -- 172.21.15.5:0/2904452034 <== mon.0 v2:172.21.15.5:3300/0 1 ==== mon_map magic: 0 ==== 205+0+0 (secure 0 0 0) 0x7f19f0004160 con 0x7f1a00108560
2024-04-22T13:17:50.983 INFO:teuthology.orchestra.run.smithi005.stdout:/usr/bin/ceph: stderr
2024-04-22T13:17:50.186+0000 7f19fdffb700 1 -- 172.21.15.5:0/2904452034 <== mon.0 v2:172.21.15.5:3300/0 2 ==== config(26 keys) ==== 1070+0+0 (secure 0 0 0) 0x7f19f0004300 con 0x7f1a00108560
2024-04-22T13:17:50.983 INFO:teuthology.orchestra.run.smithi005.stdout:/usr/bin/ceph: stderr
2024-04-22T13:17:50.186+0000 7f19fdffb700 1 -- 172.21.15.5:0/2904452034 <== mon.0 v2:172.21.15.5:3300/0 3 ==== mon_map magic: 0 ==== 205+0+0 (secure 0 0 0) 0x7f19f0011af0 con 0x7f1a00108560
2024-04-22T13:17:50.984 INFO:teuthology.orchestra.run.smithi005.stdout:/usr/bin/ceph: stderr
2024-04-22T13:17:50.186+0000 7f1a0596d700 1 -- 172.21.15.5:0/2904452034 >> [v2:172.21.15.5:3300/0,v1:172.21.15.5:6789/0] conn(0x7f1a00108560 msgr2=0x7f1a00108980 secure :-1 s=STATE_CONNECTION_ESTABLISHED l=1).mark_down
2024-04-22T13:17:50.984 INFO:teuthology.orchestra.run.smithi005.stdout:/usr/bin/ceph: stderr
2024-04-22T13:17:50.186+0000 7f1a0596d700 1 --2- 172.21.15.5:0/2904452034 >> [v2:172.21.15.5:3300/0,v1:172.21.15.5:6789/0] conn(0x7f1a00108560 0x7f1a00108980 secure :-1 s=READY pgs=39 cs=0 l=1 rev1=1 crypto rx=0x7f19f00098a0 tx=0x7f19f0009bb0 comp rx=0 tx=0).stop
2024-04-22T13:17:50.984 INFO:teuthology.orchestra.run.smithi005.stdout:/usr/bin/ceph: stderr
2024-04-22T13:17:50.186+0000 7f1a0596d700 1 -- 172.21.15.5:0/2904452034 shutdown_connections
2024-04-22T13:17:50.984 INFO:teuthology.orchestra.run.smithi005.stdout:/usr/bin/ceph: stderr
2024-04-22T13:17:50.186+0000 7f1a0596d700 1 --2- 172.21.15.5:0/2904452034 >> [v2:172.21.15.5:3300/0,v1:172.21.15.5:6789/0] conn(0x7f1a00108560 0x7f1a00108980 unknown :-1 s=CLOSED pgs=39 cs=0 l=1 rev1=1 crypto rx=0 tx=0 comp rx=0 tx=0).stop
2024-04-22T13:17:50.984 INFO:teuthology.orchestra.run.smithi005.stdout:/usr/bin/ceph: stderr
2024-04-22T13:17:50.186+0000 7f1a0596d700 1 -- 172.21.15.5:0/2904452034 >> 172.21.15.5:0/2904452034 conn(0x7f1a00103b40 msgr2=0x7f1a00105f60 unknown :-1 s=STATE_NONE l=0).mark_down
2024-04-22T13:17:50.984 INFO:teuthology.orchestra.run.smithi005.stdout:/usr/bin/ceph: stderr
2024-04-22T13:17:50.186+0000 7f1a0596d700 1 -- 172.21.15.5:0/2904452034 shutdown_connections
2024-04-22T13:17:50.984 INFO:teuthology.orchestra.run.smithi005.stdout:/usr/bin/ceph: stderr
2024-04-22T13:17:50.186+0000 7f1a0596d700 1 -- 172.21.15.5:0/2904452034 wait complete.
2024-04-22T13:17:50.984 INFO:teuthology.orchestra.run.smithi005.stdout:/usr/bin/ceph: stderr
2024-04-22T13:17:50.187+0000 7f1a0596d700 1 Processor -- start
2024-04-22T13:17:50.984 INFO:teuthology.orchestra.run.smithi005.stdout:/usr/bin/ceph: stderr
2024-04-22T13:17:50.187+0000 7f1a0596d700 1 -- start start
2024-04-22T13:17:50.984 INFO:teuthology.orchestra.run.smithi005.stdout:/usr/bin/ceph: stderr
2024-04-22T13:17:50.187+0000 7f1a0596d700 1 --2- >> [v2:172.21.15.5:3300/0,v1:172.21.15.5:6789/0] conn(0x7f1a00108560 0x7f1a0019c4f0 unknown :-1 s=NONE pgs=0 cs=0 l=1 rev1=0 crypto rx=0 tx=0 comp rx=0 tx=0).connect
2024-04-22T13:17:50.984 INFO:teuthology.orchestra.run.smithi005.stdout:/usr/bin/ceph: stderr
2024-04-22T13:17:50.187+0000 7f1a0596d700 1 -- --> [v2:172.21.15.5:3300/0,v1:172.21.15.5:6789/0] -- mon_getmap magic: 0 -- 0x7f1a0010cac0 con 0x7f1a00108560
2024-04-22T13:17:50.984 INFO:teuthology.orchestra.run.smithi005.stdout:/usr/bin/ceph: stderr
2024-04-22T13:17:50.188+0000 7f19feffd700 1 --2- >> [v2:172.21.15.5:3300/0,v1:172.21.15.5:6789/0] conn(0x7f1a00108560 0x7f1a0019c4f0 unknown :-1 s=BANNER_CONNECTING pgs=0 cs=0 l=1 rev1=0 crypto rx=0 tx=0 comp rx=0 tx=0)._handle_peer_banner_payload supported=3 required=0
2024-04-22T13:17:50.984 INFO:teuthology.orchestra.run.smithi005.stdout:/usr/bin/ceph: stderr
2024-04-22T13:17:50.188+0000 7f19feffd700 1 --2- >> [v2:172.21.15.5:3300/0,v1:172.21.15.5:6789/0] conn(0x7f1a00108560 0x7f1a0019c4f0 unknown :-1 s=HELLO_CONNECTING pgs=0 cs=0 l=1 rev1=1 crypto rx=0 tx=0 comp rx=0 tx=0).handle_hello peer v2:172.21.15.5:3300/0 says I am v2:172.21.15.5:37140/0 (socket says 172.21.15.5:37140)
2024-04-22T13:17:50.984 INFO:teuthology.orchestra.run.smithi005.stdout:/usr/bin/ceph: stderr
2024-04-22T13:17:50.188+0000 7f19feffd700 1 -- 172.21.15.5:0/1945076932 learned_addr learned my addr 172.21.15.5:0/1945076932 (peer_addr_for_me v2:172.21.15.5:0/0)
2024-04-22T13:17:50.984 INFO:teuthology.orchestra.run.smithi005.stdout:/usr/bin/ceph: stderr
2024-04-22T13:17:50.188+0000 7f19feffd700 1 -- 172.21.15.5:0/1945076932 --> [v2:172.21.15.5:3300/0,v1:172.21.15.5:6789/0] -- mon_subscribe({config=0+,monmap=0+}) -- 0x7f1a0019ca30 con 0x7f1a00108560
2024-04-22T13:17:50.985 INFO:teuthology.orchestra.run.smithi005.stdout:/usr/bin/ceph: stderr
2024-04-22T13:17:50.188+0000 7f19feffd700 1 --2- 172.21.15.5:0/1945076932 >> [v2:172.21.15.5:3300/0,v1:172.21.15.5:6789/0] conn(0x7f1a00108560 0x7f1a0019c4f0 secure :-1 s=READY pgs=40 cs=0 l=1 rev1=1 crypto rx=0x7f19f00117b0 tx=0x7f19f0011b70 comp rx=0 tx=0).ready entity=mon.0 client_cookie=0 server_cookie=0 in_seq=0 out_seq=0
2024-04-22T13:17:50.985 INFO:teuthology.orchestra.run.smithi005.stdout:/usr/bin/ceph: stderr
2024-04-22T13:17:50.188+0000 7f1a0496b700 1 -- 172.21.15.5:0/1945076932 <== mon.0 v2:172.21.15.5:3300/0 1 ==== mon_map magic: 0 ==== 205+0+0 (secure 0 0 0) 0x7f19f0003af0 con 0x7f1a00108560
2024-04-22T13:17:50.985 INFO:teuthology.orchestra.run.smithi005.stdout:/usr/bin/ceph: stderr
2024-04-22T13:17:50.188+0000 7f1a0496b700 1 -- 172.21.15.5:0/1945076932 <== mon.0 v2:172.21.15.5:3300/0 2 ==== config(26 keys) ==== 1070+0+0 (secure 0 0 0) 0x7f19f0020070 con 0x7f1a00108560
2024-04-22T13:17:50.985 INFO:teuthology.orchestra.run.smithi005.stdout:/usr/bin/ceph: stderr
2024-04-22T13:17:50.188+0000 7f1a0496b700 1 -- 172.21.15.5:0/1945076932 <== mon.0 v2:172.21.15.5:3300/0 3 ==== mon_map magic: 0 ==== 205+0+0 (secure 0 0 0) 0x7f19f0019630 con 0x7f1a00108560
2024-04-22T13:17:50.985 INFO:teuthology.orchestra.run.smithi005.stdout:/usr/bin/ceph: stderr
2024-04-22T13:17:50.188+0000 7f1a0596d700 1 -- 172.21.15.5:0/1945076932 --> [v2:172.21.15.5:3300/0,v1:172.21.15.5:6789/0] -- mon_subscribe({mgrmap=0+}) -- 0x7f1a0019ccc0 con 0x7f1a00108560
2024-04-22T13:17:50.985 INFO:teuthology.orchestra.run.smithi005.stdout:/usr/bin/ceph: stderr
2024-04-22T13:17:50.188+0000 7f1a0596d700 1 -- 172.21.15.5:0/1945076932 --> [v2:172.21.15.5:3300/0,v1:172.21.15.5:6789/0] -- mon_subscribe({osdmap=0}) -- 0x7f1a0019f9b0 con 0x7f1a00108560
2024-04-22T13:17:50.985 INFO:teuthology.orchestra.run.smithi005.stdout:/usr/bin/ceph: stderr
2024-04-22T13:17:50.189+0000 7f1a0496b700 1 -- 172.21.15.5:0/1945076932 <== mon.0 v2:172.21.15.5:3300/0 4 ==== mgrmap(e 8) ==== 46558+0+0 (secure 0 0 0) 0x7f19f00198f0 con 0x7f1a00108560
2024-04-22T13:17:50.985 INFO:teuthology.orchestra.run.smithi005.stdout:/usr/bin/ceph: stderr
2024-04-22T13:17:50.189+0000 7f1a0496b700 1 --2- 172.21.15.5:0/1945076932 >> [v2:172.21.15.5:6800/4095818300,v1:172.21.15.5:6801/4095818300] conn(0x7f19e80395b0 0x7f19e803ba70 unknown :-1 s=NONE pgs=0 cs=0 l=1 rev1=0 crypto rx=0 tx=0 comp rx=0 tx=0).connect
2024-04-22T13:17:50.985 INFO:teuthology.orchestra.run.smithi005.stdout:/usr/bin/ceph: stderr
2024-04-22T13:17:50.189+0000 7f1a0496b700 1 -- 172.21.15.5:0/1945076932 <== mon.0 v2:172.21.15.5:3300/0 5 ==== osd_map(2..2 src has 1..2) ==== 940+0+0 (secure 0 0 0) 0x7f19f004dba0 con 0x7f1a00108560
2024-04-22T13:17:50.985 INFO:teuthology.orchestra.run.smithi005.stdout:/usr/bin/ceph: stderr
2024-04-22T13:17:50.189+0000 7f1a0596d700 1 -- 172.21.15.5:0/1945076932 --> [v2:172.21.15.5:3300/0,v1:172.21.15.5:6789/0] -- mon_command({"prefix": "get_command_descriptions"} v 0) -- 0x7f1a00069ba0 con 0x7f1a00108560
2024-04-22T13:17:50.985 INFO:teuthology.orchestra.run.smithi005.stdout:/usr/bin/ceph: stderr
2024-04-22T13:17:50.189+0000 7f19fe7fc700 1 --2- 172.21.15.5:0/1945076932 >> [v2:172.21.15.5:6800/4095818300,v1:172.21.15.5:6801/4095818300] conn(0x7f19e80395b0 0x7f19e803ba70 unknown :-1 s=BANNER_CONNECTING pgs=0 cs=0 l=1 rev1=0 crypto rx=0 tx=0 comp rx=0 tx=0)._handle_peer_banner_payload supported=3 required=0
2024-04-22T13:17:50.985 INFO:teuthology.orchestra.run.smithi005.stdout:/usr/bin/ceph: stderr
2024-04-22T13:17:50.190+0000 7f19fe7fc700 1 --2- 172.21.15.5:0/1945076932 >> [v2:172.21.15.5:6800/4095818300,v1:172.21.15.5:6801/4095818300] conn(0x7f19e80395b0 0x7f19e803ba70 secure :-1 s=READY pgs=8 cs=0 l=1 rev1=1 crypto rx=0x7f19f4006fd0 tx=0x7f19f4006e40 comp rx=0 tx=0).ready entity=mgr.14120 client_cookie=0 server_cookie=0 in_seq=0 out_seq=0
2024-04-22T13:17:50.985 INFO:teuthology.orchestra.run.smithi005.stdout:/usr/bin/ceph: stderr
2024-04-22T13:17:50.195+0000 7f1a0496b700 1 -- 172.21.15.5:0/1945076932 <== mon.0 v2:172.21.15.5:3300/0 6 ==== mon_command_ack([{"prefix": "get_command_descriptions"}]=0 v0) ==== 72+0+188370 (secure 0 0 0) 0x7f19f00042a0 con 0x7f1a00108560
2024-04-22T13:17:50.985 INFO:teuthology.orchestra.run.smithi005.stdout:/usr/bin/ceph: stderr
2024-04-22T13:17:50.404+0000 7f1a0596d700 1 -- 172.21.15.5:0/1945076932 --> [v2:172.21.15.5:6800/4095818300,v1:172.21.15.5:6801/4095818300] -- mgr_command(tid 0: {"prefix": "cephadm set-user", "user": "root", "target": ["mon-mgr", ""]}) -- 0x7f1a00104e70 con 0x7f19e80395b0
2024-04-22T13:17:50.986 INFO:teuthology.orchestra.run.smithi005.stdout:/usr/bin/ceph: stderr
2024-04-22T13:17:50.405+0000 7f1a0496b700 1 -- 172.21.15.5:0/1945076932 <== mgr.14120 v2:172.21.15.5:6800/4095818300 1 ==== mgr_command_reply(tid 0: 0 ) ==== 8+0+16 (secure 0 0 0) 0x7f1a00104e70 con 0x7f19e80395b0
2024-04-22T13:17:50.986 INFO:teuthology.orchestra.run.smithi005.stdout:/usr/bin/ceph: stderr
2024-04-22T13:17:50.407+0000 7f1a0596d700 1 -- 172.21.15.5:0/1945076932 >> [v2:172.21.15.5:6800/4095818300,v1:172.21.15.5:6801/4095818300] conn(0x7f19e80395b0 msgr2=0x7f19e803ba70 secure :-1 s=STATE_CONNECTION_ESTABLISHED l=1).mark_down
2024-04-22T13:17:50.986 INFO:teuthology.orchestra.run.smithi005.stdout:/usr/bin/ceph: stderr
2024-04-22T13:17:50.407+0000 7f1a0596d700 1 --2- 172.21.15.5:0/1945076932 >> [v2:172.21.15.5:6800/4095818300,v1:172.21.15.5:6801/4095818300] conn(0x7f19e80395b0 0x7f19e803ba70 secure :-1 s=READY pgs=8 cs=0 l=1 rev1=1 crypto rx=0x7f19f4006fd0 tx=0x7f19f4006e40 comp rx=0 tx=0).stop
2024-04-22T13:17:50.986 INFO:teuthology.orchestra.run.smithi005.stdout:/usr/bin/ceph: stderr
2024-04-22T13:17:50.407+0000 7f1a0596d700 1 -- 172.21.15.5:0/1945076932 >> [v2:172.21.15.5:3300/0,v1:172.21.15.5:6789/0] conn(0x7f1a00108560 msgr2=0x7f1a0019c4f0 secure :-1 s=STATE_CONNECTION_ESTABLISHED l=1).mark_down
2024-04-22T13:17:50.986 INFO:teuthology.orchestra.run.smithi005.stdout:/usr/bin/ceph: stderr
2024-04-22T13:17:50.407+0000 7f1a0596d700 1 --2- 172.21.15.5:0/1945076932 >> [v2:172.21.15.5:3300/0,v1:172.21.15.5:6789/0] conn(0x7f1a00108560 0x7f1a0019c4f0 secure :-1 s=READY pgs=40 cs=0 l=1 rev1=1 crypto rx=0x7f19f00117b0 tx=0x7f19f0011b70 comp rx=0 tx=0).stop
2024-04-22T13:17:50.986 INFO:teuthology.orchestra.run.smithi005.stdout:/usr/bin/ceph: stderr
2024-04-22T13:17:50.407+0000 7f1a0596d700 1 -- 172.21.15.5:0/1945076932 shutdown_connections
2024-04-22T13:17:50.986 INFO:teuthology.orchestra.run.smithi005.stdout:/usr/bin/ceph: stderr
2024-04-22T13:17:50.407+0000 7f1a0596d700 1 --2- 172.21.15.5:0/1945076932 >> [v2:172.21.15.5:6800/4095818300,v1:172.21.15.5:6801/4095818300] conn(0x7f19e80395b0 0x7f19e803ba70 unknown :-1 s=CLOSED pgs=8 cs=0 l=1 rev1=1 crypto rx=0 tx=0 comp rx=0 tx=0).stop
2024-04-22T13:17:50.986 INFO:teuthology.orchestra.run.smithi005.stdout:/usr/bin/ceph: stderr
2024-04-22T13:17:50.407+0000 7f1a0596d700 1 --2- 172.21.15.5:0/1945076932 >> [v2:172.21.15.5:3300/0,v1:172.21.15.5:6789/0] conn(0x7f1a00108560 0x7f1a0019c4f0 unknown :-1 s=CLOSED pgs=40 cs=0 l=1 rev1=1 crypto rx=0 tx=0 comp rx=0 tx=0).stop
2024-04-22T13:17:50.986 INFO:teuthology.orchestra.run.smithi005.stdout:/usr/bin/ceph: stderr
2024-04-22T13:17:50.407+0000 7f1a0596d700 1 -- 172.21.15.5:0/1945076932 >> 172.21.15.5:0/1945076932 conn(0x7f1a00103b40 msgr2=0x7f1a00104760 unknown :-1 s=STATE_NONE l=0).mark_down
2024-04-22T13:17:50.986 INFO:teuthology.orchestra.run.smithi005.stdout:/usr/bin/ceph: stderr
2024-04-22T13:17:50.407+0000 7f1a0596d700 1 -- 172.21.15.5:0/1945076932 shutdown_connections
2024-04-22T13:17:50.986 INFO:teuthology.orchestra.run.smithi005.stdout:/usr/bin/ceph: stderr
2024-04-22T13:17:50.407+0000 7f1a0596d700 1 -- 172.21.15.5:0/1945076932 wait complete.
2024-04-22T13:17:50.986 INFO:teuthology.orchestra.run.smithi005.stdout:Generating ssh key...
2024-04-22T13:17:51.310 INFO:journalctl@ceph.mon.a.smithi005.stdout:Apr 22 13:17:51 smithi005 ceph-mon[28006]: from='client.14134 -' entity='client.admin' cmd=[{"prefix": "cephadm set-user", "user": "root", "target": ["mon-mgr", ""]}]: dispatch
2024-04-22T13:17:52.060 INFO:journalctl@ceph.mgr.x.smithi005.stdout:Apr 22 13:17:51 smithi005 ceph-73e95e94-00aa-11ef-bc93-c7b262605968-mgr-x[28236]: Generating public/private rsa key pair.
2024-04-22T13:17:52.061 INFO:journalctl@ceph.mgr.x.smithi005.stdout:Apr 22 13:17:51 smithi005 ceph-73e95e94-00aa-11ef-bc93-c7b262605968-mgr-x[28236]: Your identification has been saved in /tmp/tmpxdv_0mmc/key.
2024-04-22T13:17:52.061 INFO:journalctl@ceph.mgr.x.smithi005.stdout:Apr 22 13:17:51 smithi005 ceph-73e95e94-00aa-11ef-bc93-c7b262605968-mgr-x[28236]: Your public key has been saved in /tmp/tmpxdv_0mmc/key.pub.
2024-04-22T13:17:52.061 INFO:journalctl@ceph.mgr.x.smithi005.stdout:Apr 22 13:17:51 smithi005 ceph-73e95e94-00aa-11ef-bc93-c7b262605968-mgr-x[28236]: The key fingerprint is:
2024-04-22T13:17:52.061 INFO:journalctl@ceph.mgr.x.smithi005.stdout:Apr 22 13:17:51 smithi005 ceph-73e95e94-00aa-11ef-bc93-c7b262605968-mgr-x[28236]: SHA256:c2WcMbhtm7k2BImEzXqjy+lYlL+51PmG5UC/7ujc/pU ceph-73e95e94-00aa-11ef-bc93-c7b262605968
2024-04-22T13:17:52.061 INFO:journalctl@ceph.mgr.x.smithi005.stdout:Apr 22 13:17:51 smithi005 ceph-73e95e94-00aa-11ef-bc93-c7b262605968-mgr-x[28236]: The key's randomart image is:
2024-04-22T13:17:52.061 INFO:journalctl@ceph.mgr.x.smithi005.stdout:Apr 22 13:17:51 smithi005 ceph-73e95e94-00aa-11ef-bc93-c7b262605968-mgr-x[28236]: +---[RSA 3072]----+
2024-04-22T13:17:52.061 INFO:journalctl@ceph.mgr.x.smithi005.stdout:Apr 22 13:17:51 smithi005 ceph-73e95e94-00aa-11ef-bc93-c7b262605968-mgr-x[28236]: | + .o |
2024-04-22T13:17:52.061 INFO:journalctl@ceph.mgr.x.smithi005.stdout:Apr 22 13:17:51 smithi005 ceph-73e95e94-00aa-11ef-bc93-c7b262605968-mgr-x[28236]: | . + .. + |
2024-04-22T13:17:52.061 INFO:journalctl@ceph.mgr.x.smithi005.stdout:Apr 22 13:17:51 smithi005 ceph-73e95e94-00aa-11ef-bc93-c7b262605968-mgr-x[28236]: | o . += |
2024-04-22T13:17:52.061 INFO:journalctl@ceph.mgr.x.smithi005.stdout:Apr 22 13:17:51 smithi005 ceph-73e95e94-00aa-11ef-bc93-c7b262605968-mgr-x[28236]: | ..+ =oo |
2024-04-22T13:17:52.061 INFO:journalctl@ceph.mgr.x.smithi005.stdout:Apr 22 13:17:51 smithi005 ceph-73e95e94-00aa-11ef-bc93-c7b262605968-mgr-x[28236]: | ooSo.+ + |
2024-04-22T13:17:52.061 INFO:journalctl@ceph.mgr.x.smithi005.stdout:Apr 22 13:17:51 smithi005 ceph-73e95e94-00aa-11ef-bc93-c7b262605968-mgr-x[28236]: | ... +..B .|
2024-04-22T13:17:52.061 INFO:journalctl@ceph.mgr.x.smithi005.stdout:Apr 22 13:17:51 smithi005 ceph-73e95e94-00aa-11ef-bc93-c7b262605968-mgr-x[28236]: | ..oo o* o E.|
2024-04-22T13:17:52.061 INFO:journalctl@ceph.mgr.x.smithi005.stdout:Apr 22 13:17:51 smithi005 ceph-73e95e94-00aa-11ef-bc93-c7b262605968-mgr-x[28236]: | o+. +.+B . |
2024-04-22T13:17:52.061 INFO:journalctl@ceph.mgr.x.smithi005.stdout:Apr 22 13:17:51 smithi005 ceph-73e95e94-00aa-11ef-bc93-c7b262605968-mgr-x[28236]: | ... +o+**o. |
2024-04-22T13:17:52.062 INFO:journalctl@ceph.mgr.x.smithi005.stdout:Apr 22 13:17:51 smithi005 ceph-73e95e94-00aa-11ef-bc93-c7b262605968-mgr-x[28236]: +----[SHA256]-----+
2024-04-22T13:17:52.378 INFO:teuthology.orchestra.run.smithi005.stdout:/usr/bin/ceph: stderr
2024-04-22T13:17:51.421+0000 7f0facecf700 1 Processor -- start
2024-04-22T13:17:52.378 INFO:teuthology.orchestra.run.smithi005.stdout:/usr/bin/ceph: stderr
2024-04-22T13:17:51.422+0000 7f0facecf700 1 -- start start
2024-04-22T13:17:52.378 INFO:teuthology.orchestra.run.smithi005.stdout:/usr/bin/ceph: stderr
2024-04-22T13:17:51.422+0000 7f0facecf700 1 --2- >> [v2:172.21.15.5:3300/0,v1:172.21.15.5:6789/0] conn(0x7f0fa807de60 0x7f0fa807c310 unknown :-1 s=NONE pgs=0 cs=0 l=0 rev1=0 crypto rx=0 tx=0 comp rx=0 tx=0).connect
2024-04-22T13:17:52.378 INFO:teuthology.orchestra.run.smithi005.stdout:/usr/bin/ceph: stderr
2024-04-22T13:17:51.422+0000 7f0facecf700 1 -- --> [v2:172.21.15.5:3300/0,v1:172.21.15.5:6789/0] -- mon_getmap magic: 0 -- 0x7f0fa807c8e0 con 0x7f0fa807de60
2024-04-22T13:17:52.378 INFO:teuthology.orchestra.run.smithi005.stdout:/usr/bin/ceph: stderr
2024-04-22T13:17:51.422+0000 7f0fa659c700 1 --2- >> [v2:172.21.15.5:3300/0,v1:172.21.15.5:6789/0] conn(0x7f0fa807de60 0x7f0fa807c310 unknown :-1 s=BANNER_CONNECTING pgs=0 cs=0 l=0 rev1=0 crypto rx=0 tx=0 comp rx=0 tx=0)._handle_peer_banner_payload supported=3 required=0
2024-04-22T13:17:52.378 INFO:teuthology.orchestra.run.smithi005.stdout:/usr/bin/ceph: stderr
2024-04-22T13:17:51.422+0000 7f0fa659c700 1 --2- >> [v2:172.21.15.5:3300/0,v1:172.21.15.5:6789/0] conn(0x7f0fa807de60 0x7f0fa807c310 unknown :-1 s=HELLO_CONNECTING pgs=0 cs=0 l=0 rev1=1 crypto rx=0 tx=0 comp rx=0 tx=0).handle_hello peer v2:172.21.15.5:3300/0 says I am v2:172.21.15.5:37148/0 (socket says 172.21.15.5:37148)
2024-04-22T13:17:52.378 INFO:teuthology.orchestra.run.smithi005.stdout:/usr/bin/ceph: stderr
2024-04-22T13:17:51.422+0000 7f0fa659c700 1 -- 172.21.15.5:0/1404268825 learned_addr learned my addr 172.21.15.5:0/1404268825 (peer_addr_for_me v2:172.21.15.5:0/0)
2024-04-22T13:17:52.379 INFO:teuthology.orchestra.run.smithi005.stdout:/usr/bin/ceph: stderr
2024-04-22T13:17:51.422+0000 7f0fa659c700 1 -- 172.21.15.5:0/1404268825 --> [v2:172.21.15.5:3300/0,v1:172.21.15.5:6789/0] -- mon_subscribe({config=0+,monmap=0+}) -- 0x7f0fa807ca60 con 0x7f0fa807de60
2024-04-22T13:17:52.379 INFO:teuthology.orchestra.run.smithi005.stdout:/usr/bin/ceph: stderr
2024-04-22T13:17:51.423+0000 7f0fa659c700 1 --2- 172.21.15.5:0/1404268825 >> [v2:172.21.15.5:3300/0,v1:172.21.15.5:6789/0] conn(0x7f0fa807de60 0x7f0fa807c310 secure :-1 s=READY pgs=41 cs=0 l=1 rev1=1 crypto rx=0x7f0fa0009e80 tx=0x7f0fa000b330 comp rx=0 tx=0).ready entity=mon.0 client_cookie=45fcb9920e04a897 server_cookie=0 in_seq=0 out_seq=0
2024-04-22T13:17:52.379 INFO:teuthology.orchestra.run.smithi005.stdout:/usr/bin/ceph: stderr
2024-04-22T13:17:51.423+0000 7f0fa559a700 1 -- 172.21.15.5:0/1404268825 <== mon.0 v2:172.21.15.5:3300/0 1 ==== mon_map magic: 0 ==== 205+0+0 (secure 0 0 0) 0x7f0fa0017070 con 0x7f0fa807de60
2024-04-22T13:17:52.383 INFO:teuthology.orchestra.run.smithi005.stdout:/usr/bin/ceph: stderr
2024-04-22T13:17:51.423+0000 7f0fa559a700 1 -- 172.21.15.5:0/1404268825 <== mon.0 v2:172.21.15.5:3300/0 2 ==== config(26 keys) ==== 1070+0+0 (secure 0 0 0) 0x7f0fa000b8c0 con 0x7f0fa807de60
2024-04-22T13:17:52.383 INFO:teuthology.orchestra.run.smithi005.stdout:/usr/bin/ceph: stderr
2024-04-22T13:17:51.423+0000 7f0fa559a700 1 -- 172.21.15.5:0/1404268825 <== mon.0 v2:172.21.15.5:3300/0 3 ==== mon_map magic: 0 ==== 205+0+0 (secure 0 0 0) 0x7f0fa0004490 con 0x7f0fa807de60
2024-04-22T13:17:52.383 INFO:teuthology.orchestra.run.smithi005.stdout:/usr/bin/ceph: stderr
2024-04-22T13:17:51.423+0000 7f0facecf700 1 -- 172.21.15.5:0/1404268825 >> [v2:172.21.15.5:3300/0,v1:172.21.15.5:6789/0] conn(0x7f0fa807de60 msgr2=0x7f0fa807c310 secure :-1 s=STATE_CONNECTION_ESTABLISHED l=1).mark_down
2024-04-22T13:17:52.383 INFO:teuthology.orchestra.run.smithi005.stdout:/usr/bin/ceph: stderr
2024-04-22T13:17:51.423+0000 7f0facecf700 1 --2- 172.21.15.5:0/1404268825 >> [v2:172.21.15.5:3300/0,v1:172.21.15.5:6789/0] conn(0x7f0fa807de60 0x7f0fa807c310 secure :-1 s=READY pgs=41 cs=0 l=1 rev1=1 crypto rx=0x7f0fa0009e80 tx=0x7f0fa000b330 comp rx=0 tx=0).stop
2024-04-22T13:17:52.383 INFO:teuthology.orchestra.run.smithi005.stdout:/usr/bin/ceph: stderr
2024-04-22T13:17:51.423+0000 7f0facecf700 1 -- 172.21.15.5:0/1404268825 shutdown_connections
2024-04-22T13:17:52.383 INFO:teuthology.orchestra.run.smithi005.stdout:/usr/bin/ceph: stderr
2024-04-22T13:17:51.423+0000 7f0facecf700 1 --2- 172.21.15.5:0/1404268825 >> [v2:172.21.15.5:3300/0,v1:172.21.15.5:6789/0] conn(0x7f0fa807de60 0x7f0fa807c310 unknown :-1 s=CLOSED pgs=41 cs=0 l=1 rev1=1 crypto rx=0 tx=0 comp rx=0 tx=0).stop
2024-04-22T13:17:52.383 INFO:teuthology.orchestra.run.smithi005.stdout:/usr/bin/ceph: stderr
2024-04-22T13:17:51.423+0000 7f0facecf700 1 -- 172.21.15.5:0/1404268825 >> 172.21.15.5:0/1404268825 conn(0x7f0fa8103b40 msgr2=0x7f0fa8105f60 unknown :-1 s=STATE_NONE l=0).mark_down
2024-04-22T13:17:52.384 INFO:teuthology.orchestra.run.smithi005.stdout:/usr/bin/ceph: stderr
2024-04-22T13:17:51.424+0000 7f0facecf700 1 -- 172.21.15.5:0/1404268825 shutdown_connections
2024-04-22T13:17:52.384 INFO:teuthology.orchestra.run.smithi005.stdout:/usr/bin/ceph: stderr
2024-04-22T13:17:51.424+0000 7f0facecf700 1 -- 172.21.15.5:0/1404268825 wait complete.
2024-04-22T13:17:52.384 INFO:teuthology.orchestra.run.smithi005.stdout:/usr/bin/ceph: stderr
2024-04-22T13:17:51.424+0000 7f0facecf700 1 Processor -- start
2024-04-22T13:17:52.384 INFO:teuthology.orchestra.run.smithi005.stdout:/usr/bin/ceph: stderr
2024-04-22T13:17:51.424+0000 7f0facecf700 1 -- start start
2024-04-22T13:17:52.384 INFO:teuthology.orchestra.run.smithi005.stdout:/usr/bin/ceph: stderr
