2024-04-22T13:18:17.662+0000 7f13e37fe700 1 -- 172.21.15.5:0/2583293660 <== mon.0 v2:172.21.15.5:3300/0 4 ==== mgrmap(e 12) ==== 46571+0+0 (secure 0 0 0) 0x7f13e8023aa0 con 0x7f13f4107450
2024-04-22T13:18:19.311 INFO:teuthology.orchestra.run.smithi005.stdout:/usr/bin/ceph: stderr
2024-04-22T13:18:17.662+0000 7f13f88e3700 1 -- 172.21.15.5:0/2583293660 --> [v2:172.21.15.5:3300/0,v1:172.21.15.5:6789/0] -- mon_command({"prefix": "get_command_descriptions"} v 0) -- 0x7f13f40640a0 con 0x7f13f4107450
2024-04-22T13:18:19.311 INFO:teuthology.orchestra.run.smithi005.stdout:/usr/bin/ceph: stderr
2024-04-22T13:18:17.663+0000 7f13e37fe700 1 --2- 172.21.15.5:0/2583293660 >> [v2:172.21.15.5:6800/2674774949,v1:172.21.15.5:6801/2674774949] conn(0x7f13dc0395b0 0x7f13dc03ba70 unknown :-1 s=NONE pgs=0 cs=0 l=1 rev1=0 crypto rx=0 tx=0 comp rx=0 tx=0).connect
2024-04-22T13:18:19.311 INFO:teuthology.orchestra.run.smithi005.stdout:/usr/bin/ceph: stderr
2024-04-22T13:18:17.663+0000 7f13e37fe700 1 -- 172.21.15.5:0/2583293660 <== mon.0 v2:172.21.15.5:3300/0 5 ==== osd_map(3..3 src has 1..3) ==== 1155+0+0 (secure 0 0 0) 0x7f13e804dfd0 con 0x7f13f4107450
2024-04-22T13:18:19.311 INFO:teuthology.orchestra.run.smithi005.stdout:/usr/bin/ceph: stderr
2024-04-22T13:18:17.663+0000 7f13f1d9b700 1 --2- 172.21.15.5:0/2583293660 >> [v2:172.21.15.5:6800/2674774949,v1:172.21.15.5:6801/2674774949] conn(0x7f13dc0395b0 0x7f13dc03ba70 unknown :-1 s=BANNER_CONNECTING pgs=0 cs=0 l=1 rev1=0 crypto rx=0 tx=0 comp rx=0 tx=0)._handle_peer_banner_payload supported=3 required=0
2024-04-22T13:18:19.311 INFO:teuthology.orchestra.run.smithi005.stdout:/usr/bin/ceph: stderr
2024-04-22T13:18:17.663+0000 7f13f1d9b700 1 --2- 172.21.15.5:0/2583293660 >> [v2:172.21.15.5:6800/2674774949,v1:172.21.15.5:6801/2674774949] conn(0x7f13dc0395b0 0x7f13dc03ba70 secure :-1 s=READY pgs=8 cs=0 l=1 rev1=1 crypto rx=0x7f13e4006fd0 tx=0x7f13e4006e40 comp rx=0 tx=0).ready entity=mgr.14152 client_cookie=0 server_cookie=0 in_seq=0 out_seq=0
2024-04-22T13:18:19.311 INFO:teuthology.orchestra.run.smithi005.stdout:/usr/bin/ceph: stderr
2024-04-22T13:18:17.668+0000 7f13e37fe700 1 -- 172.21.15.5:0/2583293660 <== mon.0 v2:172.21.15.5:3300/0 6 ==== mon_command_ack([{"prefix": "get_command_descriptions"}]=0 v0) ==== 72+0+188370 (secure 0 0 0) 0x7f13e801f030 con 0x7f13f4107450
2024-04-22T13:18:19.311 INFO:teuthology.orchestra.run.smithi005.stdout:/usr/bin/ceph: stderr
2024-04-22T13:18:17.906+0000 7f13f88e3700 1 -- 172.21.15.5:0/2583293660 --> [v2:172.21.15.5:6800/2674774949,v1:172.21.15.5:6801/2674774949] -- mgr_command(tid 0: {"prefix": "dashboard ac-user-create", "username": "admin", "rolename": "administrator", "force_password": true, "pwd_update_required": true, "target": ["mon-mgr", ""]}) -- 0x7f13f4195f50 con 0x7f13dc0395b0
2024-04-22T13:18:19.312 INFO:teuthology.orchestra.run.smithi005.stdout:/usr/bin/ceph: stderr
2024-04-22T13:18:18.152+0000 7f13e37fe700 1 -- 172.21.15.5:0/2583293660 <== mgr.14152 v2:172.21.15.5:6800/2674774949 1 ==== mgr_command_reply(tid 0: 0 ) ==== 8+0+252 (secure 0 0 0) 0x7f13f4195f50 con 0x7f13dc0395b0
2024-04-22T13:18:19.312 INFO:teuthology.orchestra.run.smithi005.stdout:/usr/bin/ceph: stderr
2024-04-22T13:18:18.154+0000 7f13f88e3700 1 -- 172.21.15.5:0/2583293660 >> [v2:172.21.15.5:6800/2674774949,v1:172.21.15.5:6801/2674774949] conn(0x7f13dc0395b0 msgr2=0x7f13dc03ba70 secure :-1 s=STATE_CONNECTION_ESTABLISHED l=1).mark_down
2024-04-22T13:18:19.312 INFO:teuthology.orchestra.run.smithi005.stdout:/usr/bin/ceph: stderr
2024-04-22T13:18:18.154+0000 7f13f88e3700 1 --2- 172.21.15.5:0/2583293660 >> [v2:172.21.15.5:6800/2674774949,v1:172.21.15.5:6801/2674774949] conn(0x7f13dc0395b0 0x7f13dc03ba70 secure :-1 s=READY pgs=8 cs=0 l=1 rev1=1 crypto rx=0x7f13e4006fd0 tx=0x7f13e4006e40 comp rx=0 tx=0).stop
2024-04-22T13:18:19.312 INFO:teuthology.orchestra.run.smithi005.stdout:/usr/bin/ceph: stderr
2024-04-22T13:18:18.154+0000 7f13f88e3700 1 -- 172.21.15.5:0/2583293660 >> [v2:172.21.15.5:3300/0,v1:172.21.15.5:6789/0] conn(0x7f13f4107450 msgr2=0x7f13f419c4b0 secure :-1 s=STATE_CONNECTION_ESTABLISHED l=1).mark_down
2024-04-22T13:18:19.312 INFO:teuthology.orchestra.run.smithi005.stdout:/usr/bin/ceph: stderr
2024-04-22T13:18:18.154+0000 7f13f88e3700 1 --2- 172.21.15.5:0/2583293660 >> [v2:172.21.15.5:3300/0,v1:172.21.15.5:6789/0] conn(0x7f13f4107450 0x7f13f419c4b0 secure :-1 s=READY pgs=73 cs=0 l=1 rev1=1 crypto rx=0x7f13e80119f0 tx=0x7f13e8011ad0 comp rx=0 tx=0).stop
2024-04-22T13:18:19.312 INFO:teuthology.orchestra.run.smithi005.stdout:/usr/bin/ceph: stderr
2024-04-22T13:18:18.154+0000 7f13f88e3700 1 -- 172.21.15.5:0/2583293660 shutdown_connections
2024-04-22T13:18:19.312 INFO:teuthology.orchestra.run.smithi005.stdout:/usr/bin/ceph: stderr
2024-04-22T13:18:18.154+0000 7f13f88e3700 1 --2- 172.21.15.5:0/2583293660 >> [v2:172.21.15.5:6800/2674774949,v1:172.21.15.5:6801/2674774949] conn(0x7f13dc0395b0 0x7f13dc03ba70 unknown :-1 s=CLOSED pgs=8 cs=0 l=1 rev1=1 crypto rx=0 tx=0 comp rx=0 tx=0).stop
2024-04-22T13:18:19.312 INFO:teuthology.orchestra.run.smithi005.stdout:/usr/bin/ceph: stderr
2024-04-22T13:18:18.154+0000 7f13f88e3700 1 --2- 172.21.15.5:0/2583293660 >> [v2:172.21.15.5:3300/0,v1:172.21.15.5:6789/0] conn(0x7f13f4107450 0x7f13f419c4b0 unknown :-1 s=CLOSED pgs=73 cs=0 l=1 rev1=1 crypto rx=0 tx=0 comp rx=0 tx=0).stop
2024-04-22T13:18:19.312 INFO:teuthology.orchestra.run.smithi005.stdout:/usr/bin/ceph: stderr
2024-04-22T13:18:18.154+0000 7f13f88e3700 1 -- 172.21.15.5:0/2583293660 >> 172.21.15.5:0/2583293660 conn(0x7f13f4102a50 msgr2=0x7f13f4103610 unknown :-1 s=STATE_NONE l=0).mark_down
2024-04-22T13:18:19.312 INFO:teuthology.orchestra.run.smithi005.stdout:/usr/bin/ceph: stderr
2024-04-22T13:18:18.154+0000 7f13f88e3700 1 -- 172.21.15.5:0/2583293660 shutdown_connections
2024-04-22T13:18:19.312 INFO:teuthology.orchestra.run.smithi005.stdout:/usr/bin/ceph: stderr
2024-04-22T13:18:18.154+0000 7f13f88e3700 1 -- 172.21.15.5:0/2583293660 wait complete.
2024-04-22T13:18:19.312 INFO:teuthology.orchestra.run.smithi005.stdout:Fetching dashboard port number...
2024-04-22T13:18:20.309 INFO:journalctl@ceph.mon.a.smithi005.stdout:Apr 22 13:18:20 smithi005 ceph-mon[28006]: from='client.? 172.21.15.5:0/3136860118' entity='client.admin' cmd=[{"prefix": "config get", "who": "mgr", "key": "mgr/dashboard/ssl_server_port"}]: dispatch
2024-04-22T13:18:20.547 INFO:teuthology.orchestra.run.smithi005.stdout:/usr/bin/ceph: stdout 8443
2024-04-22T13:18:20.548 INFO:teuthology.orchestra.run.smithi005.stdout:/usr/bin/ceph: stderr
2024-04-22T13:18:19.821+0000 7f5a42b7c700 1 Processor -- start
2024-04-22T13:18:20.548 INFO:teuthology.orchestra.run.smithi005.stdout:/usr/bin/ceph: stderr
2024-04-22T13:18:19.821+0000 7f5a42b7c700 1 -- start start
2024-04-22T13:18:20.548 INFO:teuthology.orchestra.run.smithi005.stdout:/usr/bin/ceph: stderr
2024-04-22T13:18:19.821+0000 7f5a42b7c700 1 --2- >> [v2:172.21.15.5:3300/0,v1:172.21.15.5:6789/0] conn(0x7f5a3c108560 0x7f5a3c108980 unknown :-1 s=NONE pgs=0 cs=0 l=0 rev1=0 crypto rx=0 tx=0 comp rx=0 tx=0).connect
2024-04-22T13:18:20.548 INFO:teuthology.orchestra.run.smithi005.stdout:/usr/bin/ceph: stderr
2024-04-22T13:18:19.821+0000 7f5a42b7c700 1 -- --> [v2:172.21.15.5:3300/0,v1:172.21.15.5:6789/0] -- mon_getmap magic: 0 -- 0x7f5a3c108f50 con 0x7f5a3c108560
2024-04-22T13:18:20.548 INFO:teuthology.orchestra.run.smithi005.stdout:/usr/bin/ceph: stderr
2024-04-22T13:18:19.821+0000 7f5a40918700 1 --2- >> [v2:172.21.15.5:3300/0,v1:172.21.15.5:6789/0] conn(0x7f5a3c108560 0x7f5a3c108980 unknown :-1 s=BANNER_CONNECTING pgs=0 cs=0 l=0 rev1=0 crypto rx=0 tx=0 comp rx=0 tx=0)._handle_peer_banner_payload supported=3 required=0
2024-04-22T13:18:20.548 INFO:teuthology.orchestra.run.smithi005.stdout:/usr/bin/ceph: stderr
2024-04-22T13:18:19.821+0000 7f5a40918700 1 --2- >> [v2:172.21.15.5:3300/0,v1:172.21.15.5:6789/0] conn(0x7f5a3c108560 0x7f5a3c108980 unknown :-1 s=HELLO_CONNECTING pgs=0 cs=0 l=0 rev1=1 crypto rx=0 tx=0 comp rx=0 tx=0).handle_hello peer v2:172.21.15.5:3300/0 says I am v2:172.21.15.5:36234/0 (socket says 172.21.15.5:36234)
2024-04-22T13:18:20.548 INFO:teuthology.orchestra.run.smithi005.stdout:/usr/bin/ceph: stderr
2024-04-22T13:18:19.821+0000 7f5a40918700 1 -- 172.21.15.5:0/1281643367 learned_addr learned my addr 172.21.15.5:0/1281643367 (peer_addr_for_me v2:172.21.15.5:0/0)
2024-04-22T13:18:20.548 INFO:teuthology.orchestra.run.smithi005.stdout:/usr/bin/ceph: stderr
2024-04-22T13:18:19.821+0000 7f5a40918700 1 -- 172.21.15.5:0/1281643367 --> [v2:172.21.15.5:3300/0,v1:172.21.15.5:6789/0] -- mon_subscribe({config=0+,monmap=0+}) -- 0x7f5a3c109710 con 0x7f5a3c108560
2024-04-22T13:18:20.548 INFO:teuthology.orchestra.run.smithi005.stdout:/usr/bin/ceph: stderr
2024-04-22T13:18:19.821+0000 7f5a40918700 1 --2- 172.21.15.5:0/1281643367 >> [v2:172.21.15.5:3300/0,v1:172.21.15.5:6789/0] conn(0x7f5a3c108560 0x7f5a3c108980 secure :-1 s=READY pgs=74 cs=0 l=1 rev1=1 crypto rx=0x7f5a300098a0 tx=0x7f5a30009bb0 comp rx=0 tx=0).ready entity=mon.0 client_cookie=def59d27226e191c server_cookie=0 in_seq=0 out_seq=0
2024-04-22T13:18:20.548 INFO:teuthology.orchestra.run.smithi005.stdout:/usr/bin/ceph: stderr
2024-04-22T13:18:19.822+0000 7f5a3b7fe700 1 -- 172.21.15.5:0/1281643367 <== mon.0 v2:172.21.15.5:3300/0 1 ==== mon_map magic: 0 ==== 205+0+0 (secure 0 0 0) 0x7f5a30004160 con 0x7f5a3c108560
2024-04-22T13:18:20.548 INFO:teuthology.orchestra.run.smithi005.stdout:/usr/bin/ceph: stderr
2024-04-22T13:18:19.822+0000 7f5a3b7fe700 1 -- 172.21.15.5:0/1281643367 <== mon.0 v2:172.21.15.5:3300/0 2 ==== config(26 keys) ==== 1101+0+0 (secure 0 0 0) 0x7f5a30004300 con 0x7f5a3c108560
2024-04-22T13:18:20.548 INFO:teuthology.orchestra.run.smithi005.stdout:/usr/bin/ceph: stderr
2024-04-22T13:18:19.822+0000 7f5a3b7fe700 1 -- 172.21.15.5:0/1281643367 <== mon.0 v2:172.21.15.5:3300/0 3 ==== mon_map magic: 0 ==== 205+0+0 (secure 0 0 0) 0x7f5a30011a20 con 0x7f5a3c108560
2024-04-22T13:18:20.549 INFO:teuthology.orchestra.run.smithi005.stdout:/usr/bin/ceph: stderr
2024-04-22T13:18:19.822+0000 7f5a42b7c700 1 -- 172.21.15.5:0/1281643367 >> [v2:172.21.15.5:3300/0,v1:172.21.15.5:6789/0] conn(0x7f5a3c108560 msgr2=0x7f5a3c108980 secure :-1 s=STATE_CONNECTION_ESTABLISHED l=1).mark_down
2024-04-22T13:18:20.549 INFO:teuthology.orchestra.run.smithi005.stdout:/usr/bin/ceph: stderr
2024-04-22T13:18:19.822+0000 7f5a42b7c700 1 --2- 172.21.15.5:0/1281643367 >> [v2:172.21.15.5:3300/0,v1:172.21.15.5:6789/0] conn(0x7f5a3c108560 0x7f5a3c108980 secure :-1 s=READY pgs=74 cs=0 l=1 rev1=1 crypto rx=0x7f5a300098a0 tx=0x7f5a30009bb0 comp rx=0 tx=0).stop
2024-04-22T13:18:20.549 INFO:teuthology.orchestra.run.smithi005.stdout:/usr/bin/ceph: stderr
2024-04-22T13:18:19.822+0000 7f5a42b7c700 1 -- 172.21.15.5:0/1281643367 shutdown_connections
2024-04-22T13:18:20.549 INFO:teuthology.orchestra.run.smithi005.stdout:/usr/bin/ceph: stderr
2024-04-22T13:18:19.822+0000 7f5a42b7c700 1 --2- 172.21.15.5:0/1281643367 >> [v2:172.21.15.5:3300/0,v1:172.21.15.5:6789/0] conn(0x7f5a3c108560 0x7f5a3c108980 unknown :-1 s=CLOSED pgs=74 cs=0 l=1 rev1=1 crypto rx=0 tx=0 comp rx=0 tx=0).stop
2024-04-22T13:18:20.549 INFO:teuthology.orchestra.run.smithi005.stdout:/usr/bin/ceph: stderr
2024-04-22T13:18:19.822+0000 7f5a42b7c700 1 -- 172.21.15.5:0/1281643367 >> 172.21.15.5:0/1281643367 conn(0x7f5a3c103b40 msgr2=0x7f5a3c105f60 unknown :-1 s=STATE_NONE l=0).mark_down
2024-04-22T13:18:20.549 INFO:teuthology.orchestra.run.smithi005.stdout:/usr/bin/ceph: stderr
2024-04-22T13:18:19.822+0000 7f5a42b7c700 1 -- 172.21.15.5:0/1281643367 shutdown_connections
2024-04-22T13:18:20.549 INFO:teuthology.orchestra.run.smithi005.stdout:/usr/bin/ceph: stderr
2024-04-22T13:18:19.822+0000 7f5a42b7c700 1 -- 172.21.15.5:0/1281643367 wait complete.
2024-04-22T13:18:20.549 INFO:teuthology.orchestra.run.smithi005.stdout:/usr/bin/ceph: stderr
2024-04-22T13:18:19.823+0000 7f5a42b7c700 1 Processor -- start
2024-04-22T13:18:20.549 INFO:teuthology.orchestra.run.smithi005.stdout:/usr/bin/ceph: stderr
2024-04-22T13:18:19.823+0000 7f5a42b7c700 1 -- start start
2024-04-22T13:18:20.549 INFO:teuthology.orchestra.run.smithi005.stdout:/usr/bin/ceph: stderr
2024-04-22T13:18:19.823+0000 7f5a42b7c700 1 --2- >> [v2:172.21.15.5:3300/0,v1:172.21.15.5:6789/0] conn(0x7f5a3c108560 0x7f5a3c19c490 unknown :-1 s=NONE pgs=0 cs=0 l=1 rev1=0 crypto rx=0 tx=0 comp rx=0 tx=0).connect
2024-04-22T13:18:20.549 INFO:teuthology.orchestra.run.smithi005.stdout:/usr/bin/ceph: stderr
2024-04-22T13:18:19.823+0000 7f5a42b7c700 1 -- --> [v2:172.21.15.5:3300/0,v1:172.21.15.5:6789/0] -- mon_getmap magic: 0 -- 0x7f5a3c10cac0 con 0x7f5a3c108560
2024-04-22T13:18:20.549 INFO:teuthology.orchestra.run.smithi005.stdout:/usr/bin/ceph: stderr
2024-04-22T13:18:19.823+0000 7f5a40918700 1 --2- >> [v2:172.21.15.5:3300/0,v1:172.21.15.5:6789/0] conn(0x7f5a3c108560 0x7f5a3c19c490 unknown :-1 s=BANNER_CONNECTING pgs=0 cs=0 l=1 rev1=0 crypto rx=0 tx=0 comp rx=0 tx=0)._handle_peer_banner_payload supported=3 required=0
2024-04-22T13:18:20.549 INFO:teuthology.orchestra.run.smithi005.stdout:/usr/bin/ceph: stderr
2024-04-22T13:18:19.823+0000 7f5a40918700 1 --2- >> [v2:172.21.15.5:3300/0,v1:172.21.15.5:6789/0] conn(0x7f5a3c108560 0x7f5a3c19c490 unknown :-1 s=HELLO_CONNECTING pgs=0 cs=0 l=1 rev1=1 crypto rx=0 tx=0 comp rx=0 tx=0).handle_hello peer v2:172.21.15.5:3300/0 says I am v2:172.21.15.5:36238/0 (socket says 172.21.15.5:36238)
2024-04-22T13:18:20.549 INFO:teuthology.orchestra.run.smithi005.stdout:/usr/bin/ceph: stderr
2024-04-22T13:18:19.823+0000 7f5a40918700 1 -- 172.21.15.5:0/3136860118 learned_addr learned my addr 172.21.15.5:0/3136860118 (peer_addr_for_me v2:172.21.15.5:0/0)
2024-04-22T13:18:20.550 INFO:teuthology.orchestra.run.smithi005.stdout:/usr/bin/ceph: stderr
2024-04-22T13:18:19.823+0000 7f5a40918700 1 -- 172.21.15.5:0/3136860118 --> [v2:172.21.15.5:3300/0,v1:172.21.15.5:6789/0] -- mon_subscribe({config=0+,monmap=0+}) -- 0x7f5a3c19c9d0 con 0x7f5a3c108560
2024-04-22T13:18:20.550 INFO:teuthology.orchestra.run.smithi005.stdout:/usr/bin/ceph: stderr
2024-04-22T13:18:19.823+0000 7f5a40918700 1 --2- 172.21.15.5:0/3136860118 >> [v2:172.21.15.5:3300/0,v1:172.21.15.5:6789/0] conn(0x7f5a3c108560 0x7f5a3c19c490 secure :-1 s=READY pgs=75 cs=0 l=1 rev1=1 crypto rx=0x7f5a300119f0 tx=0x7f5a30011ad0 comp rx=0 tx=0).ready entity=mon.0 client_cookie=0 server_cookie=0 in_seq=0 out_seq=0
2024-04-22T13:18:20.550 INFO:teuthology.orchestra.run.smithi005.stdout:/usr/bin/ceph: stderr
2024-04-22T13:18:19.824+0000 7f5a39ffb700 1 -- 172.21.15.5:0/3136860118 <== mon.0 v2:172.21.15.5:3300/0 1 ==== mon_map magic: 0 ==== 205+0+0 (secure 0 0 0) 0x7f5a300039e0 con 0x7f5a3c108560
2024-04-22T13:18:20.550 INFO:teuthology.orchestra.run.smithi005.stdout:/usr/bin/ceph: stderr
2024-04-22T13:18:19.824+0000 7f5a39ffb700 1 -- 172.21.15.5:0/3136860118 <== mon.0 v2:172.21.15.5:3300/0 2 ==== config(26 keys) ==== 1101+0+0 (secure 0 0 0) 0x7f5a3001b8f0 con 0x7f5a3c108560
2024-04-22T13:18:20.550 INFO:teuthology.orchestra.run.smithi005.stdout:/usr/bin/ceph: stderr
2024-04-22T13:18:19.824+0000 7f5a42b7c700 1 -- 172.21.15.5:0/3136860118 --> [v2:172.21.15.5:3300/0,v1:172.21.15.5:6789/0] -- mon_subscribe({mgrmap=0+}) -- 0x7f5a3c19cc60 con 0x7f5a3c108560
2024-04-22T13:18:20.550 INFO:teuthology.orchestra.run.smithi005.stdout:/usr/bin/ceph: stderr
2024-04-22T13:18:19.824+0000 7f5a39ffb700 1 -- 172.21.15.5:0/3136860118 <== mon.0 v2:172.21.15.5:3300/0 3 ==== mon_map magic: 0 ==== 205+0+0 (secure 0 0 0) 0x7f5a300237a0 con 0x7f5a3c108560
2024-04-22T13:18:20.550 INFO:teuthology.orchestra.run.smithi005.stdout:/usr/bin/ceph: stderr
2024-04-22T13:18:19.824+0000 7f5a42b7c700 1 -- 172.21.15.5:0/3136860118 --> [v2:172.21.15.5:3300/0,v1:172.21.15.5:6789/0] -- mon_subscribe({osdmap=0}) -- 0x7f5a3c19f950 con 0x7f5a3c108560
2024-04-22T13:18:20.550 INFO:teuthology.orchestra.run.smithi005.stdout:/usr/bin/ceph: stderr
2024-04-22T13:18:19.825+0000 7f5a39ffb700 1 -- 172.21.15.5:0/3136860118 <== mon.0 v2:172.21.15.5:3300/0 4 ==== mgrmap(e 12) ==== 46571+0+0 (secure 0 0 0) 0x7f5a3001b440 con 0x7f5a3c108560
2024-04-22T13:18:20.550 INFO:teuthology.orchestra.run.smithi005.stdout:/usr/bin/ceph: stderr
2024-04-22T13:18:19.825+0000 7f5a42b7c700 1 -- 172.21.15.5:0/3136860118 --> [v2:172.21.15.5:3300/0,v1:172.21.15.5:6789/0] -- mon_command({"prefix": "get_command_descriptions"} v 0) -- 0x7f5a3c0640a0 con 0x7f5a3c108560
2024-04-22T13:18:20.550 INFO:teuthology.orchestra.run.smithi005.stdout:/usr/bin/ceph: stderr
2024-04-22T13:18:19.825+0000 7f5a39ffb700 1 --2- 172.21.15.5:0/3136860118 >> [v2:172.21.15.5:6800/2674774949,v1:172.21.15.5:6801/2674774949] conn(0x7f5a2c039610 0x7f5a2c03bad0 unknown :-1 s=NONE pgs=0 cs=0 l=1 rev1=0 crypto rx=0 tx=0 comp rx=0 tx=0).connect
2024-04-22T13:18:20.550 INFO:teuthology.orchestra.run.smithi005.stdout:/usr/bin/ceph: stderr
2024-04-22T13:18:19.825+0000 7f5a39ffb700 1 -- 172.21.15.5:0/3136860118 <== mon.0 v2:172.21.15.5:3300/0 5 ==== osd_map(3..3 src has 1..3) ==== 1155+0+0 (secure 0 0 0) 0x7f5a3004df50 con 0x7f5a3c108560
2024-04-22T13:18:20.550 INFO:teuthology.orchestra.run.smithi005.stdout:/usr/bin/ceph: stderr
2024-04-22T13:18:19.825+0000 7f5a3bfff700 1 --2- 172.21.15.5:0/3136860118 >> [v2:172.21.15.5:6800/2674774949,v1:172.21.15.5:6801/2674774949] conn(0x7f5a2c039610 0x7f5a2c03bad0 unknown :-1 s=BANNER_CONNECTING pgs=0 cs=0 l=1 rev1=0 crypto rx=0 tx=0 comp rx=0 tx=0)._handle_peer_banner_payload supported=3 required=0
2024-04-22T13:18:20.550 INFO:teuthology.orchestra.run.smithi005.stdout:/usr/bin/ceph: stderr
2024-04-22T13:18:19.825+0000 7f5a3bfff700 1 --2- 172.21.15.5:0/3136860118 >> [v2:172.21.15.5:6800/2674774949,v1:172.21.15.5:6801/2674774949] conn(0x7f5a2c039610 0x7f5a2c03bad0 secure :-1 s=READY pgs=9 cs=0 l=1 rev1=1 crypto rx=0x7f5a28006fd0 tx=0x7f5a28006e40 comp rx=0 tx=0).ready entity=mgr.14152 client_cookie=0 server_cookie=0 in_seq=0 out_seq=0
2024-04-22T13:18:20.550 INFO:teuthology.orchestra.run.smithi005.stdout:/usr/bin/ceph: stderr
2024-04-22T13:18:19.830+0000 7f5a39ffb700 1 -- 172.21.15.5:0/3136860118 <== mon.0 v2:172.21.15.5:3300/0 6 ==== mon_command_ack([{"prefix": "get_command_descriptions"}]=0 v0) ==== 72+0+188370 (secure 0 0 0) 0x7f5a3001f030 con 0x7f5a3c108560
2024-04-22T13:18:20.551 INFO:teuthology.orchestra.run.smithi005.stdout:/usr/bin/ceph: stderr
2024-04-22T13:18:20.038+0000 7f5a42b7c700 1 -- 172.21.15.5:0/3136860118 --> [v2:172.21.15.5:3300/0,v1:172.21.15.5:6789/0] -- mon_command({"prefix": "config get", "who": "mgr", "key": "mgr/dashboard/ssl_server_port"} v 0) -- 0x7f5a3c19ff00 con 0x7f5a3c108560
2024-04-22T13:18:20.551 INFO:teuthology.orchestra.run.smithi005.stdout:/usr/bin/ceph: stderr
2024-04-22T13:18:20.038+0000 7f5a39ffb700 1 -- 172.21.15.5:0/3136860118 <== mon.0 v2:172.21.15.5:3300/0 7 ==== mon_command_ack([{"prefix": "config get", "who": "mgr", "key": "mgr/dashboard/ssl_server_port"}]=0 v8) ==== 112+0+5 (secure 0 0 0) 0x7f5a300480b0 con 0x7f5a3c108560
2024-04-22T13:18:20.551 INFO:teuthology.orchestra.run.smithi005.stdout:/usr/bin/ceph: stderr
2024-04-22T13:18:20.040+0000 7f5a42b7c700 1 -- 172.21.15.5:0/3136860118 >> [v2:172.21.15.5:6800/2674774949,v1:172.21.15.5:6801/2674774949] conn(0x7f5a2c039610 msgr2=0x7f5a2c03bad0 secure :-1 s=STATE_CONNECTION_ESTABLISHED l=1).mark_down
2024-04-22T13:18:20.551 INFO:teuthology.orchestra.run.smithi005.stdout:/usr/bin/ceph: stderr
2024-04-22T13:18:20.041+0000 7f5a42b7c700 1 --2- 172.21.15.5:0/3136860118 >> [v2:172.21.15.5:6800/2674774949,v1:172.21.15.5:6801/2674774949] conn(0x7f5a2c039610 0x7f5a2c03bad0 secure :-1 s=READY pgs=9 cs=0 l=1 rev1=1 crypto rx=0x7f5a28006fd0 tx=0x7f5a28006e40 comp rx=0 tx=0).stop
2024-04-22T13:18:20.551 INFO:teuthology.orchestra.run.smithi005.stdout:/usr/bin/ceph: stderr
2024-04-22T13:18:20.041+0000 7f5a42b7c700 1 -- 172.21.15.5:0/3136860118 >> [v2:172.21.15.5:3300/0,v1:172.21.15.5:6789/0] conn(0x7f5a3c108560 msgr2=0x7f5a3c19c490 secure :-1 s=STATE_CONNECTION_ESTABLISHED l=1).mark_down
2024-04-22T13:18:20.551 INFO:teuthology.orchestra.run.smithi005.stdout:/usr/bin/ceph: stderr
2024-04-22T13:18:20.041+0000 7f5a42b7c700 1 --2- 172.21.15.5:0/3136860118 >> [v2:172.21.15.5:3300/0,v1:172.21.15.5:6789/0] conn(0x7f5a3c108560 0x7f5a3c19c490 secure :-1 s=READY pgs=75 cs=0 l=1 rev1=1 crypto rx=0x7f5a300119f0 tx=0x7f5a30011ad0 comp rx=0 tx=0).stop
2024-04-22T13:18:20.551 INFO:teuthology.orchestra.run.smithi005.stdout:/usr/bin/ceph: stderr
2024-04-22T13:18:20.041+0000 7f5a42b7c700 1 -- 172.21.15.5:0/3136860118 shutdown_connections
2024-04-22T13:18:20.551 INFO:teuthology.orchestra.run.smithi005.stdout:/usr/bin/ceph: stderr
2024-04-22T13:18:20.041+0000 7f5a42b7c700 1 --2- 172.21.15.5:0/3136860118 >> [v2:172.21.15.5:6800/2674774949,v1:172.21.15.5:6801/2674774949] conn(0x7f5a2c039610 0x7f5a2c03bad0 unknown :-1 s=CLOSED pgs=9 cs=0 l=1 rev1=1 crypto rx=0 tx=0 comp rx=0 tx=0).stop
2024-04-22T13:18:20.551 INFO:teuthology.orchestra.run.smithi005.stdout:/usr/bin/ceph: stderr
2024-04-22T13:18:20.041+0000 7f5a42b7c700 1 --2- 172.21.15.5:0/3136860118 >> [v2:172.21.15.5:3300/0,v1:172.21.15.5:6789/0] conn(0x7f5a3c108560 0x7f5a3c19c490 unknown :-1 s=CLOSED pgs=75 cs=0 l=1 rev1=1 crypto rx=0 tx=0 comp rx=0 tx=0).stop
2024-04-22T13:18:20.551 INFO:teuthology.orchestra.run.smithi005.stdout:/usr/bin/ceph: stderr
2024-04-22T13:18:20.041+0000 7f5a42b7c700 1 -- 172.21.15.5:0/3136860118 >> 172.21.15.5:0/3136860118 conn(0x7f5a3c103b40 msgr2=0x7f5a3c104670 unknown :-1 s=STATE_NONE l=0).mark_down
2024-04-22T13:18:20.551 INFO:teuthology.orchestra.run.smithi005.stdout:/usr/bin/ceph: stderr
2024-04-22T13:18:20.041+0000 7f5a42b7c700 1 -- 172.21.15.5:0/3136860118 shutdown_connections
2024-04-22T13:18:20.551 INFO:teuthology.orchestra.run.smithi005.stdout:/usr/bin/ceph: stderr
2024-04-22T13:18:20.041+0000 7f5a42b7c700 1 -- 172.21.15.5:0/3136860118 wait complete.
2024-04-22T13:18:20.555 INFO:teuthology.orchestra.run.smithi005.stdout:Non-zero exit code 1 from systemctl is-enabled firewalld.service
2024-04-22T13:18:20.556 INFO:teuthology.orchestra.run.smithi005.stdout:systemctl: stdout disabled
2024-04-22T13:18:20.563 INFO:teuthology.orchestra.run.smithi005.stdout:Non-zero exit code 3 from systemctl is-active firewalld.service
2024-04-22T13:18:20.563 INFO:teuthology.orchestra.run.smithi005.stdout:systemctl: stdout inactive
2024-04-22T13:18:20.563 INFO:teuthology.orchestra.run.smithi005.stdout:firewalld.service is not enabled
2024-04-22T13:18:20.563 INFO:teuthology.orchestra.run.smithi005.stdout:Not possible to open ports <[8443]>. firewalld.service is not available
2024-04-22T13:18:20.565 INFO:teuthology.orchestra.run.smithi005.stdout:Ceph Dashboard is now available at:
2024-04-22T13:18:20.565 INFO:teuthology.orchestra.run.smithi005.stdout:
2024-04-22T13:18:20.565 INFO:teuthology.orchestra.run.smithi005.stdout: URL: https://smithi005:8443/
2024-04-22T13:18:20.565 INFO:teuthology.orchestra.run.smithi005.stdout: User: admin
2024-04-22T13:18:20.565 INFO:teuthology.orchestra.run.smithi005.stdout: Password: 3gkzj10m56
2024-04-22T13:18:20.565 INFO:teuthology.orchestra.run.smithi005.stdout:
2024-04-22T13:18:20.566 INFO:teuthology.orchestra.run.smithi005.stdout:Saving cluster configuration to /var/lib/ceph/73e95e94-00aa-11ef-bc93-c7b262605968/config directory
2024-04-22T13:18:20.566 INFO:teuthology.orchestra.run.smithi005.stdout:Enabling autotune for osd_memory_target
2024-04-22T13:18:21.946 INFO:teuthology.orchestra.run.smithi005.stdout:/usr/bin/ceph: stderr
2024-04-22T13:18:21.187+0000 7f1f7cc13700 1 Processor -- start
2024-04-22T13:18:21.946 INFO:teuthology.orchestra.run.smithi005.stdout:/usr/bin/ceph: stderr
2024-04-22T13:18:21.187+0000 7f1f7cc13700 1 -- start start
2024-04-22T13:18:21.946 INFO:teuthology.orchestra.run.smithi005.stdout:/usr/bin/ceph: stderr
2024-04-22T13:18:21.187+0000 7f1f7cc13700 1 --2- >> [v2:172.21.15.5:3300/0,v1:172.21.15.5:6789/0] conn(0x7f1f78108b20 0x7f1f78108f40 unknown :-1 s=NONE pgs=0 cs=0 l=0 rev1=0 crypto rx=0 tx=0 comp rx=0 tx=0).connect
2024-04-22T13:18:21.946 INFO:teuthology.orchestra.run.smithi005.stdout:/usr/bin/ceph: stderr
2024-04-22T13:18:21.187+0000 7f1f7cc13700 1 -- --> [v2:172.21.15.5:3300/0,v1:172.21.15.5:6789/0] -- mon_getmap magic: 0 -- 0x7f1f78107060 con 0x7f1f78108b20
2024-04-22T13:18:21.946 INFO:teuthology.orchestra.run.smithi005.stdout:/usr/bin/ceph: stderr
2024-04-22T13:18:21.187+0000 7f1f7659c700 1 --2- >> [v2:172.21.15.5:3300/0,v1:172.21.15.5:6789/0] conn(0x7f1f78108b20 0x7f1f78108f40 unknown :-1 s=BANNER_CONNECTING pgs=0 cs=0 l=0 rev1=0 crypto rx=0 tx=0 comp rx=0 tx=0)._handle_peer_banner_payload supported=3 required=0
2024-04-22T13:18:21.947 INFO:teuthology.orchestra.run.smithi005.stdout:/usr/bin/ceph: stderr
2024-04-22T13:18:21.187+0000 7f1f7659c700 1 --2- >> [v2:172.21.15.5:3300/0,v1:172.21.15.5:6789/0] conn(0x7f1f78108b20 0x7f1f78108f40 unknown :-1 s=HELLO_CONNECTING pgs=0 cs=0 l=0 rev1=1 crypto rx=0 tx=0 comp rx=0 tx=0).handle_hello peer v2:172.21.15.5:3300/0 says I am v2:172.21.15.5:36254/0 (socket says 172.21.15.5:36254)
2024-04-22T13:18:21.947 INFO:teuthology.orchestra.run.smithi005.stdout:/usr/bin/ceph: stderr
2024-04-22T13:18:21.187+0000 7f1f7659c700 1 -- 172.21.15.5:0/2887499375 learned_addr learned my addr 172.21.15.5:0/2887499375 (peer_addr_for_me v2:172.21.15.5:0/0)
2024-04-22T13:18:21.947 INFO:teuthology.orchestra.run.smithi005.stdout:/usr/bin/ceph: stderr
2024-04-22T13:18:21.187+0000 7f1f7659c700 1 -- 172.21.15.5:0/2887499375 --> [v2:172.21.15.5:3300/0,v1:172.21.15.5:6789/0] -- mon_subscribe({config=0+,monmap=0+}) -- 0x7f1f781071e0 con 0x7f1f78108b20
2024-04-22T13:18:21.947 INFO:teuthology.orchestra.run.smithi005.stdout:/usr/bin/ceph: stderr
2024-04-22T13:18:21.188+0000 7f1f7659c700 1 --2- 172.21.15.5:0/2887499375 >> [v2:172.21.15.5:3300/0,v1:172.21.15.5:6789/0] conn(0x7f1f78108b20 0x7f1f78108f40 secure :-1 s=READY pgs=76 cs=0 l=1 rev1=1 crypto rx=0x7f1f6800bb40 tx=0x7f1f6800be50 comp rx=0 tx=0).ready entity=mon.0 client_cookie=56e40f7a51d988a3 server_cookie=0 in_seq=0 out_seq=0
2024-04-22T13:18:21.947 INFO:teuthology.orchestra.run.smithi005.stdout:/usr/bin/ceph: stderr
2024-04-22T13:18:21.188+0000 7f1f75d9b700 1 -- 172.21.15.5:0/2887499375 <== mon.0 v2:172.21.15.5:3300/0 1 ==== mon_map magic: 0 ==== 205+0+0 (secure 0 0 0) 0x7f1f6800dbe0 con 0x7f1f78108b20
2024-04-22T13:18:21.947 INFO:teuthology.orchestra.run.smithi005.stdout:/usr/bin/ceph: stderr
2024-04-22T13:18:21.188+0000 7f1f75d9b700 1 -- 172.21.15.5:0/2887499375 <== mon.0 v2:172.21.15.5:3300/0 2 ==== config(26 keys) ==== 1101+0+0 (secure 0 0 0) 0x7f1f680044e0 con 0x7f1f78108b20
2024-04-22T13:18:21.947 INFO:teuthology.orchestra.run.smithi005.stdout:/usr/bin/ceph: stderr
2024-04-22T13:18:21.188+0000 7f1f75d9b700 1 -- 172.21.15.5:0/2887499375 <== mon.0 v2:172.21.15.5:3300/0 3 ==== mon_map magic: 0 ==== 205+0+0 (secure 0 0 0) 0x7f1f68010470 con 0x7f1f78108b20
2024-04-22T13:18:21.947 INFO:teuthology.orchestra.run.smithi005.stdout:/usr/bin/ceph: stderr
2024-04-22T13:18:21.188+0000 7f1f7cc13700 1 -- 172.21.15.5:0/2887499375 >> [v2:172.21.15.5:3300/0,v1:172.21.15.5:6789/0] conn(0x7f1f78108b20 msgr2=0x7f1f78108f40 secure :-1 s=STATE_CONNECTION_ESTABLISHED l=1).mark_down
2024-04-22T13:18:21.947 INFO:teuthology.orchestra.run.smithi005.stdout:/usr/bin/ceph: stderr
2024-04-22T13:18:21.188+0000 7f1f7cc13700 1 --2- 172.21.15.5:0/2887499375 >> [v2:172.21.15.5:3300/0,v1:172.21.15.5:6789/0] conn(0x7f1f78108b20 0x7f1f78108f40 secure :-1 s=READY pgs=76 cs=0 l=1 rev1=1 crypto rx=0x7f1f6800bb40 tx=0x7f1f6800be50 comp rx=0 tx=0).stop
2024-04-22T13:18:21.947 INFO:teuthology.orchestra.run.smithi005.stdout:/usr/bin/ceph: stderr
2024-04-22T13:18:21.188+0000 7f1f7cc13700 1 -- 172.21.15.5:0/2887499375 shutdown_connections
2024-04-22T13:18:21.947 INFO:teuthology.orchestra.run.smithi005.stdout:/usr/bin/ceph: stderr
2024-04-22T13:18:21.188+0000 7f1f7cc13700 1 --2- 172.21.15.5:0/2887499375 >> [v2:172.21.15.5:3300/0,v1:172.21.15.5:6789/0] conn(0x7f1f78108b20 0x7f1f78108f40 unknown :-1 s=CLOSED pgs=76 cs=0 l=1 rev1=1 crypto rx=0 tx=0 comp rx=0 tx=0).stop
2024-04-22T13:18:21.947 INFO:teuthology.orchestra.run.smithi005.stdout:/usr/bin/ceph: stderr
2024-04-22T13:18:21.188+0000 7f1f7cc13700 1 -- 172.21.15.5:0/2887499375 >> 172.21.15.5:0/2887499375 conn(0x7f1f78102a60 msgr2=0x7f1f78104e80 unknown :-1 s=STATE_NONE l=0).mark_down
2024-04-22T13:18:21.947 INFO:teuthology.orchestra.run.smithi005.stdout:/usr/bin/ceph: stderr
2024-04-22T13:18:21.188+0000 7f1f7cc13700 1 -- 172.21.15.5:0/2887499375 shutdown_connections
2024-04-22T13:18:21.947 INFO:teuthology.orchestra.run.smithi005.stdout:/usr/bin/ceph: stderr
2024-04-22T13:18:21.189+0000 7f1f7cc13700 1 -- 172.21.15.5:0/2887499375 wait complete.
2024-04-22T13:18:21.948 INFO:teuthology.orchestra.run.smithi005.stdout:/usr/bin/ceph: stderr
2024-04-22T13:18:21.189+0000 7f1f7cc13700 1 Processor -- start
2024-04-22T13:18:21.948 INFO:teuthology.orchestra.run.smithi005.stdout:/usr/bin/ceph: stderr
2024-04-22T13:18:21.189+0000 7f1f7cc13700 1 -- start start
2024-04-22T13:18:21.948 INFO:teuthology.orchestra.run.smithi005.stdout:/usr/bin/ceph: stderr
2024-04-22T13:18:21.189+0000 7f1f7cc13700 1 --2- >> [v2:172.21.15.5:3300/0,v1:172.21.15.5:6789/0] conn(0x7f1f78108b20 0x7f1f7819e7b0 unknown :-1 s=NONE pgs=0 cs=0 l=1 rev1=0 crypto rx=0 tx=0 comp rx=0 tx=0).connect
2024-04-22T13:18:21.948 INFO:teuthology.orchestra.run.smithi005.stdout:/usr/bin/ceph: stderr
2024-04-22T13:18:21.189+0000 7f1f7cc13700 1 -- --> [v2:172.21.15.5:3300/0,v1:172.21.15.5:6789/0] -- mon_getmap magic: 0 -- 0x7f1f7807b160 con 0x7f1f78108b20
2024-04-22T13:18:21.948 INFO:teuthology.orchestra.run.smithi005.stdout:/usr/bin/ceph: stderr
2024-04-22T13:18:21.190+0000 7f1f7659c700 1 --2- >> [v2:172.21.15.5:3300/0,v1:172.21.15.5:6789/0] conn(0x7f1f78108b20 0x7f1f7819e7b0 unknown :-1 s=BANNER_CONNECTING pgs=0 cs=0 l=1 rev1=0 crypto rx=0 tx=0 comp rx=0 tx=0)._handle_peer_banner_payload supported=3 required=0
2024-04-22T13:18:21.948 INFO:teuthology.orchestra.run.smithi005.stdout:/usr/bin/ceph: stderr
2024-04-22T13:18:21.190+0000 7f1f7659c700 1 --2- >> [v2:172.21.15.5:3300/0,v1:172.21.15.5:6789/0] conn(0x7f1f78108b20 0x7f1f7819e7b0 unknown :-1 s=HELLO_CONNECTING pgs=0 cs=0 l=1 rev1=1 crypto rx=0 tx=0 comp rx=0 tx=0).handle_hello peer v2:172.21.15.5:3300/0 says I am v2:172.21.15.5:36262/0 (socket says 172.21.15.5:36262)
2024-04-22T13:18:21.948 INFO:teuthology.orchestra.run.smithi005.stdout:/usr/bin/ceph: stderr
2024-04-22T13:18:21.190+0000 7f1f7659c700 1 -- 172.21.15.5:0/586635693 learned_addr learned my addr 172.21.15.5:0/586635693 (peer_addr_for_me v2:172.21.15.5:0/0)
2024-04-22T13:18:21.948 INFO:teuthology.orchestra.run.smithi005.stdout:/usr/bin/ceph: stderr
2024-04-22T13:18:21.190+0000 7f1f7659c700 1 -- 172.21.15.5:0/586635693 --> [v2:172.21.15.5:3300/0,v1:172.21.15.5:6789/0] -- mon_subscribe({config=0+,monmap=0+}) -- 0x7f1f7819ecf0 con 0x7f1f78108b20
2024-04-22T13:18:21.948 INFO:teuthology.orchestra.run.smithi005.stdout:/usr/bin/ceph: stderr
2024-04-22T13:18:21.190+0000 7f1f7659c700 1 --2- 172.21.15.5:0/586635693 >> [v2:172.21.15.5:3300/0,v1:172.21.15.5:6789/0] conn(0x7f1f78108b20 0x7f1f7819e7b0 secure :-1 s=READY pgs=77 cs=0 l=1 rev1=1 crypto rx=0x7f1f68003c30 tx=0x7f1f68003ff0 comp rx=0 tx=0).ready entity=mon.0 client_cookie=0 server_cookie=0 in_seq=0 out_seq=0
2024-04-22T13:18:21.948 INFO:teuthology.orchestra.run.smithi005.stdout:/usr/bin/ceph: stderr
2024-04-22T13:18:21.190+0000 7f1f6f7fe700 1 -- 172.21.15.5:0/586635693 <== mon.0 v2:172.21.15.5:3300/0 1 ==== mon_map magic: 0 ==== 205+0+0 (secure 0 0 0) 0x7f1f68010720 con 0x7f1f78108b20
2024-04-22T13:18:21.948 INFO:teuthology.orchestra.run.smithi005.stdout:/usr/bin/ceph: stderr
2024-04-22T13:18:21.190+0000 7f1f7cc13700 1 -- 172.21.15.5:0/586635693 --> [v2:172.21.15.5:3300/0,v1:172.21.15.5:6789/0] -- mon_subscribe({mgrmap=0+}) -- 0x7f1f7819ef80 con 0x7f1f78108b20
2024-04-22T13:18:21.949 INFO:teuthology.orchestra.run.smithi005.stdout:/usr/bin/ceph: stderr
2024-04-22T13:18:21.190+0000 7f1f6f7fe700 1 -- 172.21.15.5:0/586635693 <== mon.0 v2:172.21.15.5:3300/0 2 ==== config(26 keys) ==== 1101+0+0 (secure 0 0 0) 0x7f1f6801d070 con 0x7f1f78108b20
2024-04-22T13:18:21.949 INFO:teuthology.orchestra.run.smithi005.stdout:/usr/bin/ceph: stderr
2024-04-22T13:18:21.190+0000 7f1f6f7fe700 1 -- 172.21.15.5:0/586635693 <== mon.0 v2:172.21.15.5:3300/0 3 ==== mon_map magic: 0 ==== 205+0+0 (secure 0 0 0) 0x7f1f68021aa0 con 0x7f1f78108b20
2024-04-22T13:18:21.949 INFO:teuthology.orchestra.run.smithi005.stdout:/usr/bin/ceph: stderr
2024-04-22T13:18:21.190+0000 7f1f7cc13700 1 -- 172.21.15.5:0/586635693 --> [v2:172.21.15.5:3300/0,v1:172.21.15.5:6789/0] -- mon_subscribe({osdmap=0}) -- 0x7f1f781a1c70 con 0x7f1f78108b20
2024-04-22T13:18:21.949 INFO:teuthology.orchestra.run.smithi005.stdout:/usr/bin/ceph: stderr
2024-04-22T13:18:21.191+0000 7f1f6f7fe700 1 -- 172.21.15.5:0/586635693 <== mon.0 v2:172.21.15.5:3300/0 4 ==== mgrmap(e 13) ==== 46613+0+0 (secure 0 0 0) 0x7f1f6801f030 con 0x7f1f78108b20
2024-04-22T13:18:21.949 INFO:teuthology.orchestra.run.smithi005.stdout:/usr/bin/ceph: stderr
2024-04-22T13:18:21.191+0000 7f1f6f7fe700 1 --2- 172.21.15.5:0/586635693 >> [v2:172.21.15.5:6800/2674774949,v1:172.21.15.5:6801/2674774949] conn(0x7f1f640396a0 0x7f1f6403bb60 unknown :-1 s=NONE pgs=0 cs=0 l=1 rev1=0 crypto rx=0 tx=0 comp rx=0 tx=0).connect
2024-04-22T13:18:21.949 INFO:teuthology.orchestra.run.smithi005.stdout:/usr/bin/ceph: stderr
2024-04-22T13:18:21.191+0000 7f1f6f7fe700 1 -- 172.21.15.5:0/586635693 <== mon.0 v2:172.21.15.5:3300/0 5 ==== osd_map(3..3 src has 1..3) ==== 1155+0+0 (secure 0 0 0) 0x7f1f6804dc40 con 0x7f1f78108b20
2024-04-22T13:18:21.949 INFO:teuthology.orchestra.run.smithi005.stdout:/usr/bin/ceph: stderr
2024-04-22T13:18:21.191+0000 7f1f6ffff700 1 --2- 172.21.15.5:0/586635693 >> [v2:172.21.15.5:6800/2674774949,v1:172.21.15.5:6801/2674774949] conn(0x7f1f640396a0 0x7f1f6403bb60 unknown :-1 s=BANNER_CONNECTING pgs=0 cs=0 l=1 rev1=0 crypto rx=0 tx=0 comp rx=0 tx=0)._handle_peer_banner_payload supported=3 required=0
2024-04-22T13:18:21.949 INFO:teuthology.orchestra.run.smithi005.stdout:/usr/bin/ceph: stderr
2024-04-22T13:18:21.192+0000 7f1f7cc13700 1 -- 172.21.15.5:0/586635693 --> [v2:172.21.15.5:3300/0,v1:172.21.15.5:6789/0] -- mon_command({"prefix": "get_command_descriptions"} v 0) -- 0x7f1f780640a0 con 0x7f1f78108b20
2024-04-22T13:18:21.949 INFO:teuthology.orchestra.run.smithi005.stdout:/usr/bin/ceph: stderr
2024-04-22T13:18:21.192+0000 7f1f6ffff700 1 --2- 172.21.15.5:0/586635693 >> [v2:172.21.15.5:6800/2674774949,v1:172.21.15.5:6801/2674774949] conn(0x7f1f640396a0 0x7f1f6403bb60 secure :-1 s=READY pgs=10 cs=0 l=1 rev1=1 crypto rx=0x7f1f60006fd0 tx=0x7f1f60006e40 comp rx=0 tx=0).ready entity=mgr.14152 client_cookie=0 server_cookie=0 in_seq=0 out_seq=0
2024-04-22T13:18:21.949 INFO:teuthology.orchestra.run.smithi005.stdout:/usr/bin/ceph: stderr
2024-04-22T13:18:21.197+0000 7f1f6f7fe700 1 -- 172.21.15.5:0/586635693 <== mon.0 v2:172.21.15.5:3300/0 6 ==== mon_command_ack([{"prefix": "get_command_descriptions"}]=0 v0) ==== 72+0+188370 (secure 0 0 0) 0x7f1f68015070 con 0x7f1f78108b20
2024-04-22T13:18:21.949 INFO:teuthology.orchestra.run.smithi005.stdout:/usr/bin/ceph: stderr
2024-04-22T13:18:21.407+0000 7f1f7cc13700 1 -- 172.21.15.5:0/586635693 --> [v2:172.21.15.5:3300/0,v1:172.21.15.5:6789/0] -- mon_command([{prefix=config set, name=osd_memory_target_autotune}] v 0) -- 0x7f1f78193900 con 0x7f1f78108b20
2024-04-22T13:18:21.949 INFO:teuthology.orchestra.run.smithi005.stdout:/usr/bin/ceph: stderr
2024-04-22T13:18:21.407+0000 7f1f6f7fe700 1 -- 172.21.15.5:0/586635693 <== mon.0 v2:172.21.15.5:3300/0 7 ==== mon_command_ack([{prefix=config set, name=osd_memory_target_autotune}]=0 v8)=0 v8) ==== 127+0+0 (secure 0 0 0) 0x7f1f68021da0 con 0x7f1f78108b20
2024-04-22T13:18:21.949 INFO:teuthology.orchestra.run.smithi005.stdout:/usr/bin/ceph: stderr
2024-04-22T13:18:21.409+0000 7f1f7cc13700 1 -- 172.21.15.5:0/586635693 >> [v2:172.21.15.5:6800/2674774949,v1:172.21.15.5:6801/2674774949] conn(0x7f1f640396a0 msgr2=0x7f1f6403bb60 secure :-1 s=STATE_CONNECTION_ESTABLISHED l=1).mark_down
2024-04-22T13:18:21.949 INFO:teuthology.orchestra.run.smithi005.stdout:/usr/bin/ceph: stderr
2024-04-22T13:18:21.409+0000 7f1f7cc13700 1 --2- 172.21.15.5:0/586635693 >> [v2:172.21.15.5:6800/2674774949,v1:172.21.15.5:6801/2674774949] conn(0x7f1f640396a0 0x7f1f6403bb60 secure :-1 s=READY pgs=10 cs=0 l=1 rev1=1 crypto rx=0x7f1f60006fd0 tx=0x7f1f60006e40 comp rx=0 tx=0).stop
2024-04-22T13:18:21.950 INFO:teuthology.orchestra.run.smithi005.stdout:/usr/bin/ceph: stderr
2024-04-22T13:18:21.409+0000 7f1f7cc13700 1 -- 172.21.15.5:0/586635693 >> [v2:172.21.15.5:3300/0,v1:172.21.15.5:6789/0] conn(0x7f1f78108b20 msgr2=0x7f1f7819e7b0 secure :-1 s=STATE_CONNECTION_ESTABLISHED l=1).mark_down
2024-04-22T13:18:21.950 INFO:teuthology.orchestra.run.smithi005.stdout:/usr/bin/ceph: stderr
2024-04-22T13:18:21.409+0000 7f1f7cc13700 1 --2- 172.21.15.5:0/586635693 >> [v2:172.21.15.5:3300/0,v1:172.21.15.5:6789/0] conn(0x7f1f78108b20 0x7f1f7819e7b0 secure :-1 s=READY pgs=77 cs=0 l=1 rev1=1 crypto rx=0x7f1f68003c30 tx=0x7f1f68003ff0 comp rx=0 tx=0).stop
2024-04-22T13:18:21.950 INFO:teuthology.orchestra.run.smithi005.stdout:/usr/bin/ceph: stderr
2024-04-22T13:18:21.409+0000 7f1f7cc13700 1 -- 172.21.15.5:0/586635693 shutdown_connections
2024-04-22T13:18:21.950 INFO:teuthology.orchestra.run.smithi005.stdout:/usr/bin/ceph: stderr
2024-04-22T13:18:21.409+0000 7f1f7cc13700 1 --2- 172.21.15.5:0/586635693 >> [v2:172.21.15.5:6800/2674774949,v1:172.21.15.5:6801/2674774949] conn(0x7f1f640396a0 0x7f1f6403bb60 unknown :-1 s=CLOSED pgs=10 cs=0 l=1 rev1=1 crypto rx=0 tx=0 comp rx=0 tx=0).stop
2024-04-22T13:18:21.950 INFO:teuthology.orchestra.run.smithi005.stdout:/usr/bin/ceph: stderr
2024-04-22T13:18:21.409+0000 7f1f7cc13700 1 --2- 172.21.15.5:0/586635693 >> [v2:172.21.15.5:3300/0,v1:172.21.15.5:6789/0] conn(0x7f1f78108b20 0x7f1f7819e7b0 unknown :-1 s=CLOSED pgs=77 cs=0 l=1 rev1=1 crypto rx=0 tx=0 comp rx=0 tx=0).stop
2024-04-22T13:18:21.950 INFO:teuthology.orchestra.run.smithi005.stdout:/usr/bin/ceph: stderr
2024-04-22T13:18:21.409+0000 7f1f7cc13700 1 -- 172.21.15.5:0/586635693 >> 172.21.15.5:0/586635693 conn(0x7f1f78102a60 msgr2=0x7f1f781909c0 unknown :-1 s=STATE_NONE l=0).mark_down
2024-04-22T13:18:21.950 INFO:teuthology.orchestra.run.smithi005.stdout:/usr/bin/ceph: stderr
2024-04-22T13:18:21.409+0000 7f1f7cc13700 1 -- 172.21.15.5:0/586635693 shutdown_connections
2024-04-22T13:18:21.950 INFO:teuthology.orchestra.run.smithi005.stdout:/usr/bin/ceph: stderr
2024-04-22T13:18:21.409+0000 7f1f7cc13700 1 -- 172.21.15.5:0/586635693 wait complete.
2024-04-22T13:18:22.190 INFO:journalctl@ceph.mon.a.smithi005.stdout:Apr 22 13:18:22 smithi005 ceph-mon[28006]: mgrmap e13: x(active, since 6s)
2024-04-22T13:18:23.230 INFO:teuthology.orchestra.run.smithi005.stdout:/usr/bin/ceph: stderr
2024-04-22T13:18:22.399+0000 7f1d0f515700 1 Processor -- start
2024-04-22T13:18:23.231 INFO:teuthology.orchestra.run.smithi005.stdout:/usr/bin/ceph: stderr
2024-04-22T13:18:22.399+0000 7f1d0f515700 1 -- start start
2024-04-22T13:18:23.231 INFO:teuthology.orchestra.run.smithi005.stdout:/usr/bin/ceph: stderr
2024-04-22T13:18:22.399+0000 7f1d0f515700 1 --2- >> [v2:172.21.15.5:3300/0,v1:172.21.15.5:6789/0] conn(0x7f1d08108560 0x7f1d08108980 unknown :-1 s=NONE pgs=0 cs=0 l=0 rev1=0 crypto rx=0 tx=0 comp rx=0 tx=0).connect
2024-04-22T13:18:23.232 INFO:teuthology.orchestra.run.smithi005.stdout:/usr/bin/ceph: stderr
2024-04-22T13:18:22.399+0000 7f1d0f515700 1 -- --> [v2:172.21.15.5:3300/0,v1:172.21.15.5:6789/0] -- mon_getmap magic: 0 -- 0x7f1d08108f50 con 0x7f1d08108560
2024-04-22T13:18:23.232 INFO:teuthology.orchestra.run.smithi005.stdout:/usr/bin/ceph: stderr
2024-04-22T13:18:22.400+0000 7f1d0d2b1700 1 --2- >> [v2:172.21.15.5:3300/0,v1:172.21.15.5:6789/0] conn(0x7f1d08108560 0x7f1d08108980 unknown :-1 s=BANNER_CONNECTING pgs=0 cs=0 l=0 rev1=0 crypto rx=0 tx=0 comp rx=0 tx=0)._handle_peer_banner_payload supported=3 required=0
2024-04-22T13:18:23.232 INFO:teuthology.orchestra.run.smithi005.stdout:/usr/bin/ceph: stderr
2024-04-22T13:18:22.400+0000 7f1d0d2b1700 1 --2- >> [v2:172.21.15.5:3300/0,v1:172.21.15.5:6789/0] conn(0x7f1d08108560 0x7f1d08108980 unknown :-1 s=HELLO_CONNECTING pgs=0 cs=0 l=0 rev1=1 crypto rx=0 tx=0 comp rx=0 tx=0).handle_hello peer v2:172.21.15.5:3300/0 says I am v2:172.21.15.5:36272/0 (socket says 172.21.15.5:36272)
2024-04-22T13:18:23.232 INFO:teuthology.orchestra.run.smithi005.stdout:/usr/bin/ceph: stderr
2024-04-22T13:18:22.400+0000 7f1d0d2b1700 1 -- 172.21.15.5:0/1280287533 learned_addr learned my addr 172.21.15.5:0/1280287533 (peer_addr_for_me v2:172.21.15.5:0/0)
2024-04-22T13:18:23.232 INFO:teuthology.orchestra.run.smithi005.stdout:/usr/bin/ceph: stderr
2024-04-22T13:18:22.400+0000 7f1d0d2b1700 1 -- 172.21.15.5:0/1280287533 --> [v2:172.21.15.5:3300/0,v1:172.21.15.5:6789/0] -- mon_subscribe({config=0+,monmap=0+}) -- 0x7f1d08109710 con 0x7f1d08108560
2024-04-22T13:18:23.232 INFO:teuthology.orchestra.run.smithi005.stdout:/usr/bin/ceph: stderr
2024-04-22T13:18:22.400+0000 7f1d0d2b1700 1 --2- 172.21.15.5:0/1280287533 >> [v2:172.21.15.5:3300/0,v1:172.21.15.5:6789/0] conn(0x7f1d08108560 0x7f1d08108980 secure :-1 s=READY pgs=78 cs=0 l=1 rev1=1 crypto rx=0x7f1d00009e80 tx=0x7f1d0000b330 comp rx=0 tx=0).ready entity=mon.0 client_cookie=bdebd2cf930e3021 server_cookie=0 in_seq=0 out_seq=0
2024-04-22T13:18:23.232 INFO:teuthology.orchestra.run.smithi005.stdout:/usr/bin/ceph: stderr
2024-04-22T13:18:22.400+0000 7f1d07fff700 1 -- 172.21.15.5:0/1280287533 <== mon.0 v2:172.21.15.5:3300/0 1 ==== mon_map magic: 0 ==== 205+0+0 (secure 0 0 0) 0x7f1d00017070 con 0x7f1d08108560
2024-04-22T13:18:23.232 INFO:teuthology.orchestra.run.smithi005.stdout:/usr/bin/ceph: stderr
2024-04-22T13:18:22.400+0000 7f1d07fff700 1 -- 172.21.15.5:0/1280287533 <== mon.0 v2:172.21.15.5:3300/0 2 ==== config(26 keys) ==== 1101+0+0 (secure 0 0 0) 0x7f1d0000b8c0 con 0x7f1d08108560
2024-04-22T13:18:23.232 INFO:teuthology.orchestra.run.smithi005.stdout:/usr/bin/ceph: stderr
2024-04-22T13:18:22.400+0000 7f1d07fff700 1 -- 172.21.15.5:0/1280287533 <== mon.0 v2:172.21.15.5:3300/0 3 ==== mon_map magic: 0 ==== 205+0+0 (secure 0 0 0) 0x7f1d00004490 con 0x7f1d08108560
2024-04-22T13:18:23.233 INFO:teuthology.orchestra.run.smithi005.stdout:/usr/bin/ceph: stderr
2024-04-22T13:18:22.401+0000 7f1d0f515700 1 -- 172.21.15.5:0/1280287533 >> [v2:172.21.15.5:3300/0,v1:172.21.15.5:6789/0] conn(0x7f1d08108560 msgr2=0x7f1d08108980 secure :-1 s=STATE_CONNECTION_ESTABLISHED l=1).mark_down
2024-04-22T13:18:23.233 INFO:teuthology.orchestra.run.smithi005.stdout:/usr/bin/ceph: stderr
2024-04-22T13:18:22.401+0000 7f1d0f515700 1 --2- 172.21.15.5:0/1280287533 >> [v2:172.21.15.5:3300/0,v1:172.21.15.5:6789/0] conn(0x7f1d08108560 0x7f1d08108980 secure :-1 s=READY pgs=78 cs=0 l=1 rev1=1 crypto rx=0x7f1d00009e80 tx=0x7f1d0000b330 comp rx=0 tx=0).stop
2024-04-22T13:18:23.233 INFO:teuthology.orchestra.run.smithi005.stdout:/usr/bin/ceph: stderr
2024-04-22T13:18:22.401+0000 7f1d0f515700 1 -- 172.21.15.5:0/1280287533 shutdown_connections
2024-04-22T13:18:23.233 INFO:teuthology.orchestra.run.smithi005.stdout:/usr/bin/ceph: stderr
2024-04-22T13:18:22.401+0000 7f1d0f515700 1 --2- 172.21.15.5:0/1280287533 >> [v2:172.21.15.5:3300/0,v1:172.21.15.5:6789/0] conn(0x7f1d08108560 0x7f1d08108980 unknown :-1 s=CLOSED pgs=78 cs=0 l=1 rev1=1 crypto rx=0 tx=0 comp rx=0 tx=0).stop
2024-04-22T13:18:23.233 INFO:teuthology.orchestra.run.smithi005.stdout:/usr/bin/ceph: stderr
2024-04-22T13:18:22.401+0000 7f1d0f515700 1 -- 172.21.15.5:0/1280287533 >> 172.21.15.5:0/1280287533 conn(0x7f1d08103b40 msgr2=0x7f1d08105f60 unknown :-1 s=STATE_NONE l=0).mark_down
2024-04-22T13:18:23.233 INFO:teuthology.orchestra.run.smithi005.stdout:/usr/bin/ceph: stderr
2024-04-22T13:18:22.401+0000 7f1d0f515700 1 -- 172.21.15.5:0/1280287533 shutdown_connections
2024-04-22T13:18:23.233 INFO:teuthology.orchestra.run.smithi005.stdout:/usr/bin/ceph: stderr
2024-04-22T13:18:22.401+0000 7f1d0f515700 1 -- 172.21.15.5:0/1280287533 wait complete.
2024-04-22T13:18:23.233 INFO:teuthology.orchestra.run.smithi005.stdout:/usr/bin/ceph: stderr
2024-04-22T13:18:22.402+0000 7f1d0f515700 1 Processor -- start
2024-04-22T13:18:23.234 INFO:teuthology.orchestra.run.smithi005.stdout:/usr/bin/ceph: stderr
2024-04-22T13:18:22.402+0000 7f1d0f515700 1 -- start start
2024-04-22T13:18:23.234 INFO:teuthology.orchestra.run.smithi005.stdout:/usr/bin/ceph: stderr
2024-04-22T13:18:22.402+0000 7f1d0f515700 1 --2- >> [v2:172.21.15.5:3300/0,v1:172.21.15.5:6789/0] conn(0x7f1d08108560 0x7f1d0819c4a0 unknown :-1 s=NONE pgs=0 cs=0 l=1 rev1=0 crypto rx=0 tx=0 comp rx=0 tx=0).connect
2024-04-22T13:18:23.234 INFO:teuthology.orchestra.run.smithi005.stdout:/usr/bin/ceph: stderr
2024-04-22T13:18:22.402+0000 7f1d0f515700 1 -- --> [v2:172.21.15.5:3300/0,v1:172.21.15.5:6789/0] -- mon_getmap magic: 0 -- 0x7f1d0810cac0 con 0x7f1d08108560
2024-04-22T13:18:23.234 INFO:teuthology.orchestra.run.smithi005.stdout:/usr/bin/ceph: stderr
2024-04-22T13:18:22.402+0000 7f1d0d2b1700 1 --2- >> [v2:172.21.15.5:3300/0,v1:172.21.15.5:6789/0] conn(0x7f1d08108560 0x7f1d0819c4a0 unknown :-1 s=BANNER_CONNECTING pgs=0 cs=0 l=1 rev1=0 crypto rx=0 tx=0 comp rx=0 tx=0)._handle_peer_banner_payload supported=3 required=0
2024-04-22T13:18:23.234 INFO:teuthology.orchestra.run.smithi005.stdout:/usr/bin/ceph: stderr
2024-04-22T13:18:22.402+0000 7f1d0d2b1700 1 --2- >> [v2:172.21.15.5:3300/0,v1:172.21.15.5:6789/0] conn(0x7f1d08108560 0x7f1d0819c4a0 unknown :-1 s=HELLO_CONNECTING pgs=0 cs=0 l=1 rev1=1 crypto rx=0 tx=0 comp rx=0 tx=0).handle_hello peer v2:172.21.15.5:3300/0 says I am v2:172.21.15.5:36282/0 (socket says 172.21.15.5:36282)
2024-04-22T13:18:23.234 INFO:teuthology.orchestra.run.smithi005.stdout:/usr/bin/ceph: stderr
2024-04-22T13:18:22.402+0000 7f1d0d2b1700 1 -- 172.21.15.5:0/2783728779 learned_addr learned my addr 172.21.15.5:0/2783728779 (peer_addr_for_me v2:172.21.15.5:0/0)
2024-04-22T13:18:23.234 INFO:teuthology.orchestra.run.smithi005.stdout:/usr/bin/ceph: stderr
2024-04-22T13:18:22.402+0000 7f1d0d2b1700 1 -- 172.21.15.5:0/2783728779 --> [v2:172.21.15.5:3300/0,v1:172.21.15.5:6789/0] -- mon_subscribe({config=0+,monmap=0+}) -- 0x7f1d0819c9e0 con 0x7f1d08108560
2024-04-22T13:18:23.234 INFO:teuthology.orchestra.run.smithi005.stdout:/usr/bin/ceph: stderr
2024-04-22T13:18:22.403+0000 7f1d0d2b1700 1 --2- 172.21.15.5:0/2783728779 >> [v2:172.21.15.5:3300/0,v1:172.21.15.5:6789/0] conn(0x7f1d08108560 0x7f1d0819c4a0 secure :-1 s=READY pgs=79 cs=0 l=1 rev1=1 crypto rx=0x7f1d0000bca0 tx=0x7f1d0000bd80 comp rx=0 tx=0).ready entity=mon.0 client_cookie=0 server_cookie=0 in_seq=0 out_seq=0
2024-04-22T13:18:23.234 INFO:teuthology.orchestra.run.smithi005.stdout:/usr/bin/ceph: stderr
2024-04-22T13:18:22.403+0000 7f1d067fc700 1 -- 172.21.15.5:0/2783728779 <== mon.0 v2:172.21.15.5:3300/0 1 ==== mon_map magic: 0 ==== 205+0+0 (secure 0 0 0) 0x7f1d00020020 con 0x7f1d08108560
2024-04-22T13:18:23.234 INFO:teuthology.orchestra.run.smithi005.stdout:/usr/bin/ceph: stderr
2024-04-22T13:18:22.403+0000 7f1d067fc700 1 -- 172.21.15.5:0/2783728779 <== mon.0 v2:172.21.15.5:3300/0 2 ==== config(26 keys) ==== 1101+0+0 (secure 0 0 0) 0x7f1d00003b50 con 0x7f1d08108560
2024-04-22T13:18:23.234 INFO:teuthology.orchestra.run.smithi005.stdout:/usr/bin/ceph: stderr
2024-04-22T13:18:22.403+0000 7f1d0f515700 1 -- 172.21.15.5:0/2783728779 --> [v2:172.21.15.5:3300/0,v1:172.21.15.5:6789/0] -- mon_subscribe({mgrmap=0+}) -- 0x7f1d0819cc70 con 0x7f1d08108560
2024-04-22T13:18:23.235 INFO:teuthology.orchestra.run.smithi005.stdout:/usr/bin/ceph: stderr
2024-04-22T13:18:22.403+0000 7f1d067fc700 1 -- 172.21.15.5:0/2783728779 <== mon.0 v2:172.21.15.5:3300/0 3 ==== mon_map magic: 0 ==== 205+0+0 (secure 0 0 0) 0x7f1d00017040 con 0x7f1d08108560
2024-04-22T13:18:23.235 INFO:teuthology.orchestra.run.smithi005.stdout:/usr/bin/ceph: stderr
2024-04-22T13:18:22.403+0000 7f1d0f515700 1 -- 172.21.15.5:0/2783728779 --> [v2:172.21.15.5:3300/0,v1:172.21.15.5:6789/0] -- mon_subscribe({osdmap=0}) -- 0x7f1d0819f960 con 0x7f1d08108560
2024-04-22T13:18:23.235 INFO:teuthology.orchestra.run.smithi005.stdout:/usr/bin/ceph: stderr
2024-04-22T13:18:22.404+0000 7f1d067fc700 1 -- 172.21.15.5:0/2783728779 <== mon.0 v2:172.21.15.5:3300/0 4 ==== mgrmap(e 13) ==== 46613+0+0 (secure 0 0 0) 0x7f1d00023020 con 0x7f1d08108560
2024-04-22T13:18:23.235 INFO:teuthology.orchestra.run.smithi005.stdout:/usr/bin/ceph: stderr
2024-04-22T13:18:22.404+0000 7f1d0f515700 1 -- 172.21.15.5:0/2783728779 --> [v2:172.21.15.5:3300/0,v1:172.21.15.5:6789/0] -- mon_command({"prefix": "get_command_descriptions"} v 0) -- 0x7f1d080640a0 con 0x7f1d08108560
2024-04-22T13:18:23.235 INFO:teuthology.orchestra.run.smithi005.stdout:/usr/bin/ceph: stderr
2024-04-22T13:18:22.404+0000 7f1d067fc700 1 --2- 172.21.15.5:0/2783728779 >> [v2:172.21.15.5:6800/2674774949,v1:172.21.15.5:6801/2674774949] conn(0x7f1cf00396a0 0x7f1cf003bb60 unknown :-1 s=NONE pgs=0 cs=0 l=1 rev1=0 crypto rx=0 tx=0 comp rx=0 tx=0).connect
2024-04-22T13:18:23.238 INFO:teuthology.orchestra.run.smithi005.stdout:/usr/bin/ceph: stderr
2024-04-22T13:18:22.404+0000 7f1d067fc700 1 -- 172.21.15.5:0/2783728779 <== mon.0 v2:172.21.15.5:3300/0 5 ==== osd_map(3..3 src has 1..3) ==== 1155+0+0 (secure 0 0 0) 0x7f1d0000f050 con 0x7f1d08108560
2024-04-22T13:18:23.238 INFO:teuthology.orchestra.run.smithi005.stdout:/usr/bin/ceph: stderr
2024-04-22T13:18:22.404+0000 7f1d0cab0700 1 --2- 172.21.15.5:0/2783728779 >> [v2:172.21.15.5:6800/2674774949,v1:172.21.15.5:6801/2674774949] conn(0x7f1cf00396a0 0x7f1cf003bb60 unknown :-1 s=BANNER_CONNECTING pgs=0 cs=0 l=1 rev1=0 crypto rx=0 tx=0 comp rx=0 tx=0)._handle_peer_banner_payload supported=3 required=0
2024-04-22T13:18:23.238 INFO:teuthology.orchestra.run.smithi005.stdout:/usr/bin/ceph: stderr
