2024-04-22T13:22:01.916 INFO:teuthology.orchestra.run.smithi087.stdout:/usr/bin/ceph: stdout "by_rank": [],
2024-04-22T13:22:01.916 INFO:teuthology.orchestra.run.smithi087.stdout:/usr/bin/ceph: stdout "up:standby": 0
2024-04-22T13:22:01.917 INFO:teuthology.orchestra.run.smithi087.stdout:/usr/bin/ceph: stdout },
2024-04-22T13:22:01.917 INFO:teuthology.orchestra.run.smithi087.stdout:/usr/bin/ceph: stdout "mgrmap": {
2024-04-22T13:22:01.917 INFO:teuthology.orchestra.run.smithi087.stdout:/usr/bin/ceph: stdout "available": true,
2024-04-22T13:22:01.917 INFO:teuthology.orchestra.run.smithi087.stdout:/usr/bin/ceph: stdout "num_standbys": 0,
2024-04-22T13:22:01.917 INFO:teuthology.orchestra.run.smithi087.stdout:/usr/bin/ceph: stdout "modules": [
2024-04-22T13:22:01.917 INFO:teuthology.orchestra.run.smithi087.stdout:/usr/bin/ceph: stdout "iostat",
2024-04-22T13:22:01.917 INFO:teuthology.orchestra.run.smithi087.stdout:/usr/bin/ceph: stdout "nfs",
2024-04-22T13:22:01.917 INFO:teuthology.orchestra.run.smithi087.stdout:/usr/bin/ceph: stdout "restful"
2024-04-22T13:22:01.917 INFO:teuthology.orchestra.run.smithi087.stdout:/usr/bin/ceph: stdout ],
2024-04-22T13:22:01.917 INFO:teuthology.orchestra.run.smithi087.stdout:/usr/bin/ceph: stdout "services": {}
2024-04-22T13:22:01.917 INFO:teuthology.orchestra.run.smithi087.stdout:/usr/bin/ceph: stdout },
2024-04-22T13:22:01.917 INFO:teuthology.orchestra.run.smithi087.stdout:/usr/bin/ceph: stdout "servicemap": {
2024-04-22T13:22:01.917 INFO:teuthology.orchestra.run.smithi087.stdout:/usr/bin/ceph: stdout "epoch": 1,
2024-04-22T13:22:01.917 INFO:teuthology.orchestra.run.smithi087.stdout:/usr/bin/ceph: stdout "modified": "2024-04-22T13:21:43.838839+0000",
2024-04-22T13:22:01.918 INFO:teuthology.orchestra.run.smithi087.stdout:/usr/bin/ceph: stdout "services": {}
2024-04-22T13:22:01.918 INFO:teuthology.orchestra.run.smithi087.stdout:/usr/bin/ceph: stdout },
2024-04-22T13:22:01.918 INFO:teuthology.orchestra.run.smithi087.stdout:/usr/bin/ceph: stdout "progress_events": {}
2024-04-22T13:22:01.918 INFO:teuthology.orchestra.run.smithi087.stdout:/usr/bin/ceph: stdout }
2024-04-22T13:22:01.918 INFO:teuthology.orchestra.run.smithi087.stdout:/usr/bin/ceph: stderr
2024-04-22T13:22:01.003+0000 7fededf41700 1 Processor -- start
2024-04-22T13:22:01.918 INFO:teuthology.orchestra.run.smithi087.stdout:/usr/bin/ceph: stderr
2024-04-22T13:22:01.003+0000 7fededf41700 1 -- start start
2024-04-22T13:22:01.918 INFO:teuthology.orchestra.run.smithi087.stdout:/usr/bin/ceph: stderr
2024-04-22T13:22:01.003+0000 7fededf41700 1 --2- >> [v2:172.21.15.87:3300/0,v1:172.21.15.87:6789/0] conn(0x7fede81066f0 0x7fede8106b10 unknown :-1 s=NONE pgs=0 cs=0 l=0 rev1=0 crypto rx=0 tx=0 comp rx=0 tx=0).connect
2024-04-22T13:22:01.918 INFO:teuthology.orchestra.run.smithi087.stdout:/usr/bin/ceph: stderr
2024-04-22T13:22:01.003+0000 7fededf41700 1 -- --> [v2:172.21.15.87:3300/0,v1:172.21.15.87:6789/0] -- mon_getmap magic: 0 -- 0x7fede81070e0 con 0x7fede81066f0
2024-04-22T13:22:01.918 INFO:teuthology.orchestra.run.smithi087.stdout:/usr/bin/ceph: stderr
2024-04-22T13:22:01.003+0000 7fede77fe700 1 --2- >> [v2:172.21.15.87:3300/0,v1:172.21.15.87:6789/0] conn(0x7fede81066f0 0x7fede8106b10 unknown :-1 s=BANNER_CONNECTING pgs=0 cs=0 l=0 rev1=0 crypto rx=0 tx=0 comp rx=0 tx=0)._handle_peer_banner_payload supported=3 required=0
2024-04-22T13:22:01.918 INFO:teuthology.orchestra.run.smithi087.stdout:/usr/bin/ceph: stderr
2024-04-22T13:22:01.004+0000 7fede77fe700 1 --2- >> [v2:172.21.15.87:3300/0,v1:172.21.15.87:6789/0] conn(0x7fede81066f0 0x7fede8106b10 unknown :-1 s=HELLO_CONNECTING pgs=0 cs=0 l=0 rev1=1 crypto rx=0 tx=0 comp rx=0 tx=0).handle_hello peer v2:172.21.15.87:3300/0 says I am v2:172.21.15.87:53364/0 (socket says 172.21.15.87:53364)
2024-04-22T13:22:01.918 INFO:teuthology.orchestra.run.smithi087.stdout:/usr/bin/ceph: stderr
2024-04-22T13:22:01.004+0000 7fede77fe700 1 -- 172.21.15.87:0/1269901109 learned_addr learned my addr 172.21.15.87:0/1269901109 (peer_addr_for_me v2:172.21.15.87:0/0)
2024-04-22T13:22:01.918 INFO:teuthology.orchestra.run.smithi087.stdout:/usr/bin/ceph: stderr
2024-04-22T13:22:01.004+0000 7fede77fe700 1 -- 172.21.15.87:0/1269901109 --> [v2:172.21.15.87:3300/0,v1:172.21.15.87:6789/0] -- mon_subscribe({config=0+,monmap=0+}) -- 0x7fede81096d0 con 0x7fede81066f0
2024-04-22T13:22:01.918 INFO:teuthology.orchestra.run.smithi087.stdout:/usr/bin/ceph: stderr
2024-04-22T13:22:01.004+0000 7fede77fe700 1 --2- 172.21.15.87:0/1269901109 >> [v2:172.21.15.87:3300/0,v1:172.21.15.87:6789/0] conn(0x7fede81066f0 0x7fede8106b10 secure :-1 s=READY pgs=18 cs=0 l=1 rev1=1 crypto rx=0x7fedd80098a0 tx=0x7fedd8009bb0 comp rx=0 tx=0).ready entity=mon.0 client_cookie=543ce26b8177d294 server_cookie=0 in_seq=0 out_seq=0
2024-04-22T13:22:01.918 INFO:teuthology.orchestra.run.smithi087.stdout:/usr/bin/ceph: stderr
2024-04-22T13:22:01.004+0000 7fede67fc700 1 -- 172.21.15.87:0/1269901109 <== mon.0 v2:172.21.15.87:3300/0 1 ==== mon_map magic: 0 ==== 205+0+0 (secure 0 0 0) 0x7fedd8004160 con 0x7fede81066f0
2024-04-22T13:22:01.919 INFO:teuthology.orchestra.run.smithi087.stdout:/usr/bin/ceph: stderr
2024-04-22T13:22:01.004+0000 7fede67fc700 1 -- 172.21.15.87:0/1269901109 <== mon.0 v2:172.21.15.87:3300/0 2 ==== config(26 keys) ==== 1070+0+0 (secure 0 0 0) 0x7fedd8004300 con 0x7fede81066f0
2024-04-22T13:22:01.919 INFO:teuthology.orchestra.run.smithi087.stdout:/usr/bin/ceph: stderr
2024-04-22T13:22:01.004+0000 7fede67fc700 1 -- 172.21.15.87:0/1269901109 <== mon.0 v2:172.21.15.87:3300/0 3 ==== mon_map magic: 0 ==== 205+0+0 (secure 0 0 0) 0x7fedd8011af0 con 0x7fede81066f0
2024-04-22T13:22:01.919 INFO:teuthology.orchestra.run.smithi087.stdout:/usr/bin/ceph: stderr
2024-04-22T13:22:01.005+0000 7fededf41700 1 -- 172.21.15.87:0/1269901109 >> [v2:172.21.15.87:3300/0,v1:172.21.15.87:6789/0] conn(0x7fede81066f0 msgr2=0x7fede8106b10 secure :-1 s=STATE_CONNECTION_ESTABLISHED l=1).mark_down
2024-04-22T13:22:01.919 INFO:teuthology.orchestra.run.smithi087.stdout:/usr/bin/ceph: stderr
2024-04-22T13:22:01.005+0000 7fededf41700 1 --2- 172.21.15.87:0/1269901109 >> [v2:172.21.15.87:3300/0,v1:172.21.15.87:6789/0] conn(0x7fede81066f0 0x7fede8106b10 secure :-1 s=READY pgs=18 cs=0 l=1 rev1=1 crypto rx=0x7fedd80098a0 tx=0x7fedd8009bb0 comp rx=0 tx=0).stop
2024-04-22T13:22:01.919 INFO:teuthology.orchestra.run.smithi087.stdout:/usr/bin/ceph: stderr
2024-04-22T13:22:01.005+0000 7fededf41700 1 -- 172.21.15.87:0/1269901109 shutdown_connections
2024-04-22T13:22:01.919 INFO:teuthology.orchestra.run.smithi087.stdout:/usr/bin/ceph: stderr
2024-04-22T13:22:01.005+0000 7fededf41700 1 --2- 172.21.15.87:0/1269901109 >> [v2:172.21.15.87:3300/0,v1:172.21.15.87:6789/0] conn(0x7fede81066f0 0x7fede8106b10 unknown :-1 s=CLOSED pgs=18 cs=0 l=1 rev1=1 crypto rx=0 tx=0 comp rx=0 tx=0).stop
2024-04-22T13:22:01.919 INFO:teuthology.orchestra.run.smithi087.stdout:/usr/bin/ceph: stderr
2024-04-22T13:22:01.005+0000 7fededf41700 1 -- 172.21.15.87:0/1269901109 >> 172.21.15.87:0/1269901109 conn(0x7fede8102110 msgr2=0x7fede8104530 unknown :-1 s=STATE_NONE l=0).mark_down
2024-04-22T13:22:01.919 INFO:teuthology.orchestra.run.smithi087.stdout:/usr/bin/ceph: stderr
2024-04-22T13:22:01.005+0000 7fededf41700 1 -- 172.21.15.87:0/1269901109 shutdown_connections
2024-04-22T13:22:01.919 INFO:teuthology.orchestra.run.smithi087.stdout:/usr/bin/ceph: stderr
2024-04-22T13:22:01.005+0000 7fededf41700 1 -- 172.21.15.87:0/1269901109 wait complete.
2024-04-22T13:22:01.919 INFO:teuthology.orchestra.run.smithi087.stdout:/usr/bin/ceph: stderr
2024-04-22T13:22:01.005+0000 7fededf41700 1 Processor -- start
2024-04-22T13:22:01.919 INFO:teuthology.orchestra.run.smithi087.stdout:/usr/bin/ceph: stderr
2024-04-22T13:22:01.006+0000 7fededf41700 1 -- start start
2024-04-22T13:22:01.919 INFO:teuthology.orchestra.run.smithi087.stdout:/usr/bin/ceph: stderr
2024-04-22T13:22:01.006+0000 7fededf41700 1 --2- >> [v2:172.21.15.87:3300/0,v1:172.21.15.87:6789/0] conn(0x7fede81066f0 0x7fede8108f50 unknown :-1 s=NONE pgs=0 cs=0 l=1 rev1=0 crypto rx=0 tx=0 comp rx=0 tx=0).connect
2024-04-22T13:22:01.919 INFO:teuthology.orchestra.run.smithi087.stdout:/usr/bin/ceph: stderr
2024-04-22T13:22:01.006+0000 7fededf41700 1 -- --> [v2:172.21.15.87:3300/0,v1:172.21.15.87:6789/0] -- mon_getmap magic: 0 -- 0x7fede810ca80 con 0x7fede81066f0
2024-04-22T13:22:01.919 INFO:teuthology.orchestra.run.smithi087.stdout:/usr/bin/ceph: stderr
2024-04-22T13:22:01.006+0000 7fede77fe700 1 --2- >> [v2:172.21.15.87:3300/0,v1:172.21.15.87:6789/0] conn(0x7fede81066f0 0x7fede8108f50 unknown :-1 s=BANNER_CONNECTING pgs=0 cs=0 l=1 rev1=0 crypto rx=0 tx=0 comp rx=0 tx=0)._handle_peer_banner_payload supported=3 required=0
2024-04-22T13:22:01.919 INFO:teuthology.orchestra.run.smithi087.stdout:/usr/bin/ceph: stderr
2024-04-22T13:22:01.006+0000 7fede77fe700 1 --2- >> [v2:172.21.15.87:3300/0,v1:172.21.15.87:6789/0] conn(0x7fede81066f0 0x7fede8108f50 unknown :-1 s=HELLO_CONNECTING pgs=0 cs=0 l=1 rev1=1 crypto rx=0 tx=0 comp rx=0 tx=0).handle_hello peer v2:172.21.15.87:3300/0 says I am v2:172.21.15.87:53378/0 (socket says 172.21.15.87:53378)
2024-04-22T13:22:01.920 INFO:teuthology.orchestra.run.smithi087.stdout:/usr/bin/ceph: stderr
2024-04-22T13:22:01.006+0000 7fede77fe700 1 -- 172.21.15.87:0/3911270196 learned_addr learned my addr 172.21.15.87:0/3911270196 (peer_addr_for_me v2:172.21.15.87:0/0)
2024-04-22T13:22:01.920 INFO:teuthology.orchestra.run.smithi087.stdout:/usr/bin/ceph: stderr
2024-04-22T13:22:01.006+0000 7fede77fe700 1 -- 172.21.15.87:0/3911270196 --> [v2:172.21.15.87:3300/0,v1:172.21.15.87:6789/0] -- mon_subscribe({config=0+,monmap=0+}) -- 0x7fede8109490 con 0x7fede81066f0
2024-04-22T13:22:01.920 INFO:teuthology.orchestra.run.smithi087.stdout:/usr/bin/ceph: stderr
2024-04-22T13:22:01.006+0000 7fede77fe700 1 --2- 172.21.15.87:0/3911270196 >> [v2:172.21.15.87:3300/0,v1:172.21.15.87:6789/0] conn(0x7fede81066f0 0x7fede8108f50 secure :-1 s=READY pgs=19 cs=0 l=1 rev1=1 crypto rx=0x7fedd8003f40 tx=0x7fedd8011890 comp rx=0 tx=0).ready entity=mon.0 client_cookie=0 server_cookie=0 in_seq=0 out_seq=0
2024-04-22T13:22:01.920 INFO:teuthology.orchestra.run.smithi087.stdout:/usr/bin/ceph: stderr
2024-04-22T13:22:01.008+0000 7fede4ff9700 1 -- 172.21.15.87:0/3911270196 <== mon.0 v2:172.21.15.87:3300/0 1 ==== mon_map magic: 0 ==== 205+0+0 (secure 0 0 0) 0x7fedd80038b0 con 0x7fede81066f0
2024-04-22T13:22:01.920 INFO:teuthology.orchestra.run.smithi087.stdout:/usr/bin/ceph: stderr
2024-04-22T13:22:01.008+0000 7fede4ff9700 1 -- 172.21.15.87:0/3911270196 <== mon.0 v2:172.21.15.87:3300/0 2 ==== config(26 keys) ==== 1070+0+0 (secure 0 0 0) 0x7fedd8003a50 con 0x7fede81066f0
2024-04-22T13:22:01.920 INFO:teuthology.orchestra.run.smithi087.stdout:/usr/bin/ceph: stderr
2024-04-22T13:22:01.008+0000 7fede4ff9700 1 -- 172.21.15.87:0/3911270196 <== mon.0 v2:172.21.15.87:3300/0 3 ==== mon_map magic: 0 ==== 205+0+0 (secure 0 0 0) 0x7fedd801a5c0 con 0x7fede81066f0
2024-04-22T13:22:01.920 INFO:teuthology.orchestra.run.smithi087.stdout:/usr/bin/ceph: stderr
2024-04-22T13:22:01.008+0000 7fededf41700 1 -- 172.21.15.87:0/3911270196 --> [v2:172.21.15.87:3300/0,v1:172.21.15.87:6789/0] -- mon_subscribe({mgrmap=0+}) -- 0x7fede8107680 con 0x7fede81066f0
2024-04-22T13:22:01.920 INFO:teuthology.orchestra.run.smithi087.stdout:/usr/bin/ceph: stderr
2024-04-22T13:22:01.008+0000 7fededf41700 1 -- 172.21.15.87:0/3911270196 --> [v2:172.21.15.87:3300/0,v1:172.21.15.87:6789/0] -- mon_subscribe({osdmap=0}) -- 0x7fede8107bc0 con 0x7fede81066f0
2024-04-22T13:22:01.920 INFO:teuthology.orchestra.run.smithi087.stdout:/usr/bin/ceph: stderr
2024-04-22T13:22:01.008+0000 7fede4ff9700 1 -- 172.21.15.87:0/3911270196 <== mon.0 v2:172.21.15.87:3300/0 4 ==== mgrmap(e 4) ==== 46547+0+0 (secure 0 0 0) 0x7fedd801a870 con 0x7fede81066f0
2024-04-22T13:22:01.920 INFO:teuthology.orchestra.run.smithi087.stdout:/usr/bin/ceph: stderr
2024-04-22T13:22:01.009+0000 7fede4ff9700 1 --2- 172.21.15.87:0/3911270196 >> [v2:172.21.15.87:6800/4093217616,v1:172.21.15.87:6801/4093217616] conn(0x7fedd0039560 0x7fedd003ba20 unknown :-1 s=NONE pgs=0 cs=0 l=1 rev1=0 crypto rx=0 tx=0 comp rx=0 tx=0).connect
2024-04-22T13:22:01.920 INFO:teuthology.orchestra.run.smithi087.stdout:/usr/bin/ceph: stderr
2024-04-22T13:22:01.009+0000 7fede4ff9700 1 -- 172.21.15.87:0/3911270196 <== mon.0 v2:172.21.15.87:3300/0 5 ==== osd_map(1..1 src has 1..1) ==== 725+0+0 (secure 0 0 0) 0x7fedd804daa0 con 0x7fede81066f0
2024-04-22T13:22:01.920 INFO:teuthology.orchestra.run.smithi087.stdout:/usr/bin/ceph: stderr
2024-04-22T13:22:01.009+0000 7fede6ffd700 1 --2- 172.21.15.87:0/3911270196 >> [v2:172.21.15.87:6800/4093217616,v1:172.21.15.87:6801/4093217616] conn(0x7fedd0039560 0x7fedd003ba20 unknown :-1 s=BANNER_CONNECTING pgs=0 cs=0 l=1 rev1=0 crypto rx=0 tx=0 comp rx=0 tx=0)._handle_peer_banner_payload supported=3 required=0
2024-04-22T13:22:01.920 INFO:teuthology.orchestra.run.smithi087.stdout:/usr/bin/ceph: stderr
2024-04-22T13:22:01.009+0000 7fededf41700 1 -- 172.21.15.87:0/3911270196 --> [v2:172.21.15.87:3300/0,v1:172.21.15.87:6789/0] -- mon_command({"prefix": "get_command_descriptions"} v 0) -- 0x7fede80640a0 con 0x7fede81066f0
2024-04-22T13:22:01.920 INFO:teuthology.orchestra.run.smithi087.stdout:/usr/bin/ceph: stderr
2024-04-22T13:22:01.009+0000 7fede6ffd700 1 --2- 172.21.15.87:0/3911270196 >> [v2:172.21.15.87:6800/4093217616,v1:172.21.15.87:6801/4093217616] conn(0x7fedd0039560 0x7fedd003ba20 secure :-1 s=READY pgs=6 cs=0 l=1 rev1=1 crypto rx=0x7feddc006fd0 tx=0x7feddc006e40 comp rx=0 tx=0).ready entity=mgr.14100 client_cookie=0 server_cookie=0 in_seq=0 out_seq=0
2024-04-22T13:22:01.921 INFO:teuthology.orchestra.run.smithi087.stdout:/usr/bin/ceph: stderr
2024-04-22T13:22:01.014+0000 7fede4ff9700 1 -- 172.21.15.87:0/3911270196 <== mon.0 v2:172.21.15.87:3300/0 6 ==== mon_command_ack([{"prefix": "get_command_descriptions"}]=0 v0) ==== 72+0+188370 (secure 0 0 0) 0x7fedd8019c70 con 0x7fede81066f0
2024-04-22T13:22:01.921 INFO:teuthology.orchestra.run.smithi087.stdout:/usr/bin/ceph: stderr
2024-04-22T13:22:01.292+0000 7fededf41700 1 -- 172.21.15.87:0/3911270196 --> [v2:172.21.15.87:3300/0,v1:172.21.15.87:6789/0] -- mon_command({"prefix": "status", "format": "json-pretty"} v 0) -- 0x7fede8103730 con 0x7fede81066f0
2024-04-22T13:22:01.921 INFO:teuthology.orchestra.run.smithi087.stdout:/usr/bin/ceph: stderr
2024-04-22T13:22:01.292+0000 7fede4ff9700 1 -- 172.21.15.87:0/3911270196 <== mon.0 v2:172.21.15.87:3300/0 7 ==== mon_command_ack([{"prefix": "status", "format": "json-pretty"}]=0 v0) ==== 79+0+1239 (secure 0 0 0) 0x7fedd804d560 con 0x7fede81066f0
2024-04-22T13:22:01.921 INFO:teuthology.orchestra.run.smithi087.stdout:/usr/bin/ceph: stderr
2024-04-22T13:22:01.295+0000 7fededf41700 1 -- 172.21.15.87:0/3911270196 >> [v2:172.21.15.87:6800/4093217616,v1:172.21.15.87:6801/4093217616] conn(0x7fedd0039560 msgr2=0x7fedd003ba20 secure :-1 s=STATE_CONNECTION_ESTABLISHED l=1).mark_down
2024-04-22T13:22:01.921 INFO:teuthology.orchestra.run.smithi087.stdout:/usr/bin/ceph: stderr
2024-04-22T13:22:01.295+0000 7fededf41700 1 --2- 172.21.15.87:0/3911270196 >> [v2:172.21.15.87:6800/4093217616,v1:172.21.15.87:6801/4093217616] conn(0x7fedd0039560 0x7fedd003ba20 secure :-1 s=READY pgs=6 cs=0 l=1 rev1=1 crypto rx=0x7feddc006fd0 tx=0x7feddc006e40 comp rx=0 tx=0).stop
2024-04-22T13:22:01.921 INFO:teuthology.orchestra.run.smithi087.stdout:/usr/bin/ceph: stderr
2024-04-22T13:22:01.295+0000 7fededf41700 1 -- 172.21.15.87:0/3911270196 >> [v2:172.21.15.87:3300/0,v1:172.21.15.87:6789/0] conn(0x7fede81066f0 msgr2=0x7fede8108f50 secure :-1 s=STATE_CONNECTION_ESTABLISHED l=1).mark_down
2024-04-22T13:22:01.921 INFO:teuthology.orchestra.run.smithi087.stdout:/usr/bin/ceph: stderr
2024-04-22T13:22:01.295+0000 7fededf41700 1 --2- 172.21.15.87:0/3911270196 >> [v2:172.21.15.87:3300/0,v1:172.21.15.87:6789/0] conn(0x7fede81066f0 0x7fede8108f50 secure :-1 s=READY pgs=19 cs=0 l=1 rev1=1 crypto rx=0x7fedd8003f40 tx=0x7fedd8011890 comp rx=0 tx=0).stop
2024-04-22T13:22:01.921 INFO:teuthology.orchestra.run.smithi087.stdout:/usr/bin/ceph: stderr
2024-04-22T13:22:01.295+0000 7fededf41700 1 -- 172.21.15.87:0/3911270196 shutdown_connections
2024-04-22T13:22:01.921 INFO:teuthology.orchestra.run.smithi087.stdout:/usr/bin/ceph: stderr
2024-04-22T13:22:01.295+0000 7fededf41700 1 --2- 172.21.15.87:0/3911270196 >> [v2:172.21.15.87:6800/4093217616,v1:172.21.15.87:6801/4093217616] conn(0x7fedd0039560 0x7fedd003ba20 unknown :-1 s=CLOSED pgs=6 cs=0 l=1 rev1=1 crypto rx=0 tx=0 comp rx=0 tx=0).stop
2024-04-22T13:22:01.921 INFO:teuthology.orchestra.run.smithi087.stdout:/usr/bin/ceph: stderr
2024-04-22T13:22:01.295+0000 7fededf41700 1 --2- 172.21.15.87:0/3911270196 >> [v2:172.21.15.87:3300/0,v1:172.21.15.87:6789/0] conn(0x7fede81066f0 0x7fede8108f50 unknown :-1 s=CLOSED pgs=19 cs=0 l=1 rev1=1 crypto rx=0 tx=0 comp rx=0 tx=0).stop
2024-04-22T13:22:01.921 INFO:teuthology.orchestra.run.smithi087.stdout:/usr/bin/ceph: stderr
2024-04-22T13:22:01.295+0000 7fededf41700 1 -- 172.21.15.87:0/3911270196 >> 172.21.15.87:0/3911270196 conn(0x7fede8102110 msgr2=0x7fede8102c00 unknown :-1 s=STATE_NONE l=0).mark_down
2024-04-22T13:22:01.921 INFO:teuthology.orchestra.run.smithi087.stdout:/usr/bin/ceph: stderr
2024-04-22T13:22:01.295+0000 7fededf41700 1 -- 172.21.15.87:0/3911270196 shutdown_connections
2024-04-22T13:22:01.921 INFO:teuthology.orchestra.run.smithi087.stdout:/usr/bin/ceph: stderr
2024-04-22T13:22:01.296+0000 7fededf41700 1 -- 172.21.15.87:0/3911270196 wait complete.
2024-04-22T13:22:01.921 INFO:teuthology.orchestra.run.smithi087.stdout:mgr is available
2024-04-22T13:22:02.296 INFO:journalctl@ceph.mon.a.smithi087.stdout:Apr 22 13:22:02 smithi087 ceph-mon[27999]: from='client.? 172.21.15.87:0/3911270196' entity='client.admin' cmd=[{"prefix": "status", "format": "json-pretty"}]: dispatch
2024-04-22T13:22:03.115 INFO:journalctl@ceph.mon.a.smithi087.stdout:Apr 22 13:22:03 smithi087 ceph-mon[27999]: from='client.? 172.21.15.87:0/2833957706' entity='client.admin' cmd=[{"prefix": "config assimilate-conf"}]: dispatch
2024-04-22T13:22:03.129 INFO:teuthology.orchestra.run.smithi087.stdout:/usr/bin/ceph: stdout
2024-04-22T13:22:03.129 INFO:teuthology.orchestra.run.smithi087.stdout:/usr/bin/ceph: stdout [global]
2024-04-22T13:22:03.129 INFO:teuthology.orchestra.run.smithi087.stdout:/usr/bin/ceph: stdout fsid = 176003e8-00ab-11ef-bc93-c7b262605968
2024-04-22T13:22:03.129 INFO:teuthology.orchestra.run.smithi087.stdout:/usr/bin/ceph: stdout mon_cluster_log_file_level = debug
2024-04-22T13:22:03.129 INFO:teuthology.orchestra.run.smithi087.stdout:/usr/bin/ceph: stdout mon_osd_allow_pg_remap = true
2024-04-22T13:22:03.129 INFO:teuthology.orchestra.run.smithi087.stdout:/usr/bin/ceph: stdout mon_osd_allow_primary_affinity = true
2024-04-22T13:22:03.130 INFO:teuthology.orchestra.run.smithi087.stdout:/usr/bin/ceph: stdout mon_warn_on_no_sortbitwise = false
2024-04-22T13:22:03.130 INFO:teuthology.orchestra.run.smithi087.stdout:/usr/bin/ceph: stdout osd_crush_chooseleaf_type = 0
2024-04-22T13:22:03.130 INFO:teuthology.orchestra.run.smithi087.stdout:/usr/bin/ceph: stdout
2024-04-22T13:22:03.130 INFO:teuthology.orchestra.run.smithi087.stdout:/usr/bin/ceph: stdout [mgr]
2024-04-22T13:22:03.130 INFO:teuthology.orchestra.run.smithi087.stdout:/usr/bin/ceph: stdout mgr/telemetry/nag = false
2024-04-22T13:22:03.130 INFO:teuthology.orchestra.run.smithi087.stdout:/usr/bin/ceph: stdout
2024-04-22T13:22:03.130 INFO:teuthology.orchestra.run.smithi087.stdout:/usr/bin/ceph: stdout [osd]
2024-04-22T13:22:03.130 INFO:teuthology.orchestra.run.smithi087.stdout:/usr/bin/ceph: stdout mon_osd_backfillfull_ratio = 0.85
2024-04-22T13:22:03.131 INFO:teuthology.orchestra.run.smithi087.stdout:/usr/bin/ceph: stdout mon_osd_full_ratio = 0.9
2024-04-22T13:22:03.131 INFO:teuthology.orchestra.run.smithi087.stdout:/usr/bin/ceph: stdout mon_osd_nearfull_ratio = 0.8
2024-04-22T13:22:03.131 INFO:teuthology.orchestra.run.smithi087.stdout:/usr/bin/ceph: stdout osd_map_max_advance = 10
2024-04-22T13:22:03.131 INFO:teuthology.orchestra.run.smithi087.stdout:/usr/bin/ceph: stdout osd_sloppy_crc = true
2024-04-22T13:22:03.131 INFO:teuthology.orchestra.run.smithi087.stdout:/usr/bin/ceph: stderr
2024-04-22T13:22:02.330+0000 7f2062db6700 1 Processor -- start
2024-04-22T13:22:03.131 INFO:teuthology.orchestra.run.smithi087.stdout:/usr/bin/ceph: stderr
2024-04-22T13:22:02.330+0000 7f2062db6700 1 -- start start
2024-04-22T13:22:03.131 INFO:teuthology.orchestra.run.smithi087.stdout:/usr/bin/ceph: stderr
2024-04-22T13:22:02.330+0000 7f2062db6700 1 --2- >> [v2:172.21.15.87:3300/0,v1:172.21.15.87:6789/0] conn(0x7f205c1088b0 0x7f205c108cd0 unknown :-1 s=NONE pgs=0 cs=0 l=0 rev1=0 crypto rx=0 tx=0 comp rx=0 tx=0).connect
2024-04-22T13:22:03.131 INFO:teuthology.orchestra.run.smithi087.stdout:/usr/bin/ceph: stderr
2024-04-22T13:22:02.330+0000 7f2062db6700 1 -- --> [v2:172.21.15.87:3300/0,v1:172.21.15.87:6789/0] -- mon_getmap magic: 0 -- 0x7f205c1092a0 con 0x7f205c1088b0
2024-04-22T13:22:03.132 INFO:teuthology.orchestra.run.smithi087.stdout:/usr/bin/ceph: stderr
2024-04-22T13:22:02.331+0000 7f2060b52700 1 --2- >> [v2:172.21.15.87:3300/0,v1:172.21.15.87:6789/0] conn(0x7f205c1088b0 0x7f205c108cd0 unknown :-1 s=BANNER_CONNECTING pgs=0 cs=0 l=0 rev1=0 crypto rx=0 tx=0 comp rx=0 tx=0)._handle_peer_banner_payload supported=3 required=0
2024-04-22T13:22:03.132 INFO:teuthology.orchestra.run.smithi087.stdout:/usr/bin/ceph: stderr
2024-04-22T13:22:02.331+0000 7f2060b52700 1 --2- >> [v2:172.21.15.87:3300/0,v1:172.21.15.87:6789/0] conn(0x7f205c1088b0 0x7f205c108cd0 unknown :-1 s=HELLO_CONNECTING pgs=0 cs=0 l=0 rev1=1 crypto rx=0 tx=0 comp rx=0 tx=0).handle_hello peer v2:172.21.15.87:3300/0 says I am v2:172.21.15.87:53382/0 (socket says 172.21.15.87:53382)
2024-04-22T13:22:03.132 INFO:teuthology.orchestra.run.smithi087.stdout:/usr/bin/ceph: stderr
2024-04-22T13:22:02.331+0000 7f2060b52700 1 -- 172.21.15.87:0/1515896493 learned_addr learned my addr 172.21.15.87:0/1515896493 (peer_addr_for_me v2:172.21.15.87:0/0)
2024-04-22T13:22:03.132 INFO:teuthology.orchestra.run.smithi087.stdout:/usr/bin/ceph: stderr
2024-04-22T13:22:02.331+0000 7f2060b52700 1 -- 172.21.15.87:0/1515896493 --> [v2:172.21.15.87:3300/0,v1:172.21.15.87:6789/0] -- mon_subscribe({config=0+,monmap=0+}) -- 0x7f205c107510 con 0x7f205c1088b0
2024-04-22T13:22:03.132 INFO:teuthology.orchestra.run.smithi087.stdout:/usr/bin/ceph: stderr
2024-04-22T13:22:02.331+0000 7f2060b52700 1 --2- 172.21.15.87:0/1515896493 >> [v2:172.21.15.87:3300/0,v1:172.21.15.87:6789/0] conn(0x7f205c1088b0 0x7f205c108cd0 secure :-1 s=READY pgs=20 cs=0 l=1 rev1=1 crypto rx=0x7f204c009e80 tx=0x7f204c00b330 comp rx=0 tx=0).ready entity=mon.0 client_cookie=e5c5212e4af9df1e server_cookie=0 in_seq=0 out_seq=0
2024-04-22T13:22:03.132 INFO:teuthology.orchestra.run.smithi087.stdout:/usr/bin/ceph: stderr
2024-04-22T13:22:02.331+0000 7f205b7fe700 1 -- 172.21.15.87:0/1515896493 <== mon.0 v2:172.21.15.87:3300/0 1 ==== mon_map magic: 0 ==== 205+0+0 (secure 0 0 0) 0x7f204c017070 con 0x7f205c1088b0
2024-04-22T13:22:03.132 INFO:teuthology.orchestra.run.smithi087.stdout:/usr/bin/ceph: stderr
2024-04-22T13:22:02.331+0000 7f205b7fe700 1 -- 172.21.15.87:0/1515896493 <== mon.0 v2:172.21.15.87:3300/0 2 ==== config(26 keys) ==== 1070+0+0 (secure 0 0 0) 0x7f204c00b8c0 con 0x7f205c1088b0
2024-04-22T13:22:03.132 INFO:teuthology.orchestra.run.smithi087.stdout:/usr/bin/ceph: stderr
2024-04-22T13:22:02.331+0000 7f205b7fe700 1 -- 172.21.15.87:0/1515896493 <== mon.0 v2:172.21.15.87:3300/0 3 ==== mon_map magic: 0 ==== 205+0+0 (secure 0 0 0) 0x7f204c004490 con 0x7f205c1088b0
2024-04-22T13:22:03.133 INFO:teuthology.orchestra.run.smithi087.stdout:/usr/bin/ceph: stderr
2024-04-22T13:22:02.332+0000 7f2062db6700 1 -- 172.21.15.87:0/1515896493 >> [v2:172.21.15.87:3300/0,v1:172.21.15.87:6789/0] conn(0x7f205c1088b0 msgr2=0x7f205c108cd0 secure :-1 s=STATE_CONNECTION_ESTABLISHED l=1).mark_down
2024-04-22T13:22:03.133 INFO:teuthology.orchestra.run.smithi087.stdout:/usr/bin/ceph: stderr
2024-04-22T13:22:02.332+0000 7f2062db6700 1 --2- 172.21.15.87:0/1515896493 >> [v2:172.21.15.87:3300/0,v1:172.21.15.87:6789/0] conn(0x7f205c1088b0 0x7f205c108cd0 secure :-1 s=READY pgs=20 cs=0 l=1 rev1=1 crypto rx=0x7f204c009e80 tx=0x7f204c00b330 comp rx=0 tx=0).stop
2024-04-22T13:22:03.133 INFO:teuthology.orchestra.run.smithi087.stdout:/usr/bin/ceph: stderr
2024-04-22T13:22:02.332+0000 7f2062db6700 1 -- 172.21.15.87:0/1515896493 shutdown_connections
2024-04-22T13:22:03.133 INFO:teuthology.orchestra.run.smithi087.stdout:/usr/bin/ceph: stderr
2024-04-22T13:22:02.332+0000 7f2062db6700 1 --2- 172.21.15.87:0/1515896493 >> [v2:172.21.15.87:3300/0,v1:172.21.15.87:6789/0] conn(0x7f205c1088b0 0x7f205c108cd0 unknown :-1 s=CLOSED pgs=20 cs=0 l=1 rev1=1 crypto rx=0 tx=0 comp rx=0 tx=0).stop
2024-04-22T13:22:03.133 INFO:teuthology.orchestra.run.smithi087.stdout:/usr/bin/ceph: stderr
2024-04-22T13:22:02.332+0000 7f2062db6700 1 -- 172.21.15.87:0/1515896493 >> 172.21.15.87:0/1515896493 conn(0x7f205c102080 msgr2=0x7f205c1044a0 unknown :-1 s=STATE_NONE l=0).mark_down
2024-04-22T13:22:03.133 INFO:teuthology.orchestra.run.smithi087.stdout:/usr/bin/ceph: stderr
2024-04-22T13:22:02.332+0000 7f2062db6700 1 -- 172.21.15.87:0/1515896493 shutdown_connections
2024-04-22T13:22:03.133 INFO:teuthology.orchestra.run.smithi087.stdout:/usr/bin/ceph: stderr
2024-04-22T13:22:02.332+0000 7f2062db6700 1 -- 172.21.15.87:0/1515896493 wait complete.
2024-04-22T13:22:03.133 INFO:teuthology.orchestra.run.smithi087.stdout:/usr/bin/ceph: stderr
2024-04-22T13:22:02.332+0000 7f2062db6700 1 Processor -- start
2024-04-22T13:22:03.133 INFO:teuthology.orchestra.run.smithi087.stdout:/usr/bin/ceph: stderr
2024-04-22T13:22:02.332+0000 7f2062db6700 1 -- start start
2024-04-22T13:22:03.134 INFO:teuthology.orchestra.run.smithi087.stdout:/usr/bin/ceph: stderr
2024-04-22T13:22:02.333+0000 7f2062db6700 1 --2- >> [v2:172.21.15.87:3300/0,v1:172.21.15.87:6789/0] conn(0x7f205c1088b0 0x7f205c192520 unknown :-1 s=NONE pgs=0 cs=0 l=1 rev1=0 crypto rx=0 tx=0 comp rx=0 tx=0).connect
2024-04-22T13:22:03.134 INFO:teuthology.orchestra.run.smithi087.stdout:/usr/bin/ceph: stderr
2024-04-22T13:22:02.333+0000 7f2062db6700 1 -- --> [v2:172.21.15.87:3300/0,v1:172.21.15.87:6789/0] -- mon_getmap magic: 0 -- 0x7f205c10b8d0 con 0x7f205c1088b0
2024-04-22T13:22:03.134 INFO:teuthology.orchestra.run.smithi087.stdout:/usr/bin/ceph: stderr
2024-04-22T13:22:02.333+0000 7f2060b52700 1 --2- >> [v2:172.21.15.87:3300/0,v1:172.21.15.87:6789/0] conn(0x7f205c1088b0 0x7f205c192520 unknown :-1 s=BANNER_CONNECTING pgs=0 cs=0 l=1 rev1=0 crypto rx=0 tx=0 comp rx=0 tx=0)._handle_peer_banner_payload supported=3 required=0
2024-04-22T13:22:03.134 INFO:teuthology.orchestra.run.smithi087.stdout:/usr/bin/ceph: stderr
2024-04-22T13:22:02.333+0000 7f2060b52700 1 --2- >> [v2:172.21.15.87:3300/0,v1:172.21.15.87:6789/0] conn(0x7f205c1088b0 0x7f205c192520 unknown :-1 s=HELLO_CONNECTING pgs=0 cs=0 l=1 rev1=1 crypto rx=0 tx=0 comp rx=0 tx=0).handle_hello peer v2:172.21.15.87:3300/0 says I am v2:172.21.15.87:53392/0 (socket says 172.21.15.87:53392)
2024-04-22T13:22:03.134 INFO:teuthology.orchestra.run.smithi087.stdout:/usr/bin/ceph: stderr
2024-04-22T13:22:02.333+0000 7f2060b52700 1 -- 172.21.15.87:0/2833957706 learned_addr learned my addr 172.21.15.87:0/2833957706 (peer_addr_for_me v2:172.21.15.87:0/0)
2024-04-22T13:22:03.134 INFO:teuthology.orchestra.run.smithi087.stdout:/usr/bin/ceph: stderr
2024-04-22T13:22:02.333+0000 7f2060b52700 1 -- 172.21.15.87:0/2833957706 --> [v2:172.21.15.87:3300/0,v1:172.21.15.87:6789/0] -- mon_subscribe({config=0+,monmap=0+}) -- 0x7f205c192a60 con 0x7f205c1088b0
2024-04-22T13:22:03.134 INFO:teuthology.orchestra.run.smithi087.stdout:/usr/bin/ceph: stderr
2024-04-22T13:22:02.333+0000 7f2060b52700 1 --2- 172.21.15.87:0/2833957706 >> [v2:172.21.15.87:3300/0,v1:172.21.15.87:6789/0] conn(0x7f205c1088b0 0x7f205c192520 secure :-1 s=READY pgs=21 cs=0 l=1 rev1=1 crypto rx=0x7f204c00b7b0 tx=0x7f204c00be20 comp rx=0 tx=0).ready entity=mon.0 client_cookie=0 server_cookie=0 in_seq=0 out_seq=0
2024-04-22T13:22:03.134 INFO:teuthology.orchestra.run.smithi087.stdout:/usr/bin/ceph: stderr
2024-04-22T13:22:02.333+0000 7f2059ffb700 1 -- 172.21.15.87:0/2833957706 <== mon.0 v2:172.21.15.87:3300/0 1 ==== mon_map magic: 0 ==== 205+0+0 (secure 0 0 0) 0x7f204c020020 con 0x7f205c1088b0
2024-04-22T13:22:03.135 INFO:teuthology.orchestra.run.smithi087.stdout:/usr/bin/ceph: stderr
2024-04-22T13:22:02.333+0000 7f2059ffb700 1 -- 172.21.15.87:0/2833957706 <== mon.0 v2:172.21.15.87:3300/0 2 ==== config(26 keys) ==== 1070+0+0 (secure 0 0 0) 0x7f204c012430 con 0x7f205c1088b0
2024-04-22T13:22:03.135 INFO:teuthology.orchestra.run.smithi087.stdout:/usr/bin/ceph: stderr
2024-04-22T13:22:02.333+0000 7f2062db6700 1 -- 172.21.15.87:0/2833957706 --> [v2:172.21.15.87:3300/0,v1:172.21.15.87:6789/0] -- mon_subscribe({mgrmap=0+}) -- 0x7f205c190c50 con 0x7f205c1088b0
2024-04-22T13:22:03.135 INFO:teuthology.orchestra.run.smithi087.stdout:/usr/bin/ceph: stderr
2024-04-22T13:22:02.333+0000 7f2059ffb700 1 -- 172.21.15.87:0/2833957706 <== mon.0 v2:172.21.15.87:3300/0 3 ==== mon_map magic: 0 ==== 205+0+0 (secure 0 0 0) 0x7f204c017040 con 0x7f205c1088b0
2024-04-22T13:22:03.135 INFO:teuthology.orchestra.run.smithi087.stdout:/usr/bin/ceph: stderr
2024-04-22T13:22:02.333+0000 7f2062db6700 1 -- 172.21.15.87:0/2833957706 --> [v2:172.21.15.87:3300/0,v1:172.21.15.87:6789/0] -- mon_subscribe({osdmap=0}) -- 0x7f205c191190 con 0x7f205c1088b0
2024-04-22T13:22:03.135 INFO:teuthology.orchestra.run.smithi087.stdout:/usr/bin/ceph: stderr
2024-04-22T13:22:02.334+0000 7f2059ffb700 1 -- 172.21.15.87:0/2833957706 <== mon.0 v2:172.21.15.87:3300/0 4 ==== mgrmap(e 4) ==== 46547+0+0 (secure 0 0 0) 0x7f204c023020 con 0x7f205c1088b0
2024-04-22T13:22:03.135 INFO:teuthology.orchestra.run.smithi087.stdout:/usr/bin/ceph: stderr
2024-04-22T13:22:02.334+0000 7f2062db6700 1 -- 172.21.15.87:0/2833957706 --> [v2:172.21.15.87:3300/0,v1:172.21.15.87:6789/0] -- mon_command({"prefix": "get_command_descriptions"} v 0) -- 0x7f205c0640a0 con 0x7f205c1088b0
2024-04-22T13:22:03.135 INFO:teuthology.orchestra.run.smithi087.stdout:/usr/bin/ceph: stderr
2024-04-22T13:22:02.335+0000 7f2059ffb700 1 --2- 172.21.15.87:0/2833957706 >> [v2:172.21.15.87:6800/4093217616,v1:172.21.15.87:6801/4093217616] conn(0x7f2048039510 0x7f204803b9d0 unknown :-1 s=NONE pgs=0 cs=0 l=1 rev1=0 crypto rx=0 tx=0 comp rx=0 tx=0).connect
2024-04-22T13:22:03.135 INFO:teuthology.orchestra.run.smithi087.stdout:/usr/bin/ceph: stderr
2024-04-22T13:22:02.335+0000 7f2059ffb700 1 -- 172.21.15.87:0/2833957706 <== mon.0 v2:172.21.15.87:3300/0 5 ==== osd_map(1..1 src has 1..1) ==== 725+0+0 (secure 0 0 0) 0x7f204c00f050 con 0x7f205c1088b0
2024-04-22T13:22:03.136 INFO:teuthology.orchestra.run.smithi087.stdout:/usr/bin/ceph: stderr
2024-04-22T13:22:02.335+0000 7f205bfff700 1 --2- 172.21.15.87:0/2833957706 >> [v2:172.21.15.87:6800/4093217616,v1:172.21.15.87:6801/4093217616] conn(0x7f2048039510 0x7f204803b9d0 unknown :-1 s=BANNER_CONNECTING pgs=0 cs=0 l=1 rev1=0 crypto rx=0 tx=0 comp rx=0 tx=0)._handle_peer_banner_payload supported=3 required=0
2024-04-22T13:22:03.136 INFO:teuthology.orchestra.run.smithi087.stdout:/usr/bin/ceph: stderr
2024-04-22T13:22:02.335+0000 7f205bfff700 1 --2- 172.21.15.87:0/2833957706 >> [v2:172.21.15.87:6800/4093217616,v1:172.21.15.87:6801/4093217616] conn(0x7f2048039510 0x7f204803b9d0 secure :-1 s=READY pgs=7 cs=0 l=1 rev1=1 crypto rx=0x7f2044006fd0 tx=0x7f2044006e40 comp rx=0 tx=0).ready entity=mgr.14100 client_cookie=0 server_cookie=0 in_seq=0 out_seq=0
2024-04-22T13:22:03.136 INFO:teuthology.orchestra.run.smithi087.stdout:/usr/bin/ceph: stderr
2024-04-22T13:22:02.340+0000 7f2059ffb700 1 -- 172.21.15.87:0/2833957706 <== mon.0 v2:172.21.15.87:3300/0 6 ==== mon_command_ack([{"prefix": "get_command_descriptions"}]=0 v0) ==== 72+0+188370 (secure 0 0 0) 0x7f204c02a020 con 0x7f205c1088b0
2024-04-22T13:22:03.136 INFO:teuthology.orchestra.run.smithi087.stdout:/usr/bin/ceph: stderr
2024-04-22T13:22:02.534+0000 7f2062db6700 1 -- 172.21.15.87:0/2833957706 --> [v2:172.21.15.87:3300/0,v1:172.21.15.87:6789/0] -- mon_command({"prefix": "config assimilate-conf"} v 0) -- 0x7f205c1962e0 con 0x7f205c1088b0
2024-04-22T13:22:03.136 INFO:teuthology.orchestra.run.smithi087.stdout:/usr/bin/ceph: stderr
2024-04-22T13:22:02.535+0000 7f2059ffb700 1 -- 172.21.15.87:0/2833957706 <== mon.0 v2:172.21.15.87:3300/0 7 ==== mon_command_ack([{"prefix": "config assimilate-conf"}]=0 v3) ==== 70+0+409 (secure 0 0 0) 0x7f204c025dc0 con 0x7f205c1088b0
2024-04-22T13:22:03.136 INFO:teuthology.orchestra.run.smithi087.stdout:/usr/bin/ceph: stderr
2024-04-22T13:22:02.537+0000 7f2062db6700 1 -- 172.21.15.87:0/2833957706 >> [v2:172.21.15.87:6800/4093217616,v1:172.21.15.87:6801/4093217616] conn(0x7f2048039510 msgr2=0x7f204803b9d0 secure :-1 s=STATE_CONNECTION_ESTABLISHED l=1).mark_down
2024-04-22T13:22:03.136 INFO:teuthology.orchestra.run.smithi087.stdout:/usr/bin/ceph: stderr
2024-04-22T13:22:02.537+0000 7f2062db6700 1 --2- 172.21.15.87:0/2833957706 >> [v2:172.21.15.87:6800/4093217616,v1:172.21.15.87:6801/4093217616] conn(0x7f2048039510 0x7f204803b9d0 secure :-1 s=READY pgs=7 cs=0 l=1 rev1=1 crypto rx=0x7f2044006fd0 tx=0x7f2044006e40 comp rx=0 tx=0).stop
2024-04-22T13:22:03.136 INFO:teuthology.orchestra.run.smithi087.stdout:/usr/bin/ceph: stderr
2024-04-22T13:22:02.537+0000 7f2062db6700 1 -- 172.21.15.87:0/2833957706 >> [v2:172.21.15.87:3300/0,v1:172.21.15.87:6789/0] conn(0x7f205c1088b0 msgr2=0x7f205c192520 secure :-1 s=STATE_CONNECTION_ESTABLISHED l=1).mark_down
2024-04-22T13:22:03.137 INFO:teuthology.orchestra.run.smithi087.stdout:/usr/bin/ceph: stderr
2024-04-22T13:22:02.537+0000 7f2062db6700 1 --2- 172.21.15.87:0/2833957706 >> [v2:172.21.15.87:3300/0,v1:172.21.15.87:6789/0] conn(0x7f205c1088b0 0x7f205c192520 secure :-1 s=READY pgs=21 cs=0 l=1 rev1=1 crypto rx=0x7f204c00b7b0 tx=0x7f204c00be20 comp rx=0 tx=0).stop
2024-04-22T13:22:03.137 INFO:teuthology.orchestra.run.smithi087.stdout:/usr/bin/ceph: stderr
2024-04-22T13:22:02.537+0000 7f2062db6700 1 -- 172.21.15.87:0/2833957706 shutdown_connections
2024-04-22T13:22:03.137 INFO:teuthology.orchestra.run.smithi087.stdout:/usr/bin/ceph: stderr
2024-04-22T13:22:02.537+0000 7f2062db6700 1 --2- 172.21.15.87:0/2833957706 >> [v2:172.21.15.87:6800/4093217616,v1:172.21.15.87:6801/4093217616] conn(0x7f2048039510 0x7f204803b9d0 unknown :-1 s=CLOSED pgs=7 cs=0 l=1 rev1=1 crypto rx=0 tx=0 comp rx=0 tx=0).stop
2024-04-22T13:22:03.137 INFO:teuthology.orchestra.run.smithi087.stdout:/usr/bin/ceph: stderr
2024-04-22T13:22:02.537+0000 7f2062db6700 1 --2- 172.21.15.87:0/2833957706 >> [v2:172.21.15.87:3300/0,v1:172.21.15.87:6789/0] conn(0x7f205c1088b0 0x7f205c192520 unknown :-1 s=CLOSED pgs=21 cs=0 l=1 rev1=1 crypto rx=0 tx=0 comp rx=0 tx=0).stop
2024-04-22T13:22:03.137 INFO:teuthology.orchestra.run.smithi087.stdout:/usr/bin/ceph: stderr
2024-04-22T13:22:02.537+0000 7f2062db6700 1 -- 172.21.15.87:0/2833957706 >> 172.21.15.87:0/2833957706 conn(0x7f205c102080 msgr2=0x7f205c102f00 unknown :-1 s=STATE_NONE l=0).mark_down
2024-04-22T13:22:03.137 INFO:teuthology.orchestra.run.smithi087.stdout:/usr/bin/ceph: stderr
2024-04-22T13:22:02.537+0000 7f2062db6700 1 -- 172.21.15.87:0/2833957706 shutdown_connections
2024-04-22T13:22:03.137 INFO:teuthology.orchestra.run.smithi087.stdout:/usr/bin/ceph: stderr
2024-04-22T13:22:02.537+0000 7f2062db6700 1 -- 172.21.15.87:0/2833957706 wait complete.
2024-04-22T13:22:03.137 INFO:teuthology.orchestra.run.smithi087.stdout:Enabling cephadm module...
2024-04-22T13:22:04.173 INFO:journalctl@ceph.mon.a.smithi087.stdout:Apr 22 13:22:04 smithi087 ceph-mon[27999]: from='client.? 172.21.15.87:0/834508103' entity='client.admin' cmd=[{"prefix": "mgr module enable", "module": "cephadm"}]: dispatch
2024-04-22T13:22:04.173 INFO:journalctl@ceph.mgr.x.smithi087.stdout:Apr 22 13:22:04 smithi087 ceph-176003e8-00ab-11ef-bc93-c7b262605968-mgr-x[28235]: ignoring --setuser ceph since I am not root
2024-04-22T13:22:04.173 INFO:journalctl@ceph.mgr.x.smithi087.stdout:Apr 22 13:22:04 smithi087 ceph-176003e8-00ab-11ef-bc93-c7b262605968-mgr-x[28235]: ignoring --setgroup ceph since I am not root
2024-04-22T13:22:04.173 INFO:journalctl@ceph.mgr.x.smithi087.stdout:Apr 22 13:22:04 smithi087 ceph-176003e8-00ab-11ef-bc93-c7b262605968-mgr-x[28235]:
2024-04-22T13:22:04.176+0000 7f6b1dba5200 -1 mgr[py] Module balancer has missing NOTIFY_TYPES member
2024-04-22T13:22:04.461 INFO:journalctl@ceph.mgr.x.smithi087.stdout:Apr 22 13:22:04 smithi087 ceph-176003e8-00ab-11ef-bc93-c7b262605968-mgr-x[28235]:
2024-04-22T13:22:04.362+0000 7f6b1dba5200 -1 mgr[py] Module orchestrator has missing NOTIFY_TYPES member
2024-04-22T13:22:04.461 INFO:journalctl@ceph.mgr.x.smithi087.stdout:Apr 22 13:22:04 smithi087 ceph-176003e8-00ab-11ef-bc93-c7b262605968-mgr-x[28235]:
2024-04-22T13:22:04.463+0000 7f6b1dba5200 -1 mgr[py] Module snap_schedule has missing NOTIFY_TYPES member
2024-04-22T13:22:04.546 INFO:teuthology.orchestra.run.smithi087.stdout:/usr/bin/ceph: stderr
2024-04-22T13:22:03.567+0000 7f619111a700 1 Processor -- start
2024-04-22T13:22:04.547 INFO:teuthology.orchestra.run.smithi087.stdout:/usr/bin/ceph: stderr
2024-04-22T13:22:03.567+0000 7f619111a700 1 -- start start
2024-04-22T13:22:04.547 INFO:teuthology.orchestra.run.smithi087.stdout:/usr/bin/ceph: stderr
2024-04-22T13:22:03.567+0000 7f619111a700 1 --2- >> [v2:172.21.15.87:3300/0,v1:172.21.15.87:6789/0] conn(0x7f618c108f00 0x7f618c10b2f0 unknown :-1 s=NONE pgs=0 cs=0 l=0 rev1=0 crypto rx=0 tx=0 comp rx=0 tx=0).connect
2024-04-22T13:22:04.547 INFO:teuthology.orchestra.run.smithi087.stdout:/usr/bin/ceph: stderr
2024-04-22T13:22:03.567+0000 7f619111a700 1 -- --> [v2:172.21.15.87:3300/0,v1:172.21.15.87:6789/0] -- mon_getmap magic: 0 -- 0x7f618c07be80 con 0x7f618c108f00
2024-04-22T13:22:04.547 INFO:teuthology.orchestra.run.smithi087.stdout:/usr/bin/ceph: stderr
2024-04-22T13:22:03.567+0000 7f618ad9d700 1 --2- >> [v2:172.21.15.87:3300/0,v1:172.21.15.87:6789/0] conn(0x7f618c108f00 0x7f618c10b2f0 unknown :-1 s=BANNER_CONNECTING pgs=0 cs=0 l=0 rev1=0 crypto rx=0 tx=0 comp rx=0 tx=0)._handle_peer_banner_payload supported=3 required=0
2024-04-22T13:22:04.547 INFO:teuthology.orchestra.run.smithi087.stdout:/usr/bin/ceph: stderr
2024-04-22T13:22:03.567+0000 7f618ad9d700 1 --2- >> [v2:172.21.15.87:3300/0,v1:172.21.15.87:6789/0] conn(0x7f618c108f00 0x7f618c10b2f0 unknown :-1 s=HELLO_CONNECTING pgs=0 cs=0 l=0 rev1=1 crypto rx=0 tx=0 comp rx=0 tx=0).handle_hello peer v2:172.21.15.87:3300/0 says I am v2:172.21.15.87:53400/0 (socket says 172.21.15.87:53400)
2024-04-22T13:22:04.547 INFO:teuthology.orchestra.run.smithi087.stdout:/usr/bin/ceph: stderr
2024-04-22T13:22:03.567+0000 7f618ad9d700 1 -- 172.21.15.87:0/3239178595 learned_addr learned my addr 172.21.15.87:0/3239178595 (peer_addr_for_me v2:172.21.15.87:0/0)
2024-04-22T13:22:04.547 INFO:teuthology.orchestra.run.smithi087.stdout:/usr/bin/ceph: stderr
2024-04-22T13:22:03.567+0000 7f618ad9d700 1 -- 172.21.15.87:0/3239178595 --> [v2:172.21.15.87:3300/0,v1:172.21.15.87:6789/0] -- mon_subscribe({config=0+,monmap=0+}) -- 0x7f618c10b830 con 0x7f618c108f00
2024-04-22T13:22:04.547 INFO:teuthology.orchestra.run.smithi087.stdout:/usr/bin/ceph: stderr
2024-04-22T13:22:03.568+0000 7f618ad9d700 1 --2- 172.21.15.87:0/3239178595 >> [v2:172.21.15.87:3300/0,v1:172.21.15.87:6789/0] conn(0x7f618c108f00 0x7f618c10b2f0 secure :-1 s=READY pgs=22 cs=0 l=1 rev1=1 crypto rx=0x7f617c0098a0 tx=0x7f617c009bb0 comp rx=0 tx=0).ready entity=mon.0 client_cookie=3d648b7932703fe5 server_cookie=0 in_seq=0 out_seq=0
2024-04-22T13:22:04.547 INFO:teuthology.orchestra.run.smithi087.stdout:/usr/bin/ceph: stderr
2024-04-22T13:22:03.568+0000 7f6189d9b700 1 -- 172.21.15.87:0/3239178595 <== mon.0 v2:172.21.15.87:3300/0 1 ==== mon_map magic: 0 ==== 205+0+0 (secure 0 0 0) 0x7f617c004160 con 0x7f618c108f00
2024-04-22T13:22:04.548 INFO:teuthology.orchestra.run.smithi087.stdout:/usr/bin/ceph: stderr
2024-04-22T13:22:03.568+0000 7f6189d9b700 1 -- 172.21.15.87:0/3239178595 <== mon.0 v2:172.21.15.87:3300/0 2 ==== config(26 keys) ==== 1070+0+0 (secure 0 0 0) 0x7f617c004300 con 0x7f618c108f00
2024-04-22T13:22:04.548 INFO:teuthology.orchestra.run.smithi087.stdout:/usr/bin/ceph: stderr
2024-04-22T13:22:03.568+0000 7f6189d9b700 1 -- 172.21.15.87:0/3239178595 <== mon.0 v2:172.21.15.87:3300/0 3 ==== mon_map magic: 0 ==== 205+0+0 (secure 0 0 0) 0x7f617c011af0 con 0x7f618c108f00
2024-04-22T13:22:04.548 INFO:teuthology.orchestra.run.smithi087.stdout:/usr/bin/ceph: stderr
2024-04-22T13:22:03.568+0000 7f619111a700 1 -- 172.21.15.87:0/3239178595 >> [v2:172.21.15.87:3300/0,v1:172.21.15.87:6789/0] conn(0x7f618c108f00 msgr2=0x7f618c10b2f0 secure :-1 s=STATE_CONNECTION_ESTABLISHED l=1).mark_down
2024-04-22T13:22:04.548 INFO:teuthology.orchestra.run.smithi087.stdout:/usr/bin/ceph: stderr
2024-04-22T13:22:03.568+0000 7f619111a700 1 --2- 172.21.15.87:0/3239178595 >> [v2:172.21.15.87:3300/0,v1:172.21.15.87:6789/0] conn(0x7f618c108f00 0x7f618c10b2f0 secure :-1 s=READY pgs=22 cs=0 l=1 rev1=1 crypto rx=0x7f617c0098a0 tx=0x7f617c009bb0 comp rx=0 tx=0).stop
2024-04-22T13:22:04.548 INFO:teuthology.orchestra.run.smithi087.stdout:/usr/bin/ceph: stderr
2024-04-22T13:22:03.568+0000 7f619111a700 1 -- 172.21.15.87:0/3239178595 shutdown_connections
2024-04-22T13:22:04.548 INFO:teuthology.orchestra.run.smithi087.stdout:/usr/bin/ceph: stderr
2024-04-22T13:22:03.568+0000 7f619111a700 1 --2- 172.21.15.87:0/3239178595 >> [v2:172.21.15.87:3300/0,v1:172.21.15.87:6789/0] conn(0x7f618c108f00 0x7f618c10b2f0 unknown :-1 s=CLOSED pgs=22 cs=0 l=1 rev1=1 crypto rx=0 tx=0 comp rx=0 tx=0).stop
2024-04-22T13:22:04.548 INFO:teuthology.orchestra.run.smithi087.stdout:/usr/bin/ceph: stderr
2024-04-22T13:22:03.568+0000 7f619111a700 1 -- 172.21.15.87:0/3239178595 >> 172.21.15.87:0/3239178595 conn(0x7f618c102950 msgr2=0x7f618c104d70 unknown :-1 s=STATE_NONE l=0).mark_down
2024-04-22T13:22:04.548 INFO:teuthology.orchestra.run.smithi087.stdout:/usr/bin/ceph: stderr
2024-04-22T13:22:03.568+0000 7f619111a700 1 -- 172.21.15.87:0/3239178595 shutdown_connections
2024-04-22T13:22:04.548 INFO:teuthology.orchestra.run.smithi087.stdout:/usr/bin/ceph: stderr
2024-04-22T13:22:03.568+0000 7f619111a700 1 -- 172.21.15.87:0/3239178595 wait complete.
2024-04-22T13:22:04.549 INFO:teuthology.orchestra.run.smithi087.stdout:/usr/bin/ceph: stderr
2024-04-22T13:22:03.569+0000 7f619111a700 1 Processor -- start
2024-04-22T13:22:04.549 INFO:teuthology.orchestra.run.smithi087.stdout:/usr/bin/ceph: stderr
2024-04-22T13:22:03.569+0000 7f619111a700 1 -- start start
2024-04-22T13:22:04.549 INFO:teuthology.orchestra.run.smithi087.stdout:/usr/bin/ceph: stderr
2024-04-22T13:22:03.569+0000 7f619111a700 1 --2- >> [v2:172.21.15.87:3300/0,v1:172.21.15.87:6789/0] conn(0x7f618c108f00 0x7f618c19c3c0 unknown :-1 s=NONE pgs=0 cs=0 l=1 rev1=0 crypto rx=0 tx=0 comp rx=0 tx=0).connect
2024-04-22T13:22:04.549 INFO:teuthology.orchestra.run.smithi087.stdout:/usr/bin/ceph: stderr
2024-04-22T13:22:03.569+0000 7f619111a700 1 -- --> [v2:172.21.15.87:3300/0,v1:172.21.15.87:6789/0] -- mon_getmap magic: 0 -- 0x7f618c10c7f0 con 0x7f618c108f00
2024-04-22T13:22:04.549 INFO:teuthology.orchestra.run.smithi087.stdout:/usr/bin/ceph: stderr
2024-04-22T13:22:03.570+0000 7f618ad9d700 1 --2- >> [v2:172.21.15.87:3300/0,v1:172.21.15.87:6789/0] conn(0x7f618c108f00 0x7f618c19c3c0 unknown :-1 s=BANNER_CONNECTING pgs=0 cs=0 l=1 rev1=0 crypto rx=0 tx=0 comp rx=0 tx=0)._handle_peer_banner_payload supported=3 required=0
2024-04-22T13:22:04.549 INFO:teuthology.orchestra.run.smithi087.stdout:/usr/bin/ceph: stderr
2024-04-22T13:22:03.570+0000 7f618ad9d700 1 --2- >> [v2:172.21.15.87:3300/0,v1:172.21.15.87:6789/0] conn(0x7f618c108f00 0x7f618c19c3c0 unknown :-1 s=HELLO_CONNECTING pgs=0 cs=0 l=1 rev1=1 crypto rx=0 tx=0 comp rx=0 tx=0).handle_hello peer v2:172.21.15.87:3300/0 says I am v2:172.21.15.87:53412/0 (socket says 172.21.15.87:53412)
2024-04-22T13:22:04.549 INFO:teuthology.orchestra.run.smithi087.stdout:/usr/bin/ceph: stderr
2024-04-22T13:22:03.570+0000 7f618ad9d700 1 -- 172.21.15.87:0/834508103 learned_addr learned my addr 172.21.15.87:0/834508103 (peer_addr_for_me v2:172.21.15.87:0/0)
2024-04-22T13:22:04.549 INFO:teuthology.orchestra.run.smithi087.stdout:/usr/bin/ceph: stderr
2024-04-22T13:22:03.570+0000 7f618ad9d700 1 -- 172.21.15.87:0/834508103 --> [v2:172.21.15.87:3300/0,v1:172.21.15.87:6789/0] -- mon_subscribe({config=0+,monmap=0+}) -- 0x7f618c19c900 con 0x7f618c108f00
2024-04-22T13:22:04.549 INFO:teuthology.orchestra.run.smithi087.stdout:/usr/bin/ceph: stderr
2024-04-22T13:22:03.570+0000 7f618ad9d700 1 --2- 172.21.15.87:0/834508103 >> [v2:172.21.15.87:3300/0,v1:172.21.15.87:6789/0] conn(0x7f618c108f00 0x7f618c19c3c0 secure :-1 s=READY pgs=23 cs=0 l=1 rev1=1 crypto rx=0x7f617c011ac0 tx=0x7f617c011ba0 comp rx=0 tx=0).ready entity=mon.0 client_cookie=0 server_cookie=0 in_seq=0 out_seq=0
2024-04-22T13:22:04.549 INFO:teuthology.orchestra.run.smithi087.stdout:/usr/bin/ceph: stderr
2024-04-22T13:22:03.570+0000 7f6173fff700 1 -- 172.21.15.87:0/834508103 <== mon.0 v2:172.21.15.87:3300/0 1 ==== mon_map magic: 0 ==== 205+0+0 (secure 0 0 0) 0x7f617c003970 con 0x7f618c108f00
2024-04-22T13:22:04.550 INFO:teuthology.orchestra.run.smithi087.stdout:/usr/bin/ceph: stderr
2024-04-22T13:22:03.570+0000 7f6173fff700 1 -- 172.21.15.87:0/834508103 <== mon.0 v2:172.21.15.87:3300/0 2 ==== config(26 keys) ==== 1070+0+0 (secure 0 0 0) 0x7f617c003b10 con 0x7f618c108f00
2024-04-22T13:22:04.550 INFO:teuthology.orchestra.run.smithi087.stdout:/usr/bin/ceph: stderr
2024-04-22T13:22:03.570+0000 7f619111a700 1 -- 172.21.15.87:0/834508103 --> [v2:172.21.15.87:3300/0,v1:172.21.15.87:6789/0] -- mon_subscribe({mgrmap=0+}) -- 0x7f618c19cb90 con 0x7f618c108f00
2024-04-22T13:22:04.550 INFO:teuthology.orchestra.run.smithi087.stdout:/usr/bin/ceph: stderr
2024-04-22T13:22:03.570+0000 7f6173fff700 1 -- 172.21.15.87:0/834508103 <== mon.0 v2:172.21.15.87:3300/0 3 ==== mon_map magic: 0 ==== 205+0+0 (secure 0 0 0) 0x7f617c024610 con 0x7f618c108f00
2024-04-22T13:22:04.550 INFO:teuthology.orchestra.run.smithi087.stdout:/usr/bin/ceph: stderr
2024-04-22T13:22:03.570+0000 7f619111a700 1 -- 172.21.15.87:0/834508103 --> [v2:172.21.15.87:3300/0,v1:172.21.15.87:6789/0] -- mon_subscribe({osdmap=0}) -- 0x7f618c19f880 con 0x7f618c108f00
2024-04-22T13:22:04.550 INFO:teuthology.orchestra.run.smithi087.stdout:/usr/bin/ceph: stderr
2024-04-22T13:22:03.571+0000 7f6173fff700 1 -- 172.21.15.87:0/834508103 <== mon.0 v2:172.21.15.87:3300/0 4 ==== mgrmap(e 4) ==== 46547+0+0 (secure 0 0 0) 0x7f617c024890 con 0x7f618c108f00
2024-04-22T13:22:04.550 INFO:teuthology.orchestra.run.smithi087.stdout:/usr/bin/ceph: stderr
2024-04-22T13:22:03.571+0000 7f6173fff700 1 --2- 172.21.15.87:0/834508103 >> [v2:172.21.15.87:6800/4093217616,v1:172.21.15.87:6801/4093217616] conn(0x7f6174039560 0x7f617403ba20 unknown :-1 s=NONE pgs=0 cs=0 l=1 rev1=0 crypto rx=0 tx=0 comp rx=0 tx=0).connect
2024-04-22T13:22:04.550 INFO:teuthology.orchestra.run.smithi087.stdout:/usr/bin/ceph: stderr
2024-04-22T13:22:03.571+0000 7f6173fff700 1 -- 172.21.15.87:0/834508103 <== mon.0 v2:172.21.15.87:3300/0 5 ==== osd_map(1..1 src has 1..1) ==== 725+0+0 (secure 0 0 0) 0x7f617c04d8e0 con 0x7f618c108f00
2024-04-22T13:22:04.550 INFO:teuthology.orchestra.run.smithi087.stdout:/usr/bin/ceph: stderr
2024-04-22T13:22:03.571+0000 7f619111a700 1 -- 172.21.15.87:0/834508103 --> [v2:172.21.15.87:3300/0,v1:172.21.15.87:6789/0] -- mon_command({"prefix": "get_command_descriptions"} v 0) -- 0x7f618c0640a0 con 0x7f618c108f00
2024-04-22T13:22:04.550 INFO:teuthology.orchestra.run.smithi087.stdout:/usr/bin/ceph: stderr
2024-04-22T13:22:03.571+0000 7f618a59c700 1 --2- 172.21.15.87:0/834508103 >> [v2:172.21.15.87:6800/4093217616,v1:172.21.15.87:6801/4093217616] conn(0x7f6174039560 0x7f617403ba20 unknown :-1 s=BANNER_CONNECTING pgs=0 cs=0 l=1 rev1=0 crypto rx=0 tx=0 comp rx=0 tx=0)._handle_peer_banner_payload supported=3 required=0
2024-04-22T13:22:04.551 INFO:teuthology.orchestra.run.smithi087.stdout:/usr/bin/ceph: stderr
2024-04-22T13:22:03.572+0000 7f618a59c700 1 --2- 172.21.15.87:0/834508103 >> [v2:172.21.15.87:6800/4093217616,v1:172.21.15.87:6801/4093217616] conn(0x7f6174039560 0x7f617403ba20 secure :-1 s=READY pgs=8 cs=0 l=1 rev1=1 crypto rx=0x7f6180006fd0 tx=0x7f6180006e40 comp rx=0 tx=0).ready entity=mgr.14100 client_cookie=0 server_cookie=0 in_seq=0 out_seq=0
2024-04-22T13:22:04.551 INFO:teuthology.orchestra.run.smithi087.stdout:/usr/bin/ceph: stderr
2024-04-22T13:22:03.576+0000 7f6173fff700 1 -- 172.21.15.87:0/834508103 <== mon.0 v2:172.21.15.87:3300/0 6 ==== mon_command_ack([{"prefix": "get_command_descriptions"}]=0 v0) ==== 72+0+188370 (secure 0 0 0) 0x7f617c0172b0 con 0x7f618c108f00
2024-04-22T13:22:04.551 INFO:teuthology.orchestra.run.smithi087.stdout:/usr/bin/ceph: stderr
2024-04-22T13:22:03.828+0000 7f619111a700 1 -- 172.21.15.87:0/834508103 --> [v2:172.21.15.87:3300/0,v1:172.21.15.87:6789/0] -- mon_command({"prefix": "mgr module enable", "module": "cephadm"} v 0) -- 0x7f618c19fe50 con 0x7f618c108f00
2024-04-22T13:22:04.551 INFO:teuthology.orchestra.run.smithi087.stdout:/usr/bin/ceph: stderr
2024-04-22T13:22:04.011+0000 7f6173fff700 1 -- 172.21.15.87:0/834508103 <== mon.0 v2:172.21.15.87:3300/0 7 ==== mon_command_ack([{"prefix": "mgr module enable", "module": "cephadm"}]=0 v5) ==== 86+0+0 (secure 0 0 0) 0x7f617c04d300 con 0x7f618c108f00
2024-04-22T13:22:04.551 INFO:teuthology.orchestra.run.smithi087.stdout:/usr/bin/ceph: stderr
2024-04-22T13:22:04.013+0000 7f6173fff700 1 -- 172.21.15.87:0/834508103 <== mon.0 v2:172.21.15.87:3300/0 8 ==== mgrmap(e 5) ==== 46558+0+0 (secure 0 0 0) 0x7f617c02d910 con 0x7f618c108f00
2024-04-22T13:22:04.551 INFO:teuthology.orchestra.run.smithi087.stdout:/usr/bin/ceph: stderr
