2024-04-22T13:22:23.434+0000 7f9231147700 1 -- 172.21.15.87:0/3715790464 --> [v2:172.21.15.87:6800/35245616,v1:172.21.15.87:6801/35245616] -- mgr_command(tid 0: {"prefix": "orch apply", "service_type": "mon", "unmanaged": true, "target": ["mon-mgr", ""]}) -- 0x7f922c103c10 con 0x7f9214039560
2024-04-22T13:22:24.018 INFO:teuthology.orchestra.run.smithi087.stdout:/usr/bin/ceph: stderr
2024-04-22T13:22:23.442+0000 7f9213fff700 1 -- 172.21.15.87:0/3715790464 <== mgr.14120 v2:172.21.15.87:6800/35245616 1 ==== mgr_command_reply(tid 0: 0 ) ==== 8+0+24 (secure 0 0 0) 0x7f922c103c10 con 0x7f9214039560
2024-04-22T13:22:24.018 INFO:teuthology.orchestra.run.smithi087.stdout:/usr/bin/ceph: stderr
2024-04-22T13:22:23.444+0000 7f9231147700 1 -- 172.21.15.87:0/3715790464 >> [v2:172.21.15.87:6800/35245616,v1:172.21.15.87:6801/35245616] conn(0x7f9214039560 msgr2=0x7f921403ba20 secure :-1 s=STATE_CONNECTION_ESTABLISHED l=1).mark_down
2024-04-22T13:22:24.018 INFO:teuthology.orchestra.run.smithi087.stdout:/usr/bin/ceph: stderr
2024-04-22T13:22:23.444+0000 7f9231147700 1 --2- 172.21.15.87:0/3715790464 >> [v2:172.21.15.87:6800/35245616,v1:172.21.15.87:6801/35245616] conn(0x7f9214039560 0x7f921403ba20 secure :-1 s=READY pgs=12 cs=0 l=1 rev1=1 crypto rx=0x7f9220006fd0 tx=0x7f9220006e40 comp rx=0 tx=0).stop
2024-04-22T13:22:24.018 INFO:teuthology.orchestra.run.smithi087.stdout:/usr/bin/ceph: stderr
2024-04-22T13:22:23.444+0000 7f9231147700 1 -- 172.21.15.87:0/3715790464 >> [v2:172.21.15.87:3300/0,v1:172.21.15.87:6789/0] conn(0x7f922c108fa0 msgr2=0x7f922c19c3d0 secure :-1 s=STATE_CONNECTION_ESTABLISHED l=1).mark_down
2024-04-22T13:22:24.018 INFO:teuthology.orchestra.run.smithi087.stdout:/usr/bin/ceph: stderr
2024-04-22T13:22:23.444+0000 7f9231147700 1 --2- 172.21.15.87:0/3715790464 >> [v2:172.21.15.87:3300/0,v1:172.21.15.87:6789/0] conn(0x7f922c108fa0 0x7f922c19c3d0 secure :-1 s=READY pgs=48 cs=0 l=1 rev1=1 crypto rx=0x7f921c009fb0 tx=0x7f921c011940 comp rx=0 tx=0).stop
2024-04-22T13:22:24.018 INFO:teuthology.orchestra.run.smithi087.stdout:/usr/bin/ceph: stderr
2024-04-22T13:22:23.444+0000 7f9231147700 1 -- 172.21.15.87:0/3715790464 shutdown_connections
2024-04-22T13:22:24.018 INFO:teuthology.orchestra.run.smithi087.stdout:/usr/bin/ceph: stderr
2024-04-22T13:22:23.444+0000 7f9231147700 1 --2- 172.21.15.87:0/3715790464 >> [v2:172.21.15.87:6800/35245616,v1:172.21.15.87:6801/35245616] conn(0x7f9214039560 0x7f921403ba20 unknown :-1 s=CLOSED pgs=12 cs=0 l=1 rev1=1 crypto rx=0 tx=0 comp rx=0 tx=0).stop
2024-04-22T13:22:24.018 INFO:teuthology.orchestra.run.smithi087.stdout:/usr/bin/ceph: stderr
2024-04-22T13:22:23.444+0000 7f9231147700 1 --2- 172.21.15.87:0/3715790464 >> [v2:172.21.15.87:3300/0,v1:172.21.15.87:6789/0] conn(0x7f922c108fa0 0x7f922c19c3d0 unknown :-1 s=CLOSED pgs=48 cs=0 l=1 rev1=1 crypto rx=0 tx=0 comp rx=0 tx=0).stop
2024-04-22T13:22:24.018 INFO:teuthology.orchestra.run.smithi087.stdout:/usr/bin/ceph: stderr
2024-04-22T13:22:23.444+0000 7f9231147700 1 -- 172.21.15.87:0/3715790464 >> 172.21.15.87:0/3715790464 conn(0x7f922c102950 msgr2=0x7f922c103500 unknown :-1 s=STATE_NONE l=0).mark_down
2024-04-22T13:22:24.018 INFO:teuthology.orchestra.run.smithi087.stdout:/usr/bin/ceph: stderr
2024-04-22T13:22:23.445+0000 7f9231147700 1 -- 172.21.15.87:0/3715790464 shutdown_connections
2024-04-22T13:22:24.018 INFO:teuthology.orchestra.run.smithi087.stdout:/usr/bin/ceph: stderr
2024-04-22T13:22:23.445+0000 7f9231147700 1 -- 172.21.15.87:0/3715790464 wait complete.
2024-04-22T13:22:24.018 INFO:teuthology.orchestra.run.smithi087.stdout:Deploying unmanaged mgr service...
2024-04-22T13:22:24.670 INFO:journalctl@ceph.mon.a.smithi087.stdout:Apr 22 13:22:24 smithi087 ceph-mon[27999]: from='client.14142 -' entity='client.admin' cmd=[{"prefix": "orch apply", "service_type": "mon", "unmanaged": true, "target": ["mon-mgr", ""]}]: dispatch
2024-04-22T13:22:24.670 INFO:journalctl@ceph.mon.a.smithi087.stdout:Apr 22 13:22:24 smithi087 ceph-mon[27999]: Saving service mon spec with placement count:5
2024-04-22T13:22:24.670 INFO:journalctl@ceph.mon.a.smithi087.stdout:Apr 22 13:22:24 smithi087 ceph-mon[27999]: from='mgr.14120 172.21.15.87:0/506497744' entity='mgr.x'
2024-04-22T13:22:25.936 INFO:journalctl@ceph.mon.a.smithi087.stdout:Apr 22 13:22:25 smithi087 ceph-mon[27999]: from='client.14144 -' entity='client.admin' cmd=[{"prefix": "orch apply", "service_type": "mgr", "unmanaged": true, "target": ["mon-mgr", ""]}]: dispatch
2024-04-22T13:22:25.936 INFO:journalctl@ceph.mon.a.smithi087.stdout:Apr 22 13:22:25 smithi087 ceph-mon[27999]: Saving service mgr spec with placement count:2
2024-04-22T13:22:25.936 INFO:journalctl@ceph.mon.a.smithi087.stdout:Apr 22 13:22:25 smithi087 ceph-mon[27999]: from='mgr.14120 172.21.15.87:0/506497744' entity='mgr.x'
2024-04-22T13:22:25.936 INFO:journalctl@ceph.mon.a.smithi087.stdout:Apr 22 13:22:25 smithi087 ceph-mon[27999]: from='mgr.14120 172.21.15.87:0/506497744' entity='mgr.x'
2024-04-22T13:22:25.943 INFO:teuthology.orchestra.run.smithi087.stdout:/usr/bin/ceph: stdout Scheduled mgr update...
2024-04-22T13:22:25.943 INFO:teuthology.orchestra.run.smithi087.stdout:/usr/bin/ceph: stderr
2024-04-22T13:22:24.457+0000 7fea4f95d700 1 Processor -- start
2024-04-22T13:22:25.943 INFO:teuthology.orchestra.run.smithi087.stdout:/usr/bin/ceph: stderr
2024-04-22T13:22:24.457+0000 7fea4f95d700 1 -- start start
2024-04-22T13:22:25.943 INFO:teuthology.orchestra.run.smithi087.stdout:/usr/bin/ceph: stderr
2024-04-22T13:22:24.458+0000 7fea4f95d700 1 --2- >> [v2:172.21.15.87:3300/0,v1:172.21.15.87:6789/0] conn(0x7fea48108e80 0x7fea4810b270 unknown :-1 s=NONE pgs=0 cs=0 l=0 rev1=0 crypto rx=0 tx=0 comp rx=0 tx=0).connect
2024-04-22T13:22:25.944 INFO:teuthology.orchestra.run.smithi087.stdout:/usr/bin/ceph: stderr
2024-04-22T13:22:24.458+0000 7fea4f95d700 1 -- --> [v2:172.21.15.87:3300/0,v1:172.21.15.87:6789/0] -- mon_getmap magic: 0 -- 0x7fea4807bea0 con 0x7fea48108e80
2024-04-22T13:22:25.944 INFO:teuthology.orchestra.run.smithi087.stdout:/usr/bin/ceph: stderr
2024-04-22T13:22:24.458+0000 7fea4d6f9700 1 --2- >> [v2:172.21.15.87:3300/0,v1:172.21.15.87:6789/0] conn(0x7fea48108e80 0x7fea4810b270 unknown :-1 s=BANNER_CONNECTING pgs=0 cs=0 l=0 rev1=0 crypto rx=0 tx=0 comp rx=0 tx=0)._handle_peer_banner_payload supported=3 required=0
2024-04-22T13:22:25.944 INFO:teuthology.orchestra.run.smithi087.stdout:/usr/bin/ceph: stderr
2024-04-22T13:22:24.458+0000 7fea4d6f9700 1 --2- >> [v2:172.21.15.87:3300/0,v1:172.21.15.87:6789/0] conn(0x7fea48108e80 0x7fea4810b270 unknown :-1 s=HELLO_CONNECTING pgs=0 cs=0 l=0 rev1=1 crypto rx=0 tx=0 comp rx=0 tx=0).handle_hello peer v2:172.21.15.87:3300/0 says I am v2:172.21.15.87:44758/0 (socket says 172.21.15.87:44758)
2024-04-22T13:22:25.944 INFO:teuthology.orchestra.run.smithi087.stdout:/usr/bin/ceph: stderr
2024-04-22T13:22:24.458+0000 7fea4d6f9700 1 -- 172.21.15.87:0/2335354441 learned_addr learned my addr 172.21.15.87:0/2335354441 (peer_addr_for_me v2:172.21.15.87:0/0)
2024-04-22T13:22:25.944 INFO:teuthology.orchestra.run.smithi087.stdout:/usr/bin/ceph: stderr
2024-04-22T13:22:24.458+0000 7fea4d6f9700 1 -- 172.21.15.87:0/2335354441 --> [v2:172.21.15.87:3300/0,v1:172.21.15.87:6789/0] -- mon_subscribe({config=0+,monmap=0+}) -- 0x7fea4810b7b0 con 0x7fea48108e80
2024-04-22T13:22:25.944 INFO:teuthology.orchestra.run.smithi087.stdout:/usr/bin/ceph: stderr
2024-04-22T13:22:24.458+0000 7fea4d6f9700 1 --2- 172.21.15.87:0/2335354441 >> [v2:172.21.15.87:3300/0,v1:172.21.15.87:6789/0] conn(0x7fea48108e80 0x7fea4810b270 secure :-1 s=READY pgs=49 cs=0 l=1 rev1=1 crypto rx=0x7fea380098a0 tx=0x7fea38009bb0 comp rx=0 tx=0).ready entity=mon.0 client_cookie=9d3025ba933c05d6 server_cookie=0 in_seq=0 out_seq=0
2024-04-22T13:22:25.944 INFO:teuthology.orchestra.run.smithi087.stdout:/usr/bin/ceph: stderr
2024-04-22T13:22:24.458+0000 7fea3ffff700 1 -- 172.21.15.87:0/2335354441 <== mon.0 v2:172.21.15.87:3300/0 1 ==== mon_map magic: 0 ==== 205+0+0 (secure 0 0 0) 0x7fea38004160 con 0x7fea48108e80
2024-04-22T13:22:25.944 INFO:teuthology.orchestra.run.smithi087.stdout:/usr/bin/ceph: stderr
2024-04-22T13:22:24.458+0000 7fea3ffff700 1 -- 172.21.15.87:0/2335354441 <== mon.0 v2:172.21.15.87:3300/0 2 ==== config(26 keys) ==== 1070+0+0 (secure 0 0 0) 0x7fea38004300 con 0x7fea48108e80
2024-04-22T13:22:25.944 INFO:teuthology.orchestra.run.smithi087.stdout:/usr/bin/ceph: stderr
2024-04-22T13:22:24.458+0000 7fea3ffff700 1 -- 172.21.15.87:0/2335354441 <== mon.0 v2:172.21.15.87:3300/0 3 ==== mon_map magic: 0 ==== 205+0+0 (secure 0 0 0) 0x7fea38011af0 con 0x7fea48108e80
2024-04-22T13:22:25.944 INFO:teuthology.orchestra.run.smithi087.stdout:/usr/bin/ceph: stderr
2024-04-22T13:22:24.459+0000 7fea4f95d700 1 -- 172.21.15.87:0/2335354441 >> [v2:172.21.15.87:3300/0,v1:172.21.15.87:6789/0] conn(0x7fea48108e80 msgr2=0x7fea4810b270 secure :-1 s=STATE_CONNECTION_ESTABLISHED l=1).mark_down
2024-04-22T13:22:25.944 INFO:teuthology.orchestra.run.smithi087.stdout:/usr/bin/ceph: stderr
2024-04-22T13:22:24.459+0000 7fea4f95d700 1 --2- 172.21.15.87:0/2335354441 >> [v2:172.21.15.87:3300/0,v1:172.21.15.87:6789/0] conn(0x7fea48108e80 0x7fea4810b270 secure :-1 s=READY pgs=49 cs=0 l=1 rev1=1 crypto rx=0x7fea380098a0 tx=0x7fea38009bb0 comp rx=0 tx=0).stop
2024-04-22T13:22:25.944 INFO:teuthology.orchestra.run.smithi087.stdout:/usr/bin/ceph: stderr
2024-04-22T13:22:24.459+0000 7fea4f95d700 1 -- 172.21.15.87:0/2335354441 shutdown_connections
2024-04-22T13:22:25.944 INFO:teuthology.orchestra.run.smithi087.stdout:/usr/bin/ceph: stderr
2024-04-22T13:22:24.459+0000 7fea4f95d700 1 --2- 172.21.15.87:0/2335354441 >> [v2:172.21.15.87:3300/0,v1:172.21.15.87:6789/0] conn(0x7fea48108e80 0x7fea4810b270 unknown :-1 s=CLOSED pgs=49 cs=0 l=1 rev1=1 crypto rx=0 tx=0 comp rx=0 tx=0).stop
2024-04-22T13:22:25.944 INFO:teuthology.orchestra.run.smithi087.stdout:/usr/bin/ceph: stderr
2024-04-22T13:22:24.459+0000 7fea4f95d700 1 -- 172.21.15.87:0/2335354441 >> 172.21.15.87:0/2335354441 conn(0x7fea48102910 msgr2=0x7fea48104d30 unknown :-1 s=STATE_NONE l=0).mark_down
2024-04-22T13:22:25.945 INFO:teuthology.orchestra.run.smithi087.stdout:/usr/bin/ceph: stderr
2024-04-22T13:22:24.459+0000 7fea4f95d700 1 -- 172.21.15.87:0/2335354441 shutdown_connections
2024-04-22T13:22:25.945 INFO:teuthology.orchestra.run.smithi087.stdout:/usr/bin/ceph: stderr
2024-04-22T13:22:24.459+0000 7fea4f95d700 1 -- 172.21.15.87:0/2335354441 wait complete.
2024-04-22T13:22:25.945 INFO:teuthology.orchestra.run.smithi087.stdout:/usr/bin/ceph: stderr
2024-04-22T13:22:24.460+0000 7fea4f95d700 1 Processor -- start
2024-04-22T13:22:25.945 INFO:teuthology.orchestra.run.smithi087.stdout:/usr/bin/ceph: stderr
2024-04-22T13:22:24.460+0000 7fea4f95d700 1 -- start start
2024-04-22T13:22:25.945 INFO:teuthology.orchestra.run.smithi087.stdout:/usr/bin/ceph: stderr
2024-04-22T13:22:24.460+0000 7fea4f95d700 1 --2- >> [v2:172.21.15.87:3300/0,v1:172.21.15.87:6789/0] conn(0x7fea48108e80 0x7fea4819c320 unknown :-1 s=NONE pgs=0 cs=0 l=1 rev1=0 crypto rx=0 tx=0 comp rx=0 tx=0).connect
2024-04-22T13:22:25.945 INFO:teuthology.orchestra.run.smithi087.stdout:/usr/bin/ceph: stderr
2024-04-22T13:22:24.460+0000 7fea4f95d700 1 -- --> [v2:172.21.15.87:3300/0,v1:172.21.15.87:6789/0] -- mon_getmap magic: 0 -- 0x7fea4810c700 con 0x7fea48108e80
2024-04-22T13:22:25.945 INFO:teuthology.orchestra.run.smithi087.stdout:/usr/bin/ceph: stderr
2024-04-22T13:22:24.460+0000 7fea4d6f9700 1 --2- >> [v2:172.21.15.87:3300/0,v1:172.21.15.87:6789/0] conn(0x7fea48108e80 0x7fea4819c320 unknown :-1 s=BANNER_CONNECTING pgs=0 cs=0 l=1 rev1=0 crypto rx=0 tx=0 comp rx=0 tx=0)._handle_peer_banner_payload supported=3 required=0
2024-04-22T13:22:25.945 INFO:teuthology.orchestra.run.smithi087.stdout:/usr/bin/ceph: stderr
2024-04-22T13:22:24.460+0000 7fea4d6f9700 1 --2- >> [v2:172.21.15.87:3300/0,v1:172.21.15.87:6789/0] conn(0x7fea48108e80 0x7fea4819c320 unknown :-1 s=HELLO_CONNECTING pgs=0 cs=0 l=1 rev1=1 crypto rx=0 tx=0 comp rx=0 tx=0).handle_hello peer v2:172.21.15.87:3300/0 says I am v2:172.21.15.87:44762/0 (socket says 172.21.15.87:44762)
2024-04-22T13:22:25.945 INFO:teuthology.orchestra.run.smithi087.stdout:/usr/bin/ceph: stderr
2024-04-22T13:22:24.460+0000 7fea4d6f9700 1 -- 172.21.15.87:0/3263634353 learned_addr learned my addr 172.21.15.87:0/3263634353 (peer_addr_for_me v2:172.21.15.87:0/0)
2024-04-22T13:22:25.945 INFO:teuthology.orchestra.run.smithi087.stdout:/usr/bin/ceph: stderr
2024-04-22T13:22:24.460+0000 7fea4d6f9700 1 -- 172.21.15.87:0/3263634353 --> [v2:172.21.15.87:3300/0,v1:172.21.15.87:6789/0] -- mon_subscribe({config=0+,monmap=0+}) -- 0x7fea4819c860 con 0x7fea48108e80
2024-04-22T13:22:25.945 INFO:teuthology.orchestra.run.smithi087.stdout:/usr/bin/ceph: stderr
2024-04-22T13:22:24.460+0000 7fea4d6f9700 1 --2- 172.21.15.87:0/3263634353 >> [v2:172.21.15.87:3300/0,v1:172.21.15.87:6789/0] conn(0x7fea48108e80 0x7fea4819c320 secure :-1 s=READY pgs=50 cs=0 l=1 rev1=1 crypto rx=0x7fea38009fb0 tx=0x7fea38011940 comp rx=0 tx=0).ready entity=mon.0 client_cookie=0 server_cookie=0 in_seq=0 out_seq=0
2024-04-22T13:22:25.945 INFO:teuthology.orchestra.run.smithi087.stdout:/usr/bin/ceph: stderr
2024-04-22T13:22:24.460+0000 7fea3e7fc700 1 -- 172.21.15.87:0/3263634353 <== mon.0 v2:172.21.15.87:3300/0 1 ==== mon_map magic: 0 ==== 205+0+0 (secure 0 0 0) 0x7fea380036a0 con 0x7fea48108e80
2024-04-22T13:22:25.945 INFO:teuthology.orchestra.run.smithi087.stdout:/usr/bin/ceph: stderr
2024-04-22T13:22:24.460+0000 7fea3e7fc700 1 -- 172.21.15.87:0/3263634353 <== mon.0 v2:172.21.15.87:3300/0 2 ==== config(26 keys) ==== 1070+0+0 (secure 0 0 0) 0x7fea3801a430 con 0x7fea48108e80
2024-04-22T13:22:25.945 INFO:teuthology.orchestra.run.smithi087.stdout:/usr/bin/ceph: stderr
2024-04-22T13:22:24.460+0000 7fea4f95d700 1 -- 172.21.15.87:0/3263634353 --> [v2:172.21.15.87:3300/0,v1:172.21.15.87:6789/0] -- mon_subscribe({mgrmap=0+}) -- 0x7fea4819cb50 con 0x7fea48108e80
2024-04-22T13:22:25.946 INFO:teuthology.orchestra.run.smithi087.stdout:/usr/bin/ceph: stderr
2024-04-22T13:22:24.461+0000 7fea3e7fc700 1 -- 172.21.15.87:0/3263634353 <== mon.0 v2:172.21.15.87:3300/0 3 ==== mon_map magic: 0 ==== 205+0+0 (secure 0 0 0) 0x7fea38019550 con 0x7fea48108e80
2024-04-22T13:22:25.946 INFO:teuthology.orchestra.run.smithi087.stdout:/usr/bin/ceph: stderr
2024-04-22T13:22:24.461+0000 7fea4f95d700 1 -- 172.21.15.87:0/3263634353 --> [v2:172.21.15.87:3300/0,v1:172.21.15.87:6789/0] -- mon_subscribe({osdmap=0}) -- 0x7fea4819f7e0 con 0x7fea48108e80
2024-04-22T13:22:25.946 INFO:teuthology.orchestra.run.smithi087.stdout:/usr/bin/ceph: stderr
2024-04-22T13:22:24.461+0000 7fea3e7fc700 1 -- 172.21.15.87:0/3263634353 <== mon.0 v2:172.21.15.87:3300/0 4 ==== mgrmap(e 8) ==== 46558+0+0 (secure 0 0 0) 0x7fea38019800 con 0x7fea48108e80
2024-04-22T13:22:25.946 INFO:teuthology.orchestra.run.smithi087.stdout:/usr/bin/ceph: stderr
2024-04-22T13:22:24.461+0000 7fea4f95d700 1 -- 172.21.15.87:0/3263634353 --> [v2:172.21.15.87:3300/0,v1:172.21.15.87:6789/0] -- mon_command({"prefix": "get_command_descriptions"} v 0) -- 0x7fea480640a0 con 0x7fea48108e80
2024-04-22T13:22:25.946 INFO:teuthology.orchestra.run.smithi087.stdout:/usr/bin/ceph: stderr
2024-04-22T13:22:24.462+0000 7fea3e7fc700 1 --2- 172.21.15.87:0/3263634353 >> [v2:172.21.15.87:6800/35245616,v1:172.21.15.87:6801/35245616] conn(0x7fea340395b0 0x7fea3403ba70 unknown :-1 s=NONE pgs=0 cs=0 l=1 rev1=0 crypto rx=0 tx=0 comp rx=0 tx=0).connect
2024-04-22T13:22:25.946 INFO:teuthology.orchestra.run.smithi087.stdout:/usr/bin/ceph: stderr
2024-04-22T13:22:24.462+0000 7fea3e7fc700 1 -- 172.21.15.87:0/3263634353 <== mon.0 v2:172.21.15.87:3300/0 5 ==== osd_map(2..2 src has 1..2) ==== 940+0+0 (secure 0 0 0) 0x7fea3804da20 con 0x7fea48108e80
2024-04-22T13:22:25.946 INFO:teuthology.orchestra.run.smithi087.stdout:/usr/bin/ceph: stderr
2024-04-22T13:22:24.462+0000 7fea4cef8700 1 --2- 172.21.15.87:0/3263634353 >> [v2:172.21.15.87:6800/35245616,v1:172.21.15.87:6801/35245616] conn(0x7fea340395b0 0x7fea3403ba70 unknown :-1 s=BANNER_CONNECTING pgs=0 cs=0 l=1 rev1=0 crypto rx=0 tx=0 comp rx=0 tx=0)._handle_peer_banner_payload supported=3 required=0
2024-04-22T13:22:25.946 INFO:teuthology.orchestra.run.smithi087.stdout:/usr/bin/ceph: stderr
2024-04-22T13:22:24.462+0000 7fea4cef8700 1 --2- 172.21.15.87:0/3263634353 >> [v2:172.21.15.87:6800/35245616,v1:172.21.15.87:6801/35245616] conn(0x7fea340395b0 0x7fea3403ba70 secure :-1 s=READY pgs=13 cs=0 l=1 rev1=1 crypto rx=0x7fea44006fd0 tx=0x7fea44006e40 comp rx=0 tx=0).ready entity=mgr.14120 client_cookie=0 server_cookie=0 in_seq=0 out_seq=0
2024-04-22T13:22:25.946 INFO:teuthology.orchestra.run.smithi087.stdout:/usr/bin/ceph: stderr
2024-04-22T13:22:24.467+0000 7fea3e7fc700 1 -- 172.21.15.87:0/3263634353 <== mon.0 v2:172.21.15.87:3300/0 6 ==== mon_command_ack([{"prefix": "get_command_descriptions"}]=0 v0) ==== 72+0+188370 (secure 0 0 0) 0x7fea38003840 con 0x7fea48108e80
2024-04-22T13:22:25.946 INFO:teuthology.orchestra.run.smithi087.stdout:/usr/bin/ceph: stderr
2024-04-22T13:22:24.685+0000 7fea4f95d700 1 -- 172.21.15.87:0/3263634353 --> [v2:172.21.15.87:6800/35245616,v1:172.21.15.87:6801/35245616] -- mgr_command(tid 0: {"prefix": "orch apply", "service_type": "mgr", "unmanaged": true, "target": ["mon-mgr", ""]}) -- 0x7fea4819f9b0 con 0x7fea340395b0
2024-04-22T13:22:25.946 INFO:teuthology.orchestra.run.smithi087.stdout:/usr/bin/ceph: stderr
2024-04-22T13:22:24.692+0000 7fea3e7fc700 1 -- 172.21.15.87:0/3263634353 <== mgr.14120 v2:172.21.15.87:6800/35245616 1 ==== mgr_command_reply(tid 0: 0 ) ==== 8+0+24 (secure 0 0 0) 0x7fea4819f9b0 con 0x7fea340395b0
2024-04-22T13:22:25.946 INFO:teuthology.orchestra.run.smithi087.stdout:/usr/bin/ceph: stderr
2024-04-22T13:22:24.694+0000 7fea4f95d700 1 -- 172.21.15.87:0/3263634353 >> [v2:172.21.15.87:6800/35245616,v1:172.21.15.87:6801/35245616] conn(0x7fea340395b0 msgr2=0x7fea3403ba70 secure :-1 s=STATE_CONNECTION_ESTABLISHED l=1).mark_down
2024-04-22T13:22:25.947 INFO:teuthology.orchestra.run.smithi087.stdout:/usr/bin/ceph: stderr
2024-04-22T13:22:24.694+0000 7fea4f95d700 1 --2- 172.21.15.87:0/3263634353 >> [v2:172.21.15.87:6800/35245616,v1:172.21.15.87:6801/35245616] conn(0x7fea340395b0 0x7fea3403ba70 secure :-1 s=READY pgs=13 cs=0 l=1 rev1=1 crypto rx=0x7fea44006fd0 tx=0x7fea44006e40 comp rx=0 tx=0).stop
2024-04-22T13:22:25.947 INFO:teuthology.orchestra.run.smithi087.stdout:/usr/bin/ceph: stderr
2024-04-22T13:22:24.694+0000 7fea4f95d700 1 -- 172.21.15.87:0/3263634353 >> [v2:172.21.15.87:3300/0,v1:172.21.15.87:6789/0] conn(0x7fea48108e80 msgr2=0x7fea4819c320 secure :-1 s=STATE_CONNECTION_ESTABLISHED l=1).mark_down
2024-04-22T13:22:25.947 INFO:teuthology.orchestra.run.smithi087.stdout:/usr/bin/ceph: stderr
2024-04-22T13:22:24.694+0000 7fea4f95d700 1 --2- 172.21.15.87:0/3263634353 >> [v2:172.21.15.87:3300/0,v1:172.21.15.87:6789/0] conn(0x7fea48108e80 0x7fea4819c320 secure :-1 s=READY pgs=50 cs=0 l=1 rev1=1 crypto rx=0x7fea38009fb0 tx=0x7fea38011940 comp rx=0 tx=0).stop
2024-04-22T13:22:25.947 INFO:teuthology.orchestra.run.smithi087.stdout:/usr/bin/ceph: stderr
2024-04-22T13:22:24.694+0000 7fea4f95d700 1 -- 172.21.15.87:0/3263634353 shutdown_connections
2024-04-22T13:22:25.947 INFO:teuthology.orchestra.run.smithi087.stdout:/usr/bin/ceph: stderr
2024-04-22T13:22:24.694+0000 7fea4f95d700 1 --2- 172.21.15.87:0/3263634353 >> [v2:172.21.15.87:6800/35245616,v1:172.21.15.87:6801/35245616] conn(0x7fea340395b0 0x7fea3403ba70 unknown :-1 s=CLOSED pgs=13 cs=0 l=1 rev1=1 crypto rx=0 tx=0 comp rx=0 tx=0).stop
2024-04-22T13:22:25.947 INFO:teuthology.orchestra.run.smithi087.stdout:/usr/bin/ceph: stderr
2024-04-22T13:22:24.694+0000 7fea4f95d700 1 --2- 172.21.15.87:0/3263634353 >> [v2:172.21.15.87:3300/0,v1:172.21.15.87:6789/0] conn(0x7fea48108e80 0x7fea4819c320 unknown :-1 s=CLOSED pgs=50 cs=0 l=1 rev1=1 crypto rx=0 tx=0 comp rx=0 tx=0).stop
2024-04-22T13:22:25.947 INFO:teuthology.orchestra.run.smithi087.stdout:/usr/bin/ceph: stderr
2024-04-22T13:22:24.694+0000 7fea4f95d700 1 -- 172.21.15.87:0/3263634353 >> 172.21.15.87:0/3263634353 conn(0x7fea48102910 msgr2=0x7fea48103490 unknown :-1 s=STATE_NONE l=0).mark_down
2024-04-22T13:22:25.947 INFO:teuthology.orchestra.run.smithi087.stdout:/usr/bin/ceph: stderr
2024-04-22T13:22:24.694+0000 7fea4f95d700 1 -- 172.21.15.87:0/3263634353 shutdown_connections
2024-04-22T13:22:25.947 INFO:teuthology.orchestra.run.smithi087.stdout:/usr/bin/ceph: stderr
2024-04-22T13:22:24.694+0000 7fea4f95d700 1 -- 172.21.15.87:0/3263634353 wait complete.
2024-04-22T13:22:27.150 INFO:teuthology.orchestra.run.smithi087.stdout:/usr/bin/ceph: stderr
2024-04-22T13:22:26.362+0000 7fac8aff1700 1 Processor -- start
2024-04-22T13:22:27.150 INFO:teuthology.orchestra.run.smithi087.stdout:/usr/bin/ceph: stderr
2024-04-22T13:22:26.362+0000 7fac8aff1700 1 -- start start
2024-04-22T13:22:27.151 INFO:teuthology.orchestra.run.smithi087.stdout:/usr/bin/ceph: stderr
2024-04-22T13:22:26.363+0000 7fac8aff1700 1 --2- >> [v2:172.21.15.87:3300/0,v1:172.21.15.87:6789/0] conn(0x7fac84108440 0x7fac84108860 unknown :-1 s=NONE pgs=0 cs=0 l=0 rev1=0 crypto rx=0 tx=0 comp rx=0 tx=0).connect
2024-04-22T13:22:27.151 INFO:teuthology.orchestra.run.smithi087.stdout:/usr/bin/ceph: stderr
2024-04-22T13:22:26.363+0000 7fac8aff1700 1 -- --> [v2:172.21.15.87:3300/0,v1:172.21.15.87:6789/0] -- mon_getmap magic: 0 -- 0x7fac84108e30 con 0x7fac84108440
2024-04-22T13:22:27.151 INFO:teuthology.orchestra.run.smithi087.stdout:/usr/bin/ceph: stderr
2024-04-22T13:22:26.363+0000 7fac88d8d700 1 --2- >> [v2:172.21.15.87:3300/0,v1:172.21.15.87:6789/0] conn(0x7fac84108440 0x7fac84108860 unknown :-1 s=BANNER_CONNECTING pgs=0 cs=0 l=0 rev1=0 crypto rx=0 tx=0 comp rx=0 tx=0)._handle_peer_banner_payload supported=3 required=0
2024-04-22T13:22:27.151 INFO:teuthology.orchestra.run.smithi087.stdout:/usr/bin/ceph: stderr
2024-04-22T13:22:26.363+0000 7fac88d8d700 1 --2- >> [v2:172.21.15.87:3300/0,v1:172.21.15.87:6789/0] conn(0x7fac84108440 0x7fac84108860 unknown :-1 s=HELLO_CONNECTING pgs=0 cs=0 l=0 rev1=1 crypto rx=0 tx=0 comp rx=0 tx=0).handle_hello peer v2:172.21.15.87:3300/0 says I am v2:172.21.15.87:44778/0 (socket says 172.21.15.87:44778)
2024-04-22T13:22:27.151 INFO:teuthology.orchestra.run.smithi087.stdout:/usr/bin/ceph: stderr
2024-04-22T13:22:26.363+0000 7fac88d8d700 1 -- 172.21.15.87:0/1007995485 learned_addr learned my addr 172.21.15.87:0/1007995485 (peer_addr_for_me v2:172.21.15.87:0/0)
2024-04-22T13:22:27.151 INFO:teuthology.orchestra.run.smithi087.stdout:/usr/bin/ceph: stderr
2024-04-22T13:22:26.363+0000 7fac88d8d700 1 -- 172.21.15.87:0/1007995485 --> [v2:172.21.15.87:3300/0,v1:172.21.15.87:6789/0] -- mon_subscribe({config=0+,monmap=0+}) -- 0x7fac841095f0 con 0x7fac84108440
2024-04-22T13:22:27.151 INFO:teuthology.orchestra.run.smithi087.stdout:/usr/bin/ceph: stderr
2024-04-22T13:22:26.363+0000 7fac88d8d700 1 --2- 172.21.15.87:0/1007995485 >> [v2:172.21.15.87:3300/0,v1:172.21.15.87:6789/0] conn(0x7fac84108440 0x7fac84108860 secure :-1 s=READY pgs=51 cs=0 l=1 rev1=1 crypto rx=0x7fac780098a0 tx=0x7fac78009bb0 comp rx=0 tx=0).ready entity=mon.0 client_cookie=94c5675784f409f0 server_cookie=0 in_seq=0 out_seq=0
2024-04-22T13:22:27.151 INFO:teuthology.orchestra.run.smithi087.stdout:/usr/bin/ceph: stderr
2024-04-22T13:22:26.363+0000 7fac837fe700 1 -- 172.21.15.87:0/1007995485 <== mon.0 v2:172.21.15.87:3300/0 1 ==== mon_map magic: 0 ==== 205+0+0 (secure 0 0 0) 0x7fac78004160 con 0x7fac84108440
2024-04-22T13:22:27.151 INFO:teuthology.orchestra.run.smithi087.stdout:/usr/bin/ceph: stderr
2024-04-22T13:22:26.363+0000 7fac837fe700 1 -- 172.21.15.87:0/1007995485 <== mon.0 v2:172.21.15.87:3300/0 2 ==== config(26 keys) ==== 1101+0+0 (secure 0 0 0) 0x7fac78004300 con 0x7fac84108440
2024-04-22T13:22:27.151 INFO:teuthology.orchestra.run.smithi087.stdout:/usr/bin/ceph: stderr
2024-04-22T13:22:26.363+0000 7fac837fe700 1 -- 172.21.15.87:0/1007995485 <== mon.0 v2:172.21.15.87:3300/0 3 ==== mon_map magic: 0 ==== 205+0+0 (secure 0 0 0) 0x7fac78011a20 con 0x7fac84108440
2024-04-22T13:22:27.151 INFO:teuthology.orchestra.run.smithi087.stdout:/usr/bin/ceph: stderr
2024-04-22T13:22:26.364+0000 7fac8aff1700 1 -- 172.21.15.87:0/1007995485 >> [v2:172.21.15.87:3300/0,v1:172.21.15.87:6789/0] conn(0x7fac84108440 msgr2=0x7fac84108860 secure :-1 s=STATE_CONNECTION_ESTABLISHED l=1).mark_down
2024-04-22T13:22:27.151 INFO:teuthology.orchestra.run.smithi087.stdout:/usr/bin/ceph: stderr
2024-04-22T13:22:26.364+0000 7fac8aff1700 1 --2- 172.21.15.87:0/1007995485 >> [v2:172.21.15.87:3300/0,v1:172.21.15.87:6789/0] conn(0x7fac84108440 0x7fac84108860 secure :-1 s=READY pgs=51 cs=0 l=1 rev1=1 crypto rx=0x7fac780098a0 tx=0x7fac78009bb0 comp rx=0 tx=0).stop
2024-04-22T13:22:27.151 INFO:teuthology.orchestra.run.smithi087.stdout:/usr/bin/ceph: stderr
2024-04-22T13:22:26.364+0000 7fac8aff1700 1 -- 172.21.15.87:0/1007995485 shutdown_connections
2024-04-22T13:22:27.152 INFO:teuthology.orchestra.run.smithi087.stdout:/usr/bin/ceph: stderr
2024-04-22T13:22:26.364+0000 7fac8aff1700 1 --2- 172.21.15.87:0/1007995485 >> [v2:172.21.15.87:3300/0,v1:172.21.15.87:6789/0] conn(0x7fac84108440 0x7fac84108860 unknown :-1 s=CLOSED pgs=51 cs=0 l=1 rev1=1 crypto rx=0 tx=0 comp rx=0 tx=0).stop
2024-04-22T13:22:27.152 INFO:teuthology.orchestra.run.smithi087.stdout:/usr/bin/ceph: stderr
2024-04-22T13:22:26.364+0000 7fac8aff1700 1 -- 172.21.15.87:0/1007995485 >> 172.21.15.87:0/1007995485 conn(0x7fac84103a00 msgr2=0x7fac84105e20 unknown :-1 s=STATE_NONE l=0).mark_down
2024-04-22T13:22:27.152 INFO:teuthology.orchestra.run.smithi087.stdout:/usr/bin/ceph: stderr
2024-04-22T13:22:26.364+0000 7fac8aff1700 1 -- 172.21.15.87:0/1007995485 shutdown_connections
2024-04-22T13:22:27.152 INFO:teuthology.orchestra.run.smithi087.stdout:/usr/bin/ceph: stderr
2024-04-22T13:22:26.364+0000 7fac8aff1700 1 -- 172.21.15.87:0/1007995485 wait complete.
2024-04-22T13:22:27.152 INFO:teuthology.orchestra.run.smithi087.stdout:/usr/bin/ceph: stderr
2024-04-22T13:22:26.365+0000 7fac8aff1700 1 Processor -- start
2024-04-22T13:22:27.152 INFO:teuthology.orchestra.run.smithi087.stdout:/usr/bin/ceph: stderr
2024-04-22T13:22:26.365+0000 7fac8aff1700 1 -- start start
2024-04-22T13:22:27.152 INFO:teuthology.orchestra.run.smithi087.stdout:/usr/bin/ceph: stderr
2024-04-22T13:22:26.365+0000 7fac8aff1700 1 --2- >> [v2:172.21.15.87:3300/0,v1:172.21.15.87:6789/0] conn(0x7fac84108440 0x7fac8419c310 unknown :-1 s=NONE pgs=0 cs=0 l=1 rev1=0 crypto rx=0 tx=0 comp rx=0 tx=0).connect
2024-04-22T13:22:27.152 INFO:teuthology.orchestra.run.smithi087.stdout:/usr/bin/ceph: stderr
2024-04-22T13:22:26.365+0000 7fac8aff1700 1 -- --> [v2:172.21.15.87:3300/0,v1:172.21.15.87:6789/0] -- mon_getmap magic: 0 -- 0x7fac8410c9a0 con 0x7fac84108440
2024-04-22T13:22:27.152 INFO:teuthology.orchestra.run.smithi087.stdout:/usr/bin/ceph: stderr
2024-04-22T13:22:26.365+0000 7fac88d8d700 1 --2- >> [v2:172.21.15.87:3300/0,v1:172.21.15.87:6789/0] conn(0x7fac84108440 0x7fac8419c310 unknown :-1 s=BANNER_CONNECTING pgs=0 cs=0 l=1 rev1=0 crypto rx=0 tx=0 comp rx=0 tx=0)._handle_peer_banner_payload supported=3 required=0
2024-04-22T13:22:27.152 INFO:teuthology.orchestra.run.smithi087.stdout:/usr/bin/ceph: stderr
2024-04-22T13:22:26.365+0000 7fac88d8d700 1 --2- >> [v2:172.21.15.87:3300/0,v1:172.21.15.87:6789/0] conn(0x7fac84108440 0x7fac8419c310 unknown :-1 s=HELLO_CONNECTING pgs=0 cs=0 l=1 rev1=1 crypto rx=0 tx=0 comp rx=0 tx=0).handle_hello peer v2:172.21.15.87:3300/0 says I am v2:172.21.15.87:44786/0 (socket says 172.21.15.87:44786)
2024-04-22T13:22:27.152 INFO:teuthology.orchestra.run.smithi087.stdout:/usr/bin/ceph: stderr
2024-04-22T13:22:26.365+0000 7fac88d8d700 1 -- 172.21.15.87:0/1938974241 learned_addr learned my addr 172.21.15.87:0/1938974241 (peer_addr_for_me v2:172.21.15.87:0/0)
2024-04-22T13:22:27.152 INFO:teuthology.orchestra.run.smithi087.stdout:/usr/bin/ceph: stderr
2024-04-22T13:22:26.366+0000 7fac88d8d700 1 -- 172.21.15.87:0/1938974241 --> [v2:172.21.15.87:3300/0,v1:172.21.15.87:6789/0] -- mon_subscribe({config=0+,monmap=0+}) -- 0x7fac8419c850 con 0x7fac84108440
2024-04-22T13:22:27.152 INFO:teuthology.orchestra.run.smithi087.stdout:/usr/bin/ceph: stderr
2024-04-22T13:22:26.366+0000 7fac88d8d700 1 --2- 172.21.15.87:0/1938974241 >> [v2:172.21.15.87:3300/0,v1:172.21.15.87:6789/0] conn(0x7fac84108440 0x7fac8419c310 secure :-1 s=READY pgs=52 cs=0 l=1 rev1=1 crypto rx=0x7fac78009520 tx=0x7fac78011aa0 comp rx=0 tx=0).ready entity=mon.0 client_cookie=0 server_cookie=0 in_seq=0 out_seq=0
2024-04-22T13:22:27.152 INFO:teuthology.orchestra.run.smithi087.stdout:/usr/bin/ceph: stderr
2024-04-22T13:22:26.366+0000 7fac81ffb700 1 -- 172.21.15.87:0/1938974241 <== mon.0 v2:172.21.15.87:3300/0 1 ==== mon_map magic: 0 ==== 205+0+0 (secure 0 0 0) 0x7fac780039e0 con 0x7fac84108440
2024-04-22T13:22:27.153 INFO:teuthology.orchestra.run.smithi087.stdout:/usr/bin/ceph: stderr
2024-04-22T13:22:26.366+0000 7fac8aff1700 1 -- 172.21.15.87:0/1938974241 --> [v2:172.21.15.87:3300/0,v1:172.21.15.87:6789/0] -- mon_subscribe({mgrmap=0+}) -- 0x7fac8419cae0 con 0x7fac84108440
2024-04-22T13:22:27.153 INFO:teuthology.orchestra.run.smithi087.stdout:/usr/bin/ceph: stderr
2024-04-22T13:22:26.366+0000 7fac81ffb700 1 -- 172.21.15.87:0/1938974241 <== mon.0 v2:172.21.15.87:3300/0 2 ==== config(26 keys) ==== 1101+0+0 (secure 0 0 0) 0x7fac7801b8f0 con 0x7fac84108440
2024-04-22T13:22:27.153 INFO:teuthology.orchestra.run.smithi087.stdout:/usr/bin/ceph: stderr
2024-04-22T13:22:26.366+0000 7fac81ffb700 1 -- 172.21.15.87:0/1938974241 <== mon.0 v2:172.21.15.87:3300/0 3 ==== mon_map magic: 0 ==== 205+0+0 (secure 0 0 0) 0x7fac78019770 con 0x7fac84108440
2024-04-22T13:22:27.153 INFO:teuthology.orchestra.run.smithi087.stdout:/usr/bin/ceph: stderr
2024-04-22T13:22:26.366+0000 7fac8aff1700 1 -- 172.21.15.87:0/1938974241 --> [v2:172.21.15.87:3300/0,v1:172.21.15.87:6789/0] -- mon_subscribe({osdmap=0}) -- 0x7fac8419f7d0 con 0x7fac84108440
2024-04-22T13:22:27.153 INFO:teuthology.orchestra.run.smithi087.stdout:/usr/bin/ceph: stderr
2024-04-22T13:22:26.367+0000 7fac81ffb700 1 -- 172.21.15.87:0/1938974241 <== mon.0 v2:172.21.15.87:3300/0 4 ==== mgrmap(e 8) ==== 46558+0+0 (secure 0 0 0) 0x7fac78019a70 con 0x7fac84108440
2024-04-22T13:22:27.153 INFO:teuthology.orchestra.run.smithi087.stdout:/usr/bin/ceph: stderr
2024-04-22T13:22:26.367+0000 7fac81ffb700 1 --2- 172.21.15.87:0/1938974241 >> [v2:172.21.15.87:6800/35245616,v1:172.21.15.87:6801/35245616] conn(0x7fac740395b0 0x7fac7403ba70 unknown :-1 s=NONE pgs=0 cs=0 l=1 rev1=0 crypto rx=0 tx=0 comp rx=0 tx=0).connect
2024-04-22T13:22:27.153 INFO:teuthology.orchestra.run.smithi087.stdout:/usr/bin/ceph: stderr
2024-04-22T13:22:26.367+0000 7fac8aff1700 1 -- 172.21.15.87:0/1938974241 --> [v2:172.21.15.87:3300/0,v1:172.21.15.87:6789/0] -- mon_command({"prefix": "get_command_descriptions"} v 0) -- 0x7fac840640a0 con 0x7fac84108440
2024-04-22T13:22:27.153 INFO:teuthology.orchestra.run.smithi087.stdout:/usr/bin/ceph: stderr
2024-04-22T13:22:26.367+0000 7fac81ffb700 1 -- 172.21.15.87:0/1938974241 <== mon.0 v2:172.21.15.87:3300/0 5 ==== osd_map(2..2 src has 1..2) ==== 940+0+0 (secure 0 0 0) 0x7fac7804ef70 con 0x7fac84108440
2024-04-22T13:22:27.153 INFO:teuthology.orchestra.run.smithi087.stdout:/usr/bin/ceph: stderr
2024-04-22T13:22:26.368+0000 7fac83fff700 1 --2- 172.21.15.87:0/1938974241 >> [v2:172.21.15.87:6800/35245616,v1:172.21.15.87:6801/35245616] conn(0x7fac740395b0 0x7fac7403ba70 unknown :-1 s=BANNER_CONNECTING pgs=0 cs=0 l=1 rev1=0 crypto rx=0 tx=0 comp rx=0 tx=0)._handle_peer_banner_payload supported=3 required=0
2024-04-22T13:22:27.153 INFO:teuthology.orchestra.run.smithi087.stdout:/usr/bin/ceph: stderr
2024-04-22T13:22:26.368+0000 7fac83fff700 1 --2- 172.21.15.87:0/1938974241 >> [v2:172.21.15.87:6800/35245616,v1:172.21.15.87:6801/35245616] conn(0x7fac740395b0 0x7fac7403ba70 secure :-1 s=READY pgs=14 cs=0 l=1 rev1=1 crypto rx=0x7fac70006fd0 tx=0x7fac70006e40 comp rx=0 tx=0).ready entity=mgr.14120 client_cookie=0 server_cookie=0 in_seq=0 out_seq=0
2024-04-22T13:22:27.153 INFO:teuthology.orchestra.run.smithi087.stdout:/usr/bin/ceph: stderr
2024-04-22T13:22:26.373+0000 7fac81ffb700 1 -- 172.21.15.87:0/1938974241 <== mon.0 v2:172.21.15.87:3300/0 6 ==== mon_command_ack([{"prefix": "get_command_descriptions"}]=0 v0) ==== 72+0+188370 (secure 0 0 0) 0x7fac7801f030 con 0x7fac84108440
2024-04-22T13:22:27.153 INFO:teuthology.orchestra.run.smithi087.stdout:/usr/bin/ceph: stderr
2024-04-22T13:22:26.577+0000 7fac8aff1700 1 -- 172.21.15.87:0/1938974241 --> [v2:172.21.15.87:3300/0,v1:172.21.15.87:6789/0] -- mon_command([{prefix=config set, name=mgr/cephadm/container_init}] v 0) -- 0x7fac8419fd50 con 0x7fac84108440
2024-04-22T13:22:27.153 INFO:teuthology.orchestra.run.smithi087.stdout:/usr/bin/ceph: stderr
2024-04-22T13:22:26.582+0000 7fac81ffb700 1 -- 172.21.15.87:0/1938974241 <== mon.0 v2:172.21.15.87:3300/0 7 ==== mon_command_ack([{prefix=config set, name=mgr/cephadm/container_init}]=0 v7)=0 v7) ==== 142+0+0 (secure 0 0 0) 0x7fac780172b0 con 0x7fac84108440
2024-04-22T13:22:27.154 INFO:teuthology.orchestra.run.smithi087.stdout:/usr/bin/ceph: stderr
2024-04-22T13:22:26.584+0000 7fac8aff1700 1 -- 172.21.15.87:0/1938974241 >> [v2:172.21.15.87:6800/35245616,v1:172.21.15.87:6801/35245616] conn(0x7fac740395b0 msgr2=0x7fac7403ba70 secure :-1 s=STATE_CONNECTION_ESTABLISHED l=1).mark_down
2024-04-22T13:22:27.154 INFO:teuthology.orchestra.run.smithi087.stdout:/usr/bin/ceph: stderr
2024-04-22T13:22:26.584+0000 7fac8aff1700 1 --2- 172.21.15.87:0/1938974241 >> [v2:172.21.15.87:6800/35245616,v1:172.21.15.87:6801/35245616] conn(0x7fac740395b0 0x7fac7403ba70 secure :-1 s=READY pgs=14 cs=0 l=1 rev1=1 crypto rx=0x7fac70006fd0 tx=0x7fac70006e40 comp rx=0 tx=0).stop
2024-04-22T13:22:27.154 INFO:teuthology.orchestra.run.smithi087.stdout:/usr/bin/ceph: stderr
2024-04-22T13:22:26.584+0000 7fac8aff1700 1 -- 172.21.15.87:0/1938974241 >> [v2:172.21.15.87:3300/0,v1:172.21.15.87:6789/0] conn(0x7fac84108440 msgr2=0x7fac8419c310 secure :-1 s=STATE_CONNECTION_ESTABLISHED l=1).mark_down
2024-04-22T13:22:27.154 INFO:teuthology.orchestra.run.smithi087.stdout:/usr/bin/ceph: stderr
2024-04-22T13:22:26.584+0000 7fac8aff1700 1 --2- 172.21.15.87:0/1938974241 >> [v2:172.21.15.87:3300/0,v1:172.21.15.87:6789/0] conn(0x7fac84108440 0x7fac8419c310 secure :-1 s=READY pgs=52 cs=0 l=1 rev1=1 crypto rx=0x7fac78009520 tx=0x7fac78011aa0 comp rx=0 tx=0).stop
2024-04-22T13:22:27.154 INFO:teuthology.orchestra.run.smithi087.stdout:/usr/bin/ceph: stderr
2024-04-22T13:22:26.585+0000 7fac8aff1700 1 -- 172.21.15.87:0/1938974241 shutdown_connections
2024-04-22T13:22:27.154 INFO:teuthology.orchestra.run.smithi087.stdout:/usr/bin/ceph: stderr
2024-04-22T13:22:26.585+0000 7fac8aff1700 1 --2- 172.21.15.87:0/1938974241 >> [v2:172.21.15.87:6800/35245616,v1:172.21.15.87:6801/35245616] conn(0x7fac740395b0 0x7fac7403ba70 unknown :-1 s=CLOSED pgs=14 cs=0 l=1 rev1=1 crypto rx=0 tx=0 comp rx=0 tx=0).stop
2024-04-22T13:22:27.154 INFO:teuthology.orchestra.run.smithi087.stdout:/usr/bin/ceph: stderr
2024-04-22T13:22:26.585+0000 7fac8aff1700 1 --2- 172.21.15.87:0/1938974241 >> [v2:172.21.15.87:3300/0,v1:172.21.15.87:6789/0] conn(0x7fac84108440 0x7fac8419c310 unknown :-1 s=CLOSED pgs=52 cs=0 l=1 rev1=1 crypto rx=0 tx=0 comp rx=0 tx=0).stop
2024-04-22T13:22:27.154 INFO:teuthology.orchestra.run.smithi087.stdout:/usr/bin/ceph: stderr
2024-04-22T13:22:26.585+0000 7fac8aff1700 1 -- 172.21.15.87:0/1938974241 >> 172.21.15.87:0/1938974241 conn(0x7fac84103a00 msgr2=0x7fac841044a0 unknown :-1 s=STATE_NONE l=0).mark_down
2024-04-22T13:22:27.154 INFO:teuthology.orchestra.run.smithi087.stdout:/usr/bin/ceph: stderr
2024-04-22T13:22:26.585+0000 7fac8aff1700 1 -- 172.21.15.87:0/1938974241 shutdown_connections
2024-04-22T13:22:27.154 INFO:teuthology.orchestra.run.smithi087.stdout:/usr/bin/ceph: stderr
2024-04-22T13:22:26.585+0000 7fac8aff1700 1 -- 172.21.15.87:0/1938974241 wait complete.
2024-04-22T13:22:27.469 INFO:journalctl@ceph.mon.a.smithi087.stdout:Apr 22 13:22:27 smithi087 ceph-mon[27999]: from='mgr.14120 172.21.15.87:0/506497744' entity='mgr.x'
2024-04-22T13:22:27.470 INFO:journalctl@ceph.mon.a.smithi087.stdout:Apr 22 13:22:27 smithi087 ceph-mon[27999]: from='client.? 172.21.15.87:0/1938974241' entity='client.admin'
2024-04-22T13:22:28.968 INFO:journalctl@ceph.mon.a.smithi087.stdout:Apr 22 13:22:28 smithi087 ceph-mon[27999]: from='client.? 172.21.15.87:0/3885526835' entity='client.admin'
2024-04-22T13:22:28.968 INFO:journalctl@ceph.mon.a.smithi087.stdout:Apr 22 13:22:28 smithi087 ceph-mon[27999]: from='mgr.14120 172.21.15.87:0/506497744' entity='mgr.x'
2024-04-22T13:22:28.976 INFO:teuthology.orchestra.run.smithi087.stdout:/usr/bin/ceph: stderr
2024-04-22T13:22:27.572+0000 7fca8eef7700 1 Processor -- start
2024-04-22T13:22:28.976 INFO:teuthology.orchestra.run.smithi087.stdout:/usr/bin/ceph: stderr
2024-04-22T13:22:27.572+0000 7fca8eef7700 1 -- start start
2024-04-22T13:22:28.976 INFO:teuthology.orchestra.run.smithi087.stdout:/usr/bin/ceph: stderr
2024-04-22T13:22:27.572+0000 7fca8eef7700 1 --2- >> [v2:172.21.15.87:3300/0,v1:172.21.15.87:6789/0] conn(0x7fca88107350 0x7fca88107770 unknown :-1 s=NONE pgs=0 cs=0 l=0 rev1=0 crypto rx=0 tx=0 comp rx=0 tx=0).connect
2024-04-22T13:22:28.976 INFO:teuthology.orchestra.run.smithi087.stdout:/usr/bin/ceph: stderr
2024-04-22T13:22:27.572+0000 7fca8eef7700 1 -- --> [v2:172.21.15.87:3300/0,v1:172.21.15.87:6789/0] -- mon_getmap magic: 0 -- 0x7fca88107d40 con 0x7fca88107350
2024-04-22T13:22:28.976 INFO:teuthology.orchestra.run.smithi087.stdout:/usr/bin/ceph: stderr
2024-04-22T13:22:27.573+0000 7fca8cc93700 1 --2- >> [v2:172.21.15.87:3300/0,v1:172.21.15.87:6789/0] conn(0x7fca88107350 0x7fca88107770 unknown :-1 s=BANNER_CONNECTING pgs=0 cs=0 l=0 rev1=0 crypto rx=0 tx=0 comp rx=0 tx=0)._handle_peer_banner_payload supported=3 required=0
2024-04-22T13:22:28.976 INFO:teuthology.orchestra.run.smithi087.stdout:/usr/bin/ceph: stderr
2024-04-22T13:22:27.573+0000 7fca8cc93700 1 --2- >> [v2:172.21.15.87:3300/0,v1:172.21.15.87:6789/0] conn(0x7fca88107350 0x7fca88107770 unknown :-1 s=HELLO_CONNECTING pgs=0 cs=0 l=0 rev1=1 crypto rx=0 tx=0 comp rx=0 tx=0).handle_hello peer v2:172.21.15.87:3300/0 says I am v2:172.21.15.87:44792/0 (socket says 172.21.15.87:44792)
2024-04-22T13:22:28.977 INFO:teuthology.orchestra.run.smithi087.stdout:/usr/bin/ceph: stderr
2024-04-22T13:22:27.573+0000 7fca8cc93700 1 -- 172.21.15.87:0/911563097 learned_addr learned my addr 172.21.15.87:0/911563097 (peer_addr_for_me v2:172.21.15.87:0/0)
2024-04-22T13:22:28.977 INFO:teuthology.orchestra.run.smithi087.stdout:/usr/bin/ceph: stderr
2024-04-22T13:22:27.573+0000 7fca8cc93700 1 -- 172.21.15.87:0/911563097 --> [v2:172.21.15.87:3300/0,v1:172.21.15.87:6789/0] -- mon_subscribe({config=0+,monmap=0+}) -- 0x7fca88108550 con 0x7fca88107350
2024-04-22T13:22:28.977 INFO:teuthology.orchestra.run.smithi087.stdout:/usr/bin/ceph: stderr
2024-04-22T13:22:27.573+0000 7fca8cc93700 1 --2- 172.21.15.87:0/911563097 >> [v2:172.21.15.87:3300/0,v1:172.21.15.87:6789/0] conn(0x7fca88107350 0x7fca88107770 secure :-1 s=READY pgs=53 cs=0 l=1 rev1=1 crypto rx=0x7fca84009e80 tx=0x7fca8400b330 comp rx=0 tx=0).ready entity=mon.0 client_cookie=c9bf52bf38a907a4 server_cookie=0 in_seq=0 out_seq=0
2024-04-22T13:22:28.977 INFO:teuthology.orchestra.run.smithi087.stdout:/usr/bin/ceph: stderr
2024-04-22T13:22:27.573+0000 7fca7f7fe700 1 -- 172.21.15.87:0/911563097 <== mon.0 v2:172.21.15.87:3300/0 1 ==== mon_map magic: 0 ==== 205+0+0 (secure 0 0 0) 0x7fca84017070 con 0x7fca88107350
2024-04-22T13:22:28.977 INFO:teuthology.orchestra.run.smithi087.stdout:/usr/bin/ceph: stderr
2024-04-22T13:22:27.573+0000 7fca7f7fe700 1 -- 172.21.15.87:0/911563097 <== mon.0 v2:172.21.15.87:3300/0 2 ==== config(26 keys) ==== 1101+0+0 (secure 0 0 0) 0x7fca8400b8c0 con 0x7fca88107350
2024-04-22T13:22:28.977 INFO:teuthology.orchestra.run.smithi087.stdout:/usr/bin/ceph: stderr
2024-04-22T13:22:27.573+0000 7fca7f7fe700 1 -- 172.21.15.87:0/911563097 <== mon.0 v2:172.21.15.87:3300/0 3 ==== mon_map magic: 0 ==== 205+0+0 (secure 0 0 0) 0x7fca84004490 con 0x7fca88107350
2024-04-22T13:22:28.977 INFO:teuthology.orchestra.run.smithi087.stdout:/usr/bin/ceph: stderr
2024-04-22T13:22:27.574+0000 7fca8eef7700 1 -- 172.21.15.87:0/911563097 >> [v2:172.21.15.87:3300/0,v1:172.21.15.87:6789/0] conn(0x7fca88107350 msgr2=0x7fca88107770 secure :-1 s=STATE_CONNECTION_ESTABLISHED l=1).mark_down
2024-04-22T13:22:28.977 INFO:teuthology.orchestra.run.smithi087.stdout:/usr/bin/ceph: stderr
2024-04-22T13:22:27.574+0000 7fca8eef7700 1 --2- 172.21.15.87:0/911563097 >> [v2:172.21.15.87:3300/0,v1:172.21.15.87:6789/0] conn(0x7fca88107350 0x7fca88107770 secure :-1 s=READY pgs=53 cs=0 l=1 rev1=1 crypto rx=0x7fca84009e80 tx=0x7fca8400b330 comp rx=0 tx=0).stop
2024-04-22T13:22:28.977 INFO:teuthology.orchestra.run.smithi087.stdout:/usr/bin/ceph: stderr
2024-04-22T13:22:27.574+0000 7fca8eef7700 1 -- 172.21.15.87:0/911563097 shutdown_connections
2024-04-22T13:22:28.977 INFO:teuthology.orchestra.run.smithi087.stdout:/usr/bin/ceph: stderr
2024-04-22T13:22:27.574+0000 7fca8eef7700 1 --2- 172.21.15.87:0/911563097 >> [v2:172.21.15.87:3300/0,v1:172.21.15.87:6789/0] conn(0x7fca88107350 0x7fca88107770 unknown :-1 s=CLOSED pgs=53 cs=0 l=1 rev1=1 crypto rx=0 tx=0 comp rx=0 tx=0).stop
2024-04-22T13:22:28.977 INFO:teuthology.orchestra.run.smithi087.stdout:/usr/bin/ceph: stderr
2024-04-22T13:22:27.574+0000 7fca8eef7700 1 -- 172.21.15.87:0/911563097 >> 172.21.15.87:0/911563097 conn(0x7fca88102950 msgr2=0x7fca88104d70 unknown :-1 s=STATE_NONE l=0).mark_down
2024-04-22T13:22:28.977 INFO:teuthology.orchestra.run.smithi087.stdout:/usr/bin/ceph: stderr
2024-04-22T13:22:27.574+0000 7fca8eef7700 1 -- 172.21.15.87:0/911563097 shutdown_connections
2024-04-22T13:22:28.977 INFO:teuthology.orchestra.run.smithi087.stdout:/usr/bin/ceph: stderr
2024-04-22T13:22:27.574+0000 7fca8eef7700 1 -- 172.21.15.87:0/911563097 wait complete.
2024-04-22T13:22:28.977 INFO:teuthology.orchestra.run.smithi087.stdout:/usr/bin/ceph: stderr
2024-04-22T13:22:27.574+0000 7fca8eef7700 1 Processor -- start
2024-04-22T13:22:28.978 INFO:teuthology.orchestra.run.smithi087.stdout:/usr/bin/ceph: stderr
2024-04-22T13:22:27.574+0000 7fca8eef7700 1 -- start start
2024-04-22T13:22:28.978 INFO:teuthology.orchestra.run.smithi087.stdout:/usr/bin/ceph: stderr
2024-04-22T13:22:27.575+0000 7fca8eef7700 1 --2- >> [v2:172.21.15.87:3300/0,v1:172.21.15.87:6789/0] conn(0x7fca88107350 0x7fca8807ba60 unknown :-1 s=NONE pgs=0 cs=0 l=1 rev1=0 crypto rx=0 tx=0 comp rx=0 tx=0).connect
2024-04-22T13:22:28.978 INFO:teuthology.orchestra.run.smithi087.stdout:/usr/bin/ceph: stderr
2024-04-22T13:22:27.575+0000 7fca8eef7700 1 -- --> [v2:172.21.15.87:3300/0,v1:172.21.15.87:6789/0] -- mon_getmap magic: 0 -- 0x7fca8810b900 con 0x7fca88107350
2024-04-22T13:22:28.978 INFO:teuthology.orchestra.run.smithi087.stdout:/usr/bin/ceph: stderr
2024-04-22T13:22:27.575+0000 7fca8cc93700 1 --2- >> [v2:172.21.15.87:3300/0,v1:172.21.15.87:6789/0] conn(0x7fca88107350 0x7fca8807ba60 unknown :-1 s=BANNER_CONNECTING pgs=0 cs=0 l=1 rev1=0 crypto rx=0 tx=0 comp rx=0 tx=0)._handle_peer_banner_payload supported=3 required=0
2024-04-22T13:22:28.978 INFO:teuthology.orchestra.run.smithi087.stdout:/usr/bin/ceph: stderr
2024-04-22T13:22:27.575+0000 7fca8cc93700 1 --2- >> [v2:172.21.15.87:3300/0,v1:172.21.15.87:6789/0] conn(0x7fca88107350 0x7fca8807ba60 unknown :-1 s=HELLO_CONNECTING pgs=0 cs=0 l=1 rev1=1 crypto rx=0 tx=0 comp rx=0 tx=0).handle_hello peer v2:172.21.15.87:3300/0 says I am v2:172.21.15.87:44802/0 (socket says 172.21.15.87:44802)
2024-04-22T13:22:28.978 INFO:teuthology.orchestra.run.smithi087.stdout:/usr/bin/ceph: stderr
2024-04-22T13:22:27.575+0000 7fca8cc93700 1 -- 172.21.15.87:0/3885526835 learned_addr learned my addr 172.21.15.87:0/3885526835 (peer_addr_for_me v2:172.21.15.87:0/0)
2024-04-22T13:22:28.978 INFO:teuthology.orchestra.run.smithi087.stdout:/usr/bin/ceph: stderr
2024-04-22T13:22:27.575+0000 7fca8cc93700 1 -- 172.21.15.87:0/3885526835 --> [v2:172.21.15.87:3300/0,v1:172.21.15.87:6789/0] -- mon_subscribe({config=0+,monmap=0+}) -- 0x7fca8819f180 con 0x7fca88107350
2024-04-22T13:22:28.978 INFO:teuthology.orchestra.run.smithi087.stdout:/usr/bin/ceph: stderr
2024-04-22T13:22:27.575+0000 7fca8cc93700 1 --2- 172.21.15.87:0/3885526835 >> [v2:172.21.15.87:3300/0,v1:172.21.15.87:6789/0] conn(0x7fca88107350 0x7fca8807ba60 secure :-1 s=READY pgs=54 cs=0 l=1 rev1=1 crypto rx=0x7fca84009e50 tx=0x7fca8400bd50 comp rx=0 tx=0).ready entity=mon.0 client_cookie=0 server_cookie=0 in_seq=0 out_seq=0
2024-04-22T13:22:28.978 INFO:teuthology.orchestra.run.smithi087.stdout:/usr/bin/ceph: stderr
2024-04-22T13:22:27.575+0000 7fca7dffb700 1 -- 172.21.15.87:0/3885526835 <== mon.0 v2:172.21.15.87:3300/0 1 ==== mon_map magic: 0 ==== 205+0+0 (secure 0 0 0) 0x7fca84020020 con 0x7fca88107350
2024-04-22T13:22:28.978 INFO:teuthology.orchestra.run.smithi087.stdout:/usr/bin/ceph: stderr
2024-04-22T13:22:27.575+0000 7fca7dffb700 1 -- 172.21.15.87:0/3885526835 <== mon.0 v2:172.21.15.87:3300/0 2 ==== config(26 keys) ==== 1101+0+0 (secure 0 0 0) 0x7fca84003b50 con 0x7fca88107350
2024-04-22T13:22:28.978 INFO:teuthology.orchestra.run.smithi087.stdout:/usr/bin/ceph: stderr
2024-04-22T13:22:27.575+0000 7fca7dffb700 1 -- 172.21.15.87:0/3885526835 <== mon.0 v2:172.21.15.87:3300/0 3 ==== mon_map magic: 0 ==== 205+0+0 (secure 0 0 0) 0x7fca84017040 con 0x7fca88107350
2024-04-22T13:22:28.978 INFO:teuthology.orchestra.run.smithi087.stdout:/usr/bin/ceph: stderr
2024-04-22T13:22:27.575+0000 7fca8eef7700 1 -- 172.21.15.87:0/3885526835 --> [v2:172.21.15.87:3300/0,v1:172.21.15.87:6789/0] -- mon_subscribe({mgrmap=0+}) -- 0x7fca8819f350 con 0x7fca88107350
2024-04-22T13:22:28.978 INFO:teuthology.orchestra.run.smithi087.stdout:/usr/bin/ceph: stderr
2024-04-22T13:22:27.575+0000 7fca8eef7700 1 -- 172.21.15.87:0/3885526835 --> [v2:172.21.15.87:3300/0,v1:172.21.15.87:6789/0] -- mon_subscribe({osdmap=0}) -- 0x7fca8819f770 con 0x7fca88107350
2024-04-22T13:22:28.979 INFO:teuthology.orchestra.run.smithi087.stdout:/usr/bin/ceph: stderr
2024-04-22T13:22:27.576+0000 7fca7dffb700 1 -- 172.21.15.87:0/3885526835 <== mon.0 v2:172.21.15.87:3300/0 4 ==== mgrmap(e 8) ==== 46558+0+0 (secure 0 0 0) 0x7fca84023020 con 0x7fca88107350
2024-04-22T13:22:28.979 INFO:teuthology.orchestra.run.smithi087.stdout:/usr/bin/ceph: stderr
2024-04-22T13:22:27.576+0000 7fca8eef7700 1 -- 172.21.15.87:0/3885526835 --> [v2:172.21.15.87:3300/0,v1:172.21.15.87:6789/0] -- mon_command({"prefix": "get_command_descriptions"} v 0) -- 0x7fca880640a0 con 0x7fca88107350
2024-04-22T13:22:28.979 INFO:teuthology.orchestra.run.smithi087.stdout:/usr/bin/ceph: stderr
2024-04-22T13:22:27.577+0000 7fca7dffb700 1 --2- 172.21.15.87:0/3885526835 >> [v2:172.21.15.87:6800/35245616,v1:172.21.15.87:6801/35245616] conn(0x7fca70039560 0x7fca7003ba20 unknown :-1 s=NONE pgs=0 cs=0 l=1 rev1=0 crypto rx=0 tx=0 comp rx=0 tx=0).connect
2024-04-22T13:22:28.979 INFO:teuthology.orchestra.run.smithi087.stdout:/usr/bin/ceph: stderr
2024-04-22T13:22:27.577+0000 7fca7dffb700 1 -- 172.21.15.87:0/3885526835 <== mon.0 v2:172.21.15.87:3300/0 5 ==== osd_map(2..2 src has 1..2) ==== 940+0+0 (secure 0 0 0) 0x7fca8400f050 con 0x7fca88107350
2024-04-22T13:22:28.979 INFO:teuthology.orchestra.run.smithi087.stdout:/usr/bin/ceph: stderr
2024-04-22T13:22:27.577+0000 7fca7ffff700 1 --2- 172.21.15.87:0/3885526835 >> [v2:172.21.15.87:6800/35245616,v1:172.21.15.87:6801/35245616] conn(0x7fca70039560 0x7fca7003ba20 unknown :-1 s=BANNER_CONNECTING pgs=0 cs=0 l=1 rev1=0 crypto rx=0 tx=0 comp rx=0 tx=0)._handle_peer_banner_payload supported=3 required=0
2024-04-22T13:22:28.979 INFO:teuthology.orchestra.run.smithi087.stdout:/usr/bin/ceph: stderr
2024-04-22T13:22:27.577+0000 7fca7ffff700 1 --2- 172.21.15.87:0/3885526835 >> [v2:172.21.15.87:6800/35245616,v1:172.21.15.87:6801/35245616] conn(0x7fca70039560 0x7fca7003ba20 secure :-1 s=READY pgs=15 cs=0 l=1 rev1=1 crypto rx=0x7fca78006fd0 tx=0x7fca78006e40 comp rx=0 tx=0).ready entity=mgr.14120 client_cookie=0 server_cookie=0 in_seq=0 out_seq=0
2024-04-22T13:22:28.979 INFO:teuthology.orchestra.run.smithi087.stdout:/usr/bin/ceph: stderr
2024-04-22T13:22:27.582+0000 7fca7dffb700 1 -- 172.21.15.87:0/3885526835 <== mon.0 v2:172.21.15.87:3300/0 6 ==== mon_command_ack([{"prefix": "get_command_descriptions"}]=0 v0) ==== 72+0+188370 (secure 0 0 0) 0x7fca8402a020 con 0x7fca88107350
2024-04-22T13:22:28.979 INFO:teuthology.orchestra.run.smithi087.stdout:/usr/bin/ceph: stderr
2024-04-22T13:22:27.799+0000 7fca8eef7700 1 -- 172.21.15.87:0/3885526835 --> [v2:172.21.15.87:3300/0,v1:172.21.15.87:6789/0] -- mon_command([{prefix=config set, name=mgr/dashboard/ssl_server_port}] v 0) -- 0x7fca8819ff10 con 0x7fca88107350
2024-04-22T13:22:28.979 INFO:teuthology.orchestra.run.smithi087.stdout:/usr/bin/ceph: stderr
2024-04-22T13:22:27.802+0000 7fca7dffb700 1 -- 172.21.15.87:0/3885526835 <== mon.0 v2:172.21.15.87:3300/0 7 ==== mon_command_ack([{prefix=config set, name=mgr/dashboard/ssl_server_port}]=0 v8)=0 v8) ==== 130+0+0 (secure 0 0 0) 0x7fca8402c300 con 0x7fca88107350
2024-04-22T13:22:28.979 INFO:teuthology.orchestra.run.smithi087.stdout:/usr/bin/ceph: stderr
2024-04-22T13:22:27.804+0000 7fca8eef7700 1 -- 172.21.15.87:0/3885526835 >> [v2:172.21.15.87:6800/35245616,v1:172.21.15.87:6801/35245616] conn(0x7fca70039560 msgr2=0x7fca7003ba20 secure :-1 s=STATE_CONNECTION_ESTABLISHED l=1).mark_down
2024-04-22T13:22:28.979 INFO:teuthology.orchestra.run.smithi087.stdout:/usr/bin/ceph: stderr
2024-04-22T13:22:27.804+0000 7fca8eef7700 1 --2- 172.21.15.87:0/3885526835 >> [v2:172.21.15.87:6800/35245616,v1:172.21.15.87:6801/35245616] conn(0x7fca70039560 0x7fca7003ba20 secure :-1 s=READY pgs=15 cs=0 l=1 rev1=1 crypto rx=0x7fca78006fd0 tx=0x7fca78006e40 comp rx=0 tx=0).stop
2024-04-22T13:22:28.979 INFO:teuthology.orchestra.run.smithi087.stdout:/usr/bin/ceph: stderr
