2024-04-22T13:20:44.774+0000 7fb9a6ffd700 1 --2- 172.21.15.129:0/3490426351 >> [v2:172.21.15.129:3300/0,v1:172.21.15.129:6789/0] conn(0x7fb9a81076f0 0x7fb9a819c7b0 secure :-1 s=READY pgs=23 cs=0 l=1 rev1=1 crypto rx=0x7fb990009fb0 tx=0x7fb990011c60 comp rx=0 tx=0).ready entity=mon.0 client_cookie=0 server_cookie=0 in_seq=0 out_seq=0
2024-04-22T13:20:46.014 INFO:teuthology.orchestra.run.smithi129.stdout:/usr/bin/ceph: stderr
2024-04-22T13:20:44.774+0000 7fb99ffff700 1 -- 172.21.15.129:0/3490426351 <== mon.0 v2:172.21.15.129:3300/0 1 ==== mon_map magic: 0 ==== 205+0+0 (secure 0 0 0) 0x7fb9900038b0 con 0x7fb9a81076f0
2024-04-22T13:20:46.014 INFO:teuthology.orchestra.run.smithi129.stdout:/usr/bin/ceph: stderr
2024-04-22T13:20:44.774+0000 7fb99ffff700 1 -- 172.21.15.129:0/3490426351 <== mon.0 v2:172.21.15.129:3300/0 2 ==== config(28 keys) ==== 1139+0+0 (secure 0 0 0) 0x7fb99001a430 con 0x7fb9a81076f0
2024-04-22T13:20:46.014 INFO:teuthology.orchestra.run.smithi129.stdout:/usr/bin/ceph: stderr
2024-04-22T13:20:44.774+0000 7fb9ad361700 1 -- 172.21.15.129:0/3490426351 --> [v2:172.21.15.129:3300/0,v1:172.21.15.129:6789/0] -- mon_subscribe({mgrmap=0+}) -- 0x7fb9a819cf80 con 0x7fb9a81076f0
2024-04-22T13:20:46.014 INFO:teuthology.orchestra.run.smithi129.stdout:/usr/bin/ceph: stderr
2024-04-22T13:20:44.774+0000 7fb99ffff700 1 -- 172.21.15.129:0/3490426351 <== mon.0 v2:172.21.15.129:3300/0 3 ==== mon_map magic: 0 ==== 205+0+0 (secure 0 0 0) 0x7fb9900195e0 con 0x7fb9a81076f0
2024-04-22T13:20:46.014 INFO:teuthology.orchestra.run.smithi129.stdout:/usr/bin/ceph: stderr
2024-04-22T13:20:44.774+0000 7fb9ad361700 1 -- 172.21.15.129:0/3490426351 --> [v2:172.21.15.129:3300/0,v1:172.21.15.129:6789/0] -- mon_subscribe({osdmap=0}) -- 0x7fb9a819fc70 con 0x7fb9a81076f0
2024-04-22T13:20:46.014 INFO:teuthology.orchestra.run.smithi129.stdout:/usr/bin/ceph: stderr
2024-04-22T13:20:44.775+0000 7fb99ffff700 1 -- 172.21.15.129:0/3490426351 <== mon.0 v2:172.21.15.129:3300/0 4 ==== mgrmap(e 4) ==== 46547+0+0 (secure 0 0 0) 0x7fb9900198e0 con 0x7fb9a81076f0
2024-04-22T13:20:46.014 INFO:teuthology.orchestra.run.smithi129.stdout:/usr/bin/ceph: stderr
2024-04-22T13:20:44.775+0000 7fb99ffff700 1 --2- 172.21.15.129:0/3490426351 >> [v2:172.21.15.129:6800/1056631650,v1:172.21.15.129:6801/1056631650] conn(0x7fb994039510 0x7fb99403b9d0 unknown :-1 s=NONE pgs=0 cs=0 l=1 rev1=0 crypto rx=0 tx=0 comp rx=0 tx=0).connect
2024-04-22T13:20:46.015 INFO:teuthology.orchestra.run.smithi129.stdout:/usr/bin/ceph: stderr
2024-04-22T13:20:44.775+0000 7fb99ffff700 1 -- 172.21.15.129:0/3490426351 <== mon.0 v2:172.21.15.129:3300/0 5 ==== osd_map(1..1 src has 1..1) ==== 725+0+0 (secure 0 0 0) 0x7fb99004eb00 con 0x7fb9a81076f0
2024-04-22T13:20:46.015 INFO:teuthology.orchestra.run.smithi129.stdout:/usr/bin/ceph: stderr
2024-04-22T13:20:44.775+0000 7fb9a67fc700 1 --2- 172.21.15.129:0/3490426351 >> [v2:172.21.15.129:6800/1056631650,v1:172.21.15.129:6801/1056631650] conn(0x7fb994039510 0x7fb99403b9d0 unknown :-1 s=BANNER_CONNECTING pgs=0 cs=0 l=1 rev1=0 crypto rx=0 tx=0 comp rx=0 tx=0)._handle_peer_banner_payload supported=3 required=0
2024-04-22T13:20:46.015 INFO:teuthology.orchestra.run.smithi129.stdout:/usr/bin/ceph: stderr
2024-04-22T13:20:44.775+0000 7fb9ad361700 1 -- 172.21.15.129:0/3490426351 --> [v2:172.21.15.129:3300/0,v1:172.21.15.129:6789/0] -- mon_command({"prefix": "get_command_descriptions"} v 0) -- 0x7fb9a80640a0 con 0x7fb9a81076f0
2024-04-22T13:20:46.015 INFO:teuthology.orchestra.run.smithi129.stdout:/usr/bin/ceph: stderr
2024-04-22T13:20:44.776+0000 7fb9a67fc700 1 --2- 172.21.15.129:0/3490426351 >> [v2:172.21.15.129:6800/1056631650,v1:172.21.15.129:6801/1056631650] conn(0x7fb994039510 0x7fb99403b9d0 secure :-1 s=READY pgs=8 cs=0 l=1 rev1=1 crypto rx=0x7fb998006fd0 tx=0x7fb998006e40 comp rx=0 tx=0).ready entity=mgr.14100 client_cookie=0 server_cookie=0 in_seq=0 out_seq=0
2024-04-22T13:20:46.015 INFO:teuthology.orchestra.run.smithi129.stdout:/usr/bin/ceph: stderr
2024-04-22T13:20:44.780+0000 7fb99ffff700 1 -- 172.21.15.129:0/3490426351 <== mon.0 v2:172.21.15.129:3300/0 6 ==== mon_command_ack([{"prefix": "get_command_descriptions"}]=0 v0) ==== 72+0+188370 (secure 0 0 0) 0x7fb990017ca0 con 0x7fb9a81076f0
2024-04-22T13:20:46.015 INFO:teuthology.orchestra.run.smithi129.stdout:/usr/bin/ceph: stderr
2024-04-22T13:20:45.050+0000 7fb9ad361700 1 -- 172.21.15.129:0/3490426351 --> [v2:172.21.15.129:3300/0,v1:172.21.15.129:6789/0] -- mon_command({"prefix": "mgr module enable", "module": "cephadm"} v 0) -- 0x7fb9a802e280 con 0x7fb9a81076f0
2024-04-22T13:20:46.015 INFO:teuthology.orchestra.run.smithi129.stdout:/usr/bin/ceph: stderr
2024-04-22T13:20:45.408+0000 7fb99ffff700 1 -- 172.21.15.129:0/3490426351 <== mon.0 v2:172.21.15.129:3300/0 7 ==== mon_command_ack([{"prefix": "mgr module enable", "module": "cephadm"}]=0 v5) ==== 86+0+0 (secure 0 0 0) 0x7fb99004e520 con 0x7fb9a81076f0
2024-04-22T13:20:46.015 INFO:teuthology.orchestra.run.smithi129.stdout:/usr/bin/ceph: stderr
2024-04-22T13:20:45.409+0000 7fb99ffff700 1 -- 172.21.15.129:0/3490426351 <== mon.0 v2:172.21.15.129:3300/0 8 ==== mgrmap(e 5) ==== 46558+0+0 (secure 0 0 0) 0x7fb99002d960 con 0x7fb9a81076f0
2024-04-22T13:20:46.015 INFO:teuthology.orchestra.run.smithi129.stdout:/usr/bin/ceph: stderr
2024-04-22T13:20:45.411+0000 7fb9ad361700 1 -- 172.21.15.129:0/3490426351 >> [v2:172.21.15.129:6800/1056631650,v1:172.21.15.129:6801/1056631650] conn(0x7fb994039510 msgr2=0x7fb99403b9d0 secure :-1 s=STATE_CONNECTION_ESTABLISHED l=1).mark_down
2024-04-22T13:20:46.015 INFO:teuthology.orchestra.run.smithi129.stdout:/usr/bin/ceph: stderr
2024-04-22T13:20:45.411+0000 7fb9ad361700 1 --2- 172.21.15.129:0/3490426351 >> [v2:172.21.15.129:6800/1056631650,v1:172.21.15.129:6801/1056631650] conn(0x7fb994039510 0x7fb99403b9d0 secure :-1 s=READY pgs=8 cs=0 l=1 rev1=1 crypto rx=0x7fb998006fd0 tx=0x7fb998006e40 comp rx=0 tx=0).stop
2024-04-22T13:20:46.015 INFO:teuthology.orchestra.run.smithi129.stdout:/usr/bin/ceph: stderr
2024-04-22T13:20:45.411+0000 7fb9ad361700 1 -- 172.21.15.129:0/3490426351 >> [v2:172.21.15.129:3300/0,v1:172.21.15.129:6789/0] conn(0x7fb9a81076f0 msgr2=0x7fb9a819c7b0 secure :-1 s=STATE_CONNECTION_ESTABLISHED l=1).mark_down
2024-04-22T13:20:46.015 INFO:teuthology.orchestra.run.smithi129.stdout:/usr/bin/ceph: stderr
2024-04-22T13:20:45.411+0000 7fb9ad361700 1 --2- 172.21.15.129:0/3490426351 >> [v2:172.21.15.129:3300/0,v1:172.21.15.129:6789/0] conn(0x7fb9a81076f0 0x7fb9a819c7b0 secure :-1 s=READY pgs=23 cs=0 l=1 rev1=1 crypto rx=0x7fb990009fb0 tx=0x7fb990011c60 comp rx=0 tx=0).stop
2024-04-22T13:20:46.015 INFO:teuthology.orchestra.run.smithi129.stdout:/usr/bin/ceph: stderr
2024-04-22T13:20:45.411+0000 7fb9ad361700 1 -- 172.21.15.129:0/3490426351 shutdown_connections
2024-04-22T13:20:46.015 INFO:teuthology.orchestra.run.smithi129.stdout:/usr/bin/ceph: stderr
2024-04-22T13:20:45.411+0000 7fb9ad361700 1 --2- 172.21.15.129:0/3490426351 >> [v2:172.21.15.129:6800/1056631650,v1:172.21.15.129:6801/1056631650] conn(0x7fb994039510 0x7fb99403b9d0 unknown :-1 s=CLOSED pgs=8 cs=0 l=1 rev1=1 crypto rx=0 tx=0 comp rx=0 tx=0).stop
2024-04-22T13:20:46.016 INFO:teuthology.orchestra.run.smithi129.stdout:/usr/bin/ceph: stderr
2024-04-22T13:20:45.411+0000 7fb9ad361700 1 --2- 172.21.15.129:0/3490426351 >> [v2:172.21.15.129:3300/0,v1:172.21.15.129:6789/0] conn(0x7fb9a81076f0 0x7fb9a819c7b0 unknown :-1 s=CLOSED pgs=23 cs=0 l=1 rev1=1 crypto rx=0 tx=0 comp rx=0 tx=0).stop
2024-04-22T13:20:46.016 INFO:teuthology.orchestra.run.smithi129.stdout:/usr/bin/ceph: stderr
2024-04-22T13:20:45.411+0000 7fb9ad361700 1 -- 172.21.15.129:0/3490426351 >> 172.21.15.129:0/3490426351 conn(0x7fb9a8102c90 msgr2=0x7fb9a8103520 unknown :-1 s=STATE_NONE l=0).mark_down
2024-04-22T13:20:46.016 INFO:teuthology.orchestra.run.smithi129.stdout:/usr/bin/ceph: stderr
2024-04-22T13:20:45.411+0000 7fb9ad361700 1 -- 172.21.15.129:0/3490426351 shutdown_connections
2024-04-22T13:20:46.016 INFO:teuthology.orchestra.run.smithi129.stdout:/usr/bin/ceph: stderr
2024-04-22T13:20:45.411+0000 7fb9ad361700 1 -- 172.21.15.129:0/3490426351 wait complete.
2024-04-22T13:20:46.284 INFO:journalctl@ceph.mgr.x.smithi129.stdout:Apr 22 13:20:46 smithi129 ceph-e622d5f8-00aa-11ef-bc93-c7b262605968-mgr-x[28434]:
2024-04-22T13:20:46.196+0000 7f28a96db200 -1 mgr[py] Module progress has missing NOTIFY_TYPES member
2024-04-22T13:20:46.285 INFO:journalctl@ceph.mgr.x.smithi129.stdout:Apr 22 13:20:46 smithi129 ceph-e622d5f8-00aa-11ef-bc93-c7b262605968-mgr-x[28434]:
2024-04-22T13:20:46.286+0000 7f28a96db200 -1 mgr[py] Module influx has missing NOTIFY_TYPES member
2024-04-22T13:20:46.580 INFO:journalctl@ceph.mon.a.smithi129.stdout:Apr 22 13:20:46 smithi129 ceph-mon[28202]: from='client.? 172.21.15.129:0/3490426351' entity='client.admin' cmd='[{"prefix": "mgr module enable", "module": "cephadm"}]': finished
2024-04-22T13:20:46.580 INFO:journalctl@ceph.mon.a.smithi129.stdout:Apr 22 13:20:46 smithi129 ceph-mon[28202]: mgrmap e5: x(active, since 6s)
2024-04-22T13:20:47.303 INFO:teuthology.orchestra.run.smithi129.stdout:/usr/bin/ceph: stdout {
2024-04-22T13:20:47.304 INFO:teuthology.orchestra.run.smithi129.stdout:/usr/bin/ceph: stdout "epoch": 5,
2024-04-22T13:20:47.304 INFO:teuthology.orchestra.run.smithi129.stdout:/usr/bin/ceph: stdout "available": true,
2024-04-22T13:20:47.304 INFO:teuthology.orchestra.run.smithi129.stdout:/usr/bin/ceph: stdout "active_name": "x",
2024-04-22T13:20:47.304 INFO:teuthology.orchestra.run.smithi129.stdout:/usr/bin/ceph: stdout "num_standby": 0
2024-04-22T13:20:47.304 INFO:teuthology.orchestra.run.smithi129.stdout:/usr/bin/ceph: stdout }
2024-04-22T13:20:47.304 INFO:teuthology.orchestra.run.smithi129.stdout:/usr/bin/ceph: stderr
2024-04-22T13:20:46.411+0000 7fcec4bc1700 1 Processor -- start
2024-04-22T13:20:47.304 INFO:teuthology.orchestra.run.smithi129.stdout:/usr/bin/ceph: stderr
2024-04-22T13:20:46.412+0000 7fcec4bc1700 1 -- start start
2024-04-22T13:20:47.304 INFO:teuthology.orchestra.run.smithi129.stdout:/usr/bin/ceph: stderr
2024-04-22T13:20:46.412+0000 7fcec4bc1700 1 --2- >> [v2:172.21.15.129:3300/0,v1:172.21.15.129:6789/0] conn(0x7fcec01076f0 0x7fcec0107b10 unknown :-1 s=NONE pgs=0 cs=0 l=0 rev1=0 crypto rx=0 tx=0 comp rx=0 tx=0).connect
2024-04-22T13:20:47.304 INFO:teuthology.orchestra.run.smithi129.stdout:/usr/bin/ceph: stderr
2024-04-22T13:20:46.412+0000 7fcec4bc1700 1 -- --> [v2:172.21.15.129:3300/0,v1:172.21.15.129:6789/0] -- mon_getmap magic: 0 -- 0x7fcec01080e0 con 0x7fcec01076f0
2024-04-22T13:20:47.304 INFO:teuthology.orchestra.run.smithi129.stdout:/usr/bin/ceph: stderr
2024-04-22T13:20:46.412+0000 7fcebe59c700 1 --2- >> [v2:172.21.15.129:3300/0,v1:172.21.15.129:6789/0] conn(0x7fcec01076f0 0x7fcec0107b10 unknown :-1 s=BANNER_CONNECTING pgs=0 cs=0 l=0 rev1=0 crypto rx=0 tx=0 comp rx=0 tx=0)._handle_peer_banner_payload supported=3 required=0
2024-04-22T13:20:47.304 INFO:teuthology.orchestra.run.smithi129.stdout:/usr/bin/ceph: stderr
2024-04-22T13:20:46.412+0000 7fcebe59c700 1 --2- >> [v2:172.21.15.129:3300/0,v1:172.21.15.129:6789/0] conn(0x7fcec01076f0 0x7fcec0107b10 unknown :-1 s=HELLO_CONNECTING pgs=0 cs=0 l=0 rev1=1 crypto rx=0 tx=0 comp rx=0 tx=0).handle_hello peer v2:172.21.15.129:3300/0 says I am v2:172.21.15.129:33000/0 (socket says 172.21.15.129:33000)
2024-04-22T13:20:47.305 INFO:teuthology.orchestra.run.smithi129.stdout:/usr/bin/ceph: stderr
2024-04-22T13:20:46.412+0000 7fcebe59c700 1 -- 172.21.15.129:0/38443508 learned_addr learned my addr 172.21.15.129:0/38443508 (peer_addr_for_me v2:172.21.15.129:0/0)
2024-04-22T13:20:47.305 INFO:teuthology.orchestra.run.smithi129.stdout:/usr/bin/ceph: stderr
2024-04-22T13:20:46.412+0000 7fcebe59c700 1 -- 172.21.15.129:0/38443508 --> [v2:172.21.15.129:3300/0,v1:172.21.15.129:6789/0] -- mon_subscribe({config=0+,monmap=0+}) -- 0x7fcec01088a0 con 0x7fcec01076f0
2024-04-22T13:20:47.305 INFO:teuthology.orchestra.run.smithi129.stdout:/usr/bin/ceph: stderr
2024-04-22T13:20:46.413+0000 7fcebe59c700 1 --2- 172.21.15.129:0/38443508 >> [v2:172.21.15.129:3300/0,v1:172.21.15.129:6789/0] conn(0x7fcec01076f0 0x7fcec0107b10 secure :-1 s=READY pgs=26 cs=0 l=1 rev1=1 crypto rx=0x7fceb00098a0 tx=0x7fceb0009bb0 comp rx=0 tx=0).ready entity=mon.0 client_cookie=9174346582697695 server_cookie=0 in_seq=0 out_seq=0
2024-04-22T13:20:47.305 INFO:teuthology.orchestra.run.smithi129.stdout:/usr/bin/ceph: stderr
2024-04-22T13:20:46.413+0000 7fcebd59a700 1 -- 172.21.15.129:0/38443508 <== mon.0 v2:172.21.15.129:3300/0 1 ==== mon_map magic: 0 ==== 205+0+0 (secure 0 0 0) 0x7fceb0004160 con 0x7fcec01076f0
2024-04-22T13:20:47.305 INFO:teuthology.orchestra.run.smithi129.stdout:/usr/bin/ceph: stderr
2024-04-22T13:20:46.413+0000 7fcebd59a700 1 -- 172.21.15.129:0/38443508 <== mon.0 v2:172.21.15.129:3300/0 2 ==== config(28 keys) ==== 1139+0+0 (secure 0 0 0) 0x7fceb0004300 con 0x7fcec01076f0
2024-04-22T13:20:47.305 INFO:teuthology.orchestra.run.smithi129.stdout:/usr/bin/ceph: stderr
2024-04-22T13:20:46.413+0000 7fcebd59a700 1 -- 172.21.15.129:0/38443508 <== mon.0 v2:172.21.15.129:3300/0 3 ==== mon_map magic: 0 ==== 205+0+0 (secure 0 0 0) 0x7fceb0011c00 con 0x7fcec01076f0
2024-04-22T13:20:47.305 INFO:teuthology.orchestra.run.smithi129.stdout:/usr/bin/ceph: stderr
2024-04-22T13:20:46.414+0000 7fcec4bc1700 1 -- 172.21.15.129:0/38443508 >> [v2:172.21.15.129:3300/0,v1:172.21.15.129:6789/0] conn(0x7fcec01076f0 msgr2=0x7fcec0107b10 secure :-1 s=STATE_CONNECTION_ESTABLISHED l=1).mark_down
2024-04-22T13:20:47.305 INFO:teuthology.orchestra.run.smithi129.stdout:/usr/bin/ceph: stderr
2024-04-22T13:20:46.414+0000 7fcec4bc1700 1 --2- 172.21.15.129:0/38443508 >> [v2:172.21.15.129:3300/0,v1:172.21.15.129:6789/0] conn(0x7fcec01076f0 0x7fcec0107b10 secure :-1 s=READY pgs=26 cs=0 l=1 rev1=1 crypto rx=0x7fceb00098a0 tx=0x7fceb0009bb0 comp rx=0 tx=0).stop
2024-04-22T13:20:47.305 INFO:teuthology.orchestra.run.smithi129.stdout:/usr/bin/ceph: stderr
2024-04-22T13:20:46.414+0000 7fcec4bc1700 1 -- 172.21.15.129:0/38443508 shutdown_connections
2024-04-22T13:20:47.306 INFO:teuthology.orchestra.run.smithi129.stdout:/usr/bin/ceph: stderr
2024-04-22T13:20:46.414+0000 7fcec4bc1700 1 --2- 172.21.15.129:0/38443508 >> [v2:172.21.15.129:3300/0,v1:172.21.15.129:6789/0] conn(0x7fcec01076f0 0x7fcec0107b10 unknown :-1 s=CLOSED pgs=26 cs=0 l=1 rev1=1 crypto rx=0 tx=0 comp rx=0 tx=0).stop
2024-04-22T13:20:47.306 INFO:teuthology.orchestra.run.smithi129.stdout:/usr/bin/ceph: stderr
2024-04-22T13:20:46.414+0000 7fcec4bc1700 1 -- 172.21.15.129:0/38443508 >> 172.21.15.129:0/38443508 conn(0x7fcec0102c90 msgr2=0x7fcec01050d0 unknown :-1 s=STATE_NONE l=0).mark_down
2024-04-22T13:20:47.306 INFO:teuthology.orchestra.run.smithi129.stdout:/usr/bin/ceph: stderr
2024-04-22T13:20:46.414+0000 7fcec4bc1700 1 -- 172.21.15.129:0/38443508 shutdown_connections
2024-04-22T13:20:47.306 INFO:teuthology.orchestra.run.smithi129.stdout:/usr/bin/ceph: stderr
2024-04-22T13:20:46.414+0000 7fcec4bc1700 1 -- 172.21.15.129:0/38443508 wait complete.
2024-04-22T13:20:47.306 INFO:teuthology.orchestra.run.smithi129.stdout:/usr/bin/ceph: stderr
2024-04-22T13:20:46.415+0000 7fcec4bc1700 1 Processor -- start
2024-04-22T13:20:47.306 INFO:teuthology.orchestra.run.smithi129.stdout:/usr/bin/ceph: stderr
2024-04-22T13:20:46.415+0000 7fcec4bc1700 1 -- start start
2024-04-22T13:20:47.306 INFO:teuthology.orchestra.run.smithi129.stdout:/usr/bin/ceph: stderr
2024-04-22T13:20:46.415+0000 7fcec4bc1700 1 --2- >> [v2:172.21.15.129:3300/0,v1:172.21.15.129:6789/0] conn(0x7fcec01076f0 0x7fcec019b6c0 unknown :-1 s=NONE pgs=0 cs=0 l=1 rev1=0 crypto rx=0 tx=0 comp rx=0 tx=0).connect
2024-04-22T13:20:47.306 INFO:teuthology.orchestra.run.smithi129.stdout:/usr/bin/ceph: stderr
2024-04-22T13:20:46.415+0000 7fcec4bc1700 1 -- --> [v2:172.21.15.129:3300/0,v1:172.21.15.129:6789/0] -- mon_getmap magic: 0 -- 0x7fcec010bc50 con 0x7fcec01076f0
2024-04-22T13:20:47.306 INFO:teuthology.orchestra.run.smithi129.stdout:/usr/bin/ceph: stderr
2024-04-22T13:20:46.415+0000 7fcebe59c700 1 --2- >> [v2:172.21.15.129:3300/0,v1:172.21.15.129:6789/0] conn(0x7fcec01076f0 0x7fcec019b6c0 unknown :-1 s=BANNER_CONNECTING pgs=0 cs=0 l=1 rev1=0 crypto rx=0 tx=0 comp rx=0 tx=0)._handle_peer_banner_payload supported=3 required=0
2024-04-22T13:20:47.306 INFO:teuthology.orchestra.run.smithi129.stdout:/usr/bin/ceph: stderr
2024-04-22T13:20:46.415+0000 7fcebe59c700 1 --2- >> [v2:172.21.15.129:3300/0,v1:172.21.15.129:6789/0] conn(0x7fcec01076f0 0x7fcec019b6c0 unknown :-1 s=HELLO_CONNECTING pgs=0 cs=0 l=1 rev1=1 crypto rx=0 tx=0 comp rx=0 tx=0).handle_hello peer v2:172.21.15.129:3300/0 says I am v2:172.21.15.129:33008/0 (socket says 172.21.15.129:33008)
2024-04-22T13:20:47.306 INFO:teuthology.orchestra.run.smithi129.stdout:/usr/bin/ceph: stderr
2024-04-22T13:20:46.415+0000 7fcebe59c700 1 -- 172.21.15.129:0/1535483895 learned_addr learned my addr 172.21.15.129:0/1535483895 (peer_addr_for_me v2:172.21.15.129:0/0)
2024-04-22T13:20:47.306 INFO:teuthology.orchestra.run.smithi129.stdout:/usr/bin/ceph: stderr
2024-04-22T13:20:46.416+0000 7fcebe59c700 1 -- 172.21.15.129:0/1535483895 --> [v2:172.21.15.129:3300/0,v1:172.21.15.129:6789/0] -- mon_subscribe({config=0+,monmap=0+}) -- 0x7fcec019bc00 con 0x7fcec01076f0
2024-04-22T13:20:47.307 INFO:teuthology.orchestra.run.smithi129.stdout:/usr/bin/ceph: stderr
2024-04-22T13:20:46.416+0000 7fcebe59c700 1 --2- 172.21.15.129:0/1535483895 >> [v2:172.21.15.129:3300/0,v1:172.21.15.129:6789/0] conn(0x7fcec01076f0 0x7fcec019b6c0 secure :-1 s=READY pgs=27 cs=0 l=1 rev1=1 crypto rx=0x7fceb0009fb0 tx=0x7fceb0011c60 comp rx=0 tx=0).ready entity=mon.0 client_cookie=0 server_cookie=0 in_seq=0 out_seq=0
2024-04-22T13:20:47.307 INFO:teuthology.orchestra.run.smithi129.stdout:/usr/bin/ceph: stderr
2024-04-22T13:20:46.416+0000 7fceaf7fe700 1 -- 172.21.15.129:0/1535483895 <== mon.0 v2:172.21.15.129:3300/0 1 ==== mon_map magic: 0 ==== 205+0+0 (secure 0 0 0) 0x7fceb00038b0 con 0x7fcec01076f0
2024-04-22T13:20:47.307 INFO:teuthology.orchestra.run.smithi129.stdout:/usr/bin/ceph: stderr
2024-04-22T13:20:46.416+0000 7fceaf7fe700 1 -- 172.21.15.129:0/1535483895 <== mon.0 v2:172.21.15.129:3300/0 2 ==== config(28 keys) ==== 1139+0+0 (secure 0 0 0) 0x7fceb001a430 con 0x7fcec01076f0
2024-04-22T13:20:47.307 INFO:teuthology.orchestra.run.smithi129.stdout:/usr/bin/ceph: stderr
2024-04-22T13:20:46.416+0000 7fcec4bc1700 1 -- 172.21.15.129:0/1535483895 --> [v2:172.21.15.129:3300/0,v1:172.21.15.129:6789/0] -- mon_subscribe({mgrmap=0+}) -- 0x7fcec019be90 con 0x7fcec01076f0
2024-04-22T13:20:47.307 INFO:teuthology.orchestra.run.smithi129.stdout:/usr/bin/ceph: stderr
2024-04-22T13:20:46.416+0000 7fceaf7fe700 1 -- 172.21.15.129:0/1535483895 <== mon.0 v2:172.21.15.129:3300/0 3 ==== mon_map magic: 0 ==== 205+0+0 (secure 0 0 0) 0x7fceb00195e0 con 0x7fcec01076f0
2024-04-22T13:20:47.307 INFO:teuthology.orchestra.run.smithi129.stdout:/usr/bin/ceph: stderr
2024-04-22T13:20:46.416+0000 7fcec4bc1700 1 -- 172.21.15.129:0/1535483895 --> [v2:172.21.15.129:3300/0,v1:172.21.15.129:6789/0] -- mon_subscribe({osdmap=0}) -- 0x7fcec019c2f0 con 0x7fcec01076f0
2024-04-22T13:20:47.307 INFO:teuthology.orchestra.run.smithi129.stdout:/usr/bin/ceph: stderr
2024-04-22T13:20:46.417+0000 7fcec4bc1700 1 -- 172.21.15.129:0/1535483895 --> [v2:172.21.15.129:3300/0,v1:172.21.15.129:6789/0] -- mon_command({"prefix": "get_command_descriptions"} v 0) -- 0x7fcec00640a0 con 0x7fcec01076f0
2024-04-22T13:20:47.307 INFO:teuthology.orchestra.run.smithi129.stdout:/usr/bin/ceph: stderr
2024-04-22T13:20:46.417+0000 7fceaf7fe700 1 -- 172.21.15.129:0/1535483895 <== mon.0 v2:172.21.15.129:3300/0 4 ==== mgrmap(e 5) ==== 46558+0+0 (secure 0 0 0) 0x7fceb0019890 con 0x7fcec01076f0
2024-04-22T13:20:47.307 INFO:teuthology.orchestra.run.smithi129.stdout:/usr/bin/ceph: stderr
2024-04-22T13:20:46.417+0000 7fceaf7fe700 1 --2- 172.21.15.129:0/1535483895 >> [v2:172.21.15.129:6800/1056631650,v1:172.21.15.129:6801/1056631650] conn(0x7fcea803b7c0 0x7fcea803dc80 unknown :-1 s=NONE pgs=0 cs=0 l=1 rev1=0 crypto rx=0 tx=0 comp rx=0 tx=0).connect
2024-04-22T13:20:47.308 INFO:teuthology.orchestra.run.smithi129.stdout:/usr/bin/ceph: stderr
2024-04-22T13:20:46.417+0000 7fceaf7fe700 1 -- 172.21.15.129:0/1535483895 <== mon.0 v2:172.21.15.129:3300/0 5 ==== osd_map(1..1 src has 1..1) ==== 725+0+0 (secure 0 0 0) 0x7fceb004dc00 con 0x7fcec01076f0
2024-04-22T13:20:47.308 INFO:teuthology.orchestra.run.smithi129.stdout:/usr/bin/ceph: stderr
2024-04-22T13:20:46.417+0000 7fcebdd9b700 1 -- 172.21.15.129:0/1535483895 >> [v2:172.21.15.129:6800/1056631650,v1:172.21.15.129:6801/1056631650] conn(0x7fcea803b7c0 msgr2=0x7fcea803dc80 unknown :-1 s=STATE_CONNECTING_RE l=1).process reconnect failed to v2:172.21.15.129:6800/1056631650
2024-04-22T13:20:47.308 INFO:teuthology.orchestra.run.smithi129.stdout:/usr/bin/ceph: stderr
2024-04-22T13:20:46.417+0000 7fcebdd9b700 1 --2- 172.21.15.129:0/1535483895 >> [v2:172.21.15.129:6800/1056631650,v1:172.21.15.129:6801/1056631650] conn(0x7fcea803b7c0 0x7fcea803dc80 unknown :-1 s=START_CONNECT pgs=0 cs=0 l=1 rev1=0 crypto rx=0 tx=0 comp rx=0 tx=0)._fault waiting 0.200000
2024-04-22T13:20:47.308 INFO:teuthology.orchestra.run.smithi129.stdout:/usr/bin/ceph: stderr
2024-04-22T13:20:46.426+0000 7fceaf7fe700 1 -- 172.21.15.129:0/1535483895 <== mon.0 v2:172.21.15.129:3300/0 6 ==== mon_command_ack([{"prefix": "get_command_descriptions"}]=0 v0) ==== 72+0+188370 (secure 0 0 0) 0x7fceb004d620 con 0x7fcec01076f0
2024-04-22T13:20:47.308 INFO:teuthology.orchestra.run.smithi129.stdout:/usr/bin/ceph: stderr
2024-04-22T13:20:46.618+0000 7fcebdd9b700 1 -- 172.21.15.129:0/1535483895 >> [v2:172.21.15.129:6800/1056631650,v1:172.21.15.129:6801/1056631650] conn(0x7fcea803b7c0 msgr2=0x7fcea803dc80 unknown :-1 s=STATE_CONNECTING_RE l=1).process reconnect failed to v2:172.21.15.129:6800/1056631650
2024-04-22T13:20:47.308 INFO:teuthology.orchestra.run.smithi129.stdout:/usr/bin/ceph: stderr
2024-04-22T13:20:46.618+0000 7fcebdd9b700 1 --2- 172.21.15.129:0/1535483895 >> [v2:172.21.15.129:6800/1056631650,v1:172.21.15.129:6801/1056631650] conn(0x7fcea803b7c0 0x7fcea803dc80 unknown :-1 s=START_CONNECT pgs=0 cs=0 l=1 rev1=0 crypto rx=0 tx=0 comp rx=0 tx=0)._fault waiting 0.400000
2024-04-22T13:20:47.308 INFO:teuthology.orchestra.run.smithi129.stdout:/usr/bin/ceph: stderr
2024-04-22T13:20:46.703+0000 7fcec4bc1700 1 -- 172.21.15.129:0/1535483895 --> [v2:172.21.15.129:3300/0,v1:172.21.15.129:6789/0] -- mon_command({"prefix": "mgr stat"} v 0) -- 0x7fcec007c7d0 con 0x7fcec01076f0
2024-04-22T13:20:47.308 INFO:teuthology.orchestra.run.smithi129.stdout:/usr/bin/ceph: stderr
2024-04-22T13:20:46.705+0000 7fceaf7fe700 1 -- 172.21.15.129:0/1535483895 <== mon.0 v2:172.21.15.129:3300/0 7 ==== mon_command_ack([{"prefix": "mgr stat"}]=0 v5) ==== 56+0+88 (secure 0 0 0) 0x7fceb0019cd0 con 0x7fcec01076f0
2024-04-22T13:20:47.308 INFO:teuthology.orchestra.run.smithi129.stdout:/usr/bin/ceph: stderr
2024-04-22T13:20:46.708+0000 7fcead7fa700 1 -- 172.21.15.129:0/1535483895 >> [v2:172.21.15.129:6800/1056631650,v1:172.21.15.129:6801/1056631650] conn(0x7fcea803b7c0 msgr2=0x7fcea803dc80 unknown :-1 s=STATE_CONNECTING l=1).mark_down
2024-04-22T13:20:47.308 INFO:teuthology.orchestra.run.smithi129.stdout:/usr/bin/ceph: stderr
2024-04-22T13:20:46.708+0000 7fcead7fa700 1 --2- 172.21.15.129:0/1535483895 >> [v2:172.21.15.129:6800/1056631650,v1:172.21.15.129:6801/1056631650] conn(0x7fcea803b7c0 0x7fcea803dc80 unknown :-1 s=START_CONNECT pgs=0 cs=0 l=1 rev1=0 crypto rx=0 tx=0 comp rx=0 tx=0).stop
2024-04-22T13:20:47.308 INFO:teuthology.orchestra.run.smithi129.stdout:/usr/bin/ceph: stderr
2024-04-22T13:20:46.708+0000 7fcead7fa700 1 -- 172.21.15.129:0/1535483895 >> [v2:172.21.15.129:3300/0,v1:172.21.15.129:6789/0] conn(0x7fcec01076f0 msgr2=0x7fcec019b6c0 secure :-1 s=STATE_CONNECTION_ESTABLISHED l=1).mark_down
2024-04-22T13:20:47.308 INFO:teuthology.orchestra.run.smithi129.stdout:/usr/bin/ceph: stderr
2024-04-22T13:20:46.708+0000 7fcead7fa700 1 --2- 172.21.15.129:0/1535483895 >> [v2:172.21.15.129:3300/0,v1:172.21.15.129:6789/0] conn(0x7fcec01076f0 0x7fcec019b6c0 secure :-1 s=READY pgs=27 cs=0 l=1 rev1=1 crypto rx=0x7fceb0009fb0 tx=0x7fceb0011c60 comp rx=0 tx=0).stop
2024-04-22T13:20:47.309 INFO:teuthology.orchestra.run.smithi129.stdout:/usr/bin/ceph: stderr
2024-04-22T13:20:46.708+0000 7fcead7fa700 1 -- 172.21.15.129:0/1535483895 shutdown_connections
2024-04-22T13:20:47.309 INFO:teuthology.orchestra.run.smithi129.stdout:/usr/bin/ceph: stderr
2024-04-22T13:20:46.708+0000 7fcead7fa700 1 --2- 172.21.15.129:0/1535483895 >> [v2:172.21.15.129:6800/1056631650,v1:172.21.15.129:6801/1056631650] conn(0x7fcea803b7c0 0x7fcea803dc80 unknown :-1 s=CLOSED pgs=0 cs=0 l=1 rev1=0 crypto rx=0 tx=0 comp rx=0 tx=0).stop
2024-04-22T13:20:47.309 INFO:teuthology.orchestra.run.smithi129.stdout:/usr/bin/ceph: stderr
2024-04-22T13:20:46.708+0000 7fcead7fa700 1 --2- 172.21.15.129:0/1535483895 >> [v2:172.21.15.129:3300/0,v1:172.21.15.129:6789/0] conn(0x7fcec01076f0 0x7fcec019b6c0 unknown :-1 s=CLOSED pgs=27 cs=0 l=1 rev1=1 crypto rx=0 tx=0 comp rx=0 tx=0).stop
2024-04-22T13:20:47.309 INFO:teuthology.orchestra.run.smithi129.stdout:/usr/bin/ceph: stderr
2024-04-22T13:20:46.708+0000 7fcead7fa700 1 -- 172.21.15.129:0/1535483895 >> 172.21.15.129:0/1535483895 conn(0x7fcec0102c90 msgr2=0x7fcec0103750 unknown :-1 s=STATE_NONE l=0).mark_down
2024-04-22T13:20:47.309 INFO:teuthology.orchestra.run.smithi129.stdout:/usr/bin/ceph: stderr
2024-04-22T13:20:46.710+0000 7fcead7fa700 1 -- 172.21.15.129:0/1535483895 shutdown_connections
2024-04-22T13:20:47.309 INFO:teuthology.orchestra.run.smithi129.stdout:/usr/bin/ceph: stderr
2024-04-22T13:20:46.710+0000 7fcead7fa700 1 -- 172.21.15.129:0/1535483895 wait complete.
2024-04-22T13:20:47.309 INFO:teuthology.orchestra.run.smithi129.stdout:Waiting for the mgr to restart...
2024-04-22T13:20:47.309 INFO:teuthology.orchestra.run.smithi129.stdout:Waiting for mgr epoch 5...
2024-04-22T13:20:47.669 INFO:journalctl@ceph.mon.a.smithi129.stdout:Apr 22 13:20:47 smithi129 ceph-mon[28202]: from='client.? 172.21.15.129:0/1535483895' entity='client.admin' cmd=[{"prefix": "mgr stat"}]: dispatch
2024-04-22T13:20:47.669 INFO:journalctl@ceph.mgr.x.smithi129.stdout:Apr 22 13:20:47 smithi129 ceph-e622d5f8-00aa-11ef-bc93-c7b262605968-mgr-x[28434]:
2024-04-22T13:20:47.496+0000 7f28a96db200 -1 mgr[py] Module telegraf has missing NOTIFY_TYPES member
2024-04-22T13:20:47.669 INFO:journalctl@ceph.mgr.x.smithi129.stdout:Apr 22 13:20:47 smithi129 ceph-e622d5f8-00aa-11ef-bc93-c7b262605968-mgr-x[28434]:
2024-04-22T13:20:47.671+0000 7f28a96db200 -1 mgr[py] Module osd_support has missing NOTIFY_TYPES member
2024-04-22T13:20:47.948 INFO:journalctl@ceph.mgr.x.smithi129.stdout:Apr 22 13:20:47 smithi129 ceph-e622d5f8-00aa-11ef-bc93-c7b262605968-mgr-x[28434]:
2024-04-22T13:20:47.845+0000 7f28a96db200 -1 mgr[py] Module iostat has missing NOTIFY_TYPES member
2024-04-22T13:20:48.222 INFO:journalctl@ceph.mgr.x.smithi129.stdout:Apr 22 13:20:48 smithi129 ceph-e622d5f8-00aa-11ef-bc93-c7b262605968-mgr-x[28434]:
2024-04-22T13:20:48.132+0000 7f28a96db200 -1 mgr[py] Module alerts has missing NOTIFY_TYPES member
2024-04-22T13:20:48.223 INFO:journalctl@ceph.mgr.x.smithi129.stdout:Apr 22 13:20:48 smithi129 ceph-e622d5f8-00aa-11ef-bc93-c7b262605968-mgr-x[28434]:
2024-04-22T13:20:48.224+0000 7f28a96db200 -1 mgr[py] Module selftest has missing NOTIFY_TYPES member
2024-04-22T13:20:48.579 INFO:journalctl@ceph.mgr.x.smithi129.stdout:Apr 22 13:20:48 smithi129 ceph-e622d5f8-00aa-11ef-bc93-c7b262605968-mgr-x[28434]:
2024-04-22T13:20:48.428+0000 7f28a96db200 -1 mgr[py] Module pg_autoscaler has missing NOTIFY_TYPES member
2024-04-22T13:20:49.080 INFO:journalctl@ceph.mgr.x.smithi129.stdout:Apr 22 13:20:48 smithi129 ceph-e622d5f8-00aa-11ef-bc93-c7b262605968-mgr-x[28434]:
2024-04-22T13:20:48.621+0000 7f28a96db200 -1 mgr[py] Module test_orchestrator has missing NOTIFY_TYPES member
2024-04-22T13:20:49.580 INFO:journalctl@ceph.mgr.x.smithi129.stdout:Apr 22 13:20:49 smithi129 ceph-e622d5f8-00aa-11ef-bc93-c7b262605968-mgr-x[28434]:
2024-04-22T13:20:49.219+0000 7f28a96db200 -1 mgr[py] Module rook has missing NOTIFY_TYPES member
2024-04-22T13:20:49.935 INFO:journalctl@ceph.mgr.x.smithi129.stdout:Apr 22 13:20:49 smithi129 ceph-e622d5f8-00aa-11ef-bc93-c7b262605968-mgr-x[28434]:
2024-04-22T13:20:49.640+0000 7f28a96db200 -1 mgr[py] Module volumes has missing NOTIFY_TYPES member
2024-04-22T13:20:49.935 INFO:journalctl@ceph.mgr.x.smithi129.stdout:Apr 22 13:20:49 smithi129 ceph-e622d5f8-00aa-11ef-bc93-c7b262605968-mgr-x[28434]:
2024-04-22T13:20:49.736+0000 7f28a96db200 -1 mgr[py] Module crash has missing NOTIFY_TYPES member
2024-04-22T13:20:49.935 INFO:journalctl@ceph.mgr.x.smithi129.stdout:Apr 22 13:20:49 smithi129 ceph-e622d5f8-00aa-11ef-bc93-c7b262605968-mgr-x[28434]:
2024-04-22T13:20:49.936+0000 7f28a96db200 -1 mgr[py] Module rgw has missing NOTIFY_TYPES member
2024-04-22T13:20:50.752 INFO:journalctl@ceph.mgr.x.smithi129.stdout:Apr 22 13:20:50 smithi129 ceph-e622d5f8-00aa-11ef-bc93-c7b262605968-mgr-x[28434]:
2024-04-22T13:20:50.462+0000 7f28a96db200 -1 mgr[py] Module prometheus has missing NOTIFY_TYPES member
2024-04-22T13:20:50.752 INFO:journalctl@ceph.mgr.x.smithi129.stdout:Apr 22 13:20:50 smithi129 ceph-e622d5f8-00aa-11ef-bc93-c7b262605968-mgr-x[28434]:
2024-04-22T13:20:50.555+0000 7f28a96db200 -1 mgr[py] Module devicehealth has missing NOTIFY_TYPES member
2024-04-22T13:20:51.024 INFO:journalctl@ceph.mgr.x.smithi129.stdout:Apr 22 13:20:50 smithi129 ceph-e622d5f8-00aa-11ef-bc93-c7b262605968-mgr-x[28434]:
2024-04-22T13:20:50.798+0000 7f28a96db200 -1 mgr[py] Module telemetry has missing NOTIFY_TYPES member
2024-04-22T13:20:51.025 INFO:journalctl@ceph.mgr.x.smithi129.stdout:Apr 22 13:20:50 smithi129 ceph-e622d5f8-00aa-11ef-bc93-c7b262605968-mgr-x[28434]:
2024-04-22T13:20:50.931+0000 7f28a96db200 -1 mgr[py] Module diskprediction_local has missing NOTIFY_TYPES member
2024-04-22T13:20:51.025 INFO:journalctl@ceph.mgr.x.smithi129.stdout:Apr 22 13:20:51 smithi129 ceph-e622d5f8-00aa-11ef-bc93-c7b262605968-mgr-x[28434]:
2024-04-22T13:20:51.026+0000 7f28a96db200 -1 mgr[py] Module osd_perf_query has missing NOTIFY_TYPES member
2024-04-22T13:20:51.329 INFO:journalctl@ceph.mgr.x.smithi129.stdout:Apr 22 13:20:51 smithi129 ceph-e622d5f8-00aa-11ef-bc93-c7b262605968-mgr-x[28434]:
2024-04-22T13:20:51.142+0000 7f28a96db200 -1 mgr[py] Module rbd_support has missing NOTIFY_TYPES member
2024-04-22T13:20:51.830 INFO:journalctl@ceph.mgr.x.smithi129.stdout:Apr 22 13:20:51 smithi129 ceph-e622d5f8-00aa-11ef-bc93-c7b262605968-mgr-x[28434]:
2024-04-22T13:20:51.445+0000 7f28a96db200 -1 mgr[py] Module zabbix has missing NOTIFY_TYPES member
2024-04-22T13:20:52.308 INFO:journalctl@ceph.mgr.x.smithi129.stdout:Apr 22 13:20:52 smithi129 ceph-e622d5f8-00aa-11ef-bc93-c7b262605968-mgr-x[28434]:
2024-04-22T13:20:52.041+0000 7f28a96db200 -1 mgr[py] Module status has missing NOTIFY_TYPES member
2024-04-22T13:20:52.308 INFO:journalctl@ceph.mgr.x.smithi129.stdout:Apr 22 13:20:52 smithi129 ceph-e622d5f8-00aa-11ef-bc93-c7b262605968-mgr-x[28434]:
2024-04-22T13:20:52.257+0000 7f28a96db200 -1 mgr[py] Module nfs has missing NOTIFY_TYPES member
2024-04-22T13:20:52.580 INFO:journalctl@ceph.mon.a.smithi129.stdout:Apr 22 13:20:52 smithi129 ceph-mon[28202]: Active manager daemon x restarted
2024-04-22T13:20:52.580 INFO:journalctl@ceph.mon.a.smithi129.stdout:Apr 22 13:20:52 smithi129 ceph-mon[28202]: Activating manager daemon x
2024-04-22T13:20:52.580 INFO:journalctl@ceph.mon.a.smithi129.stdout:Apr 22 13:20:52 smithi129 ceph-mon[28202]: osdmap e2: 0 total, 0 up, 0 in
2024-04-22T13:20:52.580 INFO:journalctl@ceph.mon.a.smithi129.stdout:Apr 22 13:20:52 smithi129 ceph-mon[28202]: mgrmap e6: x(active, starting, since 0.00359945s)
2024-04-22T13:20:52.580 INFO:journalctl@ceph.mon.a.smithi129.stdout:Apr 22 13:20:52 smithi129 ceph-mon[28202]: from='mgr.14120 172.21.15.129:0/1809799459' entity='mgr.x' cmd=[{"prefix": "mon metadata", "id": "a"}]: dispatch
2024-04-22T13:20:52.580 INFO:journalctl@ceph.mon.a.smithi129.stdout:Apr 22 13:20:52 smithi129 ceph-mon[28202]: from='mgr.14120 172.21.15.129:0/1809799459' entity='mgr.x' cmd=[{"prefix": "mgr metadata", "who": "x", "id": "x"}]: dispatch
2024-04-22T13:20:52.580 INFO:journalctl@ceph.mon.a.smithi129.stdout:Apr 22 13:20:52 smithi129 ceph-mon[28202]: from='mgr.14120 172.21.15.129:0/1809799459' entity='mgr.x' cmd=[{"prefix": "mds metadata"}]: dispatch
2024-04-22T13:20:52.580 INFO:journalctl@ceph.mon.a.smithi129.stdout:Apr 22 13:20:52 smithi129 ceph-mon[28202]: from='mgr.14120 172.21.15.129:0/1809799459' entity='mgr.x' cmd=[{"prefix": "osd metadata"}]: dispatch
2024-04-22T13:20:52.580 INFO:journalctl@ceph.mon.a.smithi129.stdout:Apr 22 13:20:52 smithi129 ceph-mon[28202]: from='mgr.14120 172.21.15.129:0/1809799459' entity='mgr.x' cmd=[{"prefix": "mon metadata"}]: dispatch
2024-04-22T13:20:52.580 INFO:journalctl@ceph.mon.a.smithi129.stdout:Apr 22 13:20:52 smithi129 ceph-mon[28202]: Manager daemon x is now available
2024-04-22T13:20:52.581 INFO:journalctl@ceph.mon.a.smithi129.stdout:Apr 22 13:20:52 smithi129 ceph-mon[28202]: from='mgr.14120 172.21.15.129:0/1809799459' entity='mgr.x'
2024-04-22T13:20:52.581 INFO:journalctl@ceph.mon.a.smithi129.stdout:Apr 22 13:20:52 smithi129 ceph-mon[28202]: from='mgr.14120 172.21.15.129:0/1809799459' entity='mgr.x'
2024-04-22T13:20:52.581 INFO:journalctl@ceph.mon.a.smithi129.stdout:Apr 22 13:20:52 smithi129 ceph-mon[28202]: from='mgr.14120 172.21.15.129:0/1809799459' entity='mgr.x' cmd=[{"prefix": "config dump", "format": "json"}]: dispatch
2024-04-22T13:20:52.581 INFO:journalctl@ceph.mon.a.smithi129.stdout:Apr 22 13:20:52 smithi129 ceph-mon[28202]: from='mgr.14120 172.21.15.129:0/1809799459' entity='mgr.x' cmd=[{"prefix": "config dump", "format": "json"}]: dispatch
2024-04-22T13:20:52.581 INFO:journalctl@ceph.mon.a.smithi129.stdout:Apr 22 13:20:52 smithi129 ceph-mon[28202]: from='mgr.14120 172.21.15.129:0/1809799459' entity='mgr.x' cmd=[{"prefix":"config rm","who":"mgr","name":"mgr/rbd_support/x/mirror_snapshot_schedule"}]: dispatch
2024-04-22T13:20:52.581 INFO:journalctl@ceph.mon.a.smithi129.stdout:Apr 22 13:20:52 smithi129 ceph-mon[28202]: from='mgr.14120 172.21.15.129:0/1809799459' entity='mgr.x' cmd=[{"prefix":"config rm","who":"mgr","name":"mgr/rbd_support/x/trash_purge_schedule"}]: dispatch
2024-04-22T13:20:53.580 INFO:journalctl@ceph.mon.a.smithi129.stdout:Apr 22 13:20:53 smithi129 ceph-mon[28202]: Found migration_current of "None". Setting to last migration.
2024-04-22T13:20:53.580 INFO:journalctl@ceph.mon.a.smithi129.stdout:Apr 22 13:20:53 smithi129 ceph-mon[28202]: from='mgr.14120 172.21.15.129:0/1809799459' entity='mgr.x'
2024-04-22T13:20:53.580 INFO:journalctl@ceph.mon.a.smithi129.stdout:Apr 22 13:20:53 smithi129 ceph-mon[28202]: from='mgr.14120 172.21.15.129:0/1809799459' entity='mgr.x'
2024-04-22T13:20:53.580 INFO:journalctl@ceph.mon.a.smithi129.stdout:Apr 22 13:20:53 smithi129 ceph-mon[28202]: from='mgr.14120 172.21.15.129:0/1809799459' entity='mgr.x' cmd=[{"prefix": "config dump", "format": "json"}]: dispatch
2024-04-22T13:20:53.580 INFO:journalctl@ceph.mon.a.smithi129.stdout:Apr 22 13:20:53 smithi129 ceph-mon[28202]: mgrmap e7: x(active, since 1.00595s)
2024-04-22T13:20:53.762 INFO:teuthology.orchestra.run.smithi129.stdout:/usr/bin/ceph: stdout {
2024-04-22T13:20:53.762 INFO:teuthology.orchestra.run.smithi129.stdout:/usr/bin/ceph: stdout "mgrmap_epoch": 7,
2024-04-22T13:20:53.762 INFO:teuthology.orchestra.run.smithi129.stdout:/usr/bin/ceph: stdout "initialized": true
2024-04-22T13:20:53.762 INFO:teuthology.orchestra.run.smithi129.stdout:/usr/bin/ceph: stdout }
2024-04-22T13:20:53.762 INFO:teuthology.orchestra.run.smithi129.stdout:/usr/bin/ceph: stderr
2024-04-22T13:20:47.744+0000 7f1ba473f700 1 Processor -- start
2024-04-22T13:20:53.762 INFO:teuthology.orchestra.run.smithi129.stdout:/usr/bin/ceph: stderr
2024-04-22T13:20:47.744+0000 7f1ba473f700 1 -- start start
2024-04-22T13:20:53.762 INFO:teuthology.orchestra.run.smithi129.stdout:/usr/bin/ceph: stderr
2024-04-22T13:20:47.744+0000 7f1ba473f700 1 --2- >> [v2:172.21.15.129:3300/0,v1:172.21.15.129:6789/0] conn(0x7f1b9c1087f0 0x7f1b9c108c10 unknown :-1 s=NONE pgs=0 cs=0 l=0 rev1=0 crypto rx=0 tx=0 comp rx=0 tx=0).connect
2024-04-22T13:20:53.762 INFO:teuthology.orchestra.run.smithi129.stdout:/usr/bin/ceph: stderr
2024-04-22T13:20:47.744+0000 7f1ba473f700 1 -- --> [v2:172.21.15.129:3300/0,v1:172.21.15.129:6789/0] -- mon_getmap magic: 0 -- 0x7f1b9c1091e0 con 0x7f1b9c1087f0
2024-04-22T13:20:53.762 INFO:teuthology.orchestra.run.smithi129.stdout:/usr/bin/ceph: stderr
2024-04-22T13:20:47.745+0000 7f1ba24db700 1 --2- >> [v2:172.21.15.129:3300/0,v1:172.21.15.129:6789/0] conn(0x7f1b9c1087f0 0x7f1b9c108c10 unknown :-1 s=BANNER_CONNECTING pgs=0 cs=0 l=0 rev1=0 crypto rx=0 tx=0 comp rx=0 tx=0)._handle_peer_banner_payload supported=3 required=0
2024-04-22T13:20:53.763 INFO:teuthology.orchestra.run.smithi129.stdout:/usr/bin/ceph: stderr
2024-04-22T13:20:47.745+0000 7f1ba24db700 1 --2- >> [v2:172.21.15.129:3300/0,v1:172.21.15.129:6789/0] conn(0x7f1b9c1087f0 0x7f1b9c108c10 unknown :-1 s=HELLO_CONNECTING pgs=0 cs=0 l=0 rev1=1 crypto rx=0 tx=0 comp rx=0 tx=0).handle_hello peer v2:172.21.15.129:3300/0 says I am v2:172.21.15.129:33014/0 (socket says 172.21.15.129:33014)
2024-04-22T13:20:53.763 INFO:teuthology.orchestra.run.smithi129.stdout:/usr/bin/ceph: stderr
2024-04-22T13:20:47.745+0000 7f1ba24db700 1 -- 172.21.15.129:0/3135975358 learned_addr learned my addr 172.21.15.129:0/3135975358 (peer_addr_for_me v2:172.21.15.129:0/0)
2024-04-22T13:20:53.763 INFO:teuthology.orchestra.run.smithi129.stdout:/usr/bin/ceph: stderr
2024-04-22T13:20:47.745+0000 7f1ba24db700 1 -- 172.21.15.129:0/3135975358 --> [v2:172.21.15.129:3300/0,v1:172.21.15.129:6789/0] -- mon_subscribe({config=0+,monmap=0+}) -- 0x7f1b9c1099a0 con 0x7f1b9c1087f0
2024-04-22T13:20:53.763 INFO:teuthology.orchestra.run.smithi129.stdout:/usr/bin/ceph: stderr
2024-04-22T13:20:47.745+0000 7f1ba24db700 1 --2- 172.21.15.129:0/3135975358 >> [v2:172.21.15.129:3300/0,v1:172.21.15.129:6789/0] conn(0x7f1b9c1087f0 0x7f1b9c108c10 secure :-1 s=READY pgs=28 cs=0 l=1 rev1=1 crypto rx=0x7f1b8c0098a0 tx=0x7f1b8c009bb0 comp rx=0 tx=0).ready entity=mon.0 client_cookie=baa8533e1743d839 server_cookie=0 in_seq=0 out_seq=0
2024-04-22T13:20:53.763 INFO:teuthology.orchestra.run.smithi129.stdout:/usr/bin/ceph: stderr
2024-04-22T13:20:47.745+0000 7f1ba14d9700 1 -- 172.21.15.129:0/3135975358 <== mon.0 v2:172.21.15.129:3300/0 1 ==== mon_map magic: 0 ==== 205+0+0 (secure 0 0 0) 0x7f1b8c004160 con 0x7f1b9c1087f0
2024-04-22T13:20:53.763 INFO:teuthology.orchestra.run.smithi129.stdout:/usr/bin/ceph: stderr
2024-04-22T13:20:47.745+0000 7f1ba14d9700 1 -- 172.21.15.129:0/3135975358 <== mon.0 v2:172.21.15.129:3300/0 2 ==== config(28 keys) ==== 1139+0+0 (secure 0 0 0) 0x7f1b8c004300 con 0x7f1b9c1087f0
2024-04-22T13:20:53.763 INFO:teuthology.orchestra.run.smithi129.stdout:/usr/bin/ceph: stderr
2024-04-22T13:20:47.745+0000 7f1ba14d9700 1 -- 172.21.15.129:0/3135975358 <== mon.0 v2:172.21.15.129:3300/0 3 ==== mon_map magic: 0 ==== 205+0+0 (secure 0 0 0) 0x7f1b8c011c00 con 0x7f1b9c1087f0
2024-04-22T13:20:53.763 INFO:teuthology.orchestra.run.smithi129.stdout:/usr/bin/ceph: stderr
2024-04-22T13:20:47.746+0000 7f1ba473f700 1 -- 172.21.15.129:0/3135975358 >> [v2:172.21.15.129:3300/0,v1:172.21.15.129:6789/0] conn(0x7f1b9c1087f0 msgr2=0x7f1b9c108c10 secure :-1 s=STATE_CONNECTION_ESTABLISHED l=1).mark_down
2024-04-22T13:20:53.763 INFO:teuthology.orchestra.run.smithi129.stdout:/usr/bin/ceph: stderr
2024-04-22T13:20:47.746+0000 7f1ba473f700 1 --2- 172.21.15.129:0/3135975358 >> [v2:172.21.15.129:3300/0,v1:172.21.15.129:6789/0] conn(0x7f1b9c1087f0 0x7f1b9c108c10 secure :-1 s=READY pgs=28 cs=0 l=1 rev1=1 crypto rx=0x7f1b8c0098a0 tx=0x7f1b8c009bb0 comp rx=0 tx=0).stop
2024-04-22T13:20:53.763 INFO:teuthology.orchestra.run.smithi129.stdout:/usr/bin/ceph: stderr
2024-04-22T13:20:47.746+0000 7f1ba473f700 1 -- 172.21.15.129:0/3135975358 shutdown_connections
2024-04-22T13:20:53.763 INFO:teuthology.orchestra.run.smithi129.stdout:/usr/bin/ceph: stderr
2024-04-22T13:20:47.746+0000 7f1ba473f700 1 --2- 172.21.15.129:0/3135975358 >> [v2:172.21.15.129:3300/0,v1:172.21.15.129:6789/0] conn(0x7f1b9c1087f0 0x7f1b9c108c10 unknown :-1 s=CLOSED pgs=28 cs=0 l=1 rev1=1 crypto rx=0 tx=0 comp rx=0 tx=0).stop
2024-04-22T13:20:53.763 INFO:teuthology.orchestra.run.smithi129.stdout:/usr/bin/ceph: stderr
2024-04-22T13:20:47.746+0000 7f1ba473f700 1 -- 172.21.15.129:0/3135975358 >> 172.21.15.129:0/3135975358 conn(0x7f1b9c103db0 msgr2=0x7f1b9c1061d0 unknown :-1 s=STATE_NONE l=0).mark_down
2024-04-22T13:20:53.763 INFO:teuthology.orchestra.run.smithi129.stdout:/usr/bin/ceph: stderr
2024-04-22T13:20:47.747+0000 7f1ba473f700 1 -- 172.21.15.129:0/3135975358 shutdown_connections
2024-04-22T13:20:53.763 INFO:teuthology.orchestra.run.smithi129.stdout:/usr/bin/ceph: stderr
2024-04-22T13:20:47.747+0000 7f1ba473f700 1 -- 172.21.15.129:0/3135975358 wait complete.
2024-04-22T13:20:53.764 INFO:teuthology.orchestra.run.smithi129.stdout:/usr/bin/ceph: stderr
2024-04-22T13:20:47.747+0000 7f1ba473f700 1 Processor -- start
2024-04-22T13:20:53.764 INFO:teuthology.orchestra.run.smithi129.stdout:/usr/bin/ceph: stderr
2024-04-22T13:20:47.747+0000 7f1ba473f700 1 -- start start
2024-04-22T13:20:53.764 INFO:teuthology.orchestra.run.smithi129.stdout:/usr/bin/ceph: stderr
2024-04-22T13:20:47.748+0000 7f1ba473f700 1 --2- >> [v2:172.21.15.129:3300/0,v1:172.21.15.129:6789/0] conn(0x7f1b9c1087f0 0x7f1b9c19c7d0 unknown :-1 s=NONE pgs=0 cs=0 l=1 rev1=0 crypto rx=0 tx=0 comp rx=0 tx=0).connect
2024-04-22T13:20:53.764 INFO:teuthology.orchestra.run.smithi129.stdout:/usr/bin/ceph: stderr
2024-04-22T13:20:47.748+0000 7f1ba473f700 1 -- --> [v2:172.21.15.129:3300/0,v1:172.21.15.129:6789/0] -- mon_getmap magic: 0 -- 0x7f1b9c10cd50 con 0x7f1b9c1087f0
2024-04-22T13:20:53.764 INFO:teuthology.orchestra.run.smithi129.stdout:/usr/bin/ceph: stderr
2024-04-22T13:20:47.748+0000 7f1ba24db700 1 --2- >> [v2:172.21.15.129:3300/0,v1:172.21.15.129:6789/0] conn(0x7f1b9c1087f0 0x7f1b9c19c7d0 unknown :-1 s=BANNER_CONNECTING pgs=0 cs=0 l=1 rev1=0 crypto rx=0 tx=0 comp rx=0 tx=0)._handle_peer_banner_payload supported=3 required=0
2024-04-22T13:20:53.764 INFO:teuthology.orchestra.run.smithi129.stdout:/usr/bin/ceph: stderr
2024-04-22T13:20:47.748+0000 7f1ba24db700 1 --2- >> [v2:172.21.15.129:3300/0,v1:172.21.15.129:6789/0] conn(0x7f1b9c1087f0 0x7f1b9c19c7d0 unknown :-1 s=HELLO_CONNECTING pgs=0 cs=0 l=1 rev1=1 crypto rx=0 tx=0 comp rx=0 tx=0).handle_hello peer v2:172.21.15.129:3300/0 says I am v2:172.21.15.129:33020/0 (socket says 172.21.15.129:33020)
2024-04-22T13:20:53.764 INFO:teuthology.orchestra.run.smithi129.stdout:/usr/bin/ceph: stderr
2024-04-22T13:20:47.748+0000 7f1ba24db700 1 -- 172.21.15.129:0/1096201730 learned_addr learned my addr 172.21.15.129:0/1096201730 (peer_addr_for_me v2:172.21.15.129:0/0)
2024-04-22T13:20:53.764 INFO:teuthology.orchestra.run.smithi129.stdout:/usr/bin/ceph: stderr
2024-04-22T13:20:47.748+0000 7f1ba24db700 1 -- 172.21.15.129:0/1096201730 --> [v2:172.21.15.129:3300/0,v1:172.21.15.129:6789/0] -- mon_subscribe({config=0+,monmap=0+}) -- 0x7f1b9c19cd10 con 0x7f1b9c1087f0
2024-04-22T13:20:53.764 INFO:teuthology.orchestra.run.smithi129.stdout:/usr/bin/ceph: stderr
2024-04-22T13:20:47.748+0000 7f1ba24db700 1 --2- 172.21.15.129:0/1096201730 >> [v2:172.21.15.129:3300/0,v1:172.21.15.129:6789/0] conn(0x7f1b9c1087f0 0x7f1b9c19c7d0 secure :-1 s=READY pgs=29 cs=0 l=1 rev1=1 crypto rx=0x7f1b8c009fb0 tx=0x7f1b8c011c60 comp rx=0 tx=0).ready entity=mon.0 client_cookie=0 server_cookie=0 in_seq=0 out_seq=0
2024-04-22T13:20:53.764 INFO:teuthology.orchestra.run.smithi129.stdout:/usr/bin/ceph: stderr
2024-04-22T13:20:47.748+0000 7f1b937fe700 1 -- 172.21.15.129:0/1096201730 <== mon.0 v2:172.21.15.129:3300/0 1 ==== mon_map magic: 0 ==== 205+0+0 (secure 0 0 0) 0x7f1b8c0038b0 con 0x7f1b9c1087f0
2024-04-22T13:20:53.764 INFO:teuthology.orchestra.run.smithi129.stdout:/usr/bin/ceph: stderr
2024-04-22T13:20:47.748+0000 7f1ba473f700 1 -- 172.21.15.129:0/1096201730 --> [v2:172.21.15.129:3300/0,v1:172.21.15.129:6789/0] -- mon_subscribe({mgrmap=0+}) -- 0x7f1b9c19cfa0 con 0x7f1b9c1087f0
2024-04-22T13:20:53.764 INFO:teuthology.orchestra.run.smithi129.stdout:/usr/bin/ceph: stderr
2024-04-22T13:20:47.748+0000 7f1b937fe700 1 -- 172.21.15.129:0/1096201730 <== mon.0 v2:172.21.15.129:3300/0 2 ==== config(28 keys) ==== 1139+0+0 (secure 0 0 0) 0x7f1b8c01a430 con 0x7f1b9c1087f0
2024-04-22T13:20:53.764 INFO:teuthology.orchestra.run.smithi129.stdout:/usr/bin/ceph: stderr
2024-04-22T13:20:47.748+0000 7f1b937fe700 1 -- 172.21.15.129:0/1096201730 <== mon.0 v2:172.21.15.129:3300/0 3 ==== mon_map magic: 0 ==== 205+0+0 (secure 0 0 0) 0x7f1b8c0195e0 con 0x7f1b9c1087f0
2024-04-22T13:20:53.764 INFO:teuthology.orchestra.run.smithi129.stdout:/usr/bin/ceph: stderr
2024-04-22T13:20:47.748+0000 7f1ba473f700 1 -- 172.21.15.129:0/1096201730 --> [v2:172.21.15.129:3300/0,v1:172.21.15.129:6789/0] -- mon_subscribe({osdmap=0}) -- 0x7f1b9c19fc90 con 0x7f1b9c1087f0
2024-04-22T13:20:53.764 INFO:teuthology.orchestra.run.smithi129.stdout:/usr/bin/ceph: stderr
2024-04-22T13:20:47.749+0000 7f1b937fe700 1 -- 172.21.15.129:0/1096201730 <== mon.0 v2:172.21.15.129:3300/0 4 ==== mgrmap(e 5) ==== 46558+0+0 (secure 0 0 0) 0x7f1b8c019940 con 0x7f1b9c1087f0
2024-04-22T13:20:53.765 INFO:teuthology.orchestra.run.smithi129.stdout:/usr/bin/ceph: stderr
2024-04-22T13:20:47.749+0000 7f1b937fe700 1 --2- 172.21.15.129:0/1096201730 >> [v2:172.21.15.129:6800/1056631650,v1:172.21.15.129:6801/1056631650] conn(0x7f1b88039560 0x7f1b8803ba20 unknown :-1 s=NONE pgs=0 cs=0 l=1 rev1=0 crypto rx=0 tx=0 comp rx=0 tx=0).connect
2024-04-22T13:20:53.765 INFO:teuthology.orchestra.run.smithi129.stdout:/usr/bin/ceph: stderr
2024-04-22T13:20:47.749+0000 7f1ba473f700 1 -- 172.21.15.129:0/1096201730 --> [v2:172.21.15.129:6800/1056631650,v1:172.21.15.129:6801/1056631650] -- command(tid 0: {"prefix": "get_command_descriptions"}) -- 0x7f1b9c0640a0 con 0x7f1b88039560
2024-04-22T13:20:53.765 INFO:teuthology.orchestra.run.smithi129.stdout:/usr/bin/ceph: stderr
2024-04-22T13:20:47.749+0000 7f1b937fe700 1 -- 172.21.15.129:0/1096201730 <== mon.0 v2:172.21.15.129:3300/0 5 ==== osd_map(1..1 src has 1..1) ==== 725+0+0 (secure 0 0 0) 0x7f1b8c04da70 con 0x7f1b9c1087f0
2024-04-22T13:20:53.765 INFO:teuthology.orchestra.run.smithi129.stdout:/usr/bin/ceph: stderr
2024-04-22T13:20:47.749+0000 7f1ba1cda700 1 -- 172.21.15.129:0/1096201730 >> [v2:172.21.15.129:6800/1056631650,v1:172.21.15.129:6801/1056631650] conn(0x7f1b88039560 msgr2=0x7f1b8803ba20 unknown :-1 s=STATE_CONNECTING_RE l=1).process reconnect failed to v2:172.21.15.129:6800/1056631650
2024-04-22T13:20:53.765 INFO:teuthology.orchestra.run.smithi129.stdout:/usr/bin/ceph: stderr
2024-04-22T13:20:47.749+0000 7f1ba1cda700 1 --2- 172.21.15.129:0/1096201730 >> [v2:172.21.15.129:6800/1056631650,v1:172.21.15.129:6801/1056631650] conn(0x7f1b88039560 0x7f1b8803ba20 unknown :-1 s=START_CONNECT pgs=0 cs=0 l=1 rev1=0 crypto rx=0 tx=0 comp rx=0 tx=0)._fault waiting 0.200000
2024-04-22T13:20:53.765 INFO:teuthology.orchestra.run.smithi129.stdout:/usr/bin/ceph: stderr
2024-04-22T13:20:47.950+0000 7f1ba1cda700 1 -- 172.21.15.129:0/1096201730 >> [v2:172.21.15.129:6800/1056631650,v1:172.21.15.129:6801/1056631650] conn(0x7f1b88039560 msgr2=0x7f1b8803ba20 unknown :-1 s=STATE_CONNECTING_RE l=1).process reconnect failed to v2:172.21.15.129:6800/1056631650
2024-04-22T13:20:53.765 INFO:teuthology.orchestra.run.smithi129.stdout:/usr/bin/ceph: stderr
2024-04-22T13:20:47.950+0000 7f1ba1cda700 1 --2- 172.21.15.129:0/1096201730 >> [v2:172.21.15.129:6800/1056631650,v1:172.21.15.129:6801/1056631650] conn(0x7f1b88039560 0x7f1b8803ba20 unknown :-1 s=START_CONNECT pgs=0 cs=0 l=1 rev1=0 crypto rx=0 tx=0 comp rx=0 tx=0)._fault waiting 0.400000
2024-04-22T13:20:53.765 INFO:teuthology.orchestra.run.smithi129.stdout:/usr/bin/ceph: stderr
2024-04-22T13:20:48.351+0000 7f1ba1cda700 1 -- 172.21.15.129:0/1096201730 >> [v2:172.21.15.129:6800/1056631650,v1:172.21.15.129:6801/1056631650] conn(0x7f1b88039560 msgr2=0x7f1b8803ba20 unknown :-1 s=STATE_CONNECTING_RE l=1).process reconnect failed to v2:172.21.15.129:6800/1056631650
2024-04-22T13:20:53.765 INFO:teuthology.orchestra.run.smithi129.stdout:/usr/bin/ceph: stderr
2024-04-22T13:20:48.351+0000 7f1ba1cda700 1 --2- 172.21.15.129:0/1096201730 >> [v2:172.21.15.129:6800/1056631650,v1:172.21.15.129:6801/1056631650] conn(0x7f1b88039560 0x7f1b8803ba20 unknown :-1 s=START_CONNECT pgs=0 cs=0 l=1 rev1=0 crypto rx=0 tx=0 comp rx=0 tx=0)._fault waiting 0.800000
2024-04-22T13:20:53.766 INFO:teuthology.orchestra.run.smithi129.stdout:/usr/bin/ceph: stderr
2024-04-22T13:20:49.152+0000 7f1ba1cda700 1 -- 172.21.15.129:0/1096201730 >> [v2:172.21.15.129:6800/1056631650,v1:172.21.15.129:6801/1056631650] conn(0x7f1b88039560 msgr2=0x7f1b8803ba20 unknown :-1 s=STATE_CONNECTING_RE l=1).process reconnect failed to v2:172.21.15.129:6800/1056631650
2024-04-22T13:20:53.766 INFO:teuthology.orchestra.run.smithi129.stdout:/usr/bin/ceph: stderr
2024-04-22T13:20:49.152+0000 7f1ba1cda700 1 --2- 172.21.15.129:0/1096201730 >> [v2:172.21.15.129:6800/1056631650,v1:172.21.15.129:6801/1056631650] conn(0x7f1b88039560 0x7f1b8803ba20 unknown :-1 s=START_CONNECT pgs=0 cs=0 l=1 rev1=0 crypto rx=0 tx=0 comp rx=0 tx=0)._fault waiting 1.600000
2024-04-22T13:20:53.766 INFO:teuthology.orchestra.run.smithi129.stdout:/usr/bin/ceph: stderr
2024-04-22T13:20:50.753+0000 7f1ba1cda700 1 -- 172.21.15.129:0/1096201730 >> [v2:172.21.15.129:6800/1056631650,v1:172.21.15.129:6801/1056631650] conn(0x7f1b88039560 msgr2=0x7f1b8803ba20 unknown :-1 s=STATE_CONNECTING_RE l=1).process reconnect failed to v2:172.21.15.129:6800/1056631650
2024-04-22T13:20:53.766 INFO:teuthology.orchestra.run.smithi129.stdout:/usr/bin/ceph: stderr
