2024-04-22T13:20:50.753+0000 7f1ba1cda700 1 --2- 172.21.15.129:0/1096201730 >> [v2:172.21.15.129:6800/1056631650,v1:172.21.15.129:6801/1056631650] conn(0x7f1b88039560 0x7f1b8803ba20 unknown :-1 s=START_CONNECT pgs=0 cs=0 l=1 rev1=0 crypto rx=0 tx=0 comp rx=0 tx=0)._fault waiting 3.200000
2024-04-22T13:20:53.766 INFO:teuthology.orchestra.run.smithi129.stdout:/usr/bin/ceph: stderr
2024-04-22T13:20:52.261+0000 7f1b937fe700 1 -- 172.21.15.129:0/1096201730 <== mon.0 v2:172.21.15.129:3300/0 6 ==== mgrmap(e 6) ==== 46325+0+0 (secure 0 0 0) 0x7f1b8c02d960 con 0x7f1b9c1087f0
2024-04-22T13:20:53.766 INFO:teuthology.orchestra.run.smithi129.stdout:/usr/bin/ceph: stderr
2024-04-22T13:20:52.261+0000 7f1b937fe700 1 -- 172.21.15.129:0/1096201730 >> [v2:172.21.15.129:6800/1056631650,v1:172.21.15.129:6801/1056631650] conn(0x7f1b88039560 msgr2=0x7f1b8803ba20 unknown :-1 s=STATE_CONNECTING l=1).mark_down
2024-04-22T13:20:53.766 INFO:teuthology.orchestra.run.smithi129.stdout:/usr/bin/ceph: stderr
2024-04-22T13:20:52.261+0000 7f1b937fe700 1 --2- 172.21.15.129:0/1096201730 >> [v2:172.21.15.129:6800/1056631650,v1:172.21.15.129:6801/1056631650] conn(0x7f1b88039560 0x7f1b8803ba20 unknown :-1 s=START_CONNECT pgs=0 cs=0 l=1 rev1=0 crypto rx=0 tx=0 comp rx=0 tx=0).stop
2024-04-22T13:20:53.766 INFO:teuthology.orchestra.run.smithi129.stdout:/usr/bin/ceph: stderr
2024-04-22T13:20:53.262+0000 7f1b937fe700 1 -- 172.21.15.129:0/1096201730 <== mon.0 v2:172.21.15.129:3300/0 7 ==== mgrmap(e 7) ==== 46452+0+0 (secure 0 0 0) 0x7f1b8c04f650 con 0x7f1b9c1087f0
2024-04-22T13:20:53.766 INFO:teuthology.orchestra.run.smithi129.stdout:/usr/bin/ceph: stderr
2024-04-22T13:20:53.262+0000 7f1b937fe700 1 --2- 172.21.15.129:0/1096201730 >> [v2:172.21.15.129:6800/4075090622,v1:172.21.15.129:6801/4075090622] conn(0x7f1b8803cc60 0x7f1b8803f050 unknown :-1 s=NONE pgs=0 cs=0 l=1 rev1=0 crypto rx=0 tx=0 comp rx=0 tx=0).connect
2024-04-22T13:20:53.766 INFO:teuthology.orchestra.run.smithi129.stdout:/usr/bin/ceph: stderr
2024-04-22T13:20:53.262+0000 7f1b937fe700 1 -- 172.21.15.129:0/1096201730 --> [v2:172.21.15.129:6800/4075090622,v1:172.21.15.129:6801/4075090622] -- command(tid 0: {"prefix": "get_command_descriptions"}) -- 0x7f1b8c001d30 con 0x7f1b8803cc60
2024-04-22T13:20:53.766 INFO:teuthology.orchestra.run.smithi129.stdout:/usr/bin/ceph: stderr
2024-04-22T13:20:53.263+0000 7f1ba1cda700 1 --2- 172.21.15.129:0/1096201730 >> [v2:172.21.15.129:6800/4075090622,v1:172.21.15.129:6801/4075090622] conn(0x7f1b8803cc60 0x7f1b8803f050 unknown :-1 s=BANNER_CONNECTING pgs=0 cs=0 l=1 rev1=0 crypto rx=0 tx=0 comp rx=0 tx=0)._handle_peer_banner_payload supported=3 required=0
2024-04-22T13:20:53.766 INFO:teuthology.orchestra.run.smithi129.stdout:/usr/bin/ceph: stderr
2024-04-22T13:20:53.263+0000 7f1ba1cda700 1 --2- 172.21.15.129:0/1096201730 >> [v2:172.21.15.129:6800/4075090622,v1:172.21.15.129:6801/4075090622] conn(0x7f1b8803cc60 0x7f1b8803f050 secure :-1 s=READY pgs=2 cs=0 l=1 rev1=1 crypto rx=0x7f1b98003a10 tx=0x7f1b98009290 comp rx=0 tx=0).ready entity=mgr.14120 client_cookie=0 server_cookie=0 in_seq=0 out_seq=0
2024-04-22T13:20:53.766 INFO:teuthology.orchestra.run.smithi129.stdout:/usr/bin/ceph: stderr
2024-04-22T13:20:53.264+0000 7f1b937fe700 1 -- 172.21.15.129:0/1096201730 <== mgr.14120 v2:172.21.15.129:6800/4075090622 1 ==== command_reply(tid 0: 0 ) ==== 8+0+7774 (secure 0 0 0) 0x7f1b8c001d30 con 0x7f1b8803cc60
2024-04-22T13:20:53.767 INFO:teuthology.orchestra.run.smithi129.stdout:/usr/bin/ceph: stderr
2024-04-22T13:20:53.271+0000 7f1ba473f700 1 -- 172.21.15.129:0/1096201730 --> [v2:172.21.15.129:6800/4075090622,v1:172.21.15.129:6801/4075090622] -- command(tid 1: {"prefix": "mgr_status"}) -- 0x7f1b9c10ced0 con 0x7f1b8803cc60
2024-04-22T13:20:53.767 INFO:teuthology.orchestra.run.smithi129.stdout:/usr/bin/ceph: stderr
2024-04-22T13:20:53.271+0000 7f1b937fe700 1 -- 172.21.15.129:0/1096201730 <== mgr.14120 v2:172.21.15.129:6800/4075090622 2 ==== command_reply(tid 1: 0 ) ==== 8+0+51 (secure 0 0 0) 0x7f1b9c10ced0 con 0x7f1b8803cc60
2024-04-22T13:20:53.767 INFO:teuthology.orchestra.run.smithi129.stdout:/usr/bin/ceph: stderr
2024-04-22T13:20:53.271+0000 7f1ba473f700 1 -- 172.21.15.129:0/1096201730 >> [v2:172.21.15.129:6800/4075090622,v1:172.21.15.129:6801/4075090622] conn(0x7f1b8803cc60 msgr2=0x7f1b8803f050 secure :-1 s=STATE_CONNECTION_ESTABLISHED l=1).mark_down
2024-04-22T13:20:53.767 INFO:teuthology.orchestra.run.smithi129.stdout:/usr/bin/ceph: stderr
2024-04-22T13:20:53.271+0000 7f1ba473f700 1 --2- 172.21.15.129:0/1096201730 >> [v2:172.21.15.129:6800/4075090622,v1:172.21.15.129:6801/4075090622] conn(0x7f1b8803cc60 0x7f1b8803f050 secure :-1 s=READY pgs=2 cs=0 l=1 rev1=1 crypto rx=0x7f1b98003a10 tx=0x7f1b98009290 comp rx=0 tx=0).stop
2024-04-22T13:20:53.767 INFO:teuthology.orchestra.run.smithi129.stdout:/usr/bin/ceph: stderr
2024-04-22T13:20:53.271+0000 7f1ba473f700 1 -- 172.21.15.129:0/1096201730 >> [v2:172.21.15.129:3300/0,v1:172.21.15.129:6789/0] conn(0x7f1b9c1087f0 msgr2=0x7f1b9c19c7d0 secure :-1 s=STATE_CONNECTION_ESTABLISHED l=1).mark_down
2024-04-22T13:20:53.767 INFO:teuthology.orchestra.run.smithi129.stdout:/usr/bin/ceph: stderr
2024-04-22T13:20:53.271+0000 7f1ba473f700 1 --2- 172.21.15.129:0/1096201730 >> [v2:172.21.15.129:3300/0,v1:172.21.15.129:6789/0] conn(0x7f1b9c1087f0 0x7f1b9c19c7d0 secure :-1 s=READY pgs=29 cs=0 l=1 rev1=1 crypto rx=0x7f1b8c009fb0 tx=0x7f1b8c011c60 comp rx=0 tx=0).stop
2024-04-22T13:20:53.767 INFO:teuthology.orchestra.run.smithi129.stdout:/usr/bin/ceph: stderr
2024-04-22T13:20:53.271+0000 7f1ba473f700 1 -- 172.21.15.129:0/1096201730 shutdown_connections
2024-04-22T13:20:53.767 INFO:teuthology.orchestra.run.smithi129.stdout:/usr/bin/ceph: stderr
2024-04-22T13:20:53.271+0000 7f1ba473f700 1 --2- 172.21.15.129:0/1096201730 >> [v2:172.21.15.129:6800/4075090622,v1:172.21.15.129:6801/4075090622] conn(0x7f1b8803cc60 0x7f1b8803f050 unknown :-1 s=CLOSED pgs=2 cs=0 l=1 rev1=1 crypto rx=0 tx=0 comp rx=0 tx=0).stop
2024-04-22T13:20:53.767 INFO:teuthology.orchestra.run.smithi129.stdout:/usr/bin/ceph: stderr
2024-04-22T13:20:53.271+0000 7f1ba473f700 1 --2- 172.21.15.129:0/1096201730 >> [v2:172.21.15.129:3300/0,v1:172.21.15.129:6789/0] conn(0x7f1b9c1087f0 0x7f1b9c19c7d0 unknown :-1 s=CLOSED pgs=29 cs=0 l=1 rev1=1 crypto rx=0 tx=0 comp rx=0 tx=0).stop
2024-04-22T13:20:53.767 INFO:teuthology.orchestra.run.smithi129.stdout:/usr/bin/ceph: stderr
2024-04-22T13:20:53.271+0000 7f1ba473f700 1 --2- 172.21.15.129:0/1096201730 >> [v2:172.21.15.129:6800/1056631650,v1:172.21.15.129:6801/1056631650] conn(0x7f1b88039560 0x7f1b8803ba20 unknown :-1 s=CLOSED pgs=0 cs=0 l=1 rev1=0 crypto rx=0 tx=0 comp rx=0 tx=0).stop
2024-04-22T13:20:53.767 INFO:teuthology.orchestra.run.smithi129.stdout:/usr/bin/ceph: stderr
2024-04-22T13:20:53.271+0000 7f1ba473f700 1 -- 172.21.15.129:0/1096201730 >> 172.21.15.129:0/1096201730 conn(0x7f1b9c103db0 msgr2=0x7f1b9c1048e0 unknown :-1 s=STATE_NONE l=0).mark_down
2024-04-22T13:20:53.767 INFO:teuthology.orchestra.run.smithi129.stdout:/usr/bin/ceph: stderr
2024-04-22T13:20:53.271+0000 7f1ba473f700 1 -- 172.21.15.129:0/1096201730 shutdown_connections
2024-04-22T13:20:53.767 INFO:teuthology.orchestra.run.smithi129.stdout:/usr/bin/ceph: stderr
2024-04-22T13:20:53.271+0000 7f1ba473f700 1 -- 172.21.15.129:0/1096201730 wait complete.
2024-04-22T13:20:53.767 INFO:teuthology.orchestra.run.smithi129.stdout:mgr epoch 5 is available
2024-04-22T13:20:53.767 INFO:teuthology.orchestra.run.smithi129.stdout:Setting orchestrator backend to cephadm...
2024-04-22T13:20:54.580 INFO:journalctl@ceph.mon.a.smithi129.stdout:Apr 22 13:20:54 smithi129 ceph-mon[28202]: [22/Apr/2024:13:20:52] ENGINE Bus STARTING
2024-04-22T13:20:54.580 INFO:journalctl@ceph.mon.a.smithi129.stdout:Apr 22 13:20:54 smithi129 ceph-mon[28202]: [22/Apr/2024:13:20:52] ENGINE Serving on http://172.21.15.129:8765
2024-04-22T13:20:54.580 INFO:journalctl@ceph.mon.a.smithi129.stdout:Apr 22 13:20:54 smithi129 ceph-mon[28202]: [22/Apr/2024:13:20:53] ENGINE Serving on https://172.21.15.129:7150
2024-04-22T13:20:54.580 INFO:journalctl@ceph.mon.a.smithi129.stdout:Apr 22 13:20:54 smithi129 ceph-mon[28202]: [22/Apr/2024:13:20:53] ENGINE Bus STARTED
2024-04-22T13:20:54.580 INFO:journalctl@ceph.mon.a.smithi129.stdout:Apr 22 13:20:54 smithi129 ceph-mon[28202]: from='client.14124 -' entity='client.admin' cmd=[{"prefix": "get_command_descriptions"}]: dispatch
2024-04-22T13:20:54.580 INFO:journalctl@ceph.mon.a.smithi129.stdout:Apr 22 13:20:54 smithi129 ceph-mon[28202]: from='client.14124 -' entity='client.admin' cmd=[{"prefix": "mgr_status"}]: dispatch
2024-04-22T13:20:54.982 INFO:teuthology.orchestra.run.smithi129.stdout:/usr/bin/ceph: stderr
2024-04-22T13:20:54.206+0000 7fdc7a67f700 1 Processor -- start
2024-04-22T13:20:54.982 INFO:teuthology.orchestra.run.smithi129.stdout:/usr/bin/ceph: stderr
2024-04-22T13:20:54.206+0000 7fdc7a67f700 1 -- start start
2024-04-22T13:20:54.982 INFO:teuthology.orchestra.run.smithi129.stdout:/usr/bin/ceph: stderr
2024-04-22T13:20:54.206+0000 7fdc7a67f700 1 --2- >> [v2:172.21.15.129:3300/0,v1:172.21.15.129:6789/0] conn(0x7fdc7407ee50 0x7fdc7407d300 unknown :-1 s=NONE pgs=0 cs=0 l=0 rev1=0 crypto rx=0 tx=0 comp rx=0 tx=0).connect
2024-04-22T13:20:54.982 INFO:teuthology.orchestra.run.smithi129.stdout:/usr/bin/ceph: stderr
2024-04-22T13:20:54.206+0000 7fdc7a67f700 1 -- --> [v2:172.21.15.129:3300/0,v1:172.21.15.129:6789/0] -- mon_getmap magic: 0 -- 0x7fdc7407d8d0 con 0x7fdc7407ee50
2024-04-22T13:20:54.982 INFO:teuthology.orchestra.run.smithi129.stdout:/usr/bin/ceph: stderr
2024-04-22T13:20:54.206+0000 7fdc73fff700 1 --2- >> [v2:172.21.15.129:3300/0,v1:172.21.15.129:6789/0] conn(0x7fdc7407ee50 0x7fdc7407d300 unknown :-1 s=BANNER_CONNECTING pgs=0 cs=0 l=0 rev1=0 crypto rx=0 tx=0 comp rx=0 tx=0)._handle_peer_banner_payload supported=3 required=0
2024-04-22T13:20:54.982 INFO:teuthology.orchestra.run.smithi129.stdout:/usr/bin/ceph: stderr
2024-04-22T13:20:54.206+0000 7fdc73fff700 1 --2- >> [v2:172.21.15.129:3300/0,v1:172.21.15.129:6789/0] conn(0x7fdc7407ee50 0x7fdc7407d300 unknown :-1 s=HELLO_CONNECTING pgs=0 cs=0 l=0 rev1=1 crypto rx=0 tx=0 comp rx=0 tx=0).handle_hello peer v2:172.21.15.129:3300/0 says I am v2:172.21.15.129:52450/0 (socket says 172.21.15.129:52450)
2024-04-22T13:20:54.982 INFO:teuthology.orchestra.run.smithi129.stdout:/usr/bin/ceph: stderr
2024-04-22T13:20:54.206+0000 7fdc73fff700 1 -- 172.21.15.129:0/1914209910 learned_addr learned my addr 172.21.15.129:0/1914209910 (peer_addr_for_me v2:172.21.15.129:0/0)
2024-04-22T13:20:54.982 INFO:teuthology.orchestra.run.smithi129.stdout:/usr/bin/ceph: stderr
2024-04-22T13:20:54.207+0000 7fdc73fff700 1 -- 172.21.15.129:0/1914209910 --> [v2:172.21.15.129:3300/0,v1:172.21.15.129:6789/0] -- mon_subscribe({config=0+,monmap=0+}) -- 0x7fdc7407da50 con 0x7fdc7407ee50
2024-04-22T13:20:54.982 INFO:teuthology.orchestra.run.smithi129.stdout:/usr/bin/ceph: stderr
2024-04-22T13:20:54.207+0000 7fdc73fff700 1 --2- 172.21.15.129:0/1914209910 >> [v2:172.21.15.129:3300/0,v1:172.21.15.129:6789/0] conn(0x7fdc7407ee50 0x7fdc7407d300 secure :-1 s=READY pgs=37 cs=0 l=1 rev1=1 crypto rx=0x7fdc640098a0 tx=0x7fdc64009bb0 comp rx=0 tx=0).ready entity=mon.0 client_cookie=fb8839c76af59e50 server_cookie=0 in_seq=0 out_seq=0
2024-04-22T13:20:54.983 INFO:teuthology.orchestra.run.smithi129.stdout:/usr/bin/ceph: stderr
2024-04-22T13:20:54.207+0000 7fdc72ffd700 1 -- 172.21.15.129:0/1914209910 <== mon.0 v2:172.21.15.129:3300/0 1 ==== mon_map magic: 0 ==== 205+0+0 (secure 0 0 0) 0x7fdc64004160 con 0x7fdc7407ee50
2024-04-22T13:20:54.983 INFO:teuthology.orchestra.run.smithi129.stdout:/usr/bin/ceph: stderr
2024-04-22T13:20:54.207+0000 7fdc72ffd700 1 -- 172.21.15.129:0/1914209910 <== mon.0 v2:172.21.15.129:3300/0 2 ==== config(28 keys) ==== 1139+0+0 (secure 0 0 0) 0x7fdc64004300 con 0x7fdc7407ee50
2024-04-22T13:20:54.983 INFO:teuthology.orchestra.run.smithi129.stdout:/usr/bin/ceph: stderr
2024-04-22T13:20:54.207+0000 7fdc72ffd700 1 -- 172.21.15.129:0/1914209910 <== mon.0 v2:172.21.15.129:3300/0 3 ==== mon_map magic: 0 ==== 205+0+0 (secure 0 0 0) 0x7fdc64011c00 con 0x7fdc7407ee50
2024-04-22T13:20:54.983 INFO:teuthology.orchestra.run.smithi129.stdout:/usr/bin/ceph: stderr
2024-04-22T13:20:54.208+0000 7fdc7a67f700 1 -- 172.21.15.129:0/1914209910 >> [v2:172.21.15.129:3300/0,v1:172.21.15.129:6789/0] conn(0x7fdc7407ee50 msgr2=0x7fdc7407d300 secure :-1 s=STATE_CONNECTION_ESTABLISHED l=1).mark_down
2024-04-22T13:20:54.983 INFO:teuthology.orchestra.run.smithi129.stdout:/usr/bin/ceph: stderr
2024-04-22T13:20:54.208+0000 7fdc7a67f700 1 --2- 172.21.15.129:0/1914209910 >> [v2:172.21.15.129:3300/0,v1:172.21.15.129:6789/0] conn(0x7fdc7407ee50 0x7fdc7407d300 secure :-1 s=READY pgs=37 cs=0 l=1 rev1=1 crypto rx=0x7fdc640098a0 tx=0x7fdc64009bb0 comp rx=0 tx=0).stop
2024-04-22T13:20:54.983 INFO:teuthology.orchestra.run.smithi129.stdout:/usr/bin/ceph: stderr
2024-04-22T13:20:54.208+0000 7fdc7a67f700 1 -- 172.21.15.129:0/1914209910 shutdown_connections
2024-04-22T13:20:54.983 INFO:teuthology.orchestra.run.smithi129.stdout:/usr/bin/ceph: stderr
2024-04-22T13:20:54.208+0000 7fdc7a67f700 1 --2- 172.21.15.129:0/1914209910 >> [v2:172.21.15.129:3300/0,v1:172.21.15.129:6789/0] conn(0x7fdc7407ee50 0x7fdc7407d300 unknown :-1 s=CLOSED pgs=37 cs=0 l=1 rev1=1 crypto rx=0 tx=0 comp rx=0 tx=0).stop
2024-04-22T13:20:54.983 INFO:teuthology.orchestra.run.smithi129.stdout:/usr/bin/ceph: stderr
2024-04-22T13:20:54.208+0000 7fdc7a67f700 1 -- 172.21.15.129:0/1914209910 >> 172.21.15.129:0/1914209910 conn(0x7fdc74103db0 msgr2=0x7fdc741061d0 unknown :-1 s=STATE_NONE l=0).mark_down
2024-04-22T13:20:54.983 INFO:teuthology.orchestra.run.smithi129.stdout:/usr/bin/ceph: stderr
2024-04-22T13:20:54.208+0000 7fdc7a67f700 1 -- 172.21.15.129:0/1914209910 shutdown_connections
2024-04-22T13:20:54.983 INFO:teuthology.orchestra.run.smithi129.stdout:/usr/bin/ceph: stderr
2024-04-22T13:20:54.208+0000 7fdc7a67f700 1 -- 172.21.15.129:0/1914209910 wait complete.
2024-04-22T13:20:54.983 INFO:teuthology.orchestra.run.smithi129.stdout:/usr/bin/ceph: stderr
2024-04-22T13:20:54.208+0000 7fdc7a67f700 1 Processor -- start
2024-04-22T13:20:54.983 INFO:teuthology.orchestra.run.smithi129.stdout:/usr/bin/ceph: stderr
2024-04-22T13:20:54.208+0000 7fdc7a67f700 1 -- start start
2024-04-22T13:20:54.983 INFO:teuthology.orchestra.run.smithi129.stdout:/usr/bin/ceph: stderr
2024-04-22T13:20:54.209+0000 7fdc7a67f700 1 --2- >> [v2:172.21.15.129:3300/0,v1:172.21.15.129:6789/0] conn(0x7fdc7407ee50 0x7fdc7419e9a0 unknown :-1 s=NONE pgs=0 cs=0 l=1 rev1=0 crypto rx=0 tx=0 comp rx=0 tx=0).connect
2024-04-22T13:20:54.984 INFO:teuthology.orchestra.run.smithi129.stdout:/usr/bin/ceph: stderr
2024-04-22T13:20:54.209+0000 7fdc7a67f700 1 -- --> [v2:172.21.15.129:3300/0,v1:172.21.15.129:6789/0] -- mon_getmap magic: 0 -- 0x7fdc7410edc0 con 0x7fdc7407ee50
2024-04-22T13:20:54.984 INFO:teuthology.orchestra.run.smithi129.stdout:/usr/bin/ceph: stderr
2024-04-22T13:20:54.209+0000 7fdc73fff700 1 --2- >> [v2:172.21.15.129:3300/0,v1:172.21.15.129:6789/0] conn(0x7fdc7407ee50 0x7fdc7419e9a0 unknown :-1 s=BANNER_CONNECTING pgs=0 cs=0 l=1 rev1=0 crypto rx=0 tx=0 comp rx=0 tx=0)._handle_peer_banner_payload supported=3 required=0
2024-04-22T13:20:54.984 INFO:teuthology.orchestra.run.smithi129.stdout:/usr/bin/ceph: stderr
2024-04-22T13:20:54.209+0000 7fdc73fff700 1 --2- >> [v2:172.21.15.129:3300/0,v1:172.21.15.129:6789/0] conn(0x7fdc7407ee50 0x7fdc7419e9a0 unknown :-1 s=HELLO_CONNECTING pgs=0 cs=0 l=1 rev1=1 crypto rx=0 tx=0 comp rx=0 tx=0).handle_hello peer v2:172.21.15.129:3300/0 says I am v2:172.21.15.129:52462/0 (socket says 172.21.15.129:52462)
2024-04-22T13:20:54.984 INFO:teuthology.orchestra.run.smithi129.stdout:/usr/bin/ceph: stderr
2024-04-22T13:20:54.209+0000 7fdc73fff700 1 -- 172.21.15.129:0/512008069 learned_addr learned my addr 172.21.15.129:0/512008069 (peer_addr_for_me v2:172.21.15.129:0/0)
2024-04-22T13:20:54.984 INFO:teuthology.orchestra.run.smithi129.stdout:/usr/bin/ceph: stderr
2024-04-22T13:20:54.209+0000 7fdc73fff700 1 -- 172.21.15.129:0/512008069 --> [v2:172.21.15.129:3300/0,v1:172.21.15.129:6789/0] -- mon_subscribe({config=0+,monmap=0+}) -- 0x7fdc7419eee0 con 0x7fdc7407ee50
2024-04-22T13:20:54.984 INFO:teuthology.orchestra.run.smithi129.stdout:/usr/bin/ceph: stderr
2024-04-22T13:20:54.209+0000 7fdc73fff700 1 --2- 172.21.15.129:0/512008069 >> [v2:172.21.15.129:3300/0,v1:172.21.15.129:6789/0] conn(0x7fdc7407ee50 0x7fdc7419e9a0 secure :-1 s=READY pgs=38 cs=0 l=1 rev1=1 crypto rx=0x7fdc64011bd0 tx=0x7fdc64011cb0 comp rx=0 tx=0).ready entity=mon.0 client_cookie=0 server_cookie=0 in_seq=0 out_seq=0
2024-04-22T13:20:54.984 INFO:teuthology.orchestra.run.smithi129.stdout:/usr/bin/ceph: stderr
2024-04-22T13:20:54.209+0000 7fdc717fa700 1 -- 172.21.15.129:0/512008069 <== mon.0 v2:172.21.15.129:3300/0 1 ==== mon_map magic: 0 ==== 205+0+0 (secure 0 0 0) 0x7fdc64003970 con 0x7fdc7407ee50
2024-04-22T13:20:54.984 INFO:teuthology.orchestra.run.smithi129.stdout:/usr/bin/ceph: stderr
2024-04-22T13:20:54.209+0000 7fdc717fa700 1 -- 172.21.15.129:0/512008069 <== mon.0 v2:172.21.15.129:3300/0 2 ==== config(28 keys) ==== 1139+0+0 (secure 0 0 0) 0x7fdc64003b10 con 0x7fdc7407ee50
2024-04-22T13:20:54.984 INFO:teuthology.orchestra.run.smithi129.stdout:/usr/bin/ceph: stderr
2024-04-22T13:20:54.209+0000 7fdc7a67f700 1 -- 172.21.15.129:0/512008069 --> [v2:172.21.15.129:3300/0,v1:172.21.15.129:6789/0] -- mon_subscribe({mgrmap=0+}) -- 0x7fdc7419f170 con 0x7fdc7407ee50
2024-04-22T13:20:54.984 INFO:teuthology.orchestra.run.smithi129.stdout:/usr/bin/ceph: stderr
2024-04-22T13:20:54.209+0000 7fdc717fa700 1 -- 172.21.15.129:0/512008069 <== mon.0 v2:172.21.15.129:3300/0 3 ==== mon_map magic: 0 ==== 205+0+0 (secure 0 0 0) 0x7fdc640245a0 con 0x7fdc7407ee50
2024-04-22T13:20:54.984 INFO:teuthology.orchestra.run.smithi129.stdout:/usr/bin/ceph: stderr
2024-04-22T13:20:54.209+0000 7fdc7a67f700 1 -- 172.21.15.129:0/512008069 --> [v2:172.21.15.129:3300/0,v1:172.21.15.129:6789/0] -- mon_subscribe({osdmap=0}) -- 0x7fdc741a1e60 con 0x7fdc7407ee50
2024-04-22T13:20:54.984 INFO:teuthology.orchestra.run.smithi129.stdout:/usr/bin/ceph: stderr
2024-04-22T13:20:54.210+0000 7fdc717fa700 1 -- 172.21.15.129:0/512008069 <== mon.0 v2:172.21.15.129:3300/0 4 ==== mgrmap(e 7) ==== 46452+0+0 (secure 0 0 0) 0x7fdc640248c0 con 0x7fdc7407ee50
2024-04-22T13:20:54.984 INFO:teuthology.orchestra.run.smithi129.stdout:/usr/bin/ceph: stderr
2024-04-22T13:20:54.210+0000 7fdc7a67f700 1 -- 172.21.15.129:0/512008069 --> [v2:172.21.15.129:3300/0,v1:172.21.15.129:6789/0] -- mon_command({"prefix": "get_command_descriptions"} v 0) -- 0x7fdc740640a0 con 0x7fdc7407ee50
2024-04-22T13:20:54.985 INFO:teuthology.orchestra.run.smithi129.stdout:/usr/bin/ceph: stderr
2024-04-22T13:20:54.210+0000 7fdc717fa700 1 --2- 172.21.15.129:0/512008069 >> [v2:172.21.15.129:6800/4075090622,v1:172.21.15.129:6801/4075090622] conn(0x7fdc5c039490 0x7fdc5c03b950 unknown :-1 s=NONE pgs=0 cs=0 l=1 rev1=0 crypto rx=0 tx=0 comp rx=0 tx=0).connect
2024-04-22T13:20:54.985 INFO:teuthology.orchestra.run.smithi129.stdout:/usr/bin/ceph: stderr
2024-04-22T13:20:54.210+0000 7fdc717fa700 1 -- 172.21.15.129:0/512008069 <== mon.0 v2:172.21.15.129:3300/0 5 ==== osd_map(2..2 src has 1..2) ==== 940+0+0 (secure 0 0 0) 0x7fdc6404d930 con 0x7fdc7407ee50
2024-04-22T13:20:54.985 INFO:teuthology.orchestra.run.smithi129.stdout:/usr/bin/ceph: stderr
2024-04-22T13:20:54.210+0000 7fdc737fe700 1 --2- 172.21.15.129:0/512008069 >> [v2:172.21.15.129:6800/4075090622,v1:172.21.15.129:6801/4075090622] conn(0x7fdc5c039490 0x7fdc5c03b950 unknown :-1 s=BANNER_CONNECTING pgs=0 cs=0 l=1 rev1=0 crypto rx=0 tx=0 comp rx=0 tx=0)._handle_peer_banner_payload supported=3 required=0
2024-04-22T13:20:54.985 INFO:teuthology.orchestra.run.smithi129.stdout:/usr/bin/ceph: stderr
2024-04-22T13:20:54.211+0000 7fdc737fe700 1 --2- 172.21.15.129:0/512008069 >> [v2:172.21.15.129:6800/4075090622,v1:172.21.15.129:6801/4075090622] conn(0x7fdc5c039490 0x7fdc5c03b950 secure :-1 s=READY pgs=7 cs=0 l=1 rev1=1 crypto rx=0x7fdc68006fd0 tx=0x7fdc68006e40 comp rx=0 tx=0).ready entity=mgr.14120 client_cookie=0 server_cookie=0 in_seq=0 out_seq=0
2024-04-22T13:20:54.985 INFO:teuthology.orchestra.run.smithi129.stdout:/usr/bin/ceph: stderr
2024-04-22T13:20:54.216+0000 7fdc717fa700 1 -- 172.21.15.129:0/512008069 <== mon.0 v2:172.21.15.129:3300/0 6 ==== mon_command_ack([{"prefix": "get_command_descriptions"}]=0 v0) ==== 72+0+188370 (secure 0 0 0) 0x7fdc64019c70 con 0x7fdc7407ee50
2024-04-22T13:20:54.985 INFO:teuthology.orchestra.run.smithi129.stdout:/usr/bin/ceph: stderr
2024-04-22T13:20:54.317+0000 7fdc717fa700 1 -- 172.21.15.129:0/512008069 <== mon.0 v2:172.21.15.129:3300/0 7 ==== mgrmap(e 8) ==== 46558+0+0 (secure 0 0 0) 0x7fdc6402d910 con 0x7fdc7407ee50
2024-04-22T13:20:54.985 INFO:teuthology.orchestra.run.smithi129.stdout:/usr/bin/ceph: stderr
2024-04-22T13:20:54.434+0000 7fdc7a67f700 1 -- 172.21.15.129:0/512008069 --> [v2:172.21.15.129:6800/4075090622,v1:172.21.15.129:6801/4075090622] -- mgr_command(tid 0: {"prefix": "orch set backend", "module_name": "cephadm", "target": ["mon-mgr", ""]}) -- 0x7fdc74104fe0 con 0x7fdc5c039490
2024-04-22T13:20:54.985 INFO:teuthology.orchestra.run.smithi129.stdout:/usr/bin/ceph: stderr
2024-04-22T13:20:54.439+0000 7fdc717fa700 1 -- 172.21.15.129:0/512008069 <== mgr.14120 v2:172.21.15.129:6800/4075090622 1 ==== mgr_command_reply(tid 0: 0 ) ==== 8+0+0 (secure 0 0 0) 0x7fdc74104fe0 con 0x7fdc5c039490
2024-04-22T13:20:54.985 INFO:teuthology.orchestra.run.smithi129.stdout:/usr/bin/ceph: stderr
2024-04-22T13:20:54.442+0000 7fdc7a67f700 1 -- 172.21.15.129:0/512008069 >> [v2:172.21.15.129:6800/4075090622,v1:172.21.15.129:6801/4075090622] conn(0x7fdc5c039490 msgr2=0x7fdc5c03b950 secure :-1 s=STATE_CONNECTION_ESTABLISHED l=1).mark_down
2024-04-22T13:20:54.985 INFO:teuthology.orchestra.run.smithi129.stdout:/usr/bin/ceph: stderr
2024-04-22T13:20:54.442+0000 7fdc7a67f700 1 --2- 172.21.15.129:0/512008069 >> [v2:172.21.15.129:6800/4075090622,v1:172.21.15.129:6801/4075090622] conn(0x7fdc5c039490 0x7fdc5c03b950 secure :-1 s=READY pgs=7 cs=0 l=1 rev1=1 crypto rx=0x7fdc68006fd0 tx=0x7fdc68006e40 comp rx=0 tx=0).stop
2024-04-22T13:20:54.985 INFO:teuthology.orchestra.run.smithi129.stdout:/usr/bin/ceph: stderr
2024-04-22T13:20:54.442+0000 7fdc7a67f700 1 -- 172.21.15.129:0/512008069 >> [v2:172.21.15.129:3300/0,v1:172.21.15.129:6789/0] conn(0x7fdc7407ee50 msgr2=0x7fdc7419e9a0 secure :-1 s=STATE_CONNECTION_ESTABLISHED l=1).mark_down
2024-04-22T13:20:54.985 INFO:teuthology.orchestra.run.smithi129.stdout:/usr/bin/ceph: stderr
2024-04-22T13:20:54.442+0000 7fdc7a67f700 1 --2- 172.21.15.129:0/512008069 >> [v2:172.21.15.129:3300/0,v1:172.21.15.129:6789/0] conn(0x7fdc7407ee50 0x7fdc7419e9a0 secure :-1 s=READY pgs=38 cs=0 l=1 rev1=1 crypto rx=0x7fdc64011bd0 tx=0x7fdc64011cb0 comp rx=0 tx=0).stop
2024-04-22T13:20:54.985 INFO:teuthology.orchestra.run.smithi129.stdout:/usr/bin/ceph: stderr
2024-04-22T13:20:54.442+0000 7fdc7a67f700 1 -- 172.21.15.129:0/512008069 shutdown_connections
2024-04-22T13:20:54.986 INFO:teuthology.orchestra.run.smithi129.stdout:/usr/bin/ceph: stderr
2024-04-22T13:20:54.442+0000 7fdc7a67f700 1 --2- 172.21.15.129:0/512008069 >> [v2:172.21.15.129:6800/4075090622,v1:172.21.15.129:6801/4075090622] conn(0x7fdc5c039490 0x7fdc5c03b950 unknown :-1 s=CLOSED pgs=7 cs=0 l=1 rev1=1 crypto rx=0 tx=0 comp rx=0 tx=0).stop
2024-04-22T13:20:54.986 INFO:teuthology.orchestra.run.smithi129.stdout:/usr/bin/ceph: stderr
2024-04-22T13:20:54.442+0000 7fdc7a67f700 1 --2- 172.21.15.129:0/512008069 >> [v2:172.21.15.129:3300/0,v1:172.21.15.129:6789/0] conn(0x7fdc7407ee50 0x7fdc7419e9a0 unknown :-1 s=CLOSED pgs=38 cs=0 l=1 rev1=1 crypto rx=0 tx=0 comp rx=0 tx=0).stop
2024-04-22T13:20:54.986 INFO:teuthology.orchestra.run.smithi129.stdout:/usr/bin/ceph: stderr
2024-04-22T13:20:54.442+0000 7fdc7a67f700 1 -- 172.21.15.129:0/512008069 >> 172.21.15.129:0/512008069 conn(0x7fdc74103db0 msgr2=0x7fdc741048d0 unknown :-1 s=STATE_NONE l=0).mark_down
2024-04-22T13:20:54.986 INFO:teuthology.orchestra.run.smithi129.stdout:/usr/bin/ceph: stderr
2024-04-22T13:20:54.442+0000 7fdc7a67f700 1 -- 172.21.15.129:0/512008069 shutdown_connections
2024-04-22T13:20:54.986 INFO:teuthology.orchestra.run.smithi129.stdout:/usr/bin/ceph: stderr
2024-04-22T13:20:54.442+0000 7fdc7a67f700 1 -- 172.21.15.129:0/512008069 wait complete.
2024-04-22T13:20:55.352 INFO:journalctl@ceph.mon.a.smithi129.stdout:Apr 22 13:20:55 smithi129 ceph-mon[28202]: mgrmap e8: x(active, since 2s)
2024-04-22T13:20:55.352 INFO:journalctl@ceph.mon.a.smithi129.stdout:Apr 22 13:20:55 smithi129 ceph-mon[28202]: from='client.14132 -' entity='client.admin' cmd=[{"prefix": "orch set backend", "module_name": "cephadm", "target": ["mon-mgr", ""]}]: dispatch
2024-04-22T13:20:55.352 INFO:journalctl@ceph.mon.a.smithi129.stdout:Apr 22 13:20:55 smithi129 ceph-mon[28202]: from='mgr.14120 172.21.15.129:0/1809799459' entity='mgr.x'
2024-04-22T13:20:55.352 INFO:journalctl@ceph.mon.a.smithi129.stdout:Apr 22 13:20:55 smithi129 ceph-mon[28202]: from='mgr.14120 172.21.15.129:0/1809799459' entity='mgr.x' cmd=[{"prefix": "config dump", "format": "json"}]: dispatch
2024-04-22T13:20:56.173 INFO:teuthology.orchestra.run.smithi129.stdout:/usr/bin/ceph: stdout value unchanged
2024-04-22T13:20:56.173 INFO:teuthology.orchestra.run.smithi129.stdout:/usr/bin/ceph: stderr
2024-04-22T13:20:55.380+0000 7f9c2d033700 1 Processor -- start
2024-04-22T13:20:56.174 INFO:teuthology.orchestra.run.smithi129.stdout:/usr/bin/ceph: stderr
2024-04-22T13:20:55.380+0000 7f9c2d033700 1 -- start start
2024-04-22T13:20:56.174 INFO:teuthology.orchestra.run.smithi129.stdout:/usr/bin/ceph: stderr
2024-04-22T13:20:55.380+0000 7f9c2d033700 1 --2- >> [v2:172.21.15.129:3300/0,v1:172.21.15.129:6789/0] conn(0x7f9c28107670 0x7f9c28107a90 unknown :-1 s=NONE pgs=0 cs=0 l=0 rev1=0 crypto rx=0 tx=0 comp rx=0 tx=0).connect
2024-04-22T13:20:56.174 INFO:teuthology.orchestra.run.smithi129.stdout:/usr/bin/ceph: stderr
2024-04-22T13:20:55.380+0000 7f9c2d033700 1 -- --> [v2:172.21.15.129:3300/0,v1:172.21.15.129:6789/0] -- mon_getmap magic: 0 -- 0x7f9c28108060 con 0x7f9c28107670
2024-04-22T13:20:56.174 INFO:teuthology.orchestra.run.smithi129.stdout:/usr/bin/ceph: stderr
2024-04-22T13:20:55.380+0000 7f9c26d9d700 1 --2- >> [v2:172.21.15.129:3300/0,v1:172.21.15.129:6789/0] conn(0x7f9c28107670 0x7f9c28107a90 unknown :-1 s=BANNER_CONNECTING pgs=0 cs=0 l=0 rev1=0 crypto rx=0 tx=0 comp rx=0 tx=0)._handle_peer_banner_payload supported=3 required=0
2024-04-22T13:20:56.174 INFO:teuthology.orchestra.run.smithi129.stdout:/usr/bin/ceph: stderr
2024-04-22T13:20:55.381+0000 7f9c26d9d700 1 --2- >> [v2:172.21.15.129:3300/0,v1:172.21.15.129:6789/0] conn(0x7f9c28107670 0x7f9c28107a90 unknown :-1 s=HELLO_CONNECTING pgs=0 cs=0 l=0 rev1=1 crypto rx=0 tx=0 comp rx=0 tx=0).handle_hello peer v2:172.21.15.129:3300/0 says I am v2:172.21.15.129:52464/0 (socket says 172.21.15.129:52464)
2024-04-22T13:20:56.174 INFO:teuthology.orchestra.run.smithi129.stdout:/usr/bin/ceph: stderr
2024-04-22T13:20:55.381+0000 7f9c26d9d700 1 -- 172.21.15.129:0/4292451656 learned_addr learned my addr 172.21.15.129:0/4292451656 (peer_addr_for_me v2:172.21.15.129:0/0)
2024-04-22T13:20:56.174 INFO:teuthology.orchestra.run.smithi129.stdout:/usr/bin/ceph: stderr
2024-04-22T13:20:55.381+0000 7f9c26d9d700 1 -- 172.21.15.129:0/4292451656 --> [v2:172.21.15.129:3300/0,v1:172.21.15.129:6789/0] -- mon_subscribe({config=0+,monmap=0+}) -- 0x7f9c28108870 con 0x7f9c28107670
2024-04-22T13:20:56.174 INFO:teuthology.orchestra.run.smithi129.stdout:/usr/bin/ceph: stderr
2024-04-22T13:20:55.381+0000 7f9c26d9d700 1 --2- 172.21.15.129:0/4292451656 >> [v2:172.21.15.129:3300/0,v1:172.21.15.129:6789/0] conn(0x7f9c28107670 0x7f9c28107a90 secure :-1 s=READY pgs=39 cs=0 l=1 rev1=1 crypto rx=0x7f9c180098a0 tx=0x7f9c18009bb0 comp rx=0 tx=0).ready entity=mon.0 client_cookie=85e04622f6ba83fc server_cookie=0 in_seq=0 out_seq=0
2024-04-22T13:20:56.174 INFO:teuthology.orchestra.run.smithi129.stdout:/usr/bin/ceph: stderr
2024-04-22T13:20:55.381+0000 7f9c2659c700 1 -- 172.21.15.129:0/4292451656 <== mon.0 v2:172.21.15.129:3300/0 1 ==== mon_map magic: 0 ==== 205+0+0 (secure 0 0 0) 0x7f9c18004160 con 0x7f9c28107670
2024-04-22T13:20:56.174 INFO:teuthology.orchestra.run.smithi129.stdout:/usr/bin/ceph: stderr
2024-04-22T13:20:55.381+0000 7f9c2659c700 1 -- 172.21.15.129:0/4292451656 <== mon.0 v2:172.21.15.129:3300/0 2 ==== config(28 keys) ==== 1139+0+0 (secure 0 0 0) 0x7f9c18004300 con 0x7f9c28107670
2024-04-22T13:20:56.174 INFO:teuthology.orchestra.run.smithi129.stdout:/usr/bin/ceph: stderr
2024-04-22T13:20:55.381+0000 7f9c2659c700 1 -- 172.21.15.129:0/4292451656 <== mon.0 v2:172.21.15.129:3300/0 3 ==== mon_map magic: 0 ==== 205+0+0 (secure 0 0 0) 0x7f9c18011c00 con 0x7f9c28107670
2024-04-22T13:20:56.174 INFO:teuthology.orchestra.run.smithi129.stdout:/usr/bin/ceph: stderr
2024-04-22T13:20:55.382+0000 7f9c2d033700 1 -- 172.21.15.129:0/4292451656 >> [v2:172.21.15.129:3300/0,v1:172.21.15.129:6789/0] conn(0x7f9c28107670 msgr2=0x7f9c28107a90 secure :-1 s=STATE_CONNECTION_ESTABLISHED l=1).mark_down
2024-04-22T13:20:56.174 INFO:teuthology.orchestra.run.smithi129.stdout:/usr/bin/ceph: stderr
2024-04-22T13:20:55.382+0000 7f9c2d033700 1 --2- 172.21.15.129:0/4292451656 >> [v2:172.21.15.129:3300/0,v1:172.21.15.129:6789/0] conn(0x7f9c28107670 0x7f9c28107a90 secure :-1 s=READY pgs=39 cs=0 l=1 rev1=1 crypto rx=0x7f9c180098a0 tx=0x7f9c18009bb0 comp rx=0 tx=0).stop
2024-04-22T13:20:56.175 INFO:teuthology.orchestra.run.smithi129.stdout:/usr/bin/ceph: stderr
2024-04-22T13:20:55.382+0000 7f9c2d033700 1 -- 172.21.15.129:0/4292451656 shutdown_connections
2024-04-22T13:20:56.175 INFO:teuthology.orchestra.run.smithi129.stdout:/usr/bin/ceph: stderr
2024-04-22T13:20:55.382+0000 7f9c2d033700 1 --2- 172.21.15.129:0/4292451656 >> [v2:172.21.15.129:3300/0,v1:172.21.15.129:6789/0] conn(0x7f9c28107670 0x7f9c28107a90 unknown :-1 s=CLOSED pgs=39 cs=0 l=1 rev1=1 crypto rx=0 tx=0 comp rx=0 tx=0).stop
2024-04-22T13:20:56.175 INFO:teuthology.orchestra.run.smithi129.stdout:/usr/bin/ceph: stderr
2024-04-22T13:20:55.382+0000 7f9c2d033700 1 -- 172.21.15.129:0/4292451656 >> 172.21.15.129:0/4292451656 conn(0x7f9c28102bf0 msgr2=0x7f9c28105050 unknown :-1 s=STATE_NONE l=0).mark_down
2024-04-22T13:20:56.175 INFO:teuthology.orchestra.run.smithi129.stdout:/usr/bin/ceph: stderr
2024-04-22T13:20:55.382+0000 7f9c2d033700 1 -- 172.21.15.129:0/4292451656 shutdown_connections
2024-04-22T13:20:56.175 INFO:teuthology.orchestra.run.smithi129.stdout:/usr/bin/ceph: stderr
2024-04-22T13:20:55.382+0000 7f9c2d033700 1 -- 172.21.15.129:0/4292451656 wait complete.
2024-04-22T13:20:56.175 INFO:teuthology.orchestra.run.smithi129.stdout:/usr/bin/ceph: stderr
2024-04-22T13:20:55.382+0000 7f9c2d033700 1 Processor -- start
2024-04-22T13:20:56.175 INFO:teuthology.orchestra.run.smithi129.stdout:/usr/bin/ceph: stderr
2024-04-22T13:20:55.383+0000 7f9c2d033700 1 -- start start
2024-04-22T13:20:56.175 INFO:teuthology.orchestra.run.smithi129.stdout:/usr/bin/ceph: stderr
2024-04-22T13:20:55.383+0000 7f9c2d033700 1 --2- >> [v2:172.21.15.129:3300/0,v1:172.21.15.129:6789/0] conn(0x7f9c28107670 0x7f9c2807ca30 unknown :-1 s=NONE pgs=0 cs=0 l=1 rev1=0 crypto rx=0 tx=0 comp rx=0 tx=0).connect
2024-04-22T13:20:56.175 INFO:teuthology.orchestra.run.smithi129.stdout:/usr/bin/ceph: stderr
2024-04-22T13:20:55.383+0000 7f9c2d033700 1 -- --> [v2:172.21.15.129:3300/0,v1:172.21.15.129:6789/0] -- mon_getmap magic: 0 -- 0x7f9c2810bc20 con 0x7f9c28107670
2024-04-22T13:20:56.175 INFO:teuthology.orchestra.run.smithi129.stdout:/usr/bin/ceph: stderr
2024-04-22T13:20:55.383+0000 7f9c26d9d700 1 --2- >> [v2:172.21.15.129:3300/0,v1:172.21.15.129:6789/0] conn(0x7f9c28107670 0x7f9c2807ca30 unknown :-1 s=BANNER_CONNECTING pgs=0 cs=0 l=1 rev1=0 crypto rx=0 tx=0 comp rx=0 tx=0)._handle_peer_banner_payload supported=3 required=0
2024-04-22T13:20:56.175 INFO:teuthology.orchestra.run.smithi129.stdout:/usr/bin/ceph: stderr
2024-04-22T13:20:55.383+0000 7f9c26d9d700 1 --2- >> [v2:172.21.15.129:3300/0,v1:172.21.15.129:6789/0] conn(0x7f9c28107670 0x7f9c2807ca30 unknown :-1 s=HELLO_CONNECTING pgs=0 cs=0 l=1 rev1=1 crypto rx=0 tx=0 comp rx=0 tx=0).handle_hello peer v2:172.21.15.129:3300/0 says I am v2:172.21.15.129:52470/0 (socket says 172.21.15.129:52470)
2024-04-22T13:20:56.175 INFO:teuthology.orchestra.run.smithi129.stdout:/usr/bin/ceph: stderr
2024-04-22T13:20:55.383+0000 7f9c26d9d700 1 -- 172.21.15.129:0/2079054360 learned_addr learned my addr 172.21.15.129:0/2079054360 (peer_addr_for_me v2:172.21.15.129:0/0)
2024-04-22T13:20:56.175 INFO:teuthology.orchestra.run.smithi129.stdout:/usr/bin/ceph: stderr
2024-04-22T13:20:55.383+0000 7f9c26d9d700 1 -- 172.21.15.129:0/2079054360 --> [v2:172.21.15.129:3300/0,v1:172.21.15.129:6789/0] -- mon_subscribe({config=0+,monmap=0+}) -- 0x7f9c2819f550 con 0x7f9c28107670
2024-04-22T13:20:56.176 INFO:teuthology.orchestra.run.smithi129.stdout:/usr/bin/ceph: stderr
2024-04-22T13:20:55.383+0000 7f9c26d9d700 1 --2- 172.21.15.129:0/2079054360 >> [v2:172.21.15.129:3300/0,v1:172.21.15.129:6789/0] conn(0x7f9c28107670 0x7f9c2807ca30 secure :-1 s=READY pgs=40 cs=0 l=1 rev1=1 crypto rx=0x7f9c18009fb0 tx=0x7f9c18011c60 comp rx=0 tx=0).ready entity=mon.0 client_cookie=0 server_cookie=0 in_seq=0 out_seq=0
2024-04-22T13:20:56.176 INFO:teuthology.orchestra.run.smithi129.stdout:/usr/bin/ceph: stderr
2024-04-22T13:20:55.383+0000 7f9c24d99700 1 -- 172.21.15.129:0/2079054360 <== mon.0 v2:172.21.15.129:3300/0 1 ==== mon_map magic: 0 ==== 205+0+0 (secure 0 0 0) 0x7f9c180038b0 con 0x7f9c28107670
2024-04-22T13:20:56.176 INFO:teuthology.orchestra.run.smithi129.stdout:/usr/bin/ceph: stderr
2024-04-22T13:20:55.383+0000 7f9c24d99700 1 -- 172.21.15.129:0/2079054360 <== mon.0 v2:172.21.15.129:3300/0 2 ==== config(28 keys) ==== 1139+0+0 (secure 0 0 0) 0x7f9c1801a430 con 0x7f9c28107670
2024-04-22T13:20:56.176 INFO:teuthology.orchestra.run.smithi129.stdout:/usr/bin/ceph: stderr
2024-04-22T13:20:55.383+0000 7f9c2d033700 1 -- 172.21.15.129:0/2079054360 --> [v2:172.21.15.129:3300/0,v1:172.21.15.129:6789/0] -- mon_subscribe({mgrmap=0+}) -- 0x7f9c2819f720 con 0x7f9c28107670
2024-04-22T13:20:56.176 INFO:teuthology.orchestra.run.smithi129.stdout:/usr/bin/ceph: stderr
2024-04-22T13:20:55.384+0000 7f9c24d99700 1 -- 172.21.15.129:0/2079054360 <== mon.0 v2:172.21.15.129:3300/0 3 ==== mon_map magic: 0 ==== 205+0+0 (secure 0 0 0) 0x7f9c180195e0 con 0x7f9c28107670
2024-04-22T13:20:56.176 INFO:teuthology.orchestra.run.smithi129.stdout:/usr/bin/ceph: stderr
2024-04-22T13:20:55.384+0000 7f9c2d033700 1 -- 172.21.15.129:0/2079054360 --> [v2:172.21.15.129:3300/0,v1:172.21.15.129:6789/0] -- mon_subscribe({osdmap=0}) -- 0x7f9c2819fac0 con 0x7f9c28107670
2024-04-22T13:20:56.176 INFO:teuthology.orchestra.run.smithi129.stdout:/usr/bin/ceph: stderr
2024-04-22T13:20:55.384+0000 7f9c24d99700 1 -- 172.21.15.129:0/2079054360 <== mon.0 v2:172.21.15.129:3300/0 4 ==== mgrmap(e 8) ==== 46558+0+0 (secure 0 0 0) 0x7f9c180198e0 con 0x7f9c28107670
2024-04-22T13:20:56.176 INFO:teuthology.orchestra.run.smithi129.stdout:/usr/bin/ceph: stderr
2024-04-22T13:20:55.385+0000 7f9c24d99700 1 --2- 172.21.15.129:0/2079054360 >> [v2:172.21.15.129:6800/4075090622,v1:172.21.15.129:6801/4075090622] conn(0x7f9c14039560 0x7f9c1403ba20 unknown :-1 s=NONE pgs=0 cs=0 l=1 rev1=0 crypto rx=0 tx=0 comp rx=0 tx=0).connect
2024-04-22T13:20:56.176 INFO:teuthology.orchestra.run.smithi129.stdout:/usr/bin/ceph: stderr
2024-04-22T13:20:55.385+0000 7f9c2d033700 1 -- 172.21.15.129:0/2079054360 --> [v2:172.21.15.129:3300/0,v1:172.21.15.129:6789/0] -- mon_command({"prefix": "get_command_descriptions"} v 0) -- 0x7f9c280640a0 con 0x7f9c28107670
2024-04-22T13:20:56.176 INFO:teuthology.orchestra.run.smithi129.stdout:/usr/bin/ceph: stderr
2024-04-22T13:20:55.385+0000 7f9c24d99700 1 -- 172.21.15.129:0/2079054360 <== mon.0 v2:172.21.15.129:3300/0 5 ==== osd_map(2..2 src has 1..2) ==== 940+0+0 (secure 0 0 0) 0x7f9c1804da80 con 0x7f9c28107670
2024-04-22T13:20:56.176 INFO:teuthology.orchestra.run.smithi129.stdout:/usr/bin/ceph: stderr
2024-04-22T13:20:55.385+0000 7f9c1e59c700 1 --2- 172.21.15.129:0/2079054360 >> [v2:172.21.15.129:6800/4075090622,v1:172.21.15.129:6801/4075090622] conn(0x7f9c14039560 0x7f9c1403ba20 unknown :-1 s=BANNER_CONNECTING pgs=0 cs=0 l=1 rev1=0 crypto rx=0 tx=0 comp rx=0 tx=0)._handle_peer_banner_payload supported=3 required=0
2024-04-22T13:20:56.176 INFO:teuthology.orchestra.run.smithi129.stdout:/usr/bin/ceph: stderr
2024-04-22T13:20:55.385+0000 7f9c1e59c700 1 --2- 172.21.15.129:0/2079054360 >> [v2:172.21.15.129:6800/4075090622,v1:172.21.15.129:6801/4075090622] conn(0x7f9c14039560 0x7f9c1403ba20 secure :-1 s=READY pgs=8 cs=0 l=1 rev1=1 crypto rx=0x7f9c10006fd0 tx=0x7f9c10006e40 comp rx=0 tx=0).ready entity=mgr.14120 client_cookie=0 server_cookie=0 in_seq=0 out_seq=0
2024-04-22T13:20:56.177 INFO:teuthology.orchestra.run.smithi129.stdout:/usr/bin/ceph: stderr
2024-04-22T13:20:55.390+0000 7f9c24d99700 1 -- 172.21.15.129:0/2079054360 <== mon.0 v2:172.21.15.129:3300/0 6 ==== mon_command_ack([{"prefix": "get_command_descriptions"}]=0 v0) ==== 72+0+188370 (secure 0 0 0) 0x7f9c1800fda0 con 0x7f9c28107670
2024-04-22T13:20:56.177 INFO:teuthology.orchestra.run.smithi129.stdout:/usr/bin/ceph: stderr
2024-04-22T13:20:55.590+0000 7f9c2d033700 1 -- 172.21.15.129:0/2079054360 --> [v2:172.21.15.129:6800/4075090622,v1:172.21.15.129:6801/4075090622] -- mgr_command(tid 0: {"prefix": "cephadm set-user", "user": "root", "target": ["mon-mgr", ""]}) -- 0x7f9c28103ee0 con 0x7f9c14039560
2024-04-22T13:20:56.177 INFO:teuthology.orchestra.run.smithi129.stdout:/usr/bin/ceph: stderr
2024-04-22T13:20:55.591+0000 7f9c24d99700 1 -- 172.21.15.129:0/2079054360 <== mgr.14120 v2:172.21.15.129:6800/4075090622 1 ==== mgr_command_reply(tid 0: 0 ) ==== 8+0+16 (secure 0 0 0) 0x7f9c28103ee0 con 0x7f9c14039560
2024-04-22T13:20:56.177 INFO:teuthology.orchestra.run.smithi129.stdout:/usr/bin/ceph: stderr
2024-04-22T13:20:55.593+0000 7f9c2d033700 1 -- 172.21.15.129:0/2079054360 >> [v2:172.21.15.129:6800/4075090622,v1:172.21.15.129:6801/4075090622] conn(0x7f9c14039560 msgr2=0x7f9c1403ba20 secure :-1 s=STATE_CONNECTION_ESTABLISHED l=1).mark_down
2024-04-22T13:20:56.177 INFO:teuthology.orchestra.run.smithi129.stdout:/usr/bin/ceph: stderr
2024-04-22T13:20:55.593+0000 7f9c2d033700 1 --2- 172.21.15.129:0/2079054360 >> [v2:172.21.15.129:6800/4075090622,v1:172.21.15.129:6801/4075090622] conn(0x7f9c14039560 0x7f9c1403ba20 secure :-1 s=READY pgs=8 cs=0 l=1 rev1=1 crypto rx=0x7f9c10006fd0 tx=0x7f9c10006e40 comp rx=0 tx=0).stop
2024-04-22T13:20:56.177 INFO:teuthology.orchestra.run.smithi129.stdout:/usr/bin/ceph: stderr
2024-04-22T13:20:55.593+0000 7f9c2d033700 1 -- 172.21.15.129:0/2079054360 >> [v2:172.21.15.129:3300/0,v1:172.21.15.129:6789/0] conn(0x7f9c28107670 msgr2=0x7f9c2807ca30 secure :-1 s=STATE_CONNECTION_ESTABLISHED l=1).mark_down
2024-04-22T13:20:56.177 INFO:teuthology.orchestra.run.smithi129.stdout:/usr/bin/ceph: stderr
2024-04-22T13:20:55.593+0000 7f9c2d033700 1 --2- 172.21.15.129:0/2079054360 >> [v2:172.21.15.129:3300/0,v1:172.21.15.129:6789/0] conn(0x7f9c28107670 0x7f9c2807ca30 secure :-1 s=READY pgs=40 cs=0 l=1 rev1=1 crypto rx=0x7f9c18009fb0 tx=0x7f9c18011c60 comp rx=0 tx=0).stop
2024-04-22T13:20:56.177 INFO:teuthology.orchestra.run.smithi129.stdout:/usr/bin/ceph: stderr
2024-04-22T13:20:55.593+0000 7f9c2d033700 1 -- 172.21.15.129:0/2079054360 shutdown_connections
2024-04-22T13:20:56.177 INFO:teuthology.orchestra.run.smithi129.stdout:/usr/bin/ceph: stderr
2024-04-22T13:20:55.593+0000 7f9c2d033700 1 --2- 172.21.15.129:0/2079054360 >> [v2:172.21.15.129:6800/4075090622,v1:172.21.15.129:6801/4075090622] conn(0x7f9c14039560 0x7f9c1403ba20 unknown :-1 s=CLOSED pgs=8 cs=0 l=1 rev1=1 crypto rx=0 tx=0 comp rx=0 tx=0).stop
2024-04-22T13:20:56.177 INFO:teuthology.orchestra.run.smithi129.stdout:/usr/bin/ceph: stderr
2024-04-22T13:20:55.593+0000 7f9c2d033700 1 --2- 172.21.15.129:0/2079054360 >> [v2:172.21.15.129:3300/0,v1:172.21.15.129:6789/0] conn(0x7f9c28107670 0x7f9c2807ca30 unknown :-1 s=CLOSED pgs=40 cs=0 l=1 rev1=1 crypto rx=0 tx=0 comp rx=0 tx=0).stop
2024-04-22T13:20:56.177 INFO:teuthology.orchestra.run.smithi129.stdout:/usr/bin/ceph: stderr
2024-04-22T13:20:55.593+0000 7f9c2d033700 1 -- 172.21.15.129:0/2079054360 >> 172.21.15.129:0/2079054360 conn(0x7f9c28102bf0 msgr2=0x7f9c281037d0 unknown :-1 s=STATE_NONE l=0).mark_down
2024-04-22T13:20:56.177 INFO:teuthology.orchestra.run.smithi129.stdout:/usr/bin/ceph: stderr
2024-04-22T13:20:55.593+0000 7f9c2d033700 1 -- 172.21.15.129:0/2079054360 shutdown_connections
2024-04-22T13:20:56.177 INFO:teuthology.orchestra.run.smithi129.stdout:/usr/bin/ceph: stderr
2024-04-22T13:20:55.593+0000 7f9c2d033700 1 -- 172.21.15.129:0/2079054360 wait complete.
2024-04-22T13:20:56.177 INFO:teuthology.orchestra.run.smithi129.stdout:Generating ssh key...
2024-04-22T13:20:56.818 INFO:journalctl@ceph.mon.a.smithi129.stdout:Apr 22 13:20:56 smithi129 ceph-mon[28202]: from='client.14134 -' entity='client.admin' cmd=[{"prefix": "cephadm set-user", "user": "root", "target": ["mon-mgr", ""]}]: dispatch
2024-04-22T13:20:57.080 INFO:journalctl@ceph.mgr.x.smithi129.stdout:Apr 22 13:20:56 smithi129 ceph-e622d5f8-00aa-11ef-bc93-c7b262605968-mgr-x[28434]: Generating public/private rsa key pair.
2024-04-22T13:20:57.080 INFO:journalctl@ceph.mgr.x.smithi129.stdout:Apr 22 13:20:56 smithi129 ceph-e622d5f8-00aa-11ef-bc93-c7b262605968-mgr-x[28434]: Your identification has been saved in /tmp/tmprmn7q1lr/key.
2024-04-22T13:20:57.080 INFO:journalctl@ceph.mgr.x.smithi129.stdout:Apr 22 13:20:56 smithi129 ceph-e622d5f8-00aa-11ef-bc93-c7b262605968-mgr-x[28434]: Your public key has been saved in /tmp/tmprmn7q1lr/key.pub.
2024-04-22T13:20:57.080 INFO:journalctl@ceph.mgr.x.smithi129.stdout:Apr 22 13:20:56 smithi129 ceph-e622d5f8-00aa-11ef-bc93-c7b262605968-mgr-x[28434]: The key fingerprint is:
2024-04-22T13:20:57.080 INFO:journalctl@ceph.mgr.x.smithi129.stdout:Apr 22 13:20:56 smithi129 ceph-e622d5f8-00aa-11ef-bc93-c7b262605968-mgr-x[28434]: SHA256:h1Jk9oD7nguoE5HXcPr4vQ08GAXJ2mGTQQZcssB9C7M ceph-e622d5f8-00aa-11ef-bc93-c7b262605968
2024-04-22T13:20:57.081 INFO:journalctl@ceph.mgr.x.smithi129.stdout:Apr 22 13:20:56 smithi129 ceph-e622d5f8-00aa-11ef-bc93-c7b262605968-mgr-x[28434]: The key's randomart image is:
2024-04-22T13:20:57.081 INFO:journalctl@ceph.mgr.x.smithi129.stdout:Apr 22 13:20:56 smithi129 ceph-e622d5f8-00aa-11ef-bc93-c7b262605968-mgr-x[28434]: +---[RSA 3072]----+
2024-04-22T13:20:57.081 INFO:journalctl@ceph.mgr.x.smithi129.stdout:Apr 22 13:20:56 smithi129 ceph-e622d5f8-00aa-11ef-bc93-c7b262605968-mgr-x[28434]: | ..oo=*== |
2024-04-22T13:20:57.081 INFO:journalctl@ceph.mgr.x.smithi129.stdout:Apr 22 13:20:56 smithi129 ceph-e622d5f8-00aa-11ef-bc93-c7b262605968-mgr-x[28434]: | ..*+@= o |
2024-04-22T13:20:57.081 INFO:journalctl@ceph.mgr.x.smithi129.stdout:Apr 22 13:20:56 smithi129 ceph-e622d5f8-00aa-11ef-bc93-c7b262605968-mgr-x[28434]: | ..& =o . |
2024-04-22T13:20:57.081 INFO:journalctl@ceph.mgr.x.smithi129.stdout:Apr 22 13:20:56 smithi129 ceph-e622d5f8-00aa-11ef-bc93-c7b262605968-mgr-x[28434]: | o E =o . |
2024-04-22T13:20:57.081 INFO:journalctl@ceph.mgr.x.smithi129.stdout:Apr 22 13:20:56 smithi129 ceph-e622d5f8-00aa-11ef-bc93-c7b262605968-mgr-x[28434]: | o oo.S . |
2024-04-22T13:20:57.081 INFO:journalctl@ceph.mgr.x.smithi129.stdout:Apr 22 13:20:56 smithi129 ceph-e622d5f8-00aa-11ef-bc93-c7b262605968-mgr-x[28434]: | . ...=.. |
2024-04-22T13:20:57.081 INFO:journalctl@ceph.mgr.x.smithi129.stdout:Apr 22 13:20:56 smithi129 ceph-e622d5f8-00aa-11ef-bc93-c7b262605968-mgr-x[28434]: | ...oo+. |
2024-04-22T13:20:57.081 INFO:journalctl@ceph.mgr.x.smithi129.stdout:Apr 22 13:20:56 smithi129 ceph-e622d5f8-00aa-11ef-bc93-c7b262605968-mgr-x[28434]: | .. ..++ |
2024-04-22T13:20:57.081 INFO:journalctl@ceph.mgr.x.smithi129.stdout:Apr 22 13:20:56 smithi129 ceph-e622d5f8-00aa-11ef-bc93-c7b262605968-mgr-x[28434]: | .. oo. |
2024-04-22T13:20:57.081 INFO:journalctl@ceph.mgr.x.smithi129.stdout:Apr 22 13:20:56 smithi129 ceph-e622d5f8-00aa-11ef-bc93-c7b262605968-mgr-x[28434]: +----[SHA256]-----+
2024-04-22T13:20:57.480 INFO:teuthology.orchestra.run.smithi129.stdout:/usr/bin/ceph: stderr
2024-04-22T13:20:56.612+0000 7f188ad58700 1 Processor -- start
2024-04-22T13:20:57.481 INFO:teuthology.orchestra.run.smithi129.stdout:/usr/bin/ceph: stderr
2024-04-22T13:20:56.612+0000 7f188ad58700 1 -- start start
2024-04-22T13:20:57.481 INFO:teuthology.orchestra.run.smithi129.stdout:/usr/bin/ceph: stderr
2024-04-22T13:20:56.612+0000 7f188ad58700 1 --2- >> [v2:172.21.15.129:3300/0,v1:172.21.15.129:6789/0] conn(0x7f188407ee50 0x7f188407d300 unknown :-1 s=NONE pgs=0 cs=0 l=0 rev1=0 crypto rx=0 tx=0 comp rx=0 tx=0).connect
2024-04-22T13:20:57.481 INFO:teuthology.orchestra.run.smithi129.stdout:/usr/bin/ceph: stderr
2024-04-22T13:20:56.612+0000 7f188ad58700 1 -- --> [v2:172.21.15.129:3300/0,v1:172.21.15.129:6789/0] -- mon_getmap magic: 0 -- 0x7f188407d8d0 con 0x7f188407ee50
2024-04-22T13:20:57.481 INFO:teuthology.orchestra.run.smithi129.stdout:/usr/bin/ceph: stderr
2024-04-22T13:20:56.613+0000 7f1888af4700 1 --2- >> [v2:172.21.15.129:3300/0,v1:172.21.15.129:6789/0] conn(0x7f188407ee50 0x7f188407d300 unknown :-1 s=BANNER_CONNECTING pgs=0 cs=0 l=0 rev1=0 crypto rx=0 tx=0 comp rx=0 tx=0)._handle_peer_banner_payload supported=3 required=0
2024-04-22T13:20:57.481 INFO:teuthology.orchestra.run.smithi129.stdout:/usr/bin/ceph: stderr
2024-04-22T13:20:56.613+0000 7f1888af4700 1 --2- >> [v2:172.21.15.129:3300/0,v1:172.21.15.129:6789/0] conn(0x7f188407ee50 0x7f188407d300 unknown :-1 s=HELLO_CONNECTING pgs=0 cs=0 l=0 rev1=1 crypto rx=0 tx=0 comp rx=0 tx=0).handle_hello peer v2:172.21.15.129:3300/0 says I am v2:172.21.15.129:52476/0 (socket says 172.21.15.129:52476)
2024-04-22T13:20:57.481 INFO:teuthology.orchestra.run.smithi129.stdout:/usr/bin/ceph: stderr
2024-04-22T13:20:56.613+0000 7f1888af4700 1 -- 172.21.15.129:0/934733557 learned_addr learned my addr 172.21.15.129:0/934733557 (peer_addr_for_me v2:172.21.15.129:0/0)
2024-04-22T13:20:57.481 INFO:teuthology.orchestra.run.smithi129.stdout:/usr/bin/ceph: stderr
2024-04-22T13:20:56.613+0000 7f1888af4700 1 -- 172.21.15.129:0/934733557 --> [v2:172.21.15.129:3300/0,v1:172.21.15.129:6789/0] -- mon_subscribe({config=0+,monmap=0+}) -- 0x7f188407da50 con 0x7f188407ee50
2024-04-22T13:20:57.481 INFO:teuthology.orchestra.run.smithi129.stdout:/usr/bin/ceph: stderr
2024-04-22T13:20:56.613+0000 7f1888af4700 1 --2- 172.21.15.129:0/934733557 >> [v2:172.21.15.129:3300/0,v1:172.21.15.129:6789/0] conn(0x7f188407ee50 0x7f188407d300 secure :-1 s=READY pgs=41 cs=0 l=1 rev1=1 crypto rx=0x7f1874009e80 tx=0x7f187400b330 comp rx=0 tx=0).ready entity=mon.0 client_cookie=7765c1c315928e15 server_cookie=0 in_seq=0 out_seq=0
2024-04-22T13:20:57.481 INFO:teuthology.orchestra.run.smithi129.stdout:/usr/bin/ceph: stderr
2024-04-22T13:20:56.613+0000 7f18837fe700 1 -- 172.21.15.129:0/934733557 <== mon.0 v2:172.21.15.129:3300/0 1 ==== mon_map magic: 0 ==== 205+0+0 (secure 0 0 0) 0x7f1874017070 con 0x7f188407ee50
2024-04-22T13:20:57.481 INFO:teuthology.orchestra.run.smithi129.stdout:/usr/bin/ceph: stderr
2024-04-22T13:20:56.613+0000 7f18837fe700 1 -- 172.21.15.129:0/934733557 <== mon.0 v2:172.21.15.129:3300/0 2 ==== config(28 keys) ==== 1139+0+0 (secure 0 0 0) 0x7f187400b8c0 con 0x7f188407ee50
2024-04-22T13:20:57.481 INFO:teuthology.orchestra.run.smithi129.stdout:/usr/bin/ceph: stderr
2024-04-22T13:20:56.613+0000 7f18837fe700 1 -- 172.21.15.129:0/934733557 <== mon.0 v2:172.21.15.129:3300/0 3 ==== mon_map magic: 0 ==== 205+0+0 (secure 0 0 0) 0x7f1874004620 con 0x7f188407ee50
2024-04-22T13:20:57.481 INFO:teuthology.orchestra.run.smithi129.stdout:/usr/bin/ceph: stderr
2024-04-22T13:20:56.614+0000 7f188ad58700 1 -- 172.21.15.129:0/934733557 >> [v2:172.21.15.129:3300/0,v1:172.21.15.129:6789/0] conn(0x7f188407ee50 msgr2=0x7f188407d300 secure :-1 s=STATE_CONNECTION_ESTABLISHED l=1).mark_down
2024-04-22T13:20:57.482 INFO:teuthology.orchestra.run.smithi129.stdout:/usr/bin/ceph: stderr
2024-04-22T13:20:56.614+0000 7f188ad58700 1 --2- 172.21.15.129:0/934733557 >> [v2:172.21.15.129:3300/0,v1:172.21.15.129:6789/0] conn(0x7f188407ee50 0x7f188407d300 secure :-1 s=READY pgs=41 cs=0 l=1 rev1=1 crypto rx=0x7f1874009e80 tx=0x7f187400b330 comp rx=0 tx=0).stop
2024-04-22T13:20:57.482 INFO:teuthology.orchestra.run.smithi129.stdout:/usr/bin/ceph: stderr
2024-04-22T13:20:56.614+0000 7f188ad58700 1 -- 172.21.15.129:0/934733557 shutdown_connections
2024-04-22T13:20:57.482 INFO:teuthology.orchestra.run.smithi129.stdout:/usr/bin/ceph: stderr
2024-04-22T13:20:56.614+0000 7f188ad58700 1 --2- 172.21.15.129:0/934733557 >> [v2:172.21.15.129:3300/0,v1:172.21.15.129:6789/0] conn(0x7f188407ee50 0x7f188407d300 unknown :-1 s=CLOSED pgs=41 cs=0 l=1 rev1=1 crypto rx=0 tx=0 comp rx=0 tx=0).stop
2024-04-22T13:20:57.482 INFO:teuthology.orchestra.run.smithi129.stdout:/usr/bin/ceph: stderr
2024-04-22T13:20:56.614+0000 7f188ad58700 1 -- 172.21.15.129:0/934733557 >> 172.21.15.129:0/934733557 conn(0x7f1884103db0 msgr2=0x7f18841061d0 unknown :-1 s=STATE_NONE l=0).mark_down
2024-04-22T13:20:57.482 INFO:teuthology.orchestra.run.smithi129.stdout:/usr/bin/ceph: stderr
2024-04-22T13:20:56.614+0000 7f188ad58700 1 -- 172.21.15.129:0/934733557 shutdown_connections
2024-04-22T13:20:57.482 INFO:teuthology.orchestra.run.smithi129.stdout:/usr/bin/ceph: stderr
2024-04-22T13:20:56.614+0000 7f188ad58700 1 -- 172.21.15.129:0/934733557 wait complete.
2024-04-22T13:20:57.482 INFO:teuthology.orchestra.run.smithi129.stdout:/usr/bin/ceph: stderr
2024-04-22T13:20:56.614+0000 7f188ad58700 1 Processor -- start
2024-04-22T13:20:57.482 INFO:teuthology.orchestra.run.smithi129.stdout:/usr/bin/ceph: stderr
2024-04-22T13:20:56.614+0000 7f188ad58700 1 -- start start
2024-04-22T13:20:57.482 INFO:teuthology.orchestra.run.smithi129.stdout:/usr/bin/ceph: stderr
