2024-04-22T13:20:42.579 INFO:journalctl@ceph.mon.a.smithi129.stdout:Apr 22 13:20:42 smithi129 ceph-mon[28202]: mgrmap e4: x(active, since 2s)
2024-04-22T13:20:43.268 INFO:teuthology.orchestra.run.smithi129.stdout:/usr/bin/ceph: stdout
2024-04-22T13:20:43.268 INFO:teuthology.orchestra.run.smithi129.stdout:/usr/bin/ceph: stdout {
2024-04-22T13:20:43.269 INFO:teuthology.orchestra.run.smithi129.stdout:/usr/bin/ceph: stdout "fsid": "e622d5f8-00aa-11ef-bc93-c7b262605968",
2024-04-22T13:20:43.269 INFO:teuthology.orchestra.run.smithi129.stdout:/usr/bin/ceph: stdout "health": {
2024-04-22T13:20:43.269 INFO:teuthology.orchestra.run.smithi129.stdout:/usr/bin/ceph: stdout "status": "HEALTH_OK",
2024-04-22T13:20:43.269 INFO:teuthology.orchestra.run.smithi129.stdout:/usr/bin/ceph: stdout "checks": {},
2024-04-22T13:20:43.269 INFO:teuthology.orchestra.run.smithi129.stdout:/usr/bin/ceph: stdout "mutes": []
2024-04-22T13:20:43.269 INFO:teuthology.orchestra.run.smithi129.stdout:/usr/bin/ceph: stdout },
2024-04-22T13:20:43.269 INFO:teuthology.orchestra.run.smithi129.stdout:/usr/bin/ceph: stdout "election_epoch": 5,
2024-04-22T13:20:43.269 INFO:teuthology.orchestra.run.smithi129.stdout:/usr/bin/ceph: stdout "quorum": [
2024-04-22T13:20:43.269 INFO:teuthology.orchestra.run.smithi129.stdout:/usr/bin/ceph: stdout 0
2024-04-22T13:20:43.269 INFO:teuthology.orchestra.run.smithi129.stdout:/usr/bin/ceph: stdout ],
2024-04-22T13:20:43.269 INFO:teuthology.orchestra.run.smithi129.stdout:/usr/bin/ceph: stdout "quorum_names": [
2024-04-22T13:20:43.269 INFO:teuthology.orchestra.run.smithi129.stdout:/usr/bin/ceph: stdout "a"
2024-04-22T13:20:43.270 INFO:teuthology.orchestra.run.smithi129.stdout:/usr/bin/ceph: stdout ],
2024-04-22T13:20:43.270 INFO:teuthology.orchestra.run.smithi129.stdout:/usr/bin/ceph: stdout "quorum_age": 12,
2024-04-22T13:20:43.270 INFO:teuthology.orchestra.run.smithi129.stdout:/usr/bin/ceph: stdout "monmap": {
2024-04-22T13:20:43.270 INFO:teuthology.orchestra.run.smithi129.stdout:/usr/bin/ceph: stdout "epoch": 1,
2024-04-22T13:20:43.270 INFO:teuthology.orchestra.run.smithi129.stdout:/usr/bin/ceph: stdout "min_mon_release_name": "squid",
2024-04-22T13:20:43.270 INFO:teuthology.orchestra.run.smithi129.stdout:/usr/bin/ceph: stdout "num_mons": 1
2024-04-22T13:20:43.270 INFO:teuthology.orchestra.run.smithi129.stdout:/usr/bin/ceph: stdout },
2024-04-22T13:20:43.270 INFO:teuthology.orchestra.run.smithi129.stdout:/usr/bin/ceph: stdout "osdmap": {
2024-04-22T13:20:43.270 INFO:teuthology.orchestra.run.smithi129.stdout:/usr/bin/ceph: stdout "epoch": 1,
2024-04-22T13:20:43.270 INFO:teuthology.orchestra.run.smithi129.stdout:/usr/bin/ceph: stdout "num_osds": 0,
2024-04-22T13:20:43.270 INFO:teuthology.orchestra.run.smithi129.stdout:/usr/bin/ceph: stdout "num_up_osds": 0,
2024-04-22T13:20:43.270 INFO:teuthology.orchestra.run.smithi129.stdout:/usr/bin/ceph: stdout "osd_up_since": 0,
2024-04-22T13:20:43.270 INFO:teuthology.orchestra.run.smithi129.stdout:/usr/bin/ceph: stdout "num_in_osds": 0,
2024-04-22T13:20:43.271 INFO:teuthology.orchestra.run.smithi129.stdout:/usr/bin/ceph: stdout "osd_in_since": 0,
2024-04-22T13:20:43.271 INFO:teuthology.orchestra.run.smithi129.stdout:/usr/bin/ceph: stdout "num_remapped_pgs": 0
2024-04-22T13:20:43.271 INFO:teuthology.orchestra.run.smithi129.stdout:/usr/bin/ceph: stdout },
2024-04-22T13:20:43.271 INFO:teuthology.orchestra.run.smithi129.stdout:/usr/bin/ceph: stdout "pgmap": {
2024-04-22T13:20:43.271 INFO:teuthology.orchestra.run.smithi129.stdout:/usr/bin/ceph: stdout "pgs_by_state": [],
2024-04-22T13:20:43.271 INFO:teuthology.orchestra.run.smithi129.stdout:/usr/bin/ceph: stdout "num_pgs": 0,
2024-04-22T13:20:43.271 INFO:teuthology.orchestra.run.smithi129.stdout:/usr/bin/ceph: stdout "num_pools": 0,
2024-04-22T13:20:43.272 INFO:teuthology.orchestra.run.smithi129.stdout:/usr/bin/ceph: stdout "num_objects": 0,
2024-04-22T13:20:43.272 INFO:teuthology.orchestra.run.smithi129.stdout:/usr/bin/ceph: stdout "data_bytes": 0,
2024-04-22T13:20:43.272 INFO:teuthology.orchestra.run.smithi129.stdout:/usr/bin/ceph: stdout "bytes_used": 0,
2024-04-22T13:20:43.272 INFO:teuthology.orchestra.run.smithi129.stdout:/usr/bin/ceph: stdout "bytes_avail": 0,
2024-04-22T13:20:43.272 INFO:teuthology.orchestra.run.smithi129.stdout:/usr/bin/ceph: stdout "bytes_total": 0
2024-04-22T13:20:43.272 INFO:teuthology.orchestra.run.smithi129.stdout:/usr/bin/ceph: stdout },
2024-04-22T13:20:43.272 INFO:teuthology.orchestra.run.smithi129.stdout:/usr/bin/ceph: stdout "fsmap": {
2024-04-22T13:20:43.272 INFO:teuthology.orchestra.run.smithi129.stdout:/usr/bin/ceph: stdout "epoch": 1,
2024-04-22T13:20:43.272 INFO:teuthology.orchestra.run.smithi129.stdout:/usr/bin/ceph: stdout "by_rank": [],
2024-04-22T13:20:43.272 INFO:teuthology.orchestra.run.smithi129.stdout:/usr/bin/ceph: stdout "up:standby": 0
2024-04-22T13:20:43.273 INFO:teuthology.orchestra.run.smithi129.stdout:/usr/bin/ceph: stdout },
2024-04-22T13:20:43.273 INFO:teuthology.orchestra.run.smithi129.stdout:/usr/bin/ceph: stdout "mgrmap": {
2024-04-22T13:20:43.273 INFO:teuthology.orchestra.run.smithi129.stdout:/usr/bin/ceph: stdout "available": true,
2024-04-22T13:20:43.273 INFO:teuthology.orchestra.run.smithi129.stdout:/usr/bin/ceph: stdout "num_standbys": 0,
2024-04-22T13:20:43.273 INFO:teuthology.orchestra.run.smithi129.stdout:/usr/bin/ceph: stdout "modules": [
2024-04-22T13:20:43.273 INFO:teuthology.orchestra.run.smithi129.stdout:/usr/bin/ceph: stdout "iostat",
2024-04-22T13:20:43.273 INFO:teuthology.orchestra.run.smithi129.stdout:/usr/bin/ceph: stdout "nfs",
2024-04-22T13:20:43.273 INFO:teuthology.orchestra.run.smithi129.stdout:/usr/bin/ceph: stdout "restful"
2024-04-22T13:20:43.273 INFO:teuthology.orchestra.run.smithi129.stdout:/usr/bin/ceph: stdout ],
2024-04-22T13:20:43.273 INFO:teuthology.orchestra.run.smithi129.stdout:/usr/bin/ceph: stdout "services": {}
2024-04-22T13:20:43.273 INFO:teuthology.orchestra.run.smithi129.stdout:/usr/bin/ceph: stdout },
2024-04-22T13:20:43.273 INFO:teuthology.orchestra.run.smithi129.stdout:/usr/bin/ceph: stdout "servicemap": {
2024-04-22T13:20:43.274 INFO:teuthology.orchestra.run.smithi129.stdout:/usr/bin/ceph: stdout "epoch": 1,
2024-04-22T13:20:43.274 INFO:teuthology.orchestra.run.smithi129.stdout:/usr/bin/ceph: stdout "modified": "2024-04-22T13:20:25.990953+0000",
2024-04-22T13:20:43.274 INFO:teuthology.orchestra.run.smithi129.stdout:/usr/bin/ceph: stdout "services": {}
2024-04-22T13:20:43.274 INFO:teuthology.orchestra.run.smithi129.stdout:/usr/bin/ceph: stdout },
2024-04-22T13:20:43.274 INFO:teuthology.orchestra.run.smithi129.stdout:/usr/bin/ceph: stdout "progress_events": {}
2024-04-22T13:20:43.274 INFO:teuthology.orchestra.run.smithi129.stdout:/usr/bin/ceph: stdout }
2024-04-22T13:20:43.274 INFO:teuthology.orchestra.run.smithi129.stdout:/usr/bin/ceph: stderr
2024-04-22T13:20:42.338+0000 7f7ac4015700 1 Processor -- start
2024-04-22T13:20:43.274 INFO:teuthology.orchestra.run.smithi129.stdout:/usr/bin/ceph: stderr
2024-04-22T13:20:42.338+0000 7f7ac4015700 1 -- start start
2024-04-22T13:20:43.274 INFO:teuthology.orchestra.run.smithi129.stdout:/usr/bin/ceph: stderr
2024-04-22T13:20:42.339+0000 7f7ac4015700 1 --2- >> [v2:172.21.15.129:3300/0,v1:172.21.15.129:6789/0] conn(0x7f7abc109240 0x7f7abc10b630 unknown :-1 s=NONE pgs=0 cs=0 l=0 rev1=0 crypto rx=0 tx=0 comp rx=0 tx=0).connect
2024-04-22T13:20:43.274 INFO:teuthology.orchestra.run.smithi129.stdout:/usr/bin/ceph: stderr
2024-04-22T13:20:42.339+0000 7f7ac4015700 1 -- --> [v2:172.21.15.129:3300/0,v1:172.21.15.129:6789/0] -- mon_getmap magic: 0 -- 0x7f7abc07ce30 con 0x7f7abc109240
2024-04-22T13:20:43.274 INFO:teuthology.orchestra.run.smithi129.stdout:/usr/bin/ceph: stderr
2024-04-22T13:20:42.339+0000 7f7ac1db1700 1 --2- >> [v2:172.21.15.129:3300/0,v1:172.21.15.129:6789/0] conn(0x7f7abc109240 0x7f7abc10b630 unknown :-1 s=BANNER_CONNECTING pgs=0 cs=0 l=0 rev1=0 crypto rx=0 tx=0 comp rx=0 tx=0)._handle_peer_banner_payload supported=3 required=0
2024-04-22T13:20:43.274 INFO:teuthology.orchestra.run.smithi129.stdout:/usr/bin/ceph: stderr
2024-04-22T13:20:42.339+0000 7f7ac1db1700 1 --2- >> [v2:172.21.15.129:3300/0,v1:172.21.15.129:6789/0] conn(0x7f7abc109240 0x7f7abc10b630 unknown :-1 s=HELLO_CONNECTING pgs=0 cs=0 l=0 rev1=1 crypto rx=0 tx=0 comp rx=0 tx=0).handle_hello peer v2:172.21.15.129:3300/0 says I am v2:172.21.15.129:32922/0 (socket says 172.21.15.129:32922)
2024-04-22T13:20:43.274 INFO:teuthology.orchestra.run.smithi129.stdout:/usr/bin/ceph: stderr
2024-04-22T13:20:42.339+0000 7f7ac1db1700 1 -- 172.21.15.129:0/527943473 learned_addr learned my addr 172.21.15.129:0/527943473 (peer_addr_for_me v2:172.21.15.129:0/0)
2024-04-22T13:20:43.275 INFO:teuthology.orchestra.run.smithi129.stdout:/usr/bin/ceph: stderr
2024-04-22T13:20:42.339+0000 7f7ac1db1700 1 -- 172.21.15.129:0/527943473 --> [v2:172.21.15.129:3300/0,v1:172.21.15.129:6789/0] -- mon_subscribe({config=0+,monmap=0+}) -- 0x7f7abc10bb70 con 0x7f7abc109240
2024-04-22T13:20:43.275 INFO:teuthology.orchestra.run.smithi129.stdout:/usr/bin/ceph: stderr
2024-04-22T13:20:42.339+0000 7f7ac1db1700 1 --2- 172.21.15.129:0/527943473 >> [v2:172.21.15.129:3300/0,v1:172.21.15.129:6789/0] conn(0x7f7abc109240 0x7f7abc10b630 secure :-1 s=READY pgs=18 cs=0 l=1 rev1=1 crypto rx=0x7f7ab80098a0 tx=0x7f7ab8009bb0 comp rx=0 tx=0).ready entity=mon.0 client_cookie=7ec1fa6967382943 server_cookie=0 in_seq=0 out_seq=0
2024-04-22T13:20:43.275 INFO:teuthology.orchestra.run.smithi129.stdout:/usr/bin/ceph: stderr
2024-04-22T13:20:42.339+0000 7f7ac0daf700 1 -- 172.21.15.129:0/527943473 <== mon.0 v2:172.21.15.129:3300/0 1 ==== mon_map magic: 0 ==== 205+0+0 (secure 0 0 0) 0x7f7ab8004160 con 0x7f7abc109240
2024-04-22T13:20:43.275 INFO:teuthology.orchestra.run.smithi129.stdout:/usr/bin/ceph: stderr
2024-04-22T13:20:42.340+0000 7f7ac0daf700 1 -- 172.21.15.129:0/527943473 <== mon.0 v2:172.21.15.129:3300/0 2 ==== config(28 keys) ==== 1139+0+0 (secure 0 0 0) 0x7f7ab8004300 con 0x7f7abc109240
2024-04-22T13:20:43.275 INFO:teuthology.orchestra.run.smithi129.stdout:/usr/bin/ceph: stderr
2024-04-22T13:20:42.340+0000 7f7ac0daf700 1 -- 172.21.15.129:0/527943473 <== mon.0 v2:172.21.15.129:3300/0 3 ==== mon_map magic: 0 ==== 205+0+0 (secure 0 0 0) 0x7f7ab8011c00 con 0x7f7abc109240
2024-04-22T13:20:43.275 INFO:teuthology.orchestra.run.smithi129.stdout:/usr/bin/ceph: stderr
2024-04-22T13:20:42.340+0000 7f7ac4015700 1 -- 172.21.15.129:0/527943473 >> [v2:172.21.15.129:3300/0,v1:172.21.15.129:6789/0] conn(0x7f7abc109240 msgr2=0x7f7abc10b630 secure :-1 s=STATE_CONNECTION_ESTABLISHED l=1).mark_down
2024-04-22T13:20:43.275 INFO:teuthology.orchestra.run.smithi129.stdout:/usr/bin/ceph: stderr
2024-04-22T13:20:42.340+0000 7f7ac4015700 1 --2- 172.21.15.129:0/527943473 >> [v2:172.21.15.129:3300/0,v1:172.21.15.129:6789/0] conn(0x7f7abc109240 0x7f7abc10b630 secure :-1 s=READY pgs=18 cs=0 l=1 rev1=1 crypto rx=0x7f7ab80098a0 tx=0x7f7ab8009bb0 comp rx=0 tx=0).stop
2024-04-22T13:20:43.275 INFO:teuthology.orchestra.run.smithi129.stdout:/usr/bin/ceph: stderr
2024-04-22T13:20:42.340+0000 7f7ac4015700 1 -- 172.21.15.129:0/527943473 shutdown_connections
2024-04-22T13:20:43.276 INFO:teuthology.orchestra.run.smithi129.stdout:/usr/bin/ceph: stderr
2024-04-22T13:20:42.340+0000 7f7ac4015700 1 --2- 172.21.15.129:0/527943473 >> [v2:172.21.15.129:3300/0,v1:172.21.15.129:6789/0] conn(0x7f7abc109240 0x7f7abc10b630 unknown :-1 s=CLOSED pgs=18 cs=0 l=1 rev1=1 crypto rx=0 tx=0 comp rx=0 tx=0).stop
2024-04-22T13:20:43.276 INFO:teuthology.orchestra.run.smithi129.stdout:/usr/bin/ceph: stderr
2024-04-22T13:20:42.340+0000 7f7ac4015700 1 -- 172.21.15.129:0/527943473 >> 172.21.15.129:0/527943473 conn(0x7f7abc102bf0 msgr2=0x7f7abc105050 unknown :-1 s=STATE_NONE l=0).mark_down
2024-04-22T13:20:43.276 INFO:teuthology.orchestra.run.smithi129.stdout:/usr/bin/ceph: stderr
2024-04-22T13:20:42.340+0000 7f7ac4015700 1 -- 172.21.15.129:0/527943473 shutdown_connections
2024-04-22T13:20:43.276 INFO:teuthology.orchestra.run.smithi129.stdout:/usr/bin/ceph: stderr
2024-04-22T13:20:42.340+0000 7f7ac4015700 1 -- 172.21.15.129:0/527943473 wait complete.
2024-04-22T13:20:43.276 INFO:teuthology.orchestra.run.smithi129.stdout:/usr/bin/ceph: stderr
2024-04-22T13:20:42.341+0000 7f7ac4015700 1 Processor -- start
2024-04-22T13:20:43.276 INFO:teuthology.orchestra.run.smithi129.stdout:/usr/bin/ceph: stderr
2024-04-22T13:20:42.341+0000 7f7ac4015700 1 -- start start
2024-04-22T13:20:43.276 INFO:teuthology.orchestra.run.smithi129.stdout:/usr/bin/ceph: stderr
2024-04-22T13:20:42.341+0000 7f7ac4015700 1 --2- >> [v2:172.21.15.129:3300/0,v1:172.21.15.129:6789/0] conn(0x7f7abc109240 0x7f7abc19c780 unknown :-1 s=NONE pgs=0 cs=0 l=1 rev1=0 crypto rx=0 tx=0 comp rx=0 tx=0).connect
2024-04-22T13:20:43.276 INFO:teuthology.orchestra.run.smithi129.stdout:/usr/bin/ceph: stderr
2024-04-22T13:20:42.341+0000 7f7ac4015700 1 -- --> [v2:172.21.15.129:3300/0,v1:172.21.15.129:6789/0] -- mon_getmap magic: 0 -- 0x7f7abc10cba0 con 0x7f7abc109240
2024-04-22T13:20:43.276 INFO:teuthology.orchestra.run.smithi129.stdout:/usr/bin/ceph: stderr
2024-04-22T13:20:42.341+0000 7f7ac1db1700 1 --2- >> [v2:172.21.15.129:3300/0,v1:172.21.15.129:6789/0] conn(0x7f7abc109240 0x7f7abc19c780 unknown :-1 s=BANNER_CONNECTING pgs=0 cs=0 l=1 rev1=0 crypto rx=0 tx=0 comp rx=0 tx=0)._handle_peer_banner_payload supported=3 required=0
2024-04-22T13:20:43.276 INFO:teuthology.orchestra.run.smithi129.stdout:/usr/bin/ceph: stderr
2024-04-22T13:20:42.341+0000 7f7ac1db1700 1 --2- >> [v2:172.21.15.129:3300/0,v1:172.21.15.129:6789/0] conn(0x7f7abc109240 0x7f7abc19c780 unknown :-1 s=HELLO_CONNECTING pgs=0 cs=0 l=1 rev1=1 crypto rx=0 tx=0 comp rx=0 tx=0).handle_hello peer v2:172.21.15.129:3300/0 says I am v2:172.21.15.129:32932/0 (socket says 172.21.15.129:32932)
2024-04-22T13:20:43.276 INFO:teuthology.orchestra.run.smithi129.stdout:/usr/bin/ceph: stderr
2024-04-22T13:20:42.341+0000 7f7ac1db1700 1 -- 172.21.15.129:0/2708673748 learned_addr learned my addr 172.21.15.129:0/2708673748 (peer_addr_for_me v2:172.21.15.129:0/0)
2024-04-22T13:20:43.276 INFO:teuthology.orchestra.run.smithi129.stdout:/usr/bin/ceph: stderr
2024-04-22T13:20:42.341+0000 7f7ac1db1700 1 -- 172.21.15.129:0/2708673748 --> [v2:172.21.15.129:3300/0,v1:172.21.15.129:6789/0] -- mon_subscribe({config=0+,monmap=0+}) -- 0x7f7abc19ccc0 con 0x7f7abc109240
2024-04-22T13:20:43.277 INFO:teuthology.orchestra.run.smithi129.stdout:/usr/bin/ceph: stderr
2024-04-22T13:20:42.341+0000 7f7ac1db1700 1 --2- 172.21.15.129:0/2708673748 >> [v2:172.21.15.129:3300/0,v1:172.21.15.129:6789/0] conn(0x7f7abc109240 0x7f7abc19c780 secure :-1 s=READY pgs=19 cs=0 l=1 rev1=1 crypto rx=0x7f7ab8009fb0 tx=0x7f7ab8011c60 comp rx=0 tx=0).ready entity=mon.0 client_cookie=0 server_cookie=0 in_seq=0 out_seq=0
2024-04-22T13:20:43.277 INFO:teuthology.orchestra.run.smithi129.stdout:/usr/bin/ceph: stderr
2024-04-22T13:20:42.342+0000 7f7ab2ffd700 1 -- 172.21.15.129:0/2708673748 <== mon.0 v2:172.21.15.129:3300/0 1 ==== mon_map magic: 0 ==== 205+0+0 (secure 0 0 0) 0x7f7ab80038b0 con 0x7f7abc109240
2024-04-22T13:20:43.277 INFO:teuthology.orchestra.run.smithi129.stdout:/usr/bin/ceph: stderr
2024-04-22T13:20:42.342+0000 7f7ab2ffd700 1 -- 172.21.15.129:0/2708673748 <== mon.0 v2:172.21.15.129:3300/0 2 ==== config(28 keys) ==== 1139+0+0 (secure 0 0 0) 0x7f7ab801a430 con 0x7f7abc109240
2024-04-22T13:20:43.277 INFO:teuthology.orchestra.run.smithi129.stdout:/usr/bin/ceph: stderr
2024-04-22T13:20:42.342+0000 7f7ab2ffd700 1 -- 172.21.15.129:0/2708673748 <== mon.0 v2:172.21.15.129:3300/0 3 ==== mon_map magic: 0 ==== 205+0+0 (secure 0 0 0) 0x7f7ab8019630 con 0x7f7abc109240
2024-04-22T13:20:43.277 INFO:teuthology.orchestra.run.smithi129.stdout:/usr/bin/ceph: stderr
2024-04-22T13:20:42.342+0000 7f7ac4015700 1 -- 172.21.15.129:0/2708673748 --> [v2:172.21.15.129:3300/0,v1:172.21.15.129:6789/0] -- mon_subscribe({mgrmap=0+}) -- 0x7f7abc19cf50 con 0x7f7abc109240
2024-04-22T13:20:43.277 INFO:teuthology.orchestra.run.smithi129.stdout:/usr/bin/ceph: stderr
2024-04-22T13:20:42.342+0000 7f7ac4015700 1 -- 172.21.15.129:0/2708673748 --> [v2:172.21.15.129:3300/0,v1:172.21.15.129:6789/0] -- mon_subscribe({osdmap=0}) -- 0x7f7abc19fc40 con 0x7f7abc109240
2024-04-22T13:20:43.277 INFO:teuthology.orchestra.run.smithi129.stdout:/usr/bin/ceph: stderr
2024-04-22T13:20:42.342+0000 7f7ab2ffd700 1 -- 172.21.15.129:0/2708673748 <== mon.0 v2:172.21.15.129:3300/0 4 ==== mgrmap(e 4) ==== 46547+0+0 (secure 0 0 0) 0x7f7ab80198e0 con 0x7f7abc109240
2024-04-22T13:20:43.277 INFO:teuthology.orchestra.run.smithi129.stdout:/usr/bin/ceph: stderr
2024-04-22T13:20:42.343+0000 7f7ac4015700 1 -- 172.21.15.129:0/2708673748 --> [v2:172.21.15.129:3300/0,v1:172.21.15.129:6789/0] -- mon_command({"prefix": "get_command_descriptions"} v 0) -- 0x7f7abc0640a0 con 0x7f7abc109240
2024-04-22T13:20:43.277 INFO:teuthology.orchestra.run.smithi129.stdout:/usr/bin/ceph: stderr
2024-04-22T13:20:42.343+0000 7f7ab2ffd700 1 --2- 172.21.15.129:0/2708673748 >> [v2:172.21.15.129:6800/1056631650,v1:172.21.15.129:6801/1056631650] conn(0x7f7aa8039560 0x7f7aa803ba20 unknown :-1 s=NONE pgs=0 cs=0 l=1 rev1=0 crypto rx=0 tx=0 comp rx=0 tx=0).connect
2024-04-22T13:20:43.277 INFO:teuthology.orchestra.run.smithi129.stdout:/usr/bin/ceph: stderr
2024-04-22T13:20:42.343+0000 7f7ab2ffd700 1 -- 172.21.15.129:0/2708673748 <== mon.0 v2:172.21.15.129:3300/0 5 ==== osd_map(1..1 src has 1..1) ==== 725+0+0 (secure 0 0 0) 0x7f7ab804db00 con 0x7f7abc109240
2024-04-22T13:20:43.277 INFO:teuthology.orchestra.run.smithi129.stdout:/usr/bin/ceph: stderr
2024-04-22T13:20:42.343+0000 7f7ac15b0700 1 --2- 172.21.15.129:0/2708673748 >> [v2:172.21.15.129:6800/1056631650,v1:172.21.15.129:6801/1056631650] conn(0x7f7aa8039560 0x7f7aa803ba20 unknown :-1 s=BANNER_CONNECTING pgs=0 cs=0 l=1 rev1=0 crypto rx=0 tx=0 comp rx=0 tx=0)._handle_peer_banner_payload supported=3 required=0
2024-04-22T13:20:43.277 INFO:teuthology.orchestra.run.smithi129.stdout:/usr/bin/ceph: stderr
2024-04-22T13:20:42.343+0000 7f7ac15b0700 1 --2- 172.21.15.129:0/2708673748 >> [v2:172.21.15.129:6800/1056631650,v1:172.21.15.129:6801/1056631650] conn(0x7f7aa8039560 0x7f7aa803ba20 secure :-1 s=READY pgs=6 cs=0 l=1 rev1=1 crypto rx=0x7f7aac006fd0 tx=0x7f7aac006e40 comp rx=0 tx=0).ready entity=mgr.14100 client_cookie=0 server_cookie=0 in_seq=0 out_seq=0
2024-04-22T13:20:43.278 INFO:teuthology.orchestra.run.smithi129.stdout:/usr/bin/ceph: stderr
2024-04-22T13:20:42.348+0000 7f7ab2ffd700 1 -- 172.21.15.129:0/2708673748 <== mon.0 v2:172.21.15.129:3300/0 6 ==== mon_command_ack([{"prefix": "get_command_descriptions"}]=0 v0) ==== 72+0+188370 (secure 0 0 0) 0x7f7ab804fe20 con 0x7f7abc109240
2024-04-22T13:20:43.278 INFO:teuthology.orchestra.run.smithi129.stdout:/usr/bin/ceph: stderr
2024-04-22T13:20:42.625+0000 7f7ac4015700 1 -- 172.21.15.129:0/2708673748 --> [v2:172.21.15.129:3300/0,v1:172.21.15.129:6789/0] -- mon_command({"prefix": "status", "format": "json-pretty"} v 0) -- 0x7f7abc19fe10 con 0x7f7abc109240
2024-04-22T13:20:43.278 INFO:teuthology.orchestra.run.smithi129.stdout:/usr/bin/ceph: stderr
2024-04-22T13:20:42.626+0000 7f7ab2ffd700 1 -- 172.21.15.129:0/2708673748 <== mon.0 v2:172.21.15.129:3300/0 7 ==== mon_command_ack([{"prefix": "status", "format": "json-pretty"}]=0 v0) ==== 79+0+1239 (secure 0 0 0) 0x7f7abc19fe10 con 0x7f7abc109240
2024-04-22T13:20:43.278 INFO:teuthology.orchestra.run.smithi129.stdout:/usr/bin/ceph: stderr
2024-04-22T13:20:42.628+0000 7f7ac4015700 1 -- 172.21.15.129:0/2708673748 >> [v2:172.21.15.129:6800/1056631650,v1:172.21.15.129:6801/1056631650] conn(0x7f7aa8039560 msgr2=0x7f7aa803ba20 secure :-1 s=STATE_CONNECTION_ESTABLISHED l=1).mark_down
2024-04-22T13:20:43.278 INFO:teuthology.orchestra.run.smithi129.stdout:/usr/bin/ceph: stderr
2024-04-22T13:20:42.628+0000 7f7ac4015700 1 --2- 172.21.15.129:0/2708673748 >> [v2:172.21.15.129:6800/1056631650,v1:172.21.15.129:6801/1056631650] conn(0x7f7aa8039560 0x7f7aa803ba20 secure :-1 s=READY pgs=6 cs=0 l=1 rev1=1 crypto rx=0x7f7aac006fd0 tx=0x7f7aac006e40 comp rx=0 tx=0).stop
2024-04-22T13:20:43.278 INFO:teuthology.orchestra.run.smithi129.stdout:/usr/bin/ceph: stderr
2024-04-22T13:20:42.628+0000 7f7ac4015700 1 -- 172.21.15.129:0/2708673748 >> [v2:172.21.15.129:3300/0,v1:172.21.15.129:6789/0] conn(0x7f7abc109240 msgr2=0x7f7abc19c780 secure :-1 s=STATE_CONNECTION_ESTABLISHED l=1).mark_down
2024-04-22T13:20:43.278 INFO:teuthology.orchestra.run.smithi129.stdout:/usr/bin/ceph: stderr
2024-04-22T13:20:42.628+0000 7f7ac4015700 1 --2- 172.21.15.129:0/2708673748 >> [v2:172.21.15.129:3300/0,v1:172.21.15.129:6789/0] conn(0x7f7abc109240 0x7f7abc19c780 secure :-1 s=READY pgs=19 cs=0 l=1 rev1=1 crypto rx=0x7f7ab8009fb0 tx=0x7f7ab8011c60 comp rx=0 tx=0).stop
2024-04-22T13:20:43.278 INFO:teuthology.orchestra.run.smithi129.stdout:/usr/bin/ceph: stderr
2024-04-22T13:20:42.628+0000 7f7ac4015700 1 -- 172.21.15.129:0/2708673748 shutdown_connections
2024-04-22T13:20:43.278 INFO:teuthology.orchestra.run.smithi129.stdout:/usr/bin/ceph: stderr
2024-04-22T13:20:42.628+0000 7f7ac4015700 1 --2- 172.21.15.129:0/2708673748 >> [v2:172.21.15.129:6800/1056631650,v1:172.21.15.129:6801/1056631650] conn(0x7f7aa8039560 0x7f7aa803ba20 unknown :-1 s=CLOSED pgs=6 cs=0 l=1 rev1=1 crypto rx=0 tx=0 comp rx=0 tx=0).stop
2024-04-22T13:20:43.279 INFO:teuthology.orchestra.run.smithi129.stdout:/usr/bin/ceph: stderr
2024-04-22T13:20:42.628+0000 7f7ac4015700 1 --2- 172.21.15.129:0/2708673748 >> [v2:172.21.15.129:3300/0,v1:172.21.15.129:6789/0] conn(0x7f7abc109240 0x7f7abc19c780 unknown :-1 s=CLOSED pgs=19 cs=0 l=1 rev1=1 crypto rx=0 tx=0 comp rx=0 tx=0).stop
2024-04-22T13:20:43.279 INFO:teuthology.orchestra.run.smithi129.stdout:/usr/bin/ceph: stderr
2024-04-22T13:20:42.628+0000 7f7ac4015700 1 -- 172.21.15.129:0/2708673748 >> 172.21.15.129:0/2708673748 conn(0x7f7abc102bf0 msgr2=0x7f7abc1037a0 unknown :-1 s=STATE_NONE l=0).mark_down
2024-04-22T13:20:43.279 INFO:teuthology.orchestra.run.smithi129.stdout:/usr/bin/ceph: stderr
2024-04-22T13:20:42.628+0000 7f7ac4015700 1 -- 172.21.15.129:0/2708673748 shutdown_connections
2024-04-22T13:20:43.279 INFO:teuthology.orchestra.run.smithi129.stdout:/usr/bin/ceph: stderr
2024-04-22T13:20:42.628+0000 7f7ac4015700 1 -- 172.21.15.129:0/2708673748 wait complete.
2024-04-22T13:20:43.279 INFO:teuthology.orchestra.run.smithi129.stdout:mgr is available
2024-04-22T13:20:43.641 INFO:journalctl@ceph.mon.a.smithi129.stdout:Apr 22 13:20:43 smithi129 ceph-mon[28202]: from='client.? 172.21.15.129:0/2708673748' entity='client.admin' cmd=[{"prefix": "status", "format": "json-pretty"}]: dispatch
2024-04-22T13:20:44.390 INFO:teuthology.orchestra.run.smithi129.stdout:/usr/bin/ceph: stdout
2024-04-22T13:20:44.390 INFO:teuthology.orchestra.run.smithi129.stdout:/usr/bin/ceph: stdout [global]
2024-04-22T13:20:44.390 INFO:teuthology.orchestra.run.smithi129.stdout:/usr/bin/ceph: stdout fsid = e622d5f8-00aa-11ef-bc93-c7b262605968
2024-04-22T13:20:44.390 INFO:teuthology.orchestra.run.smithi129.stdout:/usr/bin/ceph: stdout mon_cluster_log_file_level = debug
2024-04-22T13:20:44.390 INFO:teuthology.orchestra.run.smithi129.stdout:/usr/bin/ceph: stdout mon_osd_allow_pg_remap = true
2024-04-22T13:20:44.390 INFO:teuthology.orchestra.run.smithi129.stdout:/usr/bin/ceph: stdout mon_osd_allow_primary_affinity = true
2024-04-22T13:20:44.390 INFO:teuthology.orchestra.run.smithi129.stdout:/usr/bin/ceph: stdout mon_warn_on_no_sortbitwise = false
2024-04-22T13:20:44.390 INFO:teuthology.orchestra.run.smithi129.stdout:/usr/bin/ceph: stdout osd_crush_chooseleaf_type = 0
2024-04-22T13:20:44.390 INFO:teuthology.orchestra.run.smithi129.stdout:/usr/bin/ceph: stdout
2024-04-22T13:20:44.391 INFO:teuthology.orchestra.run.smithi129.stdout:/usr/bin/ceph: stdout [mgr]
2024-04-22T13:20:44.391 INFO:teuthology.orchestra.run.smithi129.stdout:/usr/bin/ceph: stdout mgr/telemetry/nag = false
2024-04-22T13:20:44.391 INFO:teuthology.orchestra.run.smithi129.stdout:/usr/bin/ceph: stdout
2024-04-22T13:20:44.391 INFO:teuthology.orchestra.run.smithi129.stdout:/usr/bin/ceph: stdout [osd]
2024-04-22T13:20:44.391 INFO:teuthology.orchestra.run.smithi129.stdout:/usr/bin/ceph: stdout bdev_async_discard = True
2024-04-22T13:20:44.391 INFO:teuthology.orchestra.run.smithi129.stdout:/usr/bin/ceph: stdout mon_osd_backfillfull_ratio = 0.85
2024-04-22T13:20:44.391 INFO:teuthology.orchestra.run.smithi129.stdout:/usr/bin/ceph: stdout mon_osd_full_ratio = 0.9
2024-04-22T13:20:44.391 INFO:teuthology.orchestra.run.smithi129.stdout:/usr/bin/ceph: stdout mon_osd_nearfull_ratio = 0.8
2024-04-22T13:20:44.391 INFO:teuthology.orchestra.run.smithi129.stdout:/usr/bin/ceph: stdout osd_map_max_advance = 10
2024-04-22T13:20:44.391 INFO:teuthology.orchestra.run.smithi129.stdout:/usr/bin/ceph: stdout osd_sloppy_crc = true
2024-04-22T13:20:44.391 INFO:teuthology.orchestra.run.smithi129.stdout:/usr/bin/ceph: stderr
2024-04-22T13:20:43.643+0000 7f5404dce700 1 Processor -- start
2024-04-22T13:20:44.391 INFO:teuthology.orchestra.run.smithi129.stdout:/usr/bin/ceph: stderr
2024-04-22T13:20:43.643+0000 7f5404dce700 1 -- start start
2024-04-22T13:20:44.391 INFO:teuthology.orchestra.run.smithi129.stdout:/usr/bin/ceph: stderr
2024-04-22T13:20:43.643+0000 7f5404dce700 1 --2- >> [v2:172.21.15.129:3300/0,v1:172.21.15.129:6789/0] conn(0x7f5400108750 0x7f5400108b70 unknown :-1 s=NONE pgs=0 cs=0 l=0 rev1=0 crypto rx=0 tx=0 comp rx=0 tx=0).connect
2024-04-22T13:20:44.392 INFO:teuthology.orchestra.run.smithi129.stdout:/usr/bin/ceph: stderr
2024-04-22T13:20:43.643+0000 7f5404dce700 1 -- --> [v2:172.21.15.129:3300/0,v1:172.21.15.129:6789/0] -- mon_getmap magic: 0 -- 0x7f5400109140 con 0x7f5400108750
2024-04-22T13:20:44.392 INFO:teuthology.orchestra.run.smithi129.stdout:/usr/bin/ceph: stderr
2024-04-22T13:20:43.643+0000 7f53fe59c700 1 --2- >> [v2:172.21.15.129:3300/0,v1:172.21.15.129:6789/0] conn(0x7f5400108750 0x7f5400108b70 unknown :-1 s=BANNER_CONNECTING pgs=0 cs=0 l=0 rev1=0 crypto rx=0 tx=0 comp rx=0 tx=0)._handle_peer_banner_payload supported=3 required=0
2024-04-22T13:20:44.392 INFO:teuthology.orchestra.run.smithi129.stdout:/usr/bin/ceph: stderr
2024-04-22T13:20:43.643+0000 7f53fe59c700 1 --2- >> [v2:172.21.15.129:3300/0,v1:172.21.15.129:6789/0] conn(0x7f5400108750 0x7f5400108b70 unknown :-1 s=HELLO_CONNECTING pgs=0 cs=0 l=0 rev1=1 crypto rx=0 tx=0 comp rx=0 tx=0).handle_hello peer v2:172.21.15.129:3300/0 says I am v2:172.21.15.129:32948/0 (socket says 172.21.15.129:32948)
2024-04-22T13:20:44.392 INFO:teuthology.orchestra.run.smithi129.stdout:/usr/bin/ceph: stderr
2024-04-22T13:20:43.643+0000 7f53fe59c700 1 -- 172.21.15.129:0/2567891553 learned_addr learned my addr 172.21.15.129:0/2567891553 (peer_addr_for_me v2:172.21.15.129:0/0)
2024-04-22T13:20:44.392 INFO:teuthology.orchestra.run.smithi129.stdout:/usr/bin/ceph: stderr
2024-04-22T13:20:43.643+0000 7f53fe59c700 1 -- 172.21.15.129:0/2567891553 --> [v2:172.21.15.129:3300/0,v1:172.21.15.129:6789/0] -- mon_subscribe({config=0+,monmap=0+}) -- 0x7f5400109950 con 0x7f5400108750
2024-04-22T13:20:44.392 INFO:teuthology.orchestra.run.smithi129.stdout:/usr/bin/ceph: stderr
2024-04-22T13:20:43.644+0000 7f53fe59c700 1 --2- 172.21.15.129:0/2567891553 >> [v2:172.21.15.129:3300/0,v1:172.21.15.129:6789/0] conn(0x7f5400108750 0x7f5400108b70 secure :-1 s=READY pgs=20 cs=0 l=1 rev1=1 crypto rx=0x7f53f00098a0 tx=0x7f53f0009bb0 comp rx=0 tx=0).ready entity=mon.0 client_cookie=c1f9d4966a038cd1 server_cookie=0 in_seq=0 out_seq=0
2024-04-22T13:20:44.392 INFO:teuthology.orchestra.run.smithi129.stdout:/usr/bin/ceph: stderr
2024-04-22T13:20:43.644+0000 7f53fd59a700 1 -- 172.21.15.129:0/2567891553 <== mon.0 v2:172.21.15.129:3300/0 1 ==== mon_map magic: 0 ==== 205+0+0 (secure 0 0 0) 0x7f53f0004160 con 0x7f5400108750
2024-04-22T13:20:44.392 INFO:teuthology.orchestra.run.smithi129.stdout:/usr/bin/ceph: stderr
2024-04-22T13:20:43.644+0000 7f53fd59a700 1 -- 172.21.15.129:0/2567891553 <== mon.0 v2:172.21.15.129:3300/0 2 ==== config(28 keys) ==== 1139+0+0 (secure 0 0 0) 0x7f53f0004300 con 0x7f5400108750
2024-04-22T13:20:44.392 INFO:teuthology.orchestra.run.smithi129.stdout:/usr/bin/ceph: stderr
2024-04-22T13:20:43.644+0000 7f53fd59a700 1 -- 172.21.15.129:0/2567891553 <== mon.0 v2:172.21.15.129:3300/0 3 ==== mon_map magic: 0 ==== 205+0+0 (secure 0 0 0) 0x7f53f0011c00 con 0x7f5400108750
2024-04-22T13:20:44.392 INFO:teuthology.orchestra.run.smithi129.stdout:/usr/bin/ceph: stderr
2024-04-22T13:20:43.644+0000 7f5404dce700 1 -- 172.21.15.129:0/2567891553 >> [v2:172.21.15.129:3300/0,v1:172.21.15.129:6789/0] conn(0x7f5400108750 msgr2=0x7f5400108b70 secure :-1 s=STATE_CONNECTION_ESTABLISHED l=1).mark_down
2024-04-22T13:20:44.392 INFO:teuthology.orchestra.run.smithi129.stdout:/usr/bin/ceph: stderr
2024-04-22T13:20:43.644+0000 7f5404dce700 1 --2- 172.21.15.129:0/2567891553 >> [v2:172.21.15.129:3300/0,v1:172.21.15.129:6789/0] conn(0x7f5400108750 0x7f5400108b70 secure :-1 s=READY pgs=20 cs=0 l=1 rev1=1 crypto rx=0x7f53f00098a0 tx=0x7f53f0009bb0 comp rx=0 tx=0).stop
2024-04-22T13:20:44.392 INFO:teuthology.orchestra.run.smithi129.stdout:/usr/bin/ceph: stderr
2024-04-22T13:20:43.644+0000 7f5404dce700 1 -- 172.21.15.129:0/2567891553 shutdown_connections
2024-04-22T13:20:44.392 INFO:teuthology.orchestra.run.smithi129.stdout:/usr/bin/ceph: stderr
2024-04-22T13:20:43.644+0000 7f5404dce700 1 --2- 172.21.15.129:0/2567891553 >> [v2:172.21.15.129:3300/0,v1:172.21.15.129:6789/0] conn(0x7f5400108750 0x7f5400108b70 unknown :-1 s=CLOSED pgs=20 cs=0 l=1 rev1=1 crypto rx=0 tx=0 comp rx=0 tx=0).stop
2024-04-22T13:20:44.392 INFO:teuthology.orchestra.run.smithi129.stdout:/usr/bin/ceph: stderr
2024-04-22T13:20:43.644+0000 7f5404dce700 1 -- 172.21.15.129:0/2567891553 >> 172.21.15.129:0/2567891553 conn(0x7f5400103d10 msgr2=0x7f5400106130 unknown :-1 s=STATE_NONE l=0).mark_down
2024-04-22T13:20:44.392 INFO:teuthology.orchestra.run.smithi129.stdout:/usr/bin/ceph: stderr
2024-04-22T13:20:43.645+0000 7f5404dce700 1 -- 172.21.15.129:0/2567891553 shutdown_connections
2024-04-22T13:20:44.393 INFO:teuthology.orchestra.run.smithi129.stdout:/usr/bin/ceph: stderr
2024-04-22T13:20:43.645+0000 7f5404dce700 1 -- 172.21.15.129:0/2567891553 wait complete.
2024-04-22T13:20:44.393 INFO:teuthology.orchestra.run.smithi129.stdout:/usr/bin/ceph: stderr
2024-04-22T13:20:43.645+0000 7f5404dce700 1 Processor -- start
2024-04-22T13:20:44.393 INFO:teuthology.orchestra.run.smithi129.stdout:/usr/bin/ceph: stderr
2024-04-22T13:20:43.645+0000 7f5404dce700 1 -- start start
2024-04-22T13:20:44.393 INFO:teuthology.orchestra.run.smithi129.stdout:/usr/bin/ceph: stderr
2024-04-22T13:20:43.645+0000 7f5404dce700 1 --2- >> [v2:172.21.15.129:3300/0,v1:172.21.15.129:6789/0] conn(0x7f5400108750 0x7f540019c800 unknown :-1 s=NONE pgs=0 cs=0 l=1 rev1=0 crypto rx=0 tx=0 comp rx=0 tx=0).connect
2024-04-22T13:20:44.393 INFO:teuthology.orchestra.run.smithi129.stdout:/usr/bin/ceph: stderr
2024-04-22T13:20:43.645+0000 7f5404dce700 1 -- --> [v2:172.21.15.129:3300/0,v1:172.21.15.129:6789/0] -- mon_getmap magic: 0 -- 0x7f540010cd00 con 0x7f5400108750
2024-04-22T13:20:44.393 INFO:teuthology.orchestra.run.smithi129.stdout:/usr/bin/ceph: stderr
2024-04-22T13:20:43.646+0000 7f53fe59c700 1 --2- >> [v2:172.21.15.129:3300/0,v1:172.21.15.129:6789/0] conn(0x7f5400108750 0x7f540019c800 unknown :-1 s=BANNER_CONNECTING pgs=0 cs=0 l=1 rev1=0 crypto rx=0 tx=0 comp rx=0 tx=0)._handle_peer_banner_payload supported=3 required=0
2024-04-22T13:20:44.393 INFO:teuthology.orchestra.run.smithi129.stdout:/usr/bin/ceph: stderr
2024-04-22T13:20:43.646+0000 7f53fe59c700 1 --2- >> [v2:172.21.15.129:3300/0,v1:172.21.15.129:6789/0] conn(0x7f5400108750 0x7f540019c800 unknown :-1 s=HELLO_CONNECTING pgs=0 cs=0 l=1 rev1=1 crypto rx=0 tx=0 comp rx=0 tx=0).handle_hello peer v2:172.21.15.129:3300/0 says I am v2:172.21.15.129:32954/0 (socket says 172.21.15.129:32954)
2024-04-22T13:20:44.393 INFO:teuthology.orchestra.run.smithi129.stdout:/usr/bin/ceph: stderr
2024-04-22T13:20:43.646+0000 7f53fe59c700 1 -- 172.21.15.129:0/2002291017 learned_addr learned my addr 172.21.15.129:0/2002291017 (peer_addr_for_me v2:172.21.15.129:0/0)
2024-04-22T13:20:44.393 INFO:teuthology.orchestra.run.smithi129.stdout:/usr/bin/ceph: stderr
2024-04-22T13:20:43.646+0000 7f53fe59c700 1 -- 172.21.15.129:0/2002291017 --> [v2:172.21.15.129:3300/0,v1:172.21.15.129:6789/0] -- mon_subscribe({config=0+,monmap=0+}) -- 0x7f540019cd40 con 0x7f5400108750
2024-04-22T13:20:44.393 INFO:teuthology.orchestra.run.smithi129.stdout:/usr/bin/ceph: stderr
2024-04-22T13:20:43.646+0000 7f53fe59c700 1 --2- 172.21.15.129:0/2002291017 >> [v2:172.21.15.129:3300/0,v1:172.21.15.129:6789/0] conn(0x7f5400108750 0x7f540019c800 secure :-1 s=READY pgs=21 cs=0 l=1 rev1=1 crypto rx=0x7f53f0009fb0 tx=0x7f53f0011c60 comp rx=0 tx=0).ready entity=mon.0 client_cookie=0 server_cookie=0 in_seq=0 out_seq=0
2024-04-22T13:20:44.393 INFO:teuthology.orchestra.run.smithi129.stdout:/usr/bin/ceph: stderr
2024-04-22T13:20:43.646+0000 7f53ef7fe700 1 -- 172.21.15.129:0/2002291017 <== mon.0 v2:172.21.15.129:3300/0 1 ==== mon_map magic: 0 ==== 205+0+0 (secure 0 0 0) 0x7f53f00038b0 con 0x7f5400108750
2024-04-22T13:20:44.393 INFO:teuthology.orchestra.run.smithi129.stdout:/usr/bin/ceph: stderr
2024-04-22T13:20:43.646+0000 7f53ef7fe700 1 -- 172.21.15.129:0/2002291017 <== mon.0 v2:172.21.15.129:3300/0 2 ==== config(28 keys) ==== 1139+0+0 (secure 0 0 0) 0x7f53f001a430 con 0x7f5400108750
2024-04-22T13:20:44.393 INFO:teuthology.orchestra.run.smithi129.stdout:/usr/bin/ceph: stderr
2024-04-22T13:20:43.646+0000 7f5404dce700 1 -- 172.21.15.129:0/2002291017 --> [v2:172.21.15.129:3300/0,v1:172.21.15.129:6789/0] -- mon_subscribe({mgrmap=0+}) -- 0x7f540019cfd0 con 0x7f5400108750
2024-04-22T13:20:44.393 INFO:teuthology.orchestra.run.smithi129.stdout:/usr/bin/ceph: stderr
2024-04-22T13:20:43.646+0000 7f53ef7fe700 1 -- 172.21.15.129:0/2002291017 <== mon.0 v2:172.21.15.129:3300/0 3 ==== mon_map magic: 0 ==== 205+0+0 (secure 0 0 0) 0x7f53f00195e0 con 0x7f5400108750
2024-04-22T13:20:44.394 INFO:teuthology.orchestra.run.smithi129.stdout:/usr/bin/ceph: stderr
2024-04-22T13:20:43.646+0000 7f5404dce700 1 -- 172.21.15.129:0/2002291017 --> [v2:172.21.15.129:3300/0,v1:172.21.15.129:6789/0] -- mon_subscribe({osdmap=0}) -- 0x7f540019fcc0 con 0x7f5400108750
2024-04-22T13:20:44.394 INFO:teuthology.orchestra.run.smithi129.stdout:/usr/bin/ceph: stderr
2024-04-22T13:20:43.647+0000 7f53ef7fe700 1 -- 172.21.15.129:0/2002291017 <== mon.0 v2:172.21.15.129:3300/0 4 ==== mgrmap(e 4) ==== 46547+0+0 (secure 0 0 0) 0x7f53f00198b0 con 0x7f5400108750
2024-04-22T13:20:44.394 INFO:teuthology.orchestra.run.smithi129.stdout:/usr/bin/ceph: stderr
2024-04-22T13:20:43.647+0000 7f5404dce700 1 -- 172.21.15.129:0/2002291017 --> [v2:172.21.15.129:3300/0,v1:172.21.15.129:6789/0] -- mon_command({"prefix": "get_command_descriptions"} v 0) -- 0x7f540010ce80 con 0x7f5400108750
2024-04-22T13:20:44.394 INFO:teuthology.orchestra.run.smithi129.stdout:/usr/bin/ceph: stderr
2024-04-22T13:20:43.647+0000 7f53ef7fe700 1 --2- 172.21.15.129:0/2002291017 >> [v2:172.21.15.129:6800/1056631650,v1:172.21.15.129:6801/1056631650] conn(0x7f53e8039560 0x7f53e803ba20 unknown :-1 s=NONE pgs=0 cs=0 l=1 rev1=0 crypto rx=0 tx=0 comp rx=0 tx=0).connect
2024-04-22T13:20:44.394 INFO:teuthology.orchestra.run.smithi129.stdout:/usr/bin/ceph: stderr
2024-04-22T13:20:43.647+0000 7f53ef7fe700 1 -- 172.21.15.129:0/2002291017 <== mon.0 v2:172.21.15.129:3300/0 5 ==== osd_map(1..1 src has 1..1) ==== 725+0+0 (secure 0 0 0) 0x7f53f004d9c0 con 0x7f5400108750
2024-04-22T13:20:44.394 INFO:teuthology.orchestra.run.smithi129.stdout:/usr/bin/ceph: stderr
2024-04-22T13:20:43.647+0000 7f53fdd9b700 1 --2- 172.21.15.129:0/2002291017 >> [v2:172.21.15.129:6800/1056631650,v1:172.21.15.129:6801/1056631650] conn(0x7f53e8039560 0x7f53e803ba20 unknown :-1 s=BANNER_CONNECTING pgs=0 cs=0 l=1 rev1=0 crypto rx=0 tx=0 comp rx=0 tx=0)._handle_peer_banner_payload supported=3 required=0
2024-04-22T13:20:44.394 INFO:teuthology.orchestra.run.smithi129.stdout:/usr/bin/ceph: stderr
2024-04-22T13:20:43.648+0000 7f53fdd9b700 1 --2- 172.21.15.129:0/2002291017 >> [v2:172.21.15.129:6800/1056631650,v1:172.21.15.129:6801/1056631650] conn(0x7f53e8039560 0x7f53e803ba20 secure :-1 s=READY pgs=7 cs=0 l=1 rev1=1 crypto rx=0x7f53f4006fd0 tx=0x7f53f4006e40 comp rx=0 tx=0).ready entity=mgr.14100 client_cookie=0 server_cookie=0 in_seq=0 out_seq=0
2024-04-22T13:20:44.394 INFO:teuthology.orchestra.run.smithi129.stdout:/usr/bin/ceph: stderr
2024-04-22T13:20:43.652+0000 7f53ef7fe700 1 -- 172.21.15.129:0/2002291017 <== mon.0 v2:172.21.15.129:3300/0 6 ==== mon_command_ack([{"prefix": "get_command_descriptions"}]=0 v0) ==== 72+0+188370 (secure 0 0 0) 0x7f53f0016dd0 con 0x7f5400108750
2024-04-22T13:20:44.394 INFO:teuthology.orchestra.run.smithi129.stdout:/usr/bin/ceph: stderr
2024-04-22T13:20:43.848+0000 7f5404dce700 1 -- 172.21.15.129:0/2002291017 --> [v2:172.21.15.129:3300/0,v1:172.21.15.129:6789/0] -- mon_command({"prefix": "config assimilate-conf"} v 0) -- 0x7f540019fe90 con 0x7f5400108750
2024-04-22T13:20:44.394 INFO:teuthology.orchestra.run.smithi129.stdout:/usr/bin/ceph: stderr
2024-04-22T13:20:43.849+0000 7f53ef7fe700 1 -- 172.21.15.129:0/2002291017 <== mon.0 v2:172.21.15.129:3300/0 7 ==== mon_command_ack([{"prefix": "config assimilate-conf"}]=0 v3) ==== 70+0+436 (secure 0 0 0) 0x7f53f004d3e0 con 0x7f5400108750
2024-04-22T13:20:44.394 INFO:teuthology.orchestra.run.smithi129.stdout:/usr/bin/ceph: stderr
2024-04-22T13:20:43.851+0000 7f5404dce700 1 -- 172.21.15.129:0/2002291017 >> [v2:172.21.15.129:6800/1056631650,v1:172.21.15.129:6801/1056631650] conn(0x7f53e8039560 msgr2=0x7f53e803ba20 secure :-1 s=STATE_CONNECTION_ESTABLISHED l=1).mark_down
2024-04-22T13:20:44.394 INFO:teuthology.orchestra.run.smithi129.stdout:/usr/bin/ceph: stderr
2024-04-22T13:20:43.851+0000 7f5404dce700 1 --2- 172.21.15.129:0/2002291017 >> [v2:172.21.15.129:6800/1056631650,v1:172.21.15.129:6801/1056631650] conn(0x7f53e8039560 0x7f53e803ba20 secure :-1 s=READY pgs=7 cs=0 l=1 rev1=1 crypto rx=0x7f53f4006fd0 tx=0x7f53f4006e40 comp rx=0 tx=0).stop
2024-04-22T13:20:44.394 INFO:teuthology.orchestra.run.smithi129.stdout:/usr/bin/ceph: stderr
2024-04-22T13:20:43.851+0000 7f5404dce700 1 -- 172.21.15.129:0/2002291017 >> [v2:172.21.15.129:3300/0,v1:172.21.15.129:6789/0] conn(0x7f5400108750 msgr2=0x7f540019c800 secure :-1 s=STATE_CONNECTION_ESTABLISHED l=1).mark_down
2024-04-22T13:20:44.394 INFO:teuthology.orchestra.run.smithi129.stdout:/usr/bin/ceph: stderr
2024-04-22T13:20:43.851+0000 7f5404dce700 1 --2- 172.21.15.129:0/2002291017 >> [v2:172.21.15.129:3300/0,v1:172.21.15.129:6789/0] conn(0x7f5400108750 0x7f540019c800 secure :-1 s=READY pgs=21 cs=0 l=1 rev1=1 crypto rx=0x7f53f0009fb0 tx=0x7f53f0011c60 comp rx=0 tx=0).stop
2024-04-22T13:20:44.395 INFO:teuthology.orchestra.run.smithi129.stdout:/usr/bin/ceph: stderr
2024-04-22T13:20:43.851+0000 7f5404dce700 1 -- 172.21.15.129:0/2002291017 shutdown_connections
2024-04-22T13:20:44.395 INFO:teuthology.orchestra.run.smithi129.stdout:/usr/bin/ceph: stderr
2024-04-22T13:20:43.851+0000 7f5404dce700 1 --2- 172.21.15.129:0/2002291017 >> [v2:172.21.15.129:6800/1056631650,v1:172.21.15.129:6801/1056631650] conn(0x7f53e8039560 0x7f53e803ba20 unknown :-1 s=CLOSED pgs=7 cs=0 l=1 rev1=1 crypto rx=0 tx=0 comp rx=0 tx=0).stop
2024-04-22T13:20:44.395 INFO:teuthology.orchestra.run.smithi129.stdout:/usr/bin/ceph: stderr
2024-04-22T13:20:43.851+0000 7f5404dce700 1 --2- 172.21.15.129:0/2002291017 >> [v2:172.21.15.129:3300/0,v1:172.21.15.129:6789/0] conn(0x7f5400108750 0x7f540019c800 unknown :-1 s=CLOSED pgs=21 cs=0 l=1 rev1=1 crypto rx=0 tx=0 comp rx=0 tx=0).stop
2024-04-22T13:20:44.395 INFO:teuthology.orchestra.run.smithi129.stdout:/usr/bin/ceph: stderr
2024-04-22T13:20:43.851+0000 7f5404dce700 1 -- 172.21.15.129:0/2002291017 >> 172.21.15.129:0/2002291017 conn(0x7f5400103d10 msgr2=0x7f54001048c0 unknown :-1 s=STATE_NONE l=0).mark_down
2024-04-22T13:20:44.395 INFO:teuthology.orchestra.run.smithi129.stdout:/usr/bin/ceph: stderr
2024-04-22T13:20:43.851+0000 7f5404dce700 1 -- 172.21.15.129:0/2002291017 shutdown_connections
2024-04-22T13:20:44.395 INFO:teuthology.orchestra.run.smithi129.stdout:/usr/bin/ceph: stderr
2024-04-22T13:20:43.851+0000 7f5404dce700 1 -- 172.21.15.129:0/2002291017 wait complete.
2024-04-22T13:20:44.395 INFO:teuthology.orchestra.run.smithi129.stdout:Enabling cephadm module...
2024-04-22T13:20:44.498 INFO:journalctl@ceph.mon.a.smithi129.stdout:Apr 22 13:20:44 smithi129 ceph-mon[28202]: from='client.? 172.21.15.129:0/2002291017' entity='client.admin' cmd=[{"prefix": "config assimilate-conf"}]: dispatch
2024-04-22T13:20:45.712 INFO:journalctl@ceph.mon.a.smithi129.stdout:Apr 22 13:20:45 smithi129 ceph-mon[28202]: from='client.? 172.21.15.129:0/3490426351' entity='client.admin' cmd=[{"prefix": "mgr module enable", "module": "cephadm"}]: dispatch
2024-04-22T13:20:45.712 INFO:journalctl@ceph.mgr.x.smithi129.stdout:Apr 22 13:20:45 smithi129 ceph-e622d5f8-00aa-11ef-bc93-c7b262605968-mgr-x[28434]: ignoring --setuser ceph since I am not root
2024-04-22T13:20:45.712 INFO:journalctl@ceph.mgr.x.smithi129.stdout:Apr 22 13:20:45 smithi129 ceph-e622d5f8-00aa-11ef-bc93-c7b262605968-mgr-x[28434]: ignoring --setgroup ceph since I am not root
2024-04-22T13:20:45.712 INFO:journalctl@ceph.mgr.x.smithi129.stdout:Apr 22 13:20:45 smithi129 ceph-e622d5f8-00aa-11ef-bc93-c7b262605968-mgr-x[28434]:
2024-04-22T13:20:45.581+0000 7f28a96db200 -1 mgr[py] Module balancer has missing NOTIFY_TYPES member
2024-04-22T13:20:46.004 INFO:journalctl@ceph.mgr.x.smithi129.stdout:Apr 22 13:20:45 smithi129 ceph-e622d5f8-00aa-11ef-bc93-c7b262605968-mgr-x[28434]:
2024-04-22T13:20:45.771+0000 7f28a96db200 -1 mgr[py] Module orchestrator has missing NOTIFY_TYPES member
2024-04-22T13:20:46.005 INFO:journalctl@ceph.mgr.x.smithi129.stdout:Apr 22 13:20:45 smithi129 ceph-e622d5f8-00aa-11ef-bc93-c7b262605968-mgr-x[28434]:
2024-04-22T13:20:45.878+0000 7f28a96db200 -1 mgr[py] Module snap_schedule has missing NOTIFY_TYPES member
2024-04-22T13:20:46.006 INFO:teuthology.orchestra.run.smithi129.stdout:/usr/bin/ceph: stderr
2024-04-22T13:20:44.770+0000 7fb9ad361700 1 Processor -- start
2024-04-22T13:20:46.012 INFO:teuthology.orchestra.run.smithi129.stdout:/usr/bin/ceph: stderr
2024-04-22T13:20:44.770+0000 7fb9ad361700 1 -- start start
2024-04-22T13:20:46.012 INFO:teuthology.orchestra.run.smithi129.stdout:/usr/bin/ceph: stderr
2024-04-22T13:20:44.770+0000 7fb9ad361700 1 --2- >> [v2:172.21.15.129:3300/0,v1:172.21.15.129:6789/0] conn(0x7fb9a81076f0 0x7fb9a8107b10 unknown :-1 s=NONE pgs=0 cs=0 l=0 rev1=0 crypto rx=0 tx=0 comp rx=0 tx=0).connect
2024-04-22T13:20:46.012 INFO:teuthology.orchestra.run.smithi129.stdout:/usr/bin/ceph: stderr
2024-04-22T13:20:44.770+0000 7fb9ad361700 1 -- --> [v2:172.21.15.129:3300/0,v1:172.21.15.129:6789/0] -- mon_getmap magic: 0 -- 0x7fb9a81080e0 con 0x7fb9a81076f0
2024-04-22T13:20:46.012 INFO:teuthology.orchestra.run.smithi129.stdout:/usr/bin/ceph: stderr
2024-04-22T13:20:44.771+0000 7fb9a6ffd700 1 --2- >> [v2:172.21.15.129:3300/0,v1:172.21.15.129:6789/0] conn(0x7fb9a81076f0 0x7fb9a8107b10 unknown :-1 s=BANNER_CONNECTING pgs=0 cs=0 l=0 rev1=0 crypto rx=0 tx=0 comp rx=0 tx=0)._handle_peer_banner_payload supported=3 required=0
2024-04-22T13:20:46.012 INFO:teuthology.orchestra.run.smithi129.stdout:/usr/bin/ceph: stderr
2024-04-22T13:20:44.771+0000 7fb9a6ffd700 1 --2- >> [v2:172.21.15.129:3300/0,v1:172.21.15.129:6789/0] conn(0x7fb9a81076f0 0x7fb9a8107b10 unknown :-1 s=HELLO_CONNECTING pgs=0 cs=0 l=0 rev1=1 crypto rx=0 tx=0 comp rx=0 tx=0).handle_hello peer v2:172.21.15.129:3300/0 says I am v2:172.21.15.129:32960/0 (socket says 172.21.15.129:32960)
2024-04-22T13:20:46.012 INFO:teuthology.orchestra.run.smithi129.stdout:/usr/bin/ceph: stderr
2024-04-22T13:20:44.771+0000 7fb9a6ffd700 1 -- 172.21.15.129:0/1514648576 learned_addr learned my addr 172.21.15.129:0/1514648576 (peer_addr_for_me v2:172.21.15.129:0/0)
2024-04-22T13:20:46.012 INFO:teuthology.orchestra.run.smithi129.stdout:/usr/bin/ceph: stderr
2024-04-22T13:20:44.771+0000 7fb9a6ffd700 1 -- 172.21.15.129:0/1514648576 --> [v2:172.21.15.129:3300/0,v1:172.21.15.129:6789/0] -- mon_subscribe({config=0+,monmap=0+}) -- 0x7fb9a81088a0 con 0x7fb9a81076f0
2024-04-22T13:20:46.013 INFO:teuthology.orchestra.run.smithi129.stdout:/usr/bin/ceph: stderr
2024-04-22T13:20:44.771+0000 7fb9a6ffd700 1 --2- 172.21.15.129:0/1514648576 >> [v2:172.21.15.129:3300/0,v1:172.21.15.129:6789/0] conn(0x7fb9a81076f0 0x7fb9a8107b10 secure :-1 s=READY pgs=22 cs=0 l=1 rev1=1 crypto rx=0x7fb9900098a0 tx=0x7fb990009bb0 comp rx=0 tx=0).ready entity=mon.0 client_cookie=160774402ea4f465 server_cookie=0 in_seq=0 out_seq=0
2024-04-22T13:20:46.013 INFO:teuthology.orchestra.run.smithi129.stdout:/usr/bin/ceph: stderr
2024-04-22T13:20:44.771+0000 7fb9a5ffb700 1 -- 172.21.15.129:0/1514648576 <== mon.0 v2:172.21.15.129:3300/0 1 ==== mon_map magic: 0 ==== 205+0+0 (secure 0 0 0) 0x7fb990004160 con 0x7fb9a81076f0
2024-04-22T13:20:46.013 INFO:teuthology.orchestra.run.smithi129.stdout:/usr/bin/ceph: stderr
2024-04-22T13:20:44.771+0000 7fb9a5ffb700 1 -- 172.21.15.129:0/1514648576 <== mon.0 v2:172.21.15.129:3300/0 2 ==== config(28 keys) ==== 1139+0+0 (secure 0 0 0) 0x7fb990004300 con 0x7fb9a81076f0
2024-04-22T13:20:46.013 INFO:teuthology.orchestra.run.smithi129.stdout:/usr/bin/ceph: stderr
2024-04-22T13:20:44.771+0000 7fb9a5ffb700 1 -- 172.21.15.129:0/1514648576 <== mon.0 v2:172.21.15.129:3300/0 3 ==== mon_map magic: 0 ==== 205+0+0 (secure 0 0 0) 0x7fb990011c00 con 0x7fb9a81076f0
2024-04-22T13:20:46.013 INFO:teuthology.orchestra.run.smithi129.stdout:/usr/bin/ceph: stderr
2024-04-22T13:20:44.772+0000 7fb9ad361700 1 -- 172.21.15.129:0/1514648576 >> [v2:172.21.15.129:3300/0,v1:172.21.15.129:6789/0] conn(0x7fb9a81076f0 msgr2=0x7fb9a8107b10 secure :-1 s=STATE_CONNECTION_ESTABLISHED l=1).mark_down
2024-04-22T13:20:46.013 INFO:teuthology.orchestra.run.smithi129.stdout:/usr/bin/ceph: stderr
2024-04-22T13:20:44.772+0000 7fb9ad361700 1 --2- 172.21.15.129:0/1514648576 >> [v2:172.21.15.129:3300/0,v1:172.21.15.129:6789/0] conn(0x7fb9a81076f0 0x7fb9a8107b10 secure :-1 s=READY pgs=22 cs=0 l=1 rev1=1 crypto rx=0x7fb9900098a0 tx=0x7fb990009bb0 comp rx=0 tx=0).stop
2024-04-22T13:20:46.013 INFO:teuthology.orchestra.run.smithi129.stdout:/usr/bin/ceph: stderr
2024-04-22T13:20:44.772+0000 7fb9ad361700 1 -- 172.21.15.129:0/1514648576 shutdown_connections
2024-04-22T13:20:46.013 INFO:teuthology.orchestra.run.smithi129.stdout:/usr/bin/ceph: stderr
2024-04-22T13:20:44.772+0000 7fb9ad361700 1 --2- 172.21.15.129:0/1514648576 >> [v2:172.21.15.129:3300/0,v1:172.21.15.129:6789/0] conn(0x7fb9a81076f0 0x7fb9a8107b10 unknown :-1 s=CLOSED pgs=22 cs=0 l=1 rev1=1 crypto rx=0 tx=0 comp rx=0 tx=0).stop
2024-04-22T13:20:46.013 INFO:teuthology.orchestra.run.smithi129.stdout:/usr/bin/ceph: stderr
2024-04-22T13:20:44.772+0000 7fb9ad361700 1 -- 172.21.15.129:0/1514648576 >> 172.21.15.129:0/1514648576 conn(0x7fb9a8102c90 msgr2=0x7fb9a81050d0 unknown :-1 s=STATE_NONE l=0).mark_down
2024-04-22T13:20:46.013 INFO:teuthology.orchestra.run.smithi129.stdout:/usr/bin/ceph: stderr
2024-04-22T13:20:44.772+0000 7fb9ad361700 1 -- 172.21.15.129:0/1514648576 shutdown_connections
2024-04-22T13:20:46.013 INFO:teuthology.orchestra.run.smithi129.stdout:/usr/bin/ceph: stderr
2024-04-22T13:20:44.772+0000 7fb9ad361700 1 -- 172.21.15.129:0/1514648576 wait complete.
2024-04-22T13:20:46.013 INFO:teuthology.orchestra.run.smithi129.stdout:/usr/bin/ceph: stderr
2024-04-22T13:20:44.773+0000 7fb9ad361700 1 Processor -- start
2024-04-22T13:20:46.013 INFO:teuthology.orchestra.run.smithi129.stdout:/usr/bin/ceph: stderr
2024-04-22T13:20:44.773+0000 7fb9ad361700 1 -- start start
2024-04-22T13:20:46.013 INFO:teuthology.orchestra.run.smithi129.stdout:/usr/bin/ceph: stderr
2024-04-22T13:20:44.773+0000 7fb9ad361700 1 --2- >> [v2:172.21.15.129:3300/0,v1:172.21.15.129:6789/0] conn(0x7fb9a81076f0 0x7fb9a819c7b0 unknown :-1 s=NONE pgs=0 cs=0 l=1 rev1=0 crypto rx=0 tx=0 comp rx=0 tx=0).connect
2024-04-22T13:20:46.014 INFO:teuthology.orchestra.run.smithi129.stdout:/usr/bin/ceph: stderr
2024-04-22T13:20:44.773+0000 7fb9ad361700 1 -- --> [v2:172.21.15.129:3300/0,v1:172.21.15.129:6789/0] -- mon_getmap magic: 0 -- 0x7fb9a807c130 con 0x7fb9a81076f0
2024-04-22T13:20:46.014 INFO:teuthology.orchestra.run.smithi129.stdout:/usr/bin/ceph: stderr
2024-04-22T13:20:44.773+0000 7fb9a6ffd700 1 --2- >> [v2:172.21.15.129:3300/0,v1:172.21.15.129:6789/0] conn(0x7fb9a81076f0 0x7fb9a819c7b0 unknown :-1 s=BANNER_CONNECTING pgs=0 cs=0 l=1 rev1=0 crypto rx=0 tx=0 comp rx=0 tx=0)._handle_peer_banner_payload supported=3 required=0
2024-04-22T13:20:46.014 INFO:teuthology.orchestra.run.smithi129.stdout:/usr/bin/ceph: stderr
2024-04-22T13:20:44.773+0000 7fb9a6ffd700 1 --2- >> [v2:172.21.15.129:3300/0,v1:172.21.15.129:6789/0] conn(0x7fb9a81076f0 0x7fb9a819c7b0 unknown :-1 s=HELLO_CONNECTING pgs=0 cs=0 l=1 rev1=1 crypto rx=0 tx=0 comp rx=0 tx=0).handle_hello peer v2:172.21.15.129:3300/0 says I am v2:172.21.15.129:32976/0 (socket says 172.21.15.129:32976)
2024-04-22T13:20:46.014 INFO:teuthology.orchestra.run.smithi129.stdout:/usr/bin/ceph: stderr
2024-04-22T13:20:44.773+0000 7fb9a6ffd700 1 -- 172.21.15.129:0/3490426351 learned_addr learned my addr 172.21.15.129:0/3490426351 (peer_addr_for_me v2:172.21.15.129:0/0)
2024-04-22T13:20:46.014 INFO:teuthology.orchestra.run.smithi129.stdout:/usr/bin/ceph: stderr
2024-04-22T13:20:44.774+0000 7fb9a6ffd700 1 -- 172.21.15.129:0/3490426351 --> [v2:172.21.15.129:3300/0,v1:172.21.15.129:6789/0] -- mon_subscribe({config=0+,monmap=0+}) -- 0x7fb9a819ccf0 con 0x7fb9a81076f0
2024-04-22T13:20:46.014 INFO:teuthology.orchestra.run.smithi129.stdout:/usr/bin/ceph: stderr
