2024-04-22T13:48:32.603 INFO:teuthology.orchestra.run.smithi083.stdout:/usr/bin/ceph: stderr
2024-04-22T13:48:32.010+0000 7f886621a700 1 --2- 172.21.15.83:0/2673190612 >> [v2:172.21.15.83:6800/821414710,v1:172.21.15.83:6801/821414710] conn(0x7f884803cef0 0x7f884803f2e0 unknown :-1 s=CLOSED pgs=1 cs=0 l=1 rev1=1 crypto rx=0 tx=0 comp rx=0 tx=0).stop
2024-04-22T13:48:32.603 INFO:teuthology.orchestra.run.smithi083.stdout:/usr/bin/ceph: stderr
2024-04-22T13:48:32.010+0000 7f886621a700 1 --2- 172.21.15.83:0/2673190612 >> [v2:172.21.15.83:3300/0,v1:172.21.15.83:6789/0] conn(0x7f8860108f40 0x7f886019c450 unknown :-1 s=CLOSED pgs=29 cs=0 l=1 rev1=1 crypto rx=0 tx=0 comp rx=0 tx=0).stop
2024-04-22T13:48:32.603 INFO:teuthology.orchestra.run.smithi083.stdout:/usr/bin/ceph: stderr
2024-04-22T13:48:32.010+0000 7f886621a700 1 --2- 172.21.15.83:0/2673190612 >> [v2:172.21.15.83:6800/3538988241,v1:172.21.15.83:6801/3538988241] conn(0x7f8848039600 0x7f884803bac0 unknown :-1 s=CLOSED pgs=0 cs=0 l=1 rev1=0 crypto rx=0 tx=0 comp rx=0 tx=0).stop
2024-04-22T13:48:32.603 INFO:teuthology.orchestra.run.smithi083.stdout:/usr/bin/ceph: stderr
2024-04-22T13:48:32.010+0000 7f886621a700 1 -- 172.21.15.83:0/2673190612 >> 172.21.15.83:0/2673190612 conn(0x7f88601029b0 msgr2=0x7f8860103530 unknown :-1 s=STATE_NONE l=0).mark_down
2024-04-22T13:48:32.603 INFO:teuthology.orchestra.run.smithi083.stdout:/usr/bin/ceph: stderr
2024-04-22T13:48:32.010+0000 7f886621a700 1 -- 172.21.15.83:0/2673190612 shutdown_connections
2024-04-22T13:48:32.603 INFO:teuthology.orchestra.run.smithi083.stdout:/usr/bin/ceph: stderr
2024-04-22T13:48:32.010+0000 7f886621a700 1 -- 172.21.15.83:0/2673190612 wait complete.
2024-04-22T13:48:32.603 INFO:teuthology.orchestra.run.smithi083.stdout:mgr epoch 5 is available
2024-04-22T13:48:32.603 INFO:teuthology.orchestra.run.smithi083.stdout:Setting orchestrator backend to cephadm...
2024-04-22T13:48:33.185 INFO:journalctl@ceph.mon.a.smithi083.stdout:Apr 22 13:48:33 smithi083 ceph-mon[27977]: [22/Apr/2024:13:48:31] ENGINE Bus STARTING
2024-04-22T13:48:33.186 INFO:journalctl@ceph.mon.a.smithi083.stdout:Apr 22 13:48:33 smithi083 ceph-mon[27977]: [22/Apr/2024:13:48:31] ENGINE Serving on https://172.21.15.83:7150
2024-04-22T13:48:33.186 INFO:journalctl@ceph.mon.a.smithi083.stdout:Apr 22 13:48:33 smithi083 ceph-mon[27977]: [22/Apr/2024:13:48:31] ENGINE Serving on http://172.21.15.83:8765
2024-04-22T13:48:33.186 INFO:journalctl@ceph.mon.a.smithi083.stdout:Apr 22 13:48:33 smithi083 ceph-mon[27977]: [22/Apr/2024:13:48:31] ENGINE Bus STARTED
2024-04-22T13:48:33.186 INFO:journalctl@ceph.mon.a.smithi083.stdout:Apr 22 13:48:33 smithi083 ceph-mon[27977]: from='client.14124 -' entity='client.admin' cmd=[{"prefix": "get_command_descriptions"}]: dispatch
2024-04-22T13:48:33.186 INFO:journalctl@ceph.mon.a.smithi083.stdout:Apr 22 13:48:33 smithi083 ceph-mon[27977]: from='client.14124 -' entity='client.admin' cmd=[{"prefix": "mgr_status"}]: dispatch
2024-04-22T13:48:33.911 INFO:teuthology.orchestra.run.smithi083.stdout:/usr/bin/ceph: stderr
2024-04-22T13:48:33.025+0000 7f05cb88b700 1 Processor -- start
2024-04-22T13:48:33.911 INFO:teuthology.orchestra.run.smithi083.stdout:/usr/bin/ceph: stderr
2024-04-22T13:48:33.025+0000 7f05cb88b700 1 -- start start
2024-04-22T13:48:33.911 INFO:teuthology.orchestra.run.smithi083.stdout:/usr/bin/ceph: stderr
2024-04-22T13:48:33.025+0000 7f05cb88b700 1 --2- >> [v2:172.21.15.83:3300/0,v1:172.21.15.83:6789/0] conn(0x7f05c4108f60 0x7f05c410b350 unknown :-1 s=NONE pgs=0 cs=0 l=0 rev1=0 crypto rx=0 tx=0 comp rx=0 tx=0).connect
2024-04-22T13:48:33.911 INFO:teuthology.orchestra.run.smithi083.stdout:/usr/bin/ceph: stderr
2024-04-22T13:48:33.025+0000 7f05cb88b700 1 -- --> [v2:172.21.15.83:3300/0,v1:172.21.15.83:6789/0] -- mon_getmap magic: 0 -- 0x7f05c407be60 con 0x7f05c4108f60
2024-04-22T13:48:33.911 INFO:teuthology.orchestra.run.smithi083.stdout:/usr/bin/ceph: stderr
2024-04-22T13:48:33.026+0000 7f05c9627700 1 --2- >> [v2:172.21.15.83:3300/0,v1:172.21.15.83:6789/0] conn(0x7f05c4108f60 0x7f05c410b350 unknown :-1 s=BANNER_CONNECTING pgs=0 cs=0 l=0 rev1=0 crypto rx=0 tx=0 comp rx=0 tx=0)._handle_peer_banner_payload supported=3 required=0
2024-04-22T13:48:33.912 INFO:teuthology.orchestra.run.smithi083.stdout:/usr/bin/ceph: stderr
2024-04-22T13:48:33.026+0000 7f05c9627700 1 --2- >> [v2:172.21.15.83:3300/0,v1:172.21.15.83:6789/0] conn(0x7f05c4108f60 0x7f05c410b350 unknown :-1 s=HELLO_CONNECTING pgs=0 cs=0 l=0 rev1=1 crypto rx=0 tx=0 comp rx=0 tx=0).handle_hello peer v2:172.21.15.83:3300/0 says I am v2:172.21.15.83:52562/0 (socket says 172.21.15.83:52562)
2024-04-22T13:48:33.912 INFO:teuthology.orchestra.run.smithi083.stdout:/usr/bin/ceph: stderr
2024-04-22T13:48:33.026+0000 7f05c9627700 1 -- 172.21.15.83:0/709052422 learned_addr learned my addr 172.21.15.83:0/709052422 (peer_addr_for_me v2:172.21.15.83:0/0)
2024-04-22T13:48:33.912 INFO:teuthology.orchestra.run.smithi083.stdout:/usr/bin/ceph: stderr
2024-04-22T13:48:33.026+0000 7f05c9627700 1 -- 172.21.15.83:0/709052422 --> [v2:172.21.15.83:3300/0,v1:172.21.15.83:6789/0] -- mon_subscribe({config=0+,monmap=0+}) -- 0x7f05c410b890 con 0x7f05c4108f60
2024-04-22T13:48:33.912 INFO:teuthology.orchestra.run.smithi083.stdout:/usr/bin/ceph: stderr
2024-04-22T13:48:33.026+0000 7f05c9627700 1 --2- 172.21.15.83:0/709052422 >> [v2:172.21.15.83:3300/0,v1:172.21.15.83:6789/0] conn(0x7f05c4108f60 0x7f05c410b350 secure :-1 s=READY pgs=37 cs=0 l=1 rev1=1 crypto rx=0x7f05c00098a0 tx=0x7f05c0009bb0 comp rx=0 tx=0).ready entity=mon.0 client_cookie=55b5a1afb83f2b64 server_cookie=0 in_seq=0 out_seq=0
2024-04-22T13:48:33.912 INFO:teuthology.orchestra.run.smithi083.stdout:/usr/bin/ceph: stderr
2024-04-22T13:48:33.026+0000 7f05bbfff700 1 -- 172.21.15.83:0/709052422 <== mon.0 v2:172.21.15.83:3300/0 1 ==== mon_map magic: 0 ==== 205+0+0 (secure 0 0 0) 0x7f05c0004160 con 0x7f05c4108f60
2024-04-22T13:48:33.912 INFO:teuthology.orchestra.run.smithi083.stdout:/usr/bin/ceph: stderr
2024-04-22T13:48:33.026+0000 7f05bbfff700 1 -- 172.21.15.83:0/709052422 <== mon.0 v2:172.21.15.83:3300/0 2 ==== config(26 keys) ==== 1070+0+0 (secure 0 0 0) 0x7f05c0004300 con 0x7f05c4108f60
2024-04-22T13:48:33.912 INFO:teuthology.orchestra.run.smithi083.stdout:/usr/bin/ceph: stderr
2024-04-22T13:48:33.026+0000 7f05bbfff700 1 -- 172.21.15.83:0/709052422 <== mon.0 v2:172.21.15.83:3300/0 3 ==== mon_map magic: 0 ==== 205+0+0 (secure 0 0 0) 0x7f05c0011af0 con 0x7f05c4108f60
2024-04-22T13:48:33.912 INFO:teuthology.orchestra.run.smithi083.stdout:/usr/bin/ceph: stderr
2024-04-22T13:48:33.027+0000 7f05cb88b700 1 -- 172.21.15.83:0/709052422 >> [v2:172.21.15.83:3300/0,v1:172.21.15.83:6789/0] conn(0x7f05c4108f60 msgr2=0x7f05c410b350 secure :-1 s=STATE_CONNECTION_ESTABLISHED l=1).mark_down
2024-04-22T13:48:33.912 INFO:teuthology.orchestra.run.smithi083.stdout:/usr/bin/ceph: stderr
2024-04-22T13:48:33.027+0000 7f05cb88b700 1 --2- 172.21.15.83:0/709052422 >> [v2:172.21.15.83:3300/0,v1:172.21.15.83:6789/0] conn(0x7f05c4108f60 0x7f05c410b350 secure :-1 s=READY pgs=37 cs=0 l=1 rev1=1 crypto rx=0x7f05c00098a0 tx=0x7f05c0009bb0 comp rx=0 tx=0).stop
2024-04-22T13:48:33.912 INFO:teuthology.orchestra.run.smithi083.stdout:/usr/bin/ceph: stderr
2024-04-22T13:48:33.027+0000 7f05cb88b700 1 -- 172.21.15.83:0/709052422 shutdown_connections
2024-04-22T13:48:33.912 INFO:teuthology.orchestra.run.smithi083.stdout:/usr/bin/ceph: stderr
2024-04-22T13:48:33.027+0000 7f05cb88b700 1 --2- 172.21.15.83:0/709052422 >> [v2:172.21.15.83:3300/0,v1:172.21.15.83:6789/0] conn(0x7f05c4108f60 0x7f05c410b350 unknown :-1 s=CLOSED pgs=37 cs=0 l=1 rev1=1 crypto rx=0 tx=0 comp rx=0 tx=0).stop
2024-04-22T13:48:33.912 INFO:teuthology.orchestra.run.smithi083.stdout:/usr/bin/ceph: stderr
2024-04-22T13:48:33.027+0000 7f05cb88b700 1 -- 172.21.15.83:0/709052422 >> 172.21.15.83:0/709052422 conn(0x7f05c41029b0 msgr2=0x7f05c4104dd0 unknown :-1 s=STATE_NONE l=0).mark_down
2024-04-22T13:48:33.912 INFO:teuthology.orchestra.run.smithi083.stdout:/usr/bin/ceph: stderr
2024-04-22T13:48:33.027+0000 7f05cb88b700 1 -- 172.21.15.83:0/709052422 shutdown_connections
2024-04-22T13:48:33.912 INFO:teuthology.orchestra.run.smithi083.stdout:/usr/bin/ceph: stderr
2024-04-22T13:48:33.027+0000 7f05cb88b700 1 -- 172.21.15.83:0/709052422 wait complete.
2024-04-22T13:48:33.913 INFO:teuthology.orchestra.run.smithi083.stdout:/usr/bin/ceph: stderr
2024-04-22T13:48:33.027+0000 7f05cb88b700 1 Processor -- start
2024-04-22T13:48:33.913 INFO:teuthology.orchestra.run.smithi083.stdout:/usr/bin/ceph: stderr
2024-04-22T13:48:33.027+0000 7f05cb88b700 1 -- start start
2024-04-22T13:48:33.913 INFO:teuthology.orchestra.run.smithi083.stdout:/usr/bin/ceph: stderr
2024-04-22T13:48:33.028+0000 7f05cb88b700 1 --2- >> [v2:172.21.15.83:3300/0,v1:172.21.15.83:6789/0] conn(0x7f05c4108f60 0x7f05c41087e0 unknown :-1 s=NONE pgs=0 cs=0 l=1 rev1=0 crypto rx=0 tx=0 comp rx=0 tx=0).connect
2024-04-22T13:48:33.913 INFO:teuthology.orchestra.run.smithi083.stdout:/usr/bin/ceph: stderr
2024-04-22T13:48:33.028+0000 7f05cb88b700 1 -- --> [v2:172.21.15.83:3300/0,v1:172.21.15.83:6789/0] -- mon_getmap magic: 0 -- 0x7f05c410c800 con 0x7f05c4108f60
2024-04-22T13:48:33.913 INFO:teuthology.orchestra.run.smithi083.stdout:/usr/bin/ceph: stderr
2024-04-22T13:48:33.028+0000 7f05c9627700 1 --2- >> [v2:172.21.15.83:3300/0,v1:172.21.15.83:6789/0] conn(0x7f05c4108f60 0x7f05c41087e0 unknown :-1 s=BANNER_CONNECTING pgs=0 cs=0 l=1 rev1=0 crypto rx=0 tx=0 comp rx=0 tx=0)._handle_peer_banner_payload supported=3 required=0
2024-04-22T13:48:33.913 INFO:teuthology.orchestra.run.smithi083.stdout:/usr/bin/ceph: stderr
2024-04-22T13:48:33.028+0000 7f05c9627700 1 --2- >> [v2:172.21.15.83:3300/0,v1:172.21.15.83:6789/0] conn(0x7f05c4108f60 0x7f05c41087e0 unknown :-1 s=HELLO_CONNECTING pgs=0 cs=0 l=1 rev1=1 crypto rx=0 tx=0 comp rx=0 tx=0).handle_hello peer v2:172.21.15.83:3300/0 says I am v2:172.21.15.83:52576/0 (socket says 172.21.15.83:52576)
2024-04-22T13:48:33.913 INFO:teuthology.orchestra.run.smithi083.stdout:/usr/bin/ceph: stderr
2024-04-22T13:48:33.028+0000 7f05c9627700 1 -- 172.21.15.83:0/2673288013 learned_addr learned my addr 172.21.15.83:0/2673288013 (peer_addr_for_me v2:172.21.15.83:0/0)
2024-04-22T13:48:33.913 INFO:teuthology.orchestra.run.smithi083.stdout:/usr/bin/ceph: stderr
2024-04-22T13:48:33.028+0000 7f05c9627700 1 -- 172.21.15.83:0/2673288013 --> [v2:172.21.15.83:3300/0,v1:172.21.15.83:6789/0] -- mon_subscribe({config=0+,monmap=0+}) -- 0x7f05c4108d20 con 0x7f05c4108f60
2024-04-22T13:48:33.913 INFO:teuthology.orchestra.run.smithi083.stdout:/usr/bin/ceph: stderr
2024-04-22T13:48:33.028+0000 7f05c9627700 1 --2- 172.21.15.83:0/2673288013 >> [v2:172.21.15.83:3300/0,v1:172.21.15.83:6789/0] conn(0x7f05c4108f60 0x7f05c41087e0 secure :-1 s=READY pgs=38 cs=0 l=1 rev1=1 crypto rx=0x7f05c0009fb0 tx=0x7f05c0011940 comp rx=0 tx=0).ready entity=mon.0 client_cookie=0 server_cookie=0 in_seq=0 out_seq=0
2024-04-22T13:48:33.913 INFO:teuthology.orchestra.run.smithi083.stdout:/usr/bin/ceph: stderr
2024-04-22T13:48:33.028+0000 7f05ba7fc700 1 -- 172.21.15.83:0/2673288013 <== mon.0 v2:172.21.15.83:3300/0 1 ==== mon_map magic: 0 ==== 205+0+0 (secure 0 0 0) 0x7f05c00036a0 con 0x7f05c4108f60
2024-04-22T13:48:33.913 INFO:teuthology.orchestra.run.smithi083.stdout:/usr/bin/ceph: stderr
2024-04-22T13:48:33.028+0000 7f05ba7fc700 1 -- 172.21.15.83:0/2673288013 <== mon.0 v2:172.21.15.83:3300/0 2 ==== config(26 keys) ==== 1070+0+0 (secure 0 0 0) 0x7f05c001a430 con 0x7f05c4108f60
2024-04-22T13:48:33.913 INFO:teuthology.orchestra.run.smithi083.stdout:/usr/bin/ceph: stderr
2024-04-22T13:48:33.028+0000 7f05cb88b700 1 -- 172.21.15.83:0/2673288013 --> [v2:172.21.15.83:3300/0,v1:172.21.15.83:6789/0] -- mon_subscribe({mgrmap=0+}) -- 0x7f05c4106f10 con 0x7f05c4108f60
2024-04-22T13:48:33.913 INFO:teuthology.orchestra.run.smithi083.stdout:/usr/bin/ceph: stderr
2024-04-22T13:48:33.028+0000 7f05ba7fc700 1 -- 172.21.15.83:0/2673288013 <== mon.0 v2:172.21.15.83:3300/0 3 ==== mon_map magic: 0 ==== 205+0+0 (secure 0 0 0) 0x7f05c0019550 con 0x7f05c4108f60
2024-04-22T13:48:33.913 INFO:teuthology.orchestra.run.smithi083.stdout:/usr/bin/ceph: stderr
2024-04-22T13:48:33.028+0000 7f05cb88b700 1 -- 172.21.15.83:0/2673288013 --> [v2:172.21.15.83:3300/0,v1:172.21.15.83:6789/0] -- mon_subscribe({osdmap=0}) -- 0x7f05c4107450 con 0x7f05c4108f60
2024-04-22T13:48:33.913 INFO:teuthology.orchestra.run.smithi083.stdout:/usr/bin/ceph: stderr
2024-04-22T13:48:33.029+0000 7f05ba7fc700 1 -- 172.21.15.83:0/2673288013 <== mon.0 v2:172.21.15.83:3300/0 4 ==== mgrmap(e 7) ==== 46452+0+0 (secure 0 0 0) 0x7f05c0019850 con 0x7f05c4108f60
2024-04-22T13:48:33.914 INFO:teuthology.orchestra.run.smithi083.stdout:/usr/bin/ceph: stderr
2024-04-22T13:48:33.029+0000 7f05cb88b700 1 -- 172.21.15.83:0/2673288013 --> [v2:172.21.15.83:3300/0,v1:172.21.15.83:6789/0] -- mon_command({"prefix": "get_command_descriptions"} v 0) -- 0x7f05c40640a0 con 0x7f05c4108f60
2024-04-22T13:48:33.914 INFO:teuthology.orchestra.run.smithi083.stdout:/usr/bin/ceph: stderr
2024-04-22T13:48:33.029+0000 7f05ba7fc700 1 --2- 172.21.15.83:0/2673288013 >> [v2:172.21.15.83:6800/821414710,v1:172.21.15.83:6801/821414710] conn(0x7f05b0039430 0x7f05b003b8f0 unknown :-1 s=NONE pgs=0 cs=0 l=1 rev1=0 crypto rx=0 tx=0 comp rx=0 tx=0).connect
2024-04-22T13:48:33.914 INFO:teuthology.orchestra.run.smithi083.stdout:/usr/bin/ceph: stderr
2024-04-22T13:48:33.029+0000 7f05ba7fc700 1 -- 172.21.15.83:0/2673288013 <== mon.0 v2:172.21.15.83:3300/0 5 ==== osd_map(2..2 src has 1..2) ==== 940+0+0 (secure 0 0 0) 0x7f05c004d8c0 con 0x7f05c4108f60
2024-04-22T13:48:33.914 INFO:teuthology.orchestra.run.smithi083.stdout:/usr/bin/ceph: stderr
2024-04-22T13:48:33.029+0000 7f05c8e26700 1 --2- 172.21.15.83:0/2673288013 >> [v2:172.21.15.83:6800/821414710,v1:172.21.15.83:6801/821414710] conn(0x7f05b0039430 0x7f05b003b8f0 unknown :-1 s=BANNER_CONNECTING pgs=0 cs=0 l=1 rev1=0 crypto rx=0 tx=0 comp rx=0 tx=0)._handle_peer_banner_payload supported=3 required=0
2024-04-22T13:48:33.914 INFO:teuthology.orchestra.run.smithi083.stdout:/usr/bin/ceph: stderr
2024-04-22T13:48:33.030+0000 7f05c8e26700 1 --2- 172.21.15.83:0/2673288013 >> [v2:172.21.15.83:6800/821414710,v1:172.21.15.83:6801/821414710] conn(0x7f05b0039430 0x7f05b003b8f0 secure :-1 s=READY pgs=7 cs=0 l=1 rev1=1 crypto rx=0x7f05b4006fd0 tx=0x7f05b4006e40 comp rx=0 tx=0).ready entity=mgr.14120 client_cookie=0 server_cookie=0 in_seq=0 out_seq=0
2024-04-22T13:48:33.914 INFO:teuthology.orchestra.run.smithi083.stdout:/usr/bin/ceph: stderr
2024-04-22T13:48:33.035+0000 7f05ba7fc700 1 -- 172.21.15.83:0/2673288013 <== mon.0 v2:172.21.15.83:3300/0 6 ==== mon_command_ack([{"prefix": "get_command_descriptions"}]=0 v0) ==== 72+0+188370 (secure 0 0 0) 0x7f05c001a5e0 con 0x7f05c4108f60
2024-04-22T13:48:33.914 INFO:teuthology.orchestra.run.smithi083.stdout:/usr/bin/ceph: stderr
2024-04-22T13:48:33.054+0000 7f05ba7fc700 1 -- 172.21.15.83:0/2673288013 <== mon.0 v2:172.21.15.83:3300/0 7 ==== mgrmap(e 8) ==== 46558+0+0 (secure 0 0 0) 0x7f05c002d960 con 0x7f05c4108f60
2024-04-22T13:48:33.914 INFO:teuthology.orchestra.run.smithi083.stdout:/usr/bin/ceph: stderr
2024-04-22T13:48:33.252+0000 7f05cb88b700 1 -- 172.21.15.83:0/2673288013 --> [v2:172.21.15.83:6800/821414710,v1:172.21.15.83:6801/821414710] -- mgr_command(tid 0: {"prefix": "orch set backend", "module_name": "cephadm", "target": ["mon-mgr", ""]}) -- 0x7f05c4103ca0 con 0x7f05b0039430
2024-04-22T13:48:33.914 INFO:teuthology.orchestra.run.smithi083.stdout:/usr/bin/ceph: stderr
2024-04-22T13:48:33.257+0000 7f05ba7fc700 1 -- 172.21.15.83:0/2673288013 <== mgr.14120 v2:172.21.15.83:6800/821414710 1 ==== mgr_command_reply(tid 0: 0 ) ==== 8+0+0 (secure 0 0 0) 0x7f05c4103ca0 con 0x7f05b0039430
2024-04-22T13:48:33.914 INFO:teuthology.orchestra.run.smithi083.stdout:/usr/bin/ceph: stderr
2024-04-22T13:48:33.260+0000 7f05cb88b700 1 -- 172.21.15.83:0/2673288013 >> [v2:172.21.15.83:6800/821414710,v1:172.21.15.83:6801/821414710] conn(0x7f05b0039430 msgr2=0x7f05b003b8f0 secure :-1 s=STATE_CONNECTION_ESTABLISHED l=1).mark_down
2024-04-22T13:48:33.914 INFO:teuthology.orchestra.run.smithi083.stdout:/usr/bin/ceph: stderr
2024-04-22T13:48:33.260+0000 7f05cb88b700 1 --2- 172.21.15.83:0/2673288013 >> [v2:172.21.15.83:6800/821414710,v1:172.21.15.83:6801/821414710] conn(0x7f05b0039430 0x7f05b003b8f0 secure :-1 s=READY pgs=7 cs=0 l=1 rev1=1 crypto rx=0x7f05b4006fd0 tx=0x7f05b4006e40 comp rx=0 tx=0).stop
2024-04-22T13:48:33.914 INFO:teuthology.orchestra.run.smithi083.stdout:/usr/bin/ceph: stderr
2024-04-22T13:48:33.260+0000 7f05cb88b700 1 -- 172.21.15.83:0/2673288013 >> [v2:172.21.15.83:3300/0,v1:172.21.15.83:6789/0] conn(0x7f05c4108f60 msgr2=0x7f05c41087e0 secure :-1 s=STATE_CONNECTION_ESTABLISHED l=1).mark_down
2024-04-22T13:48:33.914 INFO:teuthology.orchestra.run.smithi083.stdout:/usr/bin/ceph: stderr
2024-04-22T13:48:33.260+0000 7f05cb88b700 1 --2- 172.21.15.83:0/2673288013 >> [v2:172.21.15.83:3300/0,v1:172.21.15.83:6789/0] conn(0x7f05c4108f60 0x7f05c41087e0 secure :-1 s=READY pgs=38 cs=0 l=1 rev1=1 crypto rx=0x7f05c0009fb0 tx=0x7f05c0011940 comp rx=0 tx=0).stop
2024-04-22T13:48:33.914 INFO:teuthology.orchestra.run.smithi083.stdout:/usr/bin/ceph: stderr
2024-04-22T13:48:33.260+0000 7f05cb88b700 1 -- 172.21.15.83:0/2673288013 shutdown_connections
2024-04-22T13:48:33.915 INFO:teuthology.orchestra.run.smithi083.stdout:/usr/bin/ceph: stderr
2024-04-22T13:48:33.260+0000 7f05cb88b700 1 --2- 172.21.15.83:0/2673288013 >> [v2:172.21.15.83:6800/821414710,v1:172.21.15.83:6801/821414710] conn(0x7f05b0039430 0x7f05b003b8f0 unknown :-1 s=CLOSED pgs=7 cs=0 l=1 rev1=1 crypto rx=0 tx=0 comp rx=0 tx=0).stop
2024-04-22T13:48:33.915 INFO:teuthology.orchestra.run.smithi083.stdout:/usr/bin/ceph: stderr
2024-04-22T13:48:33.260+0000 7f05cb88b700 1 --2- 172.21.15.83:0/2673288013 >> [v2:172.21.15.83:3300/0,v1:172.21.15.83:6789/0] conn(0x7f05c4108f60 0x7f05c41087e0 unknown :-1 s=CLOSED pgs=38 cs=0 l=1 rev1=1 crypto rx=0 tx=0 comp rx=0 tx=0).stop
2024-04-22T13:48:33.915 INFO:teuthology.orchestra.run.smithi083.stdout:/usr/bin/ceph: stderr
2024-04-22T13:48:33.260+0000 7f05cb88b700 1 -- 172.21.15.83:0/2673288013 >> 172.21.15.83:0/2673288013 conn(0x7f05c41029b0 msgr2=0x7f05c4103590 unknown :-1 s=STATE_NONE l=0).mark_down
2024-04-22T13:48:33.915 INFO:teuthology.orchestra.run.smithi083.stdout:/usr/bin/ceph: stderr
2024-04-22T13:48:33.260+0000 7f05cb88b700 1 -- 172.21.15.83:0/2673288013 shutdown_connections
2024-04-22T13:48:33.915 INFO:teuthology.orchestra.run.smithi083.stdout:/usr/bin/ceph: stderr
2024-04-22T13:48:33.260+0000 7f05cb88b700 1 -- 172.21.15.83:0/2673288013 wait complete.
2024-04-22T13:48:34.186 INFO:journalctl@ceph.mon.a.smithi083.stdout:Apr 22 13:48:34 smithi083 ceph-mon[27977]: mgrmap e8: x(active, since 2s)
2024-04-22T13:48:34.186 INFO:journalctl@ceph.mon.a.smithi083.stdout:Apr 22 13:48:34 smithi083 ceph-mon[27977]: from='client.14132 -' entity='client.admin' cmd=[{"prefix": "orch set backend", "module_name": "cephadm", "target": ["mon-mgr", ""]}]: dispatch
2024-04-22T13:48:34.186 INFO:journalctl@ceph.mon.a.smithi083.stdout:Apr 22 13:48:34 smithi083 ceph-mon[27977]: from='mgr.14120 172.21.15.83:0/3783731537' entity='mgr.x'
2024-04-22T13:48:34.186 INFO:journalctl@ceph.mon.a.smithi083.stdout:Apr 22 13:48:34 smithi083 ceph-mon[27977]: from='mgr.14120 172.21.15.83:0/3783731537' entity='mgr.x' cmd=[{"prefix": "config dump", "format": "json"}]: dispatch
2024-04-22T13:48:35.159 INFO:teuthology.orchestra.run.smithi083.stdout:/usr/bin/ceph: stdout value unchanged
2024-04-22T13:48:35.159 INFO:teuthology.orchestra.run.smithi083.stdout:/usr/bin/ceph: stderr
2024-04-22T13:48:34.316+0000 7f9d87cde700 1 Processor -- start
2024-04-22T13:48:35.160 INFO:teuthology.orchestra.run.smithi083.stdout:/usr/bin/ceph: stderr
2024-04-22T13:48:34.316+0000 7f9d87cde700 1 -- start start
2024-04-22T13:48:35.160 INFO:teuthology.orchestra.run.smithi083.stdout:/usr/bin/ceph: stderr
2024-04-22T13:48:34.317+0000 7f9d87cde700 1 --2- >> [v2:172.21.15.83:3300/0,v1:172.21.15.83:6789/0] conn(0x7f9d801073e0 0x7f9d80107800 unknown :-1 s=NONE pgs=0 cs=0 l=0 rev1=0 crypto rx=0 tx=0 comp rx=0 tx=0).connect
2024-04-22T13:48:35.160 INFO:teuthology.orchestra.run.smithi083.stdout:/usr/bin/ceph: stderr
2024-04-22T13:48:34.317+0000 7f9d87cde700 1 -- --> [v2:172.21.15.83:3300/0,v1:172.21.15.83:6789/0] -- mon_getmap magic: 0 -- 0x7f9d80107dd0 con 0x7f9d801073e0
2024-04-22T13:48:35.160 INFO:teuthology.orchestra.run.smithi083.stdout:/usr/bin/ceph: stderr
2024-04-22T13:48:34.317+0000 7f9d85a7a700 1 --2- >> [v2:172.21.15.83:3300/0,v1:172.21.15.83:6789/0] conn(0x7f9d801073e0 0x7f9d80107800 unknown :-1 s=BANNER_CONNECTING pgs=0 cs=0 l=0 rev1=0 crypto rx=0 tx=0 comp rx=0 tx=0)._handle_peer_banner_payload supported=3 required=0
2024-04-22T13:48:35.160 INFO:teuthology.orchestra.run.smithi083.stdout:/usr/bin/ceph: stderr
2024-04-22T13:48:34.317+0000 7f9d85a7a700 1 --2- >> [v2:172.21.15.83:3300/0,v1:172.21.15.83:6789/0] conn(0x7f9d801073e0 0x7f9d80107800 unknown :-1 s=HELLO_CONNECTING pgs=0 cs=0 l=0 rev1=1 crypto rx=0 tx=0 comp rx=0 tx=0).handle_hello peer v2:172.21.15.83:3300/0 says I am v2:172.21.15.83:57478/0 (socket says 172.21.15.83:57478)
2024-04-22T13:48:35.160 INFO:teuthology.orchestra.run.smithi083.stdout:/usr/bin/ceph: stderr
2024-04-22T13:48:34.317+0000 7f9d85a7a700 1 -- 172.21.15.83:0/733183476 learned_addr learned my addr 172.21.15.83:0/733183476 (peer_addr_for_me v2:172.21.15.83:0/0)
2024-04-22T13:48:35.160 INFO:teuthology.orchestra.run.smithi083.stdout:/usr/bin/ceph: stderr
2024-04-22T13:48:34.317+0000 7f9d85a7a700 1 -- 172.21.15.83:0/733183476 --> [v2:172.21.15.83:3300/0,v1:172.21.15.83:6789/0] -- mon_subscribe({config=0+,monmap=0+}) -- 0x7f9d801085e0 con 0x7f9d801073e0
2024-04-22T13:48:35.160 INFO:teuthology.orchestra.run.smithi083.stdout:/usr/bin/ceph: stderr
2024-04-22T13:48:34.317+0000 7f9d85a7a700 1 --2- 172.21.15.83:0/733183476 >> [v2:172.21.15.83:3300/0,v1:172.21.15.83:6789/0] conn(0x7f9d801073e0 0x7f9d80107800 secure :-1 s=READY pgs=39 cs=0 l=1 rev1=1 crypto rx=0x7f9d7c009e80 tx=0x7f9d7c00b330 comp rx=0 tx=0).ready entity=mon.0 client_cookie=8d37651e2ac3f111 server_cookie=0 in_seq=0 out_seq=0
2024-04-22T13:48:35.160 INFO:teuthology.orchestra.run.smithi083.stdout:/usr/bin/ceph: stderr
2024-04-22T13:48:34.317+0000 7f9d84a78700 1 -- 172.21.15.83:0/733183476 <== mon.0 v2:172.21.15.83:3300/0 1 ==== mon_map magic: 0 ==== 205+0+0 (secure 0 0 0) 0x7f9d7c017070 con 0x7f9d801073e0
2024-04-22T13:48:35.160 INFO:teuthology.orchestra.run.smithi083.stdout:/usr/bin/ceph: stderr
2024-04-22T13:48:34.317+0000 7f9d84a78700 1 -- 172.21.15.83:0/733183476 <== mon.0 v2:172.21.15.83:3300/0 2 ==== config(26 keys) ==== 1070+0+0 (secure 0 0 0) 0x7f9d7c00b8c0 con 0x7f9d801073e0
2024-04-22T13:48:35.160 INFO:teuthology.orchestra.run.smithi083.stdout:/usr/bin/ceph: stderr
2024-04-22T13:48:34.317+0000 7f9d84a78700 1 -- 172.21.15.83:0/733183476 <== mon.0 v2:172.21.15.83:3300/0 3 ==== mon_map magic: 0 ==== 205+0+0 (secure 0 0 0) 0x7f9d7c004490 con 0x7f9d801073e0
2024-04-22T13:48:35.160 INFO:teuthology.orchestra.run.smithi083.stdout:/usr/bin/ceph: stderr
2024-04-22T13:48:34.318+0000 7f9d87cde700 1 -- 172.21.15.83:0/733183476 >> [v2:172.21.15.83:3300/0,v1:172.21.15.83:6789/0] conn(0x7f9d801073e0 msgr2=0x7f9d80107800 secure :-1 s=STATE_CONNECTION_ESTABLISHED l=1).mark_down
2024-04-22T13:48:35.160 INFO:teuthology.orchestra.run.smithi083.stdout:/usr/bin/ceph: stderr
2024-04-22T13:48:34.318+0000 7f9d87cde700 1 --2- 172.21.15.83:0/733183476 >> [v2:172.21.15.83:3300/0,v1:172.21.15.83:6789/0] conn(0x7f9d801073e0 0x7f9d80107800 secure :-1 s=READY pgs=39 cs=0 l=1 rev1=1 crypto rx=0x7f9d7c009e80 tx=0x7f9d7c00b330 comp rx=0 tx=0).stop
2024-04-22T13:48:35.160 INFO:teuthology.orchestra.run.smithi083.stdout:/usr/bin/ceph: stderr
2024-04-22T13:48:34.318+0000 7f9d87cde700 1 -- 172.21.15.83:0/733183476 shutdown_connections
2024-04-22T13:48:35.161 INFO:teuthology.orchestra.run.smithi083.stdout:/usr/bin/ceph: stderr
2024-04-22T13:48:34.318+0000 7f9d87cde700 1 --2- 172.21.15.83:0/733183476 >> [v2:172.21.15.83:3300/0,v1:172.21.15.83:6789/0] conn(0x7f9d801073e0 0x7f9d80107800 unknown :-1 s=CLOSED pgs=39 cs=0 l=1 rev1=1 crypto rx=0 tx=0 comp rx=0 tx=0).stop
2024-04-22T13:48:35.161 INFO:teuthology.orchestra.run.smithi083.stdout:/usr/bin/ceph: stderr
2024-04-22T13:48:34.318+0000 7f9d87cde700 1 -- 172.21.15.83:0/733183476 >> 172.21.15.83:0/733183476 conn(0x7f9d801029c0 msgr2=0x7f9d80104de0 unknown :-1 s=STATE_NONE l=0).mark_down
2024-04-22T13:48:35.161 INFO:teuthology.orchestra.run.smithi083.stdout:/usr/bin/ceph: stderr
2024-04-22T13:48:34.318+0000 7f9d87cde700 1 -- 172.21.15.83:0/733183476 shutdown_connections
2024-04-22T13:48:35.161 INFO:teuthology.orchestra.run.smithi083.stdout:/usr/bin/ceph: stderr
2024-04-22T13:48:34.318+0000 7f9d87cde700 1 -- 172.21.15.83:0/733183476 wait complete.
2024-04-22T13:48:35.161 INFO:teuthology.orchestra.run.smithi083.stdout:/usr/bin/ceph: stderr
2024-04-22T13:48:34.319+0000 7f9d87cde700 1 Processor -- start
2024-04-22T13:48:35.161 INFO:teuthology.orchestra.run.smithi083.stdout:/usr/bin/ceph: stderr
2024-04-22T13:48:34.319+0000 7f9d87cde700 1 -- start start
2024-04-22T13:48:35.161 INFO:teuthology.orchestra.run.smithi083.stdout:/usr/bin/ceph: stderr
2024-04-22T13:48:34.319+0000 7f9d87cde700 1 --2- >> [v2:172.21.15.83:3300/0,v1:172.21.15.83:6789/0] conn(0x7f9d801073e0 0x7f9d8019c730 unknown :-1 s=NONE pgs=0 cs=0 l=1 rev1=0 crypto rx=0 tx=0 comp rx=0 tx=0).connect
2024-04-22T13:48:35.161 INFO:teuthology.orchestra.run.smithi083.stdout:/usr/bin/ceph: stderr
2024-04-22T13:48:34.319+0000 7f9d87cde700 1 -- --> [v2:172.21.15.83:3300/0,v1:172.21.15.83:6789/0] -- mon_getmap magic: 0 -- 0x7f9d8010b990 con 0x7f9d801073e0
2024-04-22T13:48:35.161 INFO:teuthology.orchestra.run.smithi083.stdout:/usr/bin/ceph: stderr
2024-04-22T13:48:34.319+0000 7f9d85a7a700 1 --2- >> [v2:172.21.15.83:3300/0,v1:172.21.15.83:6789/0] conn(0x7f9d801073e0 0x7f9d8019c730 unknown :-1 s=BANNER_CONNECTING pgs=0 cs=0 l=1 rev1=0 crypto rx=0 tx=0 comp rx=0 tx=0)._handle_peer_banner_payload supported=3 required=0
2024-04-22T13:48:35.161 INFO:teuthology.orchestra.run.smithi083.stdout:/usr/bin/ceph: stderr
2024-04-22T13:48:34.319+0000 7f9d85a7a700 1 --2- >> [v2:172.21.15.83:3300/0,v1:172.21.15.83:6789/0] conn(0x7f9d801073e0 0x7f9d8019c730 unknown :-1 s=HELLO_CONNECTING pgs=0 cs=0 l=1 rev1=1 crypto rx=0 tx=0 comp rx=0 tx=0).handle_hello peer v2:172.21.15.83:3300/0 says I am v2:172.21.15.83:57486/0 (socket says 172.21.15.83:57486)
2024-04-22T13:48:35.161 INFO:teuthology.orchestra.run.smithi083.stdout:/usr/bin/ceph: stderr
2024-04-22T13:48:34.319+0000 7f9d85a7a700 1 -- 172.21.15.83:0/2359649433 learned_addr learned my addr 172.21.15.83:0/2359649433 (peer_addr_for_me v2:172.21.15.83:0/0)
2024-04-22T13:48:35.161 INFO:teuthology.orchestra.run.smithi083.stdout:/usr/bin/ceph: stderr
2024-04-22T13:48:34.319+0000 7f9d85a7a700 1 -- 172.21.15.83:0/2359649433 --> [v2:172.21.15.83:3300/0,v1:172.21.15.83:6789/0] -- mon_subscribe({config=0+,monmap=0+}) -- 0x7f9d8019cc70 con 0x7f9d801073e0
2024-04-22T13:48:35.161 INFO:teuthology.orchestra.run.smithi083.stdout:/usr/bin/ceph: stderr
2024-04-22T13:48:34.319+0000 7f9d85a7a700 1 --2- 172.21.15.83:0/2359649433 >> [v2:172.21.15.83:3300/0,v1:172.21.15.83:6789/0] conn(0x7f9d801073e0 0x7f9d8019c730 secure :-1 s=READY pgs=40 cs=0 l=1 rev1=1 crypto rx=0x7f9d7c00b7b0 tx=0x7f9d7c00be20 comp rx=0 tx=0).ready entity=mon.0 client_cookie=0 server_cookie=0 in_seq=0 out_seq=0
2024-04-22T13:48:35.161 INFO:teuthology.orchestra.run.smithi083.stdout:/usr/bin/ceph: stderr
2024-04-22T13:48:34.319+0000 7f9d76ffd700 1 -- 172.21.15.83:0/2359649433 <== mon.0 v2:172.21.15.83:3300/0 1 ==== mon_map magic: 0 ==== 205+0+0 (secure 0 0 0) 0x7f9d7c020020 con 0x7f9d801073e0
2024-04-22T13:48:35.161 INFO:teuthology.orchestra.run.smithi083.stdout:/usr/bin/ceph: stderr
2024-04-22T13:48:34.319+0000 7f9d76ffd700 1 -- 172.21.15.83:0/2359649433 <== mon.0 v2:172.21.15.83:3300/0 2 ==== config(26 keys) ==== 1070+0+0 (secure 0 0 0) 0x7f9d7c012430 con 0x7f9d801073e0
2024-04-22T13:48:35.161 INFO:teuthology.orchestra.run.smithi083.stdout:/usr/bin/ceph: stderr
2024-04-22T13:48:34.320+0000 7f9d76ffd700 1 -- 172.21.15.83:0/2359649433 <== mon.0 v2:172.21.15.83:3300/0 3 ==== mon_map magic: 0 ==== 205+0+0 (secure 0 0 0) 0x7f9d7c017040 con 0x7f9d801073e0
2024-04-22T13:48:35.162 INFO:teuthology.orchestra.run.smithi083.stdout:/usr/bin/ceph: stderr
2024-04-22T13:48:34.320+0000 7f9d87cde700 1 -- 172.21.15.83:0/2359649433 --> [v2:172.21.15.83:3300/0,v1:172.21.15.83:6789/0] -- mon_subscribe({mgrmap=0+}) -- 0x7f9d8019cf00 con 0x7f9d801073e0
2024-04-22T13:48:35.162 INFO:teuthology.orchestra.run.smithi083.stdout:/usr/bin/ceph: stderr
2024-04-22T13:48:34.320+0000 7f9d87cde700 1 -- 172.21.15.83:0/2359649433 --> [v2:172.21.15.83:3300/0,v1:172.21.15.83:6789/0] -- mon_subscribe({osdmap=0}) -- 0x7f9d8019fbf0 con 0x7f9d801073e0
2024-04-22T13:48:35.162 INFO:teuthology.orchestra.run.smithi083.stdout:/usr/bin/ceph: stderr
2024-04-22T13:48:34.320+0000 7f9d76ffd700 1 -- 172.21.15.83:0/2359649433 <== mon.0 v2:172.21.15.83:3300/0 4 ==== mgrmap(e 8) ==== 46558+0+0 (secure 0 0 0) 0x7f9d7c023020 con 0x7f9d801073e0
2024-04-22T13:48:35.162 INFO:teuthology.orchestra.run.smithi083.stdout:/usr/bin/ceph: stderr
2024-04-22T13:48:34.320+0000 7f9d87cde700 1 -- 172.21.15.83:0/2359649433 --> [v2:172.21.15.83:3300/0,v1:172.21.15.83:6789/0] -- mon_command({"prefix": "get_command_descriptions"} v 0) -- 0x7f9d80069b90 con 0x7f9d801073e0
2024-04-22T13:48:35.162 INFO:teuthology.orchestra.run.smithi083.stdout:/usr/bin/ceph: stderr
2024-04-22T13:48:34.321+0000 7f9d76ffd700 1 --2- 172.21.15.83:0/2359649433 >> [v2:172.21.15.83:6800/821414710,v1:172.21.15.83:6801/821414710] conn(0x7f9d6c039560 0x7f9d6c03ba20 unknown :-1 s=NONE pgs=0 cs=0 l=1 rev1=0 crypto rx=0 tx=0 comp rx=0 tx=0).connect
2024-04-22T13:48:35.162 INFO:teuthology.orchestra.run.smithi083.stdout:/usr/bin/ceph: stderr
2024-04-22T13:48:34.321+0000 7f9d76ffd700 1 -- 172.21.15.83:0/2359649433 <== mon.0 v2:172.21.15.83:3300/0 5 ==== osd_map(2..2 src has 1..2) ==== 940+0+0 (secure 0 0 0) 0x7f9d7c00f050 con 0x7f9d801073e0
2024-04-22T13:48:35.162 INFO:teuthology.orchestra.run.smithi083.stdout:/usr/bin/ceph: stderr
2024-04-22T13:48:34.321+0000 7f9d85279700 1 --2- 172.21.15.83:0/2359649433 >> [v2:172.21.15.83:6800/821414710,v1:172.21.15.83:6801/821414710] conn(0x7f9d6c039560 0x7f9d6c03ba20 unknown :-1 s=BANNER_CONNECTING pgs=0 cs=0 l=1 rev1=0 crypto rx=0 tx=0 comp rx=0 tx=0)._handle_peer_banner_payload supported=3 required=0
2024-04-22T13:48:35.162 INFO:teuthology.orchestra.run.smithi083.stdout:/usr/bin/ceph: stderr
2024-04-22T13:48:34.321+0000 7f9d85279700 1 --2- 172.21.15.83:0/2359649433 >> [v2:172.21.15.83:6800/821414710,v1:172.21.15.83:6801/821414710] conn(0x7f9d6c039560 0x7f9d6c03ba20 secure :-1 s=READY pgs=8 cs=0 l=1 rev1=1 crypto rx=0x7f9d70006fd0 tx=0x7f9d70006e40 comp rx=0 tx=0).ready entity=mgr.14120 client_cookie=0 server_cookie=0 in_seq=0 out_seq=0
2024-04-22T13:48:35.162 INFO:teuthology.orchestra.run.smithi083.stdout:/usr/bin/ceph: stderr
2024-04-22T13:48:34.326+0000 7f9d76ffd700 1 -- 172.21.15.83:0/2359649433 <== mon.0 v2:172.21.15.83:3300/0 6 ==== mon_command_ack([{"prefix": "get_command_descriptions"}]=0 v0) ==== 72+0+188370 (secure 0 0 0) 0x7f9d7c02a020 con 0x7f9d801073e0
2024-04-22T13:48:35.162 INFO:teuthology.orchestra.run.smithi083.stdout:/usr/bin/ceph: stderr
2024-04-22T13:48:34.525+0000 7f9d87cde700 1 -- 172.21.15.83:0/2359649433 --> [v2:172.21.15.83:6800/821414710,v1:172.21.15.83:6801/821414710] -- mgr_command(tid 0: {"prefix": "cephadm set-user", "user": "root", "target": ["mon-mgr", ""]}) -- 0x7f9d8002e090 con 0x7f9d6c039560
2024-04-22T13:48:35.162 INFO:teuthology.orchestra.run.smithi083.stdout:/usr/bin/ceph: stderr
2024-04-22T13:48:34.526+0000 7f9d76ffd700 1 -- 172.21.15.83:0/2359649433 <== mgr.14120 v2:172.21.15.83:6800/821414710 1 ==== mgr_command_reply(tid 0: 0 ) ==== 8+0+16 (secure 0 0 0) 0x7f9d8002e090 con 0x7f9d6c039560
2024-04-22T13:48:35.162 INFO:teuthology.orchestra.run.smithi083.stdout:/usr/bin/ceph: stderr
2024-04-22T13:48:34.528+0000 7f9d87cde700 1 -- 172.21.15.83:0/2359649433 >> [v2:172.21.15.83:6800/821414710,v1:172.21.15.83:6801/821414710] conn(0x7f9d6c039560 msgr2=0x7f9d6c03ba20 secure :-1 s=STATE_CONNECTION_ESTABLISHED l=1).mark_down
2024-04-22T13:48:35.162 INFO:teuthology.orchestra.run.smithi083.stdout:/usr/bin/ceph: stderr
2024-04-22T13:48:34.528+0000 7f9d87cde700 1 --2- 172.21.15.83:0/2359649433 >> [v2:172.21.15.83:6800/821414710,v1:172.21.15.83:6801/821414710] conn(0x7f9d6c039560 0x7f9d6c03ba20 secure :-1 s=READY pgs=8 cs=0 l=1 rev1=1 crypto rx=0x7f9d70006fd0 tx=0x7f9d70006e40 comp rx=0 tx=0).stop
2024-04-22T13:48:35.162 INFO:teuthology.orchestra.run.smithi083.stdout:/usr/bin/ceph: stderr
2024-04-22T13:48:34.528+0000 7f9d87cde700 1 -- 172.21.15.83:0/2359649433 >> [v2:172.21.15.83:3300/0,v1:172.21.15.83:6789/0] conn(0x7f9d801073e0 msgr2=0x7f9d8019c730 secure :-1 s=STATE_CONNECTION_ESTABLISHED l=1).mark_down
2024-04-22T13:48:35.162 INFO:teuthology.orchestra.run.smithi083.stdout:/usr/bin/ceph: stderr
2024-04-22T13:48:34.528+0000 7f9d87cde700 1 --2- 172.21.15.83:0/2359649433 >> [v2:172.21.15.83:3300/0,v1:172.21.15.83:6789/0] conn(0x7f9d801073e0 0x7f9d8019c730 secure :-1 s=READY pgs=40 cs=0 l=1 rev1=1 crypto rx=0x7f9d7c00b7b0 tx=0x7f9d7c00be20 comp rx=0 tx=0).stop
2024-04-22T13:48:35.163 INFO:teuthology.orchestra.run.smithi083.stdout:/usr/bin/ceph: stderr
2024-04-22T13:48:34.528+0000 7f9d87cde700 1 -- 172.21.15.83:0/2359649433 shutdown_connections
2024-04-22T13:48:35.163 INFO:teuthology.orchestra.run.smithi083.stdout:/usr/bin/ceph: stderr
2024-04-22T13:48:34.528+0000 7f9d87cde700 1 --2- 172.21.15.83:0/2359649433 >> [v2:172.21.15.83:6800/821414710,v1:172.21.15.83:6801/821414710] conn(0x7f9d6c039560 0x7f9d6c03ba20 unknown :-1 s=CLOSED pgs=8 cs=0 l=1 rev1=1 crypto rx=0 tx=0 comp rx=0 tx=0).stop
2024-04-22T13:48:35.163 INFO:teuthology.orchestra.run.smithi083.stdout:/usr/bin/ceph: stderr
2024-04-22T13:48:34.528+0000 7f9d87cde700 1 --2- 172.21.15.83:0/2359649433 >> [v2:172.21.15.83:3300/0,v1:172.21.15.83:6789/0] conn(0x7f9d801073e0 0x7f9d8019c730 unknown :-1 s=CLOSED pgs=40 cs=0 l=1 rev1=1 crypto rx=0 tx=0 comp rx=0 tx=0).stop
2024-04-22T13:48:35.163 INFO:teuthology.orchestra.run.smithi083.stdout:/usr/bin/ceph: stderr
2024-04-22T13:48:34.528+0000 7f9d87cde700 1 -- 172.21.15.83:0/2359649433 >> 172.21.15.83:0/2359649433 conn(0x7f9d801029c0 msgr2=0x7f9d80103810 unknown :-1 s=STATE_NONE l=0).mark_down
2024-04-22T13:48:35.163 INFO:teuthology.orchestra.run.smithi083.stdout:/usr/bin/ceph: stderr
2024-04-22T13:48:34.528+0000 7f9d87cde700 1 -- 172.21.15.83:0/2359649433 shutdown_connections
2024-04-22T13:48:35.163 INFO:teuthology.orchestra.run.smithi083.stdout:/usr/bin/ceph: stderr
2024-04-22T13:48:34.528+0000 7f9d87cde700 1 -- 172.21.15.83:0/2359649433 wait complete.
2024-04-22T13:48:35.163 INFO:teuthology.orchestra.run.smithi083.stdout:Generating ssh key...
2024-04-22T13:48:35.435 INFO:journalctl@ceph.mon.a.smithi083.stdout:Apr 22 13:48:35 smithi083 ceph-mon[27977]: from='client.14134 -' entity='client.admin' cmd=[{"prefix": "cephadm set-user", "user": "root", "target": ["mon-mgr", ""]}]: dispatch
2024-04-22T13:48:36.186 INFO:journalctl@ceph.mgr.x.smithi083.stdout:Apr 22 13:48:35 smithi083 ceph-cb669d90-00ae-11ef-bc93-c7b262605968-mgr-x[28206]: Generating public/private rsa key pair.
2024-04-22T13:48:36.186 INFO:journalctl@ceph.mgr.x.smithi083.stdout:Apr 22 13:48:35 smithi083 ceph-cb669d90-00ae-11ef-bc93-c7b262605968-mgr-x[28206]: Your identification has been saved in /tmp/tmpam_rsgtf/key.
2024-04-22T13:48:36.186 INFO:journalctl@ceph.mgr.x.smithi083.stdout:Apr 22 13:48:35 smithi083 ceph-cb669d90-00ae-11ef-bc93-c7b262605968-mgr-x[28206]: Your public key has been saved in /tmp/tmpam_rsgtf/key.pub.
2024-04-22T13:48:36.186 INFO:journalctl@ceph.mgr.x.smithi083.stdout:Apr 22 13:48:35 smithi083 ceph-cb669d90-00ae-11ef-bc93-c7b262605968-mgr-x[28206]: The key fingerprint is:
2024-04-22T13:48:36.186 INFO:journalctl@ceph.mgr.x.smithi083.stdout:Apr 22 13:48:35 smithi083 ceph-cb669d90-00ae-11ef-bc93-c7b262605968-mgr-x[28206]: SHA256:wCFBSHmXmYxZFuYxq4Yo0TXIqZ2P9ggzTIMPTn0lrFs ceph-cb669d90-00ae-11ef-bc93-c7b262605968
2024-04-22T13:48:36.186 INFO:journalctl@ceph.mgr.x.smithi083.stdout:Apr 22 13:48:35 smithi083 ceph-cb669d90-00ae-11ef-bc93-c7b262605968-mgr-x[28206]: The key's randomart image is:
2024-04-22T13:48:36.186 INFO:journalctl@ceph.mgr.x.smithi083.stdout:Apr 22 13:48:35 smithi083 ceph-cb669d90-00ae-11ef-bc93-c7b262605968-mgr-x[28206]: +---[RSA 3072]----+
2024-04-22T13:48:36.187 INFO:journalctl@ceph.mgr.x.smithi083.stdout:Apr 22 13:48:35 smithi083 ceph-cb669d90-00ae-11ef-bc93-c7b262605968-mgr-x[28206]: | o.*B*O= |
2024-04-22T13:48:36.187 INFO:journalctl@ceph.mgr.x.smithi083.stdout:Apr 22 13:48:35 smithi083 ceph-cb669d90-00ae-11ef-bc93-c7b262605968-mgr-x[28206]: | .*.+X** |
2024-04-22T13:48:36.187 INFO:journalctl@ceph.mgr.x.smithi083.stdout:Apr 22 13:48:35 smithi083 ceph-cb669d90-00ae-11ef-bc93-c7b262605968-mgr-x[28206]: |oooo..B |
2024-04-22T13:48:36.187 INFO:journalctl@ceph.mgr.x.smithi083.stdout:Apr 22 13:48:35 smithi083 ceph-cb669d90-00ae-11ef-bc93-c7b262605968-mgr-x[28206]: |+*o+ E . |
2024-04-22T13:48:36.187 INFO:journalctl@ceph.mgr.x.smithi083.stdout:Apr 22 13:48:35 smithi083 ceph-cb669d90-00ae-11ef-bc93-c7b262605968-mgr-x[28206]: |Booo* S |
2024-04-22T13:48:36.187 INFO:journalctl@ceph.mgr.x.smithi083.stdout:Apr 22 13:48:35 smithi083 ceph-cb669d90-00ae-11ef-bc93-c7b262605968-mgr-x[28206]: |=o+o. |
2024-04-22T13:48:36.187 INFO:journalctl@ceph.mgr.x.smithi083.stdout:Apr 22 13:48:35 smithi083 ceph-cb669d90-00ae-11ef-bc93-c7b262605968-mgr-x[28206]: | = o |
2024-04-22T13:48:36.187 INFO:journalctl@ceph.mgr.x.smithi083.stdout:Apr 22 13:48:35 smithi083 ceph-cb669d90-00ae-11ef-bc93-c7b262605968-mgr-x[28206]: | . . |
2024-04-22T13:48:36.187 INFO:journalctl@ceph.mgr.x.smithi083.stdout:Apr 22 13:48:35 smithi083 ceph-cb669d90-00ae-11ef-bc93-c7b262605968-mgr-x[28206]: | |
2024-04-22T13:48:36.187 INFO:journalctl@ceph.mgr.x.smithi083.stdout:Apr 22 13:48:35 smithi083 ceph-cb669d90-00ae-11ef-bc93-c7b262605968-mgr-x[28206]: +----[SHA256]-----+
2024-04-22T13:48:36.541 INFO:teuthology.orchestra.run.smithi083.stdout:/usr/bin/ceph: stderr
2024-04-22T13:48:35.573+0000 7ff5352f2700 1 Processor -- start
2024-04-22T13:48:36.541 INFO:teuthology.orchestra.run.smithi083.stdout:/usr/bin/ceph: stderr
2024-04-22T13:48:35.573+0000 7ff5352f2700 1 -- start start
2024-04-22T13:48:36.541 INFO:teuthology.orchestra.run.smithi083.stdout:/usr/bin/ceph: stderr
2024-04-22T13:48:35.573+0000 7ff5352f2700 1 --2- >> [v2:172.21.15.83:3300/0,v1:172.21.15.83:6789/0] conn(0x7ff530109ad0 0x7ff530109ef0 unknown :-1 s=NONE pgs=0 cs=0 l=0 rev1=0 crypto rx=0 tx=0 comp rx=0 tx=0).connect
2024-04-22T13:48:36.541 INFO:teuthology.orchestra.run.smithi083.stdout:/usr/bin/ceph: stderr
2024-04-22T13:48:35.573+0000 7ff5352f2700 1 -- --> [v2:172.21.15.83:3300/0,v1:172.21.15.83:6789/0] -- mon_getmap magic: 0 -- 0x7ff53010a4c0 con 0x7ff530109ad0
2024-04-22T13:48:36.541 INFO:teuthology.orchestra.run.smithi083.stdout:/usr/bin/ceph: stderr
2024-04-22T13:48:35.574+0000 7ff52effd700 1 --2- >> [v2:172.21.15.83:3300/0,v1:172.21.15.83:6789/0] conn(0x7ff530109ad0 0x7ff530109ef0 unknown :-1 s=BANNER_CONNECTING pgs=0 cs=0 l=0 rev1=0 crypto rx=0 tx=0 comp rx=0 tx=0)._handle_peer_banner_payload supported=3 required=0
2024-04-22T13:48:36.541 INFO:teuthology.orchestra.run.smithi083.stdout:/usr/bin/ceph: stderr
2024-04-22T13:48:35.574+0000 7ff52effd700 1 --2- >> [v2:172.21.15.83:3300/0,v1:172.21.15.83:6789/0] conn(0x7ff530109ad0 0x7ff530109ef0 unknown :-1 s=HELLO_CONNECTING pgs=0 cs=0 l=0 rev1=1 crypto rx=0 tx=0 comp rx=0 tx=0).handle_hello peer v2:172.21.15.83:3300/0 says I am v2:172.21.15.83:57502/0 (socket says 172.21.15.83:57502)
2024-04-22T13:48:36.541 INFO:teuthology.orchestra.run.smithi083.stdout:/usr/bin/ceph: stderr
2024-04-22T13:48:35.574+0000 7ff52effd700 1 -- 172.21.15.83:0/341944970 learned_addr learned my addr 172.21.15.83:0/341944970 (peer_addr_for_me v2:172.21.15.83:0/0)
2024-04-22T13:48:36.541 INFO:teuthology.orchestra.run.smithi083.stdout:/usr/bin/ceph: stderr
2024-04-22T13:48:35.574+0000 7ff52effd700 1 -- 172.21.15.83:0/341944970 --> [v2:172.21.15.83:3300/0,v1:172.21.15.83:6789/0] -- mon_subscribe({config=0+,monmap=0+}) -- 0x7ff53010a640 con 0x7ff530109ad0
2024-04-22T13:48:36.541 INFO:teuthology.orchestra.run.smithi083.stdout:/usr/bin/ceph: stderr
2024-04-22T13:48:35.574+0000 7ff52effd700 1 --2- 172.21.15.83:0/341944970 >> [v2:172.21.15.83:3300/0,v1:172.21.15.83:6789/0] conn(0x7ff530109ad0 0x7ff530109ef0 secure :-1 s=READY pgs=41 cs=0 l=1 rev1=1 crypto rx=0x7ff5200098a0 tx=0x7ff520009bb0 comp rx=0 tx=0).ready entity=mon.0 client_cookie=651645b91e1f8269 server_cookie=0 in_seq=0 out_seq=0
2024-04-22T13:48:36.542 INFO:teuthology.orchestra.run.smithi083.stdout:/usr/bin/ceph: stderr
2024-04-22T13:48:35.574+0000 7ff52e7fc700 1 -- 172.21.15.83:0/341944970 <== mon.0 v2:172.21.15.83:3300/0 1 ==== mon_map magic: 0 ==== 205+0+0 (secure 0 0 0) 0x7ff520004160 con 0x7ff530109ad0
2024-04-22T13:48:36.542 INFO:teuthology.orchestra.run.smithi083.stdout:/usr/bin/ceph: stderr
2024-04-22T13:48:35.574+0000 7ff52e7fc700 1 -- 172.21.15.83:0/341944970 <== mon.0 v2:172.21.15.83:3300/0 2 ==== config(26 keys) ==== 1070+0+0 (secure 0 0 0) 0x7ff520004300 con 0x7ff530109ad0
2024-04-22T13:48:36.542 INFO:teuthology.orchestra.run.smithi083.stdout:/usr/bin/ceph: stderr
2024-04-22T13:48:35.574+0000 7ff52e7fc700 1 -- 172.21.15.83:0/341944970 <== mon.0 v2:172.21.15.83:3300/0 3 ==== mon_map magic: 0 ==== 205+0+0 (secure 0 0 0) 0x7ff520011af0 con 0x7ff530109ad0
2024-04-22T13:48:36.542 INFO:teuthology.orchestra.run.smithi083.stdout:/usr/bin/ceph: stderr
2024-04-22T13:48:35.575+0000 7ff5352f2700 1 -- 172.21.15.83:0/341944970 >> [v2:172.21.15.83:3300/0,v1:172.21.15.83:6789/0] conn(0x7ff530109ad0 msgr2=0x7ff530109ef0 secure :-1 s=STATE_CONNECTION_ESTABLISHED l=1).mark_down
2024-04-22T13:48:36.542 INFO:teuthology.orchestra.run.smithi083.stdout:/usr/bin/ceph: stderr
2024-04-22T13:48:35.575+0000 7ff5352f2700 1 --2- 172.21.15.83:0/341944970 >> [v2:172.21.15.83:3300/0,v1:172.21.15.83:6789/0] conn(0x7ff530109ad0 0x7ff530109ef0 secure :-1 s=READY pgs=41 cs=0 l=1 rev1=1 crypto rx=0x7ff5200098a0 tx=0x7ff520009bb0 comp rx=0 tx=0).stop
2024-04-22T13:48:36.542 INFO:teuthology.orchestra.run.smithi083.stdout:/usr/bin/ceph: stderr
2024-04-22T13:48:35.575+0000 7ff5352f2700 1 -- 172.21.15.83:0/341944970 shutdown_connections
2024-04-22T13:48:36.542 INFO:teuthology.orchestra.run.smithi083.stdout:/usr/bin/ceph: stderr
2024-04-22T13:48:35.575+0000 7ff5352f2700 1 --2- 172.21.15.83:0/341944970 >> [v2:172.21.15.83:3300/0,v1:172.21.15.83:6789/0] conn(0x7ff530109ad0 0x7ff530109ef0 unknown :-1 s=CLOSED pgs=41 cs=0 l=1 rev1=1 crypto rx=0 tx=0 comp rx=0 tx=0).stop
2024-04-22T13:48:36.542 INFO:teuthology.orchestra.run.smithi083.stdout:/usr/bin/ceph: stderr
2024-04-22T13:48:35.575+0000 7ff5352f2700 1 -- 172.21.15.83:0/341944970 >> 172.21.15.83:0/341944970 conn(0x7ff530102110 msgr2=0x7ff530104530 unknown :-1 s=STATE_NONE l=0).mark_down
2024-04-22T13:48:36.542 INFO:teuthology.orchestra.run.smithi083.stdout:/usr/bin/ceph: stderr
2024-04-22T13:48:35.575+0000 7ff5352f2700 1 -- 172.21.15.83:0/341944970 shutdown_connections
2024-04-22T13:48:36.542 INFO:teuthology.orchestra.run.smithi083.stdout:/usr/bin/ceph: stderr
2024-04-22T13:48:35.575+0000 7ff5352f2700 1 -- 172.21.15.83:0/341944970 wait complete.
2024-04-22T13:48:36.542 INFO:teuthology.orchestra.run.smithi083.stdout:/usr/bin/ceph: stderr
2024-04-22T13:48:35.575+0000 7ff5352f2700 1 Processor -- start
2024-04-22T13:48:36.542 INFO:teuthology.orchestra.run.smithi083.stdout:/usr/bin/ceph: stderr
2024-04-22T13:48:35.575+0000 7ff5352f2700 1 -- start start
2024-04-22T13:48:36.543 INFO:teuthology.orchestra.run.smithi083.stdout:/usr/bin/ceph: stderr
2024-04-22T13:48:35.576+0000 7ff5352f2700 1 --2- >> [v2:172.21.15.83:3300/0,v1:172.21.15.83:6789/0] conn(0x7ff530109ad0 0x7ff53019c450 unknown :-1 s=NONE pgs=0 cs=0 l=1 rev1=0 crypto rx=0 tx=0 comp rx=0 tx=0).connect
2024-04-22T13:48:36.543 INFO:teuthology.orchestra.run.smithi083.stdout:/usr/bin/ceph: stderr
2024-04-22T13:48:35.576+0000 7ff5352f2700 1 -- --> [v2:172.21.15.83:3300/0,v1:172.21.15.83:6789/0] -- mon_getmap magic: 0 -- 0x7ff5301072e0 con 0x7ff530109ad0
2024-04-22T13:48:36.543 INFO:teuthology.orchestra.run.smithi083.stdout:/usr/bin/ceph: stderr
2024-04-22T13:48:35.576+0000 7ff52effd700 1 --2- >> [v2:172.21.15.83:3300/0,v1:172.21.15.83:6789/0] conn(0x7ff530109ad0 0x7ff53019c450 unknown :-1 s=BANNER_CONNECTING pgs=0 cs=0 l=1 rev1=0 crypto rx=0 tx=0 comp rx=0 tx=0)._handle_peer_banner_payload supported=3 required=0
2024-04-22T13:48:36.543 INFO:teuthology.orchestra.run.smithi083.stdout:/usr/bin/ceph: stderr
2024-04-22T13:48:35.576+0000 7ff52effd700 1 --2- >> [v2:172.21.15.83:3300/0,v1:172.21.15.83:6789/0] conn(0x7ff530109ad0 0x7ff53019c450 unknown :-1 s=HELLO_CONNECTING pgs=0 cs=0 l=1 rev1=1 crypto rx=0 tx=0 comp rx=0 tx=0).handle_hello peer v2:172.21.15.83:3300/0 says I am v2:172.21.15.83:57510/0 (socket says 172.21.15.83:57510)
2024-04-22T13:48:36.543 INFO:teuthology.orchestra.run.smithi083.stdout:/usr/bin/ceph: stderr
2024-04-22T13:48:35.576+0000 7ff52effd700 1 -- 172.21.15.83:0/1018370357 learned_addr learned my addr 172.21.15.83:0/1018370357 (peer_addr_for_me v2:172.21.15.83:0/0)
2024-04-22T13:48:36.543 INFO:teuthology.orchestra.run.smithi083.stdout:/usr/bin/ceph: stderr
2024-04-22T13:48:35.576+0000 7ff52effd700 1 -- 172.21.15.83:0/1018370357 --> [v2:172.21.15.83:3300/0,v1:172.21.15.83:6789/0] -- mon_subscribe({config=0+,monmap=0+}) -- 0x7ff53019c990 con 0x7ff530109ad0
2024-04-22T13:48:36.543 INFO:teuthology.orchestra.run.smithi083.stdout:/usr/bin/ceph: stderr
2024-04-22T13:48:35.576+0000 7ff52effd700 1 --2- 172.21.15.83:0/1018370357 >> [v2:172.21.15.83:3300/0,v1:172.21.15.83:6789/0] conn(0x7ff530109ad0 0x7ff53019c450 secure :-1 s=READY pgs=42 cs=0 l=1 rev1=1 crypto rx=0x7ff520009fb0 tx=0x7ff520011940 comp rx=0 tx=0).ready entity=mon.0 client_cookie=0 server_cookie=0 in_seq=0 out_seq=0
2024-04-22T13:48:36.543 INFO:teuthology.orchestra.run.smithi083.stdout:/usr/bin/ceph: stderr
2024-04-22T13:48:35.576+0000 7ff52cff9700 1 -- 172.21.15.83:0/1018370357 <== mon.0 v2:172.21.15.83:3300/0 1 ==== mon_map magic: 0 ==== 205+0+0 (secure 0 0 0) 0x7ff5200036a0 con 0x7ff530109ad0
2024-04-22T13:48:36.543 INFO:teuthology.orchestra.run.smithi083.stdout:/usr/bin/ceph: stderr
2024-04-22T13:48:35.576+0000 7ff52cff9700 1 -- 172.21.15.83:0/1018370357 <== mon.0 v2:172.21.15.83:3300/0 2 ==== config(26 keys) ==== 1070+0+0 (secure 0 0 0) 0x7ff52001a430 con 0x7ff530109ad0
2024-04-22T13:48:36.543 INFO:teuthology.orchestra.run.smithi083.stdout:/usr/bin/ceph: stderr
2024-04-22T13:48:35.576+0000 7ff5352f2700 1 -- 172.21.15.83:0/1018370357 --> [v2:172.21.15.83:3300/0,v1:172.21.15.83:6789/0] -- mon_subscribe({mgrmap=0+}) -- 0x7ff53019cc80 con 0x7ff530109ad0
2024-04-22T13:48:36.543 INFO:teuthology.orchestra.run.smithi083.stdout:/usr/bin/ceph: stderr
2024-04-22T13:48:35.576+0000 7ff52cff9700 1 -- 172.21.15.83:0/1018370357 <== mon.0 v2:172.21.15.83:3300/0 3 ==== mon_map magic: 0 ==== 205+0+0 (secure 0 0 0) 0x7ff520019550 con 0x7ff530109ad0
2024-04-22T13:48:36.543 INFO:teuthology.orchestra.run.smithi083.stdout:/usr/bin/ceph: stderr
2024-04-22T13:48:35.576+0000 7ff5352f2700 1 -- 172.21.15.83:0/1018370357 --> [v2:172.21.15.83:3300/0,v1:172.21.15.83:6789/0] -- mon_subscribe({osdmap=0}) -- 0x7ff53019f910 con 0x7ff530109ad0
2024-04-22T13:48:36.543 INFO:teuthology.orchestra.run.smithi083.stdout:/usr/bin/ceph: stderr
2024-04-22T13:48:35.577+0000 7ff52cff9700 1 -- 172.21.15.83:0/1018370357 <== mon.0 v2:172.21.15.83:3300/0 4 ==== mgrmap(e 8) ==== 46558+0+0 (secure 0 0 0) 0x7ff520019850 con 0x7ff530109ad0
2024-04-22T13:48:36.544 INFO:teuthology.orchestra.run.smithi083.stdout:/usr/bin/ceph: stderr
2024-04-22T13:48:35.577+0000 7ff5352f2700 1 -- 172.21.15.83:0/1018370357 --> [v2:172.21.15.83:3300/0,v1:172.21.15.83:6789/0] -- mon_command({"prefix": "get_command_descriptions"} v 0) -- 0x7ff5300640a0 con 0x7ff530109ad0
2024-04-22T13:48:36.544 INFO:teuthology.orchestra.run.smithi083.stdout:/usr/bin/ceph: stderr
2024-04-22T13:48:35.577+0000 7ff52cff9700 1 --2- 172.21.15.83:0/1018370357 >> [v2:172.21.15.83:6800/821414710,v1:172.21.15.83:6801/821414710] conn(0x7ff51c039560 0x7ff51c03ba20 unknown :-1 s=NONE pgs=0 cs=0 l=1 rev1=0 crypto rx=0 tx=0 comp rx=0 tx=0).connect
2024-04-22T13:48:36.544 INFO:teuthology.orchestra.run.smithi083.stdout:/usr/bin/ceph: stderr
2024-04-22T13:48:35.578+0000 7ff52cff9700 1 -- 172.21.15.83:0/1018370357 <== mon.0 v2:172.21.15.83:3300/0 5 ==== osd_map(2..2 src has 1..2) ==== 940+0+0 (secure 0 0 0) 0x7ff52004da30 con 0x7ff530109ad0
2024-04-22T13:48:36.544 INFO:teuthology.orchestra.run.smithi083.stdout:/usr/bin/ceph: stderr
2024-04-22T13:48:35.578+0000 7ff527fff700 1 --2- 172.21.15.83:0/1018370357 >> [v2:172.21.15.83:6800/821414710,v1:172.21.15.83:6801/821414710] conn(0x7ff51c039560 0x7ff51c03ba20 unknown :-1 s=BANNER_CONNECTING pgs=0 cs=0 l=1 rev1=0 crypto rx=0 tx=0 comp rx=0 tx=0)._handle_peer_banner_payload supported=3 required=0
2024-04-22T13:48:36.544 INFO:teuthology.orchestra.run.smithi083.stdout:/usr/bin/ceph: stderr
2024-04-22T13:48:35.578+0000 7ff527fff700 1 --2- 172.21.15.83:0/1018370357 >> [v2:172.21.15.83:6800/821414710,v1:172.21.15.83:6801/821414710] conn(0x7ff51c039560 0x7ff51c03ba20 secure :-1 s=READY pgs=9 cs=0 l=1 rev1=1 crypto rx=0x7ff518006fd0 tx=0x7ff518006e40 comp rx=0 tx=0).ready entity=mgr.14120 client_cookie=0 server_cookie=0 in_seq=0 out_seq=0
2024-04-22T13:48:36.544 INFO:teuthology.orchestra.run.smithi083.stdout:/usr/bin/ceph: stderr
