2024-04-23T10:17:50.677 INFO:teuthology.orchestra.run.smithi114.stdout:/usr/bin/ceph: stderr
2024-04-23T10:17:49.496+0000 7f35d97fa700 1 -- 172.21.15.114:0/1531179744 <== mon.0 v2:172.21.15.114:3300/0 1 ==== mon_map magic: 0 ==== 205+0+0 (secure 0 0 0) 0x7f35cc0039e0 con 0x7f35dc106810
2024-04-23T10:17:50.677 INFO:teuthology.orchestra.run.smithi114.stdout:/usr/bin/ceph: stderr
2024-04-23T10:17:49.496+0000 7f35d97fa700 1 -- 172.21.15.114:0/1531179744 <== mon.0 v2:172.21.15.114:3300/0 2 ==== config(26 keys) ==== 1101+0+0 (secure 0 0 0) 0x7f35cc01b8f0 con 0x7f35dc106810
2024-04-23T10:17:50.677 INFO:teuthology.orchestra.run.smithi114.stdout:/usr/bin/ceph: stderr
2024-04-23T10:17:49.496+0000 7f35e238c700 1 -- 172.21.15.114:0/1531179744 --> [v2:172.21.15.114:3300/0,v1:172.21.15.114:6789/0] -- mon_subscribe({mgrmap=0+}) -- 0x7f35dc19cc30 con 0x7f35dc106810
2024-04-23T10:17:50.677 INFO:teuthology.orchestra.run.smithi114.stdout:/usr/bin/ceph: stderr
2024-04-23T10:17:49.496+0000 7f35d97fa700 1 -- 172.21.15.114:0/1531179744 <== mon.0 v2:172.21.15.114:3300/0 3 ==== mon_map magic: 0 ==== 205+0+0 (secure 0 0 0) 0x7f35cc023700 con 0x7f35dc106810
2024-04-23T10:17:50.677 INFO:teuthology.orchestra.run.smithi114.stdout:/usr/bin/ceph: stderr
2024-04-23T10:17:49.496+0000 7f35e238c700 1 -- 172.21.15.114:0/1531179744 --> [v2:172.21.15.114:3300/0,v1:172.21.15.114:6789/0] -- mon_subscribe({osdmap=0}) -- 0x7f35dc19f8c0 con 0x7f35dc106810
2024-04-23T10:17:50.677 INFO:teuthology.orchestra.run.smithi114.stdout:/usr/bin/ceph: stderr
2024-04-23T10:17:49.497+0000 7f35d97fa700 1 -- 172.21.15.114:0/1531179744 <== mon.0 v2:172.21.15.114:3300/0 4 ==== mgrmap(e 12) ==== 46571+0+0 (secure 0 0 0) 0x7f35cc023970 con 0x7f35dc106810
2024-04-23T10:17:50.677 INFO:teuthology.orchestra.run.smithi114.stdout:/usr/bin/ceph: stderr
2024-04-23T10:17:49.497+0000 7f35d97fa700 1 --2- 172.21.15.114:0/1531179744 >> [v2:172.21.15.114:6800/465333808,v1:172.21.15.114:6801/465333808] conn(0x7f35c40395b0 0x7f35c403ba70 unknown :-1 s=NONE pgs=0 cs=0 l=1 rev1=0 crypto rx=0 tx=0 comp rx=0 tx=0).connect
2024-04-23T10:17:50.677 INFO:teuthology.orchestra.run.smithi114.stdout:/usr/bin/ceph: stderr
2024-04-23T10:17:49.497+0000 7f35d97fa700 1 -- 172.21.15.114:0/1531179744 <== mon.0 v2:172.21.15.114:3300/0 5 ==== osd_map(3..3 src has 1..3) ==== 1155+0+0 (secure 0 0 0) 0x7f35cc04dfd0 con 0x7f35dc106810
2024-04-23T10:17:50.677 INFO:teuthology.orchestra.run.smithi114.stdout:/usr/bin/ceph: stderr
2024-04-23T10:17:49.497+0000 7f35db7fe700 1 --2- 172.21.15.114:0/1531179744 >> [v2:172.21.15.114:6800/465333808,v1:172.21.15.114:6801/465333808] conn(0x7f35c40395b0 0x7f35c403ba70 unknown :-1 s=BANNER_CONNECTING pgs=0 cs=0 l=1 rev1=0 crypto rx=0 tx=0 comp rx=0 tx=0)._handle_peer_banner_payload supported=3 required=0
2024-04-23T10:17:50.678 INFO:teuthology.orchestra.run.smithi114.stdout:/usr/bin/ceph: stderr
2024-04-23T10:17:49.497+0000 7f35e238c700 1 -- 172.21.15.114:0/1531179744 --> [v2:172.21.15.114:3300/0,v1:172.21.15.114:6789/0] -- mon_command({"prefix": "get_command_descriptions"} v 0) -- 0x7f35dc0640a0 con 0x7f35dc106810
2024-04-23T10:17:50.678 INFO:teuthology.orchestra.run.smithi114.stdout:/usr/bin/ceph: stderr
2024-04-23T10:17:49.497+0000 7f35db7fe700 1 --2- 172.21.15.114:0/1531179744 >> [v2:172.21.15.114:6800/465333808,v1:172.21.15.114:6801/465333808] conn(0x7f35c40395b0 0x7f35c403ba70 secure :-1 s=READY pgs=8 cs=0 l=1 rev1=1 crypto rx=0x7f35d0006fd0 tx=0x7f35d0006e40 comp rx=0 tx=0).ready entity=mgr.14152 client_cookie=0 server_cookie=0 in_seq=0 out_seq=0
2024-04-23T10:17:50.678 INFO:teuthology.orchestra.run.smithi114.stdout:/usr/bin/ceph: stderr
2024-04-23T10:17:49.505+0000 7f35d97fa700 1 -- 172.21.15.114:0/1531179744 <== mon.0 v2:172.21.15.114:3300/0 6 ==== mon_command_ack([{"prefix": "get_command_descriptions"}]=0 v0) ==== 72+0+188370 (secure 0 0 0) 0x7f35cc01f030 con 0x7f35dc106810
2024-04-23T10:17:50.678 INFO:teuthology.orchestra.run.smithi114.stdout:/usr/bin/ceph: stderr
2024-04-23T10:17:49.721+0000 7f35e238c700 1 -- 172.21.15.114:0/1531179744 --> [v2:172.21.15.114:6800/465333808,v1:172.21.15.114:6801/465333808] -- mgr_command(tid 0: {"prefix": "dashboard ac-user-create", "username": "admin", "rolename": "administrator", "force_password": true, "pwd_update_required": true, "target": ["mon-mgr", ""]}) -- 0x7f35dc103350 con 0x7f35c40395b0
2024-04-23T10:17:50.678 INFO:teuthology.orchestra.run.smithi114.stdout:/usr/bin/ceph: stderr
2024-04-23T10:17:49.948+0000 7f35d97fa700 1 -- 172.21.15.114:0/1531179744 <== mgr.14152 v2:172.21.15.114:6800/465333808 1 ==== mgr_command_reply(tid 0: 0 ) ==== 8+0+252 (secure 0 0 0) 0x7f35dc103350 con 0x7f35c40395b0
2024-04-23T10:17:50.678 INFO:teuthology.orchestra.run.smithi114.stdout:/usr/bin/ceph: stderr
2024-04-23T10:17:49.950+0000 7f35e238c700 1 -- 172.21.15.114:0/1531179744 >> [v2:172.21.15.114:6800/465333808,v1:172.21.15.114:6801/465333808] conn(0x7f35c40395b0 msgr2=0x7f35c403ba70 secure :-1 s=STATE_CONNECTION_ESTABLISHED l=1).mark_down
2024-04-23T10:17:50.678 INFO:teuthology.orchestra.run.smithi114.stdout:/usr/bin/ceph: stderr
2024-04-23T10:17:49.950+0000 7f35e238c700 1 --2- 172.21.15.114:0/1531179744 >> [v2:172.21.15.114:6800/465333808,v1:172.21.15.114:6801/465333808] conn(0x7f35c40395b0 0x7f35c403ba70 secure :-1 s=READY pgs=8 cs=0 l=1 rev1=1 crypto rx=0x7f35d0006fd0 tx=0x7f35d0006e40 comp rx=0 tx=0).stop
2024-04-23T10:17:50.678 INFO:teuthology.orchestra.run.smithi114.stdout:/usr/bin/ceph: stderr
2024-04-23T10:17:49.950+0000 7f35e238c700 1 -- 172.21.15.114:0/1531179744 >> [v2:172.21.15.114:3300/0,v1:172.21.15.114:6789/0] conn(0x7f35dc106810 msgr2=0x7f35dc19c400 secure :-1 s=STATE_CONNECTION_ESTABLISHED l=1).mark_down
2024-04-23T10:17:50.678 INFO:teuthology.orchestra.run.smithi114.stdout:/usr/bin/ceph: stderr
2024-04-23T10:17:49.950+0000 7f35e238c700 1 --2- 172.21.15.114:0/1531179744 >> [v2:172.21.15.114:3300/0,v1:172.21.15.114:6789/0] conn(0x7f35dc106810 0x7f35dc19c400 secure :-1 s=READY pgs=73 cs=0 l=1 rev1=1 crypto rx=0x7f35cc0116e0 tx=0x7f35cc011aa0 comp rx=0 tx=0).stop
2024-04-23T10:17:50.678 INFO:teuthology.orchestra.run.smithi114.stdout:/usr/bin/ceph: stderr
2024-04-23T10:17:49.950+0000 7f35e238c700 1 -- 172.21.15.114:0/1531179744 shutdown_connections
2024-04-23T10:17:50.678 INFO:teuthology.orchestra.run.smithi114.stdout:/usr/bin/ceph: stderr
2024-04-23T10:17:49.950+0000 7f35e238c700 1 --2- 172.21.15.114:0/1531179744 >> [v2:172.21.15.114:6800/465333808,v1:172.21.15.114:6801/465333808] conn(0x7f35c40395b0 0x7f35c403ba70 unknown :-1 s=CLOSED pgs=8 cs=0 l=1 rev1=1 crypto rx=0 tx=0 comp rx=0 tx=0).stop
2024-04-23T10:17:50.678 INFO:teuthology.orchestra.run.smithi114.stdout:/usr/bin/ceph: stderr
2024-04-23T10:17:49.950+0000 7f35e238c700 1 --2- 172.21.15.114:0/1531179744 >> [v2:172.21.15.114:3300/0,v1:172.21.15.114:6789/0] conn(0x7f35dc106810 0x7f35dc19c400 unknown :-1 s=CLOSED pgs=73 cs=0 l=1 rev1=1 crypto rx=0 tx=0 comp rx=0 tx=0).stop
2024-04-23T10:17:50.679 INFO:teuthology.orchestra.run.smithi114.stdout:/usr/bin/ceph: stderr
2024-04-23T10:17:49.950+0000 7f35e238c700 1 -- 172.21.15.114:0/1531179744 >> 172.21.15.114:0/1531179744 conn(0x7f35dc102150 msgr2=0x7f35dc102c40 unknown :-1 s=STATE_NONE l=0).mark_down
2024-04-23T10:17:50.679 INFO:teuthology.orchestra.run.smithi114.stdout:/usr/bin/ceph: stderr
2024-04-23T10:17:49.951+0000 7f35e238c700 1 -- 172.21.15.114:0/1531179744 shutdown_connections
2024-04-23T10:17:50.679 INFO:teuthology.orchestra.run.smithi114.stdout:/usr/bin/ceph: stderr
2024-04-23T10:17:49.951+0000 7f35e238c700 1 -- 172.21.15.114:0/1531179744 wait complete.
2024-04-23T10:17:50.679 INFO:teuthology.orchestra.run.smithi114.stdout:Fetching dashboard port number...
2024-04-23T10:17:51.254 INFO:journalctl@ceph.mon.a.smithi114.stdout:Apr 23 10:17:50 smithi114 ceph-mon[29255]: from='client.14166 -' entity='client.admin' cmd=[{"prefix": "dashboard ac-user-create", "username": "admin", "rolename": "administrator", "force_password": true, "pwd_update_required": true, "target": ["mon-mgr", ""]}]: dispatch
2024-04-23T10:17:51.254 INFO:journalctl@ceph.mon.a.smithi114.stdout:Apr 23 10:17:50 smithi114 ceph-mon[29255]: from='mgr.14152 172.21.15.114:0/1529706138' entity='mgr.x'
2024-04-23T10:17:52.051 INFO:teuthology.orchestra.run.smithi114.stdout:/usr/bin/ceph: stdout 8443
2024-04-23T10:17:52.051 INFO:teuthology.orchestra.run.smithi114.stdout:/usr/bin/ceph: stderr
2024-04-23T10:17:51.104+0000 7fed0fc69700 1 Processor -- start
2024-04-23T10:17:52.051 INFO:teuthology.orchestra.run.smithi114.stdout:/usr/bin/ceph: stderr
2024-04-23T10:17:51.104+0000 7fed0fc69700 1 -- start start
2024-04-23T10:17:52.051 INFO:teuthology.orchestra.run.smithi114.stdout:/usr/bin/ceph: stderr
2024-04-23T10:17:51.104+0000 7fed0fc69700 1 --2- >> [v2:172.21.15.114:3300/0,v1:172.21.15.114:6789/0] conn(0x7fed08108fb0 0x7fed0810b3a0 unknown :-1 s=NONE pgs=0 cs=0 l=0 rev1=0 crypto rx=0 tx=0 comp rx=0 tx=0).connect
2024-04-23T10:17:52.051 INFO:teuthology.orchestra.run.smithi114.stdout:/usr/bin/ceph: stderr
2024-04-23T10:17:51.104+0000 7fed0fc69700 1 -- --> [v2:172.21.15.114:3300/0,v1:172.21.15.114:6789/0] -- mon_getmap magic: 0 -- 0x7fed08063d60 con 0x7fed08108fb0
2024-04-23T10:17:52.051 INFO:teuthology.orchestra.run.smithi114.stdout:/usr/bin/ceph: stderr
2024-04-23T10:17:51.105+0000 7fed0da05700 1 --2- >> [v2:172.21.15.114:3300/0,v1:172.21.15.114:6789/0] conn(0x7fed08108fb0 0x7fed0810b3a0 unknown :-1 s=BANNER_CONNECTING pgs=0 cs=0 l=0 rev1=0 crypto rx=0 tx=0 comp rx=0 tx=0)._handle_peer_banner_payload supported=3 required=0
2024-04-23T10:17:52.051 INFO:teuthology.orchestra.run.smithi114.stdout:/usr/bin/ceph: stderr
2024-04-23T10:17:51.105+0000 7fed0da05700 1 --2- >> [v2:172.21.15.114:3300/0,v1:172.21.15.114:6789/0] conn(0x7fed08108fb0 0x7fed0810b3a0 unknown :-1 s=HELLO_CONNECTING pgs=0 cs=0 l=0 rev1=1 crypto rx=0 tx=0 comp rx=0 tx=0).handle_hello peer v2:172.21.15.114:3300/0 says I am v2:172.21.15.114:44824/0 (socket says 172.21.15.114:44824)
2024-04-23T10:17:52.051 INFO:teuthology.orchestra.run.smithi114.stdout:/usr/bin/ceph: stderr
2024-04-23T10:17:51.105+0000 7fed0da05700 1 -- 172.21.15.114:0/2578102467 learned_addr learned my addr 172.21.15.114:0/2578102467 (peer_addr_for_me v2:172.21.15.114:0/0)
2024-04-23T10:17:52.051 INFO:teuthology.orchestra.run.smithi114.stdout:/usr/bin/ceph: stderr
2024-04-23T10:17:51.105+0000 7fed0da05700 1 -- 172.21.15.114:0/2578102467 --> [v2:172.21.15.114:3300/0,v1:172.21.15.114:6789/0] -- mon_subscribe({config=0+,monmap=0+}) -- 0x7fed0810b8e0 con 0x7fed08108fb0
2024-04-23T10:17:52.051 INFO:teuthology.orchestra.run.smithi114.stdout:/usr/bin/ceph: stderr
2024-04-23T10:17:51.105+0000 7fed0da05700 1 --2- 172.21.15.114:0/2578102467 >> [v2:172.21.15.114:3300/0,v1:172.21.15.114:6789/0] conn(0x7fed08108fb0 0x7fed0810b3a0 secure :-1 s=READY pgs=74 cs=0 l=1 rev1=1 crypto rx=0x7fed040098a0 tx=0x7fed04009bb0 comp rx=0 tx=0).ready entity=mon.0 client_cookie=46066139819c247 server_cookie=0 in_seq=0 out_seq=0
2024-04-23T10:17:52.052 INFO:teuthology.orchestra.run.smithi114.stdout:/usr/bin/ceph: stderr
2024-04-23T10:17:51.105+0000 7fed0ca03700 1 -- 172.21.15.114:0/2578102467 <== mon.0 v2:172.21.15.114:3300/0 1 ==== mon_map magic: 0 ==== 205+0+0 (secure 0 0 0) 0x7fed04004160 con 0x7fed08108fb0
2024-04-23T10:17:52.052 INFO:teuthology.orchestra.run.smithi114.stdout:/usr/bin/ceph: stderr
2024-04-23T10:17:51.105+0000 7fed0ca03700 1 -- 172.21.15.114:0/2578102467 <== mon.0 v2:172.21.15.114:3300/0 2 ==== config(26 keys) ==== 1101+0+0 (secure 0 0 0) 0x7fed04004300 con 0x7fed08108fb0
2024-04-23T10:17:52.052 INFO:teuthology.orchestra.run.smithi114.stdout:/usr/bin/ceph: stderr
2024-04-23T10:17:51.105+0000 7fed0ca03700 1 -- 172.21.15.114:0/2578102467 <== mon.0 v2:172.21.15.114:3300/0 3 ==== mon_map magic: 0 ==== 205+0+0 (secure 0 0 0) 0x7fed04011a20 con 0x7fed08108fb0
2024-04-23T10:17:52.052 INFO:teuthology.orchestra.run.smithi114.stdout:/usr/bin/ceph: stderr
2024-04-23T10:17:51.106+0000 7fed0fc69700 1 -- 172.21.15.114:0/2578102467 >> [v2:172.21.15.114:3300/0,v1:172.21.15.114:6789/0] conn(0x7fed08108fb0 msgr2=0x7fed0810b3a0 secure :-1 s=STATE_CONNECTION_ESTABLISHED l=1).mark_down
2024-04-23T10:17:52.052 INFO:teuthology.orchestra.run.smithi114.stdout:/usr/bin/ceph: stderr
2024-04-23T10:17:51.106+0000 7fed0fc69700 1 --2- 172.21.15.114:0/2578102467 >> [v2:172.21.15.114:3300/0,v1:172.21.15.114:6789/0] conn(0x7fed08108fb0 0x7fed0810b3a0 secure :-1 s=READY pgs=74 cs=0 l=1 rev1=1 crypto rx=0x7fed040098a0 tx=0x7fed04009bb0 comp rx=0 tx=0).stop
2024-04-23T10:17:52.052 INFO:teuthology.orchestra.run.smithi114.stdout:/usr/bin/ceph: stderr
2024-04-23T10:17:51.106+0000 7fed0fc69700 1 -- 172.21.15.114:0/2578102467 shutdown_connections
2024-04-23T10:17:52.052 INFO:teuthology.orchestra.run.smithi114.stdout:/usr/bin/ceph: stderr
2024-04-23T10:17:51.106+0000 7fed0fc69700 1 --2- 172.21.15.114:0/2578102467 >> [v2:172.21.15.114:3300/0,v1:172.21.15.114:6789/0] conn(0x7fed08108fb0 0x7fed0810b3a0 unknown :-1 s=CLOSED pgs=74 cs=0 l=1 rev1=1 crypto rx=0 tx=0 comp rx=0 tx=0).stop
2024-04-23T10:17:52.052 INFO:teuthology.orchestra.run.smithi114.stdout:/usr/bin/ceph: stderr
2024-04-23T10:17:51.106+0000 7fed0fc69700 1 -- 172.21.15.114:0/2578102467 >> 172.21.15.114:0/2578102467 conn(0x7fed08102a40 msgr2=0x7fed08104e60 unknown :-1 s=STATE_NONE l=0).mark_down
2024-04-23T10:17:52.052 INFO:teuthology.orchestra.run.smithi114.stdout:/usr/bin/ceph: stderr
2024-04-23T10:17:51.106+0000 7fed0fc69700 1 -- 172.21.15.114:0/2578102467 shutdown_connections
2024-04-23T10:17:52.052 INFO:teuthology.orchestra.run.smithi114.stdout:/usr/bin/ceph: stderr
2024-04-23T10:17:51.106+0000 7fed0fc69700 1 -- 172.21.15.114:0/2578102467 wait complete.
2024-04-23T10:17:52.052 INFO:teuthology.orchestra.run.smithi114.stdout:/usr/bin/ceph: stderr
2024-04-23T10:17:51.107+0000 7fed0fc69700 1 Processor -- start
2024-04-23T10:17:52.052 INFO:teuthology.orchestra.run.smithi114.stdout:/usr/bin/ceph: stderr
2024-04-23T10:17:51.107+0000 7fed0fc69700 1 -- start start
2024-04-23T10:17:52.052 INFO:teuthology.orchestra.run.smithi114.stdout:/usr/bin/ceph: stderr
2024-04-23T10:17:51.107+0000 7fed0fc69700 1 --2- >> [v2:172.21.15.114:3300/0,v1:172.21.15.114:6789/0] conn(0x7fed08108fb0 0x7fed0819c3b0 unknown :-1 s=NONE pgs=0 cs=0 l=1 rev1=0 crypto rx=0 tx=0 comp rx=0 tx=0).connect
2024-04-23T10:17:52.052 INFO:teuthology.orchestra.run.smithi114.stdout:/usr/bin/ceph: stderr
2024-04-23T10:17:51.107+0000 7fed0fc69700 1 -- --> [v2:172.21.15.114:3300/0,v1:172.21.15.114:6789/0] -- mon_getmap magic: 0 -- 0x7fed0810c8f0 con 0x7fed08108fb0
2024-04-23T10:17:52.053 INFO:teuthology.orchestra.run.smithi114.stdout:/usr/bin/ceph: stderr
2024-04-23T10:17:51.107+0000 7fed0da05700 1 --2- >> [v2:172.21.15.114:3300/0,v1:172.21.15.114:6789/0] conn(0x7fed08108fb0 0x7fed0819c3b0 unknown :-1 s=BANNER_CONNECTING pgs=0 cs=0 l=1 rev1=0 crypto rx=0 tx=0 comp rx=0 tx=0)._handle_peer_banner_payload supported=3 required=0
2024-04-23T10:17:52.053 INFO:teuthology.orchestra.run.smithi114.stdout:/usr/bin/ceph: stderr
2024-04-23T10:17:51.107+0000 7fed0da05700 1 --2- >> [v2:172.21.15.114:3300/0,v1:172.21.15.114:6789/0] conn(0x7fed08108fb0 0x7fed0819c3b0 unknown :-1 s=HELLO_CONNECTING pgs=0 cs=0 l=1 rev1=1 crypto rx=0 tx=0 comp rx=0 tx=0).handle_hello peer v2:172.21.15.114:3300/0 says I am v2:172.21.15.114:44836/0 (socket says 172.21.15.114:44836)
2024-04-23T10:17:52.053 INFO:teuthology.orchestra.run.smithi114.stdout:/usr/bin/ceph: stderr
2024-04-23T10:17:51.107+0000 7fed0da05700 1 -- 172.21.15.114:0/4214499060 learned_addr learned my addr 172.21.15.114:0/4214499060 (peer_addr_for_me v2:172.21.15.114:0/0)
2024-04-23T10:17:52.053 INFO:teuthology.orchestra.run.smithi114.stdout:/usr/bin/ceph: stderr
2024-04-23T10:17:51.107+0000 7fed0da05700 1 -- 172.21.15.114:0/4214499060 --> [v2:172.21.15.114:3300/0,v1:172.21.15.114:6789/0] -- mon_subscribe({config=0+,monmap=0+}) -- 0x7fed0819c8f0 con 0x7fed08108fb0
2024-04-23T10:17:52.053 INFO:teuthology.orchestra.run.smithi114.stdout:/usr/bin/ceph: stderr
2024-04-23T10:17:51.107+0000 7fed0da05700 1 --2- 172.21.15.114:0/4214499060 >> [v2:172.21.15.114:3300/0,v1:172.21.15.114:6789/0] conn(0x7fed08108fb0 0x7fed0819c3b0 secure :-1 s=READY pgs=75 cs=0 l=1 rev1=1 crypto rx=0x7fed040116e0 tx=0x7fed04011aa0 comp rx=0 tx=0).ready entity=mon.0 client_cookie=0 server_cookie=0 in_seq=0 out_seq=0
2024-04-23T10:17:52.053 INFO:teuthology.orchestra.run.smithi114.stdout:/usr/bin/ceph: stderr
2024-04-23T10:17:51.107+0000 7fecfeffd700 1 -- 172.21.15.114:0/4214499060 <== mon.0 v2:172.21.15.114:3300/0 1 ==== mon_map magic: 0 ==== 205+0+0 (secure 0 0 0) 0x7fed04003a60 con 0x7fed08108fb0
2024-04-23T10:17:52.053 INFO:teuthology.orchestra.run.smithi114.stdout:/usr/bin/ceph: stderr
2024-04-23T10:17:51.107+0000 7fecfeffd700 1 -- 172.21.15.114:0/4214499060 <== mon.0 v2:172.21.15.114:3300/0 2 ==== config(26 keys) ==== 1101+0+0 (secure 0 0 0) 0x7fed0401b8f0 con 0x7fed08108fb0
2024-04-23T10:17:52.053 INFO:teuthology.orchestra.run.smithi114.stdout:/usr/bin/ceph: stderr
2024-04-23T10:17:51.107+0000 7fed0fc69700 1 -- 172.21.15.114:0/4214499060 --> [v2:172.21.15.114:3300/0,v1:172.21.15.114:6789/0] -- mon_subscribe({mgrmap=0+}) -- 0x7fed0819cb80 con 0x7fed08108fb0
2024-04-23T10:17:52.053 INFO:teuthology.orchestra.run.smithi114.stdout:/usr/bin/ceph: stderr
2024-04-23T10:17:51.107+0000 7fecfeffd700 1 -- 172.21.15.114:0/4214499060 <== mon.0 v2:172.21.15.114:3300/0 3 ==== mon_map magic: 0 ==== 205+0+0 (secure 0 0 0) 0x7fed04019860 con 0x7fed08108fb0
2024-04-23T10:17:52.053 INFO:teuthology.orchestra.run.smithi114.stdout:/usr/bin/ceph: stderr
2024-04-23T10:17:51.108+0000 7fed0fc69700 1 -- 172.21.15.114:0/4214499060 --> [v2:172.21.15.114:3300/0,v1:172.21.15.114:6789/0] -- mon_subscribe({osdmap=0}) -- 0x7fed0819f870 con 0x7fed08108fb0
2024-04-23T10:17:52.053 INFO:teuthology.orchestra.run.smithi114.stdout:/usr/bin/ceph: stderr
2024-04-23T10:17:51.108+0000 7fecfeffd700 1 -- 172.21.15.114:0/4214499060 <== mon.0 v2:172.21.15.114:3300/0 4 ==== mgrmap(e 12) ==== 46571+0+0 (secure 0 0 0) 0x7fed0401b440 con 0x7fed08108fb0
2024-04-23T10:17:52.053 INFO:teuthology.orchestra.run.smithi114.stdout:/usr/bin/ceph: stderr
2024-04-23T10:17:51.108+0000 7fed0fc69700 1 -- 172.21.15.114:0/4214499060 --> [v2:172.21.15.114:3300/0,v1:172.21.15.114:6789/0] -- mon_command({"prefix": "get_command_descriptions"} v 0) -- 0x7fed080640a0 con 0x7fed08108fb0
2024-04-23T10:17:52.053 INFO:teuthology.orchestra.run.smithi114.stdout:/usr/bin/ceph: stderr
2024-04-23T10:17:51.109+0000 7fecfeffd700 1 --2- 172.21.15.114:0/4214499060 >> [v2:172.21.15.114:6800/465333808,v1:172.21.15.114:6801/465333808] conn(0x7fecf4039610 0x7fecf403bad0 unknown :-1 s=NONE pgs=0 cs=0 l=1 rev1=0 crypto rx=0 tx=0 comp rx=0 tx=0).connect
2024-04-23T10:17:52.053 INFO:teuthology.orchestra.run.smithi114.stdout:/usr/bin/ceph: stderr
2024-04-23T10:17:51.109+0000 7fecfeffd700 1 -- 172.21.15.114:0/4214499060 <== mon.0 v2:172.21.15.114:3300/0 5 ==== osd_map(3..3 src has 1..3) ==== 1155+0+0 (secure 0 0 0) 0x7fed0404ddd0 con 0x7fed08108fb0
2024-04-23T10:17:52.053 INFO:teuthology.orchestra.run.smithi114.stdout:/usr/bin/ceph: stderr
2024-04-23T10:17:51.109+0000 7fed0d204700 1 --2- 172.21.15.114:0/4214499060 >> [v2:172.21.15.114:6800/465333808,v1:172.21.15.114:6801/465333808] conn(0x7fecf4039610 0x7fecf403bad0 unknown :-1 s=BANNER_CONNECTING pgs=0 cs=0 l=1 rev1=0 crypto rx=0 tx=0 comp rx=0 tx=0)._handle_peer_banner_payload supported=3 required=0
2024-04-23T10:17:52.054 INFO:teuthology.orchestra.run.smithi114.stdout:/usr/bin/ceph: stderr
2024-04-23T10:17:51.109+0000 7fed0d204700 1 --2- 172.21.15.114:0/4214499060 >> [v2:172.21.15.114:6800/465333808,v1:172.21.15.114:6801/465333808] conn(0x7fecf4039610 0x7fecf403bad0 secure :-1 s=READY pgs=9 cs=0 l=1 rev1=1 crypto rx=0x7fecf8006fd0 tx=0x7fecf8006e40 comp rx=0 tx=0).ready entity=mgr.14152 client_cookie=0 server_cookie=0 in_seq=0 out_seq=0
2024-04-23T10:17:52.054 INFO:teuthology.orchestra.run.smithi114.stdout:/usr/bin/ceph: stderr
2024-04-23T10:17:51.114+0000 7fecfeffd700 1 -- 172.21.15.114:0/4214499060 <== mon.0 v2:172.21.15.114:3300/0 6 ==== mon_command_ack([{"prefix": "get_command_descriptions"}]=0 v0) ==== 72+0+188370 (secure 0 0 0) 0x7fed04051030 con 0x7fed08108fb0
2024-04-23T10:17:52.054 INFO:teuthology.orchestra.run.smithi114.stdout:/usr/bin/ceph: stderr
2024-04-23T10:17:51.318+0000 7fed0fc69700 1 -- 172.21.15.114:0/4214499060 --> [v2:172.21.15.114:3300/0,v1:172.21.15.114:6789/0] -- mon_command({"prefix": "config get", "who": "mgr", "key": "mgr/dashboard/ssl_server_port"} v 0) -- 0x7fed08107180 con 0x7fed08108fb0
2024-04-23T10:17:52.054 INFO:teuthology.orchestra.run.smithi114.stdout:/usr/bin/ceph: stderr
2024-04-23T10:17:51.318+0000 7fecfeffd700 1 -- 172.21.15.114:0/4214499060 <== mon.0 v2:172.21.15.114:3300/0 7 ==== mon_command_ack([{"prefix": "config get", "who": "mgr", "key": "mgr/dashboard/ssl_server_port"}]=0 v8) ==== 112+0+5 (secure 0 0 0) 0x7fed0401f030 con 0x7fed08108fb0
2024-04-23T10:17:52.054 INFO:teuthology.orchestra.run.smithi114.stdout:/usr/bin/ceph: stderr
2024-04-23T10:17:51.320+0000 7fed0fc69700 1 -- 172.21.15.114:0/4214499060 >> [v2:172.21.15.114:6800/465333808,v1:172.21.15.114:6801/465333808] conn(0x7fecf4039610 msgr2=0x7fecf403bad0 secure :-1 s=STATE_CONNECTION_ESTABLISHED l=1).mark_down
2024-04-23T10:17:52.054 INFO:teuthology.orchestra.run.smithi114.stdout:/usr/bin/ceph: stderr
2024-04-23T10:17:51.320+0000 7fed0fc69700 1 --2- 172.21.15.114:0/4214499060 >> [v2:172.21.15.114:6800/465333808,v1:172.21.15.114:6801/465333808] conn(0x7fecf4039610 0x7fecf403bad0 secure :-1 s=READY pgs=9 cs=0 l=1 rev1=1 crypto rx=0x7fecf8006fd0 tx=0x7fecf8006e40 comp rx=0 tx=0).stop
2024-04-23T10:17:52.054 INFO:teuthology.orchestra.run.smithi114.stdout:/usr/bin/ceph: stderr
2024-04-23T10:17:51.320+0000 7fed0fc69700 1 -- 172.21.15.114:0/4214499060 >> [v2:172.21.15.114:3300/0,v1:172.21.15.114:6789/0] conn(0x7fed08108fb0 msgr2=0x7fed0819c3b0 secure :-1 s=STATE_CONNECTION_ESTABLISHED l=1).mark_down
2024-04-23T10:17:52.054 INFO:teuthology.orchestra.run.smithi114.stdout:/usr/bin/ceph: stderr
2024-04-23T10:17:51.321+0000 7fed0fc69700 1 --2- 172.21.15.114:0/4214499060 >> [v2:172.21.15.114:3300/0,v1:172.21.15.114:6789/0] conn(0x7fed08108fb0 0x7fed0819c3b0 secure :-1 s=READY pgs=75 cs=0 l=1 rev1=1 crypto rx=0x7fed040116e0 tx=0x7fed04011aa0 comp rx=0 tx=0).stop
2024-04-23T10:17:52.054 INFO:teuthology.orchestra.run.smithi114.stdout:/usr/bin/ceph: stderr
2024-04-23T10:17:51.321+0000 7fed0fc69700 1 -- 172.21.15.114:0/4214499060 shutdown_connections
2024-04-23T10:17:52.054 INFO:teuthology.orchestra.run.smithi114.stdout:/usr/bin/ceph: stderr
2024-04-23T10:17:51.321+0000 7fed0fc69700 1 --2- 172.21.15.114:0/4214499060 >> [v2:172.21.15.114:6800/465333808,v1:172.21.15.114:6801/465333808] conn(0x7fecf4039610 0x7fecf403bad0 unknown :-1 s=CLOSED pgs=9 cs=0 l=1 rev1=1 crypto rx=0 tx=0 comp rx=0 tx=0).stop
2024-04-23T10:17:52.054 INFO:teuthology.orchestra.run.smithi114.stdout:/usr/bin/ceph: stderr
2024-04-23T10:17:51.321+0000 7fed0fc69700 1 --2- 172.21.15.114:0/4214499060 >> [v2:172.21.15.114:3300/0,v1:172.21.15.114:6789/0] conn(0x7fed08108fb0 0x7fed0819c3b0 unknown :-1 s=CLOSED pgs=75 cs=0 l=1 rev1=1 crypto rx=0 tx=0 comp rx=0 tx=0).stop
2024-04-23T10:17:52.054 INFO:teuthology.orchestra.run.smithi114.stdout:/usr/bin/ceph: stderr
2024-04-23T10:17:51.321+0000 7fed0fc69700 1 -- 172.21.15.114:0/4214499060 >> 172.21.15.114:0/4214499060 conn(0x7fed08102a40 msgr2=0x7fed08103490 unknown :-1 s=STATE_NONE l=0).mark_down
2024-04-23T10:17:52.054 INFO:teuthology.orchestra.run.smithi114.stdout:/usr/bin/ceph: stderr
2024-04-23T10:17:51.321+0000 7fed0fc69700 1 -- 172.21.15.114:0/4214499060 shutdown_connections
2024-04-23T10:17:52.054 INFO:teuthology.orchestra.run.smithi114.stdout:/usr/bin/ceph: stderr
2024-04-23T10:17:51.321+0000 7fed0fc69700 1 -- 172.21.15.114:0/4214499060 wait complete.
2024-04-23T10:17:52.056 INFO:teuthology.orchestra.run.smithi114.stdout:Non-zero exit code 1 from systemctl is-enabled firewalld.service
2024-04-23T10:17:52.056 INFO:teuthology.orchestra.run.smithi114.stdout:systemctl: stdout disabled
2024-04-23T10:17:52.063 INFO:teuthology.orchestra.run.smithi114.stdout:Non-zero exit code 3 from systemctl is-active firewalld.service
2024-04-23T10:17:52.063 INFO:teuthology.orchestra.run.smithi114.stdout:systemctl: stdout inactive
2024-04-23T10:17:52.063 INFO:teuthology.orchestra.run.smithi114.stdout:firewalld.service is not enabled
2024-04-23T10:17:52.064 INFO:teuthology.orchestra.run.smithi114.stdout:Not possible to open ports <[8443]>. firewalld.service is not available
2024-04-23T10:17:52.065 INFO:teuthology.orchestra.run.smithi114.stdout:Ceph Dashboard is now available at:
2024-04-23T10:17:52.065 INFO:teuthology.orchestra.run.smithi114.stdout:
2024-04-23T10:17:52.065 INFO:teuthology.orchestra.run.smithi114.stdout: URL: https://smithi114:8443/
2024-04-23T10:17:52.065 INFO:teuthology.orchestra.run.smithi114.stdout: User: admin
2024-04-23T10:17:52.065 INFO:teuthology.orchestra.run.smithi114.stdout: Password: pl0hdvli49
2024-04-23T10:17:52.065 INFO:teuthology.orchestra.run.smithi114.stdout:
2024-04-23T10:17:52.066 INFO:teuthology.orchestra.run.smithi114.stdout:Saving cluster configuration to /var/lib/ceph/aa240572-0159-11ef-bc93-c7b262605968/config directory
2024-04-23T10:17:52.066 INFO:teuthology.orchestra.run.smithi114.stdout:Enabling autotune for osd_memory_target
2024-04-23T10:17:52.187 INFO:journalctl@ceph.mon.a.smithi114.stdout:Apr 23 10:17:51 smithi114 ceph-mon[29255]: from='client.? 172.21.15.114:0/4214499060' entity='client.admin' cmd=[{"prefix": "config get", "who": "mgr", "key": "mgr/dashboard/ssl_server_port"}]: dispatch
2024-04-23T10:17:53.254 INFO:journalctl@ceph.mon.a.smithi114.stdout:Apr 23 10:17:52 smithi114 ceph-mon[29255]: mgrmap e13: x(active, since 6s)
2024-04-23T10:17:53.299 INFO:teuthology.orchestra.run.smithi114.stdout:/usr/bin/ceph: stderr
2024-04-23T10:17:52.489+0000 7fe00c831700 1 Processor -- start
2024-04-23T10:17:53.299 INFO:teuthology.orchestra.run.smithi114.stdout:/usr/bin/ceph: stderr
2024-04-23T10:17:52.489+0000 7fe00c831700 1 -- start start
2024-04-23T10:17:53.299 INFO:teuthology.orchestra.run.smithi114.stdout:/usr/bin/ceph: stderr
2024-04-23T10:17:52.489+0000 7fe00c831700 1 --2- >> [v2:172.21.15.114:3300/0,v1:172.21.15.114:6789/0] conn(0x7fe008108530 0x7fe008108950 unknown :-1 s=NONE pgs=0 cs=0 l=0 rev1=0 crypto rx=0 tx=0 comp rx=0 tx=0).connect
2024-04-23T10:17:53.299 INFO:teuthology.orchestra.run.smithi114.stdout:/usr/bin/ceph: stderr
2024-04-23T10:17:52.489+0000 7fe00c831700 1 -- --> [v2:172.21.15.114:3300/0,v1:172.21.15.114:6789/0] -- mon_getmap magic: 0 -- 0x7fe008108f20 con 0x7fe008108530
2024-04-23T10:17:53.299 INFO:teuthology.orchestra.run.smithi114.stdout:/usr/bin/ceph: stderr
2024-04-23T10:17:52.489+0000 7fe00659c700 1 --2- >> [v2:172.21.15.114:3300/0,v1:172.21.15.114:6789/0] conn(0x7fe008108530 0x7fe008108950 unknown :-1 s=BANNER_CONNECTING pgs=0 cs=0 l=0 rev1=0 crypto rx=0 tx=0 comp rx=0 tx=0)._handle_peer_banner_payload supported=3 required=0
2024-04-23T10:17:53.299 INFO:teuthology.orchestra.run.smithi114.stdout:/usr/bin/ceph: stderr
2024-04-23T10:17:52.489+0000 7fe00659c700 1 --2- >> [v2:172.21.15.114:3300/0,v1:172.21.15.114:6789/0] conn(0x7fe008108530 0x7fe008108950 unknown :-1 s=HELLO_CONNECTING pgs=0 cs=0 l=0 rev1=1 crypto rx=0 tx=0 comp rx=0 tx=0).handle_hello peer v2:172.21.15.114:3300/0 says I am v2:172.21.15.114:44848/0 (socket says 172.21.15.114:44848)
2024-04-23T10:17:53.299 INFO:teuthology.orchestra.run.smithi114.stdout:/usr/bin/ceph: stderr
2024-04-23T10:17:52.489+0000 7fe00659c700 1 -- 172.21.15.114:0/606510515 learned_addr learned my addr 172.21.15.114:0/606510515 (peer_addr_for_me v2:172.21.15.114:0/0)
2024-04-23T10:17:53.299 INFO:teuthology.orchestra.run.smithi114.stdout:/usr/bin/ceph: stderr
2024-04-23T10:17:52.490+0000 7fe00659c700 1 -- 172.21.15.114:0/606510515 --> [v2:172.21.15.114:3300/0,v1:172.21.15.114:6789/0] -- mon_subscribe({config=0+,monmap=0+}) -- 0x7fe0081096e0 con 0x7fe008108530
2024-04-23T10:17:53.299 INFO:teuthology.orchestra.run.smithi114.stdout:/usr/bin/ceph: stderr
2024-04-23T10:17:52.490+0000 7fe00659c700 1 --2- 172.21.15.114:0/606510515 >> [v2:172.21.15.114:3300/0,v1:172.21.15.114:6789/0] conn(0x7fe008108530 0x7fe008108950 secure :-1 s=READY pgs=76 cs=0 l=1 rev1=1 crypto rx=0x7fdff80098a0 tx=0x7fdff8009bb0 comp rx=0 tx=0).ready entity=mon.0 client_cookie=cc006feb3168fcac server_cookie=0 in_seq=0 out_seq=0
2024-04-23T10:17:53.299 INFO:teuthology.orchestra.run.smithi114.stdout:/usr/bin/ceph: stderr
2024-04-23T10:17:52.490+0000 7fe00559a700 1 -- 172.21.15.114:0/606510515 <== mon.0 v2:172.21.15.114:3300/0 1 ==== mon_map magic: 0 ==== 205+0+0 (secure 0 0 0) 0x7fdff8004160 con 0x7fe008108530
2024-04-23T10:17:53.300 INFO:teuthology.orchestra.run.smithi114.stdout:/usr/bin/ceph: stderr
2024-04-23T10:17:52.490+0000 7fe00559a700 1 -- 172.21.15.114:0/606510515 <== mon.0 v2:172.21.15.114:3300/0 2 ==== config(26 keys) ==== 1101+0+0 (secure 0 0 0) 0x7fdff8004300 con 0x7fe008108530
2024-04-23T10:17:53.300 INFO:teuthology.orchestra.run.smithi114.stdout:/usr/bin/ceph: stderr
2024-04-23T10:17:52.490+0000 7fe00559a700 1 -- 172.21.15.114:0/606510515 <== mon.0 v2:172.21.15.114:3300/0 3 ==== mon_map magic: 0 ==== 205+0+0 (secure 0 0 0) 0x7fdff8011a20 con 0x7fe008108530
2024-04-23T10:17:53.300 INFO:teuthology.orchestra.run.smithi114.stdout:/usr/bin/ceph: stderr
2024-04-23T10:17:52.491+0000 7fe00c831700 1 -- 172.21.15.114:0/606510515 >> [v2:172.21.15.114:3300/0,v1:172.21.15.114:6789/0] conn(0x7fe008108530 msgr2=0x7fe008108950 secure :-1 s=STATE_CONNECTION_ESTABLISHED l=1).mark_down
2024-04-23T10:17:53.300 INFO:teuthology.orchestra.run.smithi114.stdout:/usr/bin/ceph: stderr
2024-04-23T10:17:52.491+0000 7fe00c831700 1 --2- 172.21.15.114:0/606510515 >> [v2:172.21.15.114:3300/0,v1:172.21.15.114:6789/0] conn(0x7fe008108530 0x7fe008108950 secure :-1 s=READY pgs=76 cs=0 l=1 rev1=1 crypto rx=0x7fdff80098a0 tx=0x7fdff8009bb0 comp rx=0 tx=0).stop
2024-04-23T10:17:53.300 INFO:teuthology.orchestra.run.smithi114.stdout:/usr/bin/ceph: stderr
2024-04-23T10:17:52.491+0000 7fe00c831700 1 -- 172.21.15.114:0/606510515 shutdown_connections
2024-04-23T10:17:53.300 INFO:teuthology.orchestra.run.smithi114.stdout:/usr/bin/ceph: stderr
2024-04-23T10:17:52.491+0000 7fe00c831700 1 --2- 172.21.15.114:0/606510515 >> [v2:172.21.15.114:3300/0,v1:172.21.15.114:6789/0] conn(0x7fe008108530 0x7fe008108950 unknown :-1 s=CLOSED pgs=76 cs=0 l=1 rev1=1 crypto rx=0 tx=0 comp rx=0 tx=0).stop
2024-04-23T10:17:53.300 INFO:teuthology.orchestra.run.smithi114.stdout:/usr/bin/ceph: stderr
2024-04-23T10:17:52.491+0000 7fe00c831700 1 -- 172.21.15.114:0/606510515 >> 172.21.15.114:0/606510515 conn(0x7fe008103ab0 msgr2=0x7fe008105f10 unknown :-1 s=STATE_NONE l=0).mark_down
2024-04-23T10:17:53.300 INFO:teuthology.orchestra.run.smithi114.stdout:/usr/bin/ceph: stderr
2024-04-23T10:17:52.491+0000 7fe00c831700 1 -- 172.21.15.114:0/606510515 shutdown_connections
2024-04-23T10:17:53.300 INFO:teuthology.orchestra.run.smithi114.stdout:/usr/bin/ceph: stderr
2024-04-23T10:17:52.491+0000 7fe00c831700 1 -- 172.21.15.114:0/606510515 wait complete.
2024-04-23T10:17:53.300 INFO:teuthology.orchestra.run.smithi114.stdout:/usr/bin/ceph: stderr
2024-04-23T10:17:52.491+0000 7fe00c831700 1 Processor -- start
2024-04-23T10:17:53.300 INFO:teuthology.orchestra.run.smithi114.stdout:/usr/bin/ceph: stderr
2024-04-23T10:17:52.491+0000 7fe00c831700 1 -- start start
2024-04-23T10:17:53.300 INFO:teuthology.orchestra.run.smithi114.stdout:/usr/bin/ceph: stderr
2024-04-23T10:17:52.492+0000 7fe00c831700 1 --2- >> [v2:172.21.15.114:3300/0,v1:172.21.15.114:6789/0] conn(0x7fe008108530 0x7fe00819c470 unknown :-1 s=NONE pgs=0 cs=0 l=1 rev1=0 crypto rx=0 tx=0 comp rx=0 tx=0).connect
2024-04-23T10:17:53.300 INFO:teuthology.orchestra.run.smithi114.stdout:/usr/bin/ceph: stderr
2024-04-23T10:17:52.492+0000 7fe00c831700 1 -- --> [v2:172.21.15.114:3300/0,v1:172.21.15.114:6789/0] -- mon_getmap magic: 0 -- 0x7fe00810ca90 con 0x7fe008108530
2024-04-23T10:17:53.300 INFO:teuthology.orchestra.run.smithi114.stdout:/usr/bin/ceph: stderr
2024-04-23T10:17:52.492+0000 7fe00659c700 1 --2- >> [v2:172.21.15.114:3300/0,v1:172.21.15.114:6789/0] conn(0x7fe008108530 0x7fe00819c470 unknown :-1 s=BANNER_CONNECTING pgs=0 cs=0 l=1 rev1=0 crypto rx=0 tx=0 comp rx=0 tx=0)._handle_peer_banner_payload supported=3 required=0
2024-04-23T10:17:53.300 INFO:teuthology.orchestra.run.smithi114.stdout:/usr/bin/ceph: stderr
2024-04-23T10:17:52.492+0000 7fe00659c700 1 --2- >> [v2:172.21.15.114:3300/0,v1:172.21.15.114:6789/0] conn(0x7fe008108530 0x7fe00819c470 unknown :-1 s=HELLO_CONNECTING pgs=0 cs=0 l=1 rev1=1 crypto rx=0 tx=0 comp rx=0 tx=0).handle_hello peer v2:172.21.15.114:3300/0 says I am v2:172.21.15.114:44864/0 (socket says 172.21.15.114:44864)
2024-04-23T10:17:53.301 INFO:teuthology.orchestra.run.smithi114.stdout:/usr/bin/ceph: stderr
2024-04-23T10:17:52.492+0000 7fe00659c700 1 -- 172.21.15.114:0/2889751091 learned_addr learned my addr 172.21.15.114:0/2889751091 (peer_addr_for_me v2:172.21.15.114:0/0)
2024-04-23T10:17:53.301 INFO:teuthology.orchestra.run.smithi114.stdout:/usr/bin/ceph: stderr
2024-04-23T10:17:52.492+0000 7fe00659c700 1 -- 172.21.15.114:0/2889751091 --> [v2:172.21.15.114:3300/0,v1:172.21.15.114:6789/0] -- mon_subscribe({config=0+,monmap=0+}) -- 0x7fe00819c9b0 con 0x7fe008108530
2024-04-23T10:17:53.301 INFO:teuthology.orchestra.run.smithi114.stdout:/usr/bin/ceph: stderr
2024-04-23T10:17:52.492+0000 7fe00659c700 1 --2- 172.21.15.114:0/2889751091 >> [v2:172.21.15.114:3300/0,v1:172.21.15.114:6789/0] conn(0x7fe008108530 0x7fe00819c470 secure :-1 s=READY pgs=77 cs=0 l=1 rev1=1 crypto rx=0x7fdff8000c00 tx=0x7fdff8011aa0 comp rx=0 tx=0).ready entity=mon.0 client_cookie=0 server_cookie=0 in_seq=0 out_seq=0
2024-04-23T10:17:53.301 INFO:teuthology.orchestra.run.smithi114.stdout:/usr/bin/ceph: stderr
2024-04-23T10:17:52.492+0000 7fdff77fe700 1 -- 172.21.15.114:0/2889751091 <== mon.0 v2:172.21.15.114:3300/0 1 ==== mon_map magic: 0 ==== 205+0+0 (secure 0 0 0) 0x7fdff8003aa0 con 0x7fe008108530
2024-04-23T10:17:53.301 INFO:teuthology.orchestra.run.smithi114.stdout:/usr/bin/ceph: stderr
2024-04-23T10:17:52.492+0000 7fdff77fe700 1 -- 172.21.15.114:0/2889751091 <== mon.0 v2:172.21.15.114:3300/0 2 ==== config(26 keys) ==== 1101+0+0 (secure 0 0 0) 0x7fdff801b8f0 con 0x7fe008108530
2024-04-23T10:17:53.301 INFO:teuthology.orchestra.run.smithi114.stdout:/usr/bin/ceph: stderr
2024-04-23T10:17:52.492+0000 7fe00c831700 1 -- 172.21.15.114:0/2889751091 --> [v2:172.21.15.114:3300/0,v1:172.21.15.114:6789/0] -- mon_subscribe({mgrmap=0+}) -- 0x7fe00819cc40 con 0x7fe008108530
2024-04-23T10:17:53.301 INFO:teuthology.orchestra.run.smithi114.stdout:/usr/bin/ceph: stderr
2024-04-23T10:17:52.492+0000 7fdff77fe700 1 -- 172.21.15.114:0/2889751091 <== mon.0 v2:172.21.15.114:3300/0 3 ==== mon_map magic: 0 ==== 205+0+0 (secure 0 0 0) 0x7fdff8023890 con 0x7fe008108530
2024-04-23T10:17:53.301 INFO:teuthology.orchestra.run.smithi114.stdout:/usr/bin/ceph: stderr
2024-04-23T10:17:52.492+0000 7fe00c831700 1 -- 172.21.15.114:0/2889751091 --> [v2:172.21.15.114:3300/0,v1:172.21.15.114:6789/0] -- mon_subscribe({osdmap=0}) -- 0x7fe00819f930 con 0x7fe008108530
2024-04-23T10:17:53.301 INFO:teuthology.orchestra.run.smithi114.stdout:/usr/bin/ceph: stderr
2024-04-23T10:17:52.493+0000 7fdff77fe700 1 -- 172.21.15.114:0/2889751091 <== mon.0 v2:172.21.15.114:3300/0 4 ==== mgrmap(e 13) ==== 46615+0+0 (secure 0 0 0) 0x7fdff802c3f0 con 0x7fe008108530
2024-04-23T10:17:53.301 INFO:teuthology.orchestra.run.smithi114.stdout:/usr/bin/ceph: stderr
2024-04-23T10:17:52.493+0000 7fdff77fe700 1 --2- 172.21.15.114:0/2889751091 >> [v2:172.21.15.114:6800/465333808,v1:172.21.15.114:6801/465333808] conn(0x7fdff00396a0 0x7fdff003bb60 unknown :-1 s=NONE pgs=0 cs=0 l=1 rev1=0 crypto rx=0 tx=0 comp rx=0 tx=0).connect
2024-04-23T10:17:53.301 INFO:teuthology.orchestra.run.smithi114.stdout:/usr/bin/ceph: stderr
2024-04-23T10:17:52.493+0000 7fdff77fe700 1 -- 172.21.15.114:0/2889751091 <== mon.0 v2:172.21.15.114:3300/0 5 ==== osd_map(3..3 src has 1..3) ==== 1155+0+0 (secure 0 0 0) 0x7fdff804e370 con 0x7fe008108530
2024-04-23T10:17:53.301 INFO:teuthology.orchestra.run.smithi114.stdout:/usr/bin/ceph: stderr
2024-04-23T10:17:52.493+0000 7fe005d9b700 1 --2- 172.21.15.114:0/2889751091 >> [v2:172.21.15.114:6800/465333808,v1:172.21.15.114:6801/465333808] conn(0x7fdff00396a0 0x7fdff003bb60 unknown :-1 s=BANNER_CONNECTING pgs=0 cs=0 l=1 rev1=0 crypto rx=0 tx=0 comp rx=0 tx=0)._handle_peer_banner_payload supported=3 required=0
2024-04-23T10:17:53.301 INFO:teuthology.orchestra.run.smithi114.stdout:/usr/bin/ceph: stderr
2024-04-23T10:17:52.493+0000 7fe00c831700 1 -- 172.21.15.114:0/2889751091 --> [v2:172.21.15.114:3300/0,v1:172.21.15.114:6789/0] -- mon_command({"prefix": "get_command_descriptions"} v 0) -- 0x7fe0080640a0 con 0x7fe008108530
2024-04-23T10:17:53.301 INFO:teuthology.orchestra.run.smithi114.stdout:/usr/bin/ceph: stderr
2024-04-23T10:17:52.494+0000 7fe005d9b700 1 --2- 172.21.15.114:0/2889751091 >> [v2:172.21.15.114:6800/465333808,v1:172.21.15.114:6801/465333808] conn(0x7fdff00396a0 0x7fdff003bb60 secure :-1 s=READY pgs=10 cs=0 l=1 rev1=1 crypto rx=0x7fdffc006fd0 tx=0x7fdffc006e40 comp rx=0 tx=0).ready entity=mgr.14152 client_cookie=0 server_cookie=0 in_seq=0 out_seq=0
2024-04-23T10:17:53.302 INFO:teuthology.orchestra.run.smithi114.stdout:/usr/bin/ceph: stderr
2024-04-23T10:17:52.498+0000 7fdff77fe700 1 -- 172.21.15.114:0/2889751091 <== mon.0 v2:172.21.15.114:3300/0 6 ==== mon_command_ack([{"prefix": "get_command_descriptions"}]=0 v0) ==== 72+0+188370 (secure 0 0 0) 0x7fdff801f030 con 0x7fe008108530
2024-04-23T10:17:53.302 INFO:teuthology.orchestra.run.smithi114.stdout:/usr/bin/ceph: stderr
2024-04-23T10:17:52.696+0000 7fe00c831700 1 -- 172.21.15.114:0/2889751091 --> [v2:172.21.15.114:3300/0,v1:172.21.15.114:6789/0] -- mon_command([{prefix=config set, name=osd_memory_target_autotune}] v 0) -- 0x7fe00819fdc0 con 0x7fe008108530
2024-04-23T10:17:53.302 INFO:teuthology.orchestra.run.smithi114.stdout:/usr/bin/ceph: stderr
2024-04-23T10:17:52.697+0000 7fdff77fe700 1 -- 172.21.15.114:0/2889751091 <== mon.0 v2:172.21.15.114:3300/0 7 ==== mon_command_ack([{prefix=config set, name=osd_memory_target_autotune}]=0 v8)=0 v8) ==== 127+0+0 (secure 0 0 0) 0x7fdff80105e0 con 0x7fe008108530
2024-04-23T10:17:53.302 INFO:teuthology.orchestra.run.smithi114.stdout:/usr/bin/ceph: stderr
2024-04-23T10:17:52.698+0000 7fe00c831700 1 -- 172.21.15.114:0/2889751091 >> [v2:172.21.15.114:6800/465333808,v1:172.21.15.114:6801/465333808] conn(0x7fdff00396a0 msgr2=0x7fdff003bb60 secure :-1 s=STATE_CONNECTION_ESTABLISHED l=1).mark_down
2024-04-23T10:17:53.302 INFO:teuthology.orchestra.run.smithi114.stdout:/usr/bin/ceph: stderr
2024-04-23T10:17:52.698+0000 7fe00c831700 1 --2- 172.21.15.114:0/2889751091 >> [v2:172.21.15.114:6800/465333808,v1:172.21.15.114:6801/465333808] conn(0x7fdff00396a0 0x7fdff003bb60 secure :-1 s=READY pgs=10 cs=0 l=1 rev1=1 crypto rx=0x7fdffc006fd0 tx=0x7fdffc006e40 comp rx=0 tx=0).stop
2024-04-23T10:17:53.302 INFO:teuthology.orchestra.run.smithi114.stdout:/usr/bin/ceph: stderr
2024-04-23T10:17:52.699+0000 7fe00c831700 1 -- 172.21.15.114:0/2889751091 >> [v2:172.21.15.114:3300/0,v1:172.21.15.114:6789/0] conn(0x7fe008108530 msgr2=0x7fe00819c470 secure :-1 s=STATE_CONNECTION_ESTABLISHED l=1).mark_down
2024-04-23T10:17:53.302 INFO:teuthology.orchestra.run.smithi114.stdout:/usr/bin/ceph: stderr
2024-04-23T10:17:52.699+0000 7fe00c831700 1 --2- 172.21.15.114:0/2889751091 >> [v2:172.21.15.114:3300/0,v1:172.21.15.114:6789/0] conn(0x7fe008108530 0x7fe00819c470 secure :-1 s=READY pgs=77 cs=0 l=1 rev1=1 crypto rx=0x7fdff8000c00 tx=0x7fdff8011aa0 comp rx=0 tx=0).stop
2024-04-23T10:17:53.302 INFO:teuthology.orchestra.run.smithi114.stdout:/usr/bin/ceph: stderr
2024-04-23T10:17:52.699+0000 7fe00c831700 1 -- 172.21.15.114:0/2889751091 shutdown_connections
2024-04-23T10:17:53.302 INFO:teuthology.orchestra.run.smithi114.stdout:/usr/bin/ceph: stderr
2024-04-23T10:17:52.699+0000 7fe00c831700 1 --2- 172.21.15.114:0/2889751091 >> [v2:172.21.15.114:6800/465333808,v1:172.21.15.114:6801/465333808] conn(0x7fdff00396a0 0x7fdff003bb60 unknown :-1 s=CLOSED pgs=10 cs=0 l=1 rev1=1 crypto rx=0 tx=0 comp rx=0 tx=0).stop
2024-04-23T10:17:53.302 INFO:teuthology.orchestra.run.smithi114.stdout:/usr/bin/ceph: stderr
2024-04-23T10:17:52.699+0000 7fe00c831700 1 --2- 172.21.15.114:0/2889751091 >> [v2:172.21.15.114:3300/0,v1:172.21.15.114:6789/0] conn(0x7fe008108530 0x7fe00819c470 unknown :-1 s=CLOSED pgs=77 cs=0 l=1 rev1=1 crypto rx=0 tx=0 comp rx=0 tx=0).stop
2024-04-23T10:17:53.302 INFO:teuthology.orchestra.run.smithi114.stdout:/usr/bin/ceph: stderr
2024-04-23T10:17:52.699+0000 7fe00c831700 1 -- 172.21.15.114:0/2889751091 >> 172.21.15.114:0/2889751091 conn(0x7fe008103ab0 msgr2=0x7fe008104650 unknown :-1 s=STATE_NONE l=0).mark_down
2024-04-23T10:17:53.302 INFO:teuthology.orchestra.run.smithi114.stdout:/usr/bin/ceph: stderr
2024-04-23T10:17:52.699+0000 7fe00c831700 1 -- 172.21.15.114:0/2889751091 shutdown_connections
2024-04-23T10:17:53.302 INFO:teuthology.orchestra.run.smithi114.stdout:/usr/bin/ceph: stderr
2024-04-23T10:17:52.699+0000 7fe00c831700 1 -- 172.21.15.114:0/2889751091 wait complete.
2024-04-23T10:17:54.589 INFO:teuthology.orchestra.run.smithi114.stdout:/usr/bin/ceph: stderr
2024-04-23T10:17:53.706+0000 7f60f07a2700 1 Processor -- start
2024-04-23T10:17:54.589 INFO:teuthology.orchestra.run.smithi114.stdout:/usr/bin/ceph: stderr
2024-04-23T10:17:53.706+0000 7f60f07a2700 1 -- start start
2024-04-23T10:17:54.589 INFO:teuthology.orchestra.run.smithi114.stdout:/usr/bin/ceph: stderr
2024-04-23T10:17:53.706+0000 7f60f07a2700 1 --2- >> [v2:172.21.15.114:3300/0,v1:172.21.15.114:6789/0] conn(0x7f60e8107440 0x7f60e8107860 unknown :-1 s=NONE pgs=0 cs=0 l=0 rev1=0 crypto rx=0 tx=0 comp rx=0 tx=0).connect
2024-04-23T10:17:54.589 INFO:teuthology.orchestra.run.smithi114.stdout:/usr/bin/ceph: stderr
2024-04-23T10:17:53.706+0000 7f60f07a2700 1 -- --> [v2:172.21.15.114:3300/0,v1:172.21.15.114:6789/0] -- mon_getmap magic: 0 -- 0x7f60e8107e30 con 0x7f60e8107440
2024-04-23T10:17:54.590 INFO:teuthology.orchestra.run.smithi114.stdout:/usr/bin/ceph: stderr
2024-04-23T10:17:53.706+0000 7f60ee53e700 1 --2- >> [v2:172.21.15.114:3300/0,v1:172.21.15.114:6789/0] conn(0x7f60e8107440 0x7f60e8107860 unknown :-1 s=BANNER_CONNECTING pgs=0 cs=0 l=0 rev1=0 crypto rx=0 tx=0 comp rx=0 tx=0)._handle_peer_banner_payload supported=3 required=0
2024-04-23T10:17:54.590 INFO:teuthology.orchestra.run.smithi114.stdout:/usr/bin/ceph: stderr
2024-04-23T10:17:53.706+0000 7f60ee53e700 1 --2- >> [v2:172.21.15.114:3300/0,v1:172.21.15.114:6789/0] conn(0x7f60e8107440 0x7f60e8107860 unknown :-1 s=HELLO_CONNECTING pgs=0 cs=0 l=0 rev1=1 crypto rx=0 tx=0 comp rx=0 tx=0).handle_hello peer v2:172.21.15.114:3300/0 says I am v2:172.21.15.114:44866/0 (socket says 172.21.15.114:44866)
2024-04-23T10:17:54.590 INFO:teuthology.orchestra.run.smithi114.stdout:/usr/bin/ceph: stderr
2024-04-23T10:17:53.706+0000 7f60ee53e700 1 -- 172.21.15.114:0/2269396785 learned_addr learned my addr 172.21.15.114:0/2269396785 (peer_addr_for_me v2:172.21.15.114:0/0)
2024-04-23T10:17:54.590 INFO:teuthology.orchestra.run.smithi114.stdout:/usr/bin/ceph: stderr
2024-04-23T10:17:53.706+0000 7f60ee53e700 1 -- 172.21.15.114:0/2269396785 --> [v2:172.21.15.114:3300/0,v1:172.21.15.114:6789/0] -- mon_subscribe({config=0+,monmap=0+}) -- 0x7f60e8108640 con 0x7f60e8107440
2024-04-23T10:17:54.590 INFO:teuthology.orchestra.run.smithi114.stdout:/usr/bin/ceph: stderr
2024-04-23T10:17:53.706+0000 7f60ee53e700 1 --2- 172.21.15.114:0/2269396785 >> [v2:172.21.15.114:3300/0,v1:172.21.15.114:6789/0] conn(0x7f60e8107440 0x7f60e8107860 secure :-1 s=READY pgs=78 cs=0 l=1 rev1=1 crypto rx=0x7f60d80098a0 tx=0x7f60d8009bb0 comp rx=0 tx=0).ready entity=mon.0 client_cookie=c7595fd1dbe14407 server_cookie=0 in_seq=0 out_seq=0
2024-04-23T10:17:54.590 INFO:teuthology.orchestra.run.smithi114.stdout:/usr/bin/ceph: stderr
2024-04-23T10:17:53.707+0000 7f60ed53c700 1 -- 172.21.15.114:0/2269396785 <== mon.0 v2:172.21.15.114:3300/0 1 ==== mon_map magic: 0 ==== 205+0+0 (secure 0 0 0) 0x7f60d8004160 con 0x7f60e8107440
2024-04-23T10:17:54.590 INFO:teuthology.orchestra.run.smithi114.stdout:/usr/bin/ceph: stderr
2024-04-23T10:17:53.707+0000 7f60ed53c700 1 -- 172.21.15.114:0/2269396785 <== mon.0 v2:172.21.15.114:3300/0 2 ==== config(26 keys) ==== 1101+0+0 (secure 0 0 0) 0x7f60d8004300 con 0x7f60e8107440
2024-04-23T10:17:54.590 INFO:teuthology.orchestra.run.smithi114.stdout:/usr/bin/ceph: stderr
2024-04-23T10:17:53.707+0000 7f60ed53c700 1 -- 172.21.15.114:0/2269396785 <== mon.0 v2:172.21.15.114:3300/0 3 ==== mon_map magic: 0 ==== 205+0+0 (secure 0 0 0) 0x7f60d8011a20 con 0x7f60e8107440
2024-04-23T10:17:54.590 INFO:teuthology.orchestra.run.smithi114.stdout:/usr/bin/ceph: stderr
2024-04-23T10:17:53.707+0000 7f60f07a2700 1 -- 172.21.15.114:0/2269396785 >> [v2:172.21.15.114:3300/0,v1:172.21.15.114:6789/0] conn(0x7f60e8107440 msgr2=0x7f60e8107860 secure :-1 s=STATE_CONNECTION_ESTABLISHED l=1).mark_down
2024-04-23T10:17:54.590 INFO:teuthology.orchestra.run.smithi114.stdout:/usr/bin/ceph: stderr
2024-04-23T10:17:53.707+0000 7f60f07a2700 1 --2- 172.21.15.114:0/2269396785 >> [v2:172.21.15.114:3300/0,v1:172.21.15.114:6789/0] conn(0x7f60e8107440 0x7f60e8107860 secure :-1 s=READY pgs=78 cs=0 l=1 rev1=1 crypto rx=0x7f60d80098a0 tx=0x7f60d8009bb0 comp rx=0 tx=0).stop
2024-04-23T10:17:54.590 INFO:teuthology.orchestra.run.smithi114.stdout:/usr/bin/ceph: stderr
2024-04-23T10:17:53.707+0000 7f60f07a2700 1 -- 172.21.15.114:0/2269396785 shutdown_connections
2024-04-23T10:17:54.590 INFO:teuthology.orchestra.run.smithi114.stdout:/usr/bin/ceph: stderr
2024-04-23T10:17:53.707+0000 7f60f07a2700 1 --2- 172.21.15.114:0/2269396785 >> [v2:172.21.15.114:3300/0,v1:172.21.15.114:6789/0] conn(0x7f60e8107440 0x7f60e8107860 unknown :-1 s=CLOSED pgs=78 cs=0 l=1 rev1=1 crypto rx=0 tx=0 comp rx=0 tx=0).stop
2024-04-23T10:17:54.590 INFO:teuthology.orchestra.run.smithi114.stdout:/usr/bin/ceph: stderr
2024-04-23T10:17:53.707+0000 7f60f07a2700 1 -- 172.21.15.114:0/2269396785 >> 172.21.15.114:0/2269396785 conn(0x7f60e81029e0 msgr2=0x7f60e8104e20 unknown :-1 s=STATE_NONE l=0).mark_down
2024-04-23T10:17:54.591 INFO:teuthology.orchestra.run.smithi114.stdout:/usr/bin/ceph: stderr
2024-04-23T10:17:53.707+0000 7f60f07a2700 1 -- 172.21.15.114:0/2269396785 shutdown_connections
2024-04-23T10:17:54.591 INFO:teuthology.orchestra.run.smithi114.stdout:/usr/bin/ceph: stderr
2024-04-23T10:17:53.707+0000 7f60f07a2700 1 -- 172.21.15.114:0/2269396785 wait complete.
2024-04-23T10:17:54.591 INFO:teuthology.orchestra.run.smithi114.stdout:/usr/bin/ceph: stderr
2024-04-23T10:17:53.708+0000 7f60f07a2700 1 Processor -- start
2024-04-23T10:17:54.591 INFO:teuthology.orchestra.run.smithi114.stdout:/usr/bin/ceph: stderr
2024-04-23T10:17:53.708+0000 7f60f07a2700 1 -- start start
2024-04-23T10:17:54.591 INFO:teuthology.orchestra.run.smithi114.stdout:/usr/bin/ceph: stderr
2024-04-23T10:17:53.708+0000 7f60f07a2700 1 --2- >> [v2:172.21.15.114:3300/0,v1:172.21.15.114:6789/0] conn(0x7f60e8107440 0x7f60e8192560 unknown :-1 s=NONE pgs=0 cs=0 l=1 rev1=0 crypto rx=0 tx=0 comp rx=0 tx=0).connect
2024-04-23T10:17:54.591 INFO:teuthology.orchestra.run.smithi114.stdout:/usr/bin/ceph: stderr
2024-04-23T10:17:53.708+0000 7f60f07a2700 1 -- --> [v2:172.21.15.114:3300/0,v1:172.21.15.114:6789/0] -- mon_getmap magic: 0 -- 0x7f60e810b9f0 con 0x7f60e8107440
2024-04-23T10:17:54.591 INFO:teuthology.orchestra.run.smithi114.stdout:/usr/bin/ceph: stderr
2024-04-23T10:17:53.708+0000 7f60ee53e700 1 --2- >> [v2:172.21.15.114:3300/0,v1:172.21.15.114:6789/0] conn(0x7f60e8107440 0x7f60e8192560 unknown :-1 s=BANNER_CONNECTING pgs=0 cs=0 l=1 rev1=0 crypto rx=0 tx=0 comp rx=0 tx=0)._handle_peer_banner_payload supported=3 required=0
2024-04-23T10:17:54.591 INFO:teuthology.orchestra.run.smithi114.stdout:/usr/bin/ceph: stderr
2024-04-23T10:17:53.708+0000 7f60ee53e700 1 --2- >> [v2:172.21.15.114:3300/0,v1:172.21.15.114:6789/0] conn(0x7f60e8107440 0x7f60e8192560 unknown :-1 s=HELLO_CONNECTING pgs=0 cs=0 l=1 rev1=1 crypto rx=0 tx=0 comp rx=0 tx=0).handle_hello peer v2:172.21.15.114:3300/0 says I am v2:172.21.15.114:44882/0 (socket says 172.21.15.114:44882)
2024-04-23T10:17:54.591 INFO:teuthology.orchestra.run.smithi114.stdout:/usr/bin/ceph: stderr
2024-04-23T10:17:53.708+0000 7f60ee53e700 1 -- 172.21.15.114:0/3546529694 learned_addr learned my addr 172.21.15.114:0/3546529694 (peer_addr_for_me v2:172.21.15.114:0/0)
2024-04-23T10:17:54.591 INFO:teuthology.orchestra.run.smithi114.stdout:/usr/bin/ceph: stderr
2024-04-23T10:17:53.708+0000 7f60ee53e700 1 -- 172.21.15.114:0/3546529694 --> [v2:172.21.15.114:3300/0,v1:172.21.15.114:6789/0] -- mon_subscribe({config=0+,monmap=0+}) -- 0x7f60e8192aa0 con 0x7f60e8107440
2024-04-23T10:17:54.591 INFO:teuthology.orchestra.run.smithi114.stdout:/usr/bin/ceph: stderr
2024-04-23T10:17:53.709+0000 7f60ee53e700 1 --2- 172.21.15.114:0/3546529694 >> [v2:172.21.15.114:3300/0,v1:172.21.15.114:6789/0] conn(0x7f60e8107440 0x7f60e8192560 secure :-1 s=READY pgs=79 cs=0 l=1 rev1=1 crypto rx=0x7f60d80119f0 tx=0x7f60d8011ad0 comp rx=0 tx=0).ready entity=mon.0 client_cookie=0 server_cookie=0 in_seq=0 out_seq=0
2024-04-23T10:17:54.591 INFO:teuthology.orchestra.run.smithi114.stdout:/usr/bin/ceph: stderr
2024-04-23T10:17:53.709+0000 7f60df7fe700 1 -- 172.21.15.114:0/3546529694 <== mon.0 v2:172.21.15.114:3300/0 1 ==== mon_map magic: 0 ==== 205+0+0 (secure 0 0 0) 0x7f60d80039e0 con 0x7f60e8107440
2024-04-23T10:17:54.591 INFO:teuthology.orchestra.run.smithi114.stdout:/usr/bin/ceph: stderr
2024-04-23T10:17:53.709+0000 7f60df7fe700 1 -- 172.21.15.114:0/3546529694 <== mon.0 v2:172.21.15.114:3300/0 2 ==== config(26 keys) ==== 1101+0+0 (secure 0 0 0) 0x7f60d801b8f0 con 0x7f60e8107440
