2024-04-23T10:17:32.307+0000 7f632e67c700 1 -- --> [v2:172.21.15.114:3300/0,v1:172.21.15.114:6789/0] -- mon_getmap magic: 0 -- 0x7f632810cac0 con 0x7f6328108560
2024-04-23T10:17:33.092 INFO:teuthology.orchestra.run.smithi114.stdout:/usr/bin/ceph: stderr
2024-04-23T10:17:32.307+0000 7f6327fff700 1 --2- >> [v2:172.21.15.114:3300/0,v1:172.21.15.114:6789/0] conn(0x7f6328108560 0x7f632819c4f0 unknown :-1 s=BANNER_CONNECTING pgs=0 cs=0 l=1 rev1=0 crypto rx=0 tx=0 comp rx=0 tx=0)._handle_peer_banner_payload supported=3 required=0
2024-04-23T10:17:33.092 INFO:teuthology.orchestra.run.smithi114.stdout:/usr/bin/ceph: stderr
2024-04-23T10:17:32.307+0000 7f6327fff700 1 --2- >> [v2:172.21.15.114:3300/0,v1:172.21.15.114:6789/0] conn(0x7f6328108560 0x7f632819c4f0 unknown :-1 s=HELLO_CONNECTING pgs=0 cs=0 l=1 rev1=1 crypto rx=0 tx=0 comp rx=0 tx=0).handle_hello peer v2:172.21.15.114:3300/0 says I am v2:172.21.15.114:40382/0 (socket says 172.21.15.114:40382)
2024-04-23T10:17:33.093 INFO:teuthology.orchestra.run.smithi114.stdout:/usr/bin/ceph: stderr
2024-04-23T10:17:32.307+0000 7f6327fff700 1 -- 172.21.15.114:0/743717485 learned_addr learned my addr 172.21.15.114:0/743717485 (peer_addr_for_me v2:172.21.15.114:0/0)
2024-04-23T10:17:33.093 INFO:teuthology.orchestra.run.smithi114.stdout:/usr/bin/ceph: stderr
2024-04-23T10:17:32.307+0000 7f6327fff700 1 -- 172.21.15.114:0/743717485 --> [v2:172.21.15.114:3300/0,v1:172.21.15.114:6789/0] -- mon_subscribe({config=0+,monmap=0+}) -- 0x7f632819ca30 con 0x7f6328108560
2024-04-23T10:17:33.093 INFO:teuthology.orchestra.run.smithi114.stdout:/usr/bin/ceph: stderr
2024-04-23T10:17:32.307+0000 7f6327fff700 1 --2- 172.21.15.114:0/743717485 >> [v2:172.21.15.114:3300/0,v1:172.21.15.114:6789/0] conn(0x7f6328108560 0x7f632819c4f0 secure :-1 s=READY pgs=48 cs=0 l=1 rev1=1 crypto rx=0x7f6318009fb0 tx=0x7f6318011940 comp rx=0 tx=0).ready entity=mon.0 client_cookie=0 server_cookie=0 in_seq=0 out_seq=0
2024-04-23T10:17:33.093 INFO:teuthology.orchestra.run.smithi114.stdout:/usr/bin/ceph: stderr
2024-04-23T10:17:32.307+0000 7f63257fa700 1 -- 172.21.15.114:0/743717485 <== mon.0 v2:172.21.15.114:3300/0 1 ==== mon_map magic: 0 ==== 205+0+0 (secure 0 0 0) 0x7f63180036a0 con 0x7f6328108560
2024-04-23T10:17:33.093 INFO:teuthology.orchestra.run.smithi114.stdout:/usr/bin/ceph: stderr
2024-04-23T10:17:32.308+0000 7f63257fa700 1 -- 172.21.15.114:0/743717485 <== mon.0 v2:172.21.15.114:3300/0 2 ==== config(26 keys) ==== 1070+0+0 (secure 0 0 0) 0x7f631801a430 con 0x7f6328108560
2024-04-23T10:17:33.093 INFO:teuthology.orchestra.run.smithi114.stdout:/usr/bin/ceph: stderr
2024-04-23T10:17:32.308+0000 7f632e67c700 1 -- 172.21.15.114:0/743717485 --> [v2:172.21.15.114:3300/0,v1:172.21.15.114:6789/0] -- mon_subscribe({mgrmap=0+}) -- 0x7f632819ccc0 con 0x7f6328108560
2024-04-23T10:17:33.093 INFO:teuthology.orchestra.run.smithi114.stdout:/usr/bin/ceph: stderr
2024-04-23T10:17:32.308+0000 7f632e67c700 1 -- 172.21.15.114:0/743717485 --> [v2:172.21.15.114:3300/0,v1:172.21.15.114:6789/0] -- mon_subscribe({osdmap=0}) -- 0x7f632819f9b0 con 0x7f6328108560
2024-04-23T10:17:33.093 INFO:teuthology.orchestra.run.smithi114.stdout:/usr/bin/ceph: stderr
2024-04-23T10:17:32.308+0000 7f63257fa700 1 -- 172.21.15.114:0/743717485 <== mon.0 v2:172.21.15.114:3300/0 3 ==== mon_map magic: 0 ==== 205+0+0 (secure 0 0 0) 0x7f6318019550 con 0x7f6328108560
2024-04-23T10:17:33.093 INFO:teuthology.orchestra.run.smithi114.stdout:/usr/bin/ceph: stderr
2024-04-23T10:17:32.308+0000 7f63257fa700 1 -- 172.21.15.114:0/743717485 <== mon.0 v2:172.21.15.114:3300/0 4 ==== mgrmap(e 8) ==== 46558+0+0 (secure 0 0 0) 0x7f6318019800 con 0x7f6328108560
2024-04-23T10:17:33.093 INFO:teuthology.orchestra.run.smithi114.stdout:/usr/bin/ceph: stderr
2024-04-23T10:17:32.308+0000 7f632e67c700 1 -- 172.21.15.114:0/743717485 --> [v2:172.21.15.114:3300/0,v1:172.21.15.114:6789/0] -- mon_command({"prefix": "get_command_descriptions"} v 0) -- 0x7f6314005360 con 0x7f6328108560
2024-04-23T10:17:33.094 INFO:teuthology.orchestra.run.smithi114.stdout:/usr/bin/ceph: stderr
2024-04-23T10:17:32.309+0000 7f63257fa700 1 --2- 172.21.15.114:0/743717485 >> [v2:172.21.15.114:6800/1604678557,v1:172.21.15.114:6801/1604678557] conn(0x7f63100395b0 0x7f631003ba70 unknown :-1 s=NONE pgs=0 cs=0 l=1 rev1=0 crypto rx=0 tx=0 comp rx=0 tx=0).connect
2024-04-23T10:17:33.094 INFO:teuthology.orchestra.run.smithi114.stdout:/usr/bin/ceph: stderr
2024-04-23T10:17:32.309+0000 7f63257fa700 1 -- 172.21.15.114:0/743717485 <== mon.0 v2:172.21.15.114:3300/0 5 ==== osd_map(2..2 src has 1..2) ==== 940+0+0 (secure 0 0 0) 0x7f631804d880 con 0x7f6328108560
2024-04-23T10:17:33.094 INFO:teuthology.orchestra.run.smithi114.stdout:/usr/bin/ceph: stderr
2024-04-23T10:17:32.309+0000 7f63277fe700 1 --2- 172.21.15.114:0/743717485 >> [v2:172.21.15.114:6800/1604678557,v1:172.21.15.114:6801/1604678557] conn(0x7f63100395b0 0x7f631003ba70 unknown :-1 s=BANNER_CONNECTING pgs=0 cs=0 l=1 rev1=0 crypto rx=0 tx=0 comp rx=0 tx=0)._handle_peer_banner_payload supported=3 required=0
2024-04-23T10:17:33.094 INFO:teuthology.orchestra.run.smithi114.stdout:/usr/bin/ceph: stderr
2024-04-23T10:17:32.309+0000 7f63277fe700 1 --2- 172.21.15.114:0/743717485 >> [v2:172.21.15.114:6800/1604678557,v1:172.21.15.114:6801/1604678557] conn(0x7f63100395b0 0x7f631003ba70 secure :-1 s=READY pgs=12 cs=0 l=1 rev1=1 crypto rx=0x7f631c006fd0 tx=0x7f631c006e40 comp rx=0 tx=0).ready entity=mgr.14120 client_cookie=0 server_cookie=0 in_seq=0 out_seq=0
2024-04-23T10:17:33.094 INFO:teuthology.orchestra.run.smithi114.stdout:/usr/bin/ceph: stderr
2024-04-23T10:17:32.314+0000 7f63257fa700 1 -- 172.21.15.114:0/743717485 <== mon.0 v2:172.21.15.114:3300/0 6 ==== mon_command_ack([{"prefix": "get_command_descriptions"}]=0 v0) ==== 72+0+188370 (secure 0 0 0) 0x7f6318016dd0 con 0x7f6328108560
2024-04-23T10:17:33.094 INFO:teuthology.orchestra.run.smithi114.stdout:/usr/bin/ceph: stderr
2024-04-23T10:17:32.527+0000 7f632e67c700 1 -- 172.21.15.114:0/743717485 --> [v2:172.21.15.114:6800/1604678557,v1:172.21.15.114:6801/1604678557] -- mgr_command(tid 0: {"prefix": "orch apply", "service_type": "mon", "unmanaged": true, "target": ["mon-mgr", ""]}) -- 0x7f6314000bf0 con 0x7f63100395b0
2024-04-23T10:17:33.094 INFO:teuthology.orchestra.run.smithi114.stdout:/usr/bin/ceph: stderr
2024-04-23T10:17:32.535+0000 7f63257fa700 1 -- 172.21.15.114:0/743717485 <== mgr.14120 v2:172.21.15.114:6800/1604678557 1 ==== mgr_command_reply(tid 0: 0 ) ==== 8+0+24 (secure 0 0 0) 0x7f6314000bf0 con 0x7f63100395b0
2024-04-23T10:17:33.094 INFO:teuthology.orchestra.run.smithi114.stdout:/usr/bin/ceph: stderr
2024-04-23T10:17:32.537+0000 7f632e67c700 1 -- 172.21.15.114:0/743717485 >> [v2:172.21.15.114:6800/1604678557,v1:172.21.15.114:6801/1604678557] conn(0x7f63100395b0 msgr2=0x7f631003ba70 secure :-1 s=STATE_CONNECTION_ESTABLISHED l=1).mark_down
2024-04-23T10:17:33.094 INFO:teuthology.orchestra.run.smithi114.stdout:/usr/bin/ceph: stderr
2024-04-23T10:17:32.537+0000 7f632e67c700 1 --2- 172.21.15.114:0/743717485 >> [v2:172.21.15.114:6800/1604678557,v1:172.21.15.114:6801/1604678557] conn(0x7f63100395b0 0x7f631003ba70 secure :-1 s=READY pgs=12 cs=0 l=1 rev1=1 crypto rx=0x7f631c006fd0 tx=0x7f631c006e40 comp rx=0 tx=0).stop
2024-04-23T10:17:33.094 INFO:teuthology.orchestra.run.smithi114.stdout:/usr/bin/ceph: stderr
2024-04-23T10:17:32.537+0000 7f632e67c700 1 -- 172.21.15.114:0/743717485 >> [v2:172.21.15.114:3300/0,v1:172.21.15.114:6789/0] conn(0x7f6328108560 msgr2=0x7f632819c4f0 secure :-1 s=STATE_CONNECTION_ESTABLISHED l=1).mark_down
2024-04-23T10:17:33.094 INFO:teuthology.orchestra.run.smithi114.stdout:/usr/bin/ceph: stderr
2024-04-23T10:17:32.537+0000 7f632e67c700 1 --2- 172.21.15.114:0/743717485 >> [v2:172.21.15.114:3300/0,v1:172.21.15.114:6789/0] conn(0x7f6328108560 0x7f632819c4f0 secure :-1 s=READY pgs=48 cs=0 l=1 rev1=1 crypto rx=0x7f6318009fb0 tx=0x7f6318011940 comp rx=0 tx=0).stop
2024-04-23T10:17:33.094 INFO:teuthology.orchestra.run.smithi114.stdout:/usr/bin/ceph: stderr
2024-04-23T10:17:32.537+0000 7f632e67c700 1 -- 172.21.15.114:0/743717485 shutdown_connections
2024-04-23T10:17:33.094 INFO:teuthology.orchestra.run.smithi114.stdout:/usr/bin/ceph: stderr
2024-04-23T10:17:32.537+0000 7f632e67c700 1 --2- 172.21.15.114:0/743717485 >> [v2:172.21.15.114:6800/1604678557,v1:172.21.15.114:6801/1604678557] conn(0x7f63100395b0 0x7f631003ba70 unknown :-1 s=CLOSED pgs=12 cs=0 l=1 rev1=1 crypto rx=0 tx=0 comp rx=0 tx=0).stop
2024-04-23T10:17:33.095 INFO:teuthology.orchestra.run.smithi114.stdout:/usr/bin/ceph: stderr
2024-04-23T10:17:32.537+0000 7f632e67c700 1 --2- 172.21.15.114:0/743717485 >> [v2:172.21.15.114:3300/0,v1:172.21.15.114:6789/0] conn(0x7f6328108560 0x7f632819c4f0 unknown :-1 s=CLOSED pgs=48 cs=0 l=1 rev1=1 crypto rx=0 tx=0 comp rx=0 tx=0).stop
2024-04-23T10:17:33.095 INFO:teuthology.orchestra.run.smithi114.stdout:/usr/bin/ceph: stderr
2024-04-23T10:17:32.537+0000 7f632e67c700 1 -- 172.21.15.114:0/743717485 >> 172.21.15.114:0/743717485 conn(0x7f6328103b40 msgr2=0x7f63281046f0 unknown :-1 s=STATE_NONE l=0).mark_down
2024-04-23T10:17:33.095 INFO:teuthology.orchestra.run.smithi114.stdout:/usr/bin/ceph: stderr
2024-04-23T10:17:32.537+0000 7f632e67c700 1 -- 172.21.15.114:0/743717485 shutdown_connections
2024-04-23T10:17:33.095 INFO:teuthology.orchestra.run.smithi114.stdout:/usr/bin/ceph: stderr
2024-04-23T10:17:32.537+0000 7f632e67c700 1 -- 172.21.15.114:0/743717485 wait complete.
2024-04-23T10:17:33.095 INFO:teuthology.orchestra.run.smithi114.stdout:Deploying unmanaged mgr service...
2024-04-23T10:17:33.652 INFO:journalctl@ceph.mon.a.smithi114.stdout:Apr 23 10:17:33 smithi114 ceph-mon[29255]: from='client.14142 -' entity='client.admin' cmd=[{"prefix": "orch apply", "service_type": "mon", "unmanaged": true, "target": ["mon-mgr", ""]}]: dispatch
2024-04-23T10:17:33.652 INFO:journalctl@ceph.mon.a.smithi114.stdout:Apr 23 10:17:33 smithi114 ceph-mon[29255]: Saving service mon spec with placement count:5
2024-04-23T10:17:33.652 INFO:journalctl@ceph.mon.a.smithi114.stdout:Apr 23 10:17:33 smithi114 ceph-mon[29255]: from='mgr.14120 172.21.15.114:0/1448995927' entity='mgr.x'
2024-04-23T10:17:35.070 INFO:journalctl@ceph.mon.a.smithi114.stdout:Apr 23 10:17:35 smithi114 ceph-mon[29255]: from='client.14144 -' entity='client.admin' cmd=[{"prefix": "orch apply", "service_type": "mgr", "unmanaged": true, "target": ["mon-mgr", ""]}]: dispatch
2024-04-23T10:17:35.070 INFO:journalctl@ceph.mon.a.smithi114.stdout:Apr 23 10:17:35 smithi114 ceph-mon[29255]: Saving service mgr spec with placement count:2
2024-04-23T10:17:35.070 INFO:journalctl@ceph.mon.a.smithi114.stdout:Apr 23 10:17:35 smithi114 ceph-mon[29255]: from='mgr.14120 172.21.15.114:0/1448995927' entity='mgr.x'
2024-04-23T10:17:35.070 INFO:journalctl@ceph.mon.a.smithi114.stdout:Apr 23 10:17:35 smithi114 ceph-mon[29255]: from='mgr.14120 172.21.15.114:0/1448995927' entity='mgr.x'
2024-04-23T10:17:35.078 INFO:teuthology.orchestra.run.smithi114.stdout:/usr/bin/ceph: stdout Scheduled mgr update...
2024-04-23T10:17:35.078 INFO:teuthology.orchestra.run.smithi114.stdout:/usr/bin/ceph: stderr
2024-04-23T10:17:33.836+0000 7fce4f87b700 1 Processor -- start
2024-04-23T10:17:35.078 INFO:teuthology.orchestra.run.smithi114.stdout:/usr/bin/ceph: stderr
2024-04-23T10:17:33.836+0000 7fce4f87b700 1 -- start start
2024-04-23T10:17:35.078 INFO:teuthology.orchestra.run.smithi114.stdout:/usr/bin/ceph: stderr
2024-04-23T10:17:33.836+0000 7fce4f87b700 1 --2- >> [v2:172.21.15.114:3300/0,v1:172.21.15.114:6789/0] conn(0x7fce48108ff0 0x7fce4810b3e0 unknown :-1 s=NONE pgs=0 cs=0 l=0 rev1=0 crypto rx=0 tx=0 comp rx=0 tx=0).connect
2024-04-23T10:17:35.078 INFO:teuthology.orchestra.run.smithi114.stdout:/usr/bin/ceph: stderr
2024-04-23T10:17:33.837+0000 7fce4f87b700 1 -- --> [v2:172.21.15.114:3300/0,v1:172.21.15.114:6789/0] -- mon_getmap magic: 0 -- 0x7fce48063d20 con 0x7fce48108ff0
2024-04-23T10:17:35.078 INFO:teuthology.orchestra.run.smithi114.stdout:/usr/bin/ceph: stderr
2024-04-23T10:17:33.837+0000 7fce4d617700 1 --2- >> [v2:172.21.15.114:3300/0,v1:172.21.15.114:6789/0] conn(0x7fce48108ff0 0x7fce4810b3e0 unknown :-1 s=BANNER_CONNECTING pgs=0 cs=0 l=0 rev1=0 crypto rx=0 tx=0 comp rx=0 tx=0)._handle_peer_banner_payload supported=3 required=0
2024-04-23T10:17:35.078 INFO:teuthology.orchestra.run.smithi114.stdout:/usr/bin/ceph: stderr
2024-04-23T10:17:33.837+0000 7fce4d617700 1 --2- >> [v2:172.21.15.114:3300/0,v1:172.21.15.114:6789/0] conn(0x7fce48108ff0 0x7fce4810b3e0 unknown :-1 s=HELLO_CONNECTING pgs=0 cs=0 l=0 rev1=1 crypto rx=0 tx=0 comp rx=0 tx=0).handle_hello peer v2:172.21.15.114:3300/0 says I am v2:172.21.15.114:40384/0 (socket says 172.21.15.114:40384)
2024-04-23T10:17:35.078 INFO:teuthology.orchestra.run.smithi114.stdout:/usr/bin/ceph: stderr
2024-04-23T10:17:33.837+0000 7fce4d617700 1 -- 172.21.15.114:0/1558777287 learned_addr learned my addr 172.21.15.114:0/1558777287 (peer_addr_for_me v2:172.21.15.114:0/0)
2024-04-23T10:17:35.078 INFO:teuthology.orchestra.run.smithi114.stdout:/usr/bin/ceph: stderr
2024-04-23T10:17:33.837+0000 7fce4d617700 1 -- 172.21.15.114:0/1558777287 --> [v2:172.21.15.114:3300/0,v1:172.21.15.114:6789/0] -- mon_subscribe({config=0+,monmap=0+}) -- 0x7fce4810b920 con 0x7fce48108ff0
2024-04-23T10:17:35.078 INFO:teuthology.orchestra.run.smithi114.stdout:/usr/bin/ceph: stderr
2024-04-23T10:17:33.837+0000 7fce4d617700 1 --2- 172.21.15.114:0/1558777287 >> [v2:172.21.15.114:3300/0,v1:172.21.15.114:6789/0] conn(0x7fce48108ff0 0x7fce4810b3e0 secure :-1 s=READY pgs=49 cs=0 l=1 rev1=1 crypto rx=0x7fce44009e80 tx=0x7fce4400b330 comp rx=0 tx=0).ready entity=mon.0 client_cookie=1adf0b22e72c7e55 server_cookie=0 in_seq=0 out_seq=0
2024-04-23T10:17:35.078 INFO:teuthology.orchestra.run.smithi114.stdout:/usr/bin/ceph: stderr
2024-04-23T10:17:33.837+0000 7fce3ffff700 1 -- 172.21.15.114:0/1558777287 <== mon.0 v2:172.21.15.114:3300/0 1 ==== mon_map magic: 0 ==== 205+0+0 (secure 0 0 0) 0x7fce44017070 con 0x7fce48108ff0
2024-04-23T10:17:35.078 INFO:teuthology.orchestra.run.smithi114.stdout:/usr/bin/ceph: stderr
2024-04-23T10:17:33.837+0000 7fce3ffff700 1 -- 172.21.15.114:0/1558777287 <== mon.0 v2:172.21.15.114:3300/0 2 ==== config(26 keys) ==== 1070+0+0 (secure 0 0 0) 0x7fce4400b8c0 con 0x7fce48108ff0
2024-04-23T10:17:35.078 INFO:teuthology.orchestra.run.smithi114.stdout:/usr/bin/ceph: stderr
2024-04-23T10:17:33.837+0000 7fce3ffff700 1 -- 172.21.15.114:0/1558777287 <== mon.0 v2:172.21.15.114:3300/0 3 ==== mon_map magic: 0 ==== 205+0+0 (secure 0 0 0) 0x7fce44004490 con 0x7fce48108ff0
2024-04-23T10:17:35.078 INFO:teuthology.orchestra.run.smithi114.stdout:/usr/bin/ceph: stderr
2024-04-23T10:17:33.838+0000 7fce4f87b700 1 -- 172.21.15.114:0/1558777287 >> [v2:172.21.15.114:3300/0,v1:172.21.15.114:6789/0] conn(0x7fce48108ff0 msgr2=0x7fce4810b3e0 secure :-1 s=STATE_CONNECTION_ESTABLISHED l=1).mark_down
2024-04-23T10:17:35.079 INFO:teuthology.orchestra.run.smithi114.stdout:/usr/bin/ceph: stderr
2024-04-23T10:17:33.838+0000 7fce4f87b700 1 --2- 172.21.15.114:0/1558777287 >> [v2:172.21.15.114:3300/0,v1:172.21.15.114:6789/0] conn(0x7fce48108ff0 0x7fce4810b3e0 secure :-1 s=READY pgs=49 cs=0 l=1 rev1=1 crypto rx=0x7fce44009e80 tx=0x7fce4400b330 comp rx=0 tx=0).stop
2024-04-23T10:17:35.079 INFO:teuthology.orchestra.run.smithi114.stdout:/usr/bin/ceph: stderr
2024-04-23T10:17:33.838+0000 7fce4f87b700 1 -- 172.21.15.114:0/1558777287 shutdown_connections
2024-04-23T10:17:35.079 INFO:teuthology.orchestra.run.smithi114.stdout:/usr/bin/ceph: stderr
2024-04-23T10:17:33.838+0000 7fce4f87b700 1 --2- 172.21.15.114:0/1558777287 >> [v2:172.21.15.114:3300/0,v1:172.21.15.114:6789/0] conn(0x7fce48108ff0 0x7fce4810b3e0 unknown :-1 s=CLOSED pgs=49 cs=0 l=1 rev1=1 crypto rx=0 tx=0 comp rx=0 tx=0).stop
2024-04-23T10:17:35.079 INFO:teuthology.orchestra.run.smithi114.stdout:/usr/bin/ceph: stderr
2024-04-23T10:17:33.838+0000 7fce4f87b700 1 -- 172.21.15.114:0/1558777287 >> 172.21.15.114:0/1558777287 conn(0x7fce48102a40 msgr2=0x7fce48104e60 unknown :-1 s=STATE_NONE l=0).mark_down
2024-04-23T10:17:35.079 INFO:teuthology.orchestra.run.smithi114.stdout:/usr/bin/ceph: stderr
2024-04-23T10:17:33.838+0000 7fce4f87b700 1 -- 172.21.15.114:0/1558777287 shutdown_connections
2024-04-23T10:17:35.079 INFO:teuthology.orchestra.run.smithi114.stdout:/usr/bin/ceph: stderr
2024-04-23T10:17:33.838+0000 7fce4f87b700 1 -- 172.21.15.114:0/1558777287 wait complete.
2024-04-23T10:17:35.079 INFO:teuthology.orchestra.run.smithi114.stdout:/usr/bin/ceph: stderr
2024-04-23T10:17:33.839+0000 7fce4f87b700 1 Processor -- start
2024-04-23T10:17:35.079 INFO:teuthology.orchestra.run.smithi114.stdout:/usr/bin/ceph: stderr
2024-04-23T10:17:33.839+0000 7fce4f87b700 1 -- start start
2024-04-23T10:17:35.079 INFO:teuthology.orchestra.run.smithi114.stdout:/usr/bin/ceph: stderr
2024-04-23T10:17:33.839+0000 7fce4f87b700 1 --2- >> [v2:172.21.15.114:3300/0,v1:172.21.15.114:6789/0] conn(0x7fce48108ff0 0x7fce4819c3f0 unknown :-1 s=NONE pgs=0 cs=0 l=1 rev1=0 crypto rx=0 tx=0 comp rx=0 tx=0).connect
2024-04-23T10:17:35.079 INFO:teuthology.orchestra.run.smithi114.stdout:/usr/bin/ceph: stderr
2024-04-23T10:17:33.839+0000 7fce4f87b700 1 -- --> [v2:172.21.15.114:3300/0,v1:172.21.15.114:6789/0] -- mon_getmap magic: 0 -- 0x7fce4810c8e0 con 0x7fce48108ff0
2024-04-23T10:17:35.079 INFO:teuthology.orchestra.run.smithi114.stdout:/usr/bin/ceph: stderr
2024-04-23T10:17:33.839+0000 7fce4d617700 1 --2- >> [v2:172.21.15.114:3300/0,v1:172.21.15.114:6789/0] conn(0x7fce48108ff0 0x7fce4819c3f0 unknown :-1 s=BANNER_CONNECTING pgs=0 cs=0 l=1 rev1=0 crypto rx=0 tx=0 comp rx=0 tx=0)._handle_peer_banner_payload supported=3 required=0
2024-04-23T10:17:35.079 INFO:teuthology.orchestra.run.smithi114.stdout:/usr/bin/ceph: stderr
2024-04-23T10:17:33.839+0000 7fce4d617700 1 --2- >> [v2:172.21.15.114:3300/0,v1:172.21.15.114:6789/0] conn(0x7fce48108ff0 0x7fce4819c3f0 unknown :-1 s=HELLO_CONNECTING pgs=0 cs=0 l=1 rev1=1 crypto rx=0 tx=0 comp rx=0 tx=0).handle_hello peer v2:172.21.15.114:3300/0 says I am v2:172.21.15.114:40386/0 (socket says 172.21.15.114:40386)
2024-04-23T10:17:35.079 INFO:teuthology.orchestra.run.smithi114.stdout:/usr/bin/ceph: stderr
2024-04-23T10:17:33.839+0000 7fce4d617700 1 -- 172.21.15.114:0/1278741194 learned_addr learned my addr 172.21.15.114:0/1278741194 (peer_addr_for_me v2:172.21.15.114:0/0)
2024-04-23T10:17:35.079 INFO:teuthology.orchestra.run.smithi114.stdout:/usr/bin/ceph: stderr
2024-04-23T10:17:33.839+0000 7fce4d617700 1 -- 172.21.15.114:0/1278741194 --> [v2:172.21.15.114:3300/0,v1:172.21.15.114:6789/0] -- mon_subscribe({config=0+,monmap=0+}) -- 0x7fce4819c930 con 0x7fce48108ff0
2024-04-23T10:17:35.079 INFO:teuthology.orchestra.run.smithi114.stdout:/usr/bin/ceph: stderr
2024-04-23T10:17:33.839+0000 7fce4d617700 1 --2- 172.21.15.114:0/1278741194 >> [v2:172.21.15.114:3300/0,v1:172.21.15.114:6789/0] conn(0x7fce48108ff0 0x7fce4819c3f0 secure :-1 s=READY pgs=50 cs=0 l=1 rev1=1 crypto rx=0x7fce4400b7b0 tx=0x7fce4400be20 comp rx=0 tx=0).ready entity=mon.0 client_cookie=0 server_cookie=0 in_seq=0 out_seq=0
2024-04-23T10:17:35.079 INFO:teuthology.orchestra.run.smithi114.stdout:/usr/bin/ceph: stderr
2024-04-23T10:17:33.839+0000 7fce3e7fc700 1 -- 172.21.15.114:0/1278741194 <== mon.0 v2:172.21.15.114:3300/0 1 ==== mon_map magic: 0 ==== 205+0+0 (secure 0 0 0) 0x7fce44020020 con 0x7fce48108ff0
2024-04-23T10:17:35.080 INFO:teuthology.orchestra.run.smithi114.stdout:/usr/bin/ceph: stderr
2024-04-23T10:17:33.839+0000 7fce4f87b700 1 -- 172.21.15.114:0/1278741194 --> [v2:172.21.15.114:3300/0,v1:172.21.15.114:6789/0] -- mon_subscribe({mgrmap=0+}) -- 0x7fce4819cbc0 con 0x7fce48108ff0
2024-04-23T10:17:35.080 INFO:teuthology.orchestra.run.smithi114.stdout:/usr/bin/ceph: stderr
2024-04-23T10:17:33.839+0000 7fce3e7fc700 1 -- 172.21.15.114:0/1278741194 <== mon.0 v2:172.21.15.114:3300/0 2 ==== config(26 keys) ==== 1070+0+0 (secure 0 0 0) 0x7fce44012430 con 0x7fce48108ff0
2024-04-23T10:17:35.080 INFO:teuthology.orchestra.run.smithi114.stdout:/usr/bin/ceph: stderr
2024-04-23T10:17:33.839+0000 7fce3e7fc700 1 -- 172.21.15.114:0/1278741194 <== mon.0 v2:172.21.15.114:3300/0 3 ==== mon_map magic: 0 ==== 205+0+0 (secure 0 0 0) 0x7fce44017040 con 0x7fce48108ff0
2024-04-23T10:17:35.080 INFO:teuthology.orchestra.run.smithi114.stdout:/usr/bin/ceph: stderr
2024-04-23T10:17:33.840+0000 7fce4f87b700 1 -- 172.21.15.114:0/1278741194 --> [v2:172.21.15.114:3300/0,v1:172.21.15.114:6789/0] -- mon_subscribe({osdmap=0}) -- 0x7fce4819f8b0 con 0x7fce48108ff0
2024-04-23T10:17:35.080 INFO:teuthology.orchestra.run.smithi114.stdout:/usr/bin/ceph: stderr
2024-04-23T10:17:33.840+0000 7fce3e7fc700 1 -- 172.21.15.114:0/1278741194 <== mon.0 v2:172.21.15.114:3300/0 4 ==== mgrmap(e 8) ==== 46558+0+0 (secure 0 0 0) 0x7fce44023020 con 0x7fce48108ff0
2024-04-23T10:17:35.080 INFO:teuthology.orchestra.run.smithi114.stdout:/usr/bin/ceph: stderr
2024-04-23T10:17:33.840+0000 7fce3e7fc700 1 --2- 172.21.15.114:0/1278741194 >> [v2:172.21.15.114:6800/1604678557,v1:172.21.15.114:6801/1604678557] conn(0x7fce34039560 0x7fce3403ba20 unknown :-1 s=NONE pgs=0 cs=0 l=1 rev1=0 crypto rx=0 tx=0 comp rx=0 tx=0).connect
2024-04-23T10:17:35.080 INFO:teuthology.orchestra.run.smithi114.stdout:/usr/bin/ceph: stderr
2024-04-23T10:17:33.840+0000 7fce3e7fc700 1 -- 172.21.15.114:0/1278741194 <== mon.0 v2:172.21.15.114:3300/0 5 ==== osd_map(2..2 src has 1..2) ==== 940+0+0 (secure 0 0 0) 0x7fce4400f050 con 0x7fce48108ff0
2024-04-23T10:17:35.080 INFO:teuthology.orchestra.run.smithi114.stdout:/usr/bin/ceph: stderr
2024-04-23T10:17:33.841+0000 7fce4ce16700 1 --2- 172.21.15.114:0/1278741194 >> [v2:172.21.15.114:6800/1604678557,v1:172.21.15.114:6801/1604678557] conn(0x7fce34039560 0x7fce3403ba20 unknown :-1 s=BANNER_CONNECTING pgs=0 cs=0 l=1 rev1=0 crypto rx=0 tx=0 comp rx=0 tx=0)._handle_peer_banner_payload supported=3 required=0
2024-04-23T10:17:35.080 INFO:teuthology.orchestra.run.smithi114.stdout:/usr/bin/ceph: stderr
2024-04-23T10:17:33.841+0000 7fce4f87b700 1 -- 172.21.15.114:0/1278741194 --> [v2:172.21.15.114:3300/0,v1:172.21.15.114:6789/0] -- mon_command({"prefix": "get_command_descriptions"} v 0) -- 0x7fce480640a0 con 0x7fce48108ff0
2024-04-23T10:17:35.080 INFO:teuthology.orchestra.run.smithi114.stdout:/usr/bin/ceph: stderr
2024-04-23T10:17:33.841+0000 7fce4ce16700 1 --2- 172.21.15.114:0/1278741194 >> [v2:172.21.15.114:6800/1604678557,v1:172.21.15.114:6801/1604678557] conn(0x7fce34039560 0x7fce3403ba20 secure :-1 s=READY pgs=13 cs=0 l=1 rev1=1 crypto rx=0x7fce38006fd0 tx=0x7fce38006e40 comp rx=0 tx=0).ready entity=mgr.14120 client_cookie=0 server_cookie=0 in_seq=0 out_seq=0
2024-04-23T10:17:35.080 INFO:teuthology.orchestra.run.smithi114.stdout:/usr/bin/ceph: stderr
2024-04-23T10:17:33.846+0000 7fce3e7fc700 1 -- 172.21.15.114:0/1278741194 <== mon.0 v2:172.21.15.114:3300/0 6 ==== mon_command_ack([{"prefix": "get_command_descriptions"}]=0 v0) ==== 72+0+188370 (secure 0 0 0) 0x7fce44023b50 con 0x7fce48108ff0
2024-04-23T10:17:35.080 INFO:teuthology.orchestra.run.smithi114.stdout:/usr/bin/ceph: stderr
2024-04-23T10:17:34.060+0000 7fce4f87b700 1 -- 172.21.15.114:0/1278741194 --> [v2:172.21.15.114:6800/1604678557,v1:172.21.15.114:6801/1604678557] -- mgr_command(tid 0: {"prefix": "orch apply", "service_type": "mgr", "unmanaged": true, "target": ["mon-mgr", ""]}) -- 0x7fce48103bc0 con 0x7fce34039560
2024-04-23T10:17:35.080 INFO:teuthology.orchestra.run.smithi114.stdout:/usr/bin/ceph: stderr
2024-04-23T10:17:34.065+0000 7fce3e7fc700 1 -- 172.21.15.114:0/1278741194 <== mgr.14120 v2:172.21.15.114:6800/1604678557 1 ==== mgr_command_reply(tid 0: 0 ) ==== 8+0+24 (secure 0 0 0) 0x7fce48103bc0 con 0x7fce34039560
2024-04-23T10:17:35.080 INFO:teuthology.orchestra.run.smithi114.stdout:/usr/bin/ceph: stderr
2024-04-23T10:17:34.067+0000 7fce4f87b700 1 -- 172.21.15.114:0/1278741194 >> [v2:172.21.15.114:6800/1604678557,v1:172.21.15.114:6801/1604678557] conn(0x7fce34039560 msgr2=0x7fce3403ba20 secure :-1 s=STATE_CONNECTION_ESTABLISHED l=1).mark_down
2024-04-23T10:17:35.080 INFO:teuthology.orchestra.run.smithi114.stdout:/usr/bin/ceph: stderr
2024-04-23T10:17:34.067+0000 7fce4f87b700 1 --2- 172.21.15.114:0/1278741194 >> [v2:172.21.15.114:6800/1604678557,v1:172.21.15.114:6801/1604678557] conn(0x7fce34039560 0x7fce3403ba20 secure :-1 s=READY pgs=13 cs=0 l=1 rev1=1 crypto rx=0x7fce38006fd0 tx=0x7fce38006e40 comp rx=0 tx=0).stop
2024-04-23T10:17:35.081 INFO:teuthology.orchestra.run.smithi114.stdout:/usr/bin/ceph: stderr
2024-04-23T10:17:34.067+0000 7fce4f87b700 1 -- 172.21.15.114:0/1278741194 >> [v2:172.21.15.114:3300/0,v1:172.21.15.114:6789/0] conn(0x7fce48108ff0 msgr2=0x7fce4819c3f0 secure :-1 s=STATE_CONNECTION_ESTABLISHED l=1).mark_down
2024-04-23T10:17:35.081 INFO:teuthology.orchestra.run.smithi114.stdout:/usr/bin/ceph: stderr
2024-04-23T10:17:34.067+0000 7fce4f87b700 1 --2- 172.21.15.114:0/1278741194 >> [v2:172.21.15.114:3300/0,v1:172.21.15.114:6789/0] conn(0x7fce48108ff0 0x7fce4819c3f0 secure :-1 s=READY pgs=50 cs=0 l=1 rev1=1 crypto rx=0x7fce4400b7b0 tx=0x7fce4400be20 comp rx=0 tx=0).stop
2024-04-23T10:17:35.081 INFO:teuthology.orchestra.run.smithi114.stdout:/usr/bin/ceph: stderr
2024-04-23T10:17:34.067+0000 7fce4f87b700 1 -- 172.21.15.114:0/1278741194 shutdown_connections
2024-04-23T10:17:35.081 INFO:teuthology.orchestra.run.smithi114.stdout:/usr/bin/ceph: stderr
2024-04-23T10:17:34.067+0000 7fce4f87b700 1 --2- 172.21.15.114:0/1278741194 >> [v2:172.21.15.114:6800/1604678557,v1:172.21.15.114:6801/1604678557] conn(0x7fce34039560 0x7fce3403ba20 unknown :-1 s=CLOSED pgs=13 cs=0 l=1 rev1=1 crypto rx=0 tx=0 comp rx=0 tx=0).stop
2024-04-23T10:17:35.081 INFO:teuthology.orchestra.run.smithi114.stdout:/usr/bin/ceph: stderr
2024-04-23T10:17:34.067+0000 7fce4f87b700 1 --2- 172.21.15.114:0/1278741194 >> [v2:172.21.15.114:3300/0,v1:172.21.15.114:6789/0] conn(0x7fce48108ff0 0x7fce4819c3f0 unknown :-1 s=CLOSED pgs=50 cs=0 l=1 rev1=1 crypto rx=0 tx=0 comp rx=0 tx=0).stop
2024-04-23T10:17:35.081 INFO:teuthology.orchestra.run.smithi114.stdout:/usr/bin/ceph: stderr
2024-04-23T10:17:34.067+0000 7fce4f87b700 1 -- 172.21.15.114:0/1278741194 >> 172.21.15.114:0/1278741194 conn(0x7fce48102a40 msgr2=0x7fce481034b0 unknown :-1 s=STATE_NONE l=0).mark_down
2024-04-23T10:17:35.081 INFO:teuthology.orchestra.run.smithi114.stdout:/usr/bin/ceph: stderr
2024-04-23T10:17:34.068+0000 7fce4f87b700 1 -- 172.21.15.114:0/1278741194 shutdown_connections
2024-04-23T10:17:35.081 INFO:teuthology.orchestra.run.smithi114.stdout:/usr/bin/ceph: stderr
2024-04-23T10:17:34.068+0000 7fce4f87b700 1 -- 172.21.15.114:0/1278741194 wait complete.
2024-04-23T10:17:36.292 INFO:teuthology.orchestra.run.smithi114.stdout:/usr/bin/ceph: stderr
2024-04-23T10:17:35.487+0000 7f3dfe94e700 1 Processor -- start
2024-04-23T10:17:36.292 INFO:teuthology.orchestra.run.smithi114.stdout:/usr/bin/ceph: stderr
2024-04-23T10:17:35.487+0000 7f3dfe94e700 1 -- start start
2024-04-23T10:17:36.292 INFO:teuthology.orchestra.run.smithi114.stdout:/usr/bin/ceph: stderr
2024-04-23T10:17:35.487+0000 7f3dfe94e700 1 --2- >> [v2:172.21.15.114:3300/0,v1:172.21.15.114:6789/0] conn(0x7f3df8106be0 0x7f3df8107000 unknown :-1 s=NONE pgs=0 cs=0 l=0 rev1=0 crypto rx=0 tx=0 comp rx=0 tx=0).connect
2024-04-23T10:17:36.292 INFO:teuthology.orchestra.run.smithi114.stdout:/usr/bin/ceph: stderr
2024-04-23T10:17:35.487+0000 7f3dfe94e700 1 -- --> [v2:172.21.15.114:3300/0,v1:172.21.15.114:6789/0] -- mon_getmap magic: 0 -- 0x7f3df81075d0 con 0x7f3df8106be0
2024-04-23T10:17:36.292 INFO:teuthology.orchestra.run.smithi114.stdout:/usr/bin/ceph: stderr
2024-04-23T10:17:35.487+0000 7f3df7fff700 1 --2- >> [v2:172.21.15.114:3300/0,v1:172.21.15.114:6789/0] conn(0x7f3df8106be0 0x7f3df8107000 unknown :-1 s=BANNER_CONNECTING pgs=0 cs=0 l=0 rev1=0 crypto rx=0 tx=0 comp rx=0 tx=0)._handle_peer_banner_payload supported=3 required=0
2024-04-23T10:17:36.293 INFO:teuthology.orchestra.run.smithi114.stdout:/usr/bin/ceph: stderr
2024-04-23T10:17:35.487+0000 7f3df7fff700 1 --2- >> [v2:172.21.15.114:3300/0,v1:172.21.15.114:6789/0] conn(0x7f3df8106be0 0x7f3df8107000 unknown :-1 s=HELLO_CONNECTING pgs=0 cs=0 l=0 rev1=1 crypto rx=0 tx=0 comp rx=0 tx=0).handle_hello peer v2:172.21.15.114:3300/0 says I am v2:172.21.15.114:40402/0 (socket says 172.21.15.114:40402)
2024-04-23T10:17:36.293 INFO:teuthology.orchestra.run.smithi114.stdout:/usr/bin/ceph: stderr
2024-04-23T10:17:35.487+0000 7f3df7fff700 1 -- 172.21.15.114:0/334066946 learned_addr learned my addr 172.21.15.114:0/334066946 (peer_addr_for_me v2:172.21.15.114:0/0)
2024-04-23T10:17:36.293 INFO:teuthology.orchestra.run.smithi114.stdout:/usr/bin/ceph: stderr
2024-04-23T10:17:35.488+0000 7f3df7fff700 1 -- 172.21.15.114:0/334066946 --> [v2:172.21.15.114:3300/0,v1:172.21.15.114:6789/0] -- mon_subscribe({config=0+,monmap=0+}) -- 0x7f3df8107de0 con 0x7f3df8106be0
2024-04-23T10:17:36.293 INFO:teuthology.orchestra.run.smithi114.stdout:/usr/bin/ceph: stderr
2024-04-23T10:17:35.488+0000 7f3df7fff700 1 --2- 172.21.15.114:0/334066946 >> [v2:172.21.15.114:3300/0,v1:172.21.15.114:6789/0] conn(0x7f3df8106be0 0x7f3df8107000 secure :-1 s=READY pgs=51 cs=0 l=1 rev1=1 crypto rx=0x7f3dec0098a0 tx=0x7f3dec009bb0 comp rx=0 tx=0).ready entity=mon.0 client_cookie=3808a6f41ff01cf4 server_cookie=0 in_seq=0 out_seq=0
2024-04-23T10:17:36.293 INFO:teuthology.orchestra.run.smithi114.stdout:/usr/bin/ceph: stderr
2024-04-23T10:17:35.488+0000 7f3df6ffd700 1 -- 172.21.15.114:0/334066946 <== mon.0 v2:172.21.15.114:3300/0 1 ==== mon_map magic: 0 ==== 205+0+0 (secure 0 0 0) 0x7f3dec004160 con 0x7f3df8106be0
2024-04-23T10:17:36.293 INFO:teuthology.orchestra.run.smithi114.stdout:/usr/bin/ceph: stderr
2024-04-23T10:17:35.488+0000 7f3df6ffd700 1 -- 172.21.15.114:0/334066946 <== mon.0 v2:172.21.15.114:3300/0 2 ==== config(26 keys) ==== 1101+0+0 (secure 0 0 0) 0x7f3dec004300 con 0x7f3df8106be0
2024-04-23T10:17:36.294 INFO:teuthology.orchestra.run.smithi114.stdout:/usr/bin/ceph: stderr
2024-04-23T10:17:35.488+0000 7f3df6ffd700 1 -- 172.21.15.114:0/334066946 <== mon.0 v2:172.21.15.114:3300/0 3 ==== mon_map magic: 0 ==== 205+0+0 (secure 0 0 0) 0x7f3dec011a20 con 0x7f3df8106be0
2024-04-23T10:17:36.294 INFO:teuthology.orchestra.run.smithi114.stdout:/usr/bin/ceph: stderr
2024-04-23T10:17:35.489+0000 7f3dfe94e700 1 -- 172.21.15.114:0/334066946 >> [v2:172.21.15.114:3300/0,v1:172.21.15.114:6789/0] conn(0x7f3df8106be0 msgr2=0x7f3df8107000 secure :-1 s=STATE_CONNECTION_ESTABLISHED l=1).mark_down
2024-04-23T10:17:36.294 INFO:teuthology.orchestra.run.smithi114.stdout:/usr/bin/ceph: stderr
2024-04-23T10:17:35.489+0000 7f3dfe94e700 1 --2- 172.21.15.114:0/334066946 >> [v2:172.21.15.114:3300/0,v1:172.21.15.114:6789/0] conn(0x7f3df8106be0 0x7f3df8107000 secure :-1 s=READY pgs=51 cs=0 l=1 rev1=1 crypto rx=0x7f3dec0098a0 tx=0x7f3dec009bb0 comp rx=0 tx=0).stop
2024-04-23T10:17:36.294 INFO:teuthology.orchestra.run.smithi114.stdout:/usr/bin/ceph: stderr
2024-04-23T10:17:35.489+0000 7f3dfe94e700 1 -- 172.21.15.114:0/334066946 shutdown_connections
2024-04-23T10:17:36.294 INFO:teuthology.orchestra.run.smithi114.stdout:/usr/bin/ceph: stderr
2024-04-23T10:17:35.489+0000 7f3dfe94e700 1 --2- 172.21.15.114:0/334066946 >> [v2:172.21.15.114:3300/0,v1:172.21.15.114:6789/0] conn(0x7f3df8106be0 0x7f3df8107000 unknown :-1 s=CLOSED pgs=51 cs=0 l=1 rev1=1 crypto rx=0 tx=0 comp rx=0 tx=0).stop
2024-04-23T10:17:36.294 INFO:teuthology.orchestra.run.smithi114.stdout:/usr/bin/ceph: stderr
2024-04-23T10:17:35.489+0000 7f3dfe94e700 1 -- 172.21.15.114:0/334066946 >> 172.21.15.114:0/334066946 conn(0x7f3df81021a0 msgr2=0x7f3df81045c0 unknown :-1 s=STATE_NONE l=0).mark_down
2024-04-23T10:17:36.295 INFO:teuthology.orchestra.run.smithi114.stdout:/usr/bin/ceph: stderr
2024-04-23T10:17:35.489+0000 7f3dfe94e700 1 -- 172.21.15.114:0/334066946 shutdown_connections
2024-04-23T10:17:36.295 INFO:teuthology.orchestra.run.smithi114.stdout:/usr/bin/ceph: stderr
2024-04-23T10:17:35.489+0000 7f3dfe94e700 1 -- 172.21.15.114:0/334066946 wait complete.
2024-04-23T10:17:36.295 INFO:teuthology.orchestra.run.smithi114.stdout:/usr/bin/ceph: stderr
2024-04-23T10:17:35.489+0000 7f3dfe94e700 1 Processor -- start
2024-04-23T10:17:36.295 INFO:teuthology.orchestra.run.smithi114.stdout:/usr/bin/ceph: stderr
2024-04-23T10:17:35.489+0000 7f3dfe94e700 1 -- start start
2024-04-23T10:17:36.295 INFO:teuthology.orchestra.run.smithi114.stdout:/usr/bin/ceph: stderr
2024-04-23T10:17:35.490+0000 7f3dfe94e700 1 --2- >> [v2:172.21.15.114:3300/0,v1:172.21.15.114:6789/0] conn(0x7f3df8106be0 0x7f3df8191d50 unknown :-1 s=NONE pgs=0 cs=0 l=1 rev1=0 crypto rx=0 tx=0 comp rx=0 tx=0).connect
2024-04-23T10:17:36.295 INFO:teuthology.orchestra.run.smithi114.stdout:/usr/bin/ceph: stderr
2024-04-23T10:17:35.490+0000 7f3dfe94e700 1 -- --> [v2:172.21.15.114:3300/0,v1:172.21.15.114:6789/0] -- mon_getmap magic: 0 -- 0x7f3df810b190 con 0x7f3df8106be0
2024-04-23T10:17:36.295 INFO:teuthology.orchestra.run.smithi114.stdout:/usr/bin/ceph: stderr
2024-04-23T10:17:35.490+0000 7f3df7fff700 1 --2- >> [v2:172.21.15.114:3300/0,v1:172.21.15.114:6789/0] conn(0x7f3df8106be0 0x7f3df8191d50 unknown :-1 s=BANNER_CONNECTING pgs=0 cs=0 l=1 rev1=0 crypto rx=0 tx=0 comp rx=0 tx=0)._handle_peer_banner_payload supported=3 required=0
2024-04-23T10:17:36.296 INFO:teuthology.orchestra.run.smithi114.stdout:/usr/bin/ceph: stderr
2024-04-23T10:17:35.490+0000 7f3df7fff700 1 --2- >> [v2:172.21.15.114:3300/0,v1:172.21.15.114:6789/0] conn(0x7f3df8106be0 0x7f3df8191d50 unknown :-1 s=HELLO_CONNECTING pgs=0 cs=0 l=1 rev1=1 crypto rx=0 tx=0 comp rx=0 tx=0).handle_hello peer v2:172.21.15.114:3300/0 says I am v2:172.21.15.114:40416/0 (socket says 172.21.15.114:40416)
2024-04-23T10:17:36.296 INFO:teuthology.orchestra.run.smithi114.stdout:/usr/bin/ceph: stderr
2024-04-23T10:17:35.490+0000 7f3df7fff700 1 -- 172.21.15.114:0/1313047620 learned_addr learned my addr 172.21.15.114:0/1313047620 (peer_addr_for_me v2:172.21.15.114:0/0)
2024-04-23T10:17:36.296 INFO:teuthology.orchestra.run.smithi114.stdout:/usr/bin/ceph: stderr
2024-04-23T10:17:35.490+0000 7f3df7fff700 1 -- 172.21.15.114:0/1313047620 --> [v2:172.21.15.114:3300/0,v1:172.21.15.114:6789/0] -- mon_subscribe({config=0+,monmap=0+}) -- 0x7f3df8192290 con 0x7f3df8106be0
2024-04-23T10:17:36.296 INFO:teuthology.orchestra.run.smithi114.stdout:/usr/bin/ceph: stderr
2024-04-23T10:17:35.490+0000 7f3df7fff700 1 --2- 172.21.15.114:0/1313047620 >> [v2:172.21.15.114:3300/0,v1:172.21.15.114:6789/0] conn(0x7f3df8106be0 0x7f3df8191d50 secure :-1 s=READY pgs=52 cs=0 l=1 rev1=1 crypto rx=0x7f3dec009520 tx=0x7f3dec011aa0 comp rx=0 tx=0).ready entity=mon.0 client_cookie=0 server_cookie=0 in_seq=0 out_seq=0
2024-04-23T10:17:36.296 INFO:teuthology.orchestra.run.smithi114.stdout:/usr/bin/ceph: stderr
2024-04-23T10:17:35.490+0000 7f3df57fa700 1 -- 172.21.15.114:0/1313047620 <== mon.0 v2:172.21.15.114:3300/0 1 ==== mon_map magic: 0 ==== 205+0+0 (secure 0 0 0) 0x7f3dec0039e0 con 0x7f3df8106be0
2024-04-23T10:17:36.296 INFO:teuthology.orchestra.run.smithi114.stdout:/usr/bin/ceph: stderr
2024-04-23T10:17:35.490+0000 7f3dfe94e700 1 -- 172.21.15.114:0/1313047620 --> [v2:172.21.15.114:3300/0,v1:172.21.15.114:6789/0] -- mon_subscribe({mgrmap=0+}) -- 0x7f3df8190480 con 0x7f3df8106be0
2024-04-23T10:17:36.297 INFO:teuthology.orchestra.run.smithi114.stdout:/usr/bin/ceph: stderr
2024-04-23T10:17:35.490+0000 7f3df57fa700 1 -- 172.21.15.114:0/1313047620 <== mon.0 v2:172.21.15.114:3300/0 2 ==== config(26 keys) ==== 1101+0+0 (secure 0 0 0) 0x7f3dec01b8f0 con 0x7f3df8106be0
2024-04-23T10:17:36.297 INFO:teuthology.orchestra.run.smithi114.stdout:/usr/bin/ceph: stderr
2024-04-23T10:17:35.491+0000 7f3dfe94e700 1 -- 172.21.15.114:0/1313047620 --> [v2:172.21.15.114:3300/0,v1:172.21.15.114:6789/0] -- mon_subscribe({osdmap=0}) -- 0x7f3df81909c0 con 0x7f3df8106be0
2024-04-23T10:17:36.297 INFO:teuthology.orchestra.run.smithi114.stdout:/usr/bin/ceph: stderr
2024-04-23T10:17:35.491+0000 7f3df57fa700 1 -- 172.21.15.114:0/1313047620 <== mon.0 v2:172.21.15.114:3300/0 3 ==== mon_map magic: 0 ==== 205+0+0 (secure 0 0 0) 0x7f3dec019770 con 0x7f3df8106be0
2024-04-23T10:17:36.297 INFO:teuthology.orchestra.run.smithi114.stdout:/usr/bin/ceph: stderr
2024-04-23T10:17:35.491+0000 7f3df57fa700 1 -- 172.21.15.114:0/1313047620 <== mon.0 v2:172.21.15.114:3300/0 4 ==== mgrmap(e 8) ==== 46558+0+0 (secure 0 0 0) 0x7f3dec019a70 con 0x7f3df8106be0
2024-04-23T10:17:36.297 INFO:teuthology.orchestra.run.smithi114.stdout:/usr/bin/ceph: stderr
2024-04-23T10:17:35.491+0000 7f3df57fa700 1 --2- 172.21.15.114:0/1313047620 >> [v2:172.21.15.114:6800/1604678557,v1:172.21.15.114:6801/1604678557] conn(0x7f3de00395b0 0x7f3de003ba70 unknown :-1 s=NONE pgs=0 cs=0 l=1 rev1=0 crypto rx=0 tx=0 comp rx=0 tx=0).connect
2024-04-23T10:17:36.297 INFO:teuthology.orchestra.run.smithi114.stdout:/usr/bin/ceph: stderr
2024-04-23T10:17:35.492+0000 7f3df57fa700 1 -- 172.21.15.114:0/1313047620 <== mon.0 v2:172.21.15.114:3300/0 5 ==== osd_map(2..2 src has 1..2) ==== 940+0+0 (secure 0 0 0) 0x7f3dec04def0 con 0x7f3df8106be0
2024-04-23T10:17:36.298 INFO:teuthology.orchestra.run.smithi114.stdout:/usr/bin/ceph: stderr
2024-04-23T10:17:35.492+0000 7f3df77fe700 1 --2- 172.21.15.114:0/1313047620 >> [v2:172.21.15.114:6800/1604678557,v1:172.21.15.114:6801/1604678557] conn(0x7f3de00395b0 0x7f3de003ba70 unknown :-1 s=BANNER_CONNECTING pgs=0 cs=0 l=1 rev1=0 crypto rx=0 tx=0 comp rx=0 tx=0)._handle_peer_banner_payload supported=3 required=0
2024-04-23T10:17:36.298 INFO:teuthology.orchestra.run.smithi114.stdout:/usr/bin/ceph: stderr
2024-04-23T10:17:35.492+0000 7f3dfe94e700 1 -- 172.21.15.114:0/1313047620 --> [v2:172.21.15.114:3300/0,v1:172.21.15.114:6789/0] -- mon_command({"prefix": "get_command_descriptions"} v 0) -- 0x7f3df80640a0 con 0x7f3df8106be0
2024-04-23T10:17:36.298 INFO:teuthology.orchestra.run.smithi114.stdout:/usr/bin/ceph: stderr
2024-04-23T10:17:35.492+0000 7f3df77fe700 1 --2- 172.21.15.114:0/1313047620 >> [v2:172.21.15.114:6800/1604678557,v1:172.21.15.114:6801/1604678557] conn(0x7f3de00395b0 0x7f3de003ba70 secure :-1 s=READY pgs=14 cs=0 l=1 rev1=1 crypto rx=0x7f3de8006fd0 tx=0x7f3de8006e40 comp rx=0 tx=0).ready entity=mgr.14120 client_cookie=0 server_cookie=0 in_seq=0 out_seq=0
2024-04-23T10:17:36.298 INFO:teuthology.orchestra.run.smithi114.stdout:/usr/bin/ceph: stderr
2024-04-23T10:17:35.497+0000 7f3df57fa700 1 -- 172.21.15.114:0/1313047620 <== mon.0 v2:172.21.15.114:3300/0 6 ==== mon_command_ack([{"prefix": "get_command_descriptions"}]=0 v0) ==== 72+0+188370 (secure 0 0 0) 0x7f3dec01f030 con 0x7f3df8106be0
2024-04-23T10:17:36.298 INFO:teuthology.orchestra.run.smithi114.stdout:/usr/bin/ceph: stderr
2024-04-23T10:17:35.713+0000 7f3dfe94e700 1 -- 172.21.15.114:0/1313047620 --> [v2:172.21.15.114:3300/0,v1:172.21.15.114:6789/0] -- mon_command([{prefix=config set, name=mgr/cephadm/container_init}] v 0) -- 0x7f3df8195910 con 0x7f3df8106be0
2024-04-23T10:17:36.299 INFO:teuthology.orchestra.run.smithi114.stdout:/usr/bin/ceph: stderr
2024-04-23T10:17:35.718+0000 7f3df57fa700 1 -- 172.21.15.114:0/1313047620 <== mon.0 v2:172.21.15.114:3300/0 7 ==== mon_command_ack([{prefix=config set, name=mgr/cephadm/container_init}]=0 v7)=0 v7) ==== 142+0+0 (secure 0 0 0) 0x7f3dec016df0 con 0x7f3df8106be0
2024-04-23T10:17:36.299 INFO:teuthology.orchestra.run.smithi114.stdout:/usr/bin/ceph: stderr
2024-04-23T10:17:35.721+0000 7f3dfe94e700 1 -- 172.21.15.114:0/1313047620 >> [v2:172.21.15.114:6800/1604678557,v1:172.21.15.114:6801/1604678557] conn(0x7f3de00395b0 msgr2=0x7f3de003ba70 secure :-1 s=STATE_CONNECTION_ESTABLISHED l=1).mark_down
2024-04-23T10:17:36.299 INFO:teuthology.orchestra.run.smithi114.stdout:/usr/bin/ceph: stderr
2024-04-23T10:17:35.721+0000 7f3dfe94e700 1 --2- 172.21.15.114:0/1313047620 >> [v2:172.21.15.114:6800/1604678557,v1:172.21.15.114:6801/1604678557] conn(0x7f3de00395b0 0x7f3de003ba70 secure :-1 s=READY pgs=14 cs=0 l=1 rev1=1 crypto rx=0x7f3de8006fd0 tx=0x7f3de8006e40 comp rx=0 tx=0).stop
2024-04-23T10:17:36.299 INFO:teuthology.orchestra.run.smithi114.stdout:/usr/bin/ceph: stderr
2024-04-23T10:17:35.721+0000 7f3dfe94e700 1 -- 172.21.15.114:0/1313047620 >> [v2:172.21.15.114:3300/0,v1:172.21.15.114:6789/0] conn(0x7f3df8106be0 msgr2=0x7f3df8191d50 secure :-1 s=STATE_CONNECTION_ESTABLISHED l=1).mark_down
2024-04-23T10:17:36.299 INFO:teuthology.orchestra.run.smithi114.stdout:/usr/bin/ceph: stderr
2024-04-23T10:17:35.721+0000 7f3dfe94e700 1 --2- 172.21.15.114:0/1313047620 >> [v2:172.21.15.114:3300/0,v1:172.21.15.114:6789/0] conn(0x7f3df8106be0 0x7f3df8191d50 secure :-1 s=READY pgs=52 cs=0 l=1 rev1=1 crypto rx=0x7f3dec009520 tx=0x7f3dec011aa0 comp rx=0 tx=0).stop
2024-04-23T10:17:36.299 INFO:teuthology.orchestra.run.smithi114.stdout:/usr/bin/ceph: stderr
2024-04-23T10:17:35.721+0000 7f3dfe94e700 1 -- 172.21.15.114:0/1313047620 shutdown_connections
2024-04-23T10:17:36.300 INFO:teuthology.orchestra.run.smithi114.stdout:/usr/bin/ceph: stderr
2024-04-23T10:17:35.721+0000 7f3dfe94e700 1 --2- 172.21.15.114:0/1313047620 >> [v2:172.21.15.114:6800/1604678557,v1:172.21.15.114:6801/1604678557] conn(0x7f3de00395b0 0x7f3de003ba70 unknown :-1 s=CLOSED pgs=14 cs=0 l=1 rev1=1 crypto rx=0 tx=0 comp rx=0 tx=0).stop
2024-04-23T10:17:36.300 INFO:teuthology.orchestra.run.smithi114.stdout:/usr/bin/ceph: stderr
2024-04-23T10:17:35.721+0000 7f3dfe94e700 1 --2- 172.21.15.114:0/1313047620 >> [v2:172.21.15.114:3300/0,v1:172.21.15.114:6789/0] conn(0x7f3df8106be0 0x7f3df8191d50 unknown :-1 s=CLOSED pgs=52 cs=0 l=1 rev1=1 crypto rx=0 tx=0 comp rx=0 tx=0).stop
2024-04-23T10:17:36.300 INFO:teuthology.orchestra.run.smithi114.stdout:/usr/bin/ceph: stderr
2024-04-23T10:17:35.721+0000 7f3dfe94e700 1 -- 172.21.15.114:0/1313047620 >> 172.21.15.114:0/1313047620 conn(0x7f3df81021a0 msgr2=0x7f3df8103350 unknown :-1 s=STATE_NONE l=0).mark_down
2024-04-23T10:17:36.300 INFO:teuthology.orchestra.run.smithi114.stdout:/usr/bin/ceph: stderr
2024-04-23T10:17:35.721+0000 7f3dfe94e700 1 -- 172.21.15.114:0/1313047620 shutdown_connections
2024-04-23T10:17:36.300 INFO:teuthology.orchestra.run.smithi114.stdout:/usr/bin/ceph: stderr
2024-04-23T10:17:35.721+0000 7f3dfe94e700 1 -- 172.21.15.114:0/1313047620 wait complete.
2024-04-23T10:17:36.645 INFO:journalctl@ceph.mon.a.smithi114.stdout:Apr 23 10:17:36 smithi114 ceph-mon[29255]: from='mgr.14120 172.21.15.114:0/1448995927' entity='mgr.x'
2024-04-23T10:17:36.645 INFO:journalctl@ceph.mon.a.smithi114.stdout:Apr 23 10:17:36 smithi114 ceph-mon[29255]: from='client.? 172.21.15.114:0/1313047620' entity='client.admin'
2024-04-23T10:17:37.725 INFO:teuthology.orchestra.run.smithi114.stdout:/usr/bin/ceph: stderr
2024-04-23T10:17:36.746+0000 7feaf7bf8700 1 Processor -- start
2024-04-23T10:17:37.725 INFO:teuthology.orchestra.run.smithi114.stdout:/usr/bin/ceph: stderr
2024-04-23T10:17:36.746+0000 7feaf7bf8700 1 -- start start
2024-04-23T10:17:37.725 INFO:teuthology.orchestra.run.smithi114.stdout:/usr/bin/ceph: stderr
2024-04-23T10:17:36.746+0000 7feaf7bf8700 1 --2- >> [v2:172.21.15.114:3300/0,v1:172.21.15.114:6789/0] conn(0x7feaf0107900 0x7feaf0107d20 unknown :-1 s=NONE pgs=0 cs=0 l=0 rev1=0 crypto rx=0 tx=0 comp rx=0 tx=0).connect
2024-04-23T10:17:37.725 INFO:teuthology.orchestra.run.smithi114.stdout:/usr/bin/ceph: stderr
2024-04-23T10:17:36.746+0000 7feaf7bf8700 1 -- --> [v2:172.21.15.114:3300/0,v1:172.21.15.114:6789/0] -- mon_getmap magic: 0 -- 0x7feaf01082f0 con 0x7feaf0107900
2024-04-23T10:17:37.725 INFO:teuthology.orchestra.run.smithi114.stdout:/usr/bin/ceph: stderr
2024-04-23T10:17:36.746+0000 7feaf5994700 1 --2- >> [v2:172.21.15.114:3300/0,v1:172.21.15.114:6789/0] conn(0x7feaf0107900 0x7feaf0107d20 unknown :-1 s=BANNER_CONNECTING pgs=0 cs=0 l=0 rev1=0 crypto rx=0 tx=0 comp rx=0 tx=0)._handle_peer_banner_payload supported=3 required=0
2024-04-23T10:17:37.725 INFO:teuthology.orchestra.run.smithi114.stdout:/usr/bin/ceph: stderr
2024-04-23T10:17:36.746+0000 7feaf5994700 1 --2- >> [v2:172.21.15.114:3300/0,v1:172.21.15.114:6789/0] conn(0x7feaf0107900 0x7feaf0107d20 unknown :-1 s=HELLO_CONNECTING pgs=0 cs=0 l=0 rev1=1 crypto rx=0 tx=0 comp rx=0 tx=0).handle_hello peer v2:172.21.15.114:3300/0 says I am v2:172.21.15.114:47814/0 (socket says 172.21.15.114:47814)
2024-04-23T10:17:37.725 INFO:teuthology.orchestra.run.smithi114.stdout:/usr/bin/ceph: stderr
2024-04-23T10:17:36.746+0000 7feaf5994700 1 -- 172.21.15.114:0/935403222 learned_addr learned my addr 172.21.15.114:0/935403222 (peer_addr_for_me v2:172.21.15.114:0/0)
2024-04-23T10:17:37.725 INFO:teuthology.orchestra.run.smithi114.stdout:/usr/bin/ceph: stderr
2024-04-23T10:17:36.747+0000 7feaf5994700 1 -- 172.21.15.114:0/935403222 --> [v2:172.21.15.114:3300/0,v1:172.21.15.114:6789/0] -- mon_subscribe({config=0+,monmap=0+}) -- 0x7feaf0108620 con 0x7feaf0107900
2024-04-23T10:17:37.725 INFO:teuthology.orchestra.run.smithi114.stdout:/usr/bin/ceph: stderr
2024-04-23T10:17:36.747+0000 7feaf5994700 1 --2- 172.21.15.114:0/935403222 >> [v2:172.21.15.114:3300/0,v1:172.21.15.114:6789/0] conn(0x7feaf0107900 0x7feaf0107d20 secure :-1 s=READY pgs=53 cs=0 l=1 rev1=1 crypto rx=0x7feae8009e80 tx=0x7feae800b330 comp rx=0 tx=0).ready entity=mon.0 client_cookie=d70b5ad3f8c62a5a server_cookie=0 in_seq=0 out_seq=0
2024-04-23T10:17:37.725 INFO:teuthology.orchestra.run.smithi114.stdout:/usr/bin/ceph: stderr
2024-04-23T10:17:36.747+0000 7feaf4992700 1 -- 172.21.15.114:0/935403222 <== mon.0 v2:172.21.15.114:3300/0 1 ==== mon_map magic: 0 ==== 205+0+0 (secure 0 0 0) 0x7feae8017070 con 0x7feaf0107900
2024-04-23T10:17:37.725 INFO:teuthology.orchestra.run.smithi114.stdout:/usr/bin/ceph: stderr
2024-04-23T10:17:36.747+0000 7feaf4992700 1 -- 172.21.15.114:0/935403222 <== mon.0 v2:172.21.15.114:3300/0 2 ==== config(26 keys) ==== 1101+0+0 (secure 0 0 0) 0x7feae800b8c0 con 0x7feaf0107900
2024-04-23T10:17:37.725 INFO:teuthology.orchestra.run.smithi114.stdout:/usr/bin/ceph: stderr
2024-04-23T10:17:36.747+0000 7feaf4992700 1 -- 172.21.15.114:0/935403222 <== mon.0 v2:172.21.15.114:3300/0 3 ==== mon_map magic: 0 ==== 205+0+0 (secure 0 0 0) 0x7feae8004490 con 0x7feaf0107900
2024-04-23T10:17:37.725 INFO:teuthology.orchestra.run.smithi114.stdout:/usr/bin/ceph: stderr
2024-04-23T10:17:36.748+0000 7feaf7bf8700 1 -- 172.21.15.114:0/935403222 >> [v2:172.21.15.114:3300/0,v1:172.21.15.114:6789/0] conn(0x7feaf0107900 msgr2=0x7feaf0107d20 secure :-1 s=STATE_CONNECTION_ESTABLISHED l=1).mark_down
2024-04-23T10:17:37.726 INFO:teuthology.orchestra.run.smithi114.stdout:/usr/bin/ceph: stderr
2024-04-23T10:17:36.748+0000 7feaf7bf8700 1 --2- 172.21.15.114:0/935403222 >> [v2:172.21.15.114:3300/0,v1:172.21.15.114:6789/0] conn(0x7feaf0107900 0x7feaf0107d20 secure :-1 s=READY pgs=53 cs=0 l=1 rev1=1 crypto rx=0x7feae8009e80 tx=0x7feae800b330 comp rx=0 tx=0).stop
2024-04-23T10:17:37.726 INFO:teuthology.orchestra.run.smithi114.stdout:/usr/bin/ceph: stderr
2024-04-23T10:17:36.748+0000 7feaf7bf8700 1 -- 172.21.15.114:0/935403222 shutdown_connections
2024-04-23T10:17:37.726 INFO:teuthology.orchestra.run.smithi114.stdout:/usr/bin/ceph: stderr
2024-04-23T10:17:36.748+0000 7feaf7bf8700 1 --2- 172.21.15.114:0/935403222 >> [v2:172.21.15.114:3300/0,v1:172.21.15.114:6789/0] conn(0x7feaf0107900 0x7feaf0107d20 unknown :-1 s=CLOSED pgs=53 cs=0 l=1 rev1=1 crypto rx=0 tx=0 comp rx=0 tx=0).stop
2024-04-23T10:17:37.726 INFO:teuthology.orchestra.run.smithi114.stdout:/usr/bin/ceph: stderr
2024-04-23T10:17:36.748+0000 7feaf7bf8700 1 -- 172.21.15.114:0/935403222 >> 172.21.15.114:0/935403222 conn(0x7feaf0102140 msgr2=0x7feaf0104560 unknown :-1 s=STATE_NONE l=0).mark_down
2024-04-23T10:17:37.726 INFO:teuthology.orchestra.run.smithi114.stdout:/usr/bin/ceph: stderr
2024-04-23T10:17:36.748+0000 7feaf7bf8700 1 -- 172.21.15.114:0/935403222 shutdown_connections
2024-04-23T10:17:37.726 INFO:teuthology.orchestra.run.smithi114.stdout:/usr/bin/ceph: stderr
2024-04-23T10:17:36.748+0000 7feaf7bf8700 1 -- 172.21.15.114:0/935403222 wait complete.
2024-04-23T10:17:37.726 INFO:teuthology.orchestra.run.smithi114.stdout:/usr/bin/ceph: stderr
2024-04-23T10:17:36.748+0000 7feaf7bf8700 1 Processor -- start
2024-04-23T10:17:37.726 INFO:teuthology.orchestra.run.smithi114.stdout:/usr/bin/ceph: stderr
2024-04-23T10:17:36.748+0000 7feaf7bf8700 1 -- start start
2024-04-23T10:17:37.726 INFO:teuthology.orchestra.run.smithi114.stdout:/usr/bin/ceph: stderr
2024-04-23T10:17:36.748+0000 7feaf7bf8700 1 --2- >> [v2:172.21.15.114:3300/0,v1:172.21.15.114:6789/0] conn(0x7feaf0107900 0x7feaf019c420 unknown :-1 s=NONE pgs=0 cs=0 l=1 rev1=0 crypto rx=0 tx=0 comp rx=0 tx=0).connect
2024-04-23T10:17:37.726 INFO:teuthology.orchestra.run.smithi114.stdout:/usr/bin/ceph: stderr
2024-04-23T10:17:36.748+0000 7feaf7bf8700 1 -- --> [v2:172.21.15.114:3300/0,v1:172.21.15.114:6789/0] -- mon_getmap magic: 0 -- 0x7feaf010b9d0 con 0x7feaf0107900
2024-04-23T10:17:37.726 INFO:teuthology.orchestra.run.smithi114.stdout:/usr/bin/ceph: stderr
2024-04-23T10:17:36.749+0000 7feaf5994700 1 --2- >> [v2:172.21.15.114:3300/0,v1:172.21.15.114:6789/0] conn(0x7feaf0107900 0x7feaf019c420 unknown :-1 s=BANNER_CONNECTING pgs=0 cs=0 l=1 rev1=0 crypto rx=0 tx=0 comp rx=0 tx=0)._handle_peer_banner_payload supported=3 required=0
2024-04-23T10:17:37.726 INFO:teuthology.orchestra.run.smithi114.stdout:/usr/bin/ceph: stderr
2024-04-23T10:17:36.749+0000 7feaf5994700 1 --2- >> [v2:172.21.15.114:3300/0,v1:172.21.15.114:6789/0] conn(0x7feaf0107900 0x7feaf019c420 unknown :-1 s=HELLO_CONNECTING pgs=0 cs=0 l=1 rev1=1 crypto rx=0 tx=0 comp rx=0 tx=0).handle_hello peer v2:172.21.15.114:3300/0 says I am v2:172.21.15.114:47830/0 (socket says 172.21.15.114:47830)
2024-04-23T10:17:37.726 INFO:teuthology.orchestra.run.smithi114.stdout:/usr/bin/ceph: stderr
2024-04-23T10:17:36.749+0000 7feaf5994700 1 -- 172.21.15.114:0/649648310 learned_addr learned my addr 172.21.15.114:0/649648310 (peer_addr_for_me v2:172.21.15.114:0/0)
2024-04-23T10:17:37.727 INFO:teuthology.orchestra.run.smithi114.stdout:/usr/bin/ceph: stderr
