2024-04-23T10:17:46.255 INFO:journalctl@ceph.mon.a.smithi114.stdout:Apr 23 10:17:45 smithi114 ceph-mon[29255]: from='mgr.14152 172.21.15.114:0/1529706138' entity='mgr.x' cmd=[{"prefix": "mds metadata"}]: dispatch
2024-04-23T10:17:46.255 INFO:journalctl@ceph.mon.a.smithi114.stdout:Apr 23 10:17:45 smithi114 ceph-mon[29255]: from='mgr.14152 172.21.15.114:0/1529706138' entity='mgr.x' cmd=[{"prefix": "osd metadata"}]: dispatch
2024-04-23T10:17:46.255 INFO:journalctl@ceph.mon.a.smithi114.stdout:Apr 23 10:17:45 smithi114 ceph-mon[29255]: from='mgr.14152 172.21.15.114:0/1529706138' entity='mgr.x' cmd=[{"prefix": "mon metadata"}]: dispatch
2024-04-23T10:17:46.255 INFO:journalctl@ceph.mon.a.smithi114.stdout:Apr 23 10:17:45 smithi114 ceph-mon[29255]: Manager daemon x is now available
2024-04-23T10:17:46.255 INFO:journalctl@ceph.mon.a.smithi114.stdout:Apr 23 10:17:45 smithi114 ceph-mon[29255]: from='mgr.14152 172.21.15.114:0/1529706138' entity='mgr.x' cmd=[{"prefix": "config dump", "format": "json"}]: dispatch
2024-04-23T10:17:46.255 INFO:journalctl@ceph.mon.a.smithi114.stdout:Apr 23 10:17:45 smithi114 ceph-mon[29255]: from='mgr.14152 172.21.15.114:0/1529706138' entity='mgr.x' cmd=[{"prefix":"config rm","who":"mgr","name":"mgr/rbd_support/x/mirror_snapshot_schedule"}]: dispatch
2024-04-23T10:17:47.235 INFO:journalctl@ceph.mon.a.smithi114.stdout:Apr 23 10:17:46 smithi114 ceph-mon[29255]: from='mgr.14152 172.21.15.114:0/1529706138' entity='mgr.x' cmd=[{"prefix":"config rm","who":"mgr","name":"mgr/rbd_support/x/trash_purge_schedule"}]: dispatch
2024-04-23T10:17:47.235 INFO:journalctl@ceph.mon.a.smithi114.stdout:Apr 23 10:17:46 smithi114 ceph-mon[29255]: mgrmap e11: x(active, since 1.00651s)
2024-04-23T10:17:47.744 INFO:teuthology.orchestra.run.smithi114.stdout:/usr/bin/ceph: stdout {
2024-04-23T10:17:47.744 INFO:teuthology.orchestra.run.smithi114.stdout:/usr/bin/ceph: stdout "mgrmap_epoch": 11,
2024-04-23T10:17:47.744 INFO:teuthology.orchestra.run.smithi114.stdout:/usr/bin/ceph: stdout "initialized": true
2024-04-23T10:17:47.744 INFO:teuthology.orchestra.run.smithi114.stdout:/usr/bin/ceph: stdout }
2024-04-23T10:17:47.744 INFO:teuthology.orchestra.run.smithi114.stdout:/usr/bin/ceph: stderr
2024-04-23T10:17:41.469+0000 7f5b68e33700 1 Processor -- start
2024-04-23T10:17:47.744 INFO:teuthology.orchestra.run.smithi114.stdout:/usr/bin/ceph: stderr
2024-04-23T10:17:41.470+0000 7f5b68e33700 1 -- start start
2024-04-23T10:17:47.744 INFO:teuthology.orchestra.run.smithi114.stdout:/usr/bin/ceph: stderr
2024-04-23T10:17:41.470+0000 7f5b68e33700 1 --2- >> [v2:172.21.15.114:3300/0,v1:172.21.15.114:6789/0] conn(0x7f5b64108ff0 0x7f5b6410b3e0 unknown :-1 s=NONE pgs=0 cs=0 l=0 rev1=0 crypto rx=0 tx=0 comp rx=0 tx=0).connect
2024-04-23T10:17:47.744 INFO:teuthology.orchestra.run.smithi114.stdout:/usr/bin/ceph: stderr
2024-04-23T10:17:41.470+0000 7f5b68e33700 1 -- --> [v2:172.21.15.114:3300/0,v1:172.21.15.114:6789/0] -- mon_getmap magic: 0 -- 0x7f5b6410b920 con 0x7f5b64108ff0
2024-04-23T10:17:47.744 INFO:teuthology.orchestra.run.smithi114.stdout:/usr/bin/ceph: stderr
2024-04-23T10:17:41.470+0000 7f5b6259c700 1 --2- >> [v2:172.21.15.114:3300/0,v1:172.21.15.114:6789/0] conn(0x7f5b64108ff0 0x7f5b6410b3e0 unknown :-1 s=BANNER_CONNECTING pgs=0 cs=0 l=0 rev1=0 crypto rx=0 tx=0 comp rx=0 tx=0)._handle_peer_banner_payload supported=3 required=0
2024-04-23T10:17:47.745 INFO:teuthology.orchestra.run.smithi114.stdout:/usr/bin/ceph: stderr
2024-04-23T10:17:41.470+0000 7f5b6259c700 1 --2- >> [v2:172.21.15.114:3300/0,v1:172.21.15.114:6789/0] conn(0x7f5b64108ff0 0x7f5b6410b3e0 unknown :-1 s=HELLO_CONNECTING pgs=0 cs=0 l=0 rev1=1 crypto rx=0 tx=0 comp rx=0 tx=0).handle_hello peer v2:172.21.15.114:3300/0 says I am v2:172.21.15.114:47882/0 (socket says 172.21.15.114:47882)
2024-04-23T10:17:47.745 INFO:teuthology.orchestra.run.smithi114.stdout:/usr/bin/ceph: stderr
2024-04-23T10:17:41.470+0000 7f5b6259c700 1 -- 172.21.15.114:0/3025014391 learned_addr learned my addr 172.21.15.114:0/3025014391 (peer_addr_for_me v2:172.21.15.114:0/0)
2024-04-23T10:17:47.745 INFO:teuthology.orchestra.run.smithi114.stdout:/usr/bin/ceph: stderr
2024-04-23T10:17:41.470+0000 7f5b6259c700 1 -- 172.21.15.114:0/3025014391 --> [v2:172.21.15.114:3300/0,v1:172.21.15.114:6789/0] -- mon_subscribe({config=0+,monmap=0+}) -- 0x7f5b6410baa0 con 0x7f5b64108ff0
2024-04-23T10:17:47.745 INFO:teuthology.orchestra.run.smithi114.stdout:/usr/bin/ceph: stderr
2024-04-23T10:17:41.471+0000 7f5b6259c700 1 --2- 172.21.15.114:0/3025014391 >> [v2:172.21.15.114:3300/0,v1:172.21.15.114:6789/0] conn(0x7f5b64108ff0 0x7f5b6410b3e0 secure :-1 s=READY pgs=61 cs=0 l=1 rev1=1 crypto rx=0x7f5b540098a0 tx=0x7f5b54009bb0 comp rx=0 tx=0).ready entity=mon.0 client_cookie=ff58797d95c2707b server_cookie=0 in_seq=0 out_seq=0
2024-04-23T10:17:47.745 INFO:teuthology.orchestra.run.smithi114.stdout:/usr/bin/ceph: stderr
2024-04-23T10:17:41.471+0000 7f5b6159a700 1 -- 172.21.15.114:0/3025014391 <== mon.0 v2:172.21.15.114:3300/0 1 ==== mon_map magic: 0 ==== 205+0+0 (secure 0 0 0) 0x7f5b54004160 con 0x7f5b64108ff0
2024-04-23T10:17:47.745 INFO:teuthology.orchestra.run.smithi114.stdout:/usr/bin/ceph: stderr
2024-04-23T10:17:41.471+0000 7f5b6159a700 1 -- 172.21.15.114:0/3025014391 <== mon.0 v2:172.21.15.114:3300/0 2 ==== config(26 keys) ==== 1101+0+0 (secure 0 0 0) 0x7f5b54004300 con 0x7f5b64108ff0
2024-04-23T10:17:47.745 INFO:teuthology.orchestra.run.smithi114.stdout:/usr/bin/ceph: stderr
2024-04-23T10:17:41.471+0000 7f5b6159a700 1 -- 172.21.15.114:0/3025014391 <== mon.0 v2:172.21.15.114:3300/0 3 ==== mon_map magic: 0 ==== 205+0+0 (secure 0 0 0) 0x7f5b54011a20 con 0x7f5b64108ff0
2024-04-23T10:17:47.745 INFO:teuthology.orchestra.run.smithi114.stdout:/usr/bin/ceph: stderr
2024-04-23T10:17:41.471+0000 7f5b68e33700 1 -- 172.21.15.114:0/3025014391 >> [v2:172.21.15.114:3300/0,v1:172.21.15.114:6789/0] conn(0x7f5b64108ff0 msgr2=0x7f5b6410b3e0 secure :-1 s=STATE_CONNECTION_ESTABLISHED l=1).mark_down
2024-04-23T10:17:47.745 INFO:teuthology.orchestra.run.smithi114.stdout:/usr/bin/ceph: stderr
2024-04-23T10:17:41.471+0000 7f5b68e33700 1 --2- 172.21.15.114:0/3025014391 >> [v2:172.21.15.114:3300/0,v1:172.21.15.114:6789/0] conn(0x7f5b64108ff0 0x7f5b6410b3e0 secure :-1 s=READY pgs=61 cs=0 l=1 rev1=1 crypto rx=0x7f5b540098a0 tx=0x7f5b54009bb0 comp rx=0 tx=0).stop
2024-04-23T10:17:47.745 INFO:teuthology.orchestra.run.smithi114.stdout:/usr/bin/ceph: stderr
2024-04-23T10:17:41.471+0000 7f5b68e33700 1 -- 172.21.15.114:0/3025014391 shutdown_connections
2024-04-23T10:17:47.745 INFO:teuthology.orchestra.run.smithi114.stdout:/usr/bin/ceph: stderr
2024-04-23T10:17:41.471+0000 7f5b68e33700 1 --2- 172.21.15.114:0/3025014391 >> [v2:172.21.15.114:3300/0,v1:172.21.15.114:6789/0] conn(0x7f5b64108ff0 0x7f5b6410b3e0 unknown :-1 s=CLOSED pgs=61 cs=0 l=1 rev1=1 crypto rx=0 tx=0 comp rx=0 tx=0).stop
2024-04-23T10:17:47.745 INFO:teuthology.orchestra.run.smithi114.stdout:/usr/bin/ceph: stderr
2024-04-23T10:17:41.471+0000 7f5b68e33700 1 -- 172.21.15.114:0/3025014391 >> 172.21.15.114:0/3025014391 conn(0x7f5b64102a60 msgr2=0x7f5b64104e80 unknown :-1 s=STATE_NONE l=0).mark_down
2024-04-23T10:17:47.745 INFO:teuthology.orchestra.run.smithi114.stdout:/usr/bin/ceph: stderr
2024-04-23T10:17:41.472+0000 7f5b68e33700 1 -- 172.21.15.114:0/3025014391 shutdown_connections
2024-04-23T10:17:47.745 INFO:teuthology.orchestra.run.smithi114.stdout:/usr/bin/ceph: stderr
2024-04-23T10:17:41.472+0000 7f5b68e33700 1 -- 172.21.15.114:0/3025014391 wait complete.
2024-04-23T10:17:47.745 INFO:teuthology.orchestra.run.smithi114.stdout:/usr/bin/ceph: stderr
2024-04-23T10:17:41.472+0000 7f5b68e33700 1 Processor -- start
2024-04-23T10:17:47.745 INFO:teuthology.orchestra.run.smithi114.stdout:/usr/bin/ceph: stderr
2024-04-23T10:17:41.472+0000 7f5b68e33700 1 -- start start
2024-04-23T10:17:47.746 INFO:teuthology.orchestra.run.smithi114.stdout:/usr/bin/ceph: stderr
2024-04-23T10:17:41.472+0000 7f5b68e33700 1 --2- >> [v2:172.21.15.114:3300/0,v1:172.21.15.114:6789/0] conn(0x7f5b64108ff0 0x7f5b6419c570 unknown :-1 s=NONE pgs=0 cs=0 l=1 rev1=0 crypto rx=0 tx=0 comp rx=0 tx=0).connect
2024-04-23T10:17:47.746 INFO:teuthology.orchestra.run.smithi114.stdout:/usr/bin/ceph: stderr
2024-04-23T10:17:41.472+0000 7f5b68e33700 1 -- --> [v2:172.21.15.114:3300/0,v1:172.21.15.114:6789/0] -- mon_getmap magic: 0 -- 0x7f5b6410c9f0 con 0x7f5b64108ff0
2024-04-23T10:17:47.746 INFO:teuthology.orchestra.run.smithi114.stdout:/usr/bin/ceph: stderr
2024-04-23T10:17:41.473+0000 7f5b6259c700 1 --2- >> [v2:172.21.15.114:3300/0,v1:172.21.15.114:6789/0] conn(0x7f5b64108ff0 0x7f5b6419c570 unknown :-1 s=BANNER_CONNECTING pgs=0 cs=0 l=1 rev1=0 crypto rx=0 tx=0 comp rx=0 tx=0)._handle_peer_banner_payload supported=3 required=0
2024-04-23T10:17:47.746 INFO:teuthology.orchestra.run.smithi114.stdout:/usr/bin/ceph: stderr
2024-04-23T10:17:41.473+0000 7f5b6259c700 1 --2- >> [v2:172.21.15.114:3300/0,v1:172.21.15.114:6789/0] conn(0x7f5b64108ff0 0x7f5b6419c570 unknown :-1 s=HELLO_CONNECTING pgs=0 cs=0 l=1 rev1=1 crypto rx=0 tx=0 comp rx=0 tx=0).handle_hello peer v2:172.21.15.114:3300/0 says I am v2:172.21.15.114:47890/0 (socket says 172.21.15.114:47890)
2024-04-23T10:17:47.746 INFO:teuthology.orchestra.run.smithi114.stdout:/usr/bin/ceph: stderr
2024-04-23T10:17:41.473+0000 7f5b6259c700 1 -- 172.21.15.114:0/96543514 learned_addr learned my addr 172.21.15.114:0/96543514 (peer_addr_for_me v2:172.21.15.114:0/0)
2024-04-23T10:17:47.746 INFO:teuthology.orchestra.run.smithi114.stdout:/usr/bin/ceph: stderr
2024-04-23T10:17:41.473+0000 7f5b6259c700 1 -- 172.21.15.114:0/96543514 --> [v2:172.21.15.114:3300/0,v1:172.21.15.114:6789/0] -- mon_subscribe({config=0+,monmap=0+}) -- 0x7f5b6419cab0 con 0x7f5b64108ff0
2024-04-23T10:17:47.746 INFO:teuthology.orchestra.run.smithi114.stdout:/usr/bin/ceph: stderr
2024-04-23T10:17:41.473+0000 7f5b6259c700 1 --2- 172.21.15.114:0/96543514 >> [v2:172.21.15.114:3300/0,v1:172.21.15.114:6789/0] conn(0x7f5b64108ff0 0x7f5b6419c570 secure :-1 s=READY pgs=62 cs=0 l=1 rev1=1 crypto rx=0x7f5b54004660 tx=0x7f5b54011aa0 comp rx=0 tx=0).ready entity=mon.0 client_cookie=0 server_cookie=0 in_seq=0 out_seq=0
2024-04-23T10:17:47.746 INFO:teuthology.orchestra.run.smithi114.stdout:/usr/bin/ceph: stderr
2024-04-23T10:17:41.473+0000 7f5b537fe700 1 -- 172.21.15.114:0/96543514 <== mon.0 v2:172.21.15.114:3300/0 1 ==== mon_map magic: 0 ==== 205+0+0 (secure 0 0 0) 0x7f5b54003aa0 con 0x7f5b64108ff0
2024-04-23T10:17:47.746 INFO:teuthology.orchestra.run.smithi114.stdout:/usr/bin/ceph: stderr
2024-04-23T10:17:41.473+0000 7f5b68e33700 1 -- 172.21.15.114:0/96543514 --> [v2:172.21.15.114:3300/0,v1:172.21.15.114:6789/0] -- mon_subscribe({mgrmap=0+}) -- 0x7f5b6419cd40 con 0x7f5b64108ff0
2024-04-23T10:17:47.746 INFO:teuthology.orchestra.run.smithi114.stdout:/usr/bin/ceph: stderr
2024-04-23T10:17:41.473+0000 7f5b537fe700 1 -- 172.21.15.114:0/96543514 <== mon.0 v2:172.21.15.114:3300/0 2 ==== config(26 keys) ==== 1101+0+0 (secure 0 0 0) 0x7f5b5401b8f0 con 0x7f5b64108ff0
2024-04-23T10:17:47.746 INFO:teuthology.orchestra.run.smithi114.stdout:/usr/bin/ceph: stderr
2024-04-23T10:17:41.473+0000 7f5b537fe700 1 -- 172.21.15.114:0/96543514 <== mon.0 v2:172.21.15.114:3300/0 3 ==== mon_map magic: 0 ==== 205+0+0 (secure 0 0 0) 0x7f5b54023900 con 0x7f5b64108ff0
2024-04-23T10:17:47.746 INFO:teuthology.orchestra.run.smithi114.stdout:/usr/bin/ceph: stderr
2024-04-23T10:17:41.473+0000 7f5b68e33700 1 -- 172.21.15.114:0/96543514 --> [v2:172.21.15.114:3300/0,v1:172.21.15.114:6789/0] -- mon_subscribe({osdmap=0}) -- 0x7f5b6419fa30 con 0x7f5b64108ff0
2024-04-23T10:17:47.746 INFO:teuthology.orchestra.run.smithi114.stdout:/usr/bin/ceph: stderr
2024-04-23T10:17:41.474+0000 7f5b537fe700 1 -- 172.21.15.114:0/96543514 <== mon.0 v2:172.21.15.114:3300/0 4 ==== mgrmap(e 9) ==== 46571+0+0 (secure 0 0 0) 0x7f5b54023bc0 con 0x7f5b64108ff0
2024-04-23T10:17:47.746 INFO:teuthology.orchestra.run.smithi114.stdout:/usr/bin/ceph: stderr
2024-04-23T10:17:41.474+0000 7f5b537fe700 1 --2- 172.21.15.114:0/96543514 >> [v2:172.21.15.114:6800/1604678557,v1:172.21.15.114:6801/1604678557] conn(0x7f5b4c039600 0x7f5b4c03bac0 unknown :-1 s=NONE pgs=0 cs=0 l=1 rev1=0 crypto rx=0 tx=0 comp rx=0 tx=0).connect
2024-04-23T10:17:47.746 INFO:teuthology.orchestra.run.smithi114.stdout:/usr/bin/ceph: stderr
2024-04-23T10:17:41.474+0000 7f5b537fe700 1 -- 172.21.15.114:0/96543514 --> [v2:172.21.15.114:6800/1604678557,v1:172.21.15.114:6801/1604678557] -- command(tid 0: {"prefix": "get_command_descriptions"}) -- 0x7f5b4c03c1d0 con 0x7f5b4c039600
2024-04-23T10:17:47.747 INFO:teuthology.orchestra.run.smithi114.stdout:/usr/bin/ceph: stderr
2024-04-23T10:17:41.474+0000 7f5b537fe700 1 -- 172.21.15.114:0/96543514 <== mon.0 v2:172.21.15.114:3300/0 5 ==== osd_map(2..2 src has 1..2) ==== 940+0+0 (secure 0 0 0) 0x7f5b5404e120 con 0x7f5b64108ff0
2024-04-23T10:17:47.747 INFO:teuthology.orchestra.run.smithi114.stdout:/usr/bin/ceph: stderr
2024-04-23T10:17:41.474+0000 7f5b61d9b700 1 -- 172.21.15.114:0/96543514 >> [v2:172.21.15.114:6800/1604678557,v1:172.21.15.114:6801/1604678557] conn(0x7f5b4c039600 msgr2=0x7f5b4c03bac0 unknown :-1 s=STATE_CONNECTING_RE l=1).process reconnect failed to v2:172.21.15.114:6800/1604678557
2024-04-23T10:17:47.747 INFO:teuthology.orchestra.run.smithi114.stdout:/usr/bin/ceph: stderr
2024-04-23T10:17:41.474+0000 7f5b61d9b700 1 --2- 172.21.15.114:0/96543514 >> [v2:172.21.15.114:6800/1604678557,v1:172.21.15.114:6801/1604678557] conn(0x7f5b4c039600 0x7f5b4c03bac0 unknown :-1 s=START_CONNECT pgs=0 cs=0 l=1 rev1=0 crypto rx=0 tx=0 comp rx=0 tx=0)._fault waiting 0.200000
2024-04-23T10:17:47.747 INFO:teuthology.orchestra.run.smithi114.stdout:/usr/bin/ceph: stderr
2024-04-23T10:17:41.675+0000 7f5b61d9b700 1 -- 172.21.15.114:0/96543514 >> [v2:172.21.15.114:6800/1604678557,v1:172.21.15.114:6801/1604678557] conn(0x7f5b4c039600 msgr2=0x7f5b4c03bac0 unknown :-1 s=STATE_CONNECTING_RE l=1).process reconnect failed to v2:172.21.15.114:6800/1604678557
2024-04-23T10:17:47.747 INFO:teuthology.orchestra.run.smithi114.stdout:/usr/bin/ceph: stderr
2024-04-23T10:17:41.675+0000 7f5b61d9b700 1 --2- 172.21.15.114:0/96543514 >> [v2:172.21.15.114:6800/1604678557,v1:172.21.15.114:6801/1604678557] conn(0x7f5b4c039600 0x7f5b4c03bac0 unknown :-1 s=START_CONNECT pgs=0 cs=0 l=1 rev1=0 crypto rx=0 tx=0 comp rx=0 tx=0)._fault waiting 0.400000
2024-04-23T10:17:47.747 INFO:teuthology.orchestra.run.smithi114.stdout:/usr/bin/ceph: stderr
2024-04-23T10:17:42.076+0000 7f5b61d9b700 1 -- 172.21.15.114:0/96543514 >> [v2:172.21.15.114:6800/1604678557,v1:172.21.15.114:6801/1604678557] conn(0x7f5b4c039600 msgr2=0x7f5b4c03bac0 unknown :-1 s=STATE_CONNECTING_RE l=1).process reconnect failed to v2:172.21.15.114:6800/1604678557
2024-04-23T10:17:47.747 INFO:teuthology.orchestra.run.smithi114.stdout:/usr/bin/ceph: stderr
2024-04-23T10:17:42.076+0000 7f5b61d9b700 1 --2- 172.21.15.114:0/96543514 >> [v2:172.21.15.114:6800/1604678557,v1:172.21.15.114:6801/1604678557] conn(0x7f5b4c039600 0x7f5b4c03bac0 unknown :-1 s=START_CONNECT pgs=0 cs=0 l=1 rev1=0 crypto rx=0 tx=0 comp rx=0 tx=0)._fault waiting 0.800000
2024-04-23T10:17:47.747 INFO:teuthology.orchestra.run.smithi114.stdout:/usr/bin/ceph: stderr
2024-04-23T10:17:42.877+0000 7f5b61d9b700 1 -- 172.21.15.114:0/96543514 >> [v2:172.21.15.114:6800/1604678557,v1:172.21.15.114:6801/1604678557] conn(0x7f5b4c039600 msgr2=0x7f5b4c03bac0 unknown :-1 s=STATE_CONNECTING_RE l=1).process reconnect failed to v2:172.21.15.114:6800/1604678557
2024-04-23T10:17:47.747 INFO:teuthology.orchestra.run.smithi114.stdout:/usr/bin/ceph: stderr
2024-04-23T10:17:42.877+0000 7f5b61d9b700 1 --2- 172.21.15.114:0/96543514 >> [v2:172.21.15.114:6800/1604678557,v1:172.21.15.114:6801/1604678557] conn(0x7f5b4c039600 0x7f5b4c03bac0 unknown :-1 s=START_CONNECT pgs=0 cs=0 l=1 rev1=0 crypto rx=0 tx=0 comp rx=0 tx=0)._fault waiting 1.600000
2024-04-23T10:17:47.747 INFO:teuthology.orchestra.run.smithi114.stdout:/usr/bin/ceph: stderr
2024-04-23T10:17:44.478+0000 7f5b61d9b700 1 -- 172.21.15.114:0/96543514 >> [v2:172.21.15.114:6800/1604678557,v1:172.21.15.114:6801/1604678557] conn(0x7f5b4c039600 msgr2=0x7f5b4c03bac0 unknown :-1 s=STATE_CONNECTING_RE l=1).process reconnect failed to v2:172.21.15.114:6800/1604678557
2024-04-23T10:17:47.747 INFO:teuthology.orchestra.run.smithi114.stdout:/usr/bin/ceph: stderr
2024-04-23T10:17:44.478+0000 7f5b61d9b700 1 --2- 172.21.15.114:0/96543514 >> [v2:172.21.15.114:6800/1604678557,v1:172.21.15.114:6801/1604678557] conn(0x7f5b4c039600 0x7f5b4c03bac0 unknown :-1 s=START_CONNECT pgs=0 cs=0 l=1 rev1=0 crypto rx=0 tx=0 comp rx=0 tx=0)._fault waiting 3.200000
2024-04-23T10:17:47.747 INFO:teuthology.orchestra.run.smithi114.stdout:/usr/bin/ceph: stderr
2024-04-23T10:17:45.875+0000 7f5b537fe700 1 -- 172.21.15.114:0/96543514 <== mon.0 v2:172.21.15.114:3300/0 6 ==== mgrmap(e 10) ==== 46338+0+0 (secure 0 0 0) 0x7f5b5402c3f0 con 0x7f5b64108ff0
2024-04-23T10:17:47.747 INFO:teuthology.orchestra.run.smithi114.stdout:/usr/bin/ceph: stderr
2024-04-23T10:17:45.875+0000 7f5b537fe700 1 -- 172.21.15.114:0/96543514 >> [v2:172.21.15.114:6800/1604678557,v1:172.21.15.114:6801/1604678557] conn(0x7f5b4c039600 msgr2=0x7f5b4c03bac0 unknown :-1 s=STATE_CONNECTING l=1).mark_down
2024-04-23T10:17:47.747 INFO:teuthology.orchestra.run.smithi114.stdout:/usr/bin/ceph: stderr
2024-04-23T10:17:45.875+0000 7f5b537fe700 1 --2- 172.21.15.114:0/96543514 >> [v2:172.21.15.114:6800/1604678557,v1:172.21.15.114:6801/1604678557] conn(0x7f5b4c039600 0x7f5b4c03bac0 unknown :-1 s=START_CONNECT pgs=0 cs=0 l=1 rev1=0 crypto rx=0 tx=0 comp rx=0 tx=0).stop
2024-04-23T10:17:47.747 INFO:teuthology.orchestra.run.smithi114.stdout:/usr/bin/ceph: stderr
2024-04-23T10:17:46.877+0000 7f5b537fe700 1 -- 172.21.15.114:0/96543514 <== mon.0 v2:172.21.15.114:3300/0 7 ==== mgrmap(e 11) ==== 46465+0+0 (secure 0 0 0) 0x7f5b5404fd20 con 0x7f5b64108ff0
2024-04-23T10:17:47.748 INFO:teuthology.orchestra.run.smithi114.stdout:/usr/bin/ceph: stderr
2024-04-23T10:17:46.877+0000 7f5b537fe700 1 --2- 172.21.15.114:0/96543514 >> [v2:172.21.15.114:6800/465333808,v1:172.21.15.114:6801/465333808] conn(0x7f5b4c03cfe0 0x7f5b4c03f3d0 unknown :-1 s=NONE pgs=0 cs=0 l=1 rev1=0 crypto rx=0 tx=0 comp rx=0 tx=0).connect
2024-04-23T10:17:47.748 INFO:teuthology.orchestra.run.smithi114.stdout:/usr/bin/ceph: stderr
2024-04-23T10:17:46.877+0000 7f5b537fe700 1 -- 172.21.15.114:0/96543514 --> [v2:172.21.15.114:6800/465333808,v1:172.21.15.114:6801/465333808] -- command(tid 0: {"prefix": "get_command_descriptions"}) -- 0x7f5b54001d30 con 0x7f5b4c03cfe0
2024-04-23T10:17:47.748 INFO:teuthology.orchestra.run.smithi114.stdout:/usr/bin/ceph: stderr
2024-04-23T10:17:46.878+0000 7f5b61d9b700 1 --2- 172.21.15.114:0/96543514 >> [v2:172.21.15.114:6800/465333808,v1:172.21.15.114:6801/465333808] conn(0x7f5b4c03cfe0 0x7f5b4c03f3d0 unknown :-1 s=BANNER_CONNECTING pgs=0 cs=0 l=1 rev1=0 crypto rx=0 tx=0 comp rx=0 tx=0)._handle_peer_banner_payload supported=3 required=0
2024-04-23T10:17:47.748 INFO:teuthology.orchestra.run.smithi114.stdout:/usr/bin/ceph: stderr
2024-04-23T10:17:46.878+0000 7f5b61d9b700 1 --2- 172.21.15.114:0/96543514 >> [v2:172.21.15.114:6800/465333808,v1:172.21.15.114:6801/465333808] conn(0x7f5b4c03cfe0 0x7f5b4c03f3d0 secure :-1 s=READY pgs=2 cs=0 l=1 rev1=1 crypto rx=0x7f5b58003a10 tx=0x7f5b580092b0 comp rx=0 tx=0).ready entity=mgr.14152 client_cookie=0 server_cookie=0 in_seq=0 out_seq=0
2024-04-23T10:17:47.748 INFO:teuthology.orchestra.run.smithi114.stdout:/usr/bin/ceph: stderr
2024-04-23T10:17:46.879+0000 7f5b537fe700 1 -- 172.21.15.114:0/96543514 <== mgr.14152 v2:172.21.15.114:6800/465333808 1 ==== command_reply(tid 0: 0 ) ==== 8+0+7774 (secure 0 0 0) 0x7f5b54001d30 con 0x7f5b4c03cfe0
2024-04-23T10:17:47.748 INFO:teuthology.orchestra.run.smithi114.stdout:/usr/bin/ceph: stderr
2024-04-23T10:17:46.890+0000 7f5b68e33700 1 -- 172.21.15.114:0/96543514 --> [v2:172.21.15.114:6800/465333808,v1:172.21.15.114:6801/465333808] -- command(tid 1: {"prefix": "mgr_status"}) -- 0x7f5b6419d220 con 0x7f5b4c03cfe0
2024-04-23T10:17:47.748 INFO:teuthology.orchestra.run.smithi114.stdout:/usr/bin/ceph: stderr
2024-04-23T10:17:46.890+0000 7f5b537fe700 1 -- 172.21.15.114:0/96543514 <== mgr.14152 v2:172.21.15.114:6800/465333808 2 ==== command_reply(tid 1: 0 ) ==== 8+0+52 (secure 0 0 0) 0x7f5b6419d220 con 0x7f5b4c03cfe0
2024-04-23T10:17:47.748 INFO:teuthology.orchestra.run.smithi114.stdout:/usr/bin/ceph: stderr
2024-04-23T10:17:46.891+0000 7f5b68e33700 1 -- 172.21.15.114:0/96543514 >> [v2:172.21.15.114:6800/465333808,v1:172.21.15.114:6801/465333808] conn(0x7f5b4c03cfe0 msgr2=0x7f5b4c03f3d0 secure :-1 s=STATE_CONNECTION_ESTABLISHED l=1).mark_down
2024-04-23T10:17:47.748 INFO:teuthology.orchestra.run.smithi114.stdout:/usr/bin/ceph: stderr
2024-04-23T10:17:46.891+0000 7f5b68e33700 1 --2- 172.21.15.114:0/96543514 >> [v2:172.21.15.114:6800/465333808,v1:172.21.15.114:6801/465333808] conn(0x7f5b4c03cfe0 0x7f5b4c03f3d0 secure :-1 s=READY pgs=2 cs=0 l=1 rev1=1 crypto rx=0x7f5b58003a10 tx=0x7f5b580092b0 comp rx=0 tx=0).stop
2024-04-23T10:17:47.748 INFO:teuthology.orchestra.run.smithi114.stdout:/usr/bin/ceph: stderr
2024-04-23T10:17:46.891+0000 7f5b68e33700 1 -- 172.21.15.114:0/96543514 >> [v2:172.21.15.114:3300/0,v1:172.21.15.114:6789/0] conn(0x7f5b64108ff0 msgr2=0x7f5b6419c570 secure :-1 s=STATE_CONNECTION_ESTABLISHED l=1).mark_down
2024-04-23T10:17:47.748 INFO:teuthology.orchestra.run.smithi114.stdout:/usr/bin/ceph: stderr
2024-04-23T10:17:46.891+0000 7f5b68e33700 1 --2- 172.21.15.114:0/96543514 >> [v2:172.21.15.114:3300/0,v1:172.21.15.114:6789/0] conn(0x7f5b64108ff0 0x7f5b6419c570 secure :-1 s=READY pgs=62 cs=0 l=1 rev1=1 crypto rx=0x7f5b54004660 tx=0x7f5b54011aa0 comp rx=0 tx=0).stop
2024-04-23T10:17:47.748 INFO:teuthology.orchestra.run.smithi114.stdout:/usr/bin/ceph: stderr
2024-04-23T10:17:46.891+0000 7f5b68e33700 1 -- 172.21.15.114:0/96543514 shutdown_connections
2024-04-23T10:17:47.748 INFO:teuthology.orchestra.run.smithi114.stdout:/usr/bin/ceph: stderr
2024-04-23T10:17:46.891+0000 7f5b68e33700 1 --2- 172.21.15.114:0/96543514 >> [v2:172.21.15.114:6800/465333808,v1:172.21.15.114:6801/465333808] conn(0x7f5b4c03cfe0 0x7f5b4c03f3d0 unknown :-1 s=CLOSED pgs=2 cs=0 l=1 rev1=1 crypto rx=0 tx=0 comp rx=0 tx=0).stop
2024-04-23T10:17:47.748 INFO:teuthology.orchestra.run.smithi114.stdout:/usr/bin/ceph: stderr
2024-04-23T10:17:46.891+0000 7f5b68e33700 1 --2- 172.21.15.114:0/96543514 >> [v2:172.21.15.114:3300/0,v1:172.21.15.114:6789/0] conn(0x7f5b64108ff0 0x7f5b6419c570 unknown :-1 s=CLOSED pgs=62 cs=0 l=1 rev1=1 crypto rx=0 tx=0 comp rx=0 tx=0).stop
2024-04-23T10:17:47.748 INFO:teuthology.orchestra.run.smithi114.stdout:/usr/bin/ceph: stderr
2024-04-23T10:17:46.891+0000 7f5b68e33700 1 --2- 172.21.15.114:0/96543514 >> [v2:172.21.15.114:6800/1604678557,v1:172.21.15.114:6801/1604678557] conn(0x7f5b4c039600 0x7f5b4c03bac0 unknown :-1 s=CLOSED pgs=0 cs=0 l=1 rev1=0 crypto rx=0 tx=0 comp rx=0 tx=0).stop
2024-04-23T10:17:47.748 INFO:teuthology.orchestra.run.smithi114.stdout:/usr/bin/ceph: stderr
2024-04-23T10:17:46.891+0000 7f5b68e33700 1 -- 172.21.15.114:0/96543514 >> 172.21.15.114:0/96543514 conn(0x7f5b64102a60 msgr2=0x7f5b641034f0 unknown :-1 s=STATE_NONE l=0).mark_down
2024-04-23T10:17:47.749 INFO:teuthology.orchestra.run.smithi114.stdout:/usr/bin/ceph: stderr
2024-04-23T10:17:46.891+0000 7f5b68e33700 1 -- 172.21.15.114:0/96543514 shutdown_connections
2024-04-23T10:17:47.749 INFO:teuthology.orchestra.run.smithi114.stdout:/usr/bin/ceph: stderr
2024-04-23T10:17:46.891+0000 7f5b68e33700 1 -- 172.21.15.114:0/96543514 wait complete.
2024-04-23T10:17:47.749 INFO:teuthology.orchestra.run.smithi114.stdout:mgr epoch 9 is available
2024-04-23T10:17:47.749 INFO:teuthology.orchestra.run.smithi114.stdout:Generating a dashboard self-signed certificate...
2024-04-23T10:17:48.162 INFO:journalctl@ceph.mon.a.smithi114.stdout:Apr 23 10:17:47 smithi114 ceph-mon[29255]: [23/Apr/2024:10:17:46] ENGINE Bus STARTING
2024-04-23T10:17:48.162 INFO:journalctl@ceph.mon.a.smithi114.stdout:Apr 23 10:17:47 smithi114 ceph-mon[29255]: from='mgr.14152 172.21.15.114:0/1529706138' entity='mgr.x'
2024-04-23T10:17:49.032 INFO:teuthology.orchestra.run.smithi114.stdout:/usr/bin/ceph: stdout Self-signed certificate created
2024-04-23T10:17:49.032 INFO:teuthology.orchestra.run.smithi114.stdout:/usr/bin/ceph: stderr
2024-04-23T10:17:48.171+0000 7f5b30579700 1 Processor -- start
2024-04-23T10:17:49.032 INFO:teuthology.orchestra.run.smithi114.stdout:/usr/bin/ceph: stderr
2024-04-23T10:17:48.171+0000 7f5b30579700 1 -- start start
2024-04-23T10:17:49.032 INFO:teuthology.orchestra.run.smithi114.stdout:/usr/bin/ceph: stderr
2024-04-23T10:17:48.172+0000 7f5b30579700 1 --2- >> [v2:172.21.15.114:3300/0,v1:172.21.15.114:6789/0] conn(0x7f5b28109010 0x7f5b2810b400 unknown :-1 s=NONE pgs=0 cs=0 l=0 rev1=0 crypto rx=0 tx=0 comp rx=0 tx=0).connect
2024-04-23T10:17:49.032 INFO:teuthology.orchestra.run.smithi114.stdout:/usr/bin/ceph: stderr
2024-04-23T10:17:48.172+0000 7f5b30579700 1 -- --> [v2:172.21.15.114:3300/0,v1:172.21.15.114:6789/0] -- mon_getmap magic: 0 -- 0x7f5b28063d00 con 0x7f5b28109010
2024-04-23T10:17:49.032 INFO:teuthology.orchestra.run.smithi114.stdout:/usr/bin/ceph: stderr
2024-04-23T10:17:48.172+0000 7f5b2e315700 1 --2- >> [v2:172.21.15.114:3300/0,v1:172.21.15.114:6789/0] conn(0x7f5b28109010 0x7f5b2810b400 unknown :-1 s=BANNER_CONNECTING pgs=0 cs=0 l=0 rev1=0 crypto rx=0 tx=0 comp rx=0 tx=0)._handle_peer_banner_payload supported=3 required=0
2024-04-23T10:17:49.032 INFO:teuthology.orchestra.run.smithi114.stdout:/usr/bin/ceph: stderr
2024-04-23T10:17:48.172+0000 7f5b2e315700 1 --2- >> [v2:172.21.15.114:3300/0,v1:172.21.15.114:6789/0] conn(0x7f5b28109010 0x7f5b2810b400 unknown :-1 s=HELLO_CONNECTING pgs=0 cs=0 l=0 rev1=1 crypto rx=0 tx=0 comp rx=0 tx=0).handle_hello peer v2:172.21.15.114:3300/0 says I am v2:172.21.15.114:44786/0 (socket says 172.21.15.114:44786)
2024-04-23T10:17:49.032 INFO:teuthology.orchestra.run.smithi114.stdout:/usr/bin/ceph: stderr
2024-04-23T10:17:48.172+0000 7f5b2e315700 1 -- 172.21.15.114:0/1631772189 learned_addr learned my addr 172.21.15.114:0/1631772189 (peer_addr_for_me v2:172.21.15.114:0/0)
2024-04-23T10:17:49.033 INFO:teuthology.orchestra.run.smithi114.stdout:/usr/bin/ceph: stderr
2024-04-23T10:17:48.172+0000 7f5b2e315700 1 -- 172.21.15.114:0/1631772189 --> [v2:172.21.15.114:3300/0,v1:172.21.15.114:6789/0] -- mon_subscribe({config=0+,monmap=0+}) -- 0x7f5b2810b940 con 0x7f5b28109010
2024-04-23T10:17:49.033 INFO:teuthology.orchestra.run.smithi114.stdout:/usr/bin/ceph: stderr
2024-04-23T10:17:48.172+0000 7f5b2e315700 1 --2- 172.21.15.114:0/1631772189 >> [v2:172.21.15.114:3300/0,v1:172.21.15.114:6789/0] conn(0x7f5b28109010 0x7f5b2810b400 secure :-1 s=READY pgs=70 cs=0 l=1 rev1=1 crypto rx=0x7f5b240098a0 tx=0x7f5b24009bb0 comp rx=0 tx=0).ready entity=mon.0 client_cookie=3844deb281de741d server_cookie=0 in_seq=0 out_seq=0
2024-04-23T10:17:49.033 INFO:teuthology.orchestra.run.smithi114.stdout:/usr/bin/ceph: stderr
2024-04-23T10:17:48.173+0000 7f5b2d313700 1 -- 172.21.15.114:0/1631772189 <== mon.0 v2:172.21.15.114:3300/0 1 ==== mon_map magic: 0 ==== 205+0+0 (secure 0 0 0) 0x7f5b24004160 con 0x7f5b28109010
2024-04-23T10:17:49.033 INFO:teuthology.orchestra.run.smithi114.stdout:/usr/bin/ceph: stderr
2024-04-23T10:17:48.173+0000 7f5b2d313700 1 -- 172.21.15.114:0/1631772189 <== mon.0 v2:172.21.15.114:3300/0 2 ==== config(26 keys) ==== 1101+0+0 (secure 0 0 0) 0x7f5b24004300 con 0x7f5b28109010
2024-04-23T10:17:49.033 INFO:teuthology.orchestra.run.smithi114.stdout:/usr/bin/ceph: stderr
2024-04-23T10:17:48.173+0000 7f5b2d313700 1 -- 172.21.15.114:0/1631772189 <== mon.0 v2:172.21.15.114:3300/0 3 ==== mon_map magic: 0 ==== 205+0+0 (secure 0 0 0) 0x7f5b24011a20 con 0x7f5b28109010
2024-04-23T10:17:49.033 INFO:teuthology.orchestra.run.smithi114.stdout:/usr/bin/ceph: stderr
2024-04-23T10:17:48.173+0000 7f5b30579700 1 -- 172.21.15.114:0/1631772189 >> [v2:172.21.15.114:3300/0,v1:172.21.15.114:6789/0] conn(0x7f5b28109010 msgr2=0x7f5b2810b400 secure :-1 s=STATE_CONNECTION_ESTABLISHED l=1).mark_down
2024-04-23T10:17:49.033 INFO:teuthology.orchestra.run.smithi114.stdout:/usr/bin/ceph: stderr
2024-04-23T10:17:48.173+0000 7f5b30579700 1 --2- 172.21.15.114:0/1631772189 >> [v2:172.21.15.114:3300/0,v1:172.21.15.114:6789/0] conn(0x7f5b28109010 0x7f5b2810b400 secure :-1 s=READY pgs=70 cs=0 l=1 rev1=1 crypto rx=0x7f5b240098a0 tx=0x7f5b24009bb0 comp rx=0 tx=0).stop
2024-04-23T10:17:49.033 INFO:teuthology.orchestra.run.smithi114.stdout:/usr/bin/ceph: stderr
2024-04-23T10:17:48.173+0000 7f5b30579700 1 -- 172.21.15.114:0/1631772189 shutdown_connections
2024-04-23T10:17:49.033 INFO:teuthology.orchestra.run.smithi114.stdout:/usr/bin/ceph: stderr
2024-04-23T10:17:48.173+0000 7f5b30579700 1 --2- 172.21.15.114:0/1631772189 >> [v2:172.21.15.114:3300/0,v1:172.21.15.114:6789/0] conn(0x7f5b28109010 0x7f5b2810b400 unknown :-1 s=CLOSED pgs=70 cs=0 l=1 rev1=1 crypto rx=0 tx=0 comp rx=0 tx=0).stop
2024-04-23T10:17:49.033 INFO:teuthology.orchestra.run.smithi114.stdout:/usr/bin/ceph: stderr
2024-04-23T10:17:48.173+0000 7f5b30579700 1 -- 172.21.15.114:0/1631772189 >> 172.21.15.114:0/1631772189 conn(0x7f5b28102a40 msgr2=0x7f5b28104e60 unknown :-1 s=STATE_NONE l=0).mark_down
2024-04-23T10:17:49.033 INFO:teuthology.orchestra.run.smithi114.stdout:/usr/bin/ceph: stderr
2024-04-23T10:17:48.173+0000 7f5b30579700 1 -- 172.21.15.114:0/1631772189 shutdown_connections
2024-04-23T10:17:49.033 INFO:teuthology.orchestra.run.smithi114.stdout:/usr/bin/ceph: stderr
2024-04-23T10:17:48.173+0000 7f5b30579700 1 -- 172.21.15.114:0/1631772189 wait complete.
2024-04-23T10:17:49.033 INFO:teuthology.orchestra.run.smithi114.stdout:/usr/bin/ceph: stderr
2024-04-23T10:17:48.174+0000 7f5b30579700 1 Processor -- start
2024-04-23T10:17:49.033 INFO:teuthology.orchestra.run.smithi114.stdout:/usr/bin/ceph: stderr
2024-04-23T10:17:48.174+0000 7f5b30579700 1 -- start start
2024-04-23T10:17:49.034 INFO:teuthology.orchestra.run.smithi114.stdout:/usr/bin/ceph: stderr
2024-04-23T10:17:48.174+0000 7f5b30579700 1 --2- >> [v2:172.21.15.114:3300/0,v1:172.21.15.114:6789/0] conn(0x7f5b28109010 0x7f5b2819c3f0 unknown :-1 s=NONE pgs=0 cs=0 l=1 rev1=0 crypto rx=0 tx=0 comp rx=0 tx=0).connect
2024-04-23T10:17:49.034 INFO:teuthology.orchestra.run.smithi114.stdout:/usr/bin/ceph: stderr
2024-04-23T10:17:48.174+0000 7f5b30579700 1 -- --> [v2:172.21.15.114:3300/0,v1:172.21.15.114:6789/0] -- mon_getmap magic: 0 -- 0x7f5b2810c8f0 con 0x7f5b28109010
2024-04-23T10:17:49.034 INFO:teuthology.orchestra.run.smithi114.stdout:/usr/bin/ceph: stderr
2024-04-23T10:17:48.174+0000 7f5b2e315700 1 --2- >> [v2:172.21.15.114:3300/0,v1:172.21.15.114:6789/0] conn(0x7f5b28109010 0x7f5b2819c3f0 unknown :-1 s=BANNER_CONNECTING pgs=0 cs=0 l=1 rev1=0 crypto rx=0 tx=0 comp rx=0 tx=0)._handle_peer_banner_payload supported=3 required=0
2024-04-23T10:17:49.034 INFO:teuthology.orchestra.run.smithi114.stdout:/usr/bin/ceph: stderr
2024-04-23T10:17:48.174+0000 7f5b2e315700 1 --2- >> [v2:172.21.15.114:3300/0,v1:172.21.15.114:6789/0] conn(0x7f5b28109010 0x7f5b2819c3f0 unknown :-1 s=HELLO_CONNECTING pgs=0 cs=0 l=1 rev1=1 crypto rx=0 tx=0 comp rx=0 tx=0).handle_hello peer v2:172.21.15.114:3300/0 says I am v2:172.21.15.114:44794/0 (socket says 172.21.15.114:44794)
2024-04-23T10:17:49.034 INFO:teuthology.orchestra.run.smithi114.stdout:/usr/bin/ceph: stderr
2024-04-23T10:17:48.174+0000 7f5b2e315700 1 -- 172.21.15.114:0/489689643 learned_addr learned my addr 172.21.15.114:0/489689643 (peer_addr_for_me v2:172.21.15.114:0/0)
2024-04-23T10:17:49.034 INFO:teuthology.orchestra.run.smithi114.stdout:/usr/bin/ceph: stderr
2024-04-23T10:17:48.175+0000 7f5b2e315700 1 -- 172.21.15.114:0/489689643 --> [v2:172.21.15.114:3300/0,v1:172.21.15.114:6789/0] -- mon_subscribe({config=0+,monmap=0+}) -- 0x7f5b2819c930 con 0x7f5b28109010
2024-04-23T10:17:49.034 INFO:teuthology.orchestra.run.smithi114.stdout:/usr/bin/ceph: stderr
2024-04-23T10:17:48.175+0000 7f5b2e315700 1 --2- 172.21.15.114:0/489689643 >> [v2:172.21.15.114:3300/0,v1:172.21.15.114:6789/0] conn(0x7f5b28109010 0x7f5b2819c3f0 secure :-1 s=READY pgs=71 cs=0 l=1 rev1=1 crypto rx=0x7f5b24000c00 tx=0x7f5b24011aa0 comp rx=0 tx=0).ready entity=mon.0 client_cookie=0 server_cookie=0 in_seq=0 out_seq=0
2024-04-23T10:17:49.034 INFO:teuthology.orchestra.run.smithi114.stdout:/usr/bin/ceph: stderr
2024-04-23T10:17:48.175+0000 7f5b1f7fe700 1 -- 172.21.15.114:0/489689643 <== mon.0 v2:172.21.15.114:3300/0 1 ==== mon_map magic: 0 ==== 205+0+0 (secure 0 0 0) 0x7f5b24003aa0 con 0x7f5b28109010
2024-04-23T10:17:49.034 INFO:teuthology.orchestra.run.smithi114.stdout:/usr/bin/ceph: stderr
2024-04-23T10:17:48.175+0000 7f5b30579700 1 -- 172.21.15.114:0/489689643 --> [v2:172.21.15.114:3300/0,v1:172.21.15.114:6789/0] -- mon_subscribe({mgrmap=0+}) -- 0x7f5b2819cbc0 con 0x7f5b28109010
2024-04-23T10:17:49.034 INFO:teuthology.orchestra.run.smithi114.stdout:/usr/bin/ceph: stderr
2024-04-23T10:17:48.175+0000 7f5b1f7fe700 1 -- 172.21.15.114:0/489689643 <== mon.0 v2:172.21.15.114:3300/0 2 ==== config(26 keys) ==== 1101+0+0 (secure 0 0 0) 0x7f5b2401b8f0 con 0x7f5b28109010
2024-04-23T10:17:49.034 INFO:teuthology.orchestra.run.smithi114.stdout:/usr/bin/ceph: stderr
2024-04-23T10:17:48.175+0000 7f5b1f7fe700 1 -- 172.21.15.114:0/489689643 <== mon.0 v2:172.21.15.114:3300/0 3 ==== mon_map magic: 0 ==== 205+0+0 (secure 0 0 0) 0x7f5b24023870 con 0x7f5b28109010
2024-04-23T10:17:49.034 INFO:teuthology.orchestra.run.smithi114.stdout:/usr/bin/ceph: stderr
2024-04-23T10:17:48.175+0000 7f5b30579700 1 -- 172.21.15.114:0/489689643 --> [v2:172.21.15.114:3300/0,v1:172.21.15.114:6789/0] -- mon_subscribe({osdmap=0}) -- 0x7f5b2819f8b0 con 0x7f5b28109010
2024-04-23T10:17:49.034 INFO:teuthology.orchestra.run.smithi114.stdout:/usr/bin/ceph: stderr
2024-04-23T10:17:48.176+0000 7f5b1f7fe700 1 -- 172.21.15.114:0/489689643 <== mon.0 v2:172.21.15.114:3300/0 4 ==== mgrmap(e 11) ==== 46465+0+0 (secure 0 0 0) 0x7f5b24023b70 con 0x7f5b28109010
2024-04-23T10:17:49.034 INFO:teuthology.orchestra.run.smithi114.stdout:/usr/bin/ceph: stderr
2024-04-23T10:17:48.176+0000 7f5b30579700 1 -- 172.21.15.114:0/489689643 --> [v2:172.21.15.114:3300/0,v1:172.21.15.114:6789/0] -- mon_command({"prefix": "get_command_descriptions"} v 0) -- 0x7f5b280640a0 con 0x7f5b28109010
2024-04-23T10:17:49.035 INFO:teuthology.orchestra.run.smithi114.stdout:/usr/bin/ceph: stderr
2024-04-23T10:17:48.176+0000 7f5b1f7fe700 1 --2- 172.21.15.114:0/489689643 >> [v2:172.21.15.114:6800/465333808,v1:172.21.15.114:6801/465333808] conn(0x7f5b140394e0 0x7f5b1403b9a0 unknown :-1 s=NONE pgs=0 cs=0 l=1 rev1=0 crypto rx=0 tx=0 comp rx=0 tx=0).connect
2024-04-23T10:17:49.035 INFO:teuthology.orchestra.run.smithi114.stdout:/usr/bin/ceph: stderr
2024-04-23T10:17:48.176+0000 7f5b1f7fe700 1 -- 172.21.15.114:0/489689643 <== mon.0 v2:172.21.15.114:3300/0 5 ==== osd_map(3..3 src has 1..3) ==== 1155+0+0 (secure 0 0 0) 0x7f5b2404de80 con 0x7f5b28109010
2024-04-23T10:17:49.035 INFO:teuthology.orchestra.run.smithi114.stdout:/usr/bin/ceph: stderr
2024-04-23T10:17:48.176+0000 7f5b2db14700 1 --2- 172.21.15.114:0/489689643 >> [v2:172.21.15.114:6800/465333808,v1:172.21.15.114:6801/465333808] conn(0x7f5b140394e0 0x7f5b1403b9a0 unknown :-1 s=BANNER_CONNECTING pgs=0 cs=0 l=1 rev1=0 crypto rx=0 tx=0 comp rx=0 tx=0)._handle_peer_banner_payload supported=3 required=0
2024-04-23T10:17:49.035 INFO:teuthology.orchestra.run.smithi114.stdout:/usr/bin/ceph: stderr
2024-04-23T10:17:48.177+0000 7f5b2db14700 1 --2- 172.21.15.114:0/489689643 >> [v2:172.21.15.114:6800/465333808,v1:172.21.15.114:6801/465333808] conn(0x7f5b140394e0 0x7f5b1403b9a0 secure :-1 s=READY pgs=7 cs=0 l=1 rev1=1 crypto rx=0x7f5b18006fd0 tx=0x7f5b18006e40 comp rx=0 tx=0).ready entity=mgr.14152 client_cookie=0 server_cookie=0 in_seq=0 out_seq=0
2024-04-23T10:17:49.035 INFO:teuthology.orchestra.run.smithi114.stdout:/usr/bin/ceph: stderr
2024-04-23T10:17:48.181+0000 7f5b1f7fe700 1 -- 172.21.15.114:0/489689643 <== mon.0 v2:172.21.15.114:3300/0 6 ==== mon_command_ack([{"prefix": "get_command_descriptions"}]=0 v0) ==== 72+0+188370 (secure 0 0 0) 0x7f5b2401f030 con 0x7f5b28109010
2024-04-23T10:17:49.035 INFO:teuthology.orchestra.run.smithi114.stdout:/usr/bin/ceph: stderr
2024-04-23T10:17:48.237+0000 7f5b1f7fe700 1 -- 172.21.15.114:0/489689643 <== mon.0 v2:172.21.15.114:3300/0 7 ==== mgrmap(e 12) ==== 46571+0+0 (secure 0 0 0) 0x7f5b2402c910 con 0x7f5b28109010
2024-04-23T10:17:49.035 INFO:teuthology.orchestra.run.smithi114.stdout:/usr/bin/ceph: stderr
2024-04-23T10:17:48.394+0000 7f5b30579700 1 -- 172.21.15.114:0/489689643 --> [v2:172.21.15.114:6800/465333808,v1:172.21.15.114:6801/465333808] -- mgr_command(tid 0: {"prefix": "dashboard create-self-signed-cert", "target": ["mon-mgr", ""]}) -- 0x7f5b28103ba0 con 0x7f5b140394e0
2024-04-23T10:17:49.035 INFO:teuthology.orchestra.run.smithi114.stdout:/usr/bin/ceph: stderr
2024-04-23T10:17:48.452+0000 7f5b1f7fe700 1 -- 172.21.15.114:0/489689643 <== mgr.14152 v2:172.21.15.114:6800/465333808 1 ==== mgr_command_reply(tid 0: 0 ) ==== 8+0+32 (secure 0 0 0) 0x7f5b28103ba0 con 0x7f5b140394e0
2024-04-23T10:17:49.035 INFO:teuthology.orchestra.run.smithi114.stdout:/usr/bin/ceph: stderr
2024-04-23T10:17:48.454+0000 7f5b30579700 1 -- 172.21.15.114:0/489689643 >> [v2:172.21.15.114:6800/465333808,v1:172.21.15.114:6801/465333808] conn(0x7f5b140394e0 msgr2=0x7f5b1403b9a0 secure :-1 s=STATE_CONNECTION_ESTABLISHED l=1).mark_down
2024-04-23T10:17:49.035 INFO:teuthology.orchestra.run.smithi114.stdout:/usr/bin/ceph: stderr
2024-04-23T10:17:48.454+0000 7f5b30579700 1 --2- 172.21.15.114:0/489689643 >> [v2:172.21.15.114:6800/465333808,v1:172.21.15.114:6801/465333808] conn(0x7f5b140394e0 0x7f5b1403b9a0 secure :-1 s=READY pgs=7 cs=0 l=1 rev1=1 crypto rx=0x7f5b18006fd0 tx=0x7f5b18006e40 comp rx=0 tx=0).stop
2024-04-23T10:17:49.035 INFO:teuthology.orchestra.run.smithi114.stdout:/usr/bin/ceph: stderr
2024-04-23T10:17:48.454+0000 7f5b30579700 1 -- 172.21.15.114:0/489689643 >> [v2:172.21.15.114:3300/0,v1:172.21.15.114:6789/0] conn(0x7f5b28109010 msgr2=0x7f5b2819c3f0 secure :-1 s=STATE_CONNECTION_ESTABLISHED l=1).mark_down
2024-04-23T10:17:49.035 INFO:teuthology.orchestra.run.smithi114.stdout:/usr/bin/ceph: stderr
2024-04-23T10:17:48.454+0000 7f5b30579700 1 --2- 172.21.15.114:0/489689643 >> [v2:172.21.15.114:3300/0,v1:172.21.15.114:6789/0] conn(0x7f5b28109010 0x7f5b2819c3f0 secure :-1 s=READY pgs=71 cs=0 l=1 rev1=1 crypto rx=0x7f5b24000c00 tx=0x7f5b24011aa0 comp rx=0 tx=0).stop
2024-04-23T10:17:49.035 INFO:teuthology.orchestra.run.smithi114.stdout:/usr/bin/ceph: stderr
2024-04-23T10:17:48.454+0000 7f5b30579700 1 -- 172.21.15.114:0/489689643 shutdown_connections
2024-04-23T10:17:49.035 INFO:teuthology.orchestra.run.smithi114.stdout:/usr/bin/ceph: stderr
2024-04-23T10:17:48.454+0000 7f5b30579700 1 --2- 172.21.15.114:0/489689643 >> [v2:172.21.15.114:6800/465333808,v1:172.21.15.114:6801/465333808] conn(0x7f5b140394e0 0x7f5b1403b9a0 unknown :-1 s=CLOSED pgs=7 cs=0 l=1 rev1=1 crypto rx=0 tx=0 comp rx=0 tx=0).stop
2024-04-23T10:17:49.036 INFO:teuthology.orchestra.run.smithi114.stdout:/usr/bin/ceph: stderr
2024-04-23T10:17:48.454+0000 7f5b30579700 1 --2- 172.21.15.114:0/489689643 >> [v2:172.21.15.114:3300/0,v1:172.21.15.114:6789/0] conn(0x7f5b28109010 0x7f5b2819c3f0 unknown :-1 s=CLOSED pgs=71 cs=0 l=1 rev1=1 crypto rx=0 tx=0 comp rx=0 tx=0).stop
2024-04-23T10:17:49.036 INFO:teuthology.orchestra.run.smithi114.stdout:/usr/bin/ceph: stderr
2024-04-23T10:17:48.454+0000 7f5b30579700 1 -- 172.21.15.114:0/489689643 >> 172.21.15.114:0/489689643 conn(0x7f5b28102a40 msgr2=0x7f5b28103490 unknown :-1 s=STATE_NONE l=0).mark_down
2024-04-23T10:17:49.036 INFO:teuthology.orchestra.run.smithi114.stdout:/usr/bin/ceph: stderr
2024-04-23T10:17:48.454+0000 7f5b30579700 1 -- 172.21.15.114:0/489689643 shutdown_connections
2024-04-23T10:17:49.036 INFO:teuthology.orchestra.run.smithi114.stdout:/usr/bin/ceph: stderr
2024-04-23T10:17:48.454+0000 7f5b30579700 1 -- 172.21.15.114:0/489689643 wait complete.
2024-04-23T10:17:49.036 INFO:teuthology.orchestra.run.smithi114.stdout:Creating initial admin user...
2024-04-23T10:17:49.156 INFO:journalctl@ceph.mon.a.smithi114.stdout:Apr 23 10:17:48 smithi114 ceph-mon[29255]: [23/Apr/2024:10:17:47] ENGINE Serving on http://172.21.15.114:8765
2024-04-23T10:17:49.156 INFO:journalctl@ceph.mon.a.smithi114.stdout:Apr 23 10:17:48 smithi114 ceph-mon[29255]: [23/Apr/2024:10:17:47] ENGINE Serving on https://172.21.15.114:7150
2024-04-23T10:17:49.156 INFO:journalctl@ceph.mon.a.smithi114.stdout:Apr 23 10:17:48 smithi114 ceph-mon[29255]: [23/Apr/2024:10:17:47] ENGINE Bus STARTED
2024-04-23T10:17:49.156 INFO:journalctl@ceph.mon.a.smithi114.stdout:Apr 23 10:17:48 smithi114 ceph-mon[29255]: mgrmap e12: x(active, since 2s)
2024-04-23T10:17:49.156 INFO:journalctl@ceph.mon.a.smithi114.stdout:Apr 23 10:17:48 smithi114 ceph-mon[29255]: from='mgr.14152 172.21.15.114:0/1529706138' entity='mgr.x'
2024-04-23T10:17:49.156 INFO:journalctl@ceph.mon.a.smithi114.stdout:Apr 23 10:17:48 smithi114 ceph-mon[29255]: from='mgr.14152 172.21.15.114:0/1529706138' entity='mgr.x'
2024-04-23T10:17:49.157 INFO:journalctl@ceph.mon.a.smithi114.stdout:Apr 23 10:17:48 smithi114 ceph-mon[29255]: from='mgr.14152 172.21.15.114:0/1529706138' entity='mgr.x'
2024-04-23T10:17:50.004 INFO:journalctl@ceph.mon.a.smithi114.stdout:Apr 23 10:17:49 smithi114 ceph-mon[29255]: from='client.14164 -' entity='client.admin' cmd=[{"prefix": "dashboard create-self-signed-cert", "target": ["mon-mgr", ""]}]: dispatch
2024-04-23T10:17:50.675 INFO:teuthology.orchestra.run.smithi114.stdout:/usr/bin/ceph: stdout {"username": "admin", "password": "$2b$12$gxa7jVj6Jxnd7XCVynA7euLRxS10KaMUbcT5jgy7VyCNTMD65/UM6", "roles": ["administrator"], "name": null, "email": null, "lastUpdate": 1713867469, "enabled": true, "pwdExpirationDate": null, "pwdUpdateRequired": true}
2024-04-23T10:17:50.675 INFO:teuthology.orchestra.run.smithi114.stdout:/usr/bin/ceph: stderr
2024-04-23T10:17:49.492+0000 7f35e238c700 1 Processor -- start
2024-04-23T10:17:50.675 INFO:teuthology.orchestra.run.smithi114.stdout:/usr/bin/ceph: stderr
2024-04-23T10:17:49.492+0000 7f35e238c700 1 -- start start
2024-04-23T10:17:50.675 INFO:teuthology.orchestra.run.smithi114.stdout:/usr/bin/ceph: stderr
2024-04-23T10:17:49.492+0000 7f35e238c700 1 --2- >> [v2:172.21.15.114:3300/0,v1:172.21.15.114:6789/0] conn(0x7f35dc106810 0x7f35dc106c30 unknown :-1 s=NONE pgs=0 cs=0 l=0 rev1=0 crypto rx=0 tx=0 comp rx=0 tx=0).connect
2024-04-23T10:17:50.675 INFO:teuthology.orchestra.run.smithi114.stdout:/usr/bin/ceph: stderr
2024-04-23T10:17:49.492+0000 7f35e238c700 1 -- --> [v2:172.21.15.114:3300/0,v1:172.21.15.114:6789/0] -- mon_getmap magic: 0 -- 0x7f35dc107200 con 0x7f35dc106810
2024-04-23T10:17:50.675 INFO:teuthology.orchestra.run.smithi114.stdout:/usr/bin/ceph: stderr
2024-04-23T10:17:49.492+0000 7f35dbfff700 1 --2- >> [v2:172.21.15.114:3300/0,v1:172.21.15.114:6789/0] conn(0x7f35dc106810 0x7f35dc106c30 unknown :-1 s=BANNER_CONNECTING pgs=0 cs=0 l=0 rev1=0 crypto rx=0 tx=0 comp rx=0 tx=0)._handle_peer_banner_payload supported=3 required=0
2024-04-23T10:17:50.675 INFO:teuthology.orchestra.run.smithi114.stdout:/usr/bin/ceph: stderr
2024-04-23T10:17:49.492+0000 7f35dbfff700 1 --2- >> [v2:172.21.15.114:3300/0,v1:172.21.15.114:6789/0] conn(0x7f35dc106810 0x7f35dc106c30 unknown :-1 s=HELLO_CONNECTING pgs=0 cs=0 l=0 rev1=1 crypto rx=0 tx=0 comp rx=0 tx=0).handle_hello peer v2:172.21.15.114:3300/0 says I am v2:172.21.15.114:44804/0 (socket says 172.21.15.114:44804)
2024-04-23T10:17:50.675 INFO:teuthology.orchestra.run.smithi114.stdout:/usr/bin/ceph: stderr
2024-04-23T10:17:49.492+0000 7f35dbfff700 1 -- 172.21.15.114:0/3641760470 learned_addr learned my addr 172.21.15.114:0/3641760470 (peer_addr_for_me v2:172.21.15.114:0/0)
2024-04-23T10:17:50.675 INFO:teuthology.orchestra.run.smithi114.stdout:/usr/bin/ceph: stderr
2024-04-23T10:17:49.493+0000 7f35dbfff700 1 -- 172.21.15.114:0/3641760470 --> [v2:172.21.15.114:3300/0,v1:172.21.15.114:6789/0] -- mon_subscribe({config=0+,monmap=0+}) -- 0x7f35dc107380 con 0x7f35dc106810
2024-04-23T10:17:50.676 INFO:teuthology.orchestra.run.smithi114.stdout:/usr/bin/ceph: stderr
2024-04-23T10:17:49.493+0000 7f35dbfff700 1 --2- 172.21.15.114:0/3641760470 >> [v2:172.21.15.114:3300/0,v1:172.21.15.114:6789/0] conn(0x7f35dc106810 0x7f35dc106c30 secure :-1 s=READY pgs=72 cs=0 l=1 rev1=1 crypto rx=0x7f35cc0098a0 tx=0x7f35cc009bb0 comp rx=0 tx=0).ready entity=mon.0 client_cookie=76d6d8574ad111f0 server_cookie=0 in_seq=0 out_seq=0
2024-04-23T10:17:50.676 INFO:teuthology.orchestra.run.smithi114.stdout:/usr/bin/ceph: stderr
2024-04-23T10:17:49.493+0000 7f35daffd700 1 -- 172.21.15.114:0/3641760470 <== mon.0 v2:172.21.15.114:3300/0 1 ==== mon_map magic: 0 ==== 205+0+0 (secure 0 0 0) 0x7f35cc004160 con 0x7f35dc106810
2024-04-23T10:17:50.676 INFO:teuthology.orchestra.run.smithi114.stdout:/usr/bin/ceph: stderr
2024-04-23T10:17:49.493+0000 7f35daffd700 1 -- 172.21.15.114:0/3641760470 <== mon.0 v2:172.21.15.114:3300/0 2 ==== config(26 keys) ==== 1101+0+0 (secure 0 0 0) 0x7f35cc004300 con 0x7f35dc106810
2024-04-23T10:17:50.676 INFO:teuthology.orchestra.run.smithi114.stdout:/usr/bin/ceph: stderr
2024-04-23T10:17:49.493+0000 7f35daffd700 1 -- 172.21.15.114:0/3641760470 <== mon.0 v2:172.21.15.114:3300/0 3 ==== mon_map magic: 0 ==== 205+0+0 (secure 0 0 0) 0x7f35cc011a20 con 0x7f35dc106810
2024-04-23T10:17:50.676 INFO:teuthology.orchestra.run.smithi114.stdout:/usr/bin/ceph: stderr
2024-04-23T10:17:49.494+0000 7f35e238c700 1 -- 172.21.15.114:0/3641760470 >> [v2:172.21.15.114:3300/0,v1:172.21.15.114:6789/0] conn(0x7f35dc106810 msgr2=0x7f35dc106c30 secure :-1 s=STATE_CONNECTION_ESTABLISHED l=1).mark_down
2024-04-23T10:17:50.676 INFO:teuthology.orchestra.run.smithi114.stdout:/usr/bin/ceph: stderr
2024-04-23T10:17:49.494+0000 7f35e238c700 1 --2- 172.21.15.114:0/3641760470 >> [v2:172.21.15.114:3300/0,v1:172.21.15.114:6789/0] conn(0x7f35dc106810 0x7f35dc106c30 secure :-1 s=READY pgs=72 cs=0 l=1 rev1=1 crypto rx=0x7f35cc0098a0 tx=0x7f35cc009bb0 comp rx=0 tx=0).stop
2024-04-23T10:17:50.676 INFO:teuthology.orchestra.run.smithi114.stdout:/usr/bin/ceph: stderr
2024-04-23T10:17:49.494+0000 7f35e238c700 1 -- 172.21.15.114:0/3641760470 shutdown_connections
2024-04-23T10:17:50.676 INFO:teuthology.orchestra.run.smithi114.stdout:/usr/bin/ceph: stderr
2024-04-23T10:17:49.494+0000 7f35e238c700 1 --2- 172.21.15.114:0/3641760470 >> [v2:172.21.15.114:3300/0,v1:172.21.15.114:6789/0] conn(0x7f35dc106810 0x7f35dc106c30 unknown :-1 s=CLOSED pgs=72 cs=0 l=1 rev1=1 crypto rx=0 tx=0 comp rx=0 tx=0).stop
2024-04-23T10:17:50.676 INFO:teuthology.orchestra.run.smithi114.stdout:/usr/bin/ceph: stderr
2024-04-23T10:17:49.494+0000 7f35e238c700 1 -- 172.21.15.114:0/3641760470 >> 172.21.15.114:0/3641760470 conn(0x7f35dc102150 msgr2=0x7f35dc104590 unknown :-1 s=STATE_NONE l=0).mark_down
2024-04-23T10:17:50.676 INFO:teuthology.orchestra.run.smithi114.stdout:/usr/bin/ceph: stderr
2024-04-23T10:17:49.494+0000 7f35e238c700 1 -- 172.21.15.114:0/3641760470 shutdown_connections
2024-04-23T10:17:50.676 INFO:teuthology.orchestra.run.smithi114.stdout:/usr/bin/ceph: stderr
2024-04-23T10:17:49.494+0000 7f35e238c700 1 -- 172.21.15.114:0/3641760470 wait complete.
2024-04-23T10:17:50.676 INFO:teuthology.orchestra.run.smithi114.stdout:/usr/bin/ceph: stderr
2024-04-23T10:17:49.494+0000 7f35e238c700 1 Processor -- start
2024-04-23T10:17:50.676 INFO:teuthology.orchestra.run.smithi114.stdout:/usr/bin/ceph: stderr
2024-04-23T10:17:49.494+0000 7f35e238c700 1 -- start start
2024-04-23T10:17:50.676 INFO:teuthology.orchestra.run.smithi114.stdout:/usr/bin/ceph: stderr
2024-04-23T10:17:49.495+0000 7f35e238c700 1 --2- >> [v2:172.21.15.114:3300/0,v1:172.21.15.114:6789/0] conn(0x7f35dc106810 0x7f35dc19c400 unknown :-1 s=NONE pgs=0 cs=0 l=1 rev1=0 crypto rx=0 tx=0 comp rx=0 tx=0).connect
2024-04-23T10:17:50.677 INFO:teuthology.orchestra.run.smithi114.stdout:/usr/bin/ceph: stderr
2024-04-23T10:17:49.495+0000 7f35e238c700 1 -- --> [v2:172.21.15.114:3300/0,v1:172.21.15.114:6789/0] -- mon_getmap magic: 0 -- 0x7f35dc10a720 con 0x7f35dc106810
2024-04-23T10:17:50.677 INFO:teuthology.orchestra.run.smithi114.stdout:/usr/bin/ceph: stderr
2024-04-23T10:17:49.495+0000 7f35dbfff700 1 --2- >> [v2:172.21.15.114:3300/0,v1:172.21.15.114:6789/0] conn(0x7f35dc106810 0x7f35dc19c400 unknown :-1 s=BANNER_CONNECTING pgs=0 cs=0 l=1 rev1=0 crypto rx=0 tx=0 comp rx=0 tx=0)._handle_peer_banner_payload supported=3 required=0
2024-04-23T10:17:50.677 INFO:teuthology.orchestra.run.smithi114.stdout:/usr/bin/ceph: stderr
2024-04-23T10:17:49.495+0000 7f35dbfff700 1 --2- >> [v2:172.21.15.114:3300/0,v1:172.21.15.114:6789/0] conn(0x7f35dc106810 0x7f35dc19c400 unknown :-1 s=HELLO_CONNECTING pgs=0 cs=0 l=1 rev1=1 crypto rx=0 tx=0 comp rx=0 tx=0).handle_hello peer v2:172.21.15.114:3300/0 says I am v2:172.21.15.114:44812/0 (socket says 172.21.15.114:44812)
2024-04-23T10:17:50.677 INFO:teuthology.orchestra.run.smithi114.stdout:/usr/bin/ceph: stderr
2024-04-23T10:17:49.495+0000 7f35dbfff700 1 -- 172.21.15.114:0/1531179744 learned_addr learned my addr 172.21.15.114:0/1531179744 (peer_addr_for_me v2:172.21.15.114:0/0)
2024-04-23T10:17:50.677 INFO:teuthology.orchestra.run.smithi114.stdout:/usr/bin/ceph: stderr
2024-04-23T10:17:49.495+0000 7f35dbfff700 1 -- 172.21.15.114:0/1531179744 --> [v2:172.21.15.114:3300/0,v1:172.21.15.114:6789/0] -- mon_subscribe({config=0+,monmap=0+}) -- 0x7f35dc19c940 con 0x7f35dc106810
2024-04-23T10:17:50.677 INFO:teuthology.orchestra.run.smithi114.stdout:/usr/bin/ceph: stderr
2024-04-23T10:17:49.495+0000 7f35dbfff700 1 --2- 172.21.15.114:0/1531179744 >> [v2:172.21.15.114:3300/0,v1:172.21.15.114:6789/0] conn(0x7f35dc106810 0x7f35dc19c400 secure :-1 s=READY pgs=73 cs=0 l=1 rev1=1 crypto rx=0x7f35cc0116e0 tx=0x7f35cc011aa0 comp rx=0 tx=0).ready entity=mon.0 client_cookie=0 server_cookie=0 in_seq=0 out_seq=0
