2024-04-23T10:17:26.696 INFO:teuthology.orchestra.run.smithi069.stdout:/usr/bin/ceph: stderr
2024-04-23T10:17:25.504+0000 7fd254950700 1 --2- 172.21.15.69:0/2679735604 >> [v2:172.21.15.69:3300/0,v1:172.21.15.69:6789/0] conn(0x7fd25007de40 0x7fd25007c2f0 unknown :-1 s=CLOSED pgs=22 cs=0 l=1 rev1=1 crypto rx=0 tx=0 comp rx=0 tx=0).stop
2024-04-23T10:17:26.697 INFO:teuthology.orchestra.run.smithi069.stdout:/usr/bin/ceph: stderr
2024-04-23T10:17:25.504+0000 7fd254950700 1 -- 172.21.15.69:0/2679735604 >> 172.21.15.69:0/2679735604 conn(0x7fd250103cb0 msgr2=0x7fd2501060d0 unknown :-1 s=STATE_NONE l=0).mark_down
2024-04-23T10:17:26.697 INFO:teuthology.orchestra.run.smithi069.stdout:/usr/bin/ceph: stderr
2024-04-23T10:17:25.504+0000 7fd254950700 1 -- 172.21.15.69:0/2679735604 shutdown_connections
2024-04-23T10:17:26.697 INFO:teuthology.orchestra.run.smithi069.stdout:/usr/bin/ceph: stderr
2024-04-23T10:17:25.504+0000 7fd254950700 1 -- 172.21.15.69:0/2679735604 wait complete.
2024-04-23T10:17:26.697 INFO:teuthology.orchestra.run.smithi069.stdout:/usr/bin/ceph: stderr
2024-04-23T10:17:25.504+0000 7fd254950700 1 Processor -- start
2024-04-23T10:17:26.697 INFO:teuthology.orchestra.run.smithi069.stdout:/usr/bin/ceph: stderr
2024-04-23T10:17:25.504+0000 7fd254950700 1 -- start start
2024-04-23T10:17:26.697 INFO:teuthology.orchestra.run.smithi069.stdout:/usr/bin/ceph: stderr
2024-04-23T10:17:25.505+0000 7fd254950700 1 --2- >> [v2:172.21.15.69:3300/0,v1:172.21.15.69:6789/0] conn(0x7fd25007de40 0x7fd25019e610 unknown :-1 s=NONE pgs=0 cs=0 l=1 rev1=0 crypto rx=0 tx=0 comp rx=0 tx=0).connect
2024-04-23T10:17:26.697 INFO:teuthology.orchestra.run.smithi069.stdout:/usr/bin/ceph: stderr
2024-04-23T10:17:25.505+0000 7fd254950700 1 -- --> [v2:172.21.15.69:3300/0,v1:172.21.15.69:6789/0] -- mon_getmap magic: 0 -- 0x7fd25010eba0 con 0x7fd25007de40
2024-04-23T10:17:26.697 INFO:teuthology.orchestra.run.smithi069.stdout:/usr/bin/ceph: stderr
2024-04-23T10:17:25.505+0000 7fd24e59c700 1 --2- >> [v2:172.21.15.69:3300/0,v1:172.21.15.69:6789/0] conn(0x7fd25007de40 0x7fd25019e610 unknown :-1 s=BANNER_CONNECTING pgs=0 cs=0 l=1 rev1=0 crypto rx=0 tx=0 comp rx=0 tx=0)._handle_peer_banner_payload supported=3 required=0
2024-04-23T10:17:26.697 INFO:teuthology.orchestra.run.smithi069.stdout:/usr/bin/ceph: stderr
2024-04-23T10:17:25.505+0000 7fd24e59c700 1 --2- >> [v2:172.21.15.69:3300/0,v1:172.21.15.69:6789/0] conn(0x7fd25007de40 0x7fd25019e610 unknown :-1 s=HELLO_CONNECTING pgs=0 cs=0 l=1 rev1=1 crypto rx=0 tx=0 comp rx=0 tx=0).handle_hello peer v2:172.21.15.69:3300/0 says I am v2:172.21.15.69:55402/0 (socket says 172.21.15.69:55402)
2024-04-23T10:17:26.697 INFO:teuthology.orchestra.run.smithi069.stdout:/usr/bin/ceph: stderr
2024-04-23T10:17:25.505+0000 7fd24e59c700 1 -- 172.21.15.69:0/2413432616 learned_addr learned my addr 172.21.15.69:0/2413432616 (peer_addr_for_me v2:172.21.15.69:0/0)
2024-04-23T10:17:26.697 INFO:teuthology.orchestra.run.smithi069.stdout:/usr/bin/ceph: stderr
2024-04-23T10:17:25.505+0000 7fd24e59c700 1 -- 172.21.15.69:0/2413432616 --> [v2:172.21.15.69:3300/0,v1:172.21.15.69:6789/0] -- mon_subscribe({config=0+,monmap=0+}) -- 0x7fd25019eb50 con 0x7fd25007de40
2024-04-23T10:17:26.697 INFO:teuthology.orchestra.run.smithi069.stdout:/usr/bin/ceph: stderr
2024-04-23T10:17:25.505+0000 7fd24e59c700 1 --2- 172.21.15.69:0/2413432616 >> [v2:172.21.15.69:3300/0,v1:172.21.15.69:6789/0] conn(0x7fd25007de40 0x7fd25019e610 secure :-1 s=READY pgs=23 cs=0 l=1 rev1=1 crypto rx=0x7fd2400116a0 tx=0x7fd240011ce0 comp rx=0 tx=0).ready entity=mon.0 client_cookie=0 server_cookie=0 in_seq=0 out_seq=0
2024-04-23T10:17:26.697 INFO:teuthology.orchestra.run.smithi069.stdout:/usr/bin/ceph: stderr
2024-04-23T10:17:25.505+0000 7fd23f7fe700 1 -- 172.21.15.69:0/2413432616 <== mon.0 v2:172.21.15.69:3300/0 1 ==== mon_map magic: 0 ==== 205+0+0 (secure 0 0 0) 0x7fd240003ab0 con 0x7fd25007de40
2024-04-23T10:17:26.697 INFO:teuthology.orchestra.run.smithi069.stdout:/usr/bin/ceph: stderr
2024-04-23T10:17:25.505+0000 7fd23f7fe700 1 -- 172.21.15.69:0/2413432616 <== mon.0 v2:172.21.15.69:3300/0 2 ==== config(27 keys) ==== 1104+0+0 (secure 0 0 0) 0x7fd240003c50 con 0x7fd25007de40
2024-04-23T10:17:26.697 INFO:teuthology.orchestra.run.smithi069.stdout:/usr/bin/ceph: stderr
2024-04-23T10:17:25.505+0000 7fd254950700 1 -- 172.21.15.69:0/2413432616 --> [v2:172.21.15.69:3300/0,v1:172.21.15.69:6789/0] -- mon_subscribe({mgrmap=0+}) -- 0x7fd25019ede0 con 0x7fd25007de40
2024-04-23T10:17:26.697 INFO:teuthology.orchestra.run.smithi069.stdout:/usr/bin/ceph: stderr
2024-04-23T10:17:25.505+0000 7fd23f7fe700 1 -- 172.21.15.69:0/2413432616 <== mon.0 v2:172.21.15.69:3300/0 3 ==== mon_map magic: 0 ==== 205+0+0 (secure 0 0 0) 0x7fd240019870 con 0x7fd25007de40
2024-04-23T10:17:26.698 INFO:teuthology.orchestra.run.smithi069.stdout:/usr/bin/ceph: stderr
2024-04-23T10:17:25.505+0000 7fd254950700 1 -- 172.21.15.69:0/2413432616 --> [v2:172.21.15.69:3300/0,v1:172.21.15.69:6789/0] -- mon_subscribe({osdmap=0}) -- 0x7fd25019f240 con 0x7fd25007de40
2024-04-23T10:17:26.698 INFO:teuthology.orchestra.run.smithi069.stdout:/usr/bin/ceph: stderr
2024-04-23T10:17:25.506+0000 7fd23f7fe700 1 -- 172.21.15.69:0/2413432616 <== mon.0 v2:172.21.15.69:3300/0 4 ==== mgrmap(e 4) ==== 46547+0+0 (secure 0 0 0) 0x7fd240019b30 con 0x7fd25007de40
2024-04-23T10:17:26.698 INFO:teuthology.orchestra.run.smithi069.stdout:/usr/bin/ceph: stderr
2024-04-23T10:17:25.506+0000 7fd23f7fe700 1 --2- 172.21.15.69:0/2413432616 >> [v2:172.21.15.69:6800/2746602813,v1:172.21.15.69:6801/2746602813] conn(0x7fd2380395d0 0x7fd23803ba90 unknown :-1 s=NONE pgs=0 cs=0 l=1 rev1=0 crypto rx=0 tx=0 comp rx=0 tx=0).connect
2024-04-23T10:17:26.698 INFO:teuthology.orchestra.run.smithi069.stdout:/usr/bin/ceph: stderr
2024-04-23T10:17:25.506+0000 7fd254950700 1 -- 172.21.15.69:0/2413432616 --> [v2:172.21.15.69:3300/0,v1:172.21.15.69:6789/0] -- mon_command({"prefix": "get_command_descriptions"} v 0) -- 0x7fd2500640a0 con 0x7fd25007de40
2024-04-23T10:17:26.698 INFO:teuthology.orchestra.run.smithi069.stdout:/usr/bin/ceph: stderr
2024-04-23T10:17:25.506+0000 7fd23f7fe700 1 -- 172.21.15.69:0/2413432616 <== mon.0 v2:172.21.15.69:3300/0 5 ==== osd_map(1..1 src has 1..1) ==== 725+0+0 (secure 0 0 0) 0x7fd24004dc20 con 0x7fd25007de40
2024-04-23T10:17:26.698 INFO:teuthology.orchestra.run.smithi069.stdout:/usr/bin/ceph: stderr
2024-04-23T10:17:25.506+0000 7fd24dd9b700 1 --2- 172.21.15.69:0/2413432616 >> [v2:172.21.15.69:6800/2746602813,v1:172.21.15.69:6801/2746602813] conn(0x7fd2380395d0 0x7fd23803ba90 unknown :-1 s=BANNER_CONNECTING pgs=0 cs=0 l=1 rev1=0 crypto rx=0 tx=0 comp rx=0 tx=0)._handle_peer_banner_payload supported=3 required=0
2024-04-23T10:17:26.698 INFO:teuthology.orchestra.run.smithi069.stdout:/usr/bin/ceph: stderr
2024-04-23T10:17:25.507+0000 7fd24dd9b700 1 --2- 172.21.15.69:0/2413432616 >> [v2:172.21.15.69:6800/2746602813,v1:172.21.15.69:6801/2746602813] conn(0x7fd2380395d0 0x7fd23803ba90 secure :-1 s=READY pgs=8 cs=0 l=1 rev1=1 crypto rx=0x7fd244006fd0 tx=0x7fd244006e40 comp rx=0 tx=0).ready entity=mgr.14100 client_cookie=0 server_cookie=0 in_seq=0 out_seq=0
2024-04-23T10:17:26.698 INFO:teuthology.orchestra.run.smithi069.stdout:/usr/bin/ceph: stderr
2024-04-23T10:17:25.511+0000 7fd23f7fe700 1 -- 172.21.15.69:0/2413432616 <== mon.0 v2:172.21.15.69:3300/0 6 ==== mon_command_ack([{"prefix": "get_command_descriptions"}]=0 v0) ==== 72+0+188370 (secure 0 0 0) 0x7fd240011e20 con 0x7fd25007de40
2024-04-23T10:17:26.698 INFO:teuthology.orchestra.run.smithi069.stdout:/usr/bin/ceph: stderr
2024-04-23T10:17:25.764+0000 7fd254950700 1 -- 172.21.15.69:0/2413432616 --> [v2:172.21.15.69:3300/0,v1:172.21.15.69:6789/0] -- mon_command({"prefix": "mgr module enable", "module": "cephadm"} v 0) -- 0x7fd2501a1c10 con 0x7fd25007de40
2024-04-23T10:17:26.698 INFO:teuthology.orchestra.run.smithi069.stdout:/usr/bin/ceph: stderr
2024-04-23T10:17:26.123+0000 7fd23f7fe700 1 -- 172.21.15.69:0/2413432616 <== mon.0 v2:172.21.15.69:3300/0 7 ==== mon_command_ack([{"prefix": "mgr module enable", "module": "cephadm"}]=0 v5) ==== 86+0+0 (secure 0 0 0) 0x7fd240029260 con 0x7fd25007de40
2024-04-23T10:17:26.698 INFO:teuthology.orchestra.run.smithi069.stdout:/usr/bin/ceph: stderr
2024-04-23T10:17:26.125+0000 7fd23f7fe700 1 -- 172.21.15.69:0/2413432616 <== mon.0 v2:172.21.15.69:3300/0 8 ==== mgrmap(e 5) ==== 46558+0+0 (secure 0 0 0) 0x7fd24002dcd0 con 0x7fd25007de40
2024-04-23T10:17:26.699 INFO:teuthology.orchestra.run.smithi069.stdout:/usr/bin/ceph: stderr
2024-04-23T10:17:26.127+0000 7fd254950700 1 -- 172.21.15.69:0/2413432616 >> [v2:172.21.15.69:6800/2746602813,v1:172.21.15.69:6801/2746602813] conn(0x7fd2380395d0 msgr2=0x7fd23803ba90 secure :-1 s=STATE_CONNECTION_ESTABLISHED l=1).mark_down
2024-04-23T10:17:26.699 INFO:teuthology.orchestra.run.smithi069.stdout:/usr/bin/ceph: stderr
2024-04-23T10:17:26.127+0000 7fd254950700 1 --2- 172.21.15.69:0/2413432616 >> [v2:172.21.15.69:6800/2746602813,v1:172.21.15.69:6801/2746602813] conn(0x7fd2380395d0 0x7fd23803ba90 secure :-1 s=READY pgs=8 cs=0 l=1 rev1=1 crypto rx=0x7fd244006fd0 tx=0x7fd244006e40 comp rx=0 tx=0).stop
2024-04-23T10:17:26.699 INFO:teuthology.orchestra.run.smithi069.stdout:/usr/bin/ceph: stderr
2024-04-23T10:17:26.127+0000 7fd254950700 1 -- 172.21.15.69:0/2413432616 >> [v2:172.21.15.69:3300/0,v1:172.21.15.69:6789/0] conn(0x7fd25007de40 msgr2=0x7fd25019e610 secure :-1 s=STATE_CONNECTION_ESTABLISHED l=1).mark_down
2024-04-23T10:17:26.699 INFO:teuthology.orchestra.run.smithi069.stdout:/usr/bin/ceph: stderr
2024-04-23T10:17:26.127+0000 7fd254950700 1 --2- 172.21.15.69:0/2413432616 >> [v2:172.21.15.69:3300/0,v1:172.21.15.69:6789/0] conn(0x7fd25007de40 0x7fd25019e610 secure :-1 s=READY pgs=23 cs=0 l=1 rev1=1 crypto rx=0x7fd2400116a0 tx=0x7fd240011ce0 comp rx=0 tx=0).stop
2024-04-23T10:17:26.699 INFO:teuthology.orchestra.run.smithi069.stdout:/usr/bin/ceph: stderr
2024-04-23T10:17:26.127+0000 7fd254950700 1 -- 172.21.15.69:0/2413432616 shutdown_connections
2024-04-23T10:17:26.699 INFO:teuthology.orchestra.run.smithi069.stdout:/usr/bin/ceph: stderr
2024-04-23T10:17:26.127+0000 7fd254950700 1 --2- 172.21.15.69:0/2413432616 >> [v2:172.21.15.69:6800/2746602813,v1:172.21.15.69:6801/2746602813] conn(0x7fd2380395d0 0x7fd23803ba90 unknown :-1 s=CLOSED pgs=8 cs=0 l=1 rev1=1 crypto rx=0 tx=0 comp rx=0 tx=0).stop
2024-04-23T10:17:26.699 INFO:teuthology.orchestra.run.smithi069.stdout:/usr/bin/ceph: stderr
2024-04-23T10:17:26.127+0000 7fd254950700 1 --2- 172.21.15.69:0/2413432616 >> [v2:172.21.15.69:3300/0,v1:172.21.15.69:6789/0] conn(0x7fd25007de40 0x7fd25019e610 unknown :-1 s=CLOSED pgs=23 cs=0 l=1 rev1=1 crypto rx=0 tx=0 comp rx=0 tx=0).stop
2024-04-23T10:17:26.699 INFO:teuthology.orchestra.run.smithi069.stdout:/usr/bin/ceph: stderr
2024-04-23T10:17:26.127+0000 7fd254950700 1 -- 172.21.15.69:0/2413432616 >> 172.21.15.69:0/2413432616 conn(0x7fd250103cb0 msgr2=0x7fd2501046a0 unknown :-1 s=STATE_NONE l=0).mark_down
2024-04-23T10:17:26.699 INFO:teuthology.orchestra.run.smithi069.stdout:/usr/bin/ceph: stderr
2024-04-23T10:17:26.127+0000 7fd254950700 1 -- 172.21.15.69:0/2413432616 shutdown_connections
2024-04-23T10:17:26.699 INFO:teuthology.orchestra.run.smithi069.stdout:/usr/bin/ceph: stderr
2024-04-23T10:17:26.127+0000 7fd254950700 1 -- 172.21.15.69:0/2413432616 wait complete.
2024-04-23T10:17:26.977 INFO:journalctl@ceph.mgr.x.smithi069.stdout:Apr 23 10:17:26 smithi069 ceph-ac4c3a2c-0159-11ef-bc93-c7b262605968-mgr-x[29821]:
2024-04-23T10:17:26.890+0000 7f1c7ec3d200 -1 mgr[py] Module progress has missing NOTIFY_TYPES member
2024-04-23T10:17:26.977 INFO:journalctl@ceph.mgr.x.smithi069.stdout:Apr 23 10:17:26 smithi069 ceph-ac4c3a2c-0159-11ef-bc93-c7b262605968-mgr-x[29821]:
2024-04-23T10:17:26.978+0000 7f1c7ec3d200 -1 mgr[py] Module influx has missing NOTIFY_TYPES member
2024-04-23T10:17:27.242 INFO:journalctl@ceph.mon.a.smithi069.stdout:Apr 23 10:17:27 smithi069 ceph-mon[29593]: from='client.? 172.21.15.69:0/2413432616' entity='client.admin' cmd='[{"prefix": "mgr module enable", "module": "cephadm"}]': finished
2024-04-23T10:17:27.242 INFO:journalctl@ceph.mon.a.smithi069.stdout:Apr 23 10:17:27 smithi069 ceph-mon[29593]: mgrmap e5: x(active, since 6s)
2024-04-23T10:17:27.921 INFO:teuthology.orchestra.run.smithi069.stdout:/usr/bin/ceph: stdout {
2024-04-23T10:17:27.921 INFO:teuthology.orchestra.run.smithi069.stdout:/usr/bin/ceph: stdout "epoch": 5,
2024-04-23T10:17:27.921 INFO:teuthology.orchestra.run.smithi069.stdout:/usr/bin/ceph: stdout "available": true,
2024-04-23T10:17:27.921 INFO:teuthology.orchestra.run.smithi069.stdout:/usr/bin/ceph: stdout "active_name": "x",
2024-04-23T10:17:27.921 INFO:teuthology.orchestra.run.smithi069.stdout:/usr/bin/ceph: stdout "num_standby": 0
2024-04-23T10:17:27.921 INFO:teuthology.orchestra.run.smithi069.stdout:/usr/bin/ceph: stdout }
2024-04-23T10:17:27.921 INFO:teuthology.orchestra.run.smithi069.stdout:/usr/bin/ceph: stderr
2024-04-23T10:17:27.125+0000 7fd87dc2f700 1 Processor -- start
2024-04-23T10:17:27.922 INFO:teuthology.orchestra.run.smithi069.stdout:/usr/bin/ceph: stderr
2024-04-23T10:17:27.125+0000 7fd87dc2f700 1 -- start start
2024-04-23T10:17:27.922 INFO:teuthology.orchestra.run.smithi069.stdout:/usr/bin/ceph: stderr
2024-04-23T10:17:27.125+0000 7fd87dc2f700 1 --2- >> [v2:172.21.15.69:3300/0,v1:172.21.15.69:6789/0] conn(0x7fd8781085c0 0x7fd8781089e0 unknown :-1 s=NONE pgs=0 cs=0 l=0 rev1=0 crypto rx=0 tx=0 comp rx=0 tx=0).connect
2024-04-23T10:17:27.922 INFO:teuthology.orchestra.run.smithi069.stdout:/usr/bin/ceph: stderr
2024-04-23T10:17:27.125+0000 7fd87dc2f700 1 -- --> [v2:172.21.15.69:3300/0,v1:172.21.15.69:6789/0] -- mon_getmap magic: 0 -- 0x7fd878108fb0 con 0x7fd8781085c0
2024-04-23T10:17:27.922 INFO:teuthology.orchestra.run.smithi069.stdout:/usr/bin/ceph: stderr
2024-04-23T10:17:27.125+0000 7fd8777fe700 1 --2- >> [v2:172.21.15.69:3300/0,v1:172.21.15.69:6789/0] conn(0x7fd8781085c0 0x7fd8781089e0 unknown :-1 s=BANNER_CONNECTING pgs=0 cs=0 l=0 rev1=0 crypto rx=0 tx=0 comp rx=0 tx=0)._handle_peer_banner_payload supported=3 required=0
2024-04-23T10:17:27.922 INFO:teuthology.orchestra.run.smithi069.stdout:/usr/bin/ceph: stderr
2024-04-23T10:17:27.125+0000 7fd8777fe700 1 --2- >> [v2:172.21.15.69:3300/0,v1:172.21.15.69:6789/0] conn(0x7fd8781085c0 0x7fd8781089e0 unknown :-1 s=HELLO_CONNECTING pgs=0 cs=0 l=0 rev1=1 crypto rx=0 tx=0 comp rx=0 tx=0).handle_hello peer v2:172.21.15.69:3300/0 says I am v2:172.21.15.69:55424/0 (socket says 172.21.15.69:55424)
2024-04-23T10:17:27.922 INFO:teuthology.orchestra.run.smithi069.stdout:/usr/bin/ceph: stderr
2024-04-23T10:17:27.125+0000 7fd8777fe700 1 -- 172.21.15.69:0/706121246 learned_addr learned my addr 172.21.15.69:0/706121246 (peer_addr_for_me v2:172.21.15.69:0/0)
2024-04-23T10:17:27.922 INFO:teuthology.orchestra.run.smithi069.stdout:/usr/bin/ceph: stderr
2024-04-23T10:17:27.125+0000 7fd8777fe700 1 -- 172.21.15.69:0/706121246 --> [v2:172.21.15.69:3300/0,v1:172.21.15.69:6789/0] -- mon_subscribe({config=0+,monmap=0+}) -- 0x7fd878109770 con 0x7fd8781085c0
2024-04-23T10:17:27.922 INFO:teuthology.orchestra.run.smithi069.stdout:/usr/bin/ceph: stderr
2024-04-23T10:17:27.125+0000 7fd8777fe700 1 --2- 172.21.15.69:0/706121246 >> [v2:172.21.15.69:3300/0,v1:172.21.15.69:6789/0] conn(0x7fd8781085c0 0x7fd8781089e0 secure :-1 s=READY pgs=26 cs=0 l=1 rev1=1 crypto rx=0x7fd8680098a0 tx=0x7fd868009bb0 comp rx=0 tx=0).ready entity=mon.0 client_cookie=547f35e4055a9d2d server_cookie=0 in_seq=0 out_seq=0
2024-04-23T10:17:27.922 INFO:teuthology.orchestra.run.smithi069.stdout:/usr/bin/ceph: stderr
2024-04-23T10:17:27.127+0000 7fd8767fc700 1 -- 172.21.15.69:0/706121246 <== mon.0 v2:172.21.15.69:3300/0 1 ==== mon_map magic: 0 ==== 205+0+0 (secure 0 0 0) 0x7fd868004160 con 0x7fd8781085c0
2024-04-23T10:17:27.922 INFO:teuthology.orchestra.run.smithi069.stdout:/usr/bin/ceph: stderr
2024-04-23T10:17:27.127+0000 7fd8767fc700 1 -- 172.21.15.69:0/706121246 <== mon.0 v2:172.21.15.69:3300/0 2 ==== config(27 keys) ==== 1104+0+0 (secure 0 0 0) 0x7fd868004300 con 0x7fd8781085c0
2024-04-23T10:17:27.922 INFO:teuthology.orchestra.run.smithi069.stdout:/usr/bin/ceph: stderr
2024-04-23T10:17:27.127+0000 7fd8767fc700 1 -- 172.21.15.69:0/706121246 <== mon.0 v2:172.21.15.69:3300/0 3 ==== mon_map magic: 0 ==== 205+0+0 (secure 0 0 0) 0x7fd868011b20 con 0x7fd8781085c0
2024-04-23T10:17:27.922 INFO:teuthology.orchestra.run.smithi069.stdout:/usr/bin/ceph: stderr
2024-04-23T10:17:27.127+0000 7fd87dc2f700 1 -- 172.21.15.69:0/706121246 >> [v2:172.21.15.69:3300/0,v1:172.21.15.69:6789/0] conn(0x7fd8781085c0 msgr2=0x7fd8781089e0 secure :-1 s=STATE_CONNECTION_ESTABLISHED l=1).mark_down
2024-04-23T10:17:27.922 INFO:teuthology.orchestra.run.smithi069.stdout:/usr/bin/ceph: stderr
2024-04-23T10:17:27.127+0000 7fd87dc2f700 1 --2- 172.21.15.69:0/706121246 >> [v2:172.21.15.69:3300/0,v1:172.21.15.69:6789/0] conn(0x7fd8781085c0 0x7fd8781089e0 secure :-1 s=READY pgs=26 cs=0 l=1 rev1=1 crypto rx=0x7fd8680098a0 tx=0x7fd868009bb0 comp rx=0 tx=0).stop
2024-04-23T10:17:27.923 INFO:teuthology.orchestra.run.smithi069.stdout:/usr/bin/ceph: stderr
2024-04-23T10:17:27.127+0000 7fd87dc2f700 1 -- 172.21.15.69:0/706121246 shutdown_connections
2024-04-23T10:17:27.923 INFO:teuthology.orchestra.run.smithi069.stdout:/usr/bin/ceph: stderr
2024-04-23T10:17:27.127+0000 7fd87dc2f700 1 --2- 172.21.15.69:0/706121246 >> [v2:172.21.15.69:3300/0,v1:172.21.15.69:6789/0] conn(0x7fd8781085c0 0x7fd8781089e0 unknown :-1 s=CLOSED pgs=26 cs=0 l=1 rev1=1 crypto rx=0 tx=0 comp rx=0 tx=0).stop
2024-04-23T10:17:27.923 INFO:teuthology.orchestra.run.smithi069.stdout:/usr/bin/ceph: stderr
2024-04-23T10:17:27.127+0000 7fd87dc2f700 1 -- 172.21.15.69:0/706121246 >> 172.21.15.69:0/706121246 conn(0x7fd878103be0 msgr2=0x7fd878106000 unknown :-1 s=STATE_NONE l=0).mark_down
2024-04-23T10:17:27.923 INFO:teuthology.orchestra.run.smithi069.stdout:/usr/bin/ceph: stderr
2024-04-23T10:17:27.127+0000 7fd87dc2f700 1 -- 172.21.15.69:0/706121246 shutdown_connections
2024-04-23T10:17:27.923 INFO:teuthology.orchestra.run.smithi069.stdout:/usr/bin/ceph: stderr
2024-04-23T10:17:27.127+0000 7fd87dc2f700 1 -- 172.21.15.69:0/706121246 wait complete.
2024-04-23T10:17:27.923 INFO:teuthology.orchestra.run.smithi069.stdout:/usr/bin/ceph: stderr
2024-04-23T10:17:27.128+0000 7fd87dc2f700 1 Processor -- start
2024-04-23T10:17:27.923 INFO:teuthology.orchestra.run.smithi069.stdout:/usr/bin/ceph: stderr
2024-04-23T10:17:27.128+0000 7fd87dc2f700 1 -- start start
2024-04-23T10:17:27.923 INFO:teuthology.orchestra.run.smithi069.stdout:/usr/bin/ceph: stderr
2024-04-23T10:17:27.128+0000 7fd87dc2f700 1 --2- >> [v2:172.21.15.69:3300/0,v1:172.21.15.69:6789/0] conn(0x7fd8781085c0 0x7fd87819c3f0 unknown :-1 s=NONE pgs=0 cs=0 l=1 rev1=0 crypto rx=0 tx=0 comp rx=0 tx=0).connect
2024-04-23T10:17:27.923 INFO:teuthology.orchestra.run.smithi069.stdout:/usr/bin/ceph: stderr
2024-04-23T10:17:27.128+0000 7fd87dc2f700 1 -- --> [v2:172.21.15.69:3300/0,v1:172.21.15.69:6789/0] -- mon_getmap magic: 0 -- 0x7fd87810cb20 con 0x7fd8781085c0
2024-04-23T10:17:27.923 INFO:teuthology.orchestra.run.smithi069.stdout:/usr/bin/ceph: stderr
2024-04-23T10:17:27.128+0000 7fd8777fe700 1 --2- >> [v2:172.21.15.69:3300/0,v1:172.21.15.69:6789/0] conn(0x7fd8781085c0 0x7fd87819c3f0 unknown :-1 s=BANNER_CONNECTING pgs=0 cs=0 l=1 rev1=0 crypto rx=0 tx=0 comp rx=0 tx=0)._handle_peer_banner_payload supported=3 required=0
2024-04-23T10:17:27.923 INFO:teuthology.orchestra.run.smithi069.stdout:/usr/bin/ceph: stderr
2024-04-23T10:17:27.129+0000 7fd8777fe700 1 --2- >> [v2:172.21.15.69:3300/0,v1:172.21.15.69:6789/0] conn(0x7fd8781085c0 0x7fd87819c3f0 unknown :-1 s=HELLO_CONNECTING pgs=0 cs=0 l=1 rev1=1 crypto rx=0 tx=0 comp rx=0 tx=0).handle_hello peer v2:172.21.15.69:3300/0 says I am v2:172.21.15.69:55440/0 (socket says 172.21.15.69:55440)
2024-04-23T10:17:27.923 INFO:teuthology.orchestra.run.smithi069.stdout:/usr/bin/ceph: stderr
2024-04-23T10:17:27.129+0000 7fd8777fe700 1 -- 172.21.15.69:0/651441456 learned_addr learned my addr 172.21.15.69:0/651441456 (peer_addr_for_me v2:172.21.15.69:0/0)
2024-04-23T10:17:27.923 INFO:teuthology.orchestra.run.smithi069.stdout:/usr/bin/ceph: stderr
2024-04-23T10:17:27.129+0000 7fd8777fe700 1 -- 172.21.15.69:0/651441456 --> [v2:172.21.15.69:3300/0,v1:172.21.15.69:6789/0] -- mon_subscribe({config=0+,monmap=0+}) -- 0x7fd87819c930 con 0x7fd8781085c0
2024-04-23T10:17:27.923 INFO:teuthology.orchestra.run.smithi069.stdout:/usr/bin/ceph: stderr
2024-04-23T10:17:27.129+0000 7fd8777fe700 1 --2- 172.21.15.69:0/651441456 >> [v2:172.21.15.69:3300/0,v1:172.21.15.69:6789/0] conn(0x7fd8781085c0 0x7fd87819c3f0 secure :-1 s=READY pgs=27 cs=0 l=1 rev1=1 crypto rx=0x7fd8680117e0 tx=0x7fd868011ce0 comp rx=0 tx=0).ready entity=mon.0 client_cookie=0 server_cookie=0 in_seq=0 out_seq=0
2024-04-23T10:17:27.923 INFO:teuthology.orchestra.run.smithi069.stdout:/usr/bin/ceph: stderr
2024-04-23T10:17:27.129+0000 7fd874ff9700 1 -- 172.21.15.69:0/651441456 <== mon.0 v2:172.21.15.69:3300/0 1 ==== mon_map magic: 0 ==== 205+0+0 (secure 0 0 0) 0x7fd868003b20 con 0x7fd8781085c0
2024-04-23T10:17:27.924 INFO:teuthology.orchestra.run.smithi069.stdout:/usr/bin/ceph: stderr
2024-04-23T10:17:27.129+0000 7fd874ff9700 1 -- 172.21.15.69:0/651441456 <== mon.0 v2:172.21.15.69:3300/0 2 ==== config(27 keys) ==== 1104+0+0 (secure 0 0 0) 0x7fd868003cc0 con 0x7fd8781085c0
2024-04-23T10:17:27.924 INFO:teuthology.orchestra.run.smithi069.stdout:/usr/bin/ceph: stderr
2024-04-23T10:17:27.129+0000 7fd87dc2f700 1 -- 172.21.15.69:0/651441456 --> [v2:172.21.15.69:3300/0,v1:172.21.15.69:6789/0] -- mon_subscribe({mgrmap=0+}) -- 0x7fd87819cbc0 con 0x7fd8781085c0
2024-04-23T10:17:27.924 INFO:teuthology.orchestra.run.smithi069.stdout:/usr/bin/ceph: stderr
2024-04-23T10:17:27.129+0000 7fd874ff9700 1 -- 172.21.15.69:0/651441456 <== mon.0 v2:172.21.15.69:3300/0 3 ==== mon_map magic: 0 ==== 205+0+0 (secure 0 0 0) 0x7fd868019870 con 0x7fd8781085c0
2024-04-23T10:17:27.924 INFO:teuthology.orchestra.run.smithi069.stdout:/usr/bin/ceph: stderr
2024-04-23T10:17:27.129+0000 7fd87dc2f700 1 -- 172.21.15.69:0/651441456 --> [v2:172.21.15.69:3300/0,v1:172.21.15.69:6789/0] -- mon_subscribe({osdmap=0}) -- 0x7fd87819d020 con 0x7fd8781085c0
2024-04-23T10:17:27.924 INFO:teuthology.orchestra.run.smithi069.stdout:/usr/bin/ceph: stderr
2024-04-23T10:17:27.130+0000 7fd87dc2f700 1 -- 172.21.15.69:0/651441456 --> [v2:172.21.15.69:3300/0,v1:172.21.15.69:6789/0] -- mon_command({"prefix": "get_command_descriptions"} v 0) -- 0x7fd8780640a0 con 0x7fd8781085c0
2024-04-23T10:17:27.924 INFO:teuthology.orchestra.run.smithi069.stdout:/usr/bin/ceph: stderr
2024-04-23T10:17:27.130+0000 7fd874ff9700 1 -- 172.21.15.69:0/651441456 <== mon.0 v2:172.21.15.69:3300/0 4 ==== mgrmap(e 5) ==== 46558+0+0 (secure 0 0 0) 0x7fd868019af0 con 0x7fd8781085c0
2024-04-23T10:17:27.924 INFO:teuthology.orchestra.run.smithi069.stdout:/usr/bin/ceph: stderr
2024-04-23T10:17:27.130+0000 7fd874ff9700 1 --2- 172.21.15.69:0/651441456 >> [v2:172.21.15.69:6800/2746602813,v1:172.21.15.69:6801/2746602813] conn(0x7fd860039620 0x7fd86003bae0 unknown :-1 s=NONE pgs=0 cs=0 l=1 rev1=0 crypto rx=0 tx=0 comp rx=0 tx=0).connect
2024-04-23T10:17:27.924 INFO:teuthology.orchestra.run.smithi069.stdout:/usr/bin/ceph: stderr
2024-04-23T10:17:27.131+0000 7fd874ff9700 1 -- 172.21.15.69:0/651441456 <== mon.0 v2:172.21.15.69:3300/0 5 ==== osd_map(1..1 src has 1..1) ==== 725+0+0 (secure 0 0 0) 0x7fd86804dcf0 con 0x7fd8781085c0
2024-04-23T10:17:27.924 INFO:teuthology.orchestra.run.smithi069.stdout:/usr/bin/ceph: stderr
2024-04-23T10:17:27.131+0000 7fd876ffd700 1 -- 172.21.15.69:0/651441456 >> [v2:172.21.15.69:6800/2746602813,v1:172.21.15.69:6801/2746602813] conn(0x7fd860039620 msgr2=0x7fd86003bae0 unknown :-1 s=STATE_CONNECTING_RE l=1).process reconnect failed to v2:172.21.15.69:6800/2746602813
2024-04-23T10:17:27.924 INFO:teuthology.orchestra.run.smithi069.stdout:/usr/bin/ceph: stderr
2024-04-23T10:17:27.131+0000 7fd876ffd700 1 --2- 172.21.15.69:0/651441456 >> [v2:172.21.15.69:6800/2746602813,v1:172.21.15.69:6801/2746602813] conn(0x7fd860039620 0x7fd86003bae0 unknown :-1 s=START_CONNECT pgs=0 cs=0 l=1 rev1=0 crypto rx=0 tx=0 comp rx=0 tx=0)._fault waiting 0.200000
2024-04-23T10:17:27.924 INFO:teuthology.orchestra.run.smithi069.stdout:/usr/bin/ceph: stderr
2024-04-23T10:17:27.136+0000 7fd874ff9700 1 -- 172.21.15.69:0/651441456 <== mon.0 v2:172.21.15.69:3300/0 6 ==== mon_command_ack([{"prefix": "get_command_descriptions"}]=0 v0) ==== 72+0+188370 (secure 0 0 0) 0x7fd868011e20 con 0x7fd8781085c0
2024-04-23T10:17:27.924 INFO:teuthology.orchestra.run.smithi069.stdout:/usr/bin/ceph: stderr
2024-04-23T10:17:27.332+0000 7fd876ffd700 1 -- 172.21.15.69:0/651441456 >> [v2:172.21.15.69:6800/2746602813,v1:172.21.15.69:6801/2746602813] conn(0x7fd860039620 msgr2=0x7fd86003bae0 unknown :-1 s=STATE_CONNECTING_RE l=1).process reconnect failed to v2:172.21.15.69:6800/2746602813
2024-04-23T10:17:27.924 INFO:teuthology.orchestra.run.smithi069.stdout:/usr/bin/ceph: stderr
2024-04-23T10:17:27.332+0000 7fd876ffd700 1 --2- 172.21.15.69:0/651441456 >> [v2:172.21.15.69:6800/2746602813,v1:172.21.15.69:6801/2746602813] conn(0x7fd860039620 0x7fd86003bae0 unknown :-1 s=START_CONNECT pgs=0 cs=0 l=1 rev1=0 crypto rx=0 tx=0 comp rx=0 tx=0)._fault waiting 0.400000
2024-04-23T10:17:27.924 INFO:teuthology.orchestra.run.smithi069.stdout:/usr/bin/ceph: stderr
2024-04-23T10:17:27.438+0000 7fd87dc2f700 1 -- 172.21.15.69:0/651441456 --> [v2:172.21.15.69:3300/0,v1:172.21.15.69:6789/0] -- mon_command({"prefix": "mgr stat"} v 0) -- 0x7fd87819f9d0 con 0x7fd8781085c0
2024-04-23T10:17:27.924 INFO:teuthology.orchestra.run.smithi069.stdout:/usr/bin/ceph: stderr
2024-04-23T10:17:27.438+0000 7fd874ff9700 1 -- 172.21.15.69:0/651441456 <== mon.0 v2:172.21.15.69:3300/0 7 ==== mon_command_ack([{"prefix": "mgr stat"}]=0 v5) ==== 56+0+88 (secure 0 0 0) 0x7fd868029260 con 0x7fd8781085c0
2024-04-23T10:17:27.925 INFO:teuthology.orchestra.run.smithi069.stdout:/usr/bin/ceph: stderr
2024-04-23T10:17:27.440+0000 7fd87dc2f700 1 -- 172.21.15.69:0/651441456 >> [v2:172.21.15.69:6800/2746602813,v1:172.21.15.69:6801/2746602813] conn(0x7fd860039620 msgr2=0x7fd86003bae0 unknown :-1 s=STATE_CONNECTING l=1).mark_down
2024-04-23T10:17:27.925 INFO:teuthology.orchestra.run.smithi069.stdout:/usr/bin/ceph: stderr
2024-04-23T10:17:27.440+0000 7fd87dc2f700 1 --2- 172.21.15.69:0/651441456 >> [v2:172.21.15.69:6800/2746602813,v1:172.21.15.69:6801/2746602813] conn(0x7fd860039620 0x7fd86003bae0 unknown :-1 s=START_CONNECT pgs=0 cs=0 l=1 rev1=0 crypto rx=0 tx=0 comp rx=0 tx=0).stop
2024-04-23T10:17:27.925 INFO:teuthology.orchestra.run.smithi069.stdout:/usr/bin/ceph: stderr
2024-04-23T10:17:27.440+0000 7fd87dc2f700 1 -- 172.21.15.69:0/651441456 >> [v2:172.21.15.69:3300/0,v1:172.21.15.69:6789/0] conn(0x7fd8781085c0 msgr2=0x7fd87819c3f0 secure :-1 s=STATE_CONNECTION_ESTABLISHED l=1).mark_down
2024-04-23T10:17:27.925 INFO:teuthology.orchestra.run.smithi069.stdout:/usr/bin/ceph: stderr
2024-04-23T10:17:27.440+0000 7fd87dc2f700 1 --2- 172.21.15.69:0/651441456 >> [v2:172.21.15.69:3300/0,v1:172.21.15.69:6789/0] conn(0x7fd8781085c0 0x7fd87819c3f0 secure :-1 s=READY pgs=27 cs=0 l=1 rev1=1 crypto rx=0x7fd8680117e0 tx=0x7fd868011ce0 comp rx=0 tx=0).stop
2024-04-23T10:17:27.925 INFO:teuthology.orchestra.run.smithi069.stdout:/usr/bin/ceph: stderr
2024-04-23T10:17:27.440+0000 7fd87dc2f700 1 -- 172.21.15.69:0/651441456 shutdown_connections
2024-04-23T10:17:27.925 INFO:teuthology.orchestra.run.smithi069.stdout:/usr/bin/ceph: stderr
2024-04-23T10:17:27.440+0000 7fd87dc2f700 1 --2- 172.21.15.69:0/651441456 >> [v2:172.21.15.69:6800/2746602813,v1:172.21.15.69:6801/2746602813] conn(0x7fd860039620 0x7fd86003bae0 unknown :-1 s=CLOSED pgs=0 cs=0 l=1 rev1=0 crypto rx=0 tx=0 comp rx=0 tx=0).stop
2024-04-23T10:17:27.925 INFO:teuthology.orchestra.run.smithi069.stdout:/usr/bin/ceph: stderr
2024-04-23T10:17:27.440+0000 7fd87dc2f700 1 --2- 172.21.15.69:0/651441456 >> [v2:172.21.15.69:3300/0,v1:172.21.15.69:6789/0] conn(0x7fd8781085c0 0x7fd87819c3f0 unknown :-1 s=CLOSED pgs=27 cs=0 l=1 rev1=1 crypto rx=0 tx=0 comp rx=0 tx=0).stop
2024-04-23T10:17:27.925 INFO:teuthology.orchestra.run.smithi069.stdout:/usr/bin/ceph: stderr
2024-04-23T10:17:27.440+0000 7fd87dc2f700 1 -- 172.21.15.69:0/651441456 >> 172.21.15.69:0/651441456 conn(0x7fd878103be0 msgr2=0x7fd878104630 unknown :-1 s=STATE_NONE l=0).mark_down
2024-04-23T10:17:27.925 INFO:teuthology.orchestra.run.smithi069.stdout:/usr/bin/ceph: stderr
2024-04-23T10:17:27.441+0000 7fd87dc2f700 1 -- 172.21.15.69:0/651441456 shutdown_connections
2024-04-23T10:17:27.925 INFO:teuthology.orchestra.run.smithi069.stdout:/usr/bin/ceph: stderr
2024-04-23T10:17:27.441+0000 7fd87dc2f700 1 -- 172.21.15.69:0/651441456 wait complete.
2024-04-23T10:17:27.925 INFO:teuthology.orchestra.run.smithi069.stdout:Waiting for the mgr to restart...
2024-04-23T10:17:27.925 INFO:teuthology.orchestra.run.smithi069.stdout:Waiting for mgr epoch 5...
2024-04-23T10:17:28.363 INFO:journalctl@ceph.mon.a.smithi069.stdout:Apr 23 10:17:28 smithi069 ceph-mon[29593]: from='client.? 172.21.15.69:0/651441456' entity='client.admin' cmd=[{"prefix": "mgr stat"}]: dispatch
2024-04-23T10:17:28.364 INFO:journalctl@ceph.mgr.x.smithi069.stdout:Apr 23 10:17:28 smithi069 ceph-ac4c3a2c-0159-11ef-bc93-c7b262605968-mgr-x[29821]:
2024-04-23T10:17:28.188+0000 7f1c7ec3d200 -1 mgr[py] Module telegraf has missing NOTIFY_TYPES member
2024-04-23T10:17:28.364 INFO:journalctl@ceph.mgr.x.smithi069.stdout:Apr 23 10:17:28 smithi069 ceph-ac4c3a2c-0159-11ef-bc93-c7b262605968-mgr-x[29821]:
2024-04-23T10:17:28.364+0000 7f1c7ec3d200 -1 mgr[py] Module osd_support has missing NOTIFY_TYPES member
2024-04-23T10:17:28.742 INFO:journalctl@ceph.mgr.x.smithi069.stdout:Apr 23 10:17:28 smithi069 ceph-ac4c3a2c-0159-11ef-bc93-c7b262605968-mgr-x[29821]:
2024-04-23T10:17:28.531+0000 7f1c7ec3d200 -1 mgr[py] Module iostat has missing NOTIFY_TYPES member
2024-04-23T10:17:29.105 INFO:journalctl@ceph.mgr.x.smithi069.stdout:Apr 23 10:17:28 smithi069 ceph-ac4c3a2c-0159-11ef-bc93-c7b262605968-mgr-x[29821]:
2024-04-23T10:17:28.816+0000 7f1c7ec3d200 -1 mgr[py] Module alerts has missing NOTIFY_TYPES member
2024-04-23T10:17:29.105 INFO:journalctl@ceph.mgr.x.smithi069.stdout:Apr 23 10:17:28 smithi069 ceph-ac4c3a2c-0159-11ef-bc93-c7b262605968-mgr-x[29821]:
2024-04-23T10:17:28.907+0000 7f1c7ec3d200 -1 mgr[py] Module selftest has missing NOTIFY_TYPES member
2024-04-23T10:17:29.105 INFO:journalctl@ceph.mgr.x.smithi069.stdout:Apr 23 10:17:29 smithi069 ceph-ac4c3a2c-0159-11ef-bc93-c7b262605968-mgr-x[29821]:
2024-04-23T10:17:29.106+0000 7f1c7ec3d200 -1 mgr[py] Module pg_autoscaler has missing NOTIFY_TYPES member
2024-04-23T10:17:29.492 INFO:journalctl@ceph.mgr.x.smithi069.stdout:Apr 23 10:17:29 smithi069 ceph-ac4c3a2c-0159-11ef-bc93-c7b262605968-mgr-x[29821]:
2024-04-23T10:17:29.297+0000 7f1c7ec3d200 -1 mgr[py] Module test_orchestrator has missing NOTIFY_TYPES member
2024-04-23T10:17:29.992 INFO:journalctl@ceph.mgr.x.smithi069.stdout:Apr 23 10:17:29 smithi069 ceph-ac4c3a2c-0159-11ef-bc93-c7b262605968-mgr-x[29821]:
2024-04-23T10:17:29.885+0000 7f1c7ec3d200 -1 mgr[py] Module rook has missing NOTIFY_TYPES member
2024-04-23T10:17:30.594 INFO:journalctl@ceph.mgr.x.smithi069.stdout:Apr 23 10:17:30 smithi069 ceph-ac4c3a2c-0159-11ef-bc93-c7b262605968-mgr-x[29821]:
2024-04-23T10:17:30.302+0000 7f1c7ec3d200 -1 mgr[py] Module volumes has missing NOTIFY_TYPES member
2024-04-23T10:17:30.595 INFO:journalctl@ceph.mgr.x.smithi069.stdout:Apr 23 10:17:30 smithi069 ceph-ac4c3a2c-0159-11ef-bc93-c7b262605968-mgr-x[29821]:
2024-04-23T10:17:30.396+0000 7f1c7ec3d200 -1 mgr[py] Module crash has missing NOTIFY_TYPES member
2024-04-23T10:17:30.870 INFO:journalctl@ceph.mgr.x.smithi069.stdout:Apr 23 10:17:30 smithi069 ceph-ac4c3a2c-0159-11ef-bc93-c7b262605968-mgr-x[29821]:
2024-04-23T10:17:30.595+0000 7f1c7ec3d200 -1 mgr[py] Module rgw has missing NOTIFY_TYPES member
2024-04-23T10:17:31.484 INFO:journalctl@ceph.mgr.x.smithi069.stdout:Apr 23 10:17:31 smithi069 ceph-ac4c3a2c-0159-11ef-bc93-c7b262605968-mgr-x[29821]:
2024-04-23T10:17:31.138+0000 7f1c7ec3d200 -1 mgr[py] Module prometheus has missing NOTIFY_TYPES member
2024-04-23T10:17:31.484 INFO:journalctl@ceph.mgr.x.smithi069.stdout:Apr 23 10:17:31 smithi069 ceph-ac4c3a2c-0159-11ef-bc93-c7b262605968-mgr-x[29821]:
2024-04-23T10:17:31.234+0000 7f1c7ec3d200 -1 mgr[py] Module devicehealth has missing NOTIFY_TYPES member
2024-04-23T10:17:31.742 INFO:journalctl@ceph.mgr.x.smithi069.stdout:Apr 23 10:17:31 smithi069 ceph-ac4c3a2c-0159-11ef-bc93-c7b262605968-mgr-x[29821]:
2024-04-23T10:17:31.485+0000 7f1c7ec3d200 -1 mgr[py] Module telemetry has missing NOTIFY_TYPES member
2024-04-23T10:17:31.742 INFO:journalctl@ceph.mgr.x.smithi069.stdout:Apr 23 10:17:31 smithi069 ceph-ac4c3a2c-0159-11ef-bc93-c7b262605968-mgr-x[29821]:
2024-04-23T10:17:31.621+0000 7f1c7ec3d200 -1 mgr[py] Module diskprediction_local has missing NOTIFY_TYPES member
2024-04-23T10:17:31.742 INFO:journalctl@ceph.mgr.x.smithi069.stdout:Apr 23 10:17:31 smithi069 ceph-ac4c3a2c-0159-11ef-bc93-c7b262605968-mgr-x[29821]:
2024-04-23T10:17:31.719+0000 7f1c7ec3d200 -1 mgr[py] Module osd_perf_query has missing NOTIFY_TYPES member
2024-04-23T10:17:32.132 INFO:journalctl@ceph.mgr.x.smithi069.stdout:Apr 23 10:17:31 smithi069 ceph-ac4c3a2c-0159-11ef-bc93-c7b262605968-mgr-x[29821]:
2024-04-23T10:17:31.838+0000 7f1c7ec3d200 -1 mgr[py] Module rbd_support has missing NOTIFY_TYPES member
2024-04-23T10:17:32.132 INFO:journalctl@ceph.mgr.x.smithi069.stdout:Apr 23 10:17:32 smithi069 ceph-ac4c3a2c-0159-11ef-bc93-c7b262605968-mgr-x[29821]:
2024-04-23T10:17:32.133+0000 7f1c7ec3d200 -1 mgr[py] Module zabbix has missing NOTIFY_TYPES member
2024-04-23T10:17:32.992 INFO:journalctl@ceph.mgr.x.smithi069.stdout:Apr 23 10:17:32 smithi069 ceph-ac4c3a2c-0159-11ef-bc93-c7b262605968-mgr-x[29821]:
2024-04-23T10:17:32.724+0000 7f1c7ec3d200 -1 mgr[py] Module status has missing NOTIFY_TYPES member
2024-04-23T10:17:32.992 INFO:journalctl@ceph.mgr.x.smithi069.stdout:Apr 23 10:17:32 smithi069 ceph-ac4c3a2c-0159-11ef-bc93-c7b262605968-mgr-x[29821]:
2024-04-23T10:17:32.942+0000 7f1c7ec3d200 -1 mgr[py] Module nfs has missing NOTIFY_TYPES member
2024-04-23T10:17:33.492 INFO:journalctl@ceph.mon.a.smithi069.stdout:Apr 23 10:17:32 smithi069 ceph-mon[29593]: Active manager daemon x restarted
2024-04-23T10:17:33.493 INFO:journalctl@ceph.mon.a.smithi069.stdout:Apr 23 10:17:32 smithi069 ceph-mon[29593]: Activating manager daemon x
2024-04-23T10:17:33.493 INFO:journalctl@ceph.mon.a.smithi069.stdout:Apr 23 10:17:32 smithi069 ceph-mon[29593]: osdmap e2: 0 total, 0 up, 0 in
2024-04-23T10:17:33.493 INFO:journalctl@ceph.mon.a.smithi069.stdout:Apr 23 10:17:32 smithi069 ceph-mon[29593]: mgrmap e6: x(active, starting, since 0.00345227s)
2024-04-23T10:17:33.493 INFO:journalctl@ceph.mon.a.smithi069.stdout:Apr 23 10:17:32 smithi069 ceph-mon[29593]: from='mgr.14120 172.21.15.69:0/2449261944' entity='mgr.x' cmd=[{"prefix": "mon metadata", "id": "a"}]: dispatch
2024-04-23T10:17:33.493 INFO:journalctl@ceph.mon.a.smithi069.stdout:Apr 23 10:17:32 smithi069 ceph-mon[29593]: from='mgr.14120 172.21.15.69:0/2449261944' entity='mgr.x' cmd=[{"prefix": "mgr metadata", "who": "x", "id": "x"}]: dispatch
2024-04-23T10:17:33.493 INFO:journalctl@ceph.mon.a.smithi069.stdout:Apr 23 10:17:32 smithi069 ceph-mon[29593]: from='mgr.14120 172.21.15.69:0/2449261944' entity='mgr.x' cmd=[{"prefix": "mds metadata"}]: dispatch
2024-04-23T10:17:33.493 INFO:journalctl@ceph.mon.a.smithi069.stdout:Apr 23 10:17:32 smithi069 ceph-mon[29593]: from='mgr.14120 172.21.15.69:0/2449261944' entity='mgr.x' cmd=[{"prefix": "osd metadata"}]: dispatch
2024-04-23T10:17:33.493 INFO:journalctl@ceph.mon.a.smithi069.stdout:Apr 23 10:17:32 smithi069 ceph-mon[29593]: from='mgr.14120 172.21.15.69:0/2449261944' entity='mgr.x' cmd=[{"prefix": "mon metadata"}]: dispatch
2024-04-23T10:17:33.493 INFO:journalctl@ceph.mon.a.smithi069.stdout:Apr 23 10:17:32 smithi069 ceph-mon[29593]: Manager daemon x is now available
2024-04-23T10:17:33.493 INFO:journalctl@ceph.mon.a.smithi069.stdout:Apr 23 10:17:32 smithi069 ceph-mon[29593]: from='mgr.14120 172.21.15.69:0/2449261944' entity='mgr.x'
2024-04-23T10:17:33.493 INFO:journalctl@ceph.mon.a.smithi069.stdout:Apr 23 10:17:32 smithi069 ceph-mon[29593]: from='mgr.14120 172.21.15.69:0/2449261944' entity='mgr.x'
2024-04-23T10:17:33.493 INFO:journalctl@ceph.mon.a.smithi069.stdout:Apr 23 10:17:32 smithi069 ceph-mon[29593]: from='mgr.14120 172.21.15.69:0/2449261944' entity='mgr.x' cmd=[{"prefix": "config dump", "format": "json"}]: dispatch
2024-04-23T10:17:33.493 INFO:journalctl@ceph.mon.a.smithi069.stdout:Apr 23 10:17:32 smithi069 ceph-mon[29593]: from='mgr.14120 172.21.15.69:0/2449261944' entity='mgr.x' cmd=[{"prefix": "config dump", "format": "json"}]: dispatch
2024-04-23T10:17:33.493 INFO:journalctl@ceph.mon.a.smithi069.stdout:Apr 23 10:17:32 smithi069 ceph-mon[29593]: from='mgr.14120 172.21.15.69:0/2449261944' entity='mgr.x' cmd=[{"prefix":"config rm","who":"mgr","name":"mgr/rbd_support/x/mirror_snapshot_schedule"}]: dispatch
2024-04-23T10:17:34.242 INFO:journalctl@ceph.mon.a.smithi069.stdout:Apr 23 10:17:33 smithi069 ceph-mon[29593]: Found migration_current of "None". Setting to last migration.
2024-04-23T10:17:34.243 INFO:journalctl@ceph.mon.a.smithi069.stdout:Apr 23 10:17:33 smithi069 ceph-mon[29593]: from='mgr.14120 172.21.15.69:0/2449261944' entity='mgr.x' cmd=[{"prefix":"config rm","who":"mgr","name":"mgr/rbd_support/x/trash_purge_schedule"}]: dispatch
2024-04-23T10:17:34.243 INFO:journalctl@ceph.mon.a.smithi069.stdout:Apr 23 10:17:33 smithi069 ceph-mon[29593]: from='mgr.14120 172.21.15.69:0/2449261944' entity='mgr.x'
2024-04-23T10:17:34.243 INFO:journalctl@ceph.mon.a.smithi069.stdout:Apr 23 10:17:33 smithi069 ceph-mon[29593]: from='mgr.14120 172.21.15.69:0/2449261944' entity='mgr.x'
2024-04-23T10:17:34.243 INFO:journalctl@ceph.mon.a.smithi069.stdout:Apr 23 10:17:33 smithi069 ceph-mon[29593]: mgrmap e7: x(active, since 1.00576s)
2024-04-23T10:17:34.487 INFO:teuthology.orchestra.run.smithi069.stdout:/usr/bin/ceph: stdout {
2024-04-23T10:17:34.487 INFO:teuthology.orchestra.run.smithi069.stdout:/usr/bin/ceph: stdout "mgrmap_epoch": 7,
2024-04-23T10:17:34.487 INFO:teuthology.orchestra.run.smithi069.stdout:/usr/bin/ceph: stdout "initialized": true
2024-04-23T10:17:34.487 INFO:teuthology.orchestra.run.smithi069.stdout:/usr/bin/ceph: stdout }
2024-04-23T10:17:34.487 INFO:teuthology.orchestra.run.smithi069.stdout:/usr/bin/ceph: stderr
2024-04-23T10:17:28.324+0000 7fa617d73700 1 Processor -- start
2024-04-23T10:17:34.487 INFO:teuthology.orchestra.run.smithi069.stdout:/usr/bin/ceph: stderr
2024-04-23T10:17:28.324+0000 7fa617d73700 1 -- start start
2024-04-23T10:17:34.487 INFO:teuthology.orchestra.run.smithi069.stdout:/usr/bin/ceph: stderr
2024-04-23T10:17:28.324+0000 7fa617d73700 1 --2- >> [v2:172.21.15.69:3300/0,v1:172.21.15.69:6789/0] conn(0x7fa610109060 0x7fa61010b450 unknown :-1 s=NONE pgs=0 cs=0 l=0 rev1=0 crypto rx=0 tx=0 comp rx=0 tx=0).connect
2024-04-23T10:17:34.488 INFO:teuthology.orchestra.run.smithi069.stdout:/usr/bin/ceph: stderr
2024-04-23T10:17:28.324+0000 7fa617d73700 1 -- --> [v2:172.21.15.69:3300/0,v1:172.21.15.69:6789/0] -- mon_getmap magic: 0 -- 0x7fa61007be60 con 0x7fa610109060
2024-04-23T10:17:34.488 INFO:teuthology.orchestra.run.smithi069.stdout:/usr/bin/ceph: stderr
2024-04-23T10:17:28.325+0000 7fa615b0f700 1 --2- >> [v2:172.21.15.69:3300/0,v1:172.21.15.69:6789/0] conn(0x7fa610109060 0x7fa61010b450 unknown :-1 s=BANNER_CONNECTING pgs=0 cs=0 l=0 rev1=0 crypto rx=0 tx=0 comp rx=0 tx=0)._handle_peer_banner_payload supported=3 required=0
2024-04-23T10:17:34.488 INFO:teuthology.orchestra.run.smithi069.stdout:/usr/bin/ceph: stderr
2024-04-23T10:17:28.325+0000 7fa615b0f700 1 --2- >> [v2:172.21.15.69:3300/0,v1:172.21.15.69:6789/0] conn(0x7fa610109060 0x7fa61010b450 unknown :-1 s=HELLO_CONNECTING pgs=0 cs=0 l=0 rev1=1 crypto rx=0 tx=0 comp rx=0 tx=0).handle_hello peer v2:172.21.15.69:3300/0 says I am v2:172.21.15.69:55450/0 (socket says 172.21.15.69:55450)
2024-04-23T10:17:34.488 INFO:teuthology.orchestra.run.smithi069.stdout:/usr/bin/ceph: stderr
2024-04-23T10:17:28.325+0000 7fa615b0f700 1 -- 172.21.15.69:0/2201630077 learned_addr learned my addr 172.21.15.69:0/2201630077 (peer_addr_for_me v2:172.21.15.69:0/0)
2024-04-23T10:17:34.488 INFO:teuthology.orchestra.run.smithi069.stdout:/usr/bin/ceph: stderr
2024-04-23T10:17:28.325+0000 7fa615b0f700 1 -- 172.21.15.69:0/2201630077 --> [v2:172.21.15.69:3300/0,v1:172.21.15.69:6789/0] -- mon_subscribe({config=0+,monmap=0+}) -- 0x7fa61010b990 con 0x7fa610109060
2024-04-23T10:17:34.488 INFO:teuthology.orchestra.run.smithi069.stdout:/usr/bin/ceph: stderr
2024-04-23T10:17:28.325+0000 7fa615b0f700 1 --2- 172.21.15.69:0/2201630077 >> [v2:172.21.15.69:3300/0,v1:172.21.15.69:6789/0] conn(0x7fa610109060 0x7fa61010b450 secure :-1 s=READY pgs=28 cs=0 l=1 rev1=1 crypto rx=0x7fa6000098a0 tx=0x7fa600009bb0 comp rx=0 tx=0).ready entity=mon.0 client_cookie=c582ffe6a0d44737 server_cookie=0 in_seq=0 out_seq=0
2024-04-23T10:17:34.488 INFO:teuthology.orchestra.run.smithi069.stdout:/usr/bin/ceph: stderr
2024-04-23T10:17:28.325+0000 7fa614b0d700 1 -- 172.21.15.69:0/2201630077 <== mon.0 v2:172.21.15.69:3300/0 1 ==== mon_map magic: 0 ==== 205+0+0 (secure 0 0 0) 0x7fa600004160 con 0x7fa610109060
2024-04-23T10:17:34.488 INFO:teuthology.orchestra.run.smithi069.stdout:/usr/bin/ceph: stderr
2024-04-23T10:17:28.325+0000 7fa614b0d700 1 -- 172.21.15.69:0/2201630077 <== mon.0 v2:172.21.15.69:3300/0 2 ==== config(27 keys) ==== 1104+0+0 (secure 0 0 0) 0x7fa600004300 con 0x7fa610109060
2024-04-23T10:17:34.488 INFO:teuthology.orchestra.run.smithi069.stdout:/usr/bin/ceph: stderr
2024-04-23T10:17:28.325+0000 7fa614b0d700 1 -- 172.21.15.69:0/2201630077 <== mon.0 v2:172.21.15.69:3300/0 3 ==== mon_map magic: 0 ==== 205+0+0 (secure 0 0 0) 0x7fa600011b20 con 0x7fa610109060
2024-04-23T10:17:34.488 INFO:teuthology.orchestra.run.smithi069.stdout:/usr/bin/ceph: stderr
2024-04-23T10:17:28.326+0000 7fa617d73700 1 -- 172.21.15.69:0/2201630077 >> [v2:172.21.15.69:3300/0,v1:172.21.15.69:6789/0] conn(0x7fa610109060 msgr2=0x7fa61010b450 secure :-1 s=STATE_CONNECTION_ESTABLISHED l=1).mark_down
2024-04-23T10:17:34.488 INFO:teuthology.orchestra.run.smithi069.stdout:/usr/bin/ceph: stderr
2024-04-23T10:17:28.326+0000 7fa617d73700 1 --2- 172.21.15.69:0/2201630077 >> [v2:172.21.15.69:3300/0,v1:172.21.15.69:6789/0] conn(0x7fa610109060 0x7fa61010b450 secure :-1 s=READY pgs=28 cs=0 l=1 rev1=1 crypto rx=0x7fa6000098a0 tx=0x7fa600009bb0 comp rx=0 tx=0).stop
2024-04-23T10:17:34.488 INFO:teuthology.orchestra.run.smithi069.stdout:/usr/bin/ceph: stderr
2024-04-23T10:17:28.326+0000 7fa617d73700 1 -- 172.21.15.69:0/2201630077 shutdown_connections
2024-04-23T10:17:34.488 INFO:teuthology.orchestra.run.smithi069.stdout:/usr/bin/ceph: stderr
2024-04-23T10:17:28.326+0000 7fa617d73700 1 --2- 172.21.15.69:0/2201630077 >> [v2:172.21.15.69:3300/0,v1:172.21.15.69:6789/0] conn(0x7fa610109060 0x7fa61010b450 unknown :-1 s=CLOSED pgs=28 cs=0 l=1 rev1=1 crypto rx=0 tx=0 comp rx=0 tx=0).stop
2024-04-23T10:17:34.489 INFO:teuthology.orchestra.run.smithi069.stdout:/usr/bin/ceph: stderr
2024-04-23T10:17:28.326+0000 7fa617d73700 1 -- 172.21.15.69:0/2201630077 >> 172.21.15.69:0/2201630077 conn(0x7fa610102ab0 msgr2=0x7fa610104ed0 unknown :-1 s=STATE_NONE l=0).mark_down
2024-04-23T10:17:34.489 INFO:teuthology.orchestra.run.smithi069.stdout:/usr/bin/ceph: stderr
2024-04-23T10:17:28.326+0000 7fa617d73700 1 -- 172.21.15.69:0/2201630077 shutdown_connections
2024-04-23T10:17:34.489 INFO:teuthology.orchestra.run.smithi069.stdout:/usr/bin/ceph: stderr
2024-04-23T10:17:28.326+0000 7fa617d73700 1 -- 172.21.15.69:0/2201630077 wait complete.
2024-04-23T10:17:34.489 INFO:teuthology.orchestra.run.smithi069.stdout:/usr/bin/ceph: stderr
2024-04-23T10:17:28.327+0000 7fa617d73700 1 Processor -- start
2024-04-23T10:17:34.489 INFO:teuthology.orchestra.run.smithi069.stdout:/usr/bin/ceph: stderr
2024-04-23T10:17:28.327+0000 7fa617d73700 1 -- start start
2024-04-23T10:17:34.489 INFO:teuthology.orchestra.run.smithi069.stdout:/usr/bin/ceph: stderr
2024-04-23T10:17:28.327+0000 7fa617d73700 1 --2- >> [v2:172.21.15.69:3300/0,v1:172.21.15.69:6789/0] conn(0x7fa610109060 0x7fa61019c3e0 unknown :-1 s=NONE pgs=0 cs=0 l=1 rev1=0 crypto rx=0 tx=0 comp rx=0 tx=0).connect
2024-04-23T10:17:34.489 INFO:teuthology.orchestra.run.smithi069.stdout:/usr/bin/ceph: stderr
2024-04-23T10:17:28.327+0000 7fa617d73700 1 -- --> [v2:172.21.15.69:3300/0,v1:172.21.15.69:6789/0] -- mon_getmap magic: 0 -- 0x7fa61010c9b0 con 0x7fa610109060
2024-04-23T10:17:34.489 INFO:teuthology.orchestra.run.smithi069.stdout:/usr/bin/ceph: stderr
2024-04-23T10:17:28.327+0000 7fa615b0f700 1 --2- >> [v2:172.21.15.69:3300/0,v1:172.21.15.69:6789/0] conn(0x7fa610109060 0x7fa61019c3e0 unknown :-1 s=BANNER_CONNECTING pgs=0 cs=0 l=1 rev1=0 crypto rx=0 tx=0 comp rx=0 tx=0)._handle_peer_banner_payload supported=3 required=0
2024-04-23T10:17:34.489 INFO:teuthology.orchestra.run.smithi069.stdout:/usr/bin/ceph: stderr
2024-04-23T10:17:28.327+0000 7fa615b0f700 1 --2- >> [v2:172.21.15.69:3300/0,v1:172.21.15.69:6789/0] conn(0x7fa610109060 0x7fa61019c3e0 unknown :-1 s=HELLO_CONNECTING pgs=0 cs=0 l=1 rev1=1 crypto rx=0 tx=0 comp rx=0 tx=0).handle_hello peer v2:172.21.15.69:3300/0 says I am v2:172.21.15.69:55452/0 (socket says 172.21.15.69:55452)
2024-04-23T10:17:34.489 INFO:teuthology.orchestra.run.smithi069.stdout:/usr/bin/ceph: stderr
2024-04-23T10:17:28.327+0000 7fa615b0f700 1 -- 172.21.15.69:0/1286684229 learned_addr learned my addr 172.21.15.69:0/1286684229 (peer_addr_for_me v2:172.21.15.69:0/0)
2024-04-23T10:17:34.489 INFO:teuthology.orchestra.run.smithi069.stdout:/usr/bin/ceph: stderr
2024-04-23T10:17:28.327+0000 7fa615b0f700 1 -- 172.21.15.69:0/1286684229 --> [v2:172.21.15.69:3300/0,v1:172.21.15.69:6789/0] -- mon_subscribe({config=0+,monmap=0+}) -- 0x7fa61019c920 con 0x7fa610109060
2024-04-23T10:17:34.489 INFO:teuthology.orchestra.run.smithi069.stdout:/usr/bin/ceph: stderr
2024-04-23T10:17:28.328+0000 7fa615b0f700 1 --2- 172.21.15.69:0/1286684229 >> [v2:172.21.15.69:3300/0,v1:172.21.15.69:6789/0] conn(0x7fa610109060 0x7fa61019c3e0 secure :-1 s=READY pgs=29 cs=0 l=1 rev1=1 crypto rx=0x7fa6000117e0 tx=0x7fa600011ce0 comp rx=0 tx=0).ready entity=mon.0 client_cookie=0 server_cookie=0 in_seq=0 out_seq=0
2024-04-23T10:17:34.489 INFO:teuthology.orchestra.run.smithi069.stdout:/usr/bin/ceph: stderr
2024-04-23T10:17:28.328+0000 7fa606ffd700 1 -- 172.21.15.69:0/1286684229 <== mon.0 v2:172.21.15.69:3300/0 1 ==== mon_map magic: 0 ==== 205+0+0 (secure 0 0 0) 0x7fa600003b30 con 0x7fa610109060
2024-04-23T10:17:34.489 INFO:teuthology.orchestra.run.smithi069.stdout:/usr/bin/ceph: stderr
2024-04-23T10:17:28.328+0000 7fa606ffd700 1 -- 172.21.15.69:0/1286684229 <== mon.0 v2:172.21.15.69:3300/0 2 ==== config(27 keys) ==== 1104+0+0 (secure 0 0 0) 0x7fa600003cd0 con 0x7fa610109060
2024-04-23T10:17:34.490 INFO:teuthology.orchestra.run.smithi069.stdout:/usr/bin/ceph: stderr
2024-04-23T10:17:28.328+0000 7fa617d73700 1 -- 172.21.15.69:0/1286684229 --> [v2:172.21.15.69:3300/0,v1:172.21.15.69:6789/0] -- mon_subscribe({mgrmap=0+}) -- 0x7fa61019cbb0 con 0x7fa610109060
2024-04-23T10:17:34.490 INFO:teuthology.orchestra.run.smithi069.stdout:/usr/bin/ceph: stderr
2024-04-23T10:17:28.328+0000 7fa606ffd700 1 -- 172.21.15.69:0/1286684229 <== mon.0 v2:172.21.15.69:3300/0 3 ==== mon_map magic: 0 ==== 205+0+0 (secure 0 0 0) 0x7fa60001a7c0 con 0x7fa610109060
2024-04-23T10:17:34.490 INFO:teuthology.orchestra.run.smithi069.stdout:/usr/bin/ceph: stderr
2024-04-23T10:17:28.328+0000 7fa617d73700 1 -- 172.21.15.69:0/1286684229 --> [v2:172.21.15.69:3300/0,v1:172.21.15.69:6789/0] -- mon_subscribe({osdmap=0}) -- 0x7fa61019d010 con 0x7fa610109060
2024-04-23T10:17:34.490 INFO:teuthology.orchestra.run.smithi069.stdout:/usr/bin/ceph: stderr
2024-04-23T10:17:28.329+0000 7fa606ffd700 1 -- 172.21.15.69:0/1286684229 <== mon.0 v2:172.21.15.69:3300/0 4 ==== mgrmap(e 5) ==== 46558+0+0 (secure 0 0 0) 0x7fa600024ba0 con 0x7fa610109060
2024-04-23T10:17:34.490 INFO:teuthology.orchestra.run.smithi069.stdout:/usr/bin/ceph: stderr
2024-04-23T10:17:28.329+0000 7fa606ffd700 1 --2- 172.21.15.69:0/1286684229 >> [v2:172.21.15.69:6800/2746602813,v1:172.21.15.69:6801/2746602813] conn(0x7fa5fc039670 0x7fa5fc03bb30 unknown :-1 s=NONE pgs=0 cs=0 l=1 rev1=0 crypto rx=0 tx=0 comp rx=0 tx=0).connect
2024-04-23T10:17:34.490 INFO:teuthology.orchestra.run.smithi069.stdout:/usr/bin/ceph: stderr
2024-04-23T10:17:28.329+0000 7fa606ffd700 1 -- 172.21.15.69:0/1286684229 --> [v2:172.21.15.69:6800/2746602813,v1:172.21.15.69:6801/2746602813] -- command(tid 0: {"prefix": "get_command_descriptions"}) -- 0x7fa5fc03c240 con 0x7fa5fc039670
2024-04-23T10:17:34.490 INFO:teuthology.orchestra.run.smithi069.stdout:/usr/bin/ceph: stderr
2024-04-23T10:17:28.329+0000 7fa606ffd700 1 -- 172.21.15.69:0/1286684229 <== mon.0 v2:172.21.15.69:3300/0 5 ==== osd_map(1..1 src has 1..1) ==== 725+0+0 (secure 0 0 0) 0x7fa60004da10 con 0x7fa610109060
2024-04-23T10:17:34.490 INFO:teuthology.orchestra.run.smithi069.stdout:/usr/bin/ceph: stderr
2024-04-23T10:17:28.329+0000 7fa61530e700 1 -- 172.21.15.69:0/1286684229 >> [v2:172.21.15.69:6800/2746602813,v1:172.21.15.69:6801/2746602813] conn(0x7fa5fc039670 msgr2=0x7fa5fc03bb30 unknown :-1 s=STATE_CONNECTING_RE l=1).process reconnect failed to v2:172.21.15.69:6800/2746602813
2024-04-23T10:17:34.490 INFO:teuthology.orchestra.run.smithi069.stdout:/usr/bin/ceph: stderr
2024-04-23T10:17:28.329+0000 7fa61530e700 1 --2- 172.21.15.69:0/1286684229 >> [v2:172.21.15.69:6800/2746602813,v1:172.21.15.69:6801/2746602813] conn(0x7fa5fc039670 0x7fa5fc03bb30 unknown :-1 s=START_CONNECT pgs=0 cs=0 l=1 rev1=0 crypto rx=0 tx=0 comp rx=0 tx=0)._fault waiting 0.200000
