2024-04-23T10:17:48.021+0000 7fcb4dd9b700 1 --2- 172.21.15.33:0/1610363737 >> [v2:172.21.15.33:6800/2970051328,v1:172.21.15.33:6801/2970051328] conn(0x7fcb38039620 0x7fcb3803bae0 unknown :-1 s=START_CONNECT pgs=0 cs=0 l=1 rev1=0 crypto rx=0 tx=0 comp rx=0 tx=0)._fault waiting 3.200000
2024-04-23T10:17:51.504 INFO:teuthology.orchestra.run.smithi033.stdout:/usr/bin/ceph: stderr
2024-04-23T10:17:49.884+0000 7fcb3f7fe700 1 -- 172.21.15.33:0/1610363737 <== mon.0 v2:172.21.15.33:3300/0 6 ==== mgrmap(e 6) ==== 46325+0+0 (secure 0 0 0) 0x7fcb40029980 con 0x7fcb50108f60
2024-04-23T10:17:51.504 INFO:teuthology.orchestra.run.smithi033.stdout:/usr/bin/ceph: stderr
2024-04-23T10:17:49.884+0000 7fcb3f7fe700 1 -- 172.21.15.33:0/1610363737 >> [v2:172.21.15.33:6800/2970051328,v1:172.21.15.33:6801/2970051328] conn(0x7fcb38039620 msgr2=0x7fcb3803bae0 unknown :-1 s=STATE_CONNECTING l=1).mark_down
2024-04-23T10:17:51.504 INFO:teuthology.orchestra.run.smithi033.stdout:/usr/bin/ceph: stderr
2024-04-23T10:17:49.884+0000 7fcb3f7fe700 1 --2- 172.21.15.33:0/1610363737 >> [v2:172.21.15.33:6800/2970051328,v1:172.21.15.33:6801/2970051328] conn(0x7fcb38039620 0x7fcb3803bae0 unknown :-1 s=START_CONNECT pgs=0 cs=0 l=1 rev1=0 crypto rx=0 tx=0 comp rx=0 tx=0).stop
2024-04-23T10:17:51.505 INFO:teuthology.orchestra.run.smithi033.stdout:/usr/bin/ceph: stderr
2024-04-23T10:17:50.886+0000 7fcb3f7fe700 1 -- 172.21.15.33:0/1610363737 <== mon.0 v2:172.21.15.33:3300/0 7 ==== mgrmap(e 7) ==== 46452+0+0 (secure 0 0 0) 0x7fcb40052c60 con 0x7fcb50108f60
2024-04-23T10:17:51.505 INFO:teuthology.orchestra.run.smithi033.stdout:/usr/bin/ceph: stderr
2024-04-23T10:17:50.886+0000 7fcb3f7fe700 1 --2- 172.21.15.33:0/1610363737 >> [v2:172.21.15.33:6800/2756321092,v1:172.21.15.33:6801/2756321092] conn(0x7fcb3803cf60 0x7fcb3803f350 unknown :-1 s=NONE pgs=0 cs=0 l=1 rev1=0 crypto rx=0 tx=0 comp rx=0 tx=0).connect
2024-04-23T10:17:51.505 INFO:teuthology.orchestra.run.smithi033.stdout:/usr/bin/ceph: stderr
2024-04-23T10:17:50.886+0000 7fcb3f7fe700 1 -- 172.21.15.33:0/1610363737 --> [v2:172.21.15.33:6800/2756321092,v1:172.21.15.33:6801/2756321092] -- command(tid 0: {"prefix": "get_command_descriptions"}) -- 0x7fcb40012ec0 con 0x7fcb3803cf60
2024-04-23T10:17:51.505 INFO:teuthology.orchestra.run.smithi033.stdout:/usr/bin/ceph: stderr
2024-04-23T10:17:50.886+0000 7fcb4dd9b700 1 --2- 172.21.15.33:0/1610363737 >> [v2:172.21.15.33:6800/2756321092,v1:172.21.15.33:6801/2756321092] conn(0x7fcb3803cf60 0x7fcb3803f350 unknown :-1 s=BANNER_CONNECTING pgs=0 cs=0 l=1 rev1=0 crypto rx=0 tx=0 comp rx=0 tx=0)._handle_peer_banner_payload supported=3 required=0
2024-04-23T10:17:51.505 INFO:teuthology.orchestra.run.smithi033.stdout:/usr/bin/ceph: stderr
2024-04-23T10:17:50.887+0000 7fcb4dd9b700 1 --2- 172.21.15.33:0/1610363737 >> [v2:172.21.15.33:6800/2756321092,v1:172.21.15.33:6801/2756321092] conn(0x7fcb3803cf60 0x7fcb3803f350 secure :-1 s=READY pgs=1 cs=0 l=1 rev1=1 crypto rx=0x7fcb44003a10 tx=0x7fcb440092b0 comp rx=0 tx=0).ready entity=mgr.14120 client_cookie=0 server_cookie=0 in_seq=0 out_seq=0
2024-04-23T10:17:51.505 INFO:teuthology.orchestra.run.smithi033.stdout:/usr/bin/ceph: stderr
2024-04-23T10:17:50.888+0000 7fcb3f7fe700 1 -- 172.21.15.33:0/1610363737 <== mgr.14120 v2:172.21.15.33:6800/2756321092 1 ==== command_reply(tid 0: 0 ) ==== 8+0+7774 (secure 0 0 0) 0x7fcb40012ec0 con 0x7fcb3803cf60
2024-04-23T10:17:51.505 INFO:teuthology.orchestra.run.smithi033.stdout:/usr/bin/ceph: stderr
2024-04-23T10:17:50.894+0000 7fcb5499b700 1 -- 172.21.15.33:0/1610363737 --> [v2:172.21.15.33:6800/2756321092,v1:172.21.15.33:6801/2756321092] -- command(tid 1: {"prefix": "mgr_status"}) -- 0x7fcb50069b90 con 0x7fcb3803cf60
2024-04-23T10:17:51.505 INFO:teuthology.orchestra.run.smithi033.stdout:/usr/bin/ceph: stderr
2024-04-23T10:17:50.895+0000 7fcb3f7fe700 1 -- 172.21.15.33:0/1610363737 <== mgr.14120 v2:172.21.15.33:6800/2756321092 2 ==== command_reply(tid 1: 0 ) ==== 8+0+51 (secure 0 0 0) 0x7fcb50069b90 con 0x7fcb3803cf60
2024-04-23T10:17:51.505 INFO:teuthology.orchestra.run.smithi033.stdout:/usr/bin/ceph: stderr
2024-04-23T10:17:50.895+0000 7fcb5499b700 1 -- 172.21.15.33:0/1610363737 >> [v2:172.21.15.33:6800/2756321092,v1:172.21.15.33:6801/2756321092] conn(0x7fcb3803cf60 msgr2=0x7fcb3803f350 secure :-1 s=STATE_CONNECTION_ESTABLISHED l=1).mark_down
2024-04-23T10:17:51.505 INFO:teuthology.orchestra.run.smithi033.stdout:/usr/bin/ceph: stderr
2024-04-23T10:17:50.895+0000 7fcb5499b700 1 --2- 172.21.15.33:0/1610363737 >> [v2:172.21.15.33:6800/2756321092,v1:172.21.15.33:6801/2756321092] conn(0x7fcb3803cf60 0x7fcb3803f350 secure :-1 s=READY pgs=1 cs=0 l=1 rev1=1 crypto rx=0x7fcb44003a10 tx=0x7fcb440092b0 comp rx=0 tx=0).stop
2024-04-23T10:17:51.505 INFO:teuthology.orchestra.run.smithi033.stdout:/usr/bin/ceph: stderr
2024-04-23T10:17:50.895+0000 7fcb5499b700 1 -- 172.21.15.33:0/1610363737 >> [v2:172.21.15.33:3300/0,v1:172.21.15.33:6789/0] conn(0x7fcb50108f60 msgr2=0x7fcb5019a240 secure :-1 s=STATE_CONNECTION_ESTABLISHED l=1).mark_down
2024-04-23T10:17:51.505 INFO:teuthology.orchestra.run.smithi033.stdout:/usr/bin/ceph: stderr
2024-04-23T10:17:50.895+0000 7fcb5499b700 1 --2- 172.21.15.33:0/1610363737 >> [v2:172.21.15.33:3300/0,v1:172.21.15.33:6789/0] conn(0x7fcb50108f60 0x7fcb5019a240 secure :-1 s=READY pgs=29 cs=0 l=1 rev1=1 crypto rx=0x7fcb40019040 tx=0x7fcb40003d00 comp rx=0 tx=0).stop
2024-04-23T10:17:51.505 INFO:teuthology.orchestra.run.smithi033.stdout:/usr/bin/ceph: stderr
2024-04-23T10:17:50.895+0000 7fcb5499b700 1 -- 172.21.15.33:0/1610363737 shutdown_connections
2024-04-23T10:17:51.505 INFO:teuthology.orchestra.run.smithi033.stdout:/usr/bin/ceph: stderr
2024-04-23T10:17:50.895+0000 7fcb5499b700 1 --2- 172.21.15.33:0/1610363737 >> [v2:172.21.15.33:6800/2756321092,v1:172.21.15.33:6801/2756321092] conn(0x7fcb3803cf60 0x7fcb3803f350 unknown :-1 s=CLOSED pgs=1 cs=0 l=1 rev1=1 crypto rx=0 tx=0 comp rx=0 tx=0).stop
2024-04-23T10:17:51.505 INFO:teuthology.orchestra.run.smithi033.stdout:/usr/bin/ceph: stderr
2024-04-23T10:17:50.895+0000 7fcb5499b700 1 --2- 172.21.15.33:0/1610363737 >> [v2:172.21.15.33:3300/0,v1:172.21.15.33:6789/0] conn(0x7fcb50108f60 0x7fcb5019a240 unknown :-1 s=CLOSED pgs=29 cs=0 l=1 rev1=1 crypto rx=0 tx=0 comp rx=0 tx=0).stop
2024-04-23T10:17:51.506 INFO:teuthology.orchestra.run.smithi033.stdout:/usr/bin/ceph: stderr
2024-04-23T10:17:50.895+0000 7fcb5499b700 1 --2- 172.21.15.33:0/1610363737 >> [v2:172.21.15.33:6800/2970051328,v1:172.21.15.33:6801/2970051328] conn(0x7fcb38039620 0x7fcb3803bae0 unknown :-1 s=CLOSED pgs=0 cs=0 l=1 rev1=0 crypto rx=0 tx=0 comp rx=0 tx=0).stop
2024-04-23T10:17:51.506 INFO:teuthology.orchestra.run.smithi033.stdout:/usr/bin/ceph: stderr
2024-04-23T10:17:50.895+0000 7fcb5499b700 1 -- 172.21.15.33:0/1610363737 >> 172.21.15.33:0/1610363737 conn(0x7fcb501029b0 msgr2=0x7fcb50103390 unknown :-1 s=STATE_NONE l=0).mark_down
2024-04-23T10:17:51.506 INFO:teuthology.orchestra.run.smithi033.stdout:/usr/bin/ceph: stderr
2024-04-23T10:17:50.895+0000 7fcb5499b700 1 -- 172.21.15.33:0/1610363737 shutdown_connections
2024-04-23T10:17:51.506 INFO:teuthology.orchestra.run.smithi033.stdout:/usr/bin/ceph: stderr
2024-04-23T10:17:50.895+0000 7fcb5499b700 1 -- 172.21.15.33:0/1610363737 wait complete.
2024-04-23T10:17:51.506 INFO:teuthology.orchestra.run.smithi033.stdout:mgr epoch 5 is available
2024-04-23T10:17:51.506 INFO:teuthology.orchestra.run.smithi033.stdout:Setting orchestrator backend to cephadm...
2024-04-23T10:17:52.063 INFO:journalctl@ceph.mon.a.smithi033.stdout:Apr 23 10:17:51 smithi033 ceph-mon[29266]: from='client.14124 -' entity='client.admin' cmd=[{"prefix": "get_command_descriptions"}]: dispatch
2024-04-23T10:17:52.063 INFO:journalctl@ceph.mon.a.smithi033.stdout:Apr 23 10:17:51 smithi033 ceph-mon[29266]: from='client.14124 -' entity='client.admin' cmd=[{"prefix": "mgr_status"}]: dispatch
2024-04-23T10:17:52.063 INFO:journalctl@ceph.mon.a.smithi033.stdout:Apr 23 10:17:51 smithi033 ceph-mon[29266]: [23/Apr/2024:10:17:51] ENGINE Bus STARTING
2024-04-23T10:17:52.063 INFO:journalctl@ceph.mon.a.smithi033.stdout:Apr 23 10:17:51 smithi033 ceph-mon[29266]: [23/Apr/2024:10:17:51] ENGINE Serving on https://172.21.15.33:7150
2024-04-23T10:17:52.063 INFO:journalctl@ceph.mon.a.smithi033.stdout:Apr 23 10:17:51 smithi033 ceph-mon[29266]: from='mgr.14120 172.21.15.33:0/2848126937' entity='mgr.x' cmd=[{"prefix": "config dump", "format": "json"}]: dispatch
2024-04-23T10:17:52.706 INFO:teuthology.orchestra.run.smithi033.stdout:/usr/bin/ceph: stderr
2024-04-23T10:17:51.882+0000 7f5fcc9fd700 1 Processor -- start
2024-04-23T10:17:52.706 INFO:teuthology.orchestra.run.smithi033.stdout:/usr/bin/ceph: stderr
2024-04-23T10:17:51.882+0000 7f5fcc9fd700 1 -- start start
2024-04-23T10:17:52.706 INFO:teuthology.orchestra.run.smithi033.stdout:/usr/bin/ceph: stderr
2024-04-23T10:17:51.883+0000 7f5fcc9fd700 1 --2- >> [v2:172.21.15.33:3300/0,v1:172.21.15.33:6789/0] conn(0x7f5fc8106d70 0x7f5fc8107190 unknown :-1 s=NONE pgs=0 cs=0 l=0 rev1=0 crypto rx=0 tx=0 comp rx=0 tx=0).connect
2024-04-23T10:17:52.706 INFO:teuthology.orchestra.run.smithi033.stdout:/usr/bin/ceph: stderr
2024-04-23T10:17:51.883+0000 7f5fcc9fd700 1 -- --> [v2:172.21.15.33:3300/0,v1:172.21.15.33:6789/0] -- mon_getmap magic: 0 -- 0x7f5fc807be40 con 0x7f5fc8106d70
2024-04-23T10:17:52.706 INFO:teuthology.orchestra.run.smithi033.stdout:/usr/bin/ceph: stderr
2024-04-23T10:17:51.883+0000 7f5fc659c700 1 --2- >> [v2:172.21.15.33:3300/0,v1:172.21.15.33:6789/0] conn(0x7f5fc8106d70 0x7f5fc8107190 unknown :-1 s=BANNER_CONNECTING pgs=0 cs=0 l=0 rev1=0 crypto rx=0 tx=0 comp rx=0 tx=0)._handle_peer_banner_payload supported=3 required=0
2024-04-23T10:17:52.707 INFO:teuthology.orchestra.run.smithi033.stdout:/usr/bin/ceph: stderr
2024-04-23T10:17:51.883+0000 7f5fc659c700 1 --2- >> [v2:172.21.15.33:3300/0,v1:172.21.15.33:6789/0] conn(0x7f5fc8106d70 0x7f5fc8107190 unknown :-1 s=HELLO_CONNECTING pgs=0 cs=0 l=0 rev1=1 crypto rx=0 tx=0 comp rx=0 tx=0).handle_hello peer v2:172.21.15.33:3300/0 says I am v2:172.21.15.33:52230/0 (socket says 172.21.15.33:52230)
2024-04-23T10:17:52.707 INFO:teuthology.orchestra.run.smithi033.stdout:/usr/bin/ceph: stderr
2024-04-23T10:17:51.883+0000 7f5fc659c700 1 -- 172.21.15.33:0/3506900784 learned_addr learned my addr 172.21.15.33:0/3506900784 (peer_addr_for_me v2:172.21.15.33:0/0)
2024-04-23T10:17:52.707 INFO:teuthology.orchestra.run.smithi033.stdout:/usr/bin/ceph: stderr
2024-04-23T10:17:51.883+0000 7f5fc659c700 1 -- 172.21.15.33:0/3506900784 --> [v2:172.21.15.33:3300/0,v1:172.21.15.33:6789/0] -- mon_subscribe({config=0+,monmap=0+}) -- 0x7f5fc81076d0 con 0x7f5fc8106d70
2024-04-23T10:17:52.707 INFO:teuthology.orchestra.run.smithi033.stdout:/usr/bin/ceph: stderr
2024-04-23T10:17:51.883+0000 7f5fc659c700 1 --2- 172.21.15.33:0/3506900784 >> [v2:172.21.15.33:3300/0,v1:172.21.15.33:6789/0] conn(0x7f5fc8106d70 0x7f5fc8107190 secure :-1 s=READY pgs=37 cs=0 l=1 rev1=1 crypto rx=0x7f5fb80098a0 tx=0x7f5fb8009bb0 comp rx=0 tx=0).ready entity=mon.0 client_cookie=37d0911edc8d8c83 server_cookie=0 in_seq=0 out_seq=0
2024-04-23T10:17:52.707 INFO:teuthology.orchestra.run.smithi033.stdout:/usr/bin/ceph: stderr
2024-04-23T10:17:51.883+0000 7f5fc559a700 1 -- 172.21.15.33:0/3506900784 <== mon.0 v2:172.21.15.33:3300/0 1 ==== mon_map magic: 0 ==== 205+0+0 (secure 0 0 0) 0x7f5fb8004160 con 0x7f5fc8106d70
2024-04-23T10:17:52.707 INFO:teuthology.orchestra.run.smithi033.stdout:/usr/bin/ceph: stderr
2024-04-23T10:17:51.883+0000 7f5fc559a700 1 -- 172.21.15.33:0/3506900784 <== mon.0 v2:172.21.15.33:3300/0 2 ==== config(26 keys) ==== 1070+0+0 (secure 0 0 0) 0x7f5fb8004300 con 0x7f5fc8106d70
2024-04-23T10:17:52.707 INFO:teuthology.orchestra.run.smithi033.stdout:/usr/bin/ceph: stderr
2024-04-23T10:17:51.883+0000 7f5fc559a700 1 -- 172.21.15.33:0/3506900784 <== mon.0 v2:172.21.15.33:3300/0 3 ==== mon_map magic: 0 ==== 205+0+0 (secure 0 0 0) 0x7f5fb8011af0 con 0x7f5fc8106d70
2024-04-23T10:17:52.707 INFO:teuthology.orchestra.run.smithi033.stdout:/usr/bin/ceph: stderr
2024-04-23T10:17:51.884+0000 7f5fcc9fd700 1 -- 172.21.15.33:0/3506900784 >> [v2:172.21.15.33:3300/0,v1:172.21.15.33:6789/0] conn(0x7f5fc8106d70 msgr2=0x7f5fc8107190 secure :-1 s=STATE_CONNECTION_ESTABLISHED l=1).mark_down
2024-04-23T10:17:52.707 INFO:teuthology.orchestra.run.smithi033.stdout:/usr/bin/ceph: stderr
2024-04-23T10:17:51.884+0000 7f5fcc9fd700 1 --2- 172.21.15.33:0/3506900784 >> [v2:172.21.15.33:3300/0,v1:172.21.15.33:6789/0] conn(0x7f5fc8106d70 0x7f5fc8107190 secure :-1 s=READY pgs=37 cs=0 l=1 rev1=1 crypto rx=0x7f5fb80098a0 tx=0x7f5fb8009bb0 comp rx=0 tx=0).stop
2024-04-23T10:17:52.707 INFO:teuthology.orchestra.run.smithi033.stdout:/usr/bin/ceph: stderr
2024-04-23T10:17:51.884+0000 7f5fcc9fd700 1 -- 172.21.15.33:0/3506900784 shutdown_connections
2024-04-23T10:17:52.707 INFO:teuthology.orchestra.run.smithi033.stdout:/usr/bin/ceph: stderr
2024-04-23T10:17:51.884+0000 7f5fcc9fd700 1 --2- 172.21.15.33:0/3506900784 >> [v2:172.21.15.33:3300/0,v1:172.21.15.33:6789/0] conn(0x7f5fc8106d70 0x7f5fc8107190 unknown :-1 s=CLOSED pgs=37 cs=0 l=1 rev1=1 crypto rx=0 tx=0 comp rx=0 tx=0).stop
2024-04-23T10:17:52.707 INFO:teuthology.orchestra.run.smithi033.stdout:/usr/bin/ceph: stderr
2024-04-23T10:17:51.884+0000 7f5fcc9fd700 1 -- 172.21.15.33:0/3506900784 >> 172.21.15.33:0/3506900784 conn(0x7f5fc81029b0 msgr2=0x7f5fc8104dd0 unknown :-1 s=STATE_NONE l=0).mark_down
2024-04-23T10:17:52.708 INFO:teuthology.orchestra.run.smithi033.stdout:/usr/bin/ceph: stderr
2024-04-23T10:17:51.884+0000 7f5fcc9fd700 1 -- 172.21.15.33:0/3506900784 shutdown_connections
2024-04-23T10:17:52.708 INFO:teuthology.orchestra.run.smithi033.stdout:/usr/bin/ceph: stderr
2024-04-23T10:17:51.884+0000 7f5fcc9fd700 1 -- 172.21.15.33:0/3506900784 wait complete.
2024-04-23T10:17:52.708 INFO:teuthology.orchestra.run.smithi033.stdout:/usr/bin/ceph: stderr
2024-04-23T10:17:51.885+0000 7f5fcc9fd700 1 Processor -- start
2024-04-23T10:17:52.708 INFO:teuthology.orchestra.run.smithi033.stdout:/usr/bin/ceph: stderr
2024-04-23T10:17:51.885+0000 7f5fcc9fd700 1 -- start start
2024-04-23T10:17:52.708 INFO:teuthology.orchestra.run.smithi033.stdout:/usr/bin/ceph: stderr
2024-04-23T10:17:51.885+0000 7f5fcc9fd700 1 --2- >> [v2:172.21.15.33:3300/0,v1:172.21.15.33:6789/0] conn(0x7f5fc8106d70 0x7f5fc819e670 unknown :-1 s=NONE pgs=0 cs=0 l=1 rev1=0 crypto rx=0 tx=0 comp rx=0 tx=0).connect
2024-04-23T10:17:52.708 INFO:teuthology.orchestra.run.smithi033.stdout:/usr/bin/ceph: stderr
2024-04-23T10:17:51.885+0000 7f5fcc9fd700 1 -- --> [v2:172.21.15.33:3300/0,v1:172.21.15.33:6789/0] -- mon_getmap magic: 0 -- 0x7f5fc8108700 con 0x7f5fc8106d70
2024-04-23T10:17:52.708 INFO:teuthology.orchestra.run.smithi033.stdout:/usr/bin/ceph: stderr
2024-04-23T10:17:51.885+0000 7f5fc659c700 1 --2- >> [v2:172.21.15.33:3300/0,v1:172.21.15.33:6789/0] conn(0x7f5fc8106d70 0x7f5fc819e670 unknown :-1 s=BANNER_CONNECTING pgs=0 cs=0 l=1 rev1=0 crypto rx=0 tx=0 comp rx=0 tx=0)._handle_peer_banner_payload supported=3 required=0
2024-04-23T10:17:52.708 INFO:teuthology.orchestra.run.smithi033.stdout:/usr/bin/ceph: stderr
2024-04-23T10:17:51.885+0000 7f5fc659c700 1 --2- >> [v2:172.21.15.33:3300/0,v1:172.21.15.33:6789/0] conn(0x7f5fc8106d70 0x7f5fc819e670 unknown :-1 s=HELLO_CONNECTING pgs=0 cs=0 l=1 rev1=1 crypto rx=0 tx=0 comp rx=0 tx=0).handle_hello peer v2:172.21.15.33:3300/0 says I am v2:172.21.15.33:52240/0 (socket says 172.21.15.33:52240)
2024-04-23T10:17:52.708 INFO:teuthology.orchestra.run.smithi033.stdout:/usr/bin/ceph: stderr
2024-04-23T10:17:51.885+0000 7f5fc659c700 1 -- 172.21.15.33:0/3818039828 learned_addr learned my addr 172.21.15.33:0/3818039828 (peer_addr_for_me v2:172.21.15.33:0/0)
2024-04-23T10:17:52.708 INFO:teuthology.orchestra.run.smithi033.stdout:/usr/bin/ceph: stderr
2024-04-23T10:17:51.885+0000 7f5fc659c700 1 -- 172.21.15.33:0/3818039828 --> [v2:172.21.15.33:3300/0,v1:172.21.15.33:6789/0] -- mon_subscribe({config=0+,monmap=0+}) -- 0x7f5fc819ebb0 con 0x7f5fc8106d70
2024-04-23T10:17:52.708 INFO:teuthology.orchestra.run.smithi033.stdout:/usr/bin/ceph: stderr
2024-04-23T10:17:51.885+0000 7f5fc659c700 1 --2- 172.21.15.33:0/3818039828 >> [v2:172.21.15.33:3300/0,v1:172.21.15.33:6789/0] conn(0x7f5fc8106d70 0x7f5fc819e670 secure :-1 s=READY pgs=38 cs=0 l=1 rev1=1 crypto rx=0x7f5fb8011ac0 tx=0x7f5fb8011ba0 comp rx=0 tx=0).ready entity=mon.0 client_cookie=0 server_cookie=0 in_seq=0 out_seq=0
2024-04-23T10:17:52.708 INFO:teuthology.orchestra.run.smithi033.stdout:/usr/bin/ceph: stderr
2024-04-23T10:17:51.886+0000 7f5fb77fe700 1 -- 172.21.15.33:0/3818039828 <== mon.0 v2:172.21.15.33:3300/0 1 ==== mon_map magic: 0 ==== 205+0+0 (secure 0 0 0) 0x7f5fb8003970 con 0x7f5fc8106d70
2024-04-23T10:17:52.708 INFO:teuthology.orchestra.run.smithi033.stdout:/usr/bin/ceph: stderr
2024-04-23T10:17:51.886+0000 7f5fb77fe700 1 -- 172.21.15.33:0/3818039828 <== mon.0 v2:172.21.15.33:3300/0 2 ==== config(26 keys) ==== 1070+0+0 (secure 0 0 0) 0x7f5fb8003b10 con 0x7f5fc8106d70
2024-04-23T10:17:52.709 INFO:teuthology.orchestra.run.smithi033.stdout:/usr/bin/ceph: stderr
2024-04-23T10:17:51.886+0000 7f5fcc9fd700 1 -- 172.21.15.33:0/3818039828 --> [v2:172.21.15.33:3300/0,v1:172.21.15.33:6789/0] -- mon_subscribe({mgrmap=0+}) -- 0x7f5fc819ee40 con 0x7f5fc8106d70
2024-04-23T10:17:52.709 INFO:teuthology.orchestra.run.smithi033.stdout:/usr/bin/ceph: stderr
2024-04-23T10:17:51.886+0000 7f5fb77fe700 1 -- 172.21.15.33:0/3818039828 <== mon.0 v2:172.21.15.33:3300/0 3 ==== mon_map magic: 0 ==== 205+0+0 (secure 0 0 0) 0x7f5fb8024610 con 0x7f5fc8106d70
2024-04-23T10:17:52.709 INFO:teuthology.orchestra.run.smithi033.stdout:/usr/bin/ceph: stderr
2024-04-23T10:17:51.886+0000 7f5fcc9fd700 1 -- 172.21.15.33:0/3818039828 --> [v2:172.21.15.33:3300/0,v1:172.21.15.33:6789/0] -- mon_subscribe({osdmap=0}) -- 0x7f5fc81a1b30 con 0x7f5fc8106d70
2024-04-23T10:17:52.709 INFO:teuthology.orchestra.run.smithi033.stdout:/usr/bin/ceph: stderr
2024-04-23T10:17:51.887+0000 7f5fb77fe700 1 -- 172.21.15.33:0/3818039828 <== mon.0 v2:172.21.15.33:3300/0 4 ==== mgrmap(e 7) ==== 46452+0+0 (secure 0 0 0) 0x7f5fb8024840 con 0x7f5fc8106d70
2024-04-23T10:17:52.709 INFO:teuthology.orchestra.run.smithi033.stdout:/usr/bin/ceph: stderr
2024-04-23T10:17:51.887+0000 7f5fcc9fd700 1 -- 172.21.15.33:0/3818039828 --> [v2:172.21.15.33:3300/0,v1:172.21.15.33:6789/0] -- mon_command({"prefix": "get_command_descriptions"} v 0) -- 0x7f5fc80640a0 con 0x7f5fc8106d70
2024-04-23T10:17:52.709 INFO:teuthology.orchestra.run.smithi033.stdout:/usr/bin/ceph: stderr
2024-04-23T10:17:51.887+0000 7f5fb77fe700 1 --2- 172.21.15.33:0/3818039828 >> [v2:172.21.15.33:6800/2756321092,v1:172.21.15.33:6801/2756321092] conn(0x7f5fb00394e0 0x7f5fb003b9a0 unknown :-1 s=NONE pgs=0 cs=0 l=1 rev1=0 crypto rx=0 tx=0 comp rx=0 tx=0).connect
2024-04-23T10:17:52.709 INFO:teuthology.orchestra.run.smithi033.stdout:/usr/bin/ceph: stderr
2024-04-23T10:17:51.887+0000 7f5fb77fe700 1 -- 172.21.15.33:0/3818039828 <== mon.0 v2:172.21.15.33:3300/0 5 ==== osd_map(2..2 src has 1..2) ==== 940+0+0 (secure 0 0 0) 0x7f5fb804d970 con 0x7f5fc8106d70
2024-04-23T10:17:52.709 INFO:teuthology.orchestra.run.smithi033.stdout:/usr/bin/ceph: stderr
2024-04-23T10:17:51.887+0000 7f5fc5d9b700 1 --2- 172.21.15.33:0/3818039828 >> [v2:172.21.15.33:6800/2756321092,v1:172.21.15.33:6801/2756321092] conn(0x7f5fb00394e0 0x7f5fb003b9a0 unknown :-1 s=BANNER_CONNECTING pgs=0 cs=0 l=1 rev1=0 crypto rx=0 tx=0 comp rx=0 tx=0)._handle_peer_banner_payload supported=3 required=0
2024-04-23T10:17:52.709 INFO:teuthology.orchestra.run.smithi033.stdout:/usr/bin/ceph: stderr
2024-04-23T10:17:51.887+0000 7f5fc5d9b700 1 --2- 172.21.15.33:0/3818039828 >> [v2:172.21.15.33:6800/2756321092,v1:172.21.15.33:6801/2756321092] conn(0x7f5fb00394e0 0x7f5fb003b9a0 secure :-1 s=READY pgs=7 cs=0 l=1 rev1=1 crypto rx=0x7f5fbc006fd0 tx=0x7f5fbc006e40 comp rx=0 tx=0).ready entity=mgr.14120 client_cookie=0 server_cookie=0 in_seq=0 out_seq=0
2024-04-23T10:17:52.709 INFO:teuthology.orchestra.run.smithi033.stdout:/usr/bin/ceph: stderr
2024-04-23T10:17:51.892+0000 7f5fb77fe700 1 -- 172.21.15.33:0/3818039828 <== mon.0 v2:172.21.15.33:3300/0 6 ==== mon_command_ack([{"prefix": "get_command_descriptions"}]=0 v0) ==== 72+0+188370 (secure 0 0 0) 0x7f5fb8019c70 con 0x7f5fc8106d70
2024-04-23T10:17:52.709 INFO:teuthology.orchestra.run.smithi033.stdout:/usr/bin/ceph: stderr
2024-04-23T10:17:51.940+0000 7f5fb77fe700 1 -- 172.21.15.33:0/3818039828 <== mon.0 v2:172.21.15.33:3300/0 7 ==== mgrmap(e 8) ==== 46558+0+0 (secure 0 0 0) 0x7f5fb802d910 con 0x7f5fc8106d70
2024-04-23T10:17:52.709 INFO:teuthology.orchestra.run.smithi033.stdout:/usr/bin/ceph: stderr
2024-04-23T10:17:52.122+0000 7f5fcc9fd700 1 -- 172.21.15.33:0/3818039828 --> [v2:172.21.15.33:6800/2756321092,v1:172.21.15.33:6801/2756321092] -- mgr_command(tid 0: {"prefix": "orch set backend", "module_name": "cephadm", "target": ["mon-mgr", ""]}) -- 0x7f5fc80008d0 con 0x7f5fb00394e0
2024-04-23T10:17:52.710 INFO:teuthology.orchestra.run.smithi033.stdout:/usr/bin/ceph: stderr
2024-04-23T10:17:52.126+0000 7f5fb77fe700 1 -- 172.21.15.33:0/3818039828 <== mgr.14120 v2:172.21.15.33:6800/2756321092 1 ==== mgr_command_reply(tid 0: 0 ) ==== 8+0+0 (secure 0 0 0) 0x7f5fc80008d0 con 0x7f5fb00394e0
2024-04-23T10:17:52.710 INFO:teuthology.orchestra.run.smithi033.stdout:/usr/bin/ceph: stderr
2024-04-23T10:17:52.129+0000 7f5fcc9fd700 1 -- 172.21.15.33:0/3818039828 >> [v2:172.21.15.33:6800/2756321092,v1:172.21.15.33:6801/2756321092] conn(0x7f5fb00394e0 msgr2=0x7f5fb003b9a0 secure :-1 s=STATE_CONNECTION_ESTABLISHED l=1).mark_down
2024-04-23T10:17:52.710 INFO:teuthology.orchestra.run.smithi033.stdout:/usr/bin/ceph: stderr
2024-04-23T10:17:52.129+0000 7f5fcc9fd700 1 --2- 172.21.15.33:0/3818039828 >> [v2:172.21.15.33:6800/2756321092,v1:172.21.15.33:6801/2756321092] conn(0x7f5fb00394e0 0x7f5fb003b9a0 secure :-1 s=READY pgs=7 cs=0 l=1 rev1=1 crypto rx=0x7f5fbc006fd0 tx=0x7f5fbc006e40 comp rx=0 tx=0).stop
2024-04-23T10:17:52.710 INFO:teuthology.orchestra.run.smithi033.stdout:/usr/bin/ceph: stderr
2024-04-23T10:17:52.129+0000 7f5fcc9fd700 1 -- 172.21.15.33:0/3818039828 >> [v2:172.21.15.33:3300/0,v1:172.21.15.33:6789/0] conn(0x7f5fc8106d70 msgr2=0x7f5fc819e670 secure :-1 s=STATE_CONNECTION_ESTABLISHED l=1).mark_down
2024-04-23T10:17:52.710 INFO:teuthology.orchestra.run.smithi033.stdout:/usr/bin/ceph: stderr
2024-04-23T10:17:52.129+0000 7f5fcc9fd700 1 --2- 172.21.15.33:0/3818039828 >> [v2:172.21.15.33:3300/0,v1:172.21.15.33:6789/0] conn(0x7f5fc8106d70 0x7f5fc819e670 secure :-1 s=READY pgs=38 cs=0 l=1 rev1=1 crypto rx=0x7f5fb8011ac0 tx=0x7f5fb8011ba0 comp rx=0 tx=0).stop
2024-04-23T10:17:52.710 INFO:teuthology.orchestra.run.smithi033.stdout:/usr/bin/ceph: stderr
2024-04-23T10:17:52.129+0000 7f5fcc9fd700 1 -- 172.21.15.33:0/3818039828 shutdown_connections
2024-04-23T10:17:52.710 INFO:teuthology.orchestra.run.smithi033.stdout:/usr/bin/ceph: stderr
2024-04-23T10:17:52.129+0000 7f5fcc9fd700 1 --2- 172.21.15.33:0/3818039828 >> [v2:172.21.15.33:6800/2756321092,v1:172.21.15.33:6801/2756321092] conn(0x7f5fb00394e0 0x7f5fb003b9a0 unknown :-1 s=CLOSED pgs=7 cs=0 l=1 rev1=1 crypto rx=0 tx=0 comp rx=0 tx=0).stop
2024-04-23T10:17:52.710 INFO:teuthology.orchestra.run.smithi033.stdout:/usr/bin/ceph: stderr
2024-04-23T10:17:52.129+0000 7f5fcc9fd700 1 --2- 172.21.15.33:0/3818039828 >> [v2:172.21.15.33:3300/0,v1:172.21.15.33:6789/0] conn(0x7f5fc8106d70 0x7f5fc819e670 unknown :-1 s=CLOSED pgs=38 cs=0 l=1 rev1=1 crypto rx=0 tx=0 comp rx=0 tx=0).stop
2024-04-23T10:17:52.710 INFO:teuthology.orchestra.run.smithi033.stdout:/usr/bin/ceph: stderr
2024-04-23T10:17:52.129+0000 7f5fcc9fd700 1 -- 172.21.15.33:0/3818039828 >> 172.21.15.33:0/3818039828 conn(0x7f5fc81029b0 msgr2=0x7f5fc81952d0 unknown :-1 s=STATE_NONE l=0).mark_down
2024-04-23T10:17:52.710 INFO:teuthology.orchestra.run.smithi033.stdout:/usr/bin/ceph: stderr
2024-04-23T10:17:52.129+0000 7f5fcc9fd700 1 -- 172.21.15.33:0/3818039828 shutdown_connections
2024-04-23T10:17:52.710 INFO:teuthology.orchestra.run.smithi033.stdout:/usr/bin/ceph: stderr
2024-04-23T10:17:52.129+0000 7f5fcc9fd700 1 -- 172.21.15.33:0/3818039828 wait complete.
2024-04-23T10:17:53.025 INFO:journalctl@ceph.mon.a.smithi033.stdout:Apr 23 10:17:52 smithi033 ceph-mon[29266]: [23/Apr/2024:10:17:51] ENGINE Serving on http://172.21.15.33:8765
2024-04-23T10:17:53.025 INFO:journalctl@ceph.mon.a.smithi033.stdout:Apr 23 10:17:52 smithi033 ceph-mon[29266]: [23/Apr/2024:10:17:51] ENGINE Bus STARTED
2024-04-23T10:17:53.025 INFO:journalctl@ceph.mon.a.smithi033.stdout:Apr 23 10:17:52 smithi033 ceph-mon[29266]: mgrmap e8: x(active, since 2s)
2024-04-23T10:17:53.026 INFO:journalctl@ceph.mon.a.smithi033.stdout:Apr 23 10:17:52 smithi033 ceph-mon[29266]: from='client.14132 -' entity='client.admin' cmd=[{"prefix": "orch set backend", "module_name": "cephadm", "target": ["mon-mgr", ""]}]: dispatch
2024-04-23T10:17:53.026 INFO:journalctl@ceph.mon.a.smithi033.stdout:Apr 23 10:17:52 smithi033 ceph-mon[29266]: from='mgr.14120 172.21.15.33:0/2848126937' entity='mgr.x'
2024-04-23T10:17:53.026 INFO:journalctl@ceph.mon.a.smithi033.stdout:Apr 23 10:17:52 smithi033 ceph-mon[29266]: from='mgr.14120 172.21.15.33:0/2848126937' entity='mgr.x' cmd=[{"prefix": "config dump", "format": "json"}]: dispatch
2024-04-23T10:17:53.972 INFO:teuthology.orchestra.run.smithi033.stdout:/usr/bin/ceph: stdout value unchanged
2024-04-23T10:17:53.972 INFO:teuthology.orchestra.run.smithi033.stdout:/usr/bin/ceph: stderr
2024-04-23T10:17:53.136+0000 7f876a526700 1 Processor -- start
2024-04-23T10:17:53.972 INFO:teuthology.orchestra.run.smithi033.stdout:/usr/bin/ceph: stderr
2024-04-23T10:17:53.136+0000 7f876a526700 1 -- start start
2024-04-23T10:17:53.972 INFO:teuthology.orchestra.run.smithi033.stdout:/usr/bin/ceph: stderr
2024-04-23T10:17:53.136+0000 7f876a526700 1 --2- >> [v2:172.21.15.33:3300/0,v1:172.21.15.33:6789/0] conn(0x7f876407de40 0x7f876407c2f0 unknown :-1 s=NONE pgs=0 cs=0 l=0 rev1=0 crypto rx=0 tx=0 comp rx=0 tx=0).connect
2024-04-23T10:17:53.972 INFO:teuthology.orchestra.run.smithi033.stdout:/usr/bin/ceph: stderr
2024-04-23T10:17:53.136+0000 7f876a526700 1 -- --> [v2:172.21.15.33:3300/0,v1:172.21.15.33:6789/0] -- mon_getmap magic: 0 -- 0x7f876407c830 con 0x7f876407de40
2024-04-23T10:17:53.973 INFO:teuthology.orchestra.run.smithi033.stdout:/usr/bin/ceph: stderr
2024-04-23T10:17:53.136+0000 7f8763fff700 1 --2- >> [v2:172.21.15.33:3300/0,v1:172.21.15.33:6789/0] conn(0x7f876407de40 0x7f876407c2f0 unknown :-1 s=BANNER_CONNECTING pgs=0 cs=0 l=0 rev1=0 crypto rx=0 tx=0 comp rx=0 tx=0)._handle_peer_banner_payload supported=3 required=0
2024-04-23T10:17:53.973 INFO:teuthology.orchestra.run.smithi033.stdout:/usr/bin/ceph: stderr
2024-04-23T10:17:53.136+0000 7f8763fff700 1 --2- >> [v2:172.21.15.33:3300/0,v1:172.21.15.33:6789/0] conn(0x7f876407de40 0x7f876407c2f0 unknown :-1 s=HELLO_CONNECTING pgs=0 cs=0 l=0 rev1=1 crypto rx=0 tx=0 comp rx=0 tx=0).handle_hello peer v2:172.21.15.33:3300/0 says I am v2:172.21.15.33:52242/0 (socket says 172.21.15.33:52242)
2024-04-23T10:17:53.973 INFO:teuthology.orchestra.run.smithi033.stdout:/usr/bin/ceph: stderr
2024-04-23T10:17:53.136+0000 7f8763fff700 1 -- 172.21.15.33:0/4282931754 learned_addr learned my addr 172.21.15.33:0/4282931754 (peer_addr_for_me v2:172.21.15.33:0/0)
2024-04-23T10:17:53.973 INFO:teuthology.orchestra.run.smithi033.stdout:/usr/bin/ceph: stderr
2024-04-23T10:17:53.136+0000 7f8763fff700 1 -- 172.21.15.33:0/4282931754 --> [v2:172.21.15.33:3300/0,v1:172.21.15.33:6789/0] -- mon_subscribe({config=0+,monmap=0+}) -- 0x7f876407c9b0 con 0x7f876407de40
2024-04-23T10:17:53.973 INFO:teuthology.orchestra.run.smithi033.stdout:/usr/bin/ceph: stderr
2024-04-23T10:17:53.136+0000 7f8763fff700 1 --2- 172.21.15.33:0/4282931754 >> [v2:172.21.15.33:3300/0,v1:172.21.15.33:6789/0] conn(0x7f876407de40 0x7f876407c2f0 secure :-1 s=READY pgs=39 cs=0 l=1 rev1=1 crypto rx=0x7f87540098a0 tx=0x7f8754009bb0 comp rx=0 tx=0).ready entity=mon.0 client_cookie=30a7fd928751f90e server_cookie=0 in_seq=0 out_seq=0
2024-04-23T10:17:53.973 INFO:teuthology.orchestra.run.smithi033.stdout:/usr/bin/ceph: stderr
2024-04-23T10:17:53.137+0000 7f8762ffd700 1 -- 172.21.15.33:0/4282931754 <== mon.0 v2:172.21.15.33:3300/0 1 ==== mon_map magic: 0 ==== 205+0+0 (secure 0 0 0) 0x7f8754004160 con 0x7f876407de40
2024-04-23T10:17:53.973 INFO:teuthology.orchestra.run.smithi033.stdout:/usr/bin/ceph: stderr
2024-04-23T10:17:53.137+0000 7f8762ffd700 1 -- 172.21.15.33:0/4282931754 <== mon.0 v2:172.21.15.33:3300/0 2 ==== config(26 keys) ==== 1070+0+0 (secure 0 0 0) 0x7f8754004300 con 0x7f876407de40
2024-04-23T10:17:53.973 INFO:teuthology.orchestra.run.smithi033.stdout:/usr/bin/ceph: stderr
2024-04-23T10:17:53.137+0000 7f8762ffd700 1 -- 172.21.15.33:0/4282931754 <== mon.0 v2:172.21.15.33:3300/0 3 ==== mon_map magic: 0 ==== 205+0+0 (secure 0 0 0) 0x7f8754011af0 con 0x7f876407de40
2024-04-23T10:17:53.973 INFO:teuthology.orchestra.run.smithi033.stdout:/usr/bin/ceph: stderr
2024-04-23T10:17:53.137+0000 7f876a526700 1 -- 172.21.15.33:0/4282931754 >> [v2:172.21.15.33:3300/0,v1:172.21.15.33:6789/0] conn(0x7f876407de40 msgr2=0x7f876407c2f0 secure :-1 s=STATE_CONNECTION_ESTABLISHED l=1).mark_down
2024-04-23T10:17:53.973 INFO:teuthology.orchestra.run.smithi033.stdout:/usr/bin/ceph: stderr
2024-04-23T10:17:53.137+0000 7f876a526700 1 --2- 172.21.15.33:0/4282931754 >> [v2:172.21.15.33:3300/0,v1:172.21.15.33:6789/0] conn(0x7f876407de40 0x7f876407c2f0 secure :-1 s=READY pgs=39 cs=0 l=1 rev1=1 crypto rx=0x7f87540098a0 tx=0x7f8754009bb0 comp rx=0 tx=0).stop
2024-04-23T10:17:53.973 INFO:teuthology.orchestra.run.smithi033.stdout:/usr/bin/ceph: stderr
2024-04-23T10:17:53.137+0000 7f876a526700 1 -- 172.21.15.33:0/4282931754 shutdown_connections
2024-04-23T10:17:53.973 INFO:teuthology.orchestra.run.smithi033.stdout:/usr/bin/ceph: stderr
2024-04-23T10:17:53.137+0000 7f876a526700 1 --2- 172.21.15.33:0/4282931754 >> [v2:172.21.15.33:3300/0,v1:172.21.15.33:6789/0] conn(0x7f876407de40 0x7f876407c2f0 unknown :-1 s=CLOSED pgs=39 cs=0 l=1 rev1=1 crypto rx=0 tx=0 comp rx=0 tx=0).stop
2024-04-23T10:17:53.973 INFO:teuthology.orchestra.run.smithi033.stdout:/usr/bin/ceph: stderr
2024-04-23T10:17:53.137+0000 7f876a526700 1 -- 172.21.15.33:0/4282931754 >> 172.21.15.33:0/4282931754 conn(0x7f8764103b70 msgr2=0x7f8764105f90 unknown :-1 s=STATE_NONE l=0).mark_down
2024-04-23T10:17:53.973 INFO:teuthology.orchestra.run.smithi033.stdout:/usr/bin/ceph: stderr
2024-04-23T10:17:53.137+0000 7f876a526700 1 -- 172.21.15.33:0/4282931754 shutdown_connections
2024-04-23T10:17:53.974 INFO:teuthology.orchestra.run.smithi033.stdout:/usr/bin/ceph: stderr
2024-04-23T10:17:53.137+0000 7f876a526700 1 -- 172.21.15.33:0/4282931754 wait complete.
2024-04-23T10:17:53.974 INFO:teuthology.orchestra.run.smithi033.stdout:/usr/bin/ceph: stderr
2024-04-23T10:17:53.138+0000 7f876a526700 1 Processor -- start
2024-04-23T10:17:53.974 INFO:teuthology.orchestra.run.smithi033.stdout:/usr/bin/ceph: stderr
2024-04-23T10:17:53.138+0000 7f876a526700 1 -- start start
2024-04-23T10:17:53.974 INFO:teuthology.orchestra.run.smithi033.stdout:/usr/bin/ceph: stderr
2024-04-23T10:17:53.138+0000 7f876a526700 1 --2- >> [v2:172.21.15.33:3300/0,v1:172.21.15.33:6789/0] conn(0x7f876407de40 0x7f876419e920 unknown :-1 s=NONE pgs=0 cs=0 l=1 rev1=0 crypto rx=0 tx=0 comp rx=0 tx=0).connect
2024-04-23T10:17:53.974 INFO:teuthology.orchestra.run.smithi033.stdout:/usr/bin/ceph: stderr
2024-04-23T10:17:53.138+0000 7f876a526700 1 -- --> [v2:172.21.15.33:3300/0,v1:172.21.15.33:6789/0] -- mon_getmap magic: 0 -- 0x7f876410ea80 con 0x7f876407de40
2024-04-23T10:17:53.974 INFO:teuthology.orchestra.run.smithi033.stdout:/usr/bin/ceph: stderr
2024-04-23T10:17:53.138+0000 7f8763fff700 1 --2- >> [v2:172.21.15.33:3300/0,v1:172.21.15.33:6789/0] conn(0x7f876407de40 0x7f876419e920 unknown :-1 s=BANNER_CONNECTING pgs=0 cs=0 l=1 rev1=0 crypto rx=0 tx=0 comp rx=0 tx=0)._handle_peer_banner_payload supported=3 required=0
2024-04-23T10:17:53.974 INFO:teuthology.orchestra.run.smithi033.stdout:/usr/bin/ceph: stderr
2024-04-23T10:17:53.139+0000 7f8763fff700 1 --2- >> [v2:172.21.15.33:3300/0,v1:172.21.15.33:6789/0] conn(0x7f876407de40 0x7f876419e920 unknown :-1 s=HELLO_CONNECTING pgs=0 cs=0 l=1 rev1=1 crypto rx=0 tx=0 comp rx=0 tx=0).handle_hello peer v2:172.21.15.33:3300/0 says I am v2:172.21.15.33:52248/0 (socket says 172.21.15.33:52248)
2024-04-23T10:17:53.974 INFO:teuthology.orchestra.run.smithi033.stdout:/usr/bin/ceph: stderr
2024-04-23T10:17:53.139+0000 7f8763fff700 1 -- 172.21.15.33:0/1307495956 learned_addr learned my addr 172.21.15.33:0/1307495956 (peer_addr_for_me v2:172.21.15.33:0/0)
2024-04-23T10:17:53.974 INFO:teuthology.orchestra.run.smithi033.stdout:/usr/bin/ceph: stderr
2024-04-23T10:17:53.139+0000 7f8763fff700 1 -- 172.21.15.33:0/1307495956 --> [v2:172.21.15.33:3300/0,v1:172.21.15.33:6789/0] -- mon_subscribe({config=0+,monmap=0+}) -- 0x7f876419ee60 con 0x7f876407de40
2024-04-23T10:17:53.974 INFO:teuthology.orchestra.run.smithi033.stdout:/usr/bin/ceph: stderr
2024-04-23T10:17:53.139+0000 7f8763fff700 1 --2- 172.21.15.33:0/1307495956 >> [v2:172.21.15.33:3300/0,v1:172.21.15.33:6789/0] conn(0x7f876407de40 0x7f876419e920 secure :-1 s=READY pgs=40 cs=0 l=1 rev1=1 crypto rx=0x7f8754003f40 tx=0x7f8754011890 comp rx=0 tx=0).ready entity=mon.0 client_cookie=0 server_cookie=0 in_seq=0 out_seq=0
2024-04-23T10:17:53.974 INFO:teuthology.orchestra.run.smithi033.stdout:/usr/bin/ceph: stderr
2024-04-23T10:17:53.139+0000 7f87617fa700 1 -- 172.21.15.33:0/1307495956 <== mon.0 v2:172.21.15.33:3300/0 1 ==== mon_map magic: 0 ==== 205+0+0 (secure 0 0 0) 0x7f87540038b0 con 0x7f876407de40
2024-04-23T10:17:53.974 INFO:teuthology.orchestra.run.smithi033.stdout:/usr/bin/ceph: stderr
2024-04-23T10:17:53.139+0000 7f87617fa700 1 -- 172.21.15.33:0/1307495956 <== mon.0 v2:172.21.15.33:3300/0 2 ==== config(26 keys) ==== 1070+0+0 (secure 0 0 0) 0x7f8754003a50 con 0x7f876407de40
2024-04-23T10:17:53.974 INFO:teuthology.orchestra.run.smithi033.stdout:/usr/bin/ceph: stderr
2024-04-23T10:17:53.139+0000 7f876a526700 1 -- 172.21.15.33:0/1307495956 --> [v2:172.21.15.33:3300/0,v1:172.21.15.33:6789/0] -- mon_subscribe({mgrmap=0+}) -- 0x7f876419f0f0 con 0x7f876407de40
2024-04-23T10:17:53.975 INFO:teuthology.orchestra.run.smithi033.stdout:/usr/bin/ceph: stderr
2024-04-23T10:17:53.139+0000 7f87617fa700 1 -- 172.21.15.33:0/1307495956 <== mon.0 v2:172.21.15.33:3300/0 3 ==== mon_map magic: 0 ==== 205+0+0 (secure 0 0 0) 0x7f875401a5c0 con 0x7f876407de40
2024-04-23T10:17:53.975 INFO:teuthology.orchestra.run.smithi033.stdout:/usr/bin/ceph: stderr
2024-04-23T10:17:53.139+0000 7f876a526700 1 -- 172.21.15.33:0/1307495956 --> [v2:172.21.15.33:3300/0,v1:172.21.15.33:6789/0] -- mon_subscribe({osdmap=0}) -- 0x7f87641a1de0 con 0x7f876407de40
2024-04-23T10:17:53.975 INFO:teuthology.orchestra.run.smithi033.stdout:/usr/bin/ceph: stderr
2024-04-23T10:17:53.140+0000 7f87617fa700 1 -- 172.21.15.33:0/1307495956 <== mon.0 v2:172.21.15.33:3300/0 4 ==== mgrmap(e 8) ==== 46558+0+0 (secure 0 0 0) 0x7f875401a870 con 0x7f876407de40
2024-04-23T10:17:53.975 INFO:teuthology.orchestra.run.smithi033.stdout:/usr/bin/ceph: stderr
2024-04-23T10:17:53.140+0000 7f876a526700 1 -- 172.21.15.33:0/1307495956 --> [v2:172.21.15.33:3300/0,v1:172.21.15.33:6789/0] -- mon_command({"prefix": "get_command_descriptions"} v 0) -- 0x7f8764069b90 con 0x7f876407de40
2024-04-23T10:17:53.975 INFO:teuthology.orchestra.run.smithi033.stdout:/usr/bin/ceph: stderr
2024-04-23T10:17:53.140+0000 7f87617fa700 1 --2- 172.21.15.33:0/1307495956 >> [v2:172.21.15.33:6800/2756321092,v1:172.21.15.33:6801/2756321092] conn(0x7f874c039610 0x7f874c03bad0 unknown :-1 s=NONE pgs=0 cs=0 l=1 rev1=0 crypto rx=0 tx=0 comp rx=0 tx=0).connect
2024-04-23T10:17:53.975 INFO:teuthology.orchestra.run.smithi033.stdout:/usr/bin/ceph: stderr
2024-04-23T10:17:53.140+0000 7f87617fa700 1 -- 172.21.15.33:0/1307495956 <== mon.0 v2:172.21.15.33:3300/0 5 ==== osd_map(2..2 src has 1..2) ==== 940+0+0 (secure 0 0 0) 0x7f875404dcb0 con 0x7f876407de40
2024-04-23T10:17:53.975 INFO:teuthology.orchestra.run.smithi033.stdout:/usr/bin/ceph: stderr
2024-04-23T10:17:53.140+0000 7f87637fe700 1 --2- 172.21.15.33:0/1307495956 >> [v2:172.21.15.33:6800/2756321092,v1:172.21.15.33:6801/2756321092] conn(0x7f874c039610 0x7f874c03bad0 unknown :-1 s=BANNER_CONNECTING pgs=0 cs=0 l=1 rev1=0 crypto rx=0 tx=0 comp rx=0 tx=0)._handle_peer_banner_payload supported=3 required=0
2024-04-23T10:17:53.975 INFO:teuthology.orchestra.run.smithi033.stdout:/usr/bin/ceph: stderr
2024-04-23T10:17:53.141+0000 7f87637fe700 1 --2- 172.21.15.33:0/1307495956 >> [v2:172.21.15.33:6800/2756321092,v1:172.21.15.33:6801/2756321092] conn(0x7f874c039610 0x7f874c03bad0 secure :-1 s=READY pgs=8 cs=0 l=1 rev1=1 crypto rx=0x7f8758006fd0 tx=0x7f8758006e40 comp rx=0 tx=0).ready entity=mgr.14120 client_cookie=0 server_cookie=0 in_seq=0 out_seq=0
2024-04-23T10:17:53.975 INFO:teuthology.orchestra.run.smithi033.stdout:/usr/bin/ceph: stderr
2024-04-23T10:17:53.146+0000 7f87617fa700 1 -- 172.21.15.33:0/1307495956 <== mon.0 v2:172.21.15.33:3300/0 6 ==== mon_command_ack([{"prefix": "get_command_descriptions"}]=0 v0) ==== 72+0+188370 (secure 0 0 0) 0x7f875402d910 con 0x7f876407de40
2024-04-23T10:17:53.975 INFO:teuthology.orchestra.run.smithi033.stdout:/usr/bin/ceph: stderr
2024-04-23T10:17:53.355+0000 7f876a526700 1 -- 172.21.15.33:0/1307495956 --> [v2:172.21.15.33:6800/2756321092,v1:172.21.15.33:6801/2756321092] -- mgr_command(tid 0: {"prefix": "cephadm set-user", "user": "root", "target": ["mon-mgr", ""]}) -- 0x7f876402dff0 con 0x7f874c039610
2024-04-23T10:17:53.975 INFO:teuthology.orchestra.run.smithi033.stdout:/usr/bin/ceph: stderr
2024-04-23T10:17:53.355+0000 7f87617fa700 1 -- 172.21.15.33:0/1307495956 <== mgr.14120 v2:172.21.15.33:6800/2756321092 1 ==== mgr_command_reply(tid 0: 0 ) ==== 8+0+16 (secure 0 0 0) 0x7f876402dff0 con 0x7f874c039610
2024-04-23T10:17:53.975 INFO:teuthology.orchestra.run.smithi033.stdout:/usr/bin/ceph: stderr
2024-04-23T10:17:53.357+0000 7f876a526700 1 -- 172.21.15.33:0/1307495956 >> [v2:172.21.15.33:6800/2756321092,v1:172.21.15.33:6801/2756321092] conn(0x7f874c039610 msgr2=0x7f874c03bad0 secure :-1 s=STATE_CONNECTION_ESTABLISHED l=1).mark_down
2024-04-23T10:17:53.975 INFO:teuthology.orchestra.run.smithi033.stdout:/usr/bin/ceph: stderr
2024-04-23T10:17:53.357+0000 7f876a526700 1 --2- 172.21.15.33:0/1307495956 >> [v2:172.21.15.33:6800/2756321092,v1:172.21.15.33:6801/2756321092] conn(0x7f874c039610 0x7f874c03bad0 secure :-1 s=READY pgs=8 cs=0 l=1 rev1=1 crypto rx=0x7f8758006fd0 tx=0x7f8758006e40 comp rx=0 tx=0).stop
2024-04-23T10:17:53.975 INFO:teuthology.orchestra.run.smithi033.stdout:/usr/bin/ceph: stderr
2024-04-23T10:17:53.357+0000 7f876a526700 1 -- 172.21.15.33:0/1307495956 >> [v2:172.21.15.33:3300/0,v1:172.21.15.33:6789/0] conn(0x7f876407de40 msgr2=0x7f876419e920 secure :-1 s=STATE_CONNECTION_ESTABLISHED l=1).mark_down
2024-04-23T10:17:53.976 INFO:teuthology.orchestra.run.smithi033.stdout:/usr/bin/ceph: stderr
2024-04-23T10:17:53.357+0000 7f876a526700 1 --2- 172.21.15.33:0/1307495956 >> [v2:172.21.15.33:3300/0,v1:172.21.15.33:6789/0] conn(0x7f876407de40 0x7f876419e920 secure :-1 s=READY pgs=40 cs=0 l=1 rev1=1 crypto rx=0x7f8754003f40 tx=0x7f8754011890 comp rx=0 tx=0).stop
2024-04-23T10:17:53.976 INFO:teuthology.orchestra.run.smithi033.stdout:/usr/bin/ceph: stderr
2024-04-23T10:17:53.357+0000 7f876a526700 1 -- 172.21.15.33:0/1307495956 shutdown_connections
2024-04-23T10:17:53.976 INFO:teuthology.orchestra.run.smithi033.stdout:/usr/bin/ceph: stderr
2024-04-23T10:17:53.357+0000 7f876a526700 1 --2- 172.21.15.33:0/1307495956 >> [v2:172.21.15.33:6800/2756321092,v1:172.21.15.33:6801/2756321092] conn(0x7f874c039610 0x7f874c03bad0 unknown :-1 s=CLOSED pgs=8 cs=0 l=1 rev1=1 crypto rx=0 tx=0 comp rx=0 tx=0).stop
2024-04-23T10:17:53.976 INFO:teuthology.orchestra.run.smithi033.stdout:/usr/bin/ceph: stderr
2024-04-23T10:17:53.357+0000 7f876a526700 1 --2- 172.21.15.33:0/1307495956 >> [v2:172.21.15.33:3300/0,v1:172.21.15.33:6789/0] conn(0x7f876407de40 0x7f876419e920 unknown :-1 s=CLOSED pgs=40 cs=0 l=1 rev1=1 crypto rx=0 tx=0 comp rx=0 tx=0).stop
2024-04-23T10:17:53.976 INFO:teuthology.orchestra.run.smithi033.stdout:/usr/bin/ceph: stderr
2024-04-23T10:17:53.357+0000 7f876a526700 1 -- 172.21.15.33:0/1307495956 >> 172.21.15.33:0/1307495956 conn(0x7f8764103b70 msgr2=0x7f87641048c0 unknown :-1 s=STATE_NONE l=0).mark_down
2024-04-23T10:17:53.976 INFO:teuthology.orchestra.run.smithi033.stdout:/usr/bin/ceph: stderr
2024-04-23T10:17:53.357+0000 7f876a526700 1 -- 172.21.15.33:0/1307495956 shutdown_connections
2024-04-23T10:17:53.976 INFO:teuthology.orchestra.run.smithi033.stdout:/usr/bin/ceph: stderr
2024-04-23T10:17:53.358+0000 7f876a526700 1 -- 172.21.15.33:0/1307495956 wait complete.
2024-04-23T10:17:53.976 INFO:teuthology.orchestra.run.smithi033.stdout:Generating ssh key...
2024-04-23T10:17:54.265 INFO:journalctl@ceph.mon.a.smithi033.stdout:Apr 23 10:17:53 smithi033 ceph-mon[29266]: from='client.14134 -' entity='client.admin' cmd=[{"prefix": "cephadm set-user", "user": "root", "target": ["mon-mgr", ""]}]: dispatch
2024-04-23T10:17:55.313 INFO:journalctl@ceph.mon.a.smithi033.stdout:Apr 23 10:17:54 smithi033 ceph-mon[29266]: from='client.14136 -' entity='client.admin' cmd=[{"prefix": "cephadm generate-key", "target": ["mon-mgr", ""]}]: dispatch
2024-04-23T10:17:55.313 INFO:journalctl@ceph.mon.a.smithi033.stdout:Apr 23 10:17:54 smithi033 ceph-mon[29266]: Generating ssh key...
2024-04-23T10:17:55.314 INFO:journalctl@ceph.mgr.x.smithi033.stdout:Apr 23 10:17:55 smithi033 ceph-a789d4e0-0159-11ef-bc93-c7b262605968-mgr-x[29498]: Generating public/private rsa key pair.
2024-04-23T10:17:55.314 INFO:journalctl@ceph.mgr.x.smithi033.stdout:Apr 23 10:17:55 smithi033 ceph-a789d4e0-0159-11ef-bc93-c7b262605968-mgr-x[29498]: Your identification has been saved in /tmp/tmplu0695cu/key.
2024-04-23T10:17:55.314 INFO:journalctl@ceph.mgr.x.smithi033.stdout:Apr 23 10:17:55 smithi033 ceph-a789d4e0-0159-11ef-bc93-c7b262605968-mgr-x[29498]: Your public key has been saved in /tmp/tmplu0695cu/key.pub.
2024-04-23T10:17:55.314 INFO:journalctl@ceph.mgr.x.smithi033.stdout:Apr 23 10:17:55 smithi033 ceph-a789d4e0-0159-11ef-bc93-c7b262605968-mgr-x[29498]: The key fingerprint is:
2024-04-23T10:17:55.314 INFO:journalctl@ceph.mgr.x.smithi033.stdout:Apr 23 10:17:55 smithi033 ceph-a789d4e0-0159-11ef-bc93-c7b262605968-mgr-x[29498]: SHA256:tew6i1hMRbcbXPaKSl2xq0kjSWz40r3MjsqyfAqpflo ceph-a789d4e0-0159-11ef-bc93-c7b262605968
2024-04-23T10:17:55.314 INFO:journalctl@ceph.mgr.x.smithi033.stdout:Apr 23 10:17:55 smithi033 ceph-a789d4e0-0159-11ef-bc93-c7b262605968-mgr-x[29498]: The key's randomart image is:
2024-04-23T10:17:55.314 INFO:journalctl@ceph.mgr.x.smithi033.stdout:Apr 23 10:17:55 smithi033 ceph-a789d4e0-0159-11ef-bc93-c7b262605968-mgr-x[29498]: +---[RSA 3072]----+
2024-04-23T10:17:55.314 INFO:journalctl@ceph.mgr.x.smithi033.stdout:Apr 23 10:17:55 smithi033 ceph-a789d4e0-0159-11ef-bc93-c7b262605968-mgr-x[29498]: | . . + |
2024-04-23T10:17:55.314 INFO:journalctl@ceph.mgr.x.smithi033.stdout:Apr 23 10:17:55 smithi033 ceph-a789d4e0-0159-11ef-bc93-c7b262605968-mgr-x[29498]: | + o + + |
2024-04-23T10:17:55.314 INFO:journalctl@ceph.mgr.x.smithi033.stdout:Apr 23 10:17:55 smithi033 ceph-a789d4e0-0159-11ef-bc93-c7b262605968-mgr-x[29498]: | . = = o . |
2024-04-23T10:17:55.314 INFO:journalctl@ceph.mgr.x.smithi033.stdout:Apr 23 10:17:55 smithi033 ceph-a789d4e0-0159-11ef-bc93-c7b262605968-mgr-x[29498]: | * * * o |
2024-04-23T10:17:55.315 INFO:journalctl@ceph.mgr.x.smithi033.stdout:Apr 23 10:17:55 smithi033 ceph-a789d4e0-0159-11ef-bc93-c7b262605968-mgr-x[29498]: | o S X o |
2024-04-23T10:17:55.315 INFO:journalctl@ceph.mgr.x.smithi033.stdout:Apr 23 10:17:55 smithi033 ceph-a789d4e0-0159-11ef-bc93-c7b262605968-mgr-x[29498]: | . o o B = |
2024-04-23T10:17:55.315 INFO:journalctl@ceph.mgr.x.smithi033.stdout:Apr 23 10:17:55 smithi033 ceph-a789d4e0-0159-11ef-bc93-c7b262605968-mgr-x[29498]: | oE o . B |
2024-04-23T10:17:55.315 INFO:journalctl@ceph.mgr.x.smithi033.stdout:Apr 23 10:17:55 smithi033 ceph-a789d4e0-0159-11ef-bc93-c7b262605968-mgr-x[29498]: | ..+.+...+ |
2024-04-23T10:17:55.315 INFO:journalctl@ceph.mgr.x.smithi033.stdout:Apr 23 10:17:55 smithi033 ceph-a789d4e0-0159-11ef-bc93-c7b262605968-mgr-x[29498]: |ooo ==+.+o. |
2024-04-23T10:17:55.315 INFO:journalctl@ceph.mgr.x.smithi033.stdout:Apr 23 10:17:55 smithi033 ceph-a789d4e0-0159-11ef-bc93-c7b262605968-mgr-x[29498]: +----[SHA256]-----+
2024-04-23T10:17:55.627 INFO:teuthology.orchestra.run.smithi033.stdout:/usr/bin/ceph: stderr
2024-04-23T10:17:54.375+0000 7f0532f9f700 1 Processor -- start
2024-04-23T10:17:55.627 INFO:teuthology.orchestra.run.smithi033.stdout:/usr/bin/ceph: stderr
2024-04-23T10:17:54.375+0000 7f0532f9f700 1 -- start start
2024-04-23T10:17:55.627 INFO:teuthology.orchestra.run.smithi033.stdout:/usr/bin/ceph: stderr
2024-04-23T10:17:54.376+0000 7f0532f9f700 1 --2- >> [v2:172.21.15.33:3300/0,v1:172.21.15.33:6789/0] conn(0x7f052c07de60 0x7f052c07c310 unknown :-1 s=NONE pgs=0 cs=0 l=0 rev1=0 crypto rx=0 tx=0 comp rx=0 tx=0).connect
2024-04-23T10:17:55.627 INFO:teuthology.orchestra.run.smithi033.stdout:/usr/bin/ceph: stderr
2024-04-23T10:17:54.376+0000 7f0532f9f700 1 -- --> [v2:172.21.15.33:3300/0,v1:172.21.15.33:6789/0] -- mon_getmap magic: 0 -- 0x7f052c07c8e0 con 0x7f052c07de60
2024-04-23T10:17:55.627 INFO:teuthology.orchestra.run.smithi033.stdout:/usr/bin/ceph: stderr
2024-04-23T10:17:54.376+0000 7f0530d3b700 1 --2- >> [v2:172.21.15.33:3300/0,v1:172.21.15.33:6789/0] conn(0x7f052c07de60 0x7f052c07c310 unknown :-1 s=BANNER_CONNECTING pgs=0 cs=0 l=0 rev1=0 crypto rx=0 tx=0 comp rx=0 tx=0)._handle_peer_banner_payload supported=3 required=0
2024-04-23T10:17:55.627 INFO:teuthology.orchestra.run.smithi033.stdout:/usr/bin/ceph: stderr
2024-04-23T10:17:54.376+0000 7f0530d3b700 1 --2- >> [v2:172.21.15.33:3300/0,v1:172.21.15.33:6789/0] conn(0x7f052c07de60 0x7f052c07c310 unknown :-1 s=HELLO_CONNECTING pgs=0 cs=0 l=0 rev1=1 crypto rx=0 tx=0 comp rx=0 tx=0).handle_hello peer v2:172.21.15.33:3300/0 says I am v2:172.21.15.33:52256/0 (socket says 172.21.15.33:52256)
2024-04-23T10:17:55.627 INFO:teuthology.orchestra.run.smithi033.stdout:/usr/bin/ceph: stderr
2024-04-23T10:17:54.376+0000 7f0530d3b700 1 -- 172.21.15.33:0/315929564 learned_addr learned my addr 172.21.15.33:0/315929564 (peer_addr_for_me v2:172.21.15.33:0/0)
2024-04-23T10:17:55.627 INFO:teuthology.orchestra.run.smithi033.stdout:/usr/bin/ceph: stderr
2024-04-23T10:17:54.376+0000 7f0530d3b700 1 -- 172.21.15.33:0/315929564 --> [v2:172.21.15.33:3300/0,v1:172.21.15.33:6789/0] -- mon_subscribe({config=0+,monmap=0+}) -- 0x7f052c07ca60 con 0x7f052c07de60
2024-04-23T10:17:55.627 INFO:teuthology.orchestra.run.smithi033.stdout:/usr/bin/ceph: stderr
2024-04-23T10:17:54.376+0000 7f0530d3b700 1 --2- 172.21.15.33:0/315929564 >> [v2:172.21.15.33:3300/0,v1:172.21.15.33:6789/0] conn(0x7f052c07de60 0x7f052c07c310 secure :-1 s=READY pgs=41 cs=0 l=1 rev1=1 crypto rx=0x7f05200098a0 tx=0x7f0520009bb0 comp rx=0 tx=0).ready entity=mon.0 client_cookie=848d48001cb12382 server_cookie=0 in_seq=0 out_seq=0
2024-04-23T10:17:55.627 INFO:teuthology.orchestra.run.smithi033.stdout:/usr/bin/ceph: stderr
2024-04-23T10:17:54.376+0000 7f052b7fe700 1 -- 172.21.15.33:0/315929564 <== mon.0 v2:172.21.15.33:3300/0 1 ==== mon_map magic: 0 ==== 205+0+0 (secure 0 0 0) 0x7f0520004160 con 0x7f052c07de60
2024-04-23T10:17:55.628 INFO:teuthology.orchestra.run.smithi033.stdout:/usr/bin/ceph: stderr
2024-04-23T10:17:54.376+0000 7f052b7fe700 1 -- 172.21.15.33:0/315929564 <== mon.0 v2:172.21.15.33:3300/0 2 ==== config(26 keys) ==== 1070+0+0 (secure 0 0 0) 0x7f0520004300 con 0x7f052c07de60
2024-04-23T10:17:55.628 INFO:teuthology.orchestra.run.smithi033.stdout:/usr/bin/ceph: stderr
2024-04-23T10:17:54.376+0000 7f052b7fe700 1 -- 172.21.15.33:0/315929564 <== mon.0 v2:172.21.15.33:3300/0 3 ==== mon_map magic: 0 ==== 205+0+0 (secure 0 0 0) 0x7f0520011af0 con 0x7f052c07de60
2024-04-23T10:17:55.628 INFO:teuthology.orchestra.run.smithi033.stdout:/usr/bin/ceph: stderr
2024-04-23T10:17:54.377+0000 7f0532f9f700 1 -- 172.21.15.33:0/315929564 >> [v2:172.21.15.33:3300/0,v1:172.21.15.33:6789/0] conn(0x7f052c07de60 msgr2=0x7f052c07c310 secure :-1 s=STATE_CONNECTION_ESTABLISHED l=1).mark_down
2024-04-23T10:17:55.628 INFO:teuthology.orchestra.run.smithi033.stdout:/usr/bin/ceph: stderr
2024-04-23T10:17:54.377+0000 7f0532f9f700 1 --2- 172.21.15.33:0/315929564 >> [v2:172.21.15.33:3300/0,v1:172.21.15.33:6789/0] conn(0x7f052c07de60 0x7f052c07c310 secure :-1 s=READY pgs=41 cs=0 l=1 rev1=1 crypto rx=0x7f05200098a0 tx=0x7f0520009bb0 comp rx=0 tx=0).stop
2024-04-23T10:17:55.628 INFO:teuthology.orchestra.run.smithi033.stdout:/usr/bin/ceph: stderr
2024-04-23T10:17:54.377+0000 7f0532f9f700 1 -- 172.21.15.33:0/315929564 shutdown_connections
2024-04-23T10:17:55.628 INFO:teuthology.orchestra.run.smithi033.stdout:/usr/bin/ceph: stderr
2024-04-23T10:17:54.377+0000 7f0532f9f700 1 --2- 172.21.15.33:0/315929564 >> [v2:172.21.15.33:3300/0,v1:172.21.15.33:6789/0] conn(0x7f052c07de60 0x7f052c07c310 unknown :-1 s=CLOSED pgs=41 cs=0 l=1 rev1=1 crypto rx=0 tx=0 comp rx=0 tx=0).stop
2024-04-23T10:17:55.628 INFO:teuthology.orchestra.run.smithi033.stdout:/usr/bin/ceph: stderr
2024-04-23T10:17:54.377+0000 7f0532f9f700 1 -- 172.21.15.33:0/315929564 >> 172.21.15.33:0/315929564 conn(0x7f052c103ae0 msgr2=0x7f052c105f00 unknown :-1 s=STATE_NONE l=0).mark_down
2024-04-23T10:17:55.628 INFO:teuthology.orchestra.run.smithi033.stdout:/usr/bin/ceph: stderr
2024-04-23T10:17:54.377+0000 7f0532f9f700 1 -- 172.21.15.33:0/315929564 shutdown_connections
2024-04-23T10:17:55.628 INFO:teuthology.orchestra.run.smithi033.stdout:/usr/bin/ceph: stderr
2024-04-23T10:17:54.377+0000 7f0532f9f700 1 -- 172.21.15.33:0/315929564 wait complete.
2024-04-23T10:17:55.628 INFO:teuthology.orchestra.run.smithi033.stdout:/usr/bin/ceph: stderr
