2024-04-23T10:17:54.378+0000 7f0532f9f700 1 Processor -- start
2024-04-23T10:17:55.628 INFO:teuthology.orchestra.run.smithi033.stdout:/usr/bin/ceph: stderr
2024-04-23T10:17:54.378+0000 7f0532f9f700 1 -- start start
2024-04-23T10:17:55.628 INFO:teuthology.orchestra.run.smithi033.stdout:/usr/bin/ceph: stderr
2024-04-23T10:17:54.378+0000 7f0532f9f700 1 --2- >> [v2:172.21.15.33:3300/0,v1:172.21.15.33:6789/0] conn(0x7f052c07de60 0x7f052c19e970 unknown :-1 s=NONE pgs=0 cs=0 l=1 rev1=0 crypto rx=0 tx=0 comp rx=0 tx=0).connect
2024-04-23T10:17:55.628 INFO:teuthology.orchestra.run.smithi033.stdout:/usr/bin/ceph: stderr
2024-04-23T10:17:54.378+0000 7f0532f9f700 1 -- --> [v2:172.21.15.33:3300/0,v1:172.21.15.33:6789/0] -- mon_getmap magic: 0 -- 0x7f052c10ea30 con 0x7f052c07de60
2024-04-23T10:17:55.628 INFO:teuthology.orchestra.run.smithi033.stdout:/usr/bin/ceph: stderr
2024-04-23T10:17:54.378+0000 7f0530d3b700 1 --2- >> [v2:172.21.15.33:3300/0,v1:172.21.15.33:6789/0] conn(0x7f052c07de60 0x7f052c19e970 unknown :-1 s=BANNER_CONNECTING pgs=0 cs=0 l=1 rev1=0 crypto rx=0 tx=0 comp rx=0 tx=0)._handle_peer_banner_payload supported=3 required=0
2024-04-23T10:17:55.629 INFO:teuthology.orchestra.run.smithi033.stdout:/usr/bin/ceph: stderr
2024-04-23T10:17:54.378+0000 7f0530d3b700 1 --2- >> [v2:172.21.15.33:3300/0,v1:172.21.15.33:6789/0] conn(0x7f052c07de60 0x7f052c19e970 unknown :-1 s=HELLO_CONNECTING pgs=0 cs=0 l=1 rev1=1 crypto rx=0 tx=0 comp rx=0 tx=0).handle_hello peer v2:172.21.15.33:3300/0 says I am v2:172.21.15.33:52268/0 (socket says 172.21.15.33:52268)
2024-04-23T10:17:55.629 INFO:teuthology.orchestra.run.smithi033.stdout:/usr/bin/ceph: stderr
2024-04-23T10:17:54.378+0000 7f0530d3b700 1 -- 172.21.15.33:0/1065890363 learned_addr learned my addr 172.21.15.33:0/1065890363 (peer_addr_for_me v2:172.21.15.33:0/0)
2024-04-23T10:17:55.629 INFO:teuthology.orchestra.run.smithi033.stdout:/usr/bin/ceph: stderr
2024-04-23T10:17:54.378+0000 7f0530d3b700 1 -- 172.21.15.33:0/1065890363 --> [v2:172.21.15.33:3300/0,v1:172.21.15.33:6789/0] -- mon_subscribe({config=0+,monmap=0+}) -- 0x7f052c19eeb0 con 0x7f052c07de60
2024-04-23T10:17:55.629 INFO:teuthology.orchestra.run.smithi033.stdout:/usr/bin/ceph: stderr
2024-04-23T10:17:54.379+0000 7f0530d3b700 1 --2- 172.21.15.33:0/1065890363 >> [v2:172.21.15.33:3300/0,v1:172.21.15.33:6789/0] conn(0x7f052c07de60 0x7f052c19e970 secure :-1 s=READY pgs=42 cs=0 l=1 rev1=1 crypto rx=0x7f0520009fb0 tx=0x7f0520011940 comp rx=0 tx=0).ready entity=mon.0 client_cookie=0 server_cookie=0 in_seq=0 out_seq=0
2024-04-23T10:17:55.629 INFO:teuthology.orchestra.run.smithi033.stdout:/usr/bin/ceph: stderr
2024-04-23T10:17:54.379+0000 7f0529ffb700 1 -- 172.21.15.33:0/1065890363 <== mon.0 v2:172.21.15.33:3300/0 1 ==== mon_map magic: 0 ==== 205+0+0 (secure 0 0 0) 0x7f05200036a0 con 0x7f052c07de60
2024-04-23T10:17:55.629 INFO:teuthology.orchestra.run.smithi033.stdout:/usr/bin/ceph: stderr
2024-04-23T10:17:54.379+0000 7f0529ffb700 1 -- 172.21.15.33:0/1065890363 <== mon.0 v2:172.21.15.33:3300/0 2 ==== config(26 keys) ==== 1070+0+0 (secure 0 0 0) 0x7f052001a430 con 0x7f052c07de60
2024-04-23T10:17:55.629 INFO:teuthology.orchestra.run.smithi033.stdout:/usr/bin/ceph: stderr
2024-04-23T10:17:54.379+0000 7f0532f9f700 1 -- 172.21.15.33:0/1065890363 --> [v2:172.21.15.33:3300/0,v1:172.21.15.33:6789/0] -- mon_subscribe({mgrmap=0+}) -- 0x7f052c19f140 con 0x7f052c07de60
2024-04-23T10:17:55.629 INFO:teuthology.orchestra.run.smithi033.stdout:/usr/bin/ceph: stderr
2024-04-23T10:17:54.379+0000 7f0529ffb700 1 -- 172.21.15.33:0/1065890363 <== mon.0 v2:172.21.15.33:3300/0 3 ==== mon_map magic: 0 ==== 205+0+0 (secure 0 0 0) 0x7f0520019550 con 0x7f052c07de60
2024-04-23T10:17:55.629 INFO:teuthology.orchestra.run.smithi033.stdout:/usr/bin/ceph: stderr
2024-04-23T10:17:54.379+0000 7f0532f9f700 1 -- 172.21.15.33:0/1065890363 --> [v2:172.21.15.33:3300/0,v1:172.21.15.33:6789/0] -- mon_subscribe({osdmap=0}) -- 0x7f052c1a1e30 con 0x7f052c07de60
2024-04-23T10:17:55.629 INFO:teuthology.orchestra.run.smithi033.stdout:/usr/bin/ceph: stderr
2024-04-23T10:17:54.380+0000 7f0529ffb700 1 -- 172.21.15.33:0/1065890363 <== mon.0 v2:172.21.15.33:3300/0 4 ==== mgrmap(e 8) ==== 46558+0+0 (secure 0 0 0) 0x7f0520019800 con 0x7f052c07de60
2024-04-23T10:17:55.629 INFO:teuthology.orchestra.run.smithi033.stdout:/usr/bin/ceph: stderr
2024-04-23T10:17:54.380+0000 7f0532f9f700 1 -- 172.21.15.33:0/1065890363 --> [v2:172.21.15.33:3300/0,v1:172.21.15.33:6789/0] -- mon_command({"prefix": "get_command_descriptions"} v 0) -- 0x7f052c0640a0 con 0x7f052c07de60
2024-04-23T10:17:55.629 INFO:teuthology.orchestra.run.smithi033.stdout:/usr/bin/ceph: stderr
2024-04-23T10:17:54.380+0000 7f0529ffb700 1 --2- 172.21.15.33:0/1065890363 >> [v2:172.21.15.33:6800/2756321092,v1:172.21.15.33:6801/2756321092] conn(0x7f051c0395b0 0x7f051c03ba70 unknown :-1 s=NONE pgs=0 cs=0 l=1 rev1=0 crypto rx=0 tx=0 comp rx=0 tx=0).connect
2024-04-23T10:17:55.629 INFO:teuthology.orchestra.run.smithi033.stdout:/usr/bin/ceph: stderr
2024-04-23T10:17:54.380+0000 7f0529ffb700 1 -- 172.21.15.33:0/1065890363 <== mon.0 v2:172.21.15.33:3300/0 5 ==== osd_map(2..2 src has 1..2) ==== 940+0+0 (secure 0 0 0) 0x7f052004da70 con 0x7f052c07de60
2024-04-23T10:17:55.629 INFO:teuthology.orchestra.run.smithi033.stdout:/usr/bin/ceph: stderr
2024-04-23T10:17:54.380+0000 7f052bfff700 1 --2- 172.21.15.33:0/1065890363 >> [v2:172.21.15.33:6800/2756321092,v1:172.21.15.33:6801/2756321092] conn(0x7f051c0395b0 0x7f051c03ba70 unknown :-1 s=BANNER_CONNECTING pgs=0 cs=0 l=1 rev1=0 crypto rx=0 tx=0 comp rx=0 tx=0)._handle_peer_banner_payload supported=3 required=0
2024-04-23T10:17:55.629 INFO:teuthology.orchestra.run.smithi033.stdout:/usr/bin/ceph: stderr
2024-04-23T10:17:54.381+0000 7f052bfff700 1 --2- 172.21.15.33:0/1065890363 >> [v2:172.21.15.33:6800/2756321092,v1:172.21.15.33:6801/2756321092] conn(0x7f051c0395b0 0x7f051c03ba70 secure :-1 s=READY pgs=9 cs=0 l=1 rev1=1 crypto rx=0x7f0518006fd0 tx=0x7f0518006e40 comp rx=0 tx=0).ready entity=mgr.14120 client_cookie=0 server_cookie=0 in_seq=0 out_seq=0
2024-04-23T10:17:55.630 INFO:teuthology.orchestra.run.smithi033.stdout:/usr/bin/ceph: stderr
2024-04-23T10:17:54.385+0000 7f0529ffb700 1 -- 172.21.15.33:0/1065890363 <== mon.0 v2:172.21.15.33:3300/0 6 ==== mon_command_ack([{"prefix": "get_command_descriptions"}]=0 v0) ==== 72+0+188370 (secure 0 0 0) 0x7f052001a5e0 con 0x7f052c07de60
2024-04-23T10:17:55.630 INFO:teuthology.orchestra.run.smithi033.stdout:/usr/bin/ceph: stderr
2024-04-23T10:17:54.593+0000 7f0532f9f700 1 -- 172.21.15.33:0/1065890363 --> [v2:172.21.15.33:6800/2756321092,v1:172.21.15.33:6801/2756321092] -- mgr_command(tid 0: {"prefix": "cephadm generate-key", "target": ["mon-mgr", ""]}) -- 0x7f052c02dff0 con 0x7f051c0395b0
2024-04-23T10:17:55.630 INFO:teuthology.orchestra.run.smithi033.stdout:/usr/bin/ceph: stderr
2024-04-23T10:17:55.036+0000 7f0529ffb700 1 -- 172.21.15.33:0/1065890363 <== mgr.14120 v2:172.21.15.33:6800/2756321092 1 ==== mgr_command_reply(tid 0: 0 ) ==== 8+0+0 (secure 0 0 0) 0x7f052c02dff0 con 0x7f051c0395b0
2024-04-23T10:17:55.630 INFO:teuthology.orchestra.run.smithi033.stdout:/usr/bin/ceph: stderr
2024-04-23T10:17:55.039+0000 7f0532f9f700 1 -- 172.21.15.33:0/1065890363 >> [v2:172.21.15.33:6800/2756321092,v1:172.21.15.33:6801/2756321092] conn(0x7f051c0395b0 msgr2=0x7f051c03ba70 secure :-1 s=STATE_CONNECTION_ESTABLISHED l=1).mark_down
2024-04-23T10:17:55.630 INFO:teuthology.orchestra.run.smithi033.stdout:/usr/bin/ceph: stderr
2024-04-23T10:17:55.039+0000 7f0532f9f700 1 --2- 172.21.15.33:0/1065890363 >> [v2:172.21.15.33:6800/2756321092,v1:172.21.15.33:6801/2756321092] conn(0x7f051c0395b0 0x7f051c03ba70 secure :-1 s=READY pgs=9 cs=0 l=1 rev1=1 crypto rx=0x7f0518006fd0 tx=0x7f0518006e40 comp rx=0 tx=0).stop
2024-04-23T10:17:55.630 INFO:teuthology.orchestra.run.smithi033.stdout:/usr/bin/ceph: stderr
2024-04-23T10:17:55.039+0000 7f0532f9f700 1 -- 172.21.15.33:0/1065890363 >> [v2:172.21.15.33:3300/0,v1:172.21.15.33:6789/0] conn(0x7f052c07de60 msgr2=0x7f052c19e970 secure :-1 s=STATE_CONNECTION_ESTABLISHED l=1).mark_down
2024-04-23T10:17:55.630 INFO:teuthology.orchestra.run.smithi033.stdout:/usr/bin/ceph: stderr
2024-04-23T10:17:55.039+0000 7f0532f9f700 1 --2- 172.21.15.33:0/1065890363 >> [v2:172.21.15.33:3300/0,v1:172.21.15.33:6789/0] conn(0x7f052c07de60 0x7f052c19e970 secure :-1 s=READY pgs=42 cs=0 l=1 rev1=1 crypto rx=0x7f0520009fb0 tx=0x7f0520011940 comp rx=0 tx=0).stop
2024-04-23T10:17:55.630 INFO:teuthology.orchestra.run.smithi033.stdout:/usr/bin/ceph: stderr
2024-04-23T10:17:55.039+0000 7f0532f9f700 1 -- 172.21.15.33:0/1065890363 shutdown_connections
2024-04-23T10:17:55.630 INFO:teuthology.orchestra.run.smithi033.stdout:/usr/bin/ceph: stderr
2024-04-23T10:17:55.039+0000 7f0532f9f700 1 --2- 172.21.15.33:0/1065890363 >> [v2:172.21.15.33:6800/2756321092,v1:172.21.15.33:6801/2756321092] conn(0x7f051c0395b0 0x7f051c03ba70 unknown :-1 s=CLOSED pgs=9 cs=0 l=1 rev1=1 crypto rx=0 tx=0 comp rx=0 tx=0).stop
2024-04-23T10:17:55.630 INFO:teuthology.orchestra.run.smithi033.stdout:/usr/bin/ceph: stderr
2024-04-23T10:17:55.039+0000 7f0532f9f700 1 --2- 172.21.15.33:0/1065890363 >> [v2:172.21.15.33:3300/0,v1:172.21.15.33:6789/0] conn(0x7f052c07de60 0x7f052c19e970 unknown :-1 s=CLOSED pgs=42 cs=0 l=1 rev1=1 crypto rx=0 tx=0 comp rx=0 tx=0).stop
2024-04-23T10:17:55.630 INFO:teuthology.orchestra.run.smithi033.stdout:/usr/bin/ceph: stderr
2024-04-23T10:17:55.039+0000 7f0532f9f700 1 -- 172.21.15.33:0/1065890363 >> 172.21.15.33:0/1065890363 conn(0x7f052c103ae0 msgr2=0x7f052c104960 unknown :-1 s=STATE_NONE l=0).mark_down
2024-04-23T10:17:55.630 INFO:teuthology.orchestra.run.smithi033.stdout:/usr/bin/ceph: stderr
2024-04-23T10:17:55.039+0000 7f0532f9f700 1 -- 172.21.15.33:0/1065890363 shutdown_connections
2024-04-23T10:17:55.630 INFO:teuthology.orchestra.run.smithi033.stdout:/usr/bin/ceph: stderr
2024-04-23T10:17:55.039+0000 7f0532f9f700 1 -- 172.21.15.33:0/1065890363 wait complete.
2024-04-23T10:17:56.251 INFO:journalctl@ceph.mon.a.smithi033.stdout:Apr 23 10:17:56 smithi033 ceph-mon[29266]: from='mgr.14120 172.21.15.33:0/2848126937' entity='mgr.x'
2024-04-23T10:17:56.251 INFO:journalctl@ceph.mon.a.smithi033.stdout:Apr 23 10:17:56 smithi033 ceph-mon[29266]: from='mgr.14120 172.21.15.33:0/2848126937' entity='mgr.x'
2024-04-23T10:17:56.850 INFO:teuthology.orchestra.run.smithi033.stdout:/usr/bin/ceph: stdout ssh-rsa AAAAB3NzaC1yc2EAAAADAQABAAABgQC0fzNvVbPPjSUPk/HXHEIjUMOOIycHxbggv/SGhxhIssz8Ezi7C44Em8WnTTTUl1x2PoCwB5DvknVAE2b6c/nEmNvmKRb+cY8FcLovIhcf867icG23huKv/RrU3NcQD32Eawnvqtymq05TIJqQsf+bOprZ5Slmo9vVmWUICenIL6uasgaB/Qw+jsOicmTpDa3mdTr8K1LH8ag2PhYKrgbsbFRH/zyG81lhVGliuqtGVC0R19UajXXEMEhhjxZRVBcYcOii0NLfZTJhemwmlR4ce5GZuiL4oMdkjYYzLPR9MomgIOrH38VM+AH0KfGaMzoZXfOiO2qzrGKbniWbFX/bWsNFPRQuCLYAaHYCtcaOVNIh5oE1StOPmo6miKN5StP3kHFoqspyhaSrdAHqdSzLBthdVKwEXxGqvDVln293GGH51cCLsMdZhwXSSNZ0q0DS9/WmxySC41VtuAWxe2aDYbNYVaWuUEKrT6K4OJ9Ypj4PJrqnYVQ8DdSiWzgWyE8= ceph-a789d4e0-0159-11ef-bc93-c7b262605968
2024-04-23T10:17:56.850 INFO:teuthology.orchestra.run.smithi033.stdout:/usr/bin/ceph: stderr
2024-04-23T10:17:56.034+0000 7fe47281d700 1 Processor -- start
2024-04-23T10:17:56.851 INFO:teuthology.orchestra.run.smithi033.stdout:/usr/bin/ceph: stderr
2024-04-23T10:17:56.034+0000 7fe47281d700 1 -- start start
2024-04-23T10:17:56.851 INFO:teuthology.orchestra.run.smithi033.stdout:/usr/bin/ceph: stderr
2024-04-23T10:17:56.034+0000 7fe47281d700 1 --2- >> [v2:172.21.15.33:3300/0,v1:172.21.15.33:6789/0] conn(0x7fe46c106d70 0x7fe46c107190 unknown :-1 s=NONE pgs=0 cs=0 l=0 rev1=0 crypto rx=0 tx=0 comp rx=0 tx=0).connect
2024-04-23T10:17:56.851 INFO:teuthology.orchestra.run.smithi033.stdout:/usr/bin/ceph: stderr
2024-04-23T10:17:56.034+0000 7fe47281d700 1 -- --> [v2:172.21.15.33:3300/0,v1:172.21.15.33:6789/0] -- mon_getmap magic: 0 -- 0x7fe46c07be40 con 0x7fe46c106d70
2024-04-23T10:17:56.851 INFO:teuthology.orchestra.run.smithi033.stdout:/usr/bin/ceph: stderr
2024-04-23T10:17:56.034+0000 7fe46bfff700 1 --2- >> [v2:172.21.15.33:3300/0,v1:172.21.15.33:6789/0] conn(0x7fe46c106d70 0x7fe46c107190 unknown :-1 s=BANNER_CONNECTING pgs=0 cs=0 l=0 rev1=0 crypto rx=0 tx=0 comp rx=0 tx=0)._handle_peer_banner_payload supported=3 required=0
2024-04-23T10:17:56.851 INFO:teuthology.orchestra.run.smithi033.stdout:/usr/bin/ceph: stderr
2024-04-23T10:17:56.035+0000 7fe46bfff700 1 --2- >> [v2:172.21.15.33:3300/0,v1:172.21.15.33:6789/0] conn(0x7fe46c106d70 0x7fe46c107190 unknown :-1 s=HELLO_CONNECTING pgs=0 cs=0 l=0 rev1=1 crypto rx=0 tx=0 comp rx=0 tx=0).handle_hello peer v2:172.21.15.33:3300/0 says I am v2:172.21.15.33:55546/0 (socket says 172.21.15.33:55546)
2024-04-23T10:17:56.851 INFO:teuthology.orchestra.run.smithi033.stdout:/usr/bin/ceph: stderr
2024-04-23T10:17:56.035+0000 7fe46bfff700 1 -- 172.21.15.33:0/1638776221 learned_addr learned my addr 172.21.15.33:0/1638776221 (peer_addr_for_me v2:172.21.15.33:0/0)
2024-04-23T10:17:56.851 INFO:teuthology.orchestra.run.smithi033.stdout:/usr/bin/ceph: stderr
2024-04-23T10:17:56.035+0000 7fe46bfff700 1 -- 172.21.15.33:0/1638776221 --> [v2:172.21.15.33:3300/0,v1:172.21.15.33:6789/0] -- mon_subscribe({config=0+,monmap=0+}) -- 0x7fe46c1076d0 con 0x7fe46c106d70
2024-04-23T10:17:56.851 INFO:teuthology.orchestra.run.smithi033.stdout:/usr/bin/ceph: stderr
2024-04-23T10:17:56.035+0000 7fe46bfff700 1 --2- 172.21.15.33:0/1638776221 >> [v2:172.21.15.33:3300/0,v1:172.21.15.33:6789/0] conn(0x7fe46c106d70 0x7fe46c107190 secure :-1 s=READY pgs=43 cs=0 l=1 rev1=1 crypto rx=0x7fe45c0098a0 tx=0x7fe45c009bb0 comp rx=0 tx=0).ready entity=mon.0 client_cookie=f0734de8023605d7 server_cookie=0 in_seq=0 out_seq=0
2024-04-23T10:17:56.851 INFO:teuthology.orchestra.run.smithi033.stdout:/usr/bin/ceph: stderr
2024-04-23T10:17:56.035+0000 7fe46affd700 1 -- 172.21.15.33:0/1638776221 <== mon.0 v2:172.21.15.33:3300/0 1 ==== mon_map magic: 0 ==== 205+0+0 (secure 0 0 0) 0x7fe45c004160 con 0x7fe46c106d70
2024-04-23T10:17:56.851 INFO:teuthology.orchestra.run.smithi033.stdout:/usr/bin/ceph: stderr
2024-04-23T10:17:56.035+0000 7fe46affd700 1 -- 172.21.15.33:0/1638776221 <== mon.0 v2:172.21.15.33:3300/0 2 ==== config(26 keys) ==== 1070+0+0 (secure 0 0 0) 0x7fe45c004300 con 0x7fe46c106d70
2024-04-23T10:17:56.851 INFO:teuthology.orchestra.run.smithi033.stdout:/usr/bin/ceph: stderr
2024-04-23T10:17:56.035+0000 7fe46affd700 1 -- 172.21.15.33:0/1638776221 <== mon.0 v2:172.21.15.33:3300/0 3 ==== mon_map magic: 0 ==== 205+0+0 (secure 0 0 0) 0x7fe45c011af0 con 0x7fe46c106d70
2024-04-23T10:17:56.851 INFO:teuthology.orchestra.run.smithi033.stdout:/usr/bin/ceph: stderr
2024-04-23T10:17:56.036+0000 7fe47281d700 1 -- 172.21.15.33:0/1638776221 >> [v2:172.21.15.33:3300/0,v1:172.21.15.33:6789/0] conn(0x7fe46c106d70 msgr2=0x7fe46c107190 secure :-1 s=STATE_CONNECTION_ESTABLISHED l=1).mark_down
2024-04-23T10:17:56.852 INFO:teuthology.orchestra.run.smithi033.stdout:/usr/bin/ceph: stderr
2024-04-23T10:17:56.036+0000 7fe47281d700 1 --2- 172.21.15.33:0/1638776221 >> [v2:172.21.15.33:3300/0,v1:172.21.15.33:6789/0] conn(0x7fe46c106d70 0x7fe46c107190 secure :-1 s=READY pgs=43 cs=0 l=1 rev1=1 crypto rx=0x7fe45c0098a0 tx=0x7fe45c009bb0 comp rx=0 tx=0).stop
2024-04-23T10:17:56.852 INFO:teuthology.orchestra.run.smithi033.stdout:/usr/bin/ceph: stderr
2024-04-23T10:17:56.036+0000 7fe47281d700 1 -- 172.21.15.33:0/1638776221 shutdown_connections
2024-04-23T10:17:56.852 INFO:teuthology.orchestra.run.smithi033.stdout:/usr/bin/ceph: stderr
2024-04-23T10:17:56.036+0000 7fe47281d700 1 --2- 172.21.15.33:0/1638776221 >> [v2:172.21.15.33:3300/0,v1:172.21.15.33:6789/0] conn(0x7fe46c106d70 0x7fe46c107190 unknown :-1 s=CLOSED pgs=43 cs=0 l=1 rev1=1 crypto rx=0 tx=0 comp rx=0 tx=0).stop
2024-04-23T10:17:56.852 INFO:teuthology.orchestra.run.smithi033.stdout:/usr/bin/ceph: stderr
2024-04-23T10:17:56.036+0000 7fe47281d700 1 -- 172.21.15.33:0/1638776221 >> 172.21.15.33:0/1638776221 conn(0x7fe46c1029b0 msgr2=0x7fe46c104dd0 unknown :-1 s=STATE_NONE l=0).mark_down
2024-04-23T10:17:56.852 INFO:teuthology.orchestra.run.smithi033.stdout:/usr/bin/ceph: stderr
2024-04-23T10:17:56.036+0000 7fe47281d700 1 -- 172.21.15.33:0/1638776221 shutdown_connections
2024-04-23T10:17:56.852 INFO:teuthology.orchestra.run.smithi033.stdout:/usr/bin/ceph: stderr
2024-04-23T10:17:56.036+0000 7fe47281d700 1 -- 172.21.15.33:0/1638776221 wait complete.
2024-04-23T10:17:56.852 INFO:teuthology.orchestra.run.smithi033.stdout:/usr/bin/ceph: stderr
2024-04-23T10:17:56.037+0000 7fe47281d700 1 Processor -- start
2024-04-23T10:17:56.852 INFO:teuthology.orchestra.run.smithi033.stdout:/usr/bin/ceph: stderr
2024-04-23T10:17:56.037+0000 7fe47281d700 1 -- start start
2024-04-23T10:17:56.852 INFO:teuthology.orchestra.run.smithi033.stdout:/usr/bin/ceph: stderr
2024-04-23T10:17:56.037+0000 7fe47281d700 1 --2- >> [v2:172.21.15.33:3300/0,v1:172.21.15.33:6789/0] conn(0x7fe46c106d70 0x7fe46c19e620 unknown :-1 s=NONE pgs=0 cs=0 l=1 rev1=0 crypto rx=0 tx=0 comp rx=0 tx=0).connect
2024-04-23T10:17:56.852 INFO:teuthology.orchestra.run.smithi033.stdout:/usr/bin/ceph: stderr
2024-04-23T10:17:56.037+0000 7fe47281d700 1 -- --> [v2:172.21.15.33:3300/0,v1:172.21.15.33:6789/0] -- mon_getmap magic: 0 -- 0x7fe46c108700 con 0x7fe46c106d70
2024-04-23T10:17:56.852 INFO:teuthology.orchestra.run.smithi033.stdout:/usr/bin/ceph: stderr
2024-04-23T10:17:56.037+0000 7fe46bfff700 1 --2- >> [v2:172.21.15.33:3300/0,v1:172.21.15.33:6789/0] conn(0x7fe46c106d70 0x7fe46c19e620 unknown :-1 s=BANNER_CONNECTING pgs=0 cs=0 l=1 rev1=0 crypto rx=0 tx=0 comp rx=0 tx=0)._handle_peer_banner_payload supported=3 required=0
2024-04-23T10:17:56.852 INFO:teuthology.orchestra.run.smithi033.stdout:/usr/bin/ceph: stderr
2024-04-23T10:17:56.037+0000 7fe46bfff700 1 --2- >> [v2:172.21.15.33:3300/0,v1:172.21.15.33:6789/0] conn(0x7fe46c106d70 0x7fe46c19e620 unknown :-1 s=HELLO_CONNECTING pgs=0 cs=0 l=1 rev1=1 crypto rx=0 tx=0 comp rx=0 tx=0).handle_hello peer v2:172.21.15.33:3300/0 says I am v2:172.21.15.33:55556/0 (socket says 172.21.15.33:55556)
2024-04-23T10:17:56.852 INFO:teuthology.orchestra.run.smithi033.stdout:/usr/bin/ceph: stderr
2024-04-23T10:17:56.037+0000 7fe46bfff700 1 -- 172.21.15.33:0/4071176881 learned_addr learned my addr 172.21.15.33:0/4071176881 (peer_addr_for_me v2:172.21.15.33:0/0)
2024-04-23T10:17:56.852 INFO:teuthology.orchestra.run.smithi033.stdout:/usr/bin/ceph: stderr
2024-04-23T10:17:56.037+0000 7fe46bfff700 1 -- 172.21.15.33:0/4071176881 --> [v2:172.21.15.33:3300/0,v1:172.21.15.33:6789/0] -- mon_subscribe({config=0+,monmap=0+}) -- 0x7fe46c19eb60 con 0x7fe46c106d70
2024-04-23T10:17:56.853 INFO:teuthology.orchestra.run.smithi033.stdout:/usr/bin/ceph: stderr
2024-04-23T10:17:56.038+0000 7fe46bfff700 1 --2- 172.21.15.33:0/4071176881 >> [v2:172.21.15.33:3300/0,v1:172.21.15.33:6789/0] conn(0x7fe46c106d70 0x7fe46c19e620 secure :-1 s=READY pgs=44 cs=0 l=1 rev1=1 crypto rx=0x7fe45c011ac0 tx=0x7fe45c011ba0 comp rx=0 tx=0).ready entity=mon.0 client_cookie=0 server_cookie=0 in_seq=0 out_seq=0
2024-04-23T10:17:56.853 INFO:teuthology.orchestra.run.smithi033.stdout:/usr/bin/ceph: stderr
2024-04-23T10:17:56.038+0000 7fe4697fa700 1 -- 172.21.15.33:0/4071176881 <== mon.0 v2:172.21.15.33:3300/0 1 ==== mon_map magic: 0 ==== 205+0+0 (secure 0 0 0) 0x7fe45c003970 con 0x7fe46c106d70
2024-04-23T10:17:56.853 INFO:teuthology.orchestra.run.smithi033.stdout:/usr/bin/ceph: stderr
2024-04-23T10:17:56.038+0000 7fe4697fa700 1 -- 172.21.15.33:0/4071176881 <== mon.0 v2:172.21.15.33:3300/0 2 ==== config(26 keys) ==== 1070+0+0 (secure 0 0 0) 0x7fe45c003b10 con 0x7fe46c106d70
2024-04-23T10:17:56.853 INFO:teuthology.orchestra.run.smithi033.stdout:/usr/bin/ceph: stderr
2024-04-23T10:17:56.038+0000 7fe47281d700 1 -- 172.21.15.33:0/4071176881 --> [v2:172.21.15.33:3300/0,v1:172.21.15.33:6789/0] -- mon_subscribe({mgrmap=0+}) -- 0x7fe46c19edf0 con 0x7fe46c106d70
2024-04-23T10:17:56.853 INFO:teuthology.orchestra.run.smithi033.stdout:/usr/bin/ceph: stderr
2024-04-23T10:17:56.038+0000 7fe4697fa700 1 -- 172.21.15.33:0/4071176881 <== mon.0 v2:172.21.15.33:3300/0 3 ==== mon_map magic: 0 ==== 205+0+0 (secure 0 0 0) 0x7fe45c024610 con 0x7fe46c106d70
2024-04-23T10:17:56.853 INFO:teuthology.orchestra.run.smithi033.stdout:/usr/bin/ceph: stderr
2024-04-23T10:17:56.038+0000 7fe47281d700 1 -- 172.21.15.33:0/4071176881 --> [v2:172.21.15.33:3300/0,v1:172.21.15.33:6789/0] -- mon_subscribe({osdmap=0}) -- 0x7fe46c1a1ae0 con 0x7fe46c106d70
2024-04-23T10:17:56.853 INFO:teuthology.orchestra.run.smithi033.stdout:/usr/bin/ceph: stderr
2024-04-23T10:17:56.039+0000 7fe4697fa700 1 -- 172.21.15.33:0/4071176881 <== mon.0 v2:172.21.15.33:3300/0 4 ==== mgrmap(e 8) ==== 46558+0+0 (secure 0 0 0) 0x7fe45c024840 con 0x7fe46c106d70
2024-04-23T10:17:56.853 INFO:teuthology.orchestra.run.smithi033.stdout:/usr/bin/ceph: stderr
2024-04-23T10:17:56.039+0000 7fe4697fa700 1 --2- 172.21.15.33:0/4071176881 >> [v2:172.21.15.33:6800/2756321092,v1:172.21.15.33:6801/2756321092] conn(0x7fe454039600 0x7fe45403bac0 unknown :-1 s=NONE pgs=0 cs=0 l=1 rev1=0 crypto rx=0 tx=0 comp rx=0 tx=0).connect
2024-04-23T10:17:56.853 INFO:teuthology.orchestra.run.smithi033.stdout:/usr/bin/ceph: stderr
2024-04-23T10:17:56.039+0000 7fe47281d700 1 -- 172.21.15.33:0/4071176881 --> [v2:172.21.15.33:3300/0,v1:172.21.15.33:6789/0] -- mon_command({"prefix": "get_command_descriptions"} v 0) -- 0x7fe46c0640a0 con 0x7fe46c106d70
2024-04-23T10:17:56.853 INFO:teuthology.orchestra.run.smithi033.stdout:/usr/bin/ceph: stderr
2024-04-23T10:17:56.039+0000 7fe4697fa700 1 -- 172.21.15.33:0/4071176881 <== mon.0 v2:172.21.15.33:3300/0 5 ==== osd_map(2..2 src has 1..2) ==== 940+0+0 (secure 0 0 0) 0x7fe45c04da50 con 0x7fe46c106d70
2024-04-23T10:17:56.853 INFO:teuthology.orchestra.run.smithi033.stdout:/usr/bin/ceph: stderr
2024-04-23T10:17:56.039+0000 7fe46b7fe700 1 --2- 172.21.15.33:0/4071176881 >> [v2:172.21.15.33:6800/2756321092,v1:172.21.15.33:6801/2756321092] conn(0x7fe454039600 0x7fe45403bac0 unknown :-1 s=BANNER_CONNECTING pgs=0 cs=0 l=1 rev1=0 crypto rx=0 tx=0 comp rx=0 tx=0)._handle_peer_banner_payload supported=3 required=0
2024-04-23T10:17:56.853 INFO:teuthology.orchestra.run.smithi033.stdout:/usr/bin/ceph: stderr
2024-04-23T10:17:56.039+0000 7fe46b7fe700 1 --2- 172.21.15.33:0/4071176881 >> [v2:172.21.15.33:6800/2756321092,v1:172.21.15.33:6801/2756321092] conn(0x7fe454039600 0x7fe45403bac0 secure :-1 s=READY pgs=10 cs=0 l=1 rev1=1 crypto rx=0x7fe460006fd0 tx=0x7fe460006e40 comp rx=0 tx=0).ready entity=mgr.14120 client_cookie=0 server_cookie=0 in_seq=0 out_seq=0
2024-04-23T10:17:56.853 INFO:teuthology.orchestra.run.smithi033.stdout:/usr/bin/ceph: stderr
2024-04-23T10:17:56.044+0000 7fe4697fa700 1 -- 172.21.15.33:0/4071176881 <== mon.0 v2:172.21.15.33:3300/0 6 ==== mon_command_ack([{"prefix": "get_command_descriptions"}]=0 v0) ==== 72+0+188370 (secure 0 0 0) 0x7fe45c00bc70 con 0x7fe46c106d70
2024-04-23T10:17:56.854 INFO:teuthology.orchestra.run.smithi033.stdout:/usr/bin/ceph: stderr
2024-04-23T10:17:56.252+0000 7fe47281d700 1 -- 172.21.15.33:0/4071176881 --> [v2:172.21.15.33:6800/2756321092,v1:172.21.15.33:6801/2756321092] -- mgr_command(tid 0: {"prefix": "cephadm get-pub-key", "target": ["mon-mgr", ""]}) -- 0x7fe46c02e2e0 con 0x7fe454039600
2024-04-23T10:17:56.854 INFO:teuthology.orchestra.run.smithi033.stdout:/usr/bin/ceph: stderr
2024-04-23T10:17:56.253+0000 7fe4697fa700 1 -- 172.21.15.33:0/4071176881 <== mgr.14120 v2:172.21.15.33:6800/2756321092 1 ==== mgr_command_reply(tid 0: 0 ) ==== 8+0+595 (secure 0 0 0) 0x7fe46c02e2e0 con 0x7fe454039600
2024-04-23T10:17:56.854 INFO:teuthology.orchestra.run.smithi033.stdout:/usr/bin/ceph: stderr
2024-04-23T10:17:56.255+0000 7fe47281d700 1 -- 172.21.15.33:0/4071176881 >> [v2:172.21.15.33:6800/2756321092,v1:172.21.15.33:6801/2756321092] conn(0x7fe454039600 msgr2=0x7fe45403bac0 secure :-1 s=STATE_CONNECTION_ESTABLISHED l=1).mark_down
2024-04-23T10:17:56.854 INFO:teuthology.orchestra.run.smithi033.stdout:/usr/bin/ceph: stderr
2024-04-23T10:17:56.255+0000 7fe47281d700 1 --2- 172.21.15.33:0/4071176881 >> [v2:172.21.15.33:6800/2756321092,v1:172.21.15.33:6801/2756321092] conn(0x7fe454039600 0x7fe45403bac0 secure :-1 s=READY pgs=10 cs=0 l=1 rev1=1 crypto rx=0x7fe460006fd0 tx=0x7fe460006e40 comp rx=0 tx=0).stop
2024-04-23T10:17:56.854 INFO:teuthology.orchestra.run.smithi033.stdout:/usr/bin/ceph: stderr
2024-04-23T10:17:56.255+0000 7fe47281d700 1 -- 172.21.15.33:0/4071176881 >> [v2:172.21.15.33:3300/0,v1:172.21.15.33:6789/0] conn(0x7fe46c106d70 msgr2=0x7fe46c19e620 secure :-1 s=STATE_CONNECTION_ESTABLISHED l=1).mark_down
2024-04-23T10:17:56.854 INFO:teuthology.orchestra.run.smithi033.stdout:/usr/bin/ceph: stderr
2024-04-23T10:17:56.255+0000 7fe47281d700 1 --2- 172.21.15.33:0/4071176881 >> [v2:172.21.15.33:3300/0,v1:172.21.15.33:6789/0] conn(0x7fe46c106d70 0x7fe46c19e620 secure :-1 s=READY pgs=44 cs=0 l=1 rev1=1 crypto rx=0x7fe45c011ac0 tx=0x7fe45c011ba0 comp rx=0 tx=0).stop
2024-04-23T10:17:56.854 INFO:teuthology.orchestra.run.smithi033.stdout:/usr/bin/ceph: stderr
2024-04-23T10:17:56.256+0000 7fe47281d700 1 -- 172.21.15.33:0/4071176881 shutdown_connections
2024-04-23T10:17:56.854 INFO:teuthology.orchestra.run.smithi033.stdout:/usr/bin/ceph: stderr
2024-04-23T10:17:56.256+0000 7fe47281d700 1 --2- 172.21.15.33:0/4071176881 >> [v2:172.21.15.33:6800/2756321092,v1:172.21.15.33:6801/2756321092] conn(0x7fe454039600 0x7fe45403bac0 unknown :-1 s=CLOSED pgs=10 cs=0 l=1 rev1=1 crypto rx=0 tx=0 comp rx=0 tx=0).stop
2024-04-23T10:17:56.854 INFO:teuthology.orchestra.run.smithi033.stdout:/usr/bin/ceph: stderr
2024-04-23T10:17:56.256+0000 7fe47281d700 1 --2- 172.21.15.33:0/4071176881 >> [v2:172.21.15.33:3300/0,v1:172.21.15.33:6789/0] conn(0x7fe46c106d70 0x7fe46c19e620 unknown :-1 s=CLOSED pgs=44 cs=0 l=1 rev1=1 crypto rx=0 tx=0 comp rx=0 tx=0).stop
2024-04-23T10:17:56.854 INFO:teuthology.orchestra.run.smithi033.stdout:/usr/bin/ceph: stderr
2024-04-23T10:17:56.256+0000 7fe47281d700 1 -- 172.21.15.33:0/4071176881 >> 172.21.15.33:0/4071176881 conn(0x7fe46c1029b0 msgr2=0x7fe46c195280 unknown :-1 s=STATE_NONE l=0).mark_down
2024-04-23T10:17:56.854 INFO:teuthology.orchestra.run.smithi033.stdout:/usr/bin/ceph: stderr
2024-04-23T10:17:56.256+0000 7fe47281d700 1 -- 172.21.15.33:0/4071176881 shutdown_connections
2024-04-23T10:17:56.854 INFO:teuthology.orchestra.run.smithi033.stdout:/usr/bin/ceph: stderr
2024-04-23T10:17:56.256+0000 7fe47281d700 1 -- 172.21.15.33:0/4071176881 wait complete.
2024-04-23T10:17:56.854 INFO:teuthology.orchestra.run.smithi033.stdout:Wrote public SSH key to /home/ubuntu/cephtest/ceph.pub
2024-04-23T10:17:56.854 INFO:teuthology.orchestra.run.smithi033.stdout:Adding key to root@localhost authorized_keys...
2024-04-23T10:17:56.854 INFO:teuthology.orchestra.run.smithi033.stdout:Adding host smithi033...
2024-04-23T10:17:57.313 INFO:journalctl@ceph.mon.a.smithi033.stdout:Apr 23 10:17:57 smithi033 ceph-mon[29266]: from='client.14138 -' entity='client.admin' cmd=[{"prefix": "cephadm get-pub-key", "target": ["mon-mgr", ""]}]: dispatch
2024-04-23T10:17:58.063 INFO:journalctl@ceph.mon.a.smithi033.stdout:Apr 23 10:17:58 smithi033 ceph-mon[29266]: from='client.14140 -' entity='client.admin' cmd=[{"prefix": "orch host add", "hostname": "smithi033", "addr": "172.21.15.33", "target": ["mon-mgr", ""]}]: dispatch
2024-04-23T10:17:59.313 INFO:journalctl@ceph.mon.a.smithi033.stdout:Apr 23 10:17:59 smithi033 ceph-mon[29266]: Deploying cephadm binary to smithi033
2024-04-23T10:18:02.241 INFO:teuthology.orchestra.run.smithi033.stdout:/usr/bin/ceph: stdout Added host 'smithi033' with addr '172.21.15.33'
2024-04-23T10:18:02.241 INFO:teuthology.orchestra.run.smithi033.stdout:/usr/bin/ceph: stderr
2024-04-23T10:17:57.266+0000 7fa9fcce4700 1 Processor -- start
2024-04-23T10:18:02.241 INFO:teuthology.orchestra.run.smithi033.stdout:/usr/bin/ceph: stderr
2024-04-23T10:17:57.266+0000 7fa9fcce4700 1 -- start start
2024-04-23T10:18:02.241 INFO:teuthology.orchestra.run.smithi033.stdout:/usr/bin/ceph: stderr
2024-04-23T10:17:57.267+0000 7fa9fcce4700 1 --2- >> [v2:172.21.15.33:3300/0,v1:172.21.15.33:6789/0] conn(0x7fa9f81084e0 0x7fa9f8108900 unknown :-1 s=NONE pgs=0 cs=0 l=0 rev1=0 crypto rx=0 tx=0 comp rx=0 tx=0).connect
2024-04-23T10:18:02.241 INFO:teuthology.orchestra.run.smithi033.stdout:/usr/bin/ceph: stderr
2024-04-23T10:17:57.267+0000 7fa9fcce4700 1 -- --> [v2:172.21.15.33:3300/0,v1:172.21.15.33:6789/0] -- mon_getmap magic: 0 -- 0x7fa9f8108ed0 con 0x7fa9f81084e0
2024-04-23T10:18:02.241 INFO:teuthology.orchestra.run.smithi033.stdout:/usr/bin/ceph: stderr
2024-04-23T10:17:57.267+0000 7fa9f659c700 1 --2- >> [v2:172.21.15.33:3300/0,v1:172.21.15.33:6789/0] conn(0x7fa9f81084e0 0x7fa9f8108900 unknown :-1 s=BANNER_CONNECTING pgs=0 cs=0 l=0 rev1=0 crypto rx=0 tx=0 comp rx=0 tx=0)._handle_peer_banner_payload supported=3 required=0
2024-04-23T10:18:02.241 INFO:teuthology.orchestra.run.smithi033.stdout:/usr/bin/ceph: stderr
2024-04-23T10:17:57.267+0000 7fa9f659c700 1 --2- >> [v2:172.21.15.33:3300/0,v1:172.21.15.33:6789/0] conn(0x7fa9f81084e0 0x7fa9f8108900 unknown :-1 s=HELLO_CONNECTING pgs=0 cs=0 l=0 rev1=1 crypto rx=0 tx=0 comp rx=0 tx=0).handle_hello peer v2:172.21.15.33:3300/0 says I am v2:172.21.15.33:55568/0 (socket says 172.21.15.33:55568)
2024-04-23T10:18:02.241 INFO:teuthology.orchestra.run.smithi033.stdout:/usr/bin/ceph: stderr
2024-04-23T10:17:57.267+0000 7fa9f659c700 1 -- 172.21.15.33:0/2976082678 learned_addr learned my addr 172.21.15.33:0/2976082678 (peer_addr_for_me v2:172.21.15.33:0/0)
2024-04-23T10:18:02.241 INFO:teuthology.orchestra.run.smithi033.stdout:/usr/bin/ceph: stderr
2024-04-23T10:17:57.267+0000 7fa9f659c700 1 -- 172.21.15.33:0/2976082678 --> [v2:172.21.15.33:3300/0,v1:172.21.15.33:6789/0] -- mon_subscribe({config=0+,monmap=0+}) -- 0x7fa9f8109690 con 0x7fa9f81084e0
2024-04-23T10:18:02.241 INFO:teuthology.orchestra.run.smithi033.stdout:/usr/bin/ceph: stderr
2024-04-23T10:17:57.267+0000 7fa9f659c700 1 --2- 172.21.15.33:0/2976082678 >> [v2:172.21.15.33:3300/0,v1:172.21.15.33:6789/0] conn(0x7fa9f81084e0 0x7fa9f8108900 secure :-1 s=READY pgs=45 cs=0 l=1 rev1=1 crypto rx=0x7fa9e80098a0 tx=0x7fa9e8009bb0 comp rx=0 tx=0).ready entity=mon.0 client_cookie=da2ceeff0f4d02fe server_cookie=0 in_seq=0 out_seq=0
2024-04-23T10:18:02.241 INFO:teuthology.orchestra.run.smithi033.stdout:/usr/bin/ceph: stderr
2024-04-23T10:17:57.267+0000 7fa9f559a700 1 -- 172.21.15.33:0/2976082678 <== mon.0 v2:172.21.15.33:3300/0 1 ==== mon_map magic: 0 ==== 205+0+0 (secure 0 0 0) 0x7fa9e8004160 con 0x7fa9f81084e0
2024-04-23T10:18:02.242 INFO:teuthology.orchestra.run.smithi033.stdout:/usr/bin/ceph: stderr
2024-04-23T10:17:57.268+0000 7fa9f559a700 1 -- 172.21.15.33:0/2976082678 <== mon.0 v2:172.21.15.33:3300/0 2 ==== config(26 keys) ==== 1070+0+0 (secure 0 0 0) 0x7fa9e8004300 con 0x7fa9f81084e0
2024-04-23T10:18:02.242 INFO:teuthology.orchestra.run.smithi033.stdout:/usr/bin/ceph: stderr
2024-04-23T10:17:57.268+0000 7fa9f559a700 1 -- 172.21.15.33:0/2976082678 <== mon.0 v2:172.21.15.33:3300/0 3 ==== mon_map magic: 0 ==== 205+0+0 (secure 0 0 0) 0x7fa9e8011af0 con 0x7fa9f81084e0
2024-04-23T10:18:02.242 INFO:teuthology.orchestra.run.smithi033.stdout:/usr/bin/ceph: stderr
2024-04-23T10:17:57.268+0000 7fa9fcce4700 1 -- 172.21.15.33:0/2976082678 >> [v2:172.21.15.33:3300/0,v1:172.21.15.33:6789/0] conn(0x7fa9f81084e0 msgr2=0x7fa9f8108900 secure :-1 s=STATE_CONNECTION_ESTABLISHED l=1).mark_down
2024-04-23T10:18:02.242 INFO:teuthology.orchestra.run.smithi033.stdout:/usr/bin/ceph: stderr
2024-04-23T10:17:57.268+0000 7fa9fcce4700 1 --2- 172.21.15.33:0/2976082678 >> [v2:172.21.15.33:3300/0,v1:172.21.15.33:6789/0] conn(0x7fa9f81084e0 0x7fa9f8108900 secure :-1 s=READY pgs=45 cs=0 l=1 rev1=1 crypto rx=0x7fa9e80098a0 tx=0x7fa9e8009bb0 comp rx=0 tx=0).stop
2024-04-23T10:18:02.242 INFO:teuthology.orchestra.run.smithi033.stdout:/usr/bin/ceph: stderr
2024-04-23T10:17:57.268+0000 7fa9fcce4700 1 -- 172.21.15.33:0/2976082678 shutdown_connections
2024-04-23T10:18:02.242 INFO:teuthology.orchestra.run.smithi033.stdout:/usr/bin/ceph: stderr
2024-04-23T10:17:57.268+0000 7fa9fcce4700 1 --2- 172.21.15.33:0/2976082678 >> [v2:172.21.15.33:3300/0,v1:172.21.15.33:6789/0] conn(0x7fa9f81084e0 0x7fa9f8108900 unknown :-1 s=CLOSED pgs=45 cs=0 l=1 rev1=1 crypto rx=0 tx=0 comp rx=0 tx=0).stop
2024-04-23T10:18:02.242 INFO:teuthology.orchestra.run.smithi033.stdout:/usr/bin/ceph: stderr
2024-04-23T10:17:57.268+0000 7fa9fcce4700 1 -- 172.21.15.33:0/2976082678 >> 172.21.15.33:0/2976082678 conn(0x7fa9f8103ae0 msgr2=0x7fa9f8105f00 unknown :-1 s=STATE_NONE l=0).mark_down
2024-04-23T10:18:02.242 INFO:teuthology.orchestra.run.smithi033.stdout:/usr/bin/ceph: stderr
2024-04-23T10:17:57.268+0000 7fa9fcce4700 1 -- 172.21.15.33:0/2976082678 shutdown_connections
2024-04-23T10:18:02.242 INFO:teuthology.orchestra.run.smithi033.stdout:/usr/bin/ceph: stderr
2024-04-23T10:17:57.268+0000 7fa9fcce4700 1 -- 172.21.15.33:0/2976082678 wait complete.
2024-04-23T10:18:02.242 INFO:teuthology.orchestra.run.smithi033.stdout:/usr/bin/ceph: stderr
2024-04-23T10:17:57.269+0000 7fa9fcce4700 1 Processor -- start
2024-04-23T10:18:02.242 INFO:teuthology.orchestra.run.smithi033.stdout:/usr/bin/ceph: stderr
2024-04-23T10:17:57.269+0000 7fa9fcce4700 1 -- start start
2024-04-23T10:18:02.242 INFO:teuthology.orchestra.run.smithi033.stdout:/usr/bin/ceph: stderr
2024-04-23T10:17:57.269+0000 7fa9fcce4700 1 --2- >> [v2:172.21.15.33:3300/0,v1:172.21.15.33:6789/0] conn(0x7fa9f81084e0 0x7fa9f819c780 unknown :-1 s=NONE pgs=0 cs=0 l=1 rev1=0 crypto rx=0 tx=0 comp rx=0 tx=0).connect
2024-04-23T10:18:02.242 INFO:teuthology.orchestra.run.smithi033.stdout:/usr/bin/ceph: stderr
2024-04-23T10:17:57.269+0000 7fa9fcce4700 1 -- --> [v2:172.21.15.33:3300/0,v1:172.21.15.33:6789/0] -- mon_getmap magic: 0 -- 0x7fa9f810ca40 con 0x7fa9f81084e0
2024-04-23T10:18:02.243 INFO:teuthology.orchestra.run.smithi033.stdout:/usr/bin/ceph: stderr
2024-04-23T10:17:57.269+0000 7fa9f659c700 1 --2- >> [v2:172.21.15.33:3300/0,v1:172.21.15.33:6789/0] conn(0x7fa9f81084e0 0x7fa9f819c780 unknown :-1 s=BANNER_CONNECTING pgs=0 cs=0 l=1 rev1=0 crypto rx=0 tx=0 comp rx=0 tx=0)._handle_peer_banner_payload supported=3 required=0
2024-04-23T10:18:02.243 INFO:teuthology.orchestra.run.smithi033.stdout:/usr/bin/ceph: stderr
2024-04-23T10:17:57.269+0000 7fa9f659c700 1 --2- >> [v2:172.21.15.33:3300/0,v1:172.21.15.33:6789/0] conn(0x7fa9f81084e0 0x7fa9f819c780 unknown :-1 s=HELLO_CONNECTING pgs=0 cs=0 l=1 rev1=1 crypto rx=0 tx=0 comp rx=0 tx=0).handle_hello peer v2:172.21.15.33:3300/0 says I am v2:172.21.15.33:55580/0 (socket says 172.21.15.33:55580)
2024-04-23T10:18:02.243 INFO:teuthology.orchestra.run.smithi033.stdout:/usr/bin/ceph: stderr
2024-04-23T10:17:57.269+0000 7fa9f659c700 1 -- 172.21.15.33:0/500780537 learned_addr learned my addr 172.21.15.33:0/500780537 (peer_addr_for_me v2:172.21.15.33:0/0)
2024-04-23T10:18:02.243 INFO:teuthology.orchestra.run.smithi033.stdout:/usr/bin/ceph: stderr
2024-04-23T10:17:57.270+0000 7fa9f659c700 1 -- 172.21.15.33:0/500780537 --> [v2:172.21.15.33:3300/0,v1:172.21.15.33:6789/0] -- mon_subscribe({config=0+,monmap=0+}) -- 0x7fa9f819ccc0 con 0x7fa9f81084e0
2024-04-23T10:18:02.243 INFO:teuthology.orchestra.run.smithi033.stdout:/usr/bin/ceph: stderr
2024-04-23T10:17:57.270+0000 7fa9f659c700 1 --2- 172.21.15.33:0/500780537 >> [v2:172.21.15.33:3300/0,v1:172.21.15.33:6789/0] conn(0x7fa9f81084e0 0x7fa9f819c780 secure :-1 s=READY pgs=46 cs=0 l=1 rev1=1 crypto rx=0x7fa9e8009fb0 tx=0x7fa9e8011940 comp rx=0 tx=0).ready entity=mon.0 client_cookie=0 server_cookie=0 in_seq=0 out_seq=0
2024-04-23T10:18:02.243 INFO:teuthology.orchestra.run.smithi033.stdout:/usr/bin/ceph: stderr
2024-04-23T10:17:57.270+0000 7fa9e77fe700 1 -- 172.21.15.33:0/500780537 <== mon.0 v2:172.21.15.33:3300/0 1 ==== mon_map magic: 0 ==== 205+0+0 (secure 0 0 0) 0x7fa9e80036a0 con 0x7fa9f81084e0
2024-04-23T10:18:02.243 INFO:teuthology.orchestra.run.smithi033.stdout:/usr/bin/ceph: stderr
2024-04-23T10:17:57.270+0000 7fa9e77fe700 1 -- 172.21.15.33:0/500780537 <== mon.0 v2:172.21.15.33:3300/0 2 ==== config(26 keys) ==== 1070+0+0 (secure 0 0 0) 0x7fa9e801a430 con 0x7fa9f81084e0
2024-04-23T10:18:02.243 INFO:teuthology.orchestra.run.smithi033.stdout:/usr/bin/ceph: stderr
2024-04-23T10:17:57.270+0000 7fa9fcce4700 1 -- 172.21.15.33:0/500780537 --> [v2:172.21.15.33:3300/0,v1:172.21.15.33:6789/0] -- mon_subscribe({mgrmap=0+}) -- 0x7fa9f819cf50 con 0x7fa9f81084e0
2024-04-23T10:18:02.243 INFO:teuthology.orchestra.run.smithi033.stdout:/usr/bin/ceph: stderr
2024-04-23T10:17:57.270+0000 7fa9e77fe700 1 -- 172.21.15.33:0/500780537 <== mon.0 v2:172.21.15.33:3300/0 3 ==== mon_map magic: 0 ==== 205+0+0 (secure 0 0 0) 0x7fa9e8019550 con 0x7fa9f81084e0
2024-04-23T10:18:02.243 INFO:teuthology.orchestra.run.smithi033.stdout:/usr/bin/ceph: stderr
2024-04-23T10:17:57.270+0000 7fa9fcce4700 1 -- 172.21.15.33:0/500780537 --> [v2:172.21.15.33:3300/0,v1:172.21.15.33:6789/0] -- mon_subscribe({osdmap=0}) -- 0x7fa9f819fc40 con 0x7fa9f81084e0
2024-04-23T10:18:02.243 INFO:teuthology.orchestra.run.smithi033.stdout:/usr/bin/ceph: stderr
2024-04-23T10:17:57.271+0000 7fa9e77fe700 1 -- 172.21.15.33:0/500780537 <== mon.0 v2:172.21.15.33:3300/0 4 ==== mgrmap(e 8) ==== 46558+0+0 (secure 0 0 0) 0x7fa9e8019800 con 0x7fa9f81084e0
2024-04-23T10:18:02.243 INFO:teuthology.orchestra.run.smithi033.stdout:/usr/bin/ceph: stderr
2024-04-23T10:17:57.271+0000 7fa9fcce4700 1 -- 172.21.15.33:0/500780537 --> [v2:172.21.15.33:3300/0,v1:172.21.15.33:6789/0] -- mon_command({"prefix": "get_command_descriptions"} v 0) -- 0x7fa9f80640a0 con 0x7fa9f81084e0
2024-04-23T10:18:02.243 INFO:teuthology.orchestra.run.smithi033.stdout:/usr/bin/ceph: stderr
2024-04-23T10:17:57.271+0000 7fa9e77fe700 1 --2- 172.21.15.33:0/500780537 >> [v2:172.21.15.33:6800/2756321092,v1:172.21.15.33:6801/2756321092] conn(0x7fa9e00395b0 0x7fa9e003ba70 unknown :-1 s=NONE pgs=0 cs=0 l=1 rev1=0 crypto rx=0 tx=0 comp rx=0 tx=0).connect
2024-04-23T10:18:02.243 INFO:teuthology.orchestra.run.smithi033.stdout:/usr/bin/ceph: stderr
2024-04-23T10:17:57.271+0000 7fa9e77fe700 1 -- 172.21.15.33:0/500780537 <== mon.0 v2:172.21.15.33:3300/0 5 ==== osd_map(2..2 src has 1..2) ==== 940+0+0 (secure 0 0 0) 0x7fa9e804da10 con 0x7fa9f81084e0
2024-04-23T10:18:02.243 INFO:teuthology.orchestra.run.smithi033.stdout:/usr/bin/ceph: stderr
2024-04-23T10:17:57.271+0000 7fa9f5d9b700 1 --2- 172.21.15.33:0/500780537 >> [v2:172.21.15.33:6800/2756321092,v1:172.21.15.33:6801/2756321092] conn(0x7fa9e00395b0 0x7fa9e003ba70 unknown :-1 s=BANNER_CONNECTING pgs=0 cs=0 l=1 rev1=0 crypto rx=0 tx=0 comp rx=0 tx=0)._handle_peer_banner_payload supported=3 required=0
2024-04-23T10:18:02.244 INFO:teuthology.orchestra.run.smithi033.stdout:/usr/bin/ceph: stderr
2024-04-23T10:17:57.272+0000 7fa9f5d9b700 1 --2- 172.21.15.33:0/500780537 >> [v2:172.21.15.33:6800/2756321092,v1:172.21.15.33:6801/2756321092] conn(0x7fa9e00395b0 0x7fa9e003ba70 secure :-1 s=READY pgs=11 cs=0 l=1 rev1=1 crypto rx=0x7fa9ec006fd0 tx=0x7fa9ec006e40 comp rx=0 tx=0).ready entity=mgr.14120 client_cookie=0 server_cookie=0 in_seq=0 out_seq=0
2024-04-23T10:18:02.244 INFO:teuthology.orchestra.run.smithi033.stdout:/usr/bin/ceph: stderr
2024-04-23T10:17:57.276+0000 7fa9e77fe700 1 -- 172.21.15.33:0/500780537 <== mon.0 v2:172.21.15.33:3300/0 6 ==== mon_command_ack([{"prefix": "get_command_descriptions"}]=0 v0) ==== 72+0+188370 (secure 0 0 0) 0x7fa9e801a5e0 con 0x7fa9f81084e0
2024-04-23T10:18:02.244 INFO:teuthology.orchestra.run.smithi033.stdout:/usr/bin/ceph: stderr
2024-04-23T10:17:57.498+0000 7fa9fcce4700 1 -- 172.21.15.33:0/500780537 --> [v2:172.21.15.33:6800/2756321092,v1:172.21.15.33:6801/2756321092] -- mgr_command(tid 0: {"prefix": "orch host add", "hostname": "smithi033", "addr": "172.21.15.33", "target": ["mon-mgr", ""]}) -- 0x7fa9f802dff0 con 0x7fa9e00395b0
2024-04-23T10:18:02.244 INFO:teuthology.orchestra.run.smithi033.stdout:/usr/bin/ceph: stderr
2024-04-23T10:18:01.712+0000 7fa9e77fe700 1 -- 172.21.15.33:0/500780537 <== mgr.14120 v2:172.21.15.33:6800/2756321092 1 ==== mgr_command_reply(tid 0: 0 ) ==== 8+0+48 (secure 0 0 0) 0x7fa9f802dff0 con 0x7fa9e00395b0
2024-04-23T10:18:02.244 INFO:teuthology.orchestra.run.smithi033.stdout:/usr/bin/ceph: stderr
2024-04-23T10:18:01.715+0000 7fa9fcce4700 1 -- 172.21.15.33:0/500780537 >> [v2:172.21.15.33:6800/2756321092,v1:172.21.15.33:6801/2756321092] conn(0x7fa9e00395b0 msgr2=0x7fa9e003ba70 secure :-1 s=STATE_CONNECTION_ESTABLISHED l=1).mark_down
2024-04-23T10:18:02.244 INFO:teuthology.orchestra.run.smithi033.stdout:/usr/bin/ceph: stderr
2024-04-23T10:18:01.715+0000 7fa9fcce4700 1 --2- 172.21.15.33:0/500780537 >> [v2:172.21.15.33:6800/2756321092,v1:172.21.15.33:6801/2756321092] conn(0x7fa9e00395b0 0x7fa9e003ba70 secure :-1 s=READY pgs=11 cs=0 l=1 rev1=1 crypto rx=0x7fa9ec006fd0 tx=0x7fa9ec006e40 comp rx=0 tx=0).stop
2024-04-23T10:18:02.244 INFO:teuthology.orchestra.run.smithi033.stdout:/usr/bin/ceph: stderr
2024-04-23T10:18:01.715+0000 7fa9fcce4700 1 -- 172.21.15.33:0/500780537 >> [v2:172.21.15.33:3300/0,v1:172.21.15.33:6789/0] conn(0x7fa9f81084e0 msgr2=0x7fa9f819c780 secure :-1 s=STATE_CONNECTION_ESTABLISHED l=1).mark_down
2024-04-23T10:18:02.244 INFO:teuthology.orchestra.run.smithi033.stdout:/usr/bin/ceph: stderr
2024-04-23T10:18:01.715+0000 7fa9fcce4700 1 --2- 172.21.15.33:0/500780537 >> [v2:172.21.15.33:3300/0,v1:172.21.15.33:6789/0] conn(0x7fa9f81084e0 0x7fa9f819c780 secure :-1 s=READY pgs=46 cs=0 l=1 rev1=1 crypto rx=0x7fa9e8009fb0 tx=0x7fa9e8011940 comp rx=0 tx=0).stop
2024-04-23T10:18:02.244 INFO:teuthology.orchestra.run.smithi033.stdout:/usr/bin/ceph: stderr
2024-04-23T10:18:01.715+0000 7fa9fcce4700 1 -- 172.21.15.33:0/500780537 shutdown_connections
2024-04-23T10:18:02.244 INFO:teuthology.orchestra.run.smithi033.stdout:/usr/bin/ceph: stderr
2024-04-23T10:18:01.715+0000 7fa9fcce4700 1 --2- 172.21.15.33:0/500780537 >> [v2:172.21.15.33:6800/2756321092,v1:172.21.15.33:6801/2756321092] conn(0x7fa9e00395b0 0x7fa9e003ba70 unknown :-1 s=CLOSED pgs=11 cs=0 l=1 rev1=1 crypto rx=0 tx=0 comp rx=0 tx=0).stop
2024-04-23T10:18:02.244 INFO:teuthology.orchestra.run.smithi033.stdout:/usr/bin/ceph: stderr
2024-04-23T10:18:01.715+0000 7fa9fcce4700 1 --2- 172.21.15.33:0/500780537 >> [v2:172.21.15.33:3300/0,v1:172.21.15.33:6789/0] conn(0x7fa9f81084e0 0x7fa9f819c780 unknown :-1 s=CLOSED pgs=46 cs=0 l=1 rev1=1 crypto rx=0 tx=0 comp rx=0 tx=0).stop
2024-04-23T10:18:02.244 INFO:teuthology.orchestra.run.smithi033.stdout:/usr/bin/ceph: stderr
2024-04-23T10:18:01.715+0000 7fa9fcce4700 1 -- 172.21.15.33:0/500780537 >> 172.21.15.33:0/500780537 conn(0x7fa9f8103ae0 msgr2=0x7fa9f8104950 unknown :-1 s=STATE_NONE l=0).mark_down
2024-04-23T10:18:02.244 INFO:teuthology.orchestra.run.smithi033.stdout:/usr/bin/ceph: stderr
2024-04-23T10:18:01.715+0000 7fa9fcce4700 1 -- 172.21.15.33:0/500780537 shutdown_connections
2024-04-23T10:18:02.244 INFO:teuthology.orchestra.run.smithi033.stdout:/usr/bin/ceph: stderr
2024-04-23T10:18:01.716+0000 7fa9fcce4700 1 -- 172.21.15.33:0/500780537 wait complete.
2024-04-23T10:18:02.244 INFO:teuthology.orchestra.run.smithi033.stdout:Deploying unmanaged mon service...
2024-04-23T10:18:02.907 INFO:journalctl@ceph.mon.a.smithi033.stdout:Apr 23 10:18:02 smithi033 ceph-mon[29266]: from='mgr.14120 172.21.15.33:0/2848126937' entity='mgr.x'
2024-04-23T10:18:02.907 INFO:journalctl@ceph.mon.a.smithi033.stdout:Apr 23 10:18:02 smithi033 ceph-mon[29266]: Added host smithi033
2024-04-23T10:18:02.907 INFO:journalctl@ceph.mon.a.smithi033.stdout:Apr 23 10:18:02 smithi033 ceph-mon[29266]: from='mgr.14120 172.21.15.33:0/2848126937' entity='mgr.x' cmd=[{"prefix": "config dump", "format": "json"}]: dispatch
2024-04-23T10:18:03.970 INFO:teuthology.orchestra.run.smithi033.stdout:/usr/bin/ceph: stdout Scheduled mon update...
2024-04-23T10:18:03.971 INFO:teuthology.orchestra.run.smithi033.stdout:/usr/bin/ceph: stderr
2024-04-23T10:18:02.675+0000 7f05cbb37700 1 Processor -- start
2024-04-23T10:18:03.971 INFO:teuthology.orchestra.run.smithi033.stdout:/usr/bin/ceph: stderr
2024-04-23T10:18:02.675+0000 7f05cbb37700 1 -- start start
2024-04-23T10:18:03.971 INFO:teuthology.orchestra.run.smithi033.stdout:/usr/bin/ceph: stderr
2024-04-23T10:18:02.675+0000 7f05cbb37700 1 --2- >> [v2:172.21.15.33:3300/0,v1:172.21.15.33:6789/0] conn(0x7f05c41090b0 0x7f05c410b4a0 unknown :-1 s=NONE pgs=0 cs=0 l=0 rev1=0 crypto rx=0 tx=0 comp rx=0 tx=0).connect
2024-04-23T10:18:03.971 INFO:teuthology.orchestra.run.smithi033.stdout:/usr/bin/ceph: stderr
2024-04-23T10:18:02.675+0000 7f05cbb37700 1 -- --> [v2:172.21.15.33:3300/0,v1:172.21.15.33:6789/0] -- mon_getmap magic: 0 -- 0x7f05c407bde0 con 0x7f05c41090b0
2024-04-23T10:18:03.971 INFO:teuthology.orchestra.run.smithi033.stdout:/usr/bin/ceph: stderr
2024-04-23T10:18:02.676+0000 7f05c98d3700 1 --2- >> [v2:172.21.15.33:3300/0,v1:172.21.15.33:6789/0] conn(0x7f05c41090b0 0x7f05c410b4a0 unknown :-1 s=BANNER_CONNECTING pgs=0 cs=0 l=0 rev1=0 crypto rx=0 tx=0 comp rx=0 tx=0)._handle_peer_banner_payload supported=3 required=0
2024-04-23T10:18:03.971 INFO:teuthology.orchestra.run.smithi033.stdout:/usr/bin/ceph: stderr
2024-04-23T10:18:02.676+0000 7f05c98d3700 1 --2- >> [v2:172.21.15.33:3300/0,v1:172.21.15.33:6789/0] conn(0x7f05c41090b0 0x7f05c410b4a0 unknown :-1 s=HELLO_CONNECTING pgs=0 cs=0 l=0 rev1=1 crypto rx=0 tx=0 comp rx=0 tx=0).handle_hello peer v2:172.21.15.33:3300/0 says I am v2:172.21.15.33:55588/0 (socket says 172.21.15.33:55588)
2024-04-23T10:18:03.971 INFO:teuthology.orchestra.run.smithi033.stdout:/usr/bin/ceph: stderr
2024-04-23T10:18:02.676+0000 7f05c98d3700 1 -- 172.21.15.33:0/2314816994 learned_addr learned my addr 172.21.15.33:0/2314816994 (peer_addr_for_me v2:172.21.15.33:0/0)
2024-04-23T10:18:03.971 INFO:teuthology.orchestra.run.smithi033.stdout:/usr/bin/ceph: stderr
2024-04-23T10:18:02.676+0000 7f05c98d3700 1 -- 172.21.15.33:0/2314816994 --> [v2:172.21.15.33:3300/0,v1:172.21.15.33:6789/0] -- mon_subscribe({config=0+,monmap=0+}) -- 0x7f05c410b9e0 con 0x7f05c41090b0
2024-04-23T10:18:03.971 INFO:teuthology.orchestra.run.smithi033.stdout:/usr/bin/ceph: stderr
2024-04-23T10:18:02.676+0000 7f05c98d3700 1 --2- 172.21.15.33:0/2314816994 >> [v2:172.21.15.33:3300/0,v1:172.21.15.33:6789/0] conn(0x7f05c41090b0 0x7f05c410b4a0 secure :-1 s=READY pgs=47 cs=0 l=1 rev1=1 crypto rx=0x7f05c00098a0 tx=0x7f05c0009bb0 comp rx=0 tx=0).ready entity=mon.0 client_cookie=420182beda5890de server_cookie=0 in_seq=0 out_seq=0
2024-04-23T10:18:03.971 INFO:teuthology.orchestra.run.smithi033.stdout:/usr/bin/ceph: stderr
2024-04-23T10:18:02.676+0000 7f05c88d1700 1 -- 172.21.15.33:0/2314816994 <== mon.0 v2:172.21.15.33:3300/0 1 ==== mon_map magic: 0 ==== 205+0+0 (secure 0 0 0) 0x7f05c0004160 con 0x7f05c41090b0
2024-04-23T10:18:03.971 INFO:teuthology.orchestra.run.smithi033.stdout:/usr/bin/ceph: stderr
2024-04-23T10:18:02.676+0000 7f05c88d1700 1 -- 172.21.15.33:0/2314816994 <== mon.0 v2:172.21.15.33:3300/0 2 ==== config(26 keys) ==== 1070+0+0 (secure 0 0 0) 0x7f05c0004300 con 0x7f05c41090b0
2024-04-23T10:18:03.971 INFO:teuthology.orchestra.run.smithi033.stdout:/usr/bin/ceph: stderr
2024-04-23T10:18:02.676+0000 7f05c88d1700 1 -- 172.21.15.33:0/2314816994 <== mon.0 v2:172.21.15.33:3300/0 3 ==== mon_map magic: 0 ==== 205+0+0 (secure 0 0 0) 0x7f05c0011af0 con 0x7f05c41090b0
2024-04-23T10:18:03.972 INFO:teuthology.orchestra.run.smithi033.stdout:/usr/bin/ceph: stderr
2024-04-23T10:18:02.677+0000 7f05cbb37700 1 -- 172.21.15.33:0/2314816994 >> [v2:172.21.15.33:3300/0,v1:172.21.15.33:6789/0] conn(0x7f05c41090b0 msgr2=0x7f05c410b4a0 secure :-1 s=STATE_CONNECTION_ESTABLISHED l=1).mark_down
2024-04-23T10:18:03.972 INFO:teuthology.orchestra.run.smithi033.stdout:/usr/bin/ceph: stderr
2024-04-23T10:18:02.677+0000 7f05cbb37700 1 --2- 172.21.15.33:0/2314816994 >> [v2:172.21.15.33:3300/0,v1:172.21.15.33:6789/0] conn(0x7f05c41090b0 0x7f05c410b4a0 secure :-1 s=READY pgs=47 cs=0 l=1 rev1=1 crypto rx=0x7f05c00098a0 tx=0x7f05c0009bb0 comp rx=0 tx=0).stop
2024-04-23T10:18:03.972 INFO:teuthology.orchestra.run.smithi033.stdout:/usr/bin/ceph: stderr
2024-04-23T10:18:02.677+0000 7f05cbb37700 1 -- 172.21.15.33:0/2314816994 shutdown_connections
2024-04-23T10:18:03.972 INFO:teuthology.orchestra.run.smithi033.stdout:/usr/bin/ceph: stderr
2024-04-23T10:18:02.677+0000 7f05cbb37700 1 --2- 172.21.15.33:0/2314816994 >> [v2:172.21.15.33:3300/0,v1:172.21.15.33:6789/0] conn(0x7f05c41090b0 0x7f05c410b4a0 unknown :-1 s=CLOSED pgs=47 cs=0 l=1 rev1=1 crypto rx=0 tx=0 comp rx=0 tx=0).stop
2024-04-23T10:18:03.972 INFO:teuthology.orchestra.run.smithi033.stdout:/usr/bin/ceph: stderr
2024-04-23T10:18:02.677+0000 7f05cbb37700 1 -- 172.21.15.33:0/2314816994 >> 172.21.15.33:0/2314816994 conn(0x7f05c4102a40 msgr2=0x7f05c4104e60 unknown :-1 s=STATE_NONE l=0).mark_down
2024-04-23T10:18:03.972 INFO:teuthology.orchestra.run.smithi033.stdout:/usr/bin/ceph: stderr
2024-04-23T10:18:02.677+0000 7f05cbb37700 1 -- 172.21.15.33:0/2314816994 shutdown_connections
2024-04-23T10:18:03.972 INFO:teuthology.orchestra.run.smithi033.stdout:/usr/bin/ceph: stderr
2024-04-23T10:18:02.677+0000 7f05cbb37700 1 -- 172.21.15.33:0/2314816994 wait complete.
2024-04-23T10:18:03.972 INFO:teuthology.orchestra.run.smithi033.stdout:/usr/bin/ceph: stderr
2024-04-23T10:18:02.678+0000 7f05cbb37700 1 Processor -- start
2024-04-23T10:18:03.972 INFO:teuthology.orchestra.run.smithi033.stdout:/usr/bin/ceph: stderr
2024-04-23T10:18:02.678+0000 7f05cbb37700 1 -- start start
2024-04-23T10:18:03.972 INFO:teuthology.orchestra.run.smithi033.stdout:/usr/bin/ceph: stderr
2024-04-23T10:18:02.678+0000 7f05cbb37700 1 --2- >> [v2:172.21.15.33:3300/0,v1:172.21.15.33:6789/0] conn(0x7f05c41090b0 0x7f05c4108930 unknown :-1 s=NONE pgs=0 cs=0 l=1 rev1=0 crypto rx=0 tx=0 comp rx=0 tx=0).connect
2024-04-23T10:18:03.972 INFO:teuthology.orchestra.run.smithi033.stdout:/usr/bin/ceph: stderr
2024-04-23T10:18:02.678+0000 7f05cbb37700 1 -- --> [v2:172.21.15.33:3300/0,v1:172.21.15.33:6789/0] -- mon_getmap magic: 0 -- 0x7f05c410c8e0 con 0x7f05c41090b0
