2024-04-23T10:17:43.748+0000 7fe71f526700 1 --2- 172.21.15.86:0/2927764843 >> [v2:172.21.15.86:3300/0,v1:172.21.15.86:6789/0] conn(0x7fe718108fc0 0x7fe71810b3b0 unknown :-1 s=CLOSED pgs=41 cs=0 l=1 rev1=1 crypto rx=0 tx=0 comp rx=0 tx=0).stop
2024-04-23T10:17:44.665 INFO:teuthology.orchestra.run.smithi086.stdout:/usr/bin/ceph: stderr
2024-04-23T10:17:43.748+0000 7fe71f526700 1 -- 172.21.15.86:0/2927764843 >> 172.21.15.86:0/2927764843 conn(0x7fe718102a70 msgr2=0x7fe718104e90 unknown :-1 s=STATE_NONE l=0).mark_down
2024-04-23T10:17:44.665 INFO:teuthology.orchestra.run.smithi086.stdout:/usr/bin/ceph: stderr
2024-04-23T10:17:43.749+0000 7fe71f526700 1 -- 172.21.15.86:0/2927764843 shutdown_connections
2024-04-23T10:17:44.665 INFO:teuthology.orchestra.run.smithi086.stdout:/usr/bin/ceph: stderr
2024-04-23T10:17:43.749+0000 7fe71f526700 1 -- 172.21.15.86:0/2927764843 wait complete.
2024-04-23T10:17:44.665 INFO:teuthology.orchestra.run.smithi086.stdout:/usr/bin/ceph: stderr
2024-04-23T10:17:43.749+0000 7fe71f526700 1 Processor -- start
2024-04-23T10:17:44.665 INFO:teuthology.orchestra.run.smithi086.stdout:/usr/bin/ceph: stderr
2024-04-23T10:17:43.749+0000 7fe71f526700 1 -- start start
2024-04-23T10:17:44.665 INFO:teuthology.orchestra.run.smithi086.stdout:/usr/bin/ceph: stderr
2024-04-23T10:17:43.749+0000 7fe71f526700 1 --2- >> [v2:172.21.15.86:3300/0,v1:172.21.15.86:6789/0] conn(0x7fe718108fc0 0x7fe71819c710 unknown :-1 s=NONE pgs=0 cs=0 l=1 rev1=0 crypto rx=0 tx=0 comp rx=0 tx=0).connect
2024-04-23T10:17:44.665 INFO:teuthology.orchestra.run.smithi086.stdout:/usr/bin/ceph: stderr
2024-04-23T10:17:43.749+0000 7fe71f526700 1 -- --> [v2:172.21.15.86:3300/0,v1:172.21.15.86:6789/0] -- mon_getmap magic: 0 -- 0x7fe71810c8b0 con 0x7fe718108fc0
2024-04-23T10:17:44.665 INFO:teuthology.orchestra.run.smithi086.stdout:/usr/bin/ceph: stderr
2024-04-23T10:17:43.749+0000 7fe71d2c2700 1 --2- >> [v2:172.21.15.86:3300/0,v1:172.21.15.86:6789/0] conn(0x7fe718108fc0 0x7fe71819c710 unknown :-1 s=BANNER_CONNECTING pgs=0 cs=0 l=1 rev1=0 crypto rx=0 tx=0 comp rx=0 tx=0)._handle_peer_banner_payload supported=3 required=0
2024-04-23T10:17:44.665 INFO:teuthology.orchestra.run.smithi086.stdout:/usr/bin/ceph: stderr
2024-04-23T10:17:43.749+0000 7fe71d2c2700 1 --2- >> [v2:172.21.15.86:3300/0,v1:172.21.15.86:6789/0] conn(0x7fe718108fc0 0x7fe71819c710 unknown :-1 s=HELLO_CONNECTING pgs=0 cs=0 l=1 rev1=1 crypto rx=0 tx=0 comp rx=0 tx=0).handle_hello peer v2:172.21.15.86:3300/0 says I am v2:172.21.15.86:35152/0 (socket says 172.21.15.86:35152)
2024-04-23T10:17:44.665 INFO:teuthology.orchestra.run.smithi086.stdout:/usr/bin/ceph: stderr
2024-04-23T10:17:43.749+0000 7fe71d2c2700 1 -- 172.21.15.86:0/369852612 learned_addr learned my addr 172.21.15.86:0/369852612 (peer_addr_for_me v2:172.21.15.86:0/0)
2024-04-23T10:17:44.666 INFO:teuthology.orchestra.run.smithi086.stdout:/usr/bin/ceph: stderr
2024-04-23T10:17:43.750+0000 7fe71d2c2700 1 -- 172.21.15.86:0/369852612 --> [v2:172.21.15.86:3300/0,v1:172.21.15.86:6789/0] -- mon_subscribe({config=0+,monmap=0+}) -- 0x7fe71819cc50 con 0x7fe718108fc0
2024-04-23T10:17:44.666 INFO:teuthology.orchestra.run.smithi086.stdout:/usr/bin/ceph: stderr
2024-04-23T10:17:43.750+0000 7fe71d2c2700 1 --2- 172.21.15.86:0/369852612 >> [v2:172.21.15.86:3300/0,v1:172.21.15.86:6789/0] conn(0x7fe718108fc0 0x7fe71819c710 secure :-1 s=READY pgs=42 cs=0 l=1 rev1=1 crypto rx=0x7fe714011ac0 tx=0x7fe714011ba0 comp rx=0 tx=0).ready entity=mon.0 client_cookie=0 server_cookie=0 in_seq=0 out_seq=0
2024-04-23T10:17:44.666 INFO:teuthology.orchestra.run.smithi086.stdout:/usr/bin/ceph: stderr
2024-04-23T10:17:43.750+0000 7fe70e7fc700 1 -- 172.21.15.86:0/369852612 <== mon.0 v2:172.21.15.86:3300/0 1 ==== mon_map magic: 0 ==== 205+0+0 (secure 0 0 0) 0x7fe714003b20 con 0x7fe718108fc0
2024-04-23T10:17:44.666 INFO:teuthology.orchestra.run.smithi086.stdout:/usr/bin/ceph: stderr
2024-04-23T10:17:43.750+0000 7fe70e7fc700 1 -- 172.21.15.86:0/369852612 <== mon.0 v2:172.21.15.86:3300/0 2 ==== config(26 keys) ==== 1070+0+0 (secure 0 0 0) 0x7fe71401a8c0 con 0x7fe718108fc0
2024-04-23T10:17:44.666 INFO:teuthology.orchestra.run.smithi086.stdout:/usr/bin/ceph: stderr
2024-04-23T10:17:43.750+0000 7fe70e7fc700 1 -- 172.21.15.86:0/369852612 <== mon.0 v2:172.21.15.86:3300/0 3 ==== mon_map magic: 0 ==== 205+0+0 (secure 0 0 0) 0x7fe7140248d0 con 0x7fe718108fc0
2024-04-23T10:17:44.666 INFO:teuthology.orchestra.run.smithi086.stdout:/usr/bin/ceph: stderr
2024-04-23T10:17:43.750+0000 7fe71f526700 1 -- 172.21.15.86:0/369852612 --> [v2:172.21.15.86:3300/0,v1:172.21.15.86:6789/0] -- mon_subscribe({mgrmap=0+}) -- 0x7fe71819cee0 con 0x7fe718108fc0
2024-04-23T10:17:44.666 INFO:teuthology.orchestra.run.smithi086.stdout:/usr/bin/ceph: stderr
2024-04-23T10:17:43.750+0000 7fe71f526700 1 -- 172.21.15.86:0/369852612 --> [v2:172.21.15.86:3300/0,v1:172.21.15.86:6789/0] -- mon_subscribe({osdmap=0}) -- 0x7fe71819fbd0 con 0x7fe718108fc0
2024-04-23T10:17:44.666 INFO:teuthology.orchestra.run.smithi086.stdout:/usr/bin/ceph: stderr
2024-04-23T10:17:43.751+0000 7fe70e7fc700 1 -- 172.21.15.86:0/369852612 <== mon.0 v2:172.21.15.86:3300/0 4 ==== mgrmap(e 8) ==== 46558+0+0 (secure 0 0 0) 0x7fe714022020 con 0x7fe718108fc0
2024-04-23T10:17:44.666 INFO:teuthology.orchestra.run.smithi086.stdout:/usr/bin/ceph: stderr
2024-04-23T10:17:43.751+0000 7fe71f526700 1 -- 172.21.15.86:0/369852612 --> [v2:172.21.15.86:3300/0,v1:172.21.15.86:6789/0] -- mon_command({"prefix": "get_command_descriptions"} v 0) -- 0x7fe7180640a0 con 0x7fe718108fc0
2024-04-23T10:17:44.666 INFO:teuthology.orchestra.run.smithi086.stdout:/usr/bin/ceph: stderr
2024-04-23T10:17:43.751+0000 7fe70e7fc700 1 --2- 172.21.15.86:0/369852612 >> [v2:172.21.15.86:6800/4156096275,v1:172.21.15.86:6801/4156096275] conn(0x7fe7040395b0 0x7fe70403ba70 unknown :-1 s=NONE pgs=0 cs=0 l=1 rev1=0 crypto rx=0 tx=0 comp rx=0 tx=0).connect
2024-04-23T10:17:44.666 INFO:teuthology.orchestra.run.smithi086.stdout:/usr/bin/ceph: stderr
2024-04-23T10:17:43.751+0000 7fe70e7fc700 1 -- 172.21.15.86:0/369852612 <== mon.0 v2:172.21.15.86:3300/0 5 ==== osd_map(2..2 src has 1..2) ==== 940+0+0 (secure 0 0 0) 0x7fe71404d890 con 0x7fe718108fc0
2024-04-23T10:17:44.666 INFO:teuthology.orchestra.run.smithi086.stdout:/usr/bin/ceph: stderr
2024-04-23T10:17:43.751+0000 7fe71cac1700 1 --2- 172.21.15.86:0/369852612 >> [v2:172.21.15.86:6800/4156096275,v1:172.21.15.86:6801/4156096275] conn(0x7fe7040395b0 0x7fe70403ba70 unknown :-1 s=BANNER_CONNECTING pgs=0 cs=0 l=1 rev1=0 crypto rx=0 tx=0 comp rx=0 tx=0)._handle_peer_banner_payload supported=3 required=0
2024-04-23T10:17:44.666 INFO:teuthology.orchestra.run.smithi086.stdout:/usr/bin/ceph: stderr
2024-04-23T10:17:43.751+0000 7fe71cac1700 1 --2- 172.21.15.86:0/369852612 >> [v2:172.21.15.86:6800/4156096275,v1:172.21.15.86:6801/4156096275] conn(0x7fe7040395b0 0x7fe70403ba70 secure :-1 s=READY pgs=9 cs=0 l=1 rev1=1 crypto rx=0x7fe708006fd0 tx=0x7fe708006e40 comp rx=0 tx=0).ready entity=mgr.14120 client_cookie=0 server_cookie=0 in_seq=0 out_seq=0
2024-04-23T10:17:44.667 INFO:teuthology.orchestra.run.smithi086.stdout:/usr/bin/ceph: stderr
2024-04-23T10:17:43.756+0000 7fe70e7fc700 1 -- 172.21.15.86:0/369852612 <== mon.0 v2:172.21.15.86:3300/0 6 ==== mon_command_ack([{"prefix": "get_command_descriptions"}]=0 v0) ==== 72+0+188370 (secure 0 0 0) 0x7fe71401ab20 con 0x7fe718108fc0
2024-04-23T10:17:44.667 INFO:teuthology.orchestra.run.smithi086.stdout:/usr/bin/ceph: stderr
2024-04-23T10:17:43.953+0000 7fe71f526700 1 -- 172.21.15.86:0/369852612 --> [v2:172.21.15.86:6800/4156096275,v1:172.21.15.86:6801/4156096275] -- mgr_command(tid 0: {"prefix": "cephadm generate-key", "target": ["mon-mgr", ""]}) -- 0x7fe71802dff0 con 0x7fe7040395b0
2024-04-23T10:17:44.667 INFO:teuthology.orchestra.run.smithi086.stdout:/usr/bin/ceph: stderr
2024-04-23T10:17:44.044+0000 7fe70e7fc700 1 -- 172.21.15.86:0/369852612 <== mgr.14120 v2:172.21.15.86:6800/4156096275 1 ==== mgr_command_reply(tid 0: 0 ) ==== 8+0+0 (secure 0 0 0) 0x7fe71802dff0 con 0x7fe7040395b0
2024-04-23T10:17:44.667 INFO:teuthology.orchestra.run.smithi086.stdout:/usr/bin/ceph: stderr
2024-04-23T10:17:44.046+0000 7fe71f526700 1 -- 172.21.15.86:0/369852612 >> [v2:172.21.15.86:6800/4156096275,v1:172.21.15.86:6801/4156096275] conn(0x7fe7040395b0 msgr2=0x7fe70403ba70 secure :-1 s=STATE_CONNECTION_ESTABLISHED l=1).mark_down
2024-04-23T10:17:44.667 INFO:teuthology.orchestra.run.smithi086.stdout:/usr/bin/ceph: stderr
2024-04-23T10:17:44.046+0000 7fe71f526700 1 --2- 172.21.15.86:0/369852612 >> [v2:172.21.15.86:6800/4156096275,v1:172.21.15.86:6801/4156096275] conn(0x7fe7040395b0 0x7fe70403ba70 secure :-1 s=READY pgs=9 cs=0 l=1 rev1=1 crypto rx=0x7fe708006fd0 tx=0x7fe708006e40 comp rx=0 tx=0).stop
2024-04-23T10:17:44.667 INFO:teuthology.orchestra.run.smithi086.stdout:/usr/bin/ceph: stderr
2024-04-23T10:17:44.046+0000 7fe71f526700 1 -- 172.21.15.86:0/369852612 >> [v2:172.21.15.86:3300/0,v1:172.21.15.86:6789/0] conn(0x7fe718108fc0 msgr2=0x7fe71819c710 secure :-1 s=STATE_CONNECTION_ESTABLISHED l=1).mark_down
2024-04-23T10:17:44.667 INFO:teuthology.orchestra.run.smithi086.stdout:/usr/bin/ceph: stderr
2024-04-23T10:17:44.046+0000 7fe71f526700 1 --2- 172.21.15.86:0/369852612 >> [v2:172.21.15.86:3300/0,v1:172.21.15.86:6789/0] conn(0x7fe718108fc0 0x7fe71819c710 secure :-1 s=READY pgs=42 cs=0 l=1 rev1=1 crypto rx=0x7fe714011ac0 tx=0x7fe714011ba0 comp rx=0 tx=0).stop
2024-04-23T10:17:44.667 INFO:teuthology.orchestra.run.smithi086.stdout:/usr/bin/ceph: stderr
2024-04-23T10:17:44.046+0000 7fe71f526700 1 -- 172.21.15.86:0/369852612 shutdown_connections
2024-04-23T10:17:44.667 INFO:teuthology.orchestra.run.smithi086.stdout:/usr/bin/ceph: stderr
2024-04-23T10:17:44.046+0000 7fe71f526700 1 --2- 172.21.15.86:0/369852612 >> [v2:172.21.15.86:6800/4156096275,v1:172.21.15.86:6801/4156096275] conn(0x7fe7040395b0 0x7fe70403ba70 unknown :-1 s=CLOSED pgs=9 cs=0 l=1 rev1=1 crypto rx=0 tx=0 comp rx=0 tx=0).stop
2024-04-23T10:17:44.667 INFO:teuthology.orchestra.run.smithi086.stdout:/usr/bin/ceph: stderr
2024-04-23T10:17:44.046+0000 7fe71f526700 1 --2- 172.21.15.86:0/369852612 >> [v2:172.21.15.86:3300/0,v1:172.21.15.86:6789/0] conn(0x7fe718108fc0 0x7fe71819c710 unknown :-1 s=CLOSED pgs=42 cs=0 l=1 rev1=1 crypto rx=0 tx=0 comp rx=0 tx=0).stop
2024-04-23T10:17:44.667 INFO:teuthology.orchestra.run.smithi086.stdout:/usr/bin/ceph: stderr
2024-04-23T10:17:44.046+0000 7fe71f526700 1 -- 172.21.15.86:0/369852612 >> 172.21.15.86:0/369852612 conn(0x7fe718102a70 msgr2=0x7fe7181036a0 unknown :-1 s=STATE_NONE l=0).mark_down
2024-04-23T10:17:44.667 INFO:teuthology.orchestra.run.smithi086.stdout:/usr/bin/ceph: stderr
2024-04-23T10:17:44.046+0000 7fe71f526700 1 -- 172.21.15.86:0/369852612 shutdown_connections
2024-04-23T10:17:44.667 INFO:teuthology.orchestra.run.smithi086.stdout:/usr/bin/ceph: stderr
2024-04-23T10:17:44.046+0000 7fe71f526700 1 -- 172.21.15.86:0/369852612 wait complete.
2024-04-23T10:17:45.278 INFO:journalctl@ceph.mon.a.smithi086.stdout:Apr 23 10:17:45 smithi086 ceph-mon[29215]: from='client.14136 -' entity='client.admin' cmd=[{"prefix": "cephadm generate-key", "target": ["mon-mgr", ""]}]: dispatch
2024-04-23T10:17:45.278 INFO:journalctl@ceph.mon.a.smithi086.stdout:Apr 23 10:17:45 smithi086 ceph-mon[29215]: Generating ssh key...
2024-04-23T10:17:45.911 INFO:teuthology.orchestra.run.smithi086.stdout:/usr/bin/ceph: stdout ssh-rsa AAAAB3NzaC1yc2EAAAADAQABAAABgQC81cm4xVYlssjj57zk0ge2i3QdVYrNHWaUzCNWubJapOLTylKfJLt88ne/B1/4x3NkGc1YqqpYOv2j9E4hsnBJWoh1itutVOtqwyAVYDev8VXKgYb1Ue/DZEzUJ9G3A0u3fdSMwP6HQ4qjR0lxzrNTr4paUwzuxwz5aI2Ws6ngXkK/imgVCTA0FV7CMNsIvJ7sZKN8TGMeq8EWFL/hGK1KjRMdLqdkrgGXfNk2nmj2UT60X/wZku9MpiMvWoN/flY1uc1RDIXJesHru4OZYLTR44gnvOq/atnls4yDne4RRfK15M6bSbPSxuVfc3l6l1Ndsqx2dMlgxJ+/Jxz2YxqC/ThTX0m6P5II+H+vqTNCVr3TXmGaVjga72x13sgFhSL6sDhSiGYWcnGAmu0GP+57FIl6I6GrkmxlXi+UcEHBrCUx1lHaeC3GFUTy5aG+Ogh4AXU97skXYJVUkQRBqgZNKPD4KmKETW8RJ0/vlHarV/FhMwNHZnupxAUG2udi9wk= ceph-aaab1328-0159-11ef-bc93-c7b262605968
2024-04-23T10:17:45.911 INFO:teuthology.orchestra.run.smithi086.stdout:/usr/bin/ceph: stderr
2024-04-23T10:17:45.082+0000 7fccf6ad9700 1 Processor -- start
2024-04-23T10:17:45.911 INFO:teuthology.orchestra.run.smithi086.stdout:/usr/bin/ceph: stderr
2024-04-23T10:17:45.082+0000 7fccf6ad9700 1 -- start start
2024-04-23T10:17:45.911 INFO:teuthology.orchestra.run.smithi086.stdout:/usr/bin/ceph: stderr
2024-04-23T10:17:45.082+0000 7fccf6ad9700 1 --2- >> [v2:172.21.15.86:3300/0,v1:172.21.15.86:6789/0] conn(0x7fccf0109060 0x7fccf010b450 unknown :-1 s=NONE pgs=0 cs=0 l=0 rev1=0 crypto rx=0 tx=0 comp rx=0 tx=0).connect
2024-04-23T10:17:45.911 INFO:teuthology.orchestra.run.smithi086.stdout:/usr/bin/ceph: stderr
2024-04-23T10:17:45.082+0000 7fccf6ad9700 1 -- --> [v2:172.21.15.86:3300/0,v1:172.21.15.86:6789/0] -- mon_getmap magic: 0 -- 0x7fccf007bde0 con 0x7fccf0109060
2024-04-23T10:17:45.911 INFO:teuthology.orchestra.run.smithi086.stdout:/usr/bin/ceph: stderr
2024-04-23T10:17:45.082+0000 7fccf4875700 1 --2- >> [v2:172.21.15.86:3300/0,v1:172.21.15.86:6789/0] conn(0x7fccf0109060 0x7fccf010b450 unknown :-1 s=BANNER_CONNECTING pgs=0 cs=0 l=0 rev1=0 crypto rx=0 tx=0 comp rx=0 tx=0)._handle_peer_banner_payload supported=3 required=0
2024-04-23T10:17:45.911 INFO:teuthology.orchestra.run.smithi086.stdout:/usr/bin/ceph: stderr
2024-04-23T10:17:45.082+0000 7fccf4875700 1 --2- >> [v2:172.21.15.86:3300/0,v1:172.21.15.86:6789/0] conn(0x7fccf0109060 0x7fccf010b450 unknown :-1 s=HELLO_CONNECTING pgs=0 cs=0 l=0 rev1=1 crypto rx=0 tx=0 comp rx=0 tx=0).handle_hello peer v2:172.21.15.86:3300/0 says I am v2:172.21.15.86:35158/0 (socket says 172.21.15.86:35158)
2024-04-23T10:17:45.911 INFO:teuthology.orchestra.run.smithi086.stdout:/usr/bin/ceph: stderr
2024-04-23T10:17:45.082+0000 7fccf4875700 1 -- 172.21.15.86:0/1104909968 learned_addr learned my addr 172.21.15.86:0/1104909968 (peer_addr_for_me v2:172.21.15.86:0/0)
2024-04-23T10:17:45.911 INFO:teuthology.orchestra.run.smithi086.stdout:/usr/bin/ceph: stderr
2024-04-23T10:17:45.082+0000 7fccf4875700 1 -- 172.21.15.86:0/1104909968 --> [v2:172.21.15.86:3300/0,v1:172.21.15.86:6789/0] -- mon_subscribe({config=0+,monmap=0+}) -- 0x7fccf010b990 con 0x7fccf0109060
2024-04-23T10:17:45.911 INFO:teuthology.orchestra.run.smithi086.stdout:/usr/bin/ceph: stderr
2024-04-23T10:17:45.082+0000 7fccf4875700 1 --2- 172.21.15.86:0/1104909968 >> [v2:172.21.15.86:3300/0,v1:172.21.15.86:6789/0] conn(0x7fccf0109060 0x7fccf010b450 secure :-1 s=READY pgs=43 cs=0 l=1 rev1=1 crypto rx=0x7fcce40098a0 tx=0x7fcce4009bb0 comp rx=0 tx=0).ready entity=mon.0 client_cookie=d1b4d8b5292eaaea server_cookie=0 in_seq=0 out_seq=0
2024-04-23T10:17:45.911 INFO:teuthology.orchestra.run.smithi086.stdout:/usr/bin/ceph: stderr
2024-04-23T10:17:45.083+0000 7fccef7fe700 1 -- 172.21.15.86:0/1104909968 <== mon.0 v2:172.21.15.86:3300/0 1 ==== mon_map magic: 0 ==== 205+0+0 (secure 0 0 0) 0x7fcce4004160 con 0x7fccf0109060
2024-04-23T10:17:45.911 INFO:teuthology.orchestra.run.smithi086.stdout:/usr/bin/ceph: stderr
2024-04-23T10:17:45.083+0000 7fccef7fe700 1 -- 172.21.15.86:0/1104909968 <== mon.0 v2:172.21.15.86:3300/0 2 ==== config(26 keys) ==== 1070+0+0 (secure 0 0 0) 0x7fcce4004300 con 0x7fccf0109060
2024-04-23T10:17:45.911 INFO:teuthology.orchestra.run.smithi086.stdout:/usr/bin/ceph: stderr
2024-04-23T10:17:45.083+0000 7fccef7fe700 1 -- 172.21.15.86:0/1104909968 <== mon.0 v2:172.21.15.86:3300/0 3 ==== mon_map magic: 0 ==== 205+0+0 (secure 0 0 0) 0x7fcce4011af0 con 0x7fccf0109060
2024-04-23T10:17:45.912 INFO:teuthology.orchestra.run.smithi086.stdout:/usr/bin/ceph: stderr
2024-04-23T10:17:45.083+0000 7fccf6ad9700 1 -- 172.21.15.86:0/1104909968 >> [v2:172.21.15.86:3300/0,v1:172.21.15.86:6789/0] conn(0x7fccf0109060 msgr2=0x7fccf010b450 secure :-1 s=STATE_CONNECTION_ESTABLISHED l=1).mark_down
2024-04-23T10:17:45.912 INFO:teuthology.orchestra.run.smithi086.stdout:/usr/bin/ceph: stderr
2024-04-23T10:17:45.083+0000 7fccf6ad9700 1 --2- 172.21.15.86:0/1104909968 >> [v2:172.21.15.86:3300/0,v1:172.21.15.86:6789/0] conn(0x7fccf0109060 0x7fccf010b450 secure :-1 s=READY pgs=43 cs=0 l=1 rev1=1 crypto rx=0x7fcce40098a0 tx=0x7fcce4009bb0 comp rx=0 tx=0).stop
2024-04-23T10:17:45.912 INFO:teuthology.orchestra.run.smithi086.stdout:/usr/bin/ceph: stderr
2024-04-23T10:17:45.083+0000 7fccf6ad9700 1 -- 172.21.15.86:0/1104909968 shutdown_connections
2024-04-23T10:17:45.912 INFO:teuthology.orchestra.run.smithi086.stdout:/usr/bin/ceph: stderr
2024-04-23T10:17:45.083+0000 7fccf6ad9700 1 --2- 172.21.15.86:0/1104909968 >> [v2:172.21.15.86:3300/0,v1:172.21.15.86:6789/0] conn(0x7fccf0109060 0x7fccf010b450 unknown :-1 s=CLOSED pgs=43 cs=0 l=1 rev1=1 crypto rx=0 tx=0 comp rx=0 tx=0).stop
2024-04-23T10:17:45.912 INFO:teuthology.orchestra.run.smithi086.stdout:/usr/bin/ceph: stderr
2024-04-23T10:17:45.083+0000 7fccf6ad9700 1 -- 172.21.15.86:0/1104909968 >> 172.21.15.86:0/1104909968 conn(0x7fccf0102a70 msgr2=0x7fccf0104e90 unknown :-1 s=STATE_NONE l=0).mark_down
2024-04-23T10:17:45.912 INFO:teuthology.orchestra.run.smithi086.stdout:/usr/bin/ceph: stderr
2024-04-23T10:17:45.083+0000 7fccf6ad9700 1 -- 172.21.15.86:0/1104909968 shutdown_connections
2024-04-23T10:17:45.912 INFO:teuthology.orchestra.run.smithi086.stdout:/usr/bin/ceph: stderr
2024-04-23T10:17:45.083+0000 7fccf6ad9700 1 -- 172.21.15.86:0/1104909968 wait complete.
2024-04-23T10:17:45.912 INFO:teuthology.orchestra.run.smithi086.stdout:/usr/bin/ceph: stderr
2024-04-23T10:17:45.084+0000 7fccf6ad9700 1 Processor -- start
2024-04-23T10:17:45.912 INFO:teuthology.orchestra.run.smithi086.stdout:/usr/bin/ceph: stderr
2024-04-23T10:17:45.084+0000 7fccf6ad9700 1 -- start start
2024-04-23T10:17:45.912 INFO:teuthology.orchestra.run.smithi086.stdout:/usr/bin/ceph: stderr
2024-04-23T10:17:45.084+0000 7fccf6ad9700 1 --2- >> [v2:172.21.15.86:3300/0,v1:172.21.15.86:6789/0] conn(0x7fccf0109060 0x7fccf019c770 unknown :-1 s=NONE pgs=0 cs=0 l=1 rev1=0 crypto rx=0 tx=0 comp rx=0 tx=0).connect
2024-04-23T10:17:45.912 INFO:teuthology.orchestra.run.smithi086.stdout:/usr/bin/ceph: stderr
2024-04-23T10:17:45.084+0000 7fccf6ad9700 1 -- --> [v2:172.21.15.86:3300/0,v1:172.21.15.86:6789/0] -- mon_getmap magic: 0 -- 0x7fccf010c890 con 0x7fccf0109060
2024-04-23T10:17:45.912 INFO:teuthology.orchestra.run.smithi086.stdout:/usr/bin/ceph: stderr
2024-04-23T10:17:45.084+0000 7fccf4875700 1 --2- >> [v2:172.21.15.86:3300/0,v1:172.21.15.86:6789/0] conn(0x7fccf0109060 0x7fccf019c770 unknown :-1 s=BANNER_CONNECTING pgs=0 cs=0 l=1 rev1=0 crypto rx=0 tx=0 comp rx=0 tx=0)._handle_peer_banner_payload supported=3 required=0
2024-04-23T10:17:45.912 INFO:teuthology.orchestra.run.smithi086.stdout:/usr/bin/ceph: stderr
2024-04-23T10:17:45.084+0000 7fccf4875700 1 --2- >> [v2:172.21.15.86:3300/0,v1:172.21.15.86:6789/0] conn(0x7fccf0109060 0x7fccf019c770 unknown :-1 s=HELLO_CONNECTING pgs=0 cs=0 l=1 rev1=1 crypto rx=0 tx=0 comp rx=0 tx=0).handle_hello peer v2:172.21.15.86:3300/0 says I am v2:172.21.15.86:35170/0 (socket says 172.21.15.86:35170)
2024-04-23T10:17:45.912 INFO:teuthology.orchestra.run.smithi086.stdout:/usr/bin/ceph: stderr
2024-04-23T10:17:45.084+0000 7fccf4875700 1 -- 172.21.15.86:0/94327954 learned_addr learned my addr 172.21.15.86:0/94327954 (peer_addr_for_me v2:172.21.15.86:0/0)
2024-04-23T10:17:45.912 INFO:teuthology.orchestra.run.smithi086.stdout:/usr/bin/ceph: stderr
2024-04-23T10:17:45.084+0000 7fccf4875700 1 -- 172.21.15.86:0/94327954 --> [v2:172.21.15.86:3300/0,v1:172.21.15.86:6789/0] -- mon_subscribe({config=0+,monmap=0+}) -- 0x7fccf019ccb0 con 0x7fccf0109060
2024-04-23T10:17:45.913 INFO:teuthology.orchestra.run.smithi086.stdout:/usr/bin/ceph: stderr
2024-04-23T10:17:45.084+0000 7fccf4875700 1 --2- 172.21.15.86:0/94327954 >> [v2:172.21.15.86:3300/0,v1:172.21.15.86:6789/0] conn(0x7fccf0109060 0x7fccf019c770 secure :-1 s=READY pgs=44 cs=0 l=1 rev1=1 crypto rx=0x7fcce4003f40 tx=0x7fcce4011890 comp rx=0 tx=0).ready entity=mon.0 client_cookie=0 server_cookie=0 in_seq=0 out_seq=0
2024-04-23T10:17:45.913 INFO:teuthology.orchestra.run.smithi086.stdout:/usr/bin/ceph: stderr
2024-04-23T10:17:45.085+0000 7fccedffb700 1 -- 172.21.15.86:0/94327954 <== mon.0 v2:172.21.15.86:3300/0 1 ==== mon_map magic: 0 ==== 205+0+0 (secure 0 0 0) 0x7fcce40038b0 con 0x7fccf0109060
2024-04-23T10:17:45.913 INFO:teuthology.orchestra.run.smithi086.stdout:/usr/bin/ceph: stderr
2024-04-23T10:17:45.085+0000 7fccedffb700 1 -- 172.21.15.86:0/94327954 <== mon.0 v2:172.21.15.86:3300/0 2 ==== config(26 keys) ==== 1070+0+0 (secure 0 0 0) 0x7fcce4003a50 con 0x7fccf0109060
2024-04-23T10:17:45.913 INFO:teuthology.orchestra.run.smithi086.stdout:/usr/bin/ceph: stderr
2024-04-23T10:17:45.085+0000 7fccf6ad9700 1 -- 172.21.15.86:0/94327954 --> [v2:172.21.15.86:3300/0,v1:172.21.15.86:6789/0] -- mon_subscribe({mgrmap=0+}) -- 0x7fccf019cf40 con 0x7fccf0109060
2024-04-23T10:17:45.913 INFO:teuthology.orchestra.run.smithi086.stdout:/usr/bin/ceph: stderr
2024-04-23T10:17:45.085+0000 7fccedffb700 1 -- 172.21.15.86:0/94327954 <== mon.0 v2:172.21.15.86:3300/0 3 ==== mon_map magic: 0 ==== 205+0+0 (secure 0 0 0) 0x7fcce401a5c0 con 0x7fccf0109060
2024-04-23T10:17:45.913 INFO:teuthology.orchestra.run.smithi086.stdout:/usr/bin/ceph: stderr
2024-04-23T10:17:45.085+0000 7fccf6ad9700 1 -- 172.21.15.86:0/94327954 --> [v2:172.21.15.86:3300/0,v1:172.21.15.86:6789/0] -- mon_subscribe({osdmap=0}) -- 0x7fccf019fbe0 con 0x7fccf0109060
2024-04-23T10:17:45.913 INFO:teuthology.orchestra.run.smithi086.stdout:/usr/bin/ceph: stderr
2024-04-23T10:17:45.086+0000 7fccedffb700 1 -- 172.21.15.86:0/94327954 <== mon.0 v2:172.21.15.86:3300/0 4 ==== mgrmap(e 8) ==== 46558+0+0 (secure 0 0 0) 0x7fcce401a8c0 con 0x7fccf0109060
2024-04-23T10:17:45.913 INFO:teuthology.orchestra.run.smithi086.stdout:/usr/bin/ceph: stderr
2024-04-23T10:17:45.086+0000 7fccf6ad9700 1 -- 172.21.15.86:0/94327954 --> [v2:172.21.15.86:3300/0,v1:172.21.15.86:6789/0] -- mon_command({"prefix": "get_command_descriptions"} v 0) -- 0x7fccf00640a0 con 0x7fccf0109060
2024-04-23T10:17:45.913 INFO:teuthology.orchestra.run.smithi086.stdout:/usr/bin/ceph: stderr
2024-04-23T10:17:45.086+0000 7fccedffb700 1 --2- 172.21.15.86:0/94327954 >> [v2:172.21.15.86:6800/4156096275,v1:172.21.15.86:6801/4156096275] conn(0x7fcce0039560 0x7fcce003ba20 unknown :-1 s=NONE pgs=0 cs=0 l=1 rev1=0 crypto rx=0 tx=0 comp rx=0 tx=0).connect
2024-04-23T10:17:45.913 INFO:teuthology.orchestra.run.smithi086.stdout:/usr/bin/ceph: stderr
2024-04-23T10:17:45.086+0000 7fccedffb700 1 -- 172.21.15.86:0/94327954 <== mon.0 v2:172.21.15.86:3300/0 5 ==== osd_map(2..2 src has 1..2) ==== 940+0+0 (secure 0 0 0) 0x7fcce404dcf0 con 0x7fccf0109060
2024-04-23T10:17:45.913 INFO:teuthology.orchestra.run.smithi086.stdout:/usr/bin/ceph: stderr
2024-04-23T10:17:45.086+0000 7fcceffff700 1 --2- 172.21.15.86:0/94327954 >> [v2:172.21.15.86:6800/4156096275,v1:172.21.15.86:6801/4156096275] conn(0x7fcce0039560 0x7fcce003ba20 unknown :-1 s=BANNER_CONNECTING pgs=0 cs=0 l=1 rev1=0 crypto rx=0 tx=0 comp rx=0 tx=0)._handle_peer_banner_payload supported=3 required=0
2024-04-23T10:17:45.913 INFO:teuthology.orchestra.run.smithi086.stdout:/usr/bin/ceph: stderr
2024-04-23T10:17:45.086+0000 7fcceffff700 1 --2- 172.21.15.86:0/94327954 >> [v2:172.21.15.86:6800/4156096275,v1:172.21.15.86:6801/4156096275] conn(0x7fcce0039560 0x7fcce003ba20 secure :-1 s=READY pgs=10 cs=0 l=1 rev1=1 crypto rx=0x7fccdc006fd0 tx=0x7fccdc006e40 comp rx=0 tx=0).ready entity=mgr.14120 client_cookie=0 server_cookie=0 in_seq=0 out_seq=0
2024-04-23T10:17:45.913 INFO:teuthology.orchestra.run.smithi086.stdout:/usr/bin/ceph: stderr
2024-04-23T10:17:45.091+0000 7fccedffb700 1 -- 172.21.15.86:0/94327954 <== mon.0 v2:172.21.15.86:3300/0 6 ==== mon_command_ack([{"prefix": "get_command_descriptions"}]=0 v0) ==== 72+0+188370 (secure 0 0 0) 0x7fcce4019c70 con 0x7fccf0109060
2024-04-23T10:17:45.914 INFO:teuthology.orchestra.run.smithi086.stdout:/usr/bin/ceph: stderr
2024-04-23T10:17:45.293+0000 7fccf6ad9700 1 -- 172.21.15.86:0/94327954 --> [v2:172.21.15.86:6800/4156096275,v1:172.21.15.86:6801/4156096275] -- mgr_command(tid 0: {"prefix": "cephadm get-pub-key", "target": ["mon-mgr", ""]}) -- 0x7fccf002dff0 con 0x7fcce0039560
2024-04-23T10:17:45.914 INFO:teuthology.orchestra.run.smithi086.stdout:/usr/bin/ceph: stderr
2024-04-23T10:17:45.294+0000 7fccedffb700 1 -- 172.21.15.86:0/94327954 <== mgr.14120 v2:172.21.15.86:6800/4156096275 1 ==== mgr_command_reply(tid 0: 0 ) ==== 8+0+595 (secure 0 0 0) 0x7fccf002dff0 con 0x7fcce0039560
2024-04-23T10:17:45.914 INFO:teuthology.orchestra.run.smithi086.stdout:/usr/bin/ceph: stderr
2024-04-23T10:17:45.296+0000 7fccf6ad9700 1 -- 172.21.15.86:0/94327954 >> [v2:172.21.15.86:6800/4156096275,v1:172.21.15.86:6801/4156096275] conn(0x7fcce0039560 msgr2=0x7fcce003ba20 secure :-1 s=STATE_CONNECTION_ESTABLISHED l=1).mark_down
2024-04-23T10:17:45.914 INFO:teuthology.orchestra.run.smithi086.stdout:/usr/bin/ceph: stderr
2024-04-23T10:17:45.296+0000 7fccf6ad9700 1 --2- 172.21.15.86:0/94327954 >> [v2:172.21.15.86:6800/4156096275,v1:172.21.15.86:6801/4156096275] conn(0x7fcce0039560 0x7fcce003ba20 secure :-1 s=READY pgs=10 cs=0 l=1 rev1=1 crypto rx=0x7fccdc006fd0 tx=0x7fccdc006e40 comp rx=0 tx=0).stop
2024-04-23T10:17:45.914 INFO:teuthology.orchestra.run.smithi086.stdout:/usr/bin/ceph: stderr
2024-04-23T10:17:45.296+0000 7fccf6ad9700 1 -- 172.21.15.86:0/94327954 >> [v2:172.21.15.86:3300/0,v1:172.21.15.86:6789/0] conn(0x7fccf0109060 msgr2=0x7fccf019c770 secure :-1 s=STATE_CONNECTION_ESTABLISHED l=1).mark_down
2024-04-23T10:17:45.914 INFO:teuthology.orchestra.run.smithi086.stdout:/usr/bin/ceph: stderr
2024-04-23T10:17:45.296+0000 7fccf6ad9700 1 --2- 172.21.15.86:0/94327954 >> [v2:172.21.15.86:3300/0,v1:172.21.15.86:6789/0] conn(0x7fccf0109060 0x7fccf019c770 secure :-1 s=READY pgs=44 cs=0 l=1 rev1=1 crypto rx=0x7fcce4003f40 tx=0x7fcce4011890 comp rx=0 tx=0).stop
2024-04-23T10:17:45.914 INFO:teuthology.orchestra.run.smithi086.stdout:/usr/bin/ceph: stderr
2024-04-23T10:17:45.296+0000 7fccf6ad9700 1 -- 172.21.15.86:0/94327954 shutdown_connections
2024-04-23T10:17:45.914 INFO:teuthology.orchestra.run.smithi086.stdout:/usr/bin/ceph: stderr
2024-04-23T10:17:45.296+0000 7fccf6ad9700 1 --2- 172.21.15.86:0/94327954 >> [v2:172.21.15.86:6800/4156096275,v1:172.21.15.86:6801/4156096275] conn(0x7fcce0039560 0x7fcce003ba20 unknown :-1 s=CLOSED pgs=10 cs=0 l=1 rev1=1 crypto rx=0 tx=0 comp rx=0 tx=0).stop
2024-04-23T10:17:45.914 INFO:teuthology.orchestra.run.smithi086.stdout:/usr/bin/ceph: stderr
2024-04-23T10:17:45.296+0000 7fccf6ad9700 1 --2- 172.21.15.86:0/94327954 >> [v2:172.21.15.86:3300/0,v1:172.21.15.86:6789/0] conn(0x7fccf0109060 0x7fccf019c770 unknown :-1 s=CLOSED pgs=44 cs=0 l=1 rev1=1 crypto rx=0 tx=0 comp rx=0 tx=0).stop
2024-04-23T10:17:45.914 INFO:teuthology.orchestra.run.smithi086.stdout:/usr/bin/ceph: stderr
2024-04-23T10:17:45.296+0000 7fccf6ad9700 1 -- 172.21.15.86:0/94327954 >> 172.21.15.86:0/94327954 conn(0x7fccf0102a70 msgr2=0x7fccf0103740 unknown :-1 s=STATE_NONE l=0).mark_down
2024-04-23T10:17:45.914 INFO:teuthology.orchestra.run.smithi086.stdout:/usr/bin/ceph: stderr
2024-04-23T10:17:45.296+0000 7fccf6ad9700 1 -- 172.21.15.86:0/94327954 shutdown_connections
2024-04-23T10:17:45.914 INFO:teuthology.orchestra.run.smithi086.stdout:/usr/bin/ceph: stderr
2024-04-23T10:17:45.296+0000 7fccf6ad9700 1 -- 172.21.15.86:0/94327954 wait complete.
2024-04-23T10:17:45.914 INFO:teuthology.orchestra.run.smithi086.stdout:Wrote public SSH key to /home/ubuntu/cephtest/ceph.pub
2024-04-23T10:17:45.915 INFO:teuthology.orchestra.run.smithi086.stdout:Adding key to root@localhost authorized_keys...
2024-04-23T10:17:45.915 INFO:teuthology.orchestra.run.smithi086.stdout:Adding host smithi086...
2024-04-23T10:17:46.552 INFO:journalctl@ceph.mon.a.smithi086.stdout:Apr 23 10:17:46 smithi086 ceph-mon[29215]: from='client.14138 -' entity='client.admin' cmd=[{"prefix": "cephadm get-pub-key", "target": ["mon-mgr", ""]}]: dispatch
2024-04-23T10:17:47.802 INFO:journalctl@ceph.mon.a.smithi086.stdout:Apr 23 10:17:47 smithi086 ceph-mon[29215]: from='client.14140 -' entity='client.admin' cmd=[{"prefix": "orch host add", "hostname": "smithi086", "addr": "172.21.15.86", "target": ["mon-mgr", ""]}]: dispatch
2024-04-23T10:17:47.802 INFO:journalctl@ceph.mon.a.smithi086.stdout:Apr 23 10:17:47 smithi086 ceph-mon[29215]: Deploying cephadm binary to smithi086
2024-04-23T10:17:51.202 INFO:teuthology.orchestra.run.smithi086.stdout:/usr/bin/ceph: stdout Added host 'smithi086' with addr '172.21.15.86'
2024-04-23T10:17:51.202 INFO:teuthology.orchestra.run.smithi086.stdout:/usr/bin/ceph: stderr
2024-04-23T10:17:46.348+0000 7f52e0fdc700 1 Processor -- start
2024-04-23T10:17:51.202 INFO:teuthology.orchestra.run.smithi086.stdout:/usr/bin/ceph: stderr
2024-04-23T10:17:46.348+0000 7f52e0fdc700 1 -- start start
2024-04-23T10:17:51.202 INFO:teuthology.orchestra.run.smithi086.stdout:/usr/bin/ceph: stderr
2024-04-23T10:17:46.349+0000 7f52e0fdc700 1 --2- >> [v2:172.21.15.86:3300/0,v1:172.21.15.86:6789/0] conn(0x7f52dc109020 0x7f52dc10b410 unknown :-1 s=NONE pgs=0 cs=0 l=0 rev1=0 crypto rx=0 tx=0 comp rx=0 tx=0).connect
2024-04-23T10:17:51.202 INFO:teuthology.orchestra.run.smithi086.stdout:/usr/bin/ceph: stderr
2024-04-23T10:17:46.349+0000 7f52e0fdc700 1 -- --> [v2:172.21.15.86:3300/0,v1:172.21.15.86:6789/0] -- mon_getmap magic: 0 -- 0x7f52dc07be20 con 0x7f52dc109020
2024-04-23T10:17:51.202 INFO:teuthology.orchestra.run.smithi086.stdout:/usr/bin/ceph: stderr
2024-04-23T10:17:46.349+0000 7f52da59c700 1 --2- >> [v2:172.21.15.86:3300/0,v1:172.21.15.86:6789/0] conn(0x7f52dc109020 0x7f52dc10b410 unknown :-1 s=BANNER_CONNECTING pgs=0 cs=0 l=0 rev1=0 crypto rx=0 tx=0 comp rx=0 tx=0)._handle_peer_banner_payload supported=3 required=0
2024-04-23T10:17:51.202 INFO:teuthology.orchestra.run.smithi086.stdout:/usr/bin/ceph: stderr
2024-04-23T10:17:46.349+0000 7f52da59c700 1 --2- >> [v2:172.21.15.86:3300/0,v1:172.21.15.86:6789/0] conn(0x7f52dc109020 0x7f52dc10b410 unknown :-1 s=HELLO_CONNECTING pgs=0 cs=0 l=0 rev1=1 crypto rx=0 tx=0 comp rx=0 tx=0).handle_hello peer v2:172.21.15.86:3300/0 says I am v2:172.21.15.86:35178/0 (socket says 172.21.15.86:35178)
2024-04-23T10:17:51.203 INFO:teuthology.orchestra.run.smithi086.stdout:/usr/bin/ceph: stderr
2024-04-23T10:17:46.349+0000 7f52da59c700 1 -- 172.21.15.86:0/2977682841 learned_addr learned my addr 172.21.15.86:0/2977682841 (peer_addr_for_me v2:172.21.15.86:0/0)
2024-04-23T10:17:51.203 INFO:teuthology.orchestra.run.smithi086.stdout:/usr/bin/ceph: stderr
2024-04-23T10:17:46.349+0000 7f52da59c700 1 -- 172.21.15.86:0/2977682841 --> [v2:172.21.15.86:3300/0,v1:172.21.15.86:6789/0] -- mon_subscribe({config=0+,monmap=0+}) -- 0x7f52dc10b950 con 0x7f52dc109020
2024-04-23T10:17:51.203 INFO:teuthology.orchestra.run.smithi086.stdout:/usr/bin/ceph: stderr
2024-04-23T10:17:46.349+0000 7f52da59c700 1 --2- 172.21.15.86:0/2977682841 >> [v2:172.21.15.86:3300/0,v1:172.21.15.86:6789/0] conn(0x7f52dc109020 0x7f52dc10b410 secure :-1 s=READY pgs=45 cs=0 l=1 rev1=1 crypto rx=0x7f52cc0098a0 tx=0x7f52cc009bb0 comp rx=0 tx=0).ready entity=mon.0 client_cookie=8d470db1328de49f server_cookie=0 in_seq=0 out_seq=0
2024-04-23T10:17:51.203 INFO:teuthology.orchestra.run.smithi086.stdout:/usr/bin/ceph: stderr
2024-04-23T10:17:46.349+0000 7f52d959a700 1 -- 172.21.15.86:0/2977682841 <== mon.0 v2:172.21.15.86:3300/0 1 ==== mon_map magic: 0 ==== 205+0+0 (secure 0 0 0) 0x7f52cc004160 con 0x7f52dc109020
2024-04-23T10:17:51.203 INFO:teuthology.orchestra.run.smithi086.stdout:/usr/bin/ceph: stderr
2024-04-23T10:17:46.349+0000 7f52d959a700 1 -- 172.21.15.86:0/2977682841 <== mon.0 v2:172.21.15.86:3300/0 2 ==== config(26 keys) ==== 1070+0+0 (secure 0 0 0) 0x7f52cc004300 con 0x7f52dc109020
2024-04-23T10:17:51.203 INFO:teuthology.orchestra.run.smithi086.stdout:/usr/bin/ceph: stderr
2024-04-23T10:17:46.349+0000 7f52d959a700 1 -- 172.21.15.86:0/2977682841 <== mon.0 v2:172.21.15.86:3300/0 3 ==== mon_map magic: 0 ==== 205+0+0 (secure 0 0 0) 0x7f52cc011af0 con 0x7f52dc109020
2024-04-23T10:17:51.203 INFO:teuthology.orchestra.run.smithi086.stdout:/usr/bin/ceph: stderr
2024-04-23T10:17:46.350+0000 7f52e0fdc700 1 -- 172.21.15.86:0/2977682841 >> [v2:172.21.15.86:3300/0,v1:172.21.15.86:6789/0] conn(0x7f52dc109020 msgr2=0x7f52dc10b410 secure :-1 s=STATE_CONNECTION_ESTABLISHED l=1).mark_down
2024-04-23T10:17:51.203 INFO:teuthology.orchestra.run.smithi086.stdout:/usr/bin/ceph: stderr
2024-04-23T10:17:46.350+0000 7f52e0fdc700 1 --2- 172.21.15.86:0/2977682841 >> [v2:172.21.15.86:3300/0,v1:172.21.15.86:6789/0] conn(0x7f52dc109020 0x7f52dc10b410 secure :-1 s=READY pgs=45 cs=0 l=1 rev1=1 crypto rx=0x7f52cc0098a0 tx=0x7f52cc009bb0 comp rx=0 tx=0).stop
2024-04-23T10:17:51.203 INFO:teuthology.orchestra.run.smithi086.stdout:/usr/bin/ceph: stderr
2024-04-23T10:17:46.350+0000 7f52e0fdc700 1 -- 172.21.15.86:0/2977682841 shutdown_connections
2024-04-23T10:17:51.203 INFO:teuthology.orchestra.run.smithi086.stdout:/usr/bin/ceph: stderr
2024-04-23T10:17:46.350+0000 7f52e0fdc700 1 --2- 172.21.15.86:0/2977682841 >> [v2:172.21.15.86:3300/0,v1:172.21.15.86:6789/0] conn(0x7f52dc109020 0x7f52dc10b410 unknown :-1 s=CLOSED pgs=45 cs=0 l=1 rev1=1 crypto rx=0 tx=0 comp rx=0 tx=0).stop
2024-04-23T10:17:51.203 INFO:teuthology.orchestra.run.smithi086.stdout:/usr/bin/ceph: stderr
2024-04-23T10:17:46.350+0000 7f52e0fdc700 1 -- 172.21.15.86:0/2977682841 >> 172.21.15.86:0/2977682841 conn(0x7f52dc102a70 msgr2=0x7f52dc104e90 unknown :-1 s=STATE_NONE l=0).mark_down
2024-04-23T10:17:51.203 INFO:teuthology.orchestra.run.smithi086.stdout:/usr/bin/ceph: stderr
2024-04-23T10:17:46.350+0000 7f52e0fdc700 1 -- 172.21.15.86:0/2977682841 shutdown_connections
2024-04-23T10:17:51.203 INFO:teuthology.orchestra.run.smithi086.stdout:/usr/bin/ceph: stderr
2024-04-23T10:17:46.350+0000 7f52e0fdc700 1 -- 172.21.15.86:0/2977682841 wait complete.
2024-04-23T10:17:51.203 INFO:teuthology.orchestra.run.smithi086.stdout:/usr/bin/ceph: stderr
2024-04-23T10:17:46.351+0000 7f52e0fdc700 1 Processor -- start
2024-04-23T10:17:51.203 INFO:teuthology.orchestra.run.smithi086.stdout:/usr/bin/ceph: stderr
2024-04-23T10:17:46.351+0000 7f52e0fdc700 1 -- start start
2024-04-23T10:17:51.204 INFO:teuthology.orchestra.run.smithi086.stdout:/usr/bin/ceph: stderr
2024-04-23T10:17:46.351+0000 7f52e0fdc700 1 --2- >> [v2:172.21.15.86:3300/0,v1:172.21.15.86:6789/0] conn(0x7f52dc109020 0x7f52dc19c760 unknown :-1 s=NONE pgs=0 cs=0 l=1 rev1=0 crypto rx=0 tx=0 comp rx=0 tx=0).connect
2024-04-23T10:17:51.204 INFO:teuthology.orchestra.run.smithi086.stdout:/usr/bin/ceph: stderr
2024-04-23T10:17:46.351+0000 7f52e0fdc700 1 -- --> [v2:172.21.15.86:3300/0,v1:172.21.15.86:6789/0] -- mon_getmap magic: 0 -- 0x7f52dc10c8b0 con 0x7f52dc109020
2024-04-23T10:17:51.204 INFO:teuthology.orchestra.run.smithi086.stdout:/usr/bin/ceph: stderr
2024-04-23T10:17:46.351+0000 7f52da59c700 1 --2- >> [v2:172.21.15.86:3300/0,v1:172.21.15.86:6789/0] conn(0x7f52dc109020 0x7f52dc19c760 unknown :-1 s=BANNER_CONNECTING pgs=0 cs=0 l=1 rev1=0 crypto rx=0 tx=0 comp rx=0 tx=0)._handle_peer_banner_payload supported=3 required=0
2024-04-23T10:17:51.204 INFO:teuthology.orchestra.run.smithi086.stdout:/usr/bin/ceph: stderr
2024-04-23T10:17:46.351+0000 7f52da59c700 1 --2- >> [v2:172.21.15.86:3300/0,v1:172.21.15.86:6789/0] conn(0x7f52dc109020 0x7f52dc19c760 unknown :-1 s=HELLO_CONNECTING pgs=0 cs=0 l=1 rev1=1 crypto rx=0 tx=0 comp rx=0 tx=0).handle_hello peer v2:172.21.15.86:3300/0 says I am v2:172.21.15.86:35180/0 (socket says 172.21.15.86:35180)
2024-04-23T10:17:51.204 INFO:teuthology.orchestra.run.smithi086.stdout:/usr/bin/ceph: stderr
2024-04-23T10:17:46.351+0000 7f52da59c700 1 -- 172.21.15.86:0/3642095094 learned_addr learned my addr 172.21.15.86:0/3642095094 (peer_addr_for_me v2:172.21.15.86:0/0)
2024-04-23T10:17:51.204 INFO:teuthology.orchestra.run.smithi086.stdout:/usr/bin/ceph: stderr
2024-04-23T10:17:46.351+0000 7f52da59c700 1 -- 172.21.15.86:0/3642095094 --> [v2:172.21.15.86:3300/0,v1:172.21.15.86:6789/0] -- mon_subscribe({config=0+,monmap=0+}) -- 0x7f52dc19cca0 con 0x7f52dc109020
2024-04-23T10:17:51.204 INFO:teuthology.orchestra.run.smithi086.stdout:/usr/bin/ceph: stderr
2024-04-23T10:17:46.351+0000 7f52da59c700 1 --2- 172.21.15.86:0/3642095094 >> [v2:172.21.15.86:3300/0,v1:172.21.15.86:6789/0] conn(0x7f52dc109020 0x7f52dc19c760 secure :-1 s=READY pgs=46 cs=0 l=1 rev1=1 crypto rx=0x7f52cc011ac0 tx=0x7f52cc011ba0 comp rx=0 tx=0).ready entity=mon.0 client_cookie=0 server_cookie=0 in_seq=0 out_seq=0
2024-04-23T10:17:51.204 INFO:teuthology.orchestra.run.smithi086.stdout:/usr/bin/ceph: stderr
2024-04-23T10:17:46.352+0000 7f52d37fe700 1 -- 172.21.15.86:0/3642095094 <== mon.0 v2:172.21.15.86:3300/0 1 ==== mon_map magic: 0 ==== 205+0+0 (secure 0 0 0) 0x7f52cc003b20 con 0x7f52dc109020
2024-04-23T10:17:51.204 INFO:teuthology.orchestra.run.smithi086.stdout:/usr/bin/ceph: stderr
2024-04-23T10:17:46.352+0000 7f52d37fe700 1 -- 172.21.15.86:0/3642095094 <== mon.0 v2:172.21.15.86:3300/0 2 ==== config(26 keys) ==== 1070+0+0 (secure 0 0 0) 0x7f52cc01a8c0 con 0x7f52dc109020
2024-04-23T10:17:51.204 INFO:teuthology.orchestra.run.smithi086.stdout:/usr/bin/ceph: stderr
2024-04-23T10:17:46.352+0000 7f52e0fdc700 1 -- 172.21.15.86:0/3642095094 --> [v2:172.21.15.86:3300/0,v1:172.21.15.86:6789/0] -- mon_subscribe({mgrmap=0+}) -- 0x7f52dc19cf30 con 0x7f52dc109020
2024-04-23T10:17:51.204 INFO:teuthology.orchestra.run.smithi086.stdout:/usr/bin/ceph: stderr
2024-04-23T10:17:46.352+0000 7f52d37fe700 1 -- 172.21.15.86:0/3642095094 <== mon.0 v2:172.21.15.86:3300/0 3 ==== mon_map magic: 0 ==== 205+0+0 (secure 0 0 0) 0x7f52cc0248d0 con 0x7f52dc109020
2024-04-23T10:17:51.204 INFO:teuthology.orchestra.run.smithi086.stdout:/usr/bin/ceph: stderr
2024-04-23T10:17:46.352+0000 7f52e0fdc700 1 -- 172.21.15.86:0/3642095094 --> [v2:172.21.15.86:3300/0,v1:172.21.15.86:6789/0] -- mon_subscribe({osdmap=0}) -- 0x7f52dc19fbd0 con 0x7f52dc109020
2024-04-23T10:17:51.204 INFO:teuthology.orchestra.run.smithi086.stdout:/usr/bin/ceph: stderr
2024-04-23T10:17:46.353+0000 7f52d37fe700 1 -- 172.21.15.86:0/3642095094 <== mon.0 v2:172.21.15.86:3300/0 4 ==== mgrmap(e 8) ==== 46558+0+0 (secure 0 0 0) 0x7f52cc022020 con 0x7f52dc109020
2024-04-23T10:17:51.204 INFO:teuthology.orchestra.run.smithi086.stdout:/usr/bin/ceph: stderr
2024-04-23T10:17:46.353+0000 7f52e0fdc700 1 -- 172.21.15.86:0/3642095094 --> [v2:172.21.15.86:3300/0,v1:172.21.15.86:6789/0] -- mon_command({"prefix": "get_command_descriptions"} v 0) -- 0x7f52dc0640a0 con 0x7f52dc109020
2024-04-23T10:17:51.204 INFO:teuthology.orchestra.run.smithi086.stdout:/usr/bin/ceph: stderr
2024-04-23T10:17:46.353+0000 7f52d37fe700 1 --2- 172.21.15.86:0/3642095094 >> [v2:172.21.15.86:6800/4156096275,v1:172.21.15.86:6801/4156096275] conn(0x7f52c8039600 0x7f52c803bac0 unknown :-1 s=NONE pgs=0 cs=0 l=1 rev1=0 crypto rx=0 tx=0 comp rx=0 tx=0).connect
2024-04-23T10:17:51.204 INFO:teuthology.orchestra.run.smithi086.stdout:/usr/bin/ceph: stderr
2024-04-23T10:17:46.353+0000 7f52d37fe700 1 -- 172.21.15.86:0/3642095094 <== mon.0 v2:172.21.15.86:3300/0 5 ==== osd_map(2..2 src has 1..2) ==== 940+0+0 (secure 0 0 0) 0x7f52cc04d9b0 con 0x7f52dc109020
2024-04-23T10:17:51.205 INFO:teuthology.orchestra.run.smithi086.stdout:/usr/bin/ceph: stderr
2024-04-23T10:17:46.353+0000 7f52d9d9b700 1 --2- 172.21.15.86:0/3642095094 >> [v2:172.21.15.86:6800/4156096275,v1:172.21.15.86:6801/4156096275] conn(0x7f52c8039600 0x7f52c803bac0 unknown :-1 s=BANNER_CONNECTING pgs=0 cs=0 l=1 rev1=0 crypto rx=0 tx=0 comp rx=0 tx=0)._handle_peer_banner_payload supported=3 required=0
2024-04-23T10:17:51.205 INFO:teuthology.orchestra.run.smithi086.stdout:/usr/bin/ceph: stderr
2024-04-23T10:17:46.353+0000 7f52d9d9b700 1 --2- 172.21.15.86:0/3642095094 >> [v2:172.21.15.86:6800/4156096275,v1:172.21.15.86:6801/4156096275] conn(0x7f52c8039600 0x7f52c803bac0 secure :-1 s=READY pgs=11 cs=0 l=1 rev1=1 crypto rx=0x7f52c4006fd0 tx=0x7f52c4006e40 comp rx=0 tx=0).ready entity=mgr.14120 client_cookie=0 server_cookie=0 in_seq=0 out_seq=0
2024-04-23T10:17:51.205 INFO:teuthology.orchestra.run.smithi086.stdout:/usr/bin/ceph: stderr
2024-04-23T10:17:46.358+0000 7f52d37fe700 1 -- 172.21.15.86:0/3642095094 <== mon.0 v2:172.21.15.86:3300/0 6 ==== mon_command_ack([{"prefix": "get_command_descriptions"}]=0 v0) ==== 72+0+188370 (secure 0 0 0) 0x7f52cc01a430 con 0x7f52dc109020
2024-04-23T10:17:51.205 INFO:teuthology.orchestra.run.smithi086.stdout:/usr/bin/ceph: stderr
2024-04-23T10:17:46.559+0000 7f52e0fdc700 1 -- 172.21.15.86:0/3642095094 --> [v2:172.21.15.86:6800/4156096275,v1:172.21.15.86:6801/4156096275] -- mgr_command(tid 0: {"prefix": "orch host add", "hostname": "smithi086", "addr": "172.21.15.86", "target": ["mon-mgr", ""]}) -- 0x7f52dc02dff0 con 0x7f52c8039600
2024-04-23T10:17:51.205 INFO:teuthology.orchestra.run.smithi086.stdout:/usr/bin/ceph: stderr
2024-04-23T10:17:50.600+0000 7f52d37fe700 1 -- 172.21.15.86:0/3642095094 <== mgr.14120 v2:172.21.15.86:6800/4156096275 1 ==== mgr_command_reply(tid 0: 0 ) ==== 8+0+48 (secure 0 0 0) 0x7f52dc02dff0 con 0x7f52c8039600
2024-04-23T10:17:51.205 INFO:teuthology.orchestra.run.smithi086.stdout:/usr/bin/ceph: stderr
2024-04-23T10:17:50.603+0000 7f52e0fdc700 1 -- 172.21.15.86:0/3642095094 >> [v2:172.21.15.86:6800/4156096275,v1:172.21.15.86:6801/4156096275] conn(0x7f52c8039600 msgr2=0x7f52c803bac0 secure :-1 s=STATE_CONNECTION_ESTABLISHED l=1).mark_down
2024-04-23T10:17:51.205 INFO:teuthology.orchestra.run.smithi086.stdout:/usr/bin/ceph: stderr
2024-04-23T10:17:50.603+0000 7f52e0fdc700 1 --2- 172.21.15.86:0/3642095094 >> [v2:172.21.15.86:6800/4156096275,v1:172.21.15.86:6801/4156096275] conn(0x7f52c8039600 0x7f52c803bac0 secure :-1 s=READY pgs=11 cs=0 l=1 rev1=1 crypto rx=0x7f52c4006fd0 tx=0x7f52c4006e40 comp rx=0 tx=0).stop
2024-04-23T10:17:51.205 INFO:teuthology.orchestra.run.smithi086.stdout:/usr/bin/ceph: stderr
2024-04-23T10:17:50.603+0000 7f52e0fdc700 1 -- 172.21.15.86:0/3642095094 >> [v2:172.21.15.86:3300/0,v1:172.21.15.86:6789/0] conn(0x7f52dc109020 msgr2=0x7f52dc19c760 secure :-1 s=STATE_CONNECTION_ESTABLISHED l=1).mark_down
2024-04-23T10:17:51.205 INFO:teuthology.orchestra.run.smithi086.stdout:/usr/bin/ceph: stderr
2024-04-23T10:17:50.603+0000 7f52e0fdc700 1 --2- 172.21.15.86:0/3642095094 >> [v2:172.21.15.86:3300/0,v1:172.21.15.86:6789/0] conn(0x7f52dc109020 0x7f52dc19c760 secure :-1 s=READY pgs=46 cs=0 l=1 rev1=1 crypto rx=0x7f52cc011ac0 tx=0x7f52cc011ba0 comp rx=0 tx=0).stop
2024-04-23T10:17:51.205 INFO:teuthology.orchestra.run.smithi086.stdout:/usr/bin/ceph: stderr
2024-04-23T10:17:50.603+0000 7f52e0fdc700 1 -- 172.21.15.86:0/3642095094 shutdown_connections
2024-04-23T10:17:51.205 INFO:teuthology.orchestra.run.smithi086.stdout:/usr/bin/ceph: stderr
2024-04-23T10:17:50.603+0000 7f52e0fdc700 1 --2- 172.21.15.86:0/3642095094 >> [v2:172.21.15.86:6800/4156096275,v1:172.21.15.86:6801/4156096275] conn(0x7f52c8039600 0x7f52c803bac0 unknown :-1 s=CLOSED pgs=11 cs=0 l=1 rev1=1 crypto rx=0 tx=0 comp rx=0 tx=0).stop
2024-04-23T10:17:51.205 INFO:teuthology.orchestra.run.smithi086.stdout:/usr/bin/ceph: stderr
2024-04-23T10:17:50.603+0000 7f52e0fdc700 1 --2- 172.21.15.86:0/3642095094 >> [v2:172.21.15.86:3300/0,v1:172.21.15.86:6789/0] conn(0x7f52dc109020 0x7f52dc19c760 unknown :-1 s=CLOSED pgs=46 cs=0 l=1 rev1=1 crypto rx=0 tx=0 comp rx=0 tx=0).stop
2024-04-23T10:17:51.205 INFO:teuthology.orchestra.run.smithi086.stdout:/usr/bin/ceph: stderr
2024-04-23T10:17:50.603+0000 7f52e0fdc700 1 -- 172.21.15.86:0/3642095094 >> 172.21.15.86:0/3642095094 conn(0x7f52dc102a70 msgr2=0x7f52dc103740 unknown :-1 s=STATE_NONE l=0).mark_down
2024-04-23T10:17:51.205 INFO:teuthology.orchestra.run.smithi086.stdout:/usr/bin/ceph: stderr
2024-04-23T10:17:50.603+0000 7f52e0fdc700 1 -- 172.21.15.86:0/3642095094 shutdown_connections
2024-04-23T10:17:51.205 INFO:teuthology.orchestra.run.smithi086.stdout:/usr/bin/ceph: stderr
2024-04-23T10:17:50.603+0000 7f52e0fdc700 1 -- 172.21.15.86:0/3642095094 wait complete.
2024-04-23T10:17:51.206 INFO:teuthology.orchestra.run.smithi086.stdout:Deploying unmanaged mon service...
2024-04-23T10:17:51.802 INFO:journalctl@ceph.mon.a.smithi086.stdout:Apr 23 10:17:51 smithi086 ceph-mon[29215]: from='mgr.14120 172.21.15.86:0/2662584467' entity='mgr.x'
2024-04-23T10:17:51.802 INFO:journalctl@ceph.mon.a.smithi086.stdout:Apr 23 10:17:51 smithi086 ceph-mon[29215]: Added host smithi086
2024-04-23T10:17:51.802 INFO:journalctl@ceph.mon.a.smithi086.stdout:Apr 23 10:17:51 smithi086 ceph-mon[29215]: from='mgr.14120 172.21.15.86:0/2662584467' entity='mgr.x' cmd=[{"prefix": "config dump", "format": "json"}]: dispatch
2024-04-23T10:17:52.393 INFO:teuthology.orchestra.run.smithi086.stdout:/usr/bin/ceph: stdout Scheduled mon update...
2024-04-23T10:17:52.393 INFO:teuthology.orchestra.run.smithi086.stdout:/usr/bin/ceph: stderr
2024-04-23T10:17:51.626+0000 7fcf64a86700 1 Processor -- start
2024-04-23T10:17:52.393 INFO:teuthology.orchestra.run.smithi086.stdout:/usr/bin/ceph: stderr
2024-04-23T10:17:51.626+0000 7fcf64a86700 1 -- start start
2024-04-23T10:17:52.394 INFO:teuthology.orchestra.run.smithi086.stdout:/usr/bin/ceph: stderr
2024-04-23T10:17:51.627+0000 7fcf64a86700 1 --2- >> [v2:172.21.15.86:3300/0,v1:172.21.15.86:6789/0] conn(0x7fcf601067a0 0x7fcf60106bc0 unknown :-1 s=NONE pgs=0 cs=0 l=0 rev1=0 crypto rx=0 tx=0 comp rx=0 tx=0).connect
2024-04-23T10:17:52.394 INFO:teuthology.orchestra.run.smithi086.stdout:/usr/bin/ceph: stderr
2024-04-23T10:17:51.627+0000 7fcf64a86700 1 -- --> [v2:172.21.15.86:3300/0,v1:172.21.15.86:6789/0] -- mon_getmap magic: 0 -- 0x7fcf60107190 con 0x7fcf601067a0
2024-04-23T10:17:52.394 INFO:teuthology.orchestra.run.smithi086.stdout:/usr/bin/ceph: stderr
2024-04-23T10:17:51.627+0000 7fcf5e59c700 1 --2- >> [v2:172.21.15.86:3300/0,v1:172.21.15.86:6789/0] conn(0x7fcf601067a0 0x7fcf60106bc0 unknown :-1 s=BANNER_CONNECTING pgs=0 cs=0 l=0 rev1=0 crypto rx=0 tx=0 comp rx=0 tx=0)._handle_peer_banner_payload supported=3 required=0
2024-04-23T10:17:52.394 INFO:teuthology.orchestra.run.smithi086.stdout:/usr/bin/ceph: stderr
2024-04-23T10:17:51.627+0000 7fcf5e59c700 1 --2- >> [v2:172.21.15.86:3300/0,v1:172.21.15.86:6789/0] conn(0x7fcf601067a0 0x7fcf60106bc0 unknown :-1 s=HELLO_CONNECTING pgs=0 cs=0 l=0 rev1=1 crypto rx=0 tx=0 comp rx=0 tx=0).handle_hello peer v2:172.21.15.86:3300/0 says I am v2:172.21.15.86:36724/0 (socket says 172.21.15.86:36724)
2024-04-23T10:17:52.394 INFO:teuthology.orchestra.run.smithi086.stdout:/usr/bin/ceph: stderr
2024-04-23T10:17:51.627+0000 7fcf5e59c700 1 -- 172.21.15.86:0/3308898263 learned_addr learned my addr 172.21.15.86:0/3308898263 (peer_addr_for_me v2:172.21.15.86:0/0)
2024-04-23T10:17:52.394 INFO:teuthology.orchestra.run.smithi086.stdout:/usr/bin/ceph: stderr
2024-04-23T10:17:51.627+0000 7fcf5e59c700 1 -- 172.21.15.86:0/3308898263 --> [v2:172.21.15.86:3300/0,v1:172.21.15.86:6789/0] -- mon_subscribe({config=0+,monmap=0+}) -- 0x7fcf60109730 con 0x7fcf601067a0
2024-04-23T10:17:52.394 INFO:teuthology.orchestra.run.smithi086.stdout:/usr/bin/ceph: stderr
2024-04-23T10:17:51.627+0000 7fcf5e59c700 1 --2- 172.21.15.86:0/3308898263 >> [v2:172.21.15.86:3300/0,v1:172.21.15.86:6789/0] conn(0x7fcf601067a0 0x7fcf60106bc0 secure :-1 s=READY pgs=47 cs=0 l=1 rev1=1 crypto rx=0x7fcf480098a0 tx=0x7fcf48009bb0 comp rx=0 tx=0).ready entity=mon.0 client_cookie=848cb4acd122d2de server_cookie=0 in_seq=0 out_seq=0
2024-04-23T10:17:52.394 INFO:teuthology.orchestra.run.smithi086.stdout:/usr/bin/ceph: stderr
2024-04-23T10:17:51.627+0000 7fcf5d59a700 1 -- 172.21.15.86:0/3308898263 <== mon.0 v2:172.21.15.86:3300/0 1 ==== mon_map magic: 0 ==== 205+0+0 (secure 0 0 0) 0x7fcf48004160 con 0x7fcf601067a0
2024-04-23T10:17:52.394 INFO:teuthology.orchestra.run.smithi086.stdout:/usr/bin/ceph: stderr
2024-04-23T10:17:51.627+0000 7fcf5d59a700 1 -- 172.21.15.86:0/3308898263 <== mon.0 v2:172.21.15.86:3300/0 2 ==== config(26 keys) ==== 1070+0+0 (secure 0 0 0) 0x7fcf48004300 con 0x7fcf601067a0
2024-04-23T10:17:52.394 INFO:teuthology.orchestra.run.smithi086.stdout:/usr/bin/ceph: stderr
2024-04-23T10:17:51.627+0000 7fcf5d59a700 1 -- 172.21.15.86:0/3308898263 <== mon.0 v2:172.21.15.86:3300/0 3 ==== mon_map magic: 0 ==== 205+0+0 (secure 0 0 0) 0x7fcf48011af0 con 0x7fcf601067a0
2024-04-23T10:17:52.394 INFO:teuthology.orchestra.run.smithi086.stdout:/usr/bin/ceph: stderr
2024-04-23T10:17:51.628+0000 7fcf64a86700 1 -- 172.21.15.86:0/3308898263 >> [v2:172.21.15.86:3300/0,v1:172.21.15.86:6789/0] conn(0x7fcf601067a0 msgr2=0x7fcf60106bc0 secure :-1 s=STATE_CONNECTION_ESTABLISHED l=1).mark_down
2024-04-23T10:17:52.394 INFO:teuthology.orchestra.run.smithi086.stdout:/usr/bin/ceph: stderr
2024-04-23T10:17:51.628+0000 7fcf64a86700 1 --2- 172.21.15.86:0/3308898263 >> [v2:172.21.15.86:3300/0,v1:172.21.15.86:6789/0] conn(0x7fcf601067a0 0x7fcf60106bc0 secure :-1 s=READY pgs=47 cs=0 l=1 rev1=1 crypto rx=0x7fcf480098a0 tx=0x7fcf48009bb0 comp rx=0 tx=0).stop
2024-04-23T10:17:52.394 INFO:teuthology.orchestra.run.smithi086.stdout:/usr/bin/ceph: stderr
2024-04-23T10:17:51.628+0000 7fcf64a86700 1 -- 172.21.15.86:0/3308898263 shutdown_connections
2024-04-23T10:17:52.395 INFO:teuthology.orchestra.run.smithi086.stdout:/usr/bin/ceph: stderr
2024-04-23T10:17:51.628+0000 7fcf64a86700 1 --2- 172.21.15.86:0/3308898263 >> [v2:172.21.15.86:3300/0,v1:172.21.15.86:6789/0] conn(0x7fcf601067a0 0x7fcf60106bc0 unknown :-1 s=CLOSED pgs=47 cs=0 l=1 rev1=1 crypto rx=0 tx=0 comp rx=0 tx=0).stop
2024-04-23T10:17:52.395 INFO:teuthology.orchestra.run.smithi086.stdout:/usr/bin/ceph: stderr
2024-04-23T10:17:51.628+0000 7fcf64a86700 1 -- 172.21.15.86:0/3308898263 >> 172.21.15.86:0/3308898263 conn(0x7fcf60102110 msgr2=0x7fcf60104530 unknown :-1 s=STATE_NONE l=0).mark_down
2024-04-23T10:17:52.395 INFO:teuthology.orchestra.run.smithi086.stdout:/usr/bin/ceph: stderr
2024-04-23T10:17:51.628+0000 7fcf64a86700 1 -- 172.21.15.86:0/3308898263 shutdown_connections
2024-04-23T10:17:52.395 INFO:teuthology.orchestra.run.smithi086.stdout:/usr/bin/ceph: stderr
