2024-04-23T10:17:05.075+0000 7fade7fff700 1 -- 172.21.15.100:0/178507866 <== mon.0 v2:172.21.15.100:3300/0 5 ==== osd_map(2..2 src has 1..2) ==== 940+0+0 (secure 0 0 0) 0x7fadf004d8f0 con 0x7fae0007de10
2024-04-23T10:17:06.634 INFO:teuthology.orchestra.run.smithi100.stdout:/usr/bin/ceph: stderr
2024-04-23T10:17:05.075+0000 7fadfe7fc700 1 --2- 172.21.15.100:0/178507866 >> [v2:172.21.15.100:6800/1774288122,v1:172.21.15.100:6801/1774288122] conn(0x7fade8039560 0x7fade803ba20 unknown :-1 s=BANNER_CONNECTING pgs=0 cs=0 l=1 rev1=0 crypto rx=0 tx=0 comp rx=0 tx=0)._handle_peer_banner_payload supported=3 required=0
2024-04-23T10:17:06.634 INFO:teuthology.orchestra.run.smithi100.stdout:/usr/bin/ceph: stderr
2024-04-23T10:17:05.076+0000 7fadfe7fc700 1 --2- 172.21.15.100:0/178507866 >> [v2:172.21.15.100:6800/1774288122,v1:172.21.15.100:6801/1774288122] conn(0x7fade8039560 0x7fade803ba20 secure :-1 s=READY pgs=13 cs=0 l=1 rev1=1 crypto rx=0x7fadf4006fd0 tx=0x7fadf4006e40 comp rx=0 tx=0).ready entity=mgr.14118 client_cookie=0 server_cookie=0 in_seq=0 out_seq=0
2024-04-23T10:17:06.634 INFO:teuthology.orchestra.run.smithi100.stdout:/usr/bin/ceph: stderr
2024-04-23T10:17:05.080+0000 7fade7fff700 1 -- 172.21.15.100:0/178507866 <== mon.0 v2:172.21.15.100:3300/0 6 ==== mon_command_ack([{"prefix": "get_command_descriptions"}]=0 v0) ==== 72+0+188370 (secure 0 0 0) 0x7fadf0016d80 con 0x7fae0007de10
2024-04-23T10:17:06.634 INFO:teuthology.orchestra.run.smithi100.stdout:/usr/bin/ceph: stderr
2024-04-23T10:17:05.295+0000 7fae05511700 1 -- 172.21.15.100:0/178507866 --> [v2:172.21.15.100:6800/1774288122,v1:172.21.15.100:6801/1774288122] -- mgr_command(tid 0: {"prefix": "orch apply", "service_type": "mgr", "unmanaged": true, "target": ["mon-mgr", ""]}) -- 0x7fae00104e40 con 0x7fade8039560
2024-04-23T10:17:06.634 INFO:teuthology.orchestra.run.smithi100.stdout:/usr/bin/ceph: stderr
2024-04-23T10:17:05.302+0000 7fade7fff700 1 -- 172.21.15.100:0/178507866 <== mgr.14118 v2:172.21.15.100:6800/1774288122 1 ==== mgr_command_reply(tid 0: 0 ) ==== 8+0+24 (secure 0 0 0) 0x7fae00104e40 con 0x7fade8039560
2024-04-23T10:17:06.634 INFO:teuthology.orchestra.run.smithi100.stdout:/usr/bin/ceph: stderr
2024-04-23T10:17:05.304+0000 7fae05511700 1 -- 172.21.15.100:0/178507866 >> [v2:172.21.15.100:6800/1774288122,v1:172.21.15.100:6801/1774288122] conn(0x7fade8039560 msgr2=0x7fade803ba20 secure :-1 s=STATE_CONNECTION_ESTABLISHED l=1).mark_down
2024-04-23T10:17:06.634 INFO:teuthology.orchestra.run.smithi100.stdout:/usr/bin/ceph: stderr
2024-04-23T10:17:05.304+0000 7fae05511700 1 --2- 172.21.15.100:0/178507866 >> [v2:172.21.15.100:6800/1774288122,v1:172.21.15.100:6801/1774288122] conn(0x7fade8039560 0x7fade803ba20 secure :-1 s=READY pgs=13 cs=0 l=1 rev1=1 crypto rx=0x7fadf4006fd0 tx=0x7fadf4006e40 comp rx=0 tx=0).stop
2024-04-23T10:17:06.635 INFO:teuthology.orchestra.run.smithi100.stdout:/usr/bin/ceph: stderr
2024-04-23T10:17:05.304+0000 7fae05511700 1 -- 172.21.15.100:0/178507866 >> [v2:172.21.15.100:3300/0,v1:172.21.15.100:6789/0] conn(0x7fae0007de10 msgr2=0x7fae0019e6e0 secure :-1 s=STATE_CONNECTION_ESTABLISHED l=1).mark_down
2024-04-23T10:17:06.635 INFO:teuthology.orchestra.run.smithi100.stdout:/usr/bin/ceph: stderr
2024-04-23T10:17:05.304+0000 7fae05511700 1 --2- 172.21.15.100:0/178507866 >> [v2:172.21.15.100:3300/0,v1:172.21.15.100:6789/0] conn(0x7fae0007de10 0x7fae0019e6e0 secure :-1 s=READY pgs=48 cs=0 l=1 rev1=1 crypto rx=0x7fadf0009fb0 tx=0x7fadf0011940 comp rx=0 tx=0).stop
2024-04-23T10:17:06.635 INFO:teuthology.orchestra.run.smithi100.stdout:/usr/bin/ceph: stderr
2024-04-23T10:17:05.305+0000 7fae05511700 1 -- 172.21.15.100:0/178507866 shutdown_connections
2024-04-23T10:17:06.635 INFO:teuthology.orchestra.run.smithi100.stdout:/usr/bin/ceph: stderr
2024-04-23T10:17:05.305+0000 7fae05511700 1 --2- 172.21.15.100:0/178507866 >> [v2:172.21.15.100:6800/1774288122,v1:172.21.15.100:6801/1774288122] conn(0x7fade8039560 0x7fade803ba20 unknown :-1 s=CLOSED pgs=13 cs=0 l=1 rev1=1 crypto rx=0 tx=0 comp rx=0 tx=0).stop
2024-04-23T10:17:06.635 INFO:teuthology.orchestra.run.smithi100.stdout:/usr/bin/ceph: stderr
2024-04-23T10:17:05.305+0000 7fae05511700 1 --2- 172.21.15.100:0/178507866 >> [v2:172.21.15.100:3300/0,v1:172.21.15.100:6789/0] conn(0x7fae0007de10 0x7fae0019e6e0 unknown :-1 s=CLOSED pgs=48 cs=0 l=1 rev1=1 crypto rx=0 tx=0 comp rx=0 tx=0).stop
2024-04-23T10:17:06.635 INFO:teuthology.orchestra.run.smithi100.stdout:/usr/bin/ceph: stderr
2024-04-23T10:17:05.305+0000 7fae05511700 1 -- 172.21.15.100:0/178507866 >> 172.21.15.100:0/178507866 conn(0x7fae00103bc0 msgr2=0x7fae00104730 unknown :-1 s=STATE_NONE l=0).mark_down
2024-04-23T10:17:06.635 INFO:teuthology.orchestra.run.smithi100.stdout:/usr/bin/ceph: stderr
2024-04-23T10:17:05.305+0000 7fae05511700 1 -- 172.21.15.100:0/178507866 shutdown_connections
2024-04-23T10:17:06.635 INFO:teuthology.orchestra.run.smithi100.stdout:/usr/bin/ceph: stderr
2024-04-23T10:17:05.305+0000 7fae05511700 1 -- 172.21.15.100:0/178507866 wait complete.
2024-04-23T10:17:07.827 INFO:teuthology.orchestra.run.smithi100.stdout:/usr/bin/ceph: stderr
2024-04-23T10:17:07.062+0000 7f0c4f8d3700 1 Processor -- start
2024-04-23T10:17:07.827 INFO:teuthology.orchestra.run.smithi100.stdout:/usr/bin/ceph: stderr
2024-04-23T10:17:07.062+0000 7f0c4f8d3700 1 -- start start
2024-04-23T10:17:07.827 INFO:teuthology.orchestra.run.smithi100.stdout:/usr/bin/ceph: stderr
2024-04-23T10:17:07.062+0000 7f0c4f8d3700 1 --2- >> [v2:172.21.15.100:3300/0,v1:172.21.15.100:6789/0] conn(0x7f0c48109080 0x7f0c4810b470 unknown :-1 s=NONE pgs=0 cs=0 l=0 rev1=0 crypto rx=0 tx=0 comp rx=0 tx=0).connect
2024-04-23T10:17:07.827 INFO:teuthology.orchestra.run.smithi100.stdout:/usr/bin/ceph: stderr
2024-04-23T10:17:07.062+0000 7f0c4f8d3700 1 -- --> [v2:172.21.15.100:3300/0,v1:172.21.15.100:6789/0] -- mon_getmap magic: 0 -- 0x7f0c4807be30 con 0x7f0c48109080
2024-04-23T10:17:07.828 INFO:teuthology.orchestra.run.smithi100.stdout:/usr/bin/ceph: stderr
2024-04-23T10:17:07.062+0000 7f0c4d66f700 1 --2- >> [v2:172.21.15.100:3300/0,v1:172.21.15.100:6789/0] conn(0x7f0c48109080 0x7f0c4810b470 unknown :-1 s=BANNER_CONNECTING pgs=0 cs=0 l=0 rev1=0 crypto rx=0 tx=0 comp rx=0 tx=0)._handle_peer_banner_payload supported=3 required=0
2024-04-23T10:17:07.828 INFO:teuthology.orchestra.run.smithi100.stdout:/usr/bin/ceph: stderr
2024-04-23T10:17:07.063+0000 7f0c4d66f700 1 --2- >> [v2:172.21.15.100:3300/0,v1:172.21.15.100:6789/0] conn(0x7f0c48109080 0x7f0c4810b470 unknown :-1 s=HELLO_CONNECTING pgs=0 cs=0 l=0 rev1=1 crypto rx=0 tx=0 comp rx=0 tx=0).handle_hello peer v2:172.21.15.100:3300/0 says I am v2:172.21.15.100:52230/0 (socket says 172.21.15.100:52230)
2024-04-23T10:17:07.828 INFO:teuthology.orchestra.run.smithi100.stdout:/usr/bin/ceph: stderr
2024-04-23T10:17:07.063+0000 7f0c4d66f700 1 -- 172.21.15.100:0/3617653239 learned_addr learned my addr 172.21.15.100:0/3617653239 (peer_addr_for_me v2:172.21.15.100:0/0)
2024-04-23T10:17:07.828 INFO:teuthology.orchestra.run.smithi100.stdout:/usr/bin/ceph: stderr
2024-04-23T10:17:07.063+0000 7f0c4d66f700 1 -- 172.21.15.100:0/3617653239 --> [v2:172.21.15.100:3300/0,v1:172.21.15.100:6789/0] -- mon_subscribe({config=0+,monmap=0+}) -- 0x7f0c4810b9b0 con 0x7f0c48109080
2024-04-23T10:17:07.828 INFO:teuthology.orchestra.run.smithi100.stdout:/usr/bin/ceph: stderr
2024-04-23T10:17:07.063+0000 7f0c4d66f700 1 --2- 172.21.15.100:0/3617653239 >> [v2:172.21.15.100:3300/0,v1:172.21.15.100:6789/0] conn(0x7f0c48109080 0x7f0c4810b470 secure :-1 s=READY pgs=49 cs=0 l=1 rev1=1 crypto rx=0x7f0c380098a0 tx=0x7f0c38009bb0 comp rx=0 tx=0).ready entity=mon.0 client_cookie=7222460d87c2e5b8 server_cookie=0 in_seq=0 out_seq=0
2024-04-23T10:17:07.828 INFO:teuthology.orchestra.run.smithi100.stdout:/usr/bin/ceph: stderr
2024-04-23T10:17:07.063+0000 7f0c3ffff700 1 -- 172.21.15.100:0/3617653239 <== mon.0 v2:172.21.15.100:3300/0 1 ==== mon_map magic: 0 ==== 205+0+0 (secure 0 0 0) 0x7f0c38004160 con 0x7f0c48109080
2024-04-23T10:17:07.828 INFO:teuthology.orchestra.run.smithi100.stdout:/usr/bin/ceph: stderr
2024-04-23T10:17:07.063+0000 7f0c3ffff700 1 -- 172.21.15.100:0/3617653239 <== mon.0 v2:172.21.15.100:3300/0 2 ==== config(26 keys) ==== 1101+0+0 (secure 0 0 0) 0x7f0c38004300 con 0x7f0c48109080
2024-04-23T10:17:07.828 INFO:teuthology.orchestra.run.smithi100.stdout:/usr/bin/ceph: stderr
2024-04-23T10:17:07.063+0000 7f0c3ffff700 1 -- 172.21.15.100:0/3617653239 <== mon.0 v2:172.21.15.100:3300/0 3 ==== mon_map magic: 0 ==== 205+0+0 (secure 0 0 0) 0x7f0c38011a20 con 0x7f0c48109080
2024-04-23T10:17:07.828 INFO:teuthology.orchestra.run.smithi100.stdout:/usr/bin/ceph: stderr
2024-04-23T10:17:07.064+0000 7f0c4f8d3700 1 -- 172.21.15.100:0/3617653239 >> [v2:172.21.15.100:3300/0,v1:172.21.15.100:6789/0] conn(0x7f0c48109080 msgr2=0x7f0c4810b470 secure :-1 s=STATE_CONNECTION_ESTABLISHED l=1).mark_down
2024-04-23T10:17:07.828 INFO:teuthology.orchestra.run.smithi100.stdout:/usr/bin/ceph: stderr
2024-04-23T10:17:07.064+0000 7f0c4f8d3700 1 --2- 172.21.15.100:0/3617653239 >> [v2:172.21.15.100:3300/0,v1:172.21.15.100:6789/0] conn(0x7f0c48109080 0x7f0c4810b470 secure :-1 s=READY pgs=49 cs=0 l=1 rev1=1 crypto rx=0x7f0c380098a0 tx=0x7f0c38009bb0 comp rx=0 tx=0).stop
2024-04-23T10:17:07.828 INFO:teuthology.orchestra.run.smithi100.stdout:/usr/bin/ceph: stderr
2024-04-23T10:17:07.064+0000 7f0c4f8d3700 1 -- 172.21.15.100:0/3617653239 shutdown_connections
2024-04-23T10:17:07.828 INFO:teuthology.orchestra.run.smithi100.stdout:/usr/bin/ceph: stderr
2024-04-23T10:17:07.064+0000 7f0c4f8d3700 1 --2- 172.21.15.100:0/3617653239 >> [v2:172.21.15.100:3300/0,v1:172.21.15.100:6789/0] conn(0x7f0c48109080 0x7f0c4810b470 unknown :-1 s=CLOSED pgs=49 cs=0 l=1 rev1=1 crypto rx=0 tx=0 comp rx=0 tx=0).stop
2024-04-23T10:17:07.828 INFO:teuthology.orchestra.run.smithi100.stdout:/usr/bin/ceph: stderr
2024-04-23T10:17:07.064+0000 7f0c4f8d3700 1 -- 172.21.15.100:0/3617653239 >> 172.21.15.100:0/3617653239 conn(0x7f0c48102a30 msgr2=0x7f0c48104e90 unknown :-1 s=STATE_NONE l=0).mark_down
2024-04-23T10:17:07.828 INFO:teuthology.orchestra.run.smithi100.stdout:/usr/bin/ceph: stderr
2024-04-23T10:17:07.064+0000 7f0c4f8d3700 1 -- 172.21.15.100:0/3617653239 shutdown_connections
2024-04-23T10:17:07.828 INFO:teuthology.orchestra.run.smithi100.stdout:/usr/bin/ceph: stderr
2024-04-23T10:17:07.064+0000 7f0c4f8d3700 1 -- 172.21.15.100:0/3617653239 wait complete.
2024-04-23T10:17:07.829 INFO:teuthology.orchestra.run.smithi100.stdout:/usr/bin/ceph: stderr
2024-04-23T10:17:07.064+0000 7f0c4f8d3700 1 Processor -- start
2024-04-23T10:17:07.829 INFO:teuthology.orchestra.run.smithi100.stdout:/usr/bin/ceph: stderr
2024-04-23T10:17:07.064+0000 7f0c4f8d3700 1 -- start start
2024-04-23T10:17:07.829 INFO:teuthology.orchestra.run.smithi100.stdout:/usr/bin/ceph: stderr
2024-04-23T10:17:07.065+0000 7f0c4f8d3700 1 --2- >> [v2:172.21.15.100:3300/0,v1:172.21.15.100:6789/0] conn(0x7f0c48109080 0x7f0c48108900 unknown :-1 s=NONE pgs=0 cs=0 l=1 rev1=0 crypto rx=0 tx=0 comp rx=0 tx=0).connect
2024-04-23T10:17:07.829 INFO:teuthology.orchestra.run.smithi100.stdout:/usr/bin/ceph: stderr
2024-04-23T10:17:07.065+0000 7f0c4f8d3700 1 -- --> [v2:172.21.15.100:3300/0,v1:172.21.15.100:6789/0] -- mon_getmap magic: 0 -- 0x7f0c4810c960 con 0x7f0c48109080
2024-04-23T10:17:07.829 INFO:teuthology.orchestra.run.smithi100.stdout:/usr/bin/ceph: stderr
2024-04-23T10:17:07.065+0000 7f0c4d66f700 1 --2- >> [v2:172.21.15.100:3300/0,v1:172.21.15.100:6789/0] conn(0x7f0c48109080 0x7f0c48108900 unknown :-1 s=BANNER_CONNECTING pgs=0 cs=0 l=1 rev1=0 crypto rx=0 tx=0 comp rx=0 tx=0)._handle_peer_banner_payload supported=3 required=0
2024-04-23T10:17:07.829 INFO:teuthology.orchestra.run.smithi100.stdout:/usr/bin/ceph: stderr
2024-04-23T10:17:07.065+0000 7f0c4d66f700 1 --2- >> [v2:172.21.15.100:3300/0,v1:172.21.15.100:6789/0] conn(0x7f0c48109080 0x7f0c48108900 unknown :-1 s=HELLO_CONNECTING pgs=0 cs=0 l=1 rev1=1 crypto rx=0 tx=0 comp rx=0 tx=0).handle_hello peer v2:172.21.15.100:3300/0 says I am v2:172.21.15.100:52236/0 (socket says 172.21.15.100:52236)
2024-04-23T10:17:07.829 INFO:teuthology.orchestra.run.smithi100.stdout:/usr/bin/ceph: stderr
2024-04-23T10:17:07.065+0000 7f0c4d66f700 1 -- 172.21.15.100:0/2576245875 learned_addr learned my addr 172.21.15.100:0/2576245875 (peer_addr_for_me v2:172.21.15.100:0/0)
2024-04-23T10:17:07.829 INFO:teuthology.orchestra.run.smithi100.stdout:/usr/bin/ceph: stderr
2024-04-23T10:17:07.065+0000 7f0c4d66f700 1 -- 172.21.15.100:0/2576245875 --> [v2:172.21.15.100:3300/0,v1:172.21.15.100:6789/0] -- mon_subscribe({config=0+,monmap=0+}) -- 0x7f0c48108e40 con 0x7f0c48109080
2024-04-23T10:17:07.829 INFO:teuthology.orchestra.run.smithi100.stdout:/usr/bin/ceph: stderr
2024-04-23T10:17:07.065+0000 7f0c4d66f700 1 --2- 172.21.15.100:0/2576245875 >> [v2:172.21.15.100:3300/0,v1:172.21.15.100:6789/0] conn(0x7f0c48109080 0x7f0c48108900 secure :-1 s=READY pgs=50 cs=0 l=1 rev1=1 crypto rx=0x7f0c380116e0 tx=0x7f0c38011aa0 comp rx=0 tx=0).ready entity=mon.0 client_cookie=0 server_cookie=0 in_seq=0 out_seq=0
2024-04-23T10:17:07.829 INFO:teuthology.orchestra.run.smithi100.stdout:/usr/bin/ceph: stderr
2024-04-23T10:17:07.065+0000 7f0c3e7fc700 1 -- 172.21.15.100:0/2576245875 <== mon.0 v2:172.21.15.100:3300/0 1 ==== mon_map magic: 0 ==== 205+0+0 (secure 0 0 0) 0x7f0c38003b20 con 0x7f0c48109080
2024-04-23T10:17:07.829 INFO:teuthology.orchestra.run.smithi100.stdout:/usr/bin/ceph: stderr
2024-04-23T10:17:07.065+0000 7f0c3e7fc700 1 -- 172.21.15.100:0/2576245875 <== mon.0 v2:172.21.15.100:3300/0 2 ==== config(26 keys) ==== 1101+0+0 (secure 0 0 0) 0x7f0c3801b8f0 con 0x7f0c48109080
2024-04-23T10:17:07.829 INFO:teuthology.orchestra.run.smithi100.stdout:/usr/bin/ceph: stderr
2024-04-23T10:17:07.065+0000 7f0c4f8d3700 1 -- 172.21.15.100:0/2576245875 --> [v2:172.21.15.100:3300/0,v1:172.21.15.100:6789/0] -- mon_subscribe({mgrmap=0+}) -- 0x7f0c48107030 con 0x7f0c48109080
2024-04-23T10:17:07.829 INFO:teuthology.orchestra.run.smithi100.stdout:/usr/bin/ceph: stderr
2024-04-23T10:17:07.065+0000 7f0c3e7fc700 1 -- 172.21.15.100:0/2576245875 <== mon.0 v2:172.21.15.100:3300/0 3 ==== mon_map magic: 0 ==== 205+0+0 (secure 0 0 0) 0x7f0c380238c0 con 0x7f0c48109080
2024-04-23T10:17:07.829 INFO:teuthology.orchestra.run.smithi100.stdout:/usr/bin/ceph: stderr
2024-04-23T10:17:07.065+0000 7f0c4f8d3700 1 -- 172.21.15.100:0/2576245875 --> [v2:172.21.15.100:3300/0,v1:172.21.15.100:6789/0] -- mon_subscribe({osdmap=0}) -- 0x7f0c48107570 con 0x7f0c48109080
2024-04-23T10:17:07.829 INFO:teuthology.orchestra.run.smithi100.stdout:/usr/bin/ceph: stderr
2024-04-23T10:17:07.066+0000 7f0c3e7fc700 1 -- 172.21.15.100:0/2576245875 <== mon.0 v2:172.21.15.100:3300/0 4 ==== mgrmap(e 8) ==== 46558+0+0 (secure 0 0 0) 0x7f0c38023b70 con 0x7f0c48109080
2024-04-23T10:17:07.829 INFO:teuthology.orchestra.run.smithi100.stdout:/usr/bin/ceph: stderr
2024-04-23T10:17:07.066+0000 7f0c4f8d3700 1 -- 172.21.15.100:0/2576245875 --> [v2:172.21.15.100:3300/0,v1:172.21.15.100:6789/0] -- mon_command({"prefix": "get_command_descriptions"} v 0) -- 0x7f0c480640a0 con 0x7f0c48109080
2024-04-23T10:17:07.829 INFO:teuthology.orchestra.run.smithi100.stdout:/usr/bin/ceph: stderr
2024-04-23T10:17:07.067+0000 7f0c3e7fc700 1 --2- 172.21.15.100:0/2576245875 >> [v2:172.21.15.100:6800/1774288122,v1:172.21.15.100:6801/1774288122] conn(0x7f0c34039560 0x7f0c3403ba20 unknown :-1 s=NONE pgs=0 cs=0 l=1 rev1=0 crypto rx=0 tx=0 comp rx=0 tx=0).connect
2024-04-23T10:17:07.830 INFO:teuthology.orchestra.run.smithi100.stdout:/usr/bin/ceph: stderr
2024-04-23T10:17:07.067+0000 7f0c3e7fc700 1 -- 172.21.15.100:0/2576245875 <== mon.0 v2:172.21.15.100:3300/0 5 ==== osd_map(2..2 src has 1..2) ==== 940+0+0 (secure 0 0 0) 0x7f0c3804e2b0 con 0x7f0c48109080
2024-04-23T10:17:07.830 INFO:teuthology.orchestra.run.smithi100.stdout:/usr/bin/ceph: stderr
2024-04-23T10:17:07.067+0000 7f0c4ce6e700 1 --2- 172.21.15.100:0/2576245875 >> [v2:172.21.15.100:6800/1774288122,v1:172.21.15.100:6801/1774288122] conn(0x7f0c34039560 0x7f0c3403ba20 unknown :-1 s=BANNER_CONNECTING pgs=0 cs=0 l=1 rev1=0 crypto rx=0 tx=0 comp rx=0 tx=0)._handle_peer_banner_payload supported=3 required=0
2024-04-23T10:17:07.830 INFO:teuthology.orchestra.run.smithi100.stdout:/usr/bin/ceph: stderr
2024-04-23T10:17:07.067+0000 7f0c4ce6e700 1 --2- 172.21.15.100:0/2576245875 >> [v2:172.21.15.100:6800/1774288122,v1:172.21.15.100:6801/1774288122] conn(0x7f0c34039560 0x7f0c3403ba20 secure :-1 s=READY pgs=14 cs=0 l=1 rev1=1 crypto rx=0x7f0c44006fd0 tx=0x7f0c44006e40 comp rx=0 tx=0).ready entity=mgr.14118 client_cookie=0 server_cookie=0 in_seq=0 out_seq=0
2024-04-23T10:17:07.830 INFO:teuthology.orchestra.run.smithi100.stdout:/usr/bin/ceph: stderr
2024-04-23T10:17:07.072+0000 7f0c3e7fc700 1 -- 172.21.15.100:0/2576245875 <== mon.0 v2:172.21.15.100:3300/0 6 ==== mon_command_ack([{"prefix": "get_command_descriptions"}]=0 v0) ==== 72+0+188370 (secure 0 0 0) 0x7f0c3801f030 con 0x7f0c48109080
2024-04-23T10:17:07.830 INFO:teuthology.orchestra.run.smithi100.stdout:/usr/bin/ceph: stderr
2024-04-23T10:17:07.314+0000 7f0c4f8d3700 1 -- 172.21.15.100:0/2576245875 --> [v2:172.21.15.100:3300/0,v1:172.21.15.100:6789/0] -- mon_command([{prefix=config set, name=mgr/cephadm/container_init}] v 0) -- 0x7f0c48107c30 con 0x7f0c48109080
2024-04-23T10:17:07.830 INFO:teuthology.orchestra.run.smithi100.stdout:/usr/bin/ceph: stderr
2024-04-23T10:17:07.317+0000 7f0c3e7fc700 1 -- 172.21.15.100:0/2576245875 <== mon.0 v2:172.21.15.100:3300/0 7 ==== mon_command_ack([{prefix=config set, name=mgr/cephadm/container_init}]=0 v7)=0 v7) ==== 142+0+0 (secure 0 0 0) 0x7f0c38018e30 con 0x7f0c48109080
2024-04-23T10:17:07.830 INFO:teuthology.orchestra.run.smithi100.stdout:/usr/bin/ceph: stderr
2024-04-23T10:17:07.320+0000 7f0c4f8d3700 1 -- 172.21.15.100:0/2576245875 >> [v2:172.21.15.100:6800/1774288122,v1:172.21.15.100:6801/1774288122] conn(0x7f0c34039560 msgr2=0x7f0c3403ba20 secure :-1 s=STATE_CONNECTION_ESTABLISHED l=1).mark_down
2024-04-23T10:17:07.830 INFO:teuthology.orchestra.run.smithi100.stdout:/usr/bin/ceph: stderr
2024-04-23T10:17:07.320+0000 7f0c4f8d3700 1 --2- 172.21.15.100:0/2576245875 >> [v2:172.21.15.100:6800/1774288122,v1:172.21.15.100:6801/1774288122] conn(0x7f0c34039560 0x7f0c3403ba20 secure :-1 s=READY pgs=14 cs=0 l=1 rev1=1 crypto rx=0x7f0c44006fd0 tx=0x7f0c44006e40 comp rx=0 tx=0).stop
2024-04-23T10:17:07.830 INFO:teuthology.orchestra.run.smithi100.stdout:/usr/bin/ceph: stderr
2024-04-23T10:17:07.320+0000 7f0c4f8d3700 1 -- 172.21.15.100:0/2576245875 >> [v2:172.21.15.100:3300/0,v1:172.21.15.100:6789/0] conn(0x7f0c48109080 msgr2=0x7f0c48108900 secure :-1 s=STATE_CONNECTION_ESTABLISHED l=1).mark_down
2024-04-23T10:17:07.830 INFO:teuthology.orchestra.run.smithi100.stdout:/usr/bin/ceph: stderr
2024-04-23T10:17:07.320+0000 7f0c4f8d3700 1 --2- 172.21.15.100:0/2576245875 >> [v2:172.21.15.100:3300/0,v1:172.21.15.100:6789/0] conn(0x7f0c48109080 0x7f0c48108900 secure :-1 s=READY pgs=50 cs=0 l=1 rev1=1 crypto rx=0x7f0c380116e0 tx=0x7f0c38011aa0 comp rx=0 tx=0).stop
2024-04-23T10:17:07.830 INFO:teuthology.orchestra.run.smithi100.stdout:/usr/bin/ceph: stderr
2024-04-23T10:17:07.320+0000 7f0c4f8d3700 1 -- 172.21.15.100:0/2576245875 shutdown_connections
2024-04-23T10:17:07.830 INFO:teuthology.orchestra.run.smithi100.stdout:/usr/bin/ceph: stderr
2024-04-23T10:17:07.320+0000 7f0c4f8d3700 1 --2- 172.21.15.100:0/2576245875 >> [v2:172.21.15.100:6800/1774288122,v1:172.21.15.100:6801/1774288122] conn(0x7f0c34039560 0x7f0c3403ba20 unknown :-1 s=CLOSED pgs=14 cs=0 l=1 rev1=1 crypto rx=0 tx=0 comp rx=0 tx=0).stop
2024-04-23T10:17:07.830 INFO:teuthology.orchestra.run.smithi100.stdout:/usr/bin/ceph: stderr
2024-04-23T10:17:07.320+0000 7f0c4f8d3700 1 --2- 172.21.15.100:0/2576245875 >> [v2:172.21.15.100:3300/0,v1:172.21.15.100:6789/0] conn(0x7f0c48109080 0x7f0c48108900 unknown :-1 s=CLOSED pgs=50 cs=0 l=1 rev1=1 crypto rx=0 tx=0 comp rx=0 tx=0).stop
2024-04-23T10:17:07.830 INFO:teuthology.orchestra.run.smithi100.stdout:/usr/bin/ceph: stderr
2024-04-23T10:17:07.320+0000 7f0c4f8d3700 1 -- 172.21.15.100:0/2576245875 >> 172.21.15.100:0/2576245875 conn(0x7f0c48102a30 msgr2=0x7f0c48103600 unknown :-1 s=STATE_NONE l=0).mark_down
2024-04-23T10:17:07.830 INFO:teuthology.orchestra.run.smithi100.stdout:/usr/bin/ceph: stderr
2024-04-23T10:17:07.320+0000 7f0c4f8d3700 1 -- 172.21.15.100:0/2576245875 shutdown_connections
2024-04-23T10:17:07.831 INFO:teuthology.orchestra.run.smithi100.stdout:/usr/bin/ceph: stderr
2024-04-23T10:17:07.320+0000 7f0c4f8d3700 1 -- 172.21.15.100:0/2576245875 wait complete.
2024-04-23T10:17:08.087 INFO:journalctl@ceph.mon.a.smithi100.stdout:Apr 23 10:17:07 smithi100 ceph-mon[29665]: from='mgr.14118 172.21.15.100:0/371044425' entity='mgr.x'
2024-04-23T10:17:08.087 INFO:journalctl@ceph.mon.a.smithi100.stdout:Apr 23 10:17:07 smithi100 ceph-mon[29665]: from='client.? 172.21.15.100:0/2576245875' entity='client.admin'
2024-04-23T10:17:09.713 INFO:teuthology.orchestra.run.smithi100.stdout:/usr/bin/ceph: stderr
2024-04-23T10:17:08.420+0000 7f9bd7ba6700 1 Processor -- start
2024-04-23T10:17:09.713 INFO:teuthology.orchestra.run.smithi100.stdout:/usr/bin/ceph: stderr
2024-04-23T10:17:08.420+0000 7f9bd7ba6700 1 -- start start
2024-04-23T10:17:09.713 INFO:teuthology.orchestra.run.smithi100.stdout:/usr/bin/ceph: stderr
2024-04-23T10:17:08.421+0000 7f9bd7ba6700 1 --2- >> [v2:172.21.15.100:3300/0,v1:172.21.15.100:6789/0] conn(0x7f9bd007de30 0x7f9bd007c2e0 unknown :-1 s=NONE pgs=0 cs=0 l=0 rev1=0 crypto rx=0 tx=0 comp rx=0 tx=0).connect
2024-04-23T10:17:09.713 INFO:teuthology.orchestra.run.smithi100.stdout:/usr/bin/ceph: stderr
2024-04-23T10:17:08.421+0000 7f9bd7ba6700 1 -- --> [v2:172.21.15.100:3300/0,v1:172.21.15.100:6789/0] -- mon_getmap magic: 0 -- 0x7f9bd007c8b0 con 0x7f9bd007de30
2024-04-23T10:17:09.713 INFO:teuthology.orchestra.run.smithi100.stdout:/usr/bin/ceph: stderr
2024-04-23T10:17:08.421+0000 7f9bd5942700 1 --2- >> [v2:172.21.15.100:3300/0,v1:172.21.15.100:6789/0] conn(0x7f9bd007de30 0x7f9bd007c2e0 unknown :-1 s=BANNER_CONNECTING pgs=0 cs=0 l=0 rev1=0 crypto rx=0 tx=0 comp rx=0 tx=0)._handle_peer_banner_payload supported=3 required=0
2024-04-23T10:17:09.713 INFO:teuthology.orchestra.run.smithi100.stdout:/usr/bin/ceph: stderr
2024-04-23T10:17:08.421+0000 7f9bd5942700 1 --2- >> [v2:172.21.15.100:3300/0,v1:172.21.15.100:6789/0] conn(0x7f9bd007de30 0x7f9bd007c2e0 unknown :-1 s=HELLO_CONNECTING pgs=0 cs=0 l=0 rev1=1 crypto rx=0 tx=0 comp rx=0 tx=0).handle_hello peer v2:172.21.15.100:3300/0 says I am v2:172.21.15.100:52250/0 (socket says 172.21.15.100:52250)
2024-04-23T10:17:09.713 INFO:teuthology.orchestra.run.smithi100.stdout:/usr/bin/ceph: stderr
2024-04-23T10:17:08.421+0000 7f9bd5942700 1 -- 172.21.15.100:0/3765110535 learned_addr learned my addr 172.21.15.100:0/3765110535 (peer_addr_for_me v2:172.21.15.100:0/0)
2024-04-23T10:17:09.713 INFO:teuthology.orchestra.run.smithi100.stdout:/usr/bin/ceph: stderr
2024-04-23T10:17:08.421+0000 7f9bd5942700 1 -- 172.21.15.100:0/3765110535 --> [v2:172.21.15.100:3300/0,v1:172.21.15.100:6789/0] -- mon_subscribe({config=0+,monmap=0+}) -- 0x7f9bd007ca30 con 0x7f9bd007de30
2024-04-23T10:17:09.713 INFO:teuthology.orchestra.run.smithi100.stdout:/usr/bin/ceph: stderr
2024-04-23T10:17:08.421+0000 7f9bd5942700 1 --2- 172.21.15.100:0/3765110535 >> [v2:172.21.15.100:3300/0,v1:172.21.15.100:6789/0] conn(0x7f9bd007de30 0x7f9bd007c2e0 secure :-1 s=READY pgs=51 cs=0 l=1 rev1=1 crypto rx=0x7f9bcc0098a0 tx=0x7f9bcc009bb0 comp rx=0 tx=0).ready entity=mon.0 client_cookie=3ab232d7a787f9f2 server_cookie=0 in_seq=0 out_seq=0
2024-04-23T10:17:09.713 INFO:teuthology.orchestra.run.smithi100.stdout:/usr/bin/ceph: stderr
2024-04-23T10:17:08.421+0000 7f9bd4940700 1 -- 172.21.15.100:0/3765110535 <== mon.0 v2:172.21.15.100:3300/0 1 ==== mon_map magic: 0 ==== 205+0+0 (secure 0 0 0) 0x7f9bcc004160 con 0x7f9bd007de30
2024-04-23T10:17:09.714 INFO:teuthology.orchestra.run.smithi100.stdout:/usr/bin/ceph: stderr
2024-04-23T10:17:08.421+0000 7f9bd4940700 1 -- 172.21.15.100:0/3765110535 <== mon.0 v2:172.21.15.100:3300/0 2 ==== config(26 keys) ==== 1101+0+0 (secure 0 0 0) 0x7f9bcc004300 con 0x7f9bd007de30
2024-04-23T10:17:09.714 INFO:teuthology.orchestra.run.smithi100.stdout:/usr/bin/ceph: stderr
2024-04-23T10:17:08.421+0000 7f9bd4940700 1 -- 172.21.15.100:0/3765110535 <== mon.0 v2:172.21.15.100:3300/0 3 ==== mon_map magic: 0 ==== 205+0+0 (secure 0 0 0) 0x7f9bcc011a20 con 0x7f9bd007de30
2024-04-23T10:17:09.714 INFO:teuthology.orchestra.run.smithi100.stdout:/usr/bin/ceph: stderr
2024-04-23T10:17:08.422+0000 7f9bd7ba6700 1 -- 172.21.15.100:0/3765110535 >> [v2:172.21.15.100:3300/0,v1:172.21.15.100:6789/0] conn(0x7f9bd007de30 msgr2=0x7f9bd007c2e0 secure :-1 s=STATE_CONNECTION_ESTABLISHED l=1).mark_down
2024-04-23T10:17:09.714 INFO:teuthology.orchestra.run.smithi100.stdout:/usr/bin/ceph: stderr
2024-04-23T10:17:08.422+0000 7f9bd7ba6700 1 --2- 172.21.15.100:0/3765110535 >> [v2:172.21.15.100:3300/0,v1:172.21.15.100:6789/0] conn(0x7f9bd007de30 0x7f9bd007c2e0 secure :-1 s=READY pgs=51 cs=0 l=1 rev1=1 crypto rx=0x7f9bcc0098a0 tx=0x7f9bcc009bb0 comp rx=0 tx=0).stop
2024-04-23T10:17:09.714 INFO:teuthology.orchestra.run.smithi100.stdout:/usr/bin/ceph: stderr
2024-04-23T10:17:08.422+0000 7f9bd7ba6700 1 -- 172.21.15.100:0/3765110535 shutdown_connections
2024-04-23T10:17:09.714 INFO:teuthology.orchestra.run.smithi100.stdout:/usr/bin/ceph: stderr
2024-04-23T10:17:08.422+0000 7f9bd7ba6700 1 --2- 172.21.15.100:0/3765110535 >> [v2:172.21.15.100:3300/0,v1:172.21.15.100:6789/0] conn(0x7f9bd007de30 0x7f9bd007c2e0 unknown :-1 s=CLOSED pgs=51 cs=0 l=1 rev1=1 crypto rx=0 tx=0 comp rx=0 tx=0).stop
2024-04-23T10:17:09.714 INFO:teuthology.orchestra.run.smithi100.stdout:/usr/bin/ceph: stderr
2024-04-23T10:17:08.422+0000 7f9bd7ba6700 1 -- 172.21.15.100:0/3765110535 >> 172.21.15.100:0/3765110535 conn(0x7f9bd0103b40 msgr2=0x7f9bd0105f80 unknown :-1 s=STATE_NONE l=0).mark_down
2024-04-23T10:17:09.714 INFO:teuthology.orchestra.run.smithi100.stdout:/usr/bin/ceph: stderr
2024-04-23T10:17:08.422+0000 7f9bd7ba6700 1 -- 172.21.15.100:0/3765110535 shutdown_connections
2024-04-23T10:17:09.714 INFO:teuthology.orchestra.run.smithi100.stdout:/usr/bin/ceph: stderr
2024-04-23T10:17:08.422+0000 7f9bd7ba6700 1 -- 172.21.15.100:0/3765110535 wait complete.
2024-04-23T10:17:09.714 INFO:teuthology.orchestra.run.smithi100.stdout:/usr/bin/ceph: stderr
2024-04-23T10:17:08.423+0000 7f9bd7ba6700 1 Processor -- start
2024-04-23T10:17:09.714 INFO:teuthology.orchestra.run.smithi100.stdout:/usr/bin/ceph: stderr
2024-04-23T10:17:08.423+0000 7f9bd7ba6700 1 -- start start
2024-04-23T10:17:09.714 INFO:teuthology.orchestra.run.smithi100.stdout:/usr/bin/ceph: stderr
2024-04-23T10:17:08.423+0000 7f9bd7ba6700 1 --2- >> [v2:172.21.15.100:3300/0,v1:172.21.15.100:6789/0] conn(0x7f9bd007de30 0x7f9bd019e620 unknown :-1 s=NONE pgs=0 cs=0 l=1 rev1=0 crypto rx=0 tx=0 comp rx=0 tx=0).connect
2024-04-23T10:17:09.714 INFO:teuthology.orchestra.run.smithi100.stdout:/usr/bin/ceph: stderr
2024-04-23T10:17:08.423+0000 7f9bd7ba6700 1 -- --> [v2:172.21.15.100:3300/0,v1:172.21.15.100:6789/0] -- mon_getmap magic: 0 -- 0x7f9bd010eb40 con 0x7f9bd007de30
2024-04-23T10:17:09.714 INFO:teuthology.orchestra.run.smithi100.stdout:/usr/bin/ceph: stderr
2024-04-23T10:17:08.423+0000 7f9bd5942700 1 --2- >> [v2:172.21.15.100:3300/0,v1:172.21.15.100:6789/0] conn(0x7f9bd007de30 0x7f9bd019e620 unknown :-1 s=BANNER_CONNECTING pgs=0 cs=0 l=1 rev1=0 crypto rx=0 tx=0 comp rx=0 tx=0)._handle_peer_banner_payload supported=3 required=0
2024-04-23T10:17:09.715 INFO:teuthology.orchestra.run.smithi100.stdout:/usr/bin/ceph: stderr
2024-04-23T10:17:08.423+0000 7f9bd5942700 1 --2- >> [v2:172.21.15.100:3300/0,v1:172.21.15.100:6789/0] conn(0x7f9bd007de30 0x7f9bd019e620 unknown :-1 s=HELLO_CONNECTING pgs=0 cs=0 l=1 rev1=1 crypto rx=0 tx=0 comp rx=0 tx=0).handle_hello peer v2:172.21.15.100:3300/0 says I am v2:172.21.15.100:52264/0 (socket says 172.21.15.100:52264)
2024-04-23T10:17:09.715 INFO:teuthology.orchestra.run.smithi100.stdout:/usr/bin/ceph: stderr
2024-04-23T10:17:08.423+0000 7f9bd5942700 1 -- 172.21.15.100:0/1785256986 learned_addr learned my addr 172.21.15.100:0/1785256986 (peer_addr_for_me v2:172.21.15.100:0/0)
2024-04-23T10:17:09.715 INFO:teuthology.orchestra.run.smithi100.stdout:/usr/bin/ceph: stderr
2024-04-23T10:17:08.423+0000 7f9bd5942700 1 -- 172.21.15.100:0/1785256986 --> [v2:172.21.15.100:3300/0,v1:172.21.15.100:6789/0] -- mon_subscribe({config=0+,monmap=0+}) -- 0x7f9bd019eb60 con 0x7f9bd007de30
2024-04-23T10:17:09.715 INFO:teuthology.orchestra.run.smithi100.stdout:/usr/bin/ceph: stderr
2024-04-23T10:17:08.423+0000 7f9bd5942700 1 --2- 172.21.15.100:0/1785256986 >> [v2:172.21.15.100:3300/0,v1:172.21.15.100:6789/0] conn(0x7f9bd007de30 0x7f9bd019e620 secure :-1 s=READY pgs=52 cs=0 l=1 rev1=1 crypto rx=0x7f9bcc0116e0 tx=0x7f9bcc011aa0 comp rx=0 tx=0).ready entity=mon.0 client_cookie=0 server_cookie=0 in_seq=0 out_seq=0
2024-04-23T10:17:09.715 INFO:teuthology.orchestra.run.smithi100.stdout:/usr/bin/ceph: stderr
2024-04-23T10:17:08.423+0000 7f9bc6ffd700 1 -- 172.21.15.100:0/1785256986 <== mon.0 v2:172.21.15.100:3300/0 1 ==== mon_map magic: 0 ==== 205+0+0 (secure 0 0 0) 0x7f9bcc003a60 con 0x7f9bd007de30
2024-04-23T10:17:09.715 INFO:teuthology.orchestra.run.smithi100.stdout:/usr/bin/ceph: stderr
2024-04-23T10:17:08.423+0000 7f9bc6ffd700 1 -- 172.21.15.100:0/1785256986 <== mon.0 v2:172.21.15.100:3300/0 2 ==== config(26 keys) ==== 1101+0+0 (secure 0 0 0) 0x7f9bcc01b8f0 con 0x7f9bd007de30
2024-04-23T10:17:09.715 INFO:teuthology.orchestra.run.smithi100.stdout:/usr/bin/ceph: stderr
2024-04-23T10:17:08.423+0000 7f9bd7ba6700 1 -- 172.21.15.100:0/1785256986 --> [v2:172.21.15.100:3300/0,v1:172.21.15.100:6789/0] -- mon_subscribe({mgrmap=0+}) -- 0x7f9bd019edf0 con 0x7f9bd007de30
2024-04-23T10:17:09.715 INFO:teuthology.orchestra.run.smithi100.stdout:/usr/bin/ceph: stderr
2024-04-23T10:17:08.423+0000 7f9bc6ffd700 1 -- 172.21.15.100:0/1785256986 <== mon.0 v2:172.21.15.100:3300/0 3 ==== mon_map magic: 0 ==== 205+0+0 (secure 0 0 0) 0x7f9bcc019860 con 0x7f9bd007de30
2024-04-23T10:17:09.715 INFO:teuthology.orchestra.run.smithi100.stdout:/usr/bin/ceph: stderr
2024-04-23T10:17:08.423+0000 7f9bd7ba6700 1 -- 172.21.15.100:0/1785256986 --> [v2:172.21.15.100:3300/0,v1:172.21.15.100:6789/0] -- mon_subscribe({osdmap=0}) -- 0x7f9bd01a1ae0 con 0x7f9bd007de30
2024-04-23T10:17:09.715 INFO:teuthology.orchestra.run.smithi100.stdout:/usr/bin/ceph: stderr
2024-04-23T10:17:08.424+0000 7f9bc6ffd700 1 -- 172.21.15.100:0/1785256986 <== mon.0 v2:172.21.15.100:3300/0 4 ==== mgrmap(e 8) ==== 46558+0+0 (secure 0 0 0) 0x7f9bcc019b60 con 0x7f9bd007de30
2024-04-23T10:17:09.715 INFO:teuthology.orchestra.run.smithi100.stdout:/usr/bin/ceph: stderr
2024-04-23T10:17:08.424+0000 7f9bd7ba6700 1 -- 172.21.15.100:0/1785256986 --> [v2:172.21.15.100:3300/0,v1:172.21.15.100:6789/0] -- mon_command({"prefix": "get_command_descriptions"} v 0) -- 0x7f9bd00640a0 con 0x7f9bd007de30
2024-04-23T10:17:09.715 INFO:teuthology.orchestra.run.smithi100.stdout:/usr/bin/ceph: stderr
2024-04-23T10:17:08.424+0000 7f9bc6ffd700 1 --2- 172.21.15.100:0/1785256986 >> [v2:172.21.15.100:6800/1774288122,v1:172.21.15.100:6801/1774288122] conn(0x7f9bbc039560 0x7f9bbc03ba20 unknown :-1 s=NONE pgs=0 cs=0 l=1 rev1=0 crypto rx=0 tx=0 comp rx=0 tx=0).connect
2024-04-23T10:17:09.715 INFO:teuthology.orchestra.run.smithi100.stdout:/usr/bin/ceph: stderr
2024-04-23T10:17:08.425+0000 7f9bc6ffd700 1 -- 172.21.15.100:0/1785256986 <== mon.0 v2:172.21.15.100:3300/0 5 ==== osd_map(2..2 src has 1..2) ==== 940+0+0 (secure 0 0 0) 0x7f9bcc04de40 con 0x7f9bd007de30
2024-04-23T10:17:09.715 INFO:teuthology.orchestra.run.smithi100.stdout:/usr/bin/ceph: stderr
2024-04-23T10:17:08.425+0000 7f9bd5141700 1 --2- 172.21.15.100:0/1785256986 >> [v2:172.21.15.100:6800/1774288122,v1:172.21.15.100:6801/1774288122] conn(0x7f9bbc039560 0x7f9bbc03ba20 unknown :-1 s=BANNER_CONNECTING pgs=0 cs=0 l=1 rev1=0 crypto rx=0 tx=0 comp rx=0 tx=0)._handle_peer_banner_payload supported=3 required=0
2024-04-23T10:17:09.716 INFO:teuthology.orchestra.run.smithi100.stdout:/usr/bin/ceph: stderr
2024-04-23T10:17:08.425+0000 7f9bd5141700 1 --2- 172.21.15.100:0/1785256986 >> [v2:172.21.15.100:6800/1774288122,v1:172.21.15.100:6801/1774288122] conn(0x7f9bbc039560 0x7f9bbc03ba20 secure :-1 s=READY pgs=15 cs=0 l=1 rev1=1 crypto rx=0x7f9bc0006fd0 tx=0x7f9bc0006e40 comp rx=0 tx=0).ready entity=mgr.14118 client_cookie=0 server_cookie=0 in_seq=0 out_seq=0
2024-04-23T10:17:09.716 INFO:teuthology.orchestra.run.smithi100.stdout:/usr/bin/ceph: stderr
2024-04-23T10:17:08.429+0000 7f9bc6ffd700 1 -- 172.21.15.100:0/1785256986 <== mon.0 v2:172.21.15.100:3300/0 6 ==== mon_command_ack([{"prefix": "get_command_descriptions"}]=0 v0) ==== 72+0+188370 (secure 0 0 0) 0x7f9bcc01f030 con 0x7f9bd007de30
2024-04-23T10:17:09.716 INFO:teuthology.orchestra.run.smithi100.stdout:/usr/bin/ceph: stderr
2024-04-23T10:17:08.629+0000 7f9bd7ba6700 1 -- 172.21.15.100:0/1785256986 --> [v2:172.21.15.100:3300/0,v1:172.21.15.100:6789/0] -- mon_command([{prefix=config set, name=mgr/dashboard/ssl_server_port}] v 0) -- 0x7f9bd01a1cb0 con 0x7f9bd007de30
2024-04-23T10:17:09.716 INFO:teuthology.orchestra.run.smithi100.stdout:/usr/bin/ceph: stderr
2024-04-23T10:17:08.631+0000 7f9bc6ffd700 1 -- 172.21.15.100:0/1785256986 <== mon.0 v2:172.21.15.100:3300/0 7 ==== mon_command_ack([{prefix=config set, name=mgr/dashboard/ssl_server_port}]=0 v8)=0 v8) ==== 130+0+0 (secure 0 0 0) 0x7f9bcc01bda0 con 0x7f9bd007de30
2024-04-23T10:17:09.716 INFO:teuthology.orchestra.run.smithi100.stdout:/usr/bin/ceph: stderr
2024-04-23T10:17:08.634+0000 7f9bd7ba6700 1 -- 172.21.15.100:0/1785256986 >> [v2:172.21.15.100:6800/1774288122,v1:172.21.15.100:6801/1774288122] conn(0x7f9bbc039560 msgr2=0x7f9bbc03ba20 secure :-1 s=STATE_CONNECTION_ESTABLISHED l=1).mark_down
2024-04-23T10:17:09.716 INFO:teuthology.orchestra.run.smithi100.stdout:/usr/bin/ceph: stderr
2024-04-23T10:17:08.634+0000 7f9bd7ba6700 1 --2- 172.21.15.100:0/1785256986 >> [v2:172.21.15.100:6800/1774288122,v1:172.21.15.100:6801/1774288122] conn(0x7f9bbc039560 0x7f9bbc03ba20 secure :-1 s=READY pgs=15 cs=0 l=1 rev1=1 crypto rx=0x7f9bc0006fd0 tx=0x7f9bc0006e40 comp rx=0 tx=0).stop
2024-04-23T10:17:09.716 INFO:teuthology.orchestra.run.smithi100.stdout:/usr/bin/ceph: stderr
2024-04-23T10:17:08.634+0000 7f9bd7ba6700 1 -- 172.21.15.100:0/1785256986 >> [v2:172.21.15.100:3300/0,v1:172.21.15.100:6789/0] conn(0x7f9bd007de30 msgr2=0x7f9bd019e620 secure :-1 s=STATE_CONNECTION_ESTABLISHED l=1).mark_down
2024-04-23T10:17:09.716 INFO:teuthology.orchestra.run.smithi100.stdout:/usr/bin/ceph: stderr
2024-04-23T10:17:08.634+0000 7f9bd7ba6700 1 --2- 172.21.15.100:0/1785256986 >> [v2:172.21.15.100:3300/0,v1:172.21.15.100:6789/0] conn(0x7f9bd007de30 0x7f9bd019e620 secure :-1 s=READY pgs=52 cs=0 l=1 rev1=1 crypto rx=0x7f9bcc0116e0 tx=0x7f9bcc011aa0 comp rx=0 tx=0).stop
2024-04-23T10:17:09.716 INFO:teuthology.orchestra.run.smithi100.stdout:/usr/bin/ceph: stderr
2024-04-23T10:17:08.634+0000 7f9bd7ba6700 1 -- 172.21.15.100:0/1785256986 shutdown_connections
2024-04-23T10:17:09.716 INFO:teuthology.orchestra.run.smithi100.stdout:/usr/bin/ceph: stderr
2024-04-23T10:17:08.634+0000 7f9bd7ba6700 1 --2- 172.21.15.100:0/1785256986 >> [v2:172.21.15.100:6800/1774288122,v1:172.21.15.100:6801/1774288122] conn(0x7f9bbc039560 0x7f9bbc03ba20 unknown :-1 s=CLOSED pgs=15 cs=0 l=1 rev1=1 crypto rx=0 tx=0 comp rx=0 tx=0).stop
2024-04-23T10:17:09.716 INFO:teuthology.orchestra.run.smithi100.stdout:/usr/bin/ceph: stderr
2024-04-23T10:17:08.634+0000 7f9bd7ba6700 1 --2- 172.21.15.100:0/1785256986 >> [v2:172.21.15.100:3300/0,v1:172.21.15.100:6789/0] conn(0x7f9bd007de30 0x7f9bd019e620 unknown :-1 s=CLOSED pgs=52 cs=0 l=1 rev1=1 crypto rx=0 tx=0 comp rx=0 tx=0).stop
2024-04-23T10:17:09.716 INFO:teuthology.orchestra.run.smithi100.stdout:/usr/bin/ceph: stderr
2024-04-23T10:17:08.634+0000 7f9bd7ba6700 1 -- 172.21.15.100:0/1785256986 >> 172.21.15.100:0/1785256986 conn(0x7f9bd0103b40 msgr2=0x7f9bd0104680 unknown :-1 s=STATE_NONE l=0).mark_down
2024-04-23T10:17:09.716 INFO:teuthology.orchestra.run.smithi100.stdout:/usr/bin/ceph: stderr
2024-04-23T10:17:08.634+0000 7f9bd7ba6700 1 -- 172.21.15.100:0/1785256986 shutdown_connections
2024-04-23T10:17:09.716 INFO:teuthology.orchestra.run.smithi100.stdout:/usr/bin/ceph: stderr
2024-04-23T10:17:08.634+0000 7f9bd7ba6700 1 -- 172.21.15.100:0/1785256986 wait complete.
2024-04-23T10:17:09.717 INFO:teuthology.orchestra.run.smithi100.stdout:Enabling the dashboard module...
2024-04-23T10:17:09.842 INFO:journalctl@ceph.mon.a.smithi100.stdout:Apr 23 10:17:09 smithi100 ceph-mon[29665]: from='client.? 172.21.15.100:0/1785256986' entity='client.admin'
2024-04-23T10:17:09.842 INFO:journalctl@ceph.mon.a.smithi100.stdout:Apr 23 10:17:09 smithi100 ceph-mon[29665]: from='mgr.14118 172.21.15.100:0/371044425' entity='mgr.x'
2024-04-23T10:17:10.666 INFO:journalctl@ceph.mon.a.smithi100.stdout:Apr 23 10:17:10 smithi100 ceph-mon[29665]: from='client.? 172.21.15.100:0/2112307866' entity='client.admin' cmd=[{"prefix": "mgr module enable", "module": "dashboard"}]: dispatch
2024-04-23T10:17:10.925 INFO:journalctl@ceph.mgr.x.smithi100.stdout:Apr 23 10:17:10 smithi100 ceph-b4179a58-0159-11ef-bc93-c7b262605968-mgr-x[29898]: ignoring --setuser ceph since I am not root
2024-04-23T10:17:10.925 INFO:journalctl@ceph.mgr.x.smithi100.stdout:Apr 23 10:17:10 smithi100 ceph-b4179a58-0159-11ef-bc93-c7b262605968-mgr-x[29898]: ignoring --setgroup ceph since I am not root
2024-04-23T10:17:10.925 INFO:journalctl@ceph.mgr.x.smithi100.stdout:Apr 23 10:17:10 smithi100 ceph-b4179a58-0159-11ef-bc93-c7b262605968-mgr-x[29898]:
2024-04-23T10:17:10.819+0000 7f82ff49f200 -1 mgr[py] Module balancer has missing NOTIFY_TYPES member
2024-04-23T10:17:11.295 INFO:journalctl@ceph.mgr.x.smithi100.stdout:Apr 23 10:17:11 smithi100 ceph-b4179a58-0159-11ef-bc93-c7b262605968-mgr-x[29898]:
2024-04-23T10:17:11.006+0000 7f82ff49f200 -1 mgr[py] Module orchestrator has missing NOTIFY_TYPES member
2024-04-23T10:17:11.295 INFO:journalctl@ceph.mgr.x.smithi100.stdout:Apr 23 10:17:11 smithi100 ceph-b4179a58-0159-11ef-bc93-c7b262605968-mgr-x[29898]:
2024-04-23T10:17:11.109+0000 7f82ff49f200 -1 mgr[py] Module snap_schedule has missing NOTIFY_TYPES member
2024-04-23T10:17:11.303 INFO:teuthology.orchestra.run.smithi100.stdout:/usr/bin/ceph: stderr
2024-04-23T10:17:10.138+0000 7fe19303d700 1 Processor -- start
2024-04-23T10:17:11.303 INFO:teuthology.orchestra.run.smithi100.stdout:/usr/bin/ceph: stderr
2024-04-23T10:17:10.138+0000 7fe19303d700 1 -- start start
2024-04-23T10:17:11.303 INFO:teuthology.orchestra.run.smithi100.stdout:/usr/bin/ceph: stderr
2024-04-23T10:17:10.138+0000 7fe19303d700 1 --2- >> [v2:172.21.15.100:3300/0,v1:172.21.15.100:6789/0] conn(0x7fe18c108620 0x7fe18c108a40 unknown :-1 s=NONE pgs=0 cs=0 l=0 rev1=0 crypto rx=0 tx=0 comp rx=0 tx=0).connect
2024-04-23T10:17:11.304 INFO:teuthology.orchestra.run.smithi100.stdout:/usr/bin/ceph: stderr
2024-04-23T10:17:10.138+0000 7fe19303d700 1 -- --> [v2:172.21.15.100:3300/0,v1:172.21.15.100:6789/0] -- mon_getmap magic: 0 -- 0x7fe18c109010 con 0x7fe18c108620
2024-04-23T10:17:11.304 INFO:teuthology.orchestra.run.smithi100.stdout:/usr/bin/ceph: stderr
2024-04-23T10:17:10.138+0000 7fe190dd9700 1 --2- >> [v2:172.21.15.100:3300/0,v1:172.21.15.100:6789/0] conn(0x7fe18c108620 0x7fe18c108a40 unknown :-1 s=BANNER_CONNECTING pgs=0 cs=0 l=0 rev1=0 crypto rx=0 tx=0 comp rx=0 tx=0)._handle_peer_banner_payload supported=3 required=0
2024-04-23T10:17:11.304 INFO:teuthology.orchestra.run.smithi100.stdout:/usr/bin/ceph: stderr
2024-04-23T10:17:10.139+0000 7fe190dd9700 1 --2- >> [v2:172.21.15.100:3300/0,v1:172.21.15.100:6789/0] conn(0x7fe18c108620 0x7fe18c108a40 unknown :-1 s=HELLO_CONNECTING pgs=0 cs=0 l=0 rev1=1 crypto rx=0 tx=0 comp rx=0 tx=0).handle_hello peer v2:172.21.15.100:3300/0 says I am v2:172.21.15.100:52272/0 (socket says 172.21.15.100:52272)
2024-04-23T10:17:11.304 INFO:teuthology.orchestra.run.smithi100.stdout:/usr/bin/ceph: stderr
2024-04-23T10:17:10.139+0000 7fe190dd9700 1 -- 172.21.15.100:0/745382090 learned_addr learned my addr 172.21.15.100:0/745382090 (peer_addr_for_me v2:172.21.15.100:0/0)
2024-04-23T10:17:11.304 INFO:teuthology.orchestra.run.smithi100.stdout:/usr/bin/ceph: stderr
2024-04-23T10:17:10.139+0000 7fe190dd9700 1 -- 172.21.15.100:0/745382090 --> [v2:172.21.15.100:3300/0,v1:172.21.15.100:6789/0] -- mon_subscribe({config=0+,monmap=0+}) -- 0x7fe18c1097d0 con 0x7fe18c108620
2024-04-23T10:17:11.304 INFO:teuthology.orchestra.run.smithi100.stdout:/usr/bin/ceph: stderr
2024-04-23T10:17:10.139+0000 7fe190dd9700 1 --2- 172.21.15.100:0/745382090 >> [v2:172.21.15.100:3300/0,v1:172.21.15.100:6789/0] conn(0x7fe18c108620 0x7fe18c108a40 secure :-1 s=READY pgs=53 cs=0 l=1 rev1=1 crypto rx=0x7fe1800098a0 tx=0x7fe180009bb0 comp rx=0 tx=0).ready entity=mon.0 client_cookie=cd337a6e288b10c5 server_cookie=0 in_seq=0 out_seq=0
2024-04-23T10:17:11.304 INFO:teuthology.orchestra.run.smithi100.stdout:/usr/bin/ceph: stderr
2024-04-23T10:17:10.139+0000 7fe18b7fe700 1 -- 172.21.15.100:0/745382090 <== mon.0 v2:172.21.15.100:3300/0 1 ==== mon_map magic: 0 ==== 205+0+0 (secure 0 0 0) 0x7fe180004160 con 0x7fe18c108620
2024-04-23T10:17:11.304 INFO:teuthology.orchestra.run.smithi100.stdout:/usr/bin/ceph: stderr
2024-04-23T10:17:10.139+0000 7fe18b7fe700 1 -- 172.21.15.100:0/745382090 <== mon.0 v2:172.21.15.100:3300/0 2 ==== config(26 keys) ==== 1101+0+0 (secure 0 0 0) 0x7fe180004300 con 0x7fe18c108620
2024-04-23T10:17:11.304 INFO:teuthology.orchestra.run.smithi100.stdout:/usr/bin/ceph: stderr
2024-04-23T10:17:10.139+0000 7fe18b7fe700 1 -- 172.21.15.100:0/745382090 <== mon.0 v2:172.21.15.100:3300/0 3 ==== mon_map magic: 0 ==== 205+0+0 (secure 0 0 0) 0x7fe180011a20 con 0x7fe18c108620
2024-04-23T10:17:11.304 INFO:teuthology.orchestra.run.smithi100.stdout:/usr/bin/ceph: stderr
2024-04-23T10:17:10.140+0000 7fe19303d700 1 -- 172.21.15.100:0/745382090 >> [v2:172.21.15.100:3300/0,v1:172.21.15.100:6789/0] conn(0x7fe18c108620 msgr2=0x7fe18c108a40 secure :-1 s=STATE_CONNECTION_ESTABLISHED l=1).mark_down
2024-04-23T10:17:11.304 INFO:teuthology.orchestra.run.smithi100.stdout:/usr/bin/ceph: stderr
2024-04-23T10:17:10.140+0000 7fe19303d700 1 --2- 172.21.15.100:0/745382090 >> [v2:172.21.15.100:3300/0,v1:172.21.15.100:6789/0] conn(0x7fe18c108620 0x7fe18c108a40 secure :-1 s=READY pgs=53 cs=0 l=1 rev1=1 crypto rx=0x7fe1800098a0 tx=0x7fe180009bb0 comp rx=0 tx=0).stop
2024-04-23T10:17:11.304 INFO:teuthology.orchestra.run.smithi100.stdout:/usr/bin/ceph: stderr
2024-04-23T10:17:10.140+0000 7fe19303d700 1 -- 172.21.15.100:0/745382090 shutdown_connections
2024-04-23T10:17:11.305 INFO:teuthology.orchestra.run.smithi100.stdout:/usr/bin/ceph: stderr
2024-04-23T10:17:10.140+0000 7fe19303d700 1 --2- 172.21.15.100:0/745382090 >> [v2:172.21.15.100:3300/0,v1:172.21.15.100:6789/0] conn(0x7fe18c108620 0x7fe18c108a40 unknown :-1 s=CLOSED pgs=53 cs=0 l=1 rev1=1 crypto rx=0 tx=0 comp rx=0 tx=0).stop
2024-04-23T10:17:11.305 INFO:teuthology.orchestra.run.smithi100.stdout:/usr/bin/ceph: stderr
2024-04-23T10:17:10.140+0000 7fe19303d700 1 -- 172.21.15.100:0/745382090 >> 172.21.15.100:0/745382090 conn(0x7fe18c103c60 msgr2=0x7fe18c106080 unknown :-1 s=STATE_NONE l=0).mark_down
2024-04-23T10:17:11.305 INFO:teuthology.orchestra.run.smithi100.stdout:/usr/bin/ceph: stderr
2024-04-23T10:17:10.140+0000 7fe19303d700 1 -- 172.21.15.100:0/745382090 shutdown_connections
2024-04-23T10:17:11.305 INFO:teuthology.orchestra.run.smithi100.stdout:/usr/bin/ceph: stderr
2024-04-23T10:17:10.140+0000 7fe19303d700 1 -- 172.21.15.100:0/745382090 wait complete.
2024-04-23T10:17:11.305 INFO:teuthology.orchestra.run.smithi100.stdout:/usr/bin/ceph: stderr
2024-04-23T10:17:10.140+0000 7fe19303d700 1 Processor -- start
2024-04-23T10:17:11.305 INFO:teuthology.orchestra.run.smithi100.stdout:/usr/bin/ceph: stderr
2024-04-23T10:17:10.140+0000 7fe19303d700 1 -- start start
2024-04-23T10:17:11.305 INFO:teuthology.orchestra.run.smithi100.stdout:/usr/bin/ceph: stderr
2024-04-23T10:17:10.140+0000 7fe19303d700 1 --2- >> [v2:172.21.15.100:3300/0,v1:172.21.15.100:6789/0] conn(0x7fe18c108620 0x7fe18c19c490 unknown :-1 s=NONE pgs=0 cs=0 l=1 rev1=0 crypto rx=0 tx=0 comp rx=0 tx=0).connect
2024-04-23T10:17:11.305 INFO:teuthology.orchestra.run.smithi100.stdout:/usr/bin/ceph: stderr
2024-04-23T10:17:10.140+0000 7fe19303d700 1 -- --> [v2:172.21.15.100:3300/0,v1:172.21.15.100:6789/0] -- mon_getmap magic: 0 -- 0x7fe18c10cb80 con 0x7fe18c108620
2024-04-23T10:17:11.305 INFO:teuthology.orchestra.run.smithi100.stdout:/usr/bin/ceph: stderr
2024-04-23T10:17:10.141+0000 7fe190dd9700 1 --2- >> [v2:172.21.15.100:3300/0,v1:172.21.15.100:6789/0] conn(0x7fe18c108620 0x7fe18c19c490 unknown :-1 s=BANNER_CONNECTING pgs=0 cs=0 l=1 rev1=0 crypto rx=0 tx=0 comp rx=0 tx=0)._handle_peer_banner_payload supported=3 required=0
2024-04-23T10:17:11.305 INFO:teuthology.orchestra.run.smithi100.stdout:/usr/bin/ceph: stderr
2024-04-23T10:17:10.141+0000 7fe190dd9700 1 --2- >> [v2:172.21.15.100:3300/0,v1:172.21.15.100:6789/0] conn(0x7fe18c108620 0x7fe18c19c490 unknown :-1 s=HELLO_CONNECTING pgs=0 cs=0 l=1 rev1=1 crypto rx=0 tx=0 comp rx=0 tx=0).handle_hello peer v2:172.21.15.100:3300/0 says I am v2:172.21.15.100:52278/0 (socket says 172.21.15.100:52278)
2024-04-23T10:17:11.305 INFO:teuthology.orchestra.run.smithi100.stdout:/usr/bin/ceph: stderr
2024-04-23T10:17:10.141+0000 7fe190dd9700 1 -- 172.21.15.100:0/2112307866 learned_addr learned my addr 172.21.15.100:0/2112307866 (peer_addr_for_me v2:172.21.15.100:0/0)
2024-04-23T10:17:11.305 INFO:teuthology.orchestra.run.smithi100.stdout:/usr/bin/ceph: stderr
2024-04-23T10:17:10.141+0000 7fe190dd9700 1 -- 172.21.15.100:0/2112307866 --> [v2:172.21.15.100:3300/0,v1:172.21.15.100:6789/0] -- mon_subscribe({config=0+,monmap=0+}) -- 0x7fe18c19c9d0 con 0x7fe18c108620
2024-04-23T10:17:11.305 INFO:teuthology.orchestra.run.smithi100.stdout:/usr/bin/ceph: stderr
2024-04-23T10:17:10.141+0000 7fe190dd9700 1 --2- 172.21.15.100:0/2112307866 >> [v2:172.21.15.100:3300/0,v1:172.21.15.100:6789/0] conn(0x7fe18c108620 0x7fe18c19c490 secure :-1 s=READY pgs=54 cs=0 l=1 rev1=1 crypto rx=0x7fe1800119f0 tx=0x7fe180011ad0 comp rx=0 tx=0).ready entity=mon.0 client_cookie=0 server_cookie=0 in_seq=0 out_seq=0
2024-04-23T10:17:11.305 INFO:teuthology.orchestra.run.smithi100.stdout:/usr/bin/ceph: stderr
2024-04-23T10:17:10.141+0000 7fe189ffb700 1 -- 172.21.15.100:0/2112307866 <== mon.0 v2:172.21.15.100:3300/0 1 ==== mon_map magic: 0 ==== 205+0+0 (secure 0 0 0) 0x7fe1800039e0 con 0x7fe18c108620
2024-04-23T10:17:11.306 INFO:teuthology.orchestra.run.smithi100.stdout:/usr/bin/ceph: stderr
2024-04-23T10:17:10.141+0000 7fe189ffb700 1 -- 172.21.15.100:0/2112307866 <== mon.0 v2:172.21.15.100:3300/0 2 ==== config(26 keys) ==== 1101+0+0 (secure 0 0 0) 0x7fe18001b8f0 con 0x7fe18c108620
2024-04-23T10:17:11.306 INFO:teuthology.orchestra.run.smithi100.stdout:/usr/bin/ceph: stderr
2024-04-23T10:17:10.141+0000 7fe19303d700 1 -- 172.21.15.100:0/2112307866 --> [v2:172.21.15.100:3300/0,v1:172.21.15.100:6789/0] -- mon_subscribe({mgrmap=0+}) -- 0x7fe18c19cc60 con 0x7fe18c108620
2024-04-23T10:17:11.306 INFO:teuthology.orchestra.run.smithi100.stdout:/usr/bin/ceph: stderr
2024-04-23T10:17:10.141+0000 7fe189ffb700 1 -- 172.21.15.100:0/2112307866 <== mon.0 v2:172.21.15.100:3300/0 3 ==== mon_map magic: 0 ==== 205+0+0 (secure 0 0 0) 0x7fe1800237a0 con 0x7fe18c108620
2024-04-23T10:17:11.306 INFO:teuthology.orchestra.run.smithi100.stdout:/usr/bin/ceph: stderr
2024-04-23T10:17:10.141+0000 7fe19303d700 1 -- 172.21.15.100:0/2112307866 --> [v2:172.21.15.100:3300/0,v1:172.21.15.100:6789/0] -- mon_subscribe({osdmap=0}) -- 0x7fe18c19f950 con 0x7fe18c108620
2024-04-23T10:17:11.306 INFO:teuthology.orchestra.run.smithi100.stdout:/usr/bin/ceph: stderr
2024-04-23T10:17:10.142+0000 7fe189ffb700 1 -- 172.21.15.100:0/2112307866 <== mon.0 v2:172.21.15.100:3300/0 4 ==== mgrmap(e 8) ==== 46558+0+0 (secure 0 0 0) 0x7fe180023aa0 con 0x7fe18c108620
2024-04-23T10:17:11.306 INFO:teuthology.orchestra.run.smithi100.stdout:/usr/bin/ceph: stderr
2024-04-23T10:17:10.142+0000 7fe19303d700 1 -- 172.21.15.100:0/2112307866 --> [v2:172.21.15.100:3300/0,v1:172.21.15.100:6789/0] -- mon_command({"prefix": "get_command_descriptions"} v 0) -- 0x7fe18c10cd00 con 0x7fe18c108620
2024-04-23T10:17:11.306 INFO:teuthology.orchestra.run.smithi100.stdout:/usr/bin/ceph: stderr
2024-04-23T10:17:10.143+0000 7fe189ffb700 1 --2- 172.21.15.100:0/2112307866 >> [v2:172.21.15.100:6800/1774288122,v1:172.21.15.100:6801/1774288122] conn(0x7fe17c039560 0x7fe17c03ba20 unknown :-1 s=NONE pgs=0 cs=0 l=1 rev1=0 crypto rx=0 tx=0 comp rx=0 tx=0).connect
2024-04-23T10:17:11.306 INFO:teuthology.orchestra.run.smithi100.stdout:/usr/bin/ceph: stderr
2024-04-23T10:17:10.143+0000 7fe189ffb700 1 -- 172.21.15.100:0/2112307866 <== mon.0 v2:172.21.15.100:3300/0 5 ==== osd_map(2..2 src has 1..2) ==== 940+0+0 (secure 0 0 0) 0x7fe18004df30 con 0x7fe18c108620
2024-04-23T10:17:11.306 INFO:teuthology.orchestra.run.smithi100.stdout:/usr/bin/ceph: stderr
2024-04-23T10:17:10.143+0000 7fe18bfff700 1 --2- 172.21.15.100:0/2112307866 >> [v2:172.21.15.100:6800/1774288122,v1:172.21.15.100:6801/1774288122] conn(0x7fe17c039560 0x7fe17c03ba20 unknown :-1 s=BANNER_CONNECTING pgs=0 cs=0 l=1 rev1=0 crypto rx=0 tx=0 comp rx=0 tx=0)._handle_peer_banner_payload supported=3 required=0
2024-04-23T10:17:11.306 INFO:teuthology.orchestra.run.smithi100.stdout:/usr/bin/ceph: stderr
2024-04-23T10:17:10.143+0000 7fe18bfff700 1 --2- 172.21.15.100:0/2112307866 >> [v2:172.21.15.100:6800/1774288122,v1:172.21.15.100:6801/1774288122] conn(0x7fe17c039560 0x7fe17c03ba20 secure :-1 s=READY pgs=16 cs=0 l=1 rev1=1 crypto rx=0x7fe178006fd0 tx=0x7fe178006e40 comp rx=0 tx=0).ready entity=mgr.14118 client_cookie=0 server_cookie=0 in_seq=0 out_seq=0
