2024-04-23T10:16:42.351 INFO:teuthology.orchestra.run.smithi100.stdout:/usr/bin/ceph: stderr
2024-04-23T10:16:41.773+0000 7f8bc2c25700 1 --2- 172.21.15.100:0/1213412882 >> [v2:172.21.15.100:3300/0,v1:172.21.15.100:6789/0] conn(0x7f8bbc109080 0x7f8bbc19e6c0 unknown :-1 s=CLOSED pgs=17 cs=0 l=1 rev1=1 crypto rx=0 tx=0 comp rx=0 tx=0).stop
2024-04-23T10:16:42.351 INFO:teuthology.orchestra.run.smithi100.stdout:/usr/bin/ceph: stderr
2024-04-23T10:16:41.773+0000 7f8bc2c25700 1 -- 172.21.15.100:0/1213412882 >> 172.21.15.100:0/1213412882 conn(0x7f8bbc102ad0 msgr2=0x7f8bbc103560 unknown :-1 s=STATE_NONE l=0).mark_down
2024-04-23T10:16:42.351 INFO:teuthology.orchestra.run.smithi100.stdout:/usr/bin/ceph: stderr
2024-04-23T10:16:41.774+0000 7f8bc2c25700 1 -- 172.21.15.100:0/1213412882 shutdown_connections
2024-04-23T10:16:42.351 INFO:teuthology.orchestra.run.smithi100.stdout:/usr/bin/ceph: stderr
2024-04-23T10:16:41.774+0000 7f8bc2c25700 1 -- 172.21.15.100:0/1213412882 wait complete.
2024-04-23T10:16:42.351 INFO:teuthology.orchestra.run.smithi100.stdout:mgr is available
2024-04-23T10:16:42.729 INFO:journalctl@ceph.mon.a.smithi100.stdout:Apr 23 10:16:42 smithi100 ceph-mon[29665]: from='client.? 172.21.15.100:0/1213412882' entity='client.admin' cmd=[{"prefix": "status", "format": "json-pretty"}]: dispatch
2024-04-23T10:16:43.926 INFO:journalctl@ceph.mon.a.smithi100.stdout:Apr 23 10:16:43 smithi100 ceph-mon[29665]: from='client.? 172.21.15.100:0/3545368918' entity='client.admin' cmd=[{"prefix": "config assimilate-conf"}]: dispatch
2024-04-23T10:16:44.023 INFO:teuthology.orchestra.run.smithi100.stdout:/usr/bin/ceph: stdout
2024-04-23T10:16:44.023 INFO:teuthology.orchestra.run.smithi100.stdout:/usr/bin/ceph: stdout [global]
2024-04-23T10:16:44.023 INFO:teuthology.orchestra.run.smithi100.stdout:/usr/bin/ceph: stdout fsid = b4179a58-0159-11ef-bc93-c7b262605968
2024-04-23T10:16:44.023 INFO:teuthology.orchestra.run.smithi100.stdout:/usr/bin/ceph: stdout mon_cluster_log_file_level = debug
2024-04-23T10:16:44.023 INFO:teuthology.orchestra.run.smithi100.stdout:/usr/bin/ceph: stdout mon_osd_allow_pg_remap = true
2024-04-23T10:16:44.023 INFO:teuthology.orchestra.run.smithi100.stdout:/usr/bin/ceph: stdout mon_osd_allow_primary_affinity = true
2024-04-23T10:16:44.023 INFO:teuthology.orchestra.run.smithi100.stdout:/usr/bin/ceph: stdout mon_warn_on_no_sortbitwise = false
2024-04-23T10:16:44.024 INFO:teuthology.orchestra.run.smithi100.stdout:/usr/bin/ceph: stdout osd_crush_chooseleaf_type = 0
2024-04-23T10:16:44.024 INFO:teuthology.orchestra.run.smithi100.stdout:/usr/bin/ceph: stdout
2024-04-23T10:16:44.024 INFO:teuthology.orchestra.run.smithi100.stdout:/usr/bin/ceph: stdout [mgr]
2024-04-23T10:16:44.024 INFO:teuthology.orchestra.run.smithi100.stdout:/usr/bin/ceph: stdout mgr/telemetry/nag = false
2024-04-23T10:16:44.024 INFO:teuthology.orchestra.run.smithi100.stdout:/usr/bin/ceph: stdout
2024-04-23T10:16:44.024 INFO:teuthology.orchestra.run.smithi100.stdout:/usr/bin/ceph: stdout [osd]
2024-04-23T10:16:44.024 INFO:teuthology.orchestra.run.smithi100.stdout:/usr/bin/ceph: stdout bdev_async_discard = True
2024-04-23T10:16:44.024 INFO:teuthology.orchestra.run.smithi100.stdout:/usr/bin/ceph: stdout mon_osd_backfillfull_ratio = 0.85
2024-04-23T10:16:44.024 INFO:teuthology.orchestra.run.smithi100.stdout:/usr/bin/ceph: stdout mon_osd_full_ratio = 0.9
2024-04-23T10:16:44.024 INFO:teuthology.orchestra.run.smithi100.stdout:/usr/bin/ceph: stdout mon_osd_nearfull_ratio = 0.8
2024-04-23T10:16:44.024 INFO:teuthology.orchestra.run.smithi100.stdout:/usr/bin/ceph: stdout osd_map_max_advance = 10
2024-04-23T10:16:44.024 INFO:teuthology.orchestra.run.smithi100.stdout:/usr/bin/ceph: stdout osd_sloppy_crc = true
2024-04-23T10:16:44.025 INFO:teuthology.orchestra.run.smithi100.stdout:/usr/bin/ceph: stderr
2024-04-23T10:16:42.737+0000 7f8349a90700 1 Processor -- start
2024-04-23T10:16:44.025 INFO:teuthology.orchestra.run.smithi100.stdout:/usr/bin/ceph: stderr
2024-04-23T10:16:42.737+0000 7f8349a90700 1 -- start start
2024-04-23T10:16:44.025 INFO:teuthology.orchestra.run.smithi100.stdout:/usr/bin/ceph: stderr
2024-04-23T10:16:42.737+0000 7f8349a90700 1 --2- >> [v2:172.21.15.100:3300/0,v1:172.21.15.100:6789/0] conn(0x7f8344108ad0 0x7f8344108ef0 unknown :-1 s=NONE pgs=0 cs=0 l=0 rev1=0 crypto rx=0 tx=0 comp rx=0 tx=0).connect
2024-04-23T10:16:44.025 INFO:teuthology.orchestra.run.smithi100.stdout:/usr/bin/ceph: stderr
2024-04-23T10:16:42.737+0000 7f8349a90700 1 -- --> [v2:172.21.15.100:3300/0,v1:172.21.15.100:6789/0] -- mon_getmap magic: 0 -- 0x7f83441094c0 con 0x7f8344108ad0
2024-04-23T10:16:44.025 INFO:teuthology.orchestra.run.smithi100.stdout:/usr/bin/ceph: stderr
2024-04-23T10:16:42.737+0000 7f83437fe700 1 --2- >> [v2:172.21.15.100:3300/0,v1:172.21.15.100:6789/0] conn(0x7f8344108ad0 0x7f8344108ef0 unknown :-1 s=BANNER_CONNECTING pgs=0 cs=0 l=0 rev1=0 crypto rx=0 tx=0 comp rx=0 tx=0)._handle_peer_banner_payload supported=3 required=0
2024-04-23T10:16:44.025 INFO:teuthology.orchestra.run.smithi100.stdout:/usr/bin/ceph: stderr
2024-04-23T10:16:42.737+0000 7f83437fe700 1 --2- >> [v2:172.21.15.100:3300/0,v1:172.21.15.100:6789/0] conn(0x7f8344108ad0 0x7f8344108ef0 unknown :-1 s=HELLO_CONNECTING pgs=0 cs=0 l=0 rev1=1 crypto rx=0 tx=0 comp rx=0 tx=0).handle_hello peer v2:172.21.15.100:3300/0 says I am v2:172.21.15.100:56836/0 (socket says 172.21.15.100:56836)
2024-04-23T10:16:44.025 INFO:teuthology.orchestra.run.smithi100.stdout:/usr/bin/ceph: stderr
2024-04-23T10:16:42.737+0000 7f83437fe700 1 -- 172.21.15.100:0/1969455551 learned_addr learned my addr 172.21.15.100:0/1969455551 (peer_addr_for_me v2:172.21.15.100:0/0)
2024-04-23T10:16:44.025 INFO:teuthology.orchestra.run.smithi100.stdout:/usr/bin/ceph: stderr
2024-04-23T10:16:42.738+0000 7f83437fe700 1 -- 172.21.15.100:0/1969455551 --> [v2:172.21.15.100:3300/0,v1:172.21.15.100:6789/0] -- mon_subscribe({config=0+,monmap=0+}) -- 0x7f83441076e0 con 0x7f8344108ad0
2024-04-23T10:16:44.025 INFO:teuthology.orchestra.run.smithi100.stdout:/usr/bin/ceph: stderr
2024-04-23T10:16:42.738+0000 7f83437fe700 1 --2- 172.21.15.100:0/1969455551 >> [v2:172.21.15.100:3300/0,v1:172.21.15.100:6789/0] conn(0x7f8344108ad0 0x7f8344108ef0 secure :-1 s=READY pgs=18 cs=0 l=1 rev1=1 crypto rx=0x7f83340098a0 tx=0x7f8334009bb0 comp rx=0 tx=0).ready entity=mon.0 client_cookie=c7b1282260c25d26 server_cookie=0 in_seq=0 out_seq=0
2024-04-23T10:16:44.025 INFO:teuthology.orchestra.run.smithi100.stdout:/usr/bin/ceph: stderr
2024-04-23T10:16:42.738+0000 7f83427fc700 1 -- 172.21.15.100:0/1969455551 <== mon.0 v2:172.21.15.100:3300/0 1 ==== mon_map magic: 0 ==== 205+0+0 (secure 0 0 0) 0x7f8334004160 con 0x7f8344108ad0
2024-04-23T10:16:44.025 INFO:teuthology.orchestra.run.smithi100.stdout:/usr/bin/ceph: stderr
2024-04-23T10:16:42.738+0000 7f83427fc700 1 -- 172.21.15.100:0/1969455551 <== mon.0 v2:172.21.15.100:3300/0 2 ==== config(26 keys) ==== 1070+0+0 (secure 0 0 0) 0x7f8334004300 con 0x7f8344108ad0
2024-04-23T10:16:44.025 INFO:teuthology.orchestra.run.smithi100.stdout:/usr/bin/ceph: stderr
2024-04-23T10:16:42.738+0000 7f83427fc700 1 -- 172.21.15.100:0/1969455551 <== mon.0 v2:172.21.15.100:3300/0 3 ==== mon_map magic: 0 ==== 205+0+0 (secure 0 0 0) 0x7f8334011af0 con 0x7f8344108ad0
2024-04-23T10:16:44.026 INFO:teuthology.orchestra.run.smithi100.stdout:/usr/bin/ceph: stderr
2024-04-23T10:16:42.739+0000 7f8349a90700 1 -- 172.21.15.100:0/1969455551 >> [v2:172.21.15.100:3300/0,v1:172.21.15.100:6789/0] conn(0x7f8344108ad0 msgr2=0x7f8344108ef0 secure :-1 s=STATE_CONNECTION_ESTABLISHED l=1).mark_down
2024-04-23T10:16:44.026 INFO:teuthology.orchestra.run.smithi100.stdout:/usr/bin/ceph: stderr
2024-04-23T10:16:42.739+0000 7f8349a90700 1 --2- 172.21.15.100:0/1969455551 >> [v2:172.21.15.100:3300/0,v1:172.21.15.100:6789/0] conn(0x7f8344108ad0 0x7f8344108ef0 secure :-1 s=READY pgs=18 cs=0 l=1 rev1=1 crypto rx=0x7f83340098a0 tx=0x7f8334009bb0 comp rx=0 tx=0).stop
2024-04-23T10:16:44.026 INFO:teuthology.orchestra.run.smithi100.stdout:/usr/bin/ceph: stderr
2024-04-23T10:16:42.739+0000 7f8349a90700 1 -- 172.21.15.100:0/1969455551 shutdown_connections
2024-04-23T10:16:44.026 INFO:teuthology.orchestra.run.smithi100.stdout:/usr/bin/ceph: stderr
2024-04-23T10:16:42.739+0000 7f8349a90700 1 --2- 172.21.15.100:0/1969455551 >> [v2:172.21.15.100:3300/0,v1:172.21.15.100:6789/0] conn(0x7f8344108ad0 0x7f8344108ef0 unknown :-1 s=CLOSED pgs=18 cs=0 l=1 rev1=1 crypto rx=0 tx=0 comp rx=0 tx=0).stop
2024-04-23T10:16:44.026 INFO:teuthology.orchestra.run.smithi100.stdout:/usr/bin/ceph: stderr
2024-04-23T10:16:42.739+0000 7f8349a90700 1 -- 172.21.15.100:0/1969455551 >> 172.21.15.100:0/1969455551 conn(0x7f8344102230 msgr2=0x7f8344104650 unknown :-1 s=STATE_NONE l=0).mark_down
2024-04-23T10:16:44.026 INFO:teuthology.orchestra.run.smithi100.stdout:/usr/bin/ceph: stderr
2024-04-23T10:16:42.739+0000 7f8349a90700 1 -- 172.21.15.100:0/1969455551 shutdown_connections
2024-04-23T10:16:44.026 INFO:teuthology.orchestra.run.smithi100.stdout:/usr/bin/ceph: stderr
2024-04-23T10:16:42.739+0000 7f8349a90700 1 -- 172.21.15.100:0/1969455551 wait complete.
2024-04-23T10:16:44.026 INFO:teuthology.orchestra.run.smithi100.stdout:/usr/bin/ceph: stderr
2024-04-23T10:16:42.739+0000 7f8349a90700 1 Processor -- start
2024-04-23T10:16:44.026 INFO:teuthology.orchestra.run.smithi100.stdout:/usr/bin/ceph: stderr
2024-04-23T10:16:42.739+0000 7f8349a90700 1 -- start start
2024-04-23T10:16:44.026 INFO:teuthology.orchestra.run.smithi100.stdout:/usr/bin/ceph: stderr
2024-04-23T10:16:42.740+0000 7f8349a90700 1 --2- >> [v2:172.21.15.100:3300/0,v1:172.21.15.100:6789/0] conn(0x7f8344108ad0 0x7f834419b3e0 unknown :-1 s=NONE pgs=0 cs=0 l=1 rev1=0 crypto rx=0 tx=0 comp rx=0 tx=0).connect
2024-04-23T10:16:44.026 INFO:teuthology.orchestra.run.smithi100.stdout:/usr/bin/ceph: stderr
2024-04-23T10:16:42.740+0000 7f8349a90700 1 -- --> [v2:172.21.15.100:3300/0,v1:172.21.15.100:6789/0] -- mon_getmap magic: 0 -- 0x7f834410b920 con 0x7f8344108ad0
2024-04-23T10:16:44.027 INFO:teuthology.orchestra.run.smithi100.stdout:/usr/bin/ceph: stderr
2024-04-23T10:16:42.740+0000 7f83437fe700 1 --2- >> [v2:172.21.15.100:3300/0,v1:172.21.15.100:6789/0] conn(0x7f8344108ad0 0x7f834419b3e0 unknown :-1 s=BANNER_CONNECTING pgs=0 cs=0 l=1 rev1=0 crypto rx=0 tx=0 comp rx=0 tx=0)._handle_peer_banner_payload supported=3 required=0
2024-04-23T10:16:44.027 INFO:teuthology.orchestra.run.smithi100.stdout:/usr/bin/ceph: stderr
2024-04-23T10:16:42.740+0000 7f83437fe700 1 --2- >> [v2:172.21.15.100:3300/0,v1:172.21.15.100:6789/0] conn(0x7f8344108ad0 0x7f834419b3e0 unknown :-1 s=HELLO_CONNECTING pgs=0 cs=0 l=1 rev1=1 crypto rx=0 tx=0 comp rx=0 tx=0).handle_hello peer v2:172.21.15.100:3300/0 says I am v2:172.21.15.100:56842/0 (socket says 172.21.15.100:56842)
2024-04-23T10:16:44.027 INFO:teuthology.orchestra.run.smithi100.stdout:/usr/bin/ceph: stderr
2024-04-23T10:16:42.740+0000 7f83437fe700 1 -- 172.21.15.100:0/3545368918 learned_addr learned my addr 172.21.15.100:0/3545368918 (peer_addr_for_me v2:172.21.15.100:0/0)
2024-04-23T10:16:44.027 INFO:teuthology.orchestra.run.smithi100.stdout:/usr/bin/ceph: stderr
2024-04-23T10:16:42.740+0000 7f83437fe700 1 -- 172.21.15.100:0/3545368918 --> [v2:172.21.15.100:3300/0,v1:172.21.15.100:6789/0] -- mon_subscribe({config=0+,monmap=0+}) -- 0x7f834419b920 con 0x7f8344108ad0
2024-04-23T10:16:44.027 INFO:teuthology.orchestra.run.smithi100.stdout:/usr/bin/ceph: stderr
2024-04-23T10:16:42.740+0000 7f83437fe700 1 --2- 172.21.15.100:0/3545368918 >> [v2:172.21.15.100:3300/0,v1:172.21.15.100:6789/0] conn(0x7f8344108ad0 0x7f834419b3e0 secure :-1 s=READY pgs=19 cs=0 l=1 rev1=1 crypto rx=0x7f8334000c00 tx=0x7f8334011b70 comp rx=0 tx=0).ready entity=mon.0 client_cookie=0 server_cookie=0 in_seq=0 out_seq=0
2024-04-23T10:16:44.027 INFO:teuthology.orchestra.run.smithi100.stdout:/usr/bin/ceph: stderr
2024-04-23T10:16:42.740+0000 7f8340ff9700 1 -- 172.21.15.100:0/3545368918 <== mon.0 v2:172.21.15.100:3300/0 1 ==== mon_map magic: 0 ==== 205+0+0 (secure 0 0 0) 0x7f8334003b20 con 0x7f8344108ad0
2024-04-23T10:16:44.027 INFO:teuthology.orchestra.run.smithi100.stdout:/usr/bin/ceph: stderr
2024-04-23T10:16:42.740+0000 7f8349a90700 1 -- 172.21.15.100:0/3545368918 --> [v2:172.21.15.100:3300/0,v1:172.21.15.100:6789/0] -- mon_subscribe({mgrmap=0+}) -- 0x7f834419bbb0 con 0x7f8344108ad0
2024-04-23T10:16:44.027 INFO:teuthology.orchestra.run.smithi100.stdout:/usr/bin/ceph: stderr
2024-04-23T10:16:42.740+0000 7f8340ff9700 1 -- 172.21.15.100:0/3545368918 <== mon.0 v2:172.21.15.100:3300/0 2 ==== config(26 keys) ==== 1070+0+0 (secure 0 0 0) 0x7f833401a8c0 con 0x7f8344108ad0
2024-04-23T10:16:44.027 INFO:teuthology.orchestra.run.smithi100.stdout:/usr/bin/ceph: stderr
2024-04-23T10:16:42.740+0000 7f8340ff9700 1 -- 172.21.15.100:0/3545368918 <== mon.0 v2:172.21.15.100:3300/0 3 ==== mon_map magic: 0 ==== 205+0+0 (secure 0 0 0) 0x7f8334024940 con 0x7f8344108ad0
2024-04-23T10:16:44.027 INFO:teuthology.orchestra.run.smithi100.stdout:/usr/bin/ceph: stderr
2024-04-23T10:16:42.740+0000 7f8349a90700 1 -- 172.21.15.100:0/3545368918 --> [v2:172.21.15.100:3300/0,v1:172.21.15.100:6789/0] -- mon_subscribe({osdmap=0}) -- 0x7f834419e8a0 con 0x7f8344108ad0
2024-04-23T10:16:44.027 INFO:teuthology.orchestra.run.smithi100.stdout:/usr/bin/ceph: stderr
2024-04-23T10:16:42.741+0000 7f8340ff9700 1 -- 172.21.15.100:0/3545368918 <== mon.0 v2:172.21.15.100:3300/0 4 ==== mgrmap(e 4) ==== 46547+0+0 (secure 0 0 0) 0x7f8334022020 con 0x7f8344108ad0
2024-04-23T10:16:44.028 INFO:teuthology.orchestra.run.smithi100.stdout:/usr/bin/ceph: stderr
2024-04-23T10:16:42.741+0000 7f8340ff9700 1 --2- 172.21.15.100:0/3545368918 >> [v2:172.21.15.100:6800/1904049686,v1:172.21.15.100:6801/1904049686] conn(0x7f832c0395b0 0x7f832c03ba70 unknown :-1 s=NONE pgs=0 cs=0 l=1 rev1=0 crypto rx=0 tx=0 comp rx=0 tx=0).connect
2024-04-23T10:16:44.028 INFO:teuthology.orchestra.run.smithi100.stdout:/usr/bin/ceph: stderr
2024-04-23T10:16:42.741+0000 7f8340ff9700 1 -- 172.21.15.100:0/3545368918 <== mon.0 v2:172.21.15.100:3300/0 5 ==== osd_map(1..1 src has 1..1) ==== 725+0+0 (secure 0 0 0) 0x7f833404e7f0 con 0x7f8344108ad0
2024-04-23T10:16:44.028 INFO:teuthology.orchestra.run.smithi100.stdout:/usr/bin/ceph: stderr
2024-04-23T10:16:42.741+0000 7f8342ffd700 1 --2- 172.21.15.100:0/3545368918 >> [v2:172.21.15.100:6800/1904049686,v1:172.21.15.100:6801/1904049686] conn(0x7f832c0395b0 0x7f832c03ba70 unknown :-1 s=BANNER_CONNECTING pgs=0 cs=0 l=1 rev1=0 crypto rx=0 tx=0 comp rx=0 tx=0)._handle_peer_banner_payload supported=3 required=0
2024-04-23T10:16:44.028 INFO:teuthology.orchestra.run.smithi100.stdout:/usr/bin/ceph: stderr
2024-04-23T10:16:42.741+0000 7f8349a90700 1 -- 172.21.15.100:0/3545368918 --> [v2:172.21.15.100:3300/0,v1:172.21.15.100:6789/0] -- mon_command({"prefix": "get_command_descriptions"} v 0) -- 0x7f834410baa0 con 0x7f8344108ad0
2024-04-23T10:16:44.028 INFO:teuthology.orchestra.run.smithi100.stdout:/usr/bin/ceph: stderr
2024-04-23T10:16:42.742+0000 7f8342ffd700 1 --2- 172.21.15.100:0/3545368918 >> [v2:172.21.15.100:6800/1904049686,v1:172.21.15.100:6801/1904049686] conn(0x7f832c0395b0 0x7f832c03ba70 secure :-1 s=READY pgs=7 cs=0 l=1 rev1=1 crypto rx=0x7f8338006fd0 tx=0x7f8338006e40 comp rx=0 tx=0).ready entity=mgr.14100 client_cookie=0 server_cookie=0 in_seq=0 out_seq=0
2024-04-23T10:16:44.028 INFO:teuthology.orchestra.run.smithi100.stdout:/usr/bin/ceph: stderr
2024-04-23T10:16:42.746+0000 7f8340ff9700 1 -- 172.21.15.100:0/3545368918 <== mon.0 v2:172.21.15.100:3300/0 6 ==== mon_command_ack([{"prefix": "get_command_descriptions"}]=0 v0) ==== 72+0+188370 (secure 0 0 0) 0x7f833402de20 con 0x7f8344108ad0
2024-04-23T10:16:44.028 INFO:teuthology.orchestra.run.smithi100.stdout:/usr/bin/ceph: stderr
2024-04-23T10:16:42.943+0000 7f8349a90700 1 -- 172.21.15.100:0/3545368918 --> [v2:172.21.15.100:3300/0,v1:172.21.15.100:6789/0] -- mon_command({"prefix": "config assimilate-conf"} v 0) -- 0x7f834419fe90 con 0x7f8344108ad0
2024-04-23T10:16:44.028 INFO:teuthology.orchestra.run.smithi100.stdout:/usr/bin/ceph: stderr
2024-04-23T10:16:42.944+0000 7f8340ff9700 1 -- 172.21.15.100:0/3545368918 <== mon.0 v2:172.21.15.100:3300/0 7 ==== mon_command_ack([{"prefix": "config assimilate-conf"}]=0 v3) ==== 70+0+436 (secure 0 0 0) 0x7f83340172b0 con 0x7f8344108ad0
2024-04-23T10:16:44.028 INFO:teuthology.orchestra.run.smithi100.stdout:/usr/bin/ceph: stderr
2024-04-23T10:16:42.947+0000 7f8349a90700 1 -- 172.21.15.100:0/3545368918 >> [v2:172.21.15.100:6800/1904049686,v1:172.21.15.100:6801/1904049686] conn(0x7f832c0395b0 msgr2=0x7f832c03ba70 secure :-1 s=STATE_CONNECTION_ESTABLISHED l=1).mark_down
2024-04-23T10:16:44.029 INFO:teuthology.orchestra.run.smithi100.stdout:/usr/bin/ceph: stderr
2024-04-23T10:16:42.947+0000 7f8349a90700 1 --2- 172.21.15.100:0/3545368918 >> [v2:172.21.15.100:6800/1904049686,v1:172.21.15.100:6801/1904049686] conn(0x7f832c0395b0 0x7f832c03ba70 secure :-1 s=READY pgs=7 cs=0 l=1 rev1=1 crypto rx=0x7f8338006fd0 tx=0x7f8338006e40 comp rx=0 tx=0).stop
2024-04-23T10:16:44.029 INFO:teuthology.orchestra.run.smithi100.stdout:/usr/bin/ceph: stderr
2024-04-23T10:16:42.947+0000 7f8349a90700 1 -- 172.21.15.100:0/3545368918 >> [v2:172.21.15.100:3300/0,v1:172.21.15.100:6789/0] conn(0x7f8344108ad0 msgr2=0x7f834419b3e0 secure :-1 s=STATE_CONNECTION_ESTABLISHED l=1).mark_down
2024-04-23T10:16:44.029 INFO:teuthology.orchestra.run.smithi100.stdout:/usr/bin/ceph: stderr
2024-04-23T10:16:42.947+0000 7f8349a90700 1 --2- 172.21.15.100:0/3545368918 >> [v2:172.21.15.100:3300/0,v1:172.21.15.100:6789/0] conn(0x7f8344108ad0 0x7f834419b3e0 secure :-1 s=READY pgs=19 cs=0 l=1 rev1=1 crypto rx=0x7f8334000c00 tx=0x7f8334011b70 comp rx=0 tx=0).stop
2024-04-23T10:16:44.029 INFO:teuthology.orchestra.run.smithi100.stdout:/usr/bin/ceph: stderr
2024-04-23T10:16:42.947+0000 7f8349a90700 1 -- 172.21.15.100:0/3545368918 shutdown_connections
2024-04-23T10:16:44.029 INFO:teuthology.orchestra.run.smithi100.stdout:/usr/bin/ceph: stderr
2024-04-23T10:16:42.947+0000 7f8349a90700 1 --2- 172.21.15.100:0/3545368918 >> [v2:172.21.15.100:6800/1904049686,v1:172.21.15.100:6801/1904049686] conn(0x7f832c0395b0 0x7f832c03ba70 unknown :-1 s=CLOSED pgs=7 cs=0 l=1 rev1=1 crypto rx=0 tx=0 comp rx=0 tx=0).stop
2024-04-23T10:16:44.029 INFO:teuthology.orchestra.run.smithi100.stdout:/usr/bin/ceph: stderr
2024-04-23T10:16:42.947+0000 7f8349a90700 1 --2- 172.21.15.100:0/3545368918 >> [v2:172.21.15.100:3300/0,v1:172.21.15.100:6789/0] conn(0x7f8344108ad0 0x7f834419b3e0 unknown :-1 s=CLOSED pgs=19 cs=0 l=1 rev1=1 crypto rx=0 tx=0 comp rx=0 tx=0).stop
2024-04-23T10:16:44.029 INFO:teuthology.orchestra.run.smithi100.stdout:/usr/bin/ceph: stderr
2024-04-23T10:16:42.947+0000 7f8349a90700 1 -- 172.21.15.100:0/3545368918 >> 172.21.15.100:0/3545368918 conn(0x7f8344102230 msgr2=0x7f8344102de0 unknown :-1 s=STATE_NONE l=0).mark_down
2024-04-23T10:16:44.029 INFO:teuthology.orchestra.run.smithi100.stdout:/usr/bin/ceph: stderr
2024-04-23T10:16:42.947+0000 7f8349a90700 1 -- 172.21.15.100:0/3545368918 shutdown_connections
2024-04-23T10:16:44.029 INFO:teuthology.orchestra.run.smithi100.stdout:/usr/bin/ceph: stderr
2024-04-23T10:16:42.947+0000 7f8349a90700 1 -- 172.21.15.100:0/3545368918 wait complete.
2024-04-23T10:16:44.029 INFO:teuthology.orchestra.run.smithi100.stdout:Enabling cephadm module...
2024-04-23T10:16:45.093 INFO:journalctl@ceph.mon.a.smithi100.stdout:Apr 23 10:16:44 smithi100 ceph-mon[29665]: from='client.? 172.21.15.100:0/3418028447' entity='client.admin' cmd=[{"prefix": "mgr module enable", "module": "cephadm"}]: dispatch
2024-04-23T10:16:45.093 INFO:journalctl@ceph.mgr.x.smithi100.stdout:Apr 23 10:16:44 smithi100 ceph-b4179a58-0159-11ef-bc93-c7b262605968-mgr-x[29898]: ignoring --setuser ceph since I am not root
2024-04-23T10:16:45.094 INFO:journalctl@ceph.mgr.x.smithi100.stdout:Apr 23 10:16:44 smithi100 ceph-b4179a58-0159-11ef-bc93-c7b262605968-mgr-x[29898]: ignoring --setgroup ceph since I am not root
2024-04-23T10:16:45.094 INFO:journalctl@ceph.mgr.x.smithi100.stdout:Apr 23 10:16:44 smithi100 ceph-b4179a58-0159-11ef-bc93-c7b262605968-mgr-x[29898]:
2024-04-23T10:16:44.911+0000 7fbf572dc200 -1 mgr[py] Module balancer has missing NOTIFY_TYPES member
2024-04-23T10:16:45.094 INFO:journalctl@ceph.mgr.x.smithi100.stdout:Apr 23 10:16:45 smithi100 ceph-b4179a58-0159-11ef-bc93-c7b262605968-mgr-x[29898]:
2024-04-23T10:16:45.094+0000 7fbf572dc200 -1 mgr[py] Module orchestrator has missing NOTIFY_TYPES member
2024-04-23T10:16:45.315 INFO:teuthology.orchestra.run.smithi100.stdout:/usr/bin/ceph: stderr
2024-04-23T10:16:44.434+0000 7f88a5345700 1 Processor -- start
2024-04-23T10:16:45.315 INFO:teuthology.orchestra.run.smithi100.stdout:/usr/bin/ceph: stderr
2024-04-23T10:16:44.434+0000 7f88a5345700 1 -- start start
2024-04-23T10:16:45.315 INFO:teuthology.orchestra.run.smithi100.stdout:/usr/bin/ceph: stderr
2024-04-23T10:16:44.434+0000 7f88a5345700 1 --2- >> [v2:172.21.15.100:3300/0,v1:172.21.15.100:6789/0] conn(0x7f88a01090c0 0x7f88a010b4b0 unknown :-1 s=NONE pgs=0 cs=0 l=0 rev1=0 crypto rx=0 tx=0 comp rx=0 tx=0).connect
2024-04-23T10:16:45.315 INFO:teuthology.orchestra.run.smithi100.stdout:/usr/bin/ceph: stderr
2024-04-23T10:16:44.434+0000 7f88a5345700 1 -- --> [v2:172.21.15.100:3300/0,v1:172.21.15.100:6789/0] -- mon_getmap magic: 0 -- 0x7f88a007be10 con 0x7f88a01090c0
2024-04-23T10:16:45.315 INFO:teuthology.orchestra.run.smithi100.stdout:/usr/bin/ceph: stderr
2024-04-23T10:16:44.435+0000 7f889effd700 1 --2- >> [v2:172.21.15.100:3300/0,v1:172.21.15.100:6789/0] conn(0x7f88a01090c0 0x7f88a010b4b0 unknown :-1 s=BANNER_CONNECTING pgs=0 cs=0 l=0 rev1=0 crypto rx=0 tx=0 comp rx=0 tx=0)._handle_peer_banner_payload supported=3 required=0
2024-04-23T10:16:45.315 INFO:teuthology.orchestra.run.smithi100.stdout:/usr/bin/ceph: stderr
2024-04-23T10:16:44.435+0000 7f889effd700 1 --2- >> [v2:172.21.15.100:3300/0,v1:172.21.15.100:6789/0] conn(0x7f88a01090c0 0x7f88a010b4b0 unknown :-1 s=HELLO_CONNECTING pgs=0 cs=0 l=0 rev1=1 crypto rx=0 tx=0 comp rx=0 tx=0).handle_hello peer v2:172.21.15.100:3300/0 says I am v2:172.21.15.100:50860/0 (socket says 172.21.15.100:50860)
2024-04-23T10:16:45.315 INFO:teuthology.orchestra.run.smithi100.stdout:/usr/bin/ceph: stderr
2024-04-23T10:16:44.435+0000 7f889effd700 1 -- 172.21.15.100:0/2917366977 learned_addr learned my addr 172.21.15.100:0/2917366977 (peer_addr_for_me v2:172.21.15.100:0/0)
2024-04-23T10:16:45.316 INFO:teuthology.orchestra.run.smithi100.stdout:/usr/bin/ceph: stderr
2024-04-23T10:16:44.435+0000 7f889effd700 1 -- 172.21.15.100:0/2917366977 --> [v2:172.21.15.100:3300/0,v1:172.21.15.100:6789/0] -- mon_subscribe({config=0+,monmap=0+}) -- 0x7f88a010b9f0 con 0x7f88a01090c0
2024-04-23T10:16:45.316 INFO:teuthology.orchestra.run.smithi100.stdout:/usr/bin/ceph: stderr
2024-04-23T10:16:44.435+0000 7f889effd700 1 --2- 172.21.15.100:0/2917366977 >> [v2:172.21.15.100:3300/0,v1:172.21.15.100:6789/0] conn(0x7f88a01090c0 0x7f88a010b4b0 secure :-1 s=READY pgs=20 cs=0 l=1 rev1=1 crypto rx=0x7f88900098a0 tx=0x7f8890009bb0 comp rx=0 tx=0).ready entity=mon.0 client_cookie=c86de61f2c89c00a server_cookie=0 in_seq=0 out_seq=0
2024-04-23T10:16:45.316 INFO:teuthology.orchestra.run.smithi100.stdout:/usr/bin/ceph: stderr
2024-04-23T10:16:44.435+0000 7f889e7fc700 1 -- 172.21.15.100:0/2917366977 <== mon.0 v2:172.21.15.100:3300/0 1 ==== mon_map magic: 0 ==== 205+0+0 (secure 0 0 0) 0x7f8890004160 con 0x7f88a01090c0
2024-04-23T10:16:45.316 INFO:teuthology.orchestra.run.smithi100.stdout:/usr/bin/ceph: stderr
2024-04-23T10:16:44.435+0000 7f889e7fc700 1 -- 172.21.15.100:0/2917366977 <== mon.0 v2:172.21.15.100:3300/0 2 ==== config(26 keys) ==== 1070+0+0 (secure 0 0 0) 0x7f8890004300 con 0x7f88a01090c0
2024-04-23T10:16:45.316 INFO:teuthology.orchestra.run.smithi100.stdout:/usr/bin/ceph: stderr
2024-04-23T10:16:44.435+0000 7f889e7fc700 1 -- 172.21.15.100:0/2917366977 <== mon.0 v2:172.21.15.100:3300/0 3 ==== mon_map magic: 0 ==== 205+0+0 (secure 0 0 0) 0x7f8890011af0 con 0x7f88a01090c0
2024-04-23T10:16:45.316 INFO:teuthology.orchestra.run.smithi100.stdout:/usr/bin/ceph: stderr
2024-04-23T10:16:44.436+0000 7f88a5345700 1 -- 172.21.15.100:0/2917366977 >> [v2:172.21.15.100:3300/0,v1:172.21.15.100:6789/0] conn(0x7f88a01090c0 msgr2=0x7f88a010b4b0 secure :-1 s=STATE_CONNECTION_ESTABLISHED l=1).mark_down
2024-04-23T10:16:45.316 INFO:teuthology.orchestra.run.smithi100.stdout:/usr/bin/ceph: stderr
2024-04-23T10:16:44.436+0000 7f88a5345700 1 --2- 172.21.15.100:0/2917366977 >> [v2:172.21.15.100:3300/0,v1:172.21.15.100:6789/0] conn(0x7f88a01090c0 0x7f88a010b4b0 secure :-1 s=READY pgs=20 cs=0 l=1 rev1=1 crypto rx=0x7f88900098a0 tx=0x7f8890009bb0 comp rx=0 tx=0).stop
2024-04-23T10:16:45.316 INFO:teuthology.orchestra.run.smithi100.stdout:/usr/bin/ceph: stderr
2024-04-23T10:16:44.436+0000 7f88a5345700 1 -- 172.21.15.100:0/2917366977 shutdown_connections
2024-04-23T10:16:45.316 INFO:teuthology.orchestra.run.smithi100.stdout:/usr/bin/ceph: stderr
2024-04-23T10:16:44.436+0000 7f88a5345700 1 --2- 172.21.15.100:0/2917366977 >> [v2:172.21.15.100:3300/0,v1:172.21.15.100:6789/0] conn(0x7f88a01090c0 0x7f88a010b4b0 unknown :-1 s=CLOSED pgs=20 cs=0 l=1 rev1=1 crypto rx=0 tx=0 comp rx=0 tx=0).stop
2024-04-23T10:16:45.316 INFO:teuthology.orchestra.run.smithi100.stdout:/usr/bin/ceph: stderr
2024-04-23T10:16:44.436+0000 7f88a5345700 1 -- 172.21.15.100:0/2917366977 >> 172.21.15.100:0/2917366977 conn(0x7f88a0102ad0 msgr2=0x7f88a0104ef0 unknown :-1 s=STATE_NONE l=0).mark_down
2024-04-23T10:16:45.316 INFO:teuthology.orchestra.run.smithi100.stdout:/usr/bin/ceph: stderr
2024-04-23T10:16:44.436+0000 7f88a5345700 1 -- 172.21.15.100:0/2917366977 shutdown_connections
2024-04-23T10:16:45.316 INFO:teuthology.orchestra.run.smithi100.stdout:/usr/bin/ceph: stderr
2024-04-23T10:16:44.436+0000 7f88a5345700 1 -- 172.21.15.100:0/2917366977 wait complete.
2024-04-23T10:16:45.317 INFO:teuthology.orchestra.run.smithi100.stdout:/usr/bin/ceph: stderr
2024-04-23T10:16:44.437+0000 7f88a5345700 1 Processor -- start
2024-04-23T10:16:45.317 INFO:teuthology.orchestra.run.smithi100.stdout:/usr/bin/ceph: stderr
2024-04-23T10:16:44.437+0000 7f88a5345700 1 -- start start
2024-04-23T10:16:45.317 INFO:teuthology.orchestra.run.smithi100.stdout:/usr/bin/ceph: stderr
2024-04-23T10:16:44.437+0000 7f88a5345700 1 --2- >> [v2:172.21.15.100:3300/0,v1:172.21.15.100:6789/0] conn(0x7f88a01090c0 0x7f88a019c450 unknown :-1 s=NONE pgs=0 cs=0 l=1 rev1=0 crypto rx=0 tx=0 comp rx=0 tx=0).connect
2024-04-23T10:16:45.317 INFO:teuthology.orchestra.run.smithi100.stdout:/usr/bin/ceph: stderr
2024-04-23T10:16:44.437+0000 7f88a5345700 1 -- --> [v2:172.21.15.100:3300/0,v1:172.21.15.100:6789/0] -- mon_getmap magic: 0 -- 0x7f88a010c8e0 con 0x7f88a01090c0
2024-04-23T10:16:45.317 INFO:teuthology.orchestra.run.smithi100.stdout:/usr/bin/ceph: stderr
2024-04-23T10:16:44.437+0000 7f889effd700 1 --2- >> [v2:172.21.15.100:3300/0,v1:172.21.15.100:6789/0] conn(0x7f88a01090c0 0x7f88a019c450 unknown :-1 s=BANNER_CONNECTING pgs=0 cs=0 l=1 rev1=0 crypto rx=0 tx=0 comp rx=0 tx=0)._handle_peer_banner_payload supported=3 required=0
2024-04-23T10:16:45.317 INFO:teuthology.orchestra.run.smithi100.stdout:/usr/bin/ceph: stderr
2024-04-23T10:16:44.437+0000 7f889effd700 1 --2- >> [v2:172.21.15.100:3300/0,v1:172.21.15.100:6789/0] conn(0x7f88a01090c0 0x7f88a019c450 unknown :-1 s=HELLO_CONNECTING pgs=0 cs=0 l=1 rev1=1 crypto rx=0 tx=0 comp rx=0 tx=0).handle_hello peer v2:172.21.15.100:3300/0 says I am v2:172.21.15.100:50868/0 (socket says 172.21.15.100:50868)
2024-04-23T10:16:45.317 INFO:teuthology.orchestra.run.smithi100.stdout:/usr/bin/ceph: stderr
2024-04-23T10:16:44.437+0000 7f889effd700 1 -- 172.21.15.100:0/3418028447 learned_addr learned my addr 172.21.15.100:0/3418028447 (peer_addr_for_me v2:172.21.15.100:0/0)
2024-04-23T10:16:45.317 INFO:teuthology.orchestra.run.smithi100.stdout:/usr/bin/ceph: stderr
2024-04-23T10:16:44.437+0000 7f889effd700 1 -- 172.21.15.100:0/3418028447 --> [v2:172.21.15.100:3300/0,v1:172.21.15.100:6789/0] -- mon_subscribe({config=0+,monmap=0+}) -- 0x7f88a019c990 con 0x7f88a01090c0
2024-04-23T10:16:45.317 INFO:teuthology.orchestra.run.smithi100.stdout:/usr/bin/ceph: stderr
2024-04-23T10:16:44.437+0000 7f889effd700 1 --2- 172.21.15.100:0/3418028447 >> [v2:172.21.15.100:3300/0,v1:172.21.15.100:6789/0] conn(0x7f88a01090c0 0x7f88a019c450 secure :-1 s=READY pgs=21 cs=0 l=1 rev1=1 crypto rx=0x7f8890003f40 tx=0x7f8890011890 comp rx=0 tx=0).ready entity=mon.0 client_cookie=0 server_cookie=0 in_seq=0 out_seq=0
2024-04-23T10:16:45.317 INFO:teuthology.orchestra.run.smithi100.stdout:/usr/bin/ceph: stderr
2024-04-23T10:16:44.438+0000 7f889cff9700 1 -- 172.21.15.100:0/3418028447 <== mon.0 v2:172.21.15.100:3300/0 1 ==== mon_map magic: 0 ==== 205+0+0 (secure 0 0 0) 0x7f88900038b0 con 0x7f88a01090c0
2024-04-23T10:16:45.317 INFO:teuthology.orchestra.run.smithi100.stdout:/usr/bin/ceph: stderr
2024-04-23T10:16:44.438+0000 7f88a5345700 1 -- 172.21.15.100:0/3418028447 --> [v2:172.21.15.100:3300/0,v1:172.21.15.100:6789/0] -- mon_subscribe({mgrmap=0+}) -- 0x7f88a019cc20 con 0x7f88a01090c0
2024-04-23T10:16:45.318 INFO:teuthology.orchestra.run.smithi100.stdout:/usr/bin/ceph: stderr
2024-04-23T10:16:44.438+0000 7f889cff9700 1 -- 172.21.15.100:0/3418028447 <== mon.0 v2:172.21.15.100:3300/0 2 ==== config(26 keys) ==== 1070+0+0 (secure 0 0 0) 0x7f8890003a50 con 0x7f88a01090c0
2024-04-23T10:16:45.318 INFO:teuthology.orchestra.run.smithi100.stdout:/usr/bin/ceph: stderr
2024-04-23T10:16:44.438+0000 7f889cff9700 1 -- 172.21.15.100:0/3418028447 <== mon.0 v2:172.21.15.100:3300/0 3 ==== mon_map magic: 0 ==== 205+0+0 (secure 0 0 0) 0x7f889001a5c0 con 0x7f88a01090c0
2024-04-23T10:16:45.318 INFO:teuthology.orchestra.run.smithi100.stdout:/usr/bin/ceph: stderr
2024-04-23T10:16:44.438+0000 7f88a5345700 1 -- 172.21.15.100:0/3418028447 --> [v2:172.21.15.100:3300/0,v1:172.21.15.100:6789/0] -- mon_subscribe({osdmap=0}) -- 0x7f88a019f910 con 0x7f88a01090c0
2024-04-23T10:16:45.318 INFO:teuthology.orchestra.run.smithi100.stdout:/usr/bin/ceph: stderr
2024-04-23T10:16:44.439+0000 7f88a5345700 1 -- 172.21.15.100:0/3418028447 --> [v2:172.21.15.100:3300/0,v1:172.21.15.100:6789/0] -- mon_command({"prefix": "get_command_descriptions"} v 0) -- 0x7f88a00640a0 con 0x7f88a01090c0
2024-04-23T10:16:45.318 INFO:teuthology.orchestra.run.smithi100.stdout:/usr/bin/ceph: stderr
2024-04-23T10:16:44.439+0000 7f889cff9700 1 -- 172.21.15.100:0/3418028447 <== mon.0 v2:172.21.15.100:3300/0 4 ==== mgrmap(e 4) ==== 46547+0+0 (secure 0 0 0) 0x7f889001a8c0 con 0x7f88a01090c0
2024-04-23T10:16:45.318 INFO:teuthology.orchestra.run.smithi100.stdout:/usr/bin/ceph: stderr
2024-04-23T10:16:44.439+0000 7f889cff9700 1 --2- 172.21.15.100:0/3418028447 >> [v2:172.21.15.100:6800/1904049686,v1:172.21.15.100:6801/1904049686] conn(0x7f888c039510 0x7f888c03b9d0 unknown :-1 s=NONE pgs=0 cs=0 l=1 rev1=0 crypto rx=0 tx=0 comp rx=0 tx=0).connect
2024-04-23T10:16:45.318 INFO:teuthology.orchestra.run.smithi100.stdout:/usr/bin/ceph: stderr
2024-04-23T10:16:44.439+0000 7f889cff9700 1 -- 172.21.15.100:0/3418028447 <== mon.0 v2:172.21.15.100:3300/0 5 ==== osd_map(1..1 src has 1..1) ==== 725+0+0 (secure 0 0 0) 0x7f889004dbd0 con 0x7f88a01090c0
2024-04-23T10:16:45.318 INFO:teuthology.orchestra.run.smithi100.stdout:/usr/bin/ceph: stderr
2024-04-23T10:16:44.439+0000 7f88967fc700 1 --2- 172.21.15.100:0/3418028447 >> [v2:172.21.15.100:6800/1904049686,v1:172.21.15.100:6801/1904049686] conn(0x7f888c039510 0x7f888c03b9d0 unknown :-1 s=BANNER_CONNECTING pgs=0 cs=0 l=1 rev1=0 crypto rx=0 tx=0 comp rx=0 tx=0)._handle_peer_banner_payload supported=3 required=0
2024-04-23T10:16:45.318 INFO:teuthology.orchestra.run.smithi100.stdout:/usr/bin/ceph: stderr
2024-04-23T10:16:44.439+0000 7f88967fc700 1 --2- 172.21.15.100:0/3418028447 >> [v2:172.21.15.100:6800/1904049686,v1:172.21.15.100:6801/1904049686] conn(0x7f888c039510 0x7f888c03b9d0 secure :-1 s=READY pgs=8 cs=0 l=1 rev1=1 crypto rx=0x7f8888006fd0 tx=0x7f8888006e40 comp rx=0 tx=0).ready entity=mgr.14100 client_cookie=0 server_cookie=0 in_seq=0 out_seq=0
2024-04-23T10:16:45.318 INFO:teuthology.orchestra.run.smithi100.stdout:/usr/bin/ceph: stderr
2024-04-23T10:16:44.444+0000 7f889cff9700 1 -- 172.21.15.100:0/3418028447 <== mon.0 v2:172.21.15.100:3300/0 6 ==== mon_command_ack([{"prefix": "get_command_descriptions"}]=0 v0) ==== 72+0+188370 (secure 0 0 0) 0x7f889004d5f0 con 0x7f88a01090c0
2024-04-23T10:16:45.318 INFO:teuthology.orchestra.run.smithi100.stdout:/usr/bin/ceph: stderr
2024-04-23T10:16:44.695+0000 7f88a5345700 1 -- 172.21.15.100:0/3418028447 --> [v2:172.21.15.100:3300/0,v1:172.21.15.100:6789/0] -- mon_command({"prefix": "mgr module enable", "module": "cephadm"} v 0) -- 0x7f88a019fae0 con 0x7f88a01090c0
2024-04-23T10:16:45.319 INFO:teuthology.orchestra.run.smithi100.stdout:/usr/bin/ceph: stderr
2024-04-23T10:16:44.747+0000 7f889cff9700 1 -- 172.21.15.100:0/3418028447 <== mon.0 v2:172.21.15.100:3300/0 7 ==== mon_command_ack([{"prefix": "mgr module enable", "module": "cephadm"}]=0 v5) ==== 86+0+0 (secure 0 0 0) 0x7f889002d910 con 0x7f88a01090c0
2024-04-23T10:16:45.319 INFO:teuthology.orchestra.run.smithi100.stdout:/usr/bin/ceph: stderr
2024-04-23T10:16:44.748+0000 7f889cff9700 1 -- 172.21.15.100:0/3418028447 <== mon.0 v2:172.21.15.100:3300/0 8 ==== mgrmap(e 5) ==== 46558+0+0 (secure 0 0 0) 0x7f889002d3f0 con 0x7f88a01090c0
2024-04-23T10:16:45.319 INFO:teuthology.orchestra.run.smithi100.stdout:/usr/bin/ceph: stderr
2024-04-23T10:16:44.750+0000 7f88a5345700 1 -- 172.21.15.100:0/3418028447 >> [v2:172.21.15.100:6800/1904049686,v1:172.21.15.100:6801/1904049686] conn(0x7f888c039510 msgr2=0x7f888c03b9d0 secure :-1 s=STATE_CONNECTION_ESTABLISHED l=1).mark_down
2024-04-23T10:16:45.319 INFO:teuthology.orchestra.run.smithi100.stdout:/usr/bin/ceph: stderr
2024-04-23T10:16:44.750+0000 7f88a5345700 1 --2- 172.21.15.100:0/3418028447 >> [v2:172.21.15.100:6800/1904049686,v1:172.21.15.100:6801/1904049686] conn(0x7f888c039510 0x7f888c03b9d0 secure :-1 s=READY pgs=8 cs=0 l=1 rev1=1 crypto rx=0x7f8888006fd0 tx=0x7f8888006e40 comp rx=0 tx=0).stop
2024-04-23T10:16:45.319 INFO:teuthology.orchestra.run.smithi100.stdout:/usr/bin/ceph: stderr
2024-04-23T10:16:44.750+0000 7f88a5345700 1 -- 172.21.15.100:0/3418028447 >> [v2:172.21.15.100:3300/0,v1:172.21.15.100:6789/0] conn(0x7f88a01090c0 msgr2=0x7f88a019c450 secure :-1 s=STATE_CONNECTION_ESTABLISHED l=1).mark_down
2024-04-23T10:16:45.319 INFO:teuthology.orchestra.run.smithi100.stdout:/usr/bin/ceph: stderr
2024-04-23T10:16:44.750+0000 7f88a5345700 1 --2- 172.21.15.100:0/3418028447 >> [v2:172.21.15.100:3300/0,v1:172.21.15.100:6789/0] conn(0x7f88a01090c0 0x7f88a019c450 secure :-1 s=READY pgs=21 cs=0 l=1 rev1=1 crypto rx=0x7f8890003f40 tx=0x7f8890011890 comp rx=0 tx=0).stop
2024-04-23T10:16:45.319 INFO:teuthology.orchestra.run.smithi100.stdout:/usr/bin/ceph: stderr
2024-04-23T10:16:44.750+0000 7f88a5345700 1 -- 172.21.15.100:0/3418028447 shutdown_connections
2024-04-23T10:16:45.319 INFO:teuthology.orchestra.run.smithi100.stdout:/usr/bin/ceph: stderr
2024-04-23T10:16:44.750+0000 7f88a5345700 1 --2- 172.21.15.100:0/3418028447 >> [v2:172.21.15.100:6800/1904049686,v1:172.21.15.100:6801/1904049686] conn(0x7f888c039510 0x7f888c03b9d0 unknown :-1 s=CLOSED pgs=8 cs=0 l=1 rev1=1 crypto rx=0 tx=0 comp rx=0 tx=0).stop
2024-04-23T10:16:45.319 INFO:teuthology.orchestra.run.smithi100.stdout:/usr/bin/ceph: stderr
2024-04-23T10:16:44.750+0000 7f88a5345700 1 --2- 172.21.15.100:0/3418028447 >> [v2:172.21.15.100:3300/0,v1:172.21.15.100:6789/0] conn(0x7f88a01090c0 0x7f88a019c450 unknown :-1 s=CLOSED pgs=21 cs=0 l=1 rev1=1 crypto rx=0 tx=0 comp rx=0 tx=0).stop
2024-04-23T10:16:45.319 INFO:teuthology.orchestra.run.smithi100.stdout:/usr/bin/ceph: stderr
2024-04-23T10:16:44.750+0000 7f88a5345700 1 -- 172.21.15.100:0/3418028447 >> 172.21.15.100:0/3418028447 conn(0x7f88a0102ad0 msgr2=0x7f88a01035c0 unknown :-1 s=STATE_NONE l=0).mark_down
2024-04-23T10:16:45.319 INFO:teuthology.orchestra.run.smithi100.stdout:/usr/bin/ceph: stderr
2024-04-23T10:16:44.751+0000 7f88a5345700 1 -- 172.21.15.100:0/3418028447 shutdown_connections
2024-04-23T10:16:45.319 INFO:teuthology.orchestra.run.smithi100.stdout:/usr/bin/ceph: stderr
2024-04-23T10:16:44.751+0000 7f88a5345700 1 -- 172.21.15.100:0/3418028447 wait complete.
2024-04-23T10:16:45.425 INFO:journalctl@ceph.mgr.x.smithi100.stdout:Apr 23 10:16:45 smithi100 ceph-b4179a58-0159-11ef-bc93-c7b262605968-mgr-x[29898]:
2024-04-23T10:16:45.195+0000 7fbf572dc200 -1 mgr[py] Module snap_schedule has missing NOTIFY_TYPES member
2024-04-23T10:16:45.717 INFO:journalctl@ceph.mgr.x.smithi100.stdout:Apr 23 10:16:45 smithi100 ceph-b4179a58-0159-11ef-bc93-c7b262605968-mgr-x[29898]:
2024-04-23T10:16:45.510+0000 7fbf572dc200 -1 mgr[py] Module progress has missing NOTIFY_TYPES member
2024-04-23T10:16:45.717 INFO:journalctl@ceph.mgr.x.smithi100.stdout:Apr 23 10:16:45 smithi100 ceph-b4179a58-0159-11ef-bc93-c7b262605968-mgr-x[29898]:
2024-04-23T10:16:45.597+0000 7fbf572dc200 -1 mgr[py] Module influx has missing NOTIFY_TYPES member
2024-04-23T10:16:46.047 INFO:journalctl@ceph.mon.a.smithi100.stdout:Apr 23 10:16:45 smithi100 ceph-mon[29665]: from='client.? 172.21.15.100:0/3418028447' entity='client.admin' cmd='[{"prefix": "mgr module enable", "module": "cephadm"}]': finished
2024-04-23T10:16:46.047 INFO:journalctl@ceph.mon.a.smithi100.stdout:Apr 23 10:16:45 smithi100 ceph-mon[29665]: mgrmap e5: x(active, since 6s)
2024-04-23T10:16:46.615 INFO:teuthology.orchestra.run.smithi100.stdout:/usr/bin/ceph: stdout {
2024-04-23T10:16:46.615 INFO:teuthology.orchestra.run.smithi100.stdout:/usr/bin/ceph: stdout "epoch": 5,
2024-04-23T10:16:46.616 INFO:teuthology.orchestra.run.smithi100.stdout:/usr/bin/ceph: stdout "available": true,
2024-04-23T10:16:46.616 INFO:teuthology.orchestra.run.smithi100.stdout:/usr/bin/ceph: stdout "active_name": "x",
2024-04-23T10:16:46.616 INFO:teuthology.orchestra.run.smithi100.stdout:/usr/bin/ceph: stdout "num_standby": 0
2024-04-23T10:16:46.616 INFO:teuthology.orchestra.run.smithi100.stdout:/usr/bin/ceph: stdout }
2024-04-23T10:16:46.616 INFO:teuthology.orchestra.run.smithi100.stdout:/usr/bin/ceph: stderr
2024-04-23T10:16:45.741+0000 7fe05efe9700 1 Processor -- start
2024-04-23T10:16:46.616 INFO:teuthology.orchestra.run.smithi100.stdout:/usr/bin/ceph: stderr
2024-04-23T10:16:45.741+0000 7fe05efe9700 1 -- start start
2024-04-23T10:16:46.616 INFO:teuthology.orchestra.run.smithi100.stdout:/usr/bin/ceph: stderr
2024-04-23T10:16:45.741+0000 7fe05efe9700 1 --2- >> [v2:172.21.15.100:3300/0,v1:172.21.15.100:6789/0] conn(0x7fe058109080 0x7fe05810b470 unknown :-1 s=NONE pgs=0 cs=0 l=0 rev1=0 crypto rx=0 tx=0 comp rx=0 tx=0).connect
2024-04-23T10:16:46.616 INFO:teuthology.orchestra.run.smithi100.stdout:/usr/bin/ceph: stderr
2024-04-23T10:16:45.741+0000 7fe05efe9700 1 -- --> [v2:172.21.15.100:3300/0,v1:172.21.15.100:6789/0] -- mon_getmap magic: 0 -- 0x7fe058063d20 con 0x7fe058109080
2024-04-23T10:16:46.616 INFO:teuthology.orchestra.run.smithi100.stdout:/usr/bin/ceph: stderr
2024-04-23T10:16:45.742+0000 7fe05cd85700 1 --2- >> [v2:172.21.15.100:3300/0,v1:172.21.15.100:6789/0] conn(0x7fe058109080 0x7fe05810b470 unknown :-1 s=BANNER_CONNECTING pgs=0 cs=0 l=0 rev1=0 crypto rx=0 tx=0 comp rx=0 tx=0)._handle_peer_banner_payload supported=3 required=0
2024-04-23T10:16:46.616 INFO:teuthology.orchestra.run.smithi100.stdout:/usr/bin/ceph: stderr
2024-04-23T10:16:45.742+0000 7fe05cd85700 1 --2- >> [v2:172.21.15.100:3300/0,v1:172.21.15.100:6789/0] conn(0x7fe058109080 0x7fe05810b470 unknown :-1 s=HELLO_CONNECTING pgs=0 cs=0 l=0 rev1=1 crypto rx=0 tx=0 comp rx=0 tx=0).handle_hello peer v2:172.21.15.100:3300/0 says I am v2:172.21.15.100:50888/0 (socket says 172.21.15.100:50888)
2024-04-23T10:16:46.617 INFO:teuthology.orchestra.run.smithi100.stdout:/usr/bin/ceph: stderr
2024-04-23T10:16:45.742+0000 7fe05cd85700 1 -- 172.21.15.100:0/32335551 learned_addr learned my addr 172.21.15.100:0/32335551 (peer_addr_for_me v2:172.21.15.100:0/0)
2024-04-23T10:16:46.617 INFO:teuthology.orchestra.run.smithi100.stdout:/usr/bin/ceph: stderr
2024-04-23T10:16:45.742+0000 7fe05cd85700 1 -- 172.21.15.100:0/32335551 --> [v2:172.21.15.100:3300/0,v1:172.21.15.100:6789/0] -- mon_subscribe({config=0+,monmap=0+}) -- 0x7fe05810b9b0 con 0x7fe058109080
2024-04-23T10:16:46.617 INFO:teuthology.orchestra.run.smithi100.stdout:/usr/bin/ceph: stderr
2024-04-23T10:16:45.742+0000 7fe05cd85700 1 --2- 172.21.15.100:0/32335551 >> [v2:172.21.15.100:3300/0,v1:172.21.15.100:6789/0] conn(0x7fe058109080 0x7fe05810b470 secure :-1 s=READY pgs=24 cs=0 l=1 rev1=1 crypto rx=0x7fe04c0098a0 tx=0x7fe04c009bb0 comp rx=0 tx=0).ready entity=mon.0 client_cookie=419c7ba90a8483c0 server_cookie=0 in_seq=0 out_seq=0
2024-04-23T10:16:46.617 INFO:teuthology.orchestra.run.smithi100.stdout:/usr/bin/ceph: stderr
2024-04-23T10:16:45.742+0000 7fe0577fe700 1 -- 172.21.15.100:0/32335551 <== mon.0 v2:172.21.15.100:3300/0 1 ==== mon_map magic: 0 ==== 205+0+0 (secure 0 0 0) 0x7fe04c004160 con 0x7fe058109080
2024-04-23T10:16:46.617 INFO:teuthology.orchestra.run.smithi100.stdout:/usr/bin/ceph: stderr
2024-04-23T10:16:45.742+0000 7fe0577fe700 1 -- 172.21.15.100:0/32335551 <== mon.0 v2:172.21.15.100:3300/0 2 ==== config(26 keys) ==== 1070+0+0 (secure 0 0 0) 0x7fe04c004300 con 0x7fe058109080
2024-04-23T10:16:46.617 INFO:teuthology.orchestra.run.smithi100.stdout:/usr/bin/ceph: stderr
2024-04-23T10:16:45.742+0000 7fe0577fe700 1 -- 172.21.15.100:0/32335551 <== mon.0 v2:172.21.15.100:3300/0 3 ==== mon_map magic: 0 ==== 205+0+0 (secure 0 0 0) 0x7fe04c011af0 con 0x7fe058109080
2024-04-23T10:16:46.617 INFO:teuthology.orchestra.run.smithi100.stdout:/usr/bin/ceph: stderr
2024-04-23T10:16:45.743+0000 7fe05efe9700 1 -- 172.21.15.100:0/32335551 >> [v2:172.21.15.100:3300/0,v1:172.21.15.100:6789/0] conn(0x7fe058109080 msgr2=0x7fe05810b470 secure :-1 s=STATE_CONNECTION_ESTABLISHED l=1).mark_down
2024-04-23T10:16:46.617 INFO:teuthology.orchestra.run.smithi100.stdout:/usr/bin/ceph: stderr
2024-04-23T10:16:45.743+0000 7fe05efe9700 1 --2- 172.21.15.100:0/32335551 >> [v2:172.21.15.100:3300/0,v1:172.21.15.100:6789/0] conn(0x7fe058109080 0x7fe05810b470 secure :-1 s=READY pgs=24 cs=0 l=1 rev1=1 crypto rx=0x7fe04c0098a0 tx=0x7fe04c009bb0 comp rx=0 tx=0).stop
2024-04-23T10:16:46.617 INFO:teuthology.orchestra.run.smithi100.stdout:/usr/bin/ceph: stderr
2024-04-23T10:16:45.743+0000 7fe05efe9700 1 -- 172.21.15.100:0/32335551 shutdown_connections
2024-04-23T10:16:46.617 INFO:teuthology.orchestra.run.smithi100.stdout:/usr/bin/ceph: stderr
2024-04-23T10:16:45.743+0000 7fe05efe9700 1 --2- 172.21.15.100:0/32335551 >> [v2:172.21.15.100:3300/0,v1:172.21.15.100:6789/0] conn(0x7fe058109080 0x7fe05810b470 unknown :-1 s=CLOSED pgs=24 cs=0 l=1 rev1=1 crypto rx=0 tx=0 comp rx=0 tx=0).stop
2024-04-23T10:16:46.617 INFO:teuthology.orchestra.run.smithi100.stdout:/usr/bin/ceph: stderr
2024-04-23T10:16:45.743+0000 7fe05efe9700 1 -- 172.21.15.100:0/32335551 >> 172.21.15.100:0/32335551 conn(0x7fe058102ab0 msgr2=0x7fe058104ed0 unknown :-1 s=STATE_NONE l=0).mark_down
2024-04-23T10:16:46.618 INFO:teuthology.orchestra.run.smithi100.stdout:/usr/bin/ceph: stderr
2024-04-23T10:16:45.743+0000 7fe05efe9700 1 -- 172.21.15.100:0/32335551 shutdown_connections
2024-04-23T10:16:46.618 INFO:teuthology.orchestra.run.smithi100.stdout:/usr/bin/ceph: stderr
2024-04-23T10:16:45.743+0000 7fe05efe9700 1 -- 172.21.15.100:0/32335551 wait complete.
2024-04-23T10:16:46.618 INFO:teuthology.orchestra.run.smithi100.stdout:/usr/bin/ceph: stderr
2024-04-23T10:16:45.744+0000 7fe05efe9700 1 Processor -- start
2024-04-23T10:16:46.618 INFO:teuthology.orchestra.run.smithi100.stdout:/usr/bin/ceph: stderr
2024-04-23T10:16:45.744+0000 7fe05efe9700 1 -- start start
2024-04-23T10:16:46.618 INFO:teuthology.orchestra.run.smithi100.stdout:/usr/bin/ceph: stderr
2024-04-23T10:16:45.744+0000 7fe05efe9700 1 --2- >> [v2:172.21.15.100:3300/0,v1:172.21.15.100:6789/0] conn(0x7fe058109080 0x7fe05819c470 unknown :-1 s=NONE pgs=0 cs=0 l=1 rev1=0 crypto rx=0 tx=0 comp rx=0 tx=0).connect
2024-04-23T10:16:46.618 INFO:teuthology.orchestra.run.smithi100.stdout:/usr/bin/ceph: stderr
2024-04-23T10:16:45.744+0000 7fe05efe9700 1 -- --> [v2:172.21.15.100:3300/0,v1:172.21.15.100:6789/0] -- mon_getmap magic: 0 -- 0x7fe05810c900 con 0x7fe058109080
2024-04-23T10:16:46.618 INFO:teuthology.orchestra.run.smithi100.stdout:/usr/bin/ceph: stderr
2024-04-23T10:16:45.744+0000 7fe05cd85700 1 --2- >> [v2:172.21.15.100:3300/0,v1:172.21.15.100:6789/0] conn(0x7fe058109080 0x7fe05819c470 unknown :-1 s=BANNER_CONNECTING pgs=0 cs=0 l=1 rev1=0 crypto rx=0 tx=0 comp rx=0 tx=0)._handle_peer_banner_payload supported=3 required=0
2024-04-23T10:16:46.618 INFO:teuthology.orchestra.run.smithi100.stdout:/usr/bin/ceph: stderr
2024-04-23T10:16:45.744+0000 7fe05cd85700 1 --2- >> [v2:172.21.15.100:3300/0,v1:172.21.15.100:6789/0] conn(0x7fe058109080 0x7fe05819c470 unknown :-1 s=HELLO_CONNECTING pgs=0 cs=0 l=1 rev1=1 crypto rx=0 tx=0 comp rx=0 tx=0).handle_hello peer v2:172.21.15.100:3300/0 says I am v2:172.21.15.100:50900/0 (socket says 172.21.15.100:50900)
2024-04-23T10:16:46.618 INFO:teuthology.orchestra.run.smithi100.stdout:/usr/bin/ceph: stderr
2024-04-23T10:16:45.744+0000 7fe05cd85700 1 -- 172.21.15.100:0/1382341822 learned_addr learned my addr 172.21.15.100:0/1382341822 (peer_addr_for_me v2:172.21.15.100:0/0)
2024-04-23T10:16:46.618 INFO:teuthology.orchestra.run.smithi100.stdout:/usr/bin/ceph: stderr
2024-04-23T10:16:45.744+0000 7fe05cd85700 1 -- 172.21.15.100:0/1382341822 --> [v2:172.21.15.100:3300/0,v1:172.21.15.100:6789/0] -- mon_subscribe({config=0+,monmap=0+}) -- 0x7fe05819c9b0 con 0x7fe058109080
2024-04-23T10:16:46.619 INFO:teuthology.orchestra.run.smithi100.stdout:/usr/bin/ceph: stderr
2024-04-23T10:16:45.744+0000 7fe05cd85700 1 --2- 172.21.15.100:0/1382341822 >> [v2:172.21.15.100:3300/0,v1:172.21.15.100:6789/0] conn(0x7fe058109080 0x7fe05819c470 secure :-1 s=READY pgs=25 cs=0 l=1 rev1=1 crypto rx=0x7fe04c003f40 tx=0x7fe04c011890 comp rx=0 tx=0).ready entity=mon.0 client_cookie=0 server_cookie=0 in_seq=0 out_seq=0
2024-04-23T10:16:46.619 INFO:teuthology.orchestra.run.smithi100.stdout:/usr/bin/ceph: stderr
2024-04-23T10:16:45.744+0000 7fe055ffb700 1 -- 172.21.15.100:0/1382341822 <== mon.0 v2:172.21.15.100:3300/0 1 ==== mon_map magic: 0 ==== 205+0+0 (secure 0 0 0) 0x7fe04c0038b0 con 0x7fe058109080
2024-04-23T10:16:46.619 INFO:teuthology.orchestra.run.smithi100.stdout:/usr/bin/ceph: stderr
2024-04-23T10:16:45.745+0000 7fe05efe9700 1 -- 172.21.15.100:0/1382341822 --> [v2:172.21.15.100:3300/0,v1:172.21.15.100:6789/0] -- mon_subscribe({mgrmap=0+}) -- 0x7fe05819cc40 con 0x7fe058109080
2024-04-23T10:16:46.619 INFO:teuthology.orchestra.run.smithi100.stdout:/usr/bin/ceph: stderr
2024-04-23T10:16:45.745+0000 7fe055ffb700 1 -- 172.21.15.100:0/1382341822 <== mon.0 v2:172.21.15.100:3300/0 2 ==== config(26 keys) ==== 1070+0+0 (secure 0 0 0) 0x7fe04c003a50 con 0x7fe058109080
2024-04-23T10:16:46.619 INFO:teuthology.orchestra.run.smithi100.stdout:/usr/bin/ceph: stderr
2024-04-23T10:16:45.745+0000 7fe055ffb700 1 -- 172.21.15.100:0/1382341822 <== mon.0 v2:172.21.15.100:3300/0 3 ==== mon_map magic: 0 ==== 205+0+0 (secure 0 0 0) 0x7fe04c01a5c0 con 0x7fe058109080
2024-04-23T10:16:46.619 INFO:teuthology.orchestra.run.smithi100.stdout:/usr/bin/ceph: stderr
2024-04-23T10:16:45.745+0000 7fe05efe9700 1 -- 172.21.15.100:0/1382341822 --> [v2:172.21.15.100:3300/0,v1:172.21.15.100:6789/0] -- mon_subscribe({osdmap=0}) -- 0x7fe05819f930 con 0x7fe058109080
2024-04-23T10:16:46.619 INFO:teuthology.orchestra.run.smithi100.stdout:/usr/bin/ceph: stderr
2024-04-23T10:16:45.746+0000 7fe055ffb700 1 -- 172.21.15.100:0/1382341822 <== mon.0 v2:172.21.15.100:3300/0 4 ==== mgrmap(e 5) ==== 46558+0+0 (secure 0 0 0) 0x7fe04c01a8c0 con 0x7fe058109080
2024-04-23T10:16:46.619 INFO:teuthology.orchestra.run.smithi100.stdout:/usr/bin/ceph: stderr
2024-04-23T10:16:45.746+0000 7fe055ffb700 1 --2- 172.21.15.100:0/1382341822 >> [v2:172.21.15.100:6800/1904049686,v1:172.21.15.100:6801/1904049686] conn(0x7fe048039560 0x7fe04803ba20 unknown :-1 s=NONE pgs=0 cs=0 l=1 rev1=0 crypto rx=0 tx=0 comp rx=0 tx=0).connect
2024-04-23T10:16:46.619 INFO:teuthology.orchestra.run.smithi100.stdout:/usr/bin/ceph: stderr
2024-04-23T10:16:45.746+0000 7fe055ffb700 1 -- 172.21.15.100:0/1382341822 <== mon.0 v2:172.21.15.100:3300/0 5 ==== osd_map(1..1 src has 1..1) ==== 725+0+0 (secure 0 0 0) 0x7fe04c04ea20 con 0x7fe058109080
2024-04-23T10:16:46.619 INFO:teuthology.orchestra.run.smithi100.stdout:/usr/bin/ceph: stderr
2024-04-23T10:16:45.746+0000 7fe057fff700 1 -- 172.21.15.100:0/1382341822 >> [v2:172.21.15.100:6800/1904049686,v1:172.21.15.100:6801/1904049686] conn(0x7fe048039560 msgr2=0x7fe04803ba20 unknown :-1 s=STATE_CONNECTING_RE l=1).process reconnect failed to v2:172.21.15.100:6800/1904049686
2024-04-23T10:16:46.619 INFO:teuthology.orchestra.run.smithi100.stdout:/usr/bin/ceph: stderr
2024-04-23T10:16:45.746+0000 7fe057fff700 1 --2- 172.21.15.100:0/1382341822 >> [v2:172.21.15.100:6800/1904049686,v1:172.21.15.100:6801/1904049686] conn(0x7fe048039560 0x7fe04803ba20 unknown :-1 s=START_CONNECT pgs=0 cs=0 l=1 rev1=0 crypto rx=0 tx=0 comp rx=0 tx=0)._fault waiting 0.200000
2024-04-23T10:16:46.620 INFO:teuthology.orchestra.run.smithi100.stdout:/usr/bin/ceph: stderr
2024-04-23T10:16:45.746+0000 7fe05efe9700 1 -- 172.21.15.100:0/1382341822 --> [v2:172.21.15.100:3300/0,v1:172.21.15.100:6789/0] -- mon_command({"prefix": "get_command_descriptions"} v 0) -- 0x7fe0580640a0 con 0x7fe058109080
2024-04-23T10:16:46.620 INFO:teuthology.orchestra.run.smithi100.stdout:/usr/bin/ceph: stderr
2024-04-23T10:16:45.751+0000 7fe055ffb700 1 -- 172.21.15.100:0/1382341822 <== mon.0 v2:172.21.15.100:3300/0 6 ==== mon_command_ack([{"prefix": "get_command_descriptions"}]=0 v0) ==== 72+0+188370 (secure 0 0 0) 0x7fe04c019c70 con 0x7fe058109080
2024-04-23T10:16:46.620 INFO:teuthology.orchestra.run.smithi100.stdout:/usr/bin/ceph: stderr
