2024-04-23T10:16:58.062 INFO:teuthology.orchestra.run.smithi100.stdout:/usr/bin/ceph: stderr
2024-04-23T10:16:57.327+0000 7fea63fff700 1 --2- 172.21.15.100:0/2906032518 >> [v2:172.21.15.100:6800/1774288122,v1:172.21.15.100:6801/1774288122] conn(0x7fea540395b0 0x7fea5403ba70 unknown :-1 s=BANNER_CONNECTING pgs=0 cs=0 l=1 rev1=0 crypto rx=0 tx=0 comp rx=0 tx=0)._handle_peer_banner_payload supported=3 required=0
2024-04-23T10:16:58.062 INFO:teuthology.orchestra.run.smithi100.stdout:/usr/bin/ceph: stderr
2024-04-23T10:16:57.327+0000 7fea63fff700 1 --2- 172.21.15.100:0/2906032518 >> [v2:172.21.15.100:6800/1774288122,v1:172.21.15.100:6801/1774288122] conn(0x7fea540395b0 0x7fea5403ba70 secure :-1 s=READY pgs=10 cs=0 l=1 rev1=1 crypto rx=0x7fea50006fd0 tx=0x7fea50006e40 comp rx=0 tx=0).ready entity=mgr.14118 client_cookie=0 server_cookie=0 in_seq=0 out_seq=0
2024-04-23T10:16:58.062 INFO:teuthology.orchestra.run.smithi100.stdout:/usr/bin/ceph: stderr
2024-04-23T10:16:57.331+0000 7fea61ffb700 1 -- 172.21.15.100:0/2906032518 <== mon.0 v2:172.21.15.100:3300/0 6 ==== mon_command_ack([{"prefix": "get_command_descriptions"}]=0 v0) ==== 72+0+188370 (secure 0 0 0) 0x7fea5804d5f0 con 0x7fea64106e90
2024-04-23T10:16:58.062 INFO:teuthology.orchestra.run.smithi100.stdout:/usr/bin/ceph: stderr
2024-04-23T10:16:57.530+0000 7fea6ab00700 1 -- 172.21.15.100:0/2906032518 --> [v2:172.21.15.100:6800/1774288122,v1:172.21.15.100:6801/1774288122] -- mgr_command(tid 0: {"prefix": "cephadm get-pub-key", "target": ["mon-mgr", ""]}) -- 0x7fea6402e260 con 0x7fea540395b0
2024-04-23T10:16:58.062 INFO:teuthology.orchestra.run.smithi100.stdout:/usr/bin/ceph: stderr
2024-04-23T10:16:57.531+0000 7fea61ffb700 1 -- 172.21.15.100:0/2906032518 <== mgr.14118 v2:172.21.15.100:6800/1774288122 1 ==== mgr_command_reply(tid 0: 0 ) ==== 8+0+595 (secure 0 0 0) 0x7fea6402e260 con 0x7fea540395b0
2024-04-23T10:16:58.062 INFO:teuthology.orchestra.run.smithi100.stdout:/usr/bin/ceph: stderr
2024-04-23T10:16:57.533+0000 7fea6ab00700 1 -- 172.21.15.100:0/2906032518 >> [v2:172.21.15.100:6800/1774288122,v1:172.21.15.100:6801/1774288122] conn(0x7fea540395b0 msgr2=0x7fea5403ba70 secure :-1 s=STATE_CONNECTION_ESTABLISHED l=1).mark_down
2024-04-23T10:16:58.062 INFO:teuthology.orchestra.run.smithi100.stdout:/usr/bin/ceph: stderr
2024-04-23T10:16:57.533+0000 7fea6ab00700 1 --2- 172.21.15.100:0/2906032518 >> [v2:172.21.15.100:6800/1774288122,v1:172.21.15.100:6801/1774288122] conn(0x7fea540395b0 0x7fea5403ba70 secure :-1 s=READY pgs=10 cs=0 l=1 rev1=1 crypto rx=0x7fea50006fd0 tx=0x7fea50006e40 comp rx=0 tx=0).stop
2024-04-23T10:16:58.062 INFO:teuthology.orchestra.run.smithi100.stdout:/usr/bin/ceph: stderr
2024-04-23T10:16:57.533+0000 7fea6ab00700 1 -- 172.21.15.100:0/2906032518 >> [v2:172.21.15.100:3300/0,v1:172.21.15.100:6789/0] conn(0x7fea64106e90 msgr2=0x7fea6419e6b0 secure :-1 s=STATE_CONNECTION_ESTABLISHED l=1).mark_down
2024-04-23T10:16:58.062 INFO:teuthology.orchestra.run.smithi100.stdout:/usr/bin/ceph: stderr
2024-04-23T10:16:57.533+0000 7fea6ab00700 1 --2- 172.21.15.100:0/2906032518 >> [v2:172.21.15.100:3300/0,v1:172.21.15.100:6789/0] conn(0x7fea64106e90 0x7fea6419e6b0 secure :-1 s=READY pgs=42 cs=0 l=1 rev1=1 crypto rx=0x7fea58003f40 tx=0x7fea58011890 comp rx=0 tx=0).stop
2024-04-23T10:16:58.062 INFO:teuthology.orchestra.run.smithi100.stdout:/usr/bin/ceph: stderr
2024-04-23T10:16:57.533+0000 7fea6ab00700 1 -- 172.21.15.100:0/2906032518 shutdown_connections
2024-04-23T10:16:58.062 INFO:teuthology.orchestra.run.smithi100.stdout:/usr/bin/ceph: stderr
2024-04-23T10:16:57.533+0000 7fea6ab00700 1 --2- 172.21.15.100:0/2906032518 >> [v2:172.21.15.100:6800/1774288122,v1:172.21.15.100:6801/1774288122] conn(0x7fea540395b0 0x7fea5403ba70 unknown :-1 s=CLOSED pgs=10 cs=0 l=1 rev1=1 crypto rx=0 tx=0 comp rx=0 tx=0).stop
2024-04-23T10:16:58.062 INFO:teuthology.orchestra.run.smithi100.stdout:/usr/bin/ceph: stderr
2024-04-23T10:16:57.533+0000 7fea6ab00700 1 --2- 172.21.15.100:0/2906032518 >> [v2:172.21.15.100:3300/0,v1:172.21.15.100:6789/0] conn(0x7fea64106e90 0x7fea6419e6b0 unknown :-1 s=CLOSED pgs=42 cs=0 l=1 rev1=1 crypto rx=0 tx=0 comp rx=0 tx=0).stop
2024-04-23T10:16:58.062 INFO:teuthology.orchestra.run.smithi100.stdout:/usr/bin/ceph: stderr
2024-04-23T10:16:57.533+0000 7fea6ab00700 1 -- 172.21.15.100:0/2906032518 >> 172.21.15.100:0/2906032518 conn(0x7fea64102ab0 msgr2=0x7fea64195350 unknown :-1 s=STATE_NONE l=0).mark_down
2024-04-23T10:16:58.062 INFO:teuthology.orchestra.run.smithi100.stdout:/usr/bin/ceph: stderr
2024-04-23T10:16:57.533+0000 7fea6ab00700 1 -- 172.21.15.100:0/2906032518 shutdown_connections
2024-04-23T10:16:58.063 INFO:teuthology.orchestra.run.smithi100.stdout:/usr/bin/ceph: stderr
2024-04-23T10:16:57.533+0000 7fea6ab00700 1 -- 172.21.15.100:0/2906032518 wait complete.
2024-04-23T10:16:58.063 INFO:teuthology.orchestra.run.smithi100.stdout:Wrote public SSH key to /home/ubuntu/cephtest/ceph.pub
2024-04-23T10:16:58.063 INFO:teuthology.orchestra.run.smithi100.stdout:Adding key to root@localhost authorized_keys...
2024-04-23T10:16:58.063 INFO:teuthology.orchestra.run.smithi100.stdout:Adding host smithi100...
2024-04-23T10:16:58.362 INFO:journalctl@ceph.mon.a.smithi100.stdout:Apr 23 10:16:58 smithi100 ceph-mon[29665]: from='client.14136 -' entity='client.admin' cmd=[{"prefix": "cephadm get-pub-key", "target": ["mon-mgr", ""]}]: dispatch
2024-04-23T10:16:59.552 INFO:journalctl@ceph.mon.a.smithi100.stdout:Apr 23 10:16:59 smithi100 ceph-mon[29665]: from='client.14138 -' entity='client.admin' cmd=[{"prefix": "orch host add", "hostname": "smithi100", "addr": "172.21.15.100", "target": ["mon-mgr", ""]}]: dispatch
2024-04-23T10:17:00.675 INFO:journalctl@ceph.mon.a.smithi100.stdout:Apr 23 10:17:00 smithi100 ceph-mon[29665]: Deploying cephadm binary to smithi100
2024-04-23T10:17:03.299 INFO:teuthology.orchestra.run.smithi100.stdout:/usr/bin/ceph: stdout Added host 'smithi100' with addr '172.21.15.100'
2024-04-23T10:17:03.299 INFO:teuthology.orchestra.run.smithi100.stdout:/usr/bin/ceph: stderr
2024-04-23T10:16:58.465+0000 7f7479df3700 1 Processor -- start
2024-04-23T10:17:03.299 INFO:teuthology.orchestra.run.smithi100.stdout:/usr/bin/ceph: stderr
2024-04-23T10:16:58.465+0000 7f7479df3700 1 -- start start
2024-04-23T10:17:03.299 INFO:teuthology.orchestra.run.smithi100.stdout:/usr/bin/ceph: stderr
2024-04-23T10:16:58.465+0000 7f7479df3700 1 --2- >> [v2:172.21.15.100:3300/0,v1:172.21.15.100:6789/0] conn(0x7f74741074f0 0x7f7474107910 unknown :-1 s=NONE pgs=0 cs=0 l=0 rev1=0 crypto rx=0 tx=0 comp rx=0 tx=0).connect
2024-04-23T10:17:03.299 INFO:teuthology.orchestra.run.smithi100.stdout:/usr/bin/ceph: stderr
2024-04-23T10:16:58.465+0000 7f7479df3700 1 -- --> [v2:172.21.15.100:3300/0,v1:172.21.15.100:6789/0] -- mon_getmap magic: 0 -- 0x7f7474107ee0 con 0x7f74741074f0
2024-04-23T10:17:03.299 INFO:teuthology.orchestra.run.smithi100.stdout:/usr/bin/ceph: stderr
2024-04-23T10:16:58.466+0000 7f74737fe700 1 --2- >> [v2:172.21.15.100:3300/0,v1:172.21.15.100:6789/0] conn(0x7f74741074f0 0x7f7474107910 unknown :-1 s=BANNER_CONNECTING pgs=0 cs=0 l=0 rev1=0 crypto rx=0 tx=0 comp rx=0 tx=0)._handle_peer_banner_payload supported=3 required=0
2024-04-23T10:17:03.300 INFO:teuthology.orchestra.run.smithi100.stdout:/usr/bin/ceph: stderr
2024-04-23T10:16:58.466+0000 7f74737fe700 1 --2- >> [v2:172.21.15.100:3300/0,v1:172.21.15.100:6789/0] conn(0x7f74741074f0 0x7f7474107910 unknown :-1 s=HELLO_CONNECTING pgs=0 cs=0 l=0 rev1=1 crypto rx=0 tx=0 comp rx=0 tx=0).handle_hello peer v2:172.21.15.100:3300/0 says I am v2:172.21.15.100:50196/0 (socket says 172.21.15.100:50196)
2024-04-23T10:17:03.300 INFO:teuthology.orchestra.run.smithi100.stdout:/usr/bin/ceph: stderr
2024-04-23T10:16:58.466+0000 7f74737fe700 1 -- 172.21.15.100:0/2585948818 learned_addr learned my addr 172.21.15.100:0/2585948818 (peer_addr_for_me v2:172.21.15.100:0/0)
2024-04-23T10:17:03.300 INFO:teuthology.orchestra.run.smithi100.stdout:/usr/bin/ceph: stderr
2024-04-23T10:16:58.466+0000 7f74737fe700 1 -- 172.21.15.100:0/2585948818 --> [v2:172.21.15.100:3300/0,v1:172.21.15.100:6789/0] -- mon_subscribe({config=0+,monmap=0+}) -- 0x7f74741086f0 con 0x7f74741074f0
2024-04-23T10:17:03.300 INFO:teuthology.orchestra.run.smithi100.stdout:/usr/bin/ceph: stderr
2024-04-23T10:16:58.466+0000 7f74737fe700 1 --2- 172.21.15.100:0/2585948818 >> [v2:172.21.15.100:3300/0,v1:172.21.15.100:6789/0] conn(0x7f74741074f0 0x7f7474107910 secure :-1 s=READY pgs=43 cs=0 l=1 rev1=1 crypto rx=0x7f74640098a0 tx=0x7f7464009bb0 comp rx=0 tx=0).ready entity=mon.0 client_cookie=fa030341cf8d89aa server_cookie=0 in_seq=0 out_seq=0
2024-04-23T10:17:03.300 INFO:teuthology.orchestra.run.smithi100.stdout:/usr/bin/ceph: stderr
2024-04-23T10:16:58.466+0000 7f7472ffd700 1 -- 172.21.15.100:0/2585948818 <== mon.0 v2:172.21.15.100:3300/0 1 ==== mon_map magic: 0 ==== 205+0+0 (secure 0 0 0) 0x7f7464004160 con 0x7f74741074f0
2024-04-23T10:17:03.300 INFO:teuthology.orchestra.run.smithi100.stdout:/usr/bin/ceph: stderr
2024-04-23T10:16:58.466+0000 7f7472ffd700 1 -- 172.21.15.100:0/2585948818 <== mon.0 v2:172.21.15.100:3300/0 2 ==== config(26 keys) ==== 1070+0+0 (secure 0 0 0) 0x7f7464004300 con 0x7f74741074f0
2024-04-23T10:17:03.300 INFO:teuthology.orchestra.run.smithi100.stdout:/usr/bin/ceph: stderr
2024-04-23T10:16:58.466+0000 7f7472ffd700 1 -- 172.21.15.100:0/2585948818 <== mon.0 v2:172.21.15.100:3300/0 3 ==== mon_map magic: 0 ==== 205+0+0 (secure 0 0 0) 0x7f7464011af0 con 0x7f74741074f0
2024-04-23T10:17:03.300 INFO:teuthology.orchestra.run.smithi100.stdout:/usr/bin/ceph: stderr
2024-04-23T10:16:58.467+0000 7f7479df3700 1 -- 172.21.15.100:0/2585948818 >> [v2:172.21.15.100:3300/0,v1:172.21.15.100:6789/0] conn(0x7f74741074f0 msgr2=0x7f7474107910 secure :-1 s=STATE_CONNECTION_ESTABLISHED l=1).mark_down
2024-04-23T10:17:03.300 INFO:teuthology.orchestra.run.smithi100.stdout:/usr/bin/ceph: stderr
2024-04-23T10:16:58.467+0000 7f7479df3700 1 --2- 172.21.15.100:0/2585948818 >> [v2:172.21.15.100:3300/0,v1:172.21.15.100:6789/0] conn(0x7f74741074f0 0x7f7474107910 secure :-1 s=READY pgs=43 cs=0 l=1 rev1=1 crypto rx=0x7f74640098a0 tx=0x7f7464009bb0 comp rx=0 tx=0).stop
2024-04-23T10:17:03.300 INFO:teuthology.orchestra.run.smithi100.stdout:/usr/bin/ceph: stderr
2024-04-23T10:16:58.467+0000 7f7479df3700 1 -- 172.21.15.100:0/2585948818 shutdown_connections
2024-04-23T10:17:03.300 INFO:teuthology.orchestra.run.smithi100.stdout:/usr/bin/ceph: stderr
2024-04-23T10:16:58.467+0000 7f7479df3700 1 --2- 172.21.15.100:0/2585948818 >> [v2:172.21.15.100:3300/0,v1:172.21.15.100:6789/0] conn(0x7f74741074f0 0x7f7474107910 unknown :-1 s=CLOSED pgs=43 cs=0 l=1 rev1=1 crypto rx=0 tx=0 comp rx=0 tx=0).stop
2024-04-23T10:17:03.300 INFO:teuthology.orchestra.run.smithi100.stdout:/usr/bin/ceph: stderr
2024-04-23T10:16:58.467+0000 7f7479df3700 1 -- 172.21.15.100:0/2585948818 >> 172.21.15.100:0/2585948818 conn(0x7f7474102a70 msgr2=0x7f7474104ed0 unknown :-1 s=STATE_NONE l=0).mark_down
2024-04-23T10:17:03.300 INFO:teuthology.orchestra.run.smithi100.stdout:/usr/bin/ceph: stderr
2024-04-23T10:16:58.467+0000 7f7479df3700 1 -- 172.21.15.100:0/2585948818 shutdown_connections
2024-04-23T10:17:03.300 INFO:teuthology.orchestra.run.smithi100.stdout:/usr/bin/ceph: stderr
2024-04-23T10:16:58.467+0000 7f7479df3700 1 -- 172.21.15.100:0/2585948818 wait complete.
2024-04-23T10:17:03.300 INFO:teuthology.orchestra.run.smithi100.stdout:/usr/bin/ceph: stderr
2024-04-23T10:16:58.467+0000 7f7479df3700 1 Processor -- start
2024-04-23T10:17:03.300 INFO:teuthology.orchestra.run.smithi100.stdout:/usr/bin/ceph: stderr
2024-04-23T10:16:58.468+0000 7f7479df3700 1 -- start start
2024-04-23T10:17:03.301 INFO:teuthology.orchestra.run.smithi100.stdout:/usr/bin/ceph: stderr
2024-04-23T10:16:58.468+0000 7f7479df3700 1 --2- >> [v2:172.21.15.100:3300/0,v1:172.21.15.100:6789/0] conn(0x7f74741074f0 0x7f74741925e0 unknown :-1 s=NONE pgs=0 cs=0 l=1 rev1=0 crypto rx=0 tx=0 comp rx=0 tx=0).connect
2024-04-23T10:17:03.301 INFO:teuthology.orchestra.run.smithi100.stdout:/usr/bin/ceph: stderr
2024-04-23T10:16:58.468+0000 7f7479df3700 1 -- --> [v2:172.21.15.100:3300/0,v1:172.21.15.100:6789/0] -- mon_getmap magic: 0 -- 0x7f747410b920 con 0x7f74741074f0
2024-04-23T10:17:03.301 INFO:teuthology.orchestra.run.smithi100.stdout:/usr/bin/ceph: stderr
2024-04-23T10:16:58.468+0000 7f74737fe700 1 --2- >> [v2:172.21.15.100:3300/0,v1:172.21.15.100:6789/0] conn(0x7f74741074f0 0x7f74741925e0 unknown :-1 s=BANNER_CONNECTING pgs=0 cs=0 l=1 rev1=0 crypto rx=0 tx=0 comp rx=0 tx=0)._handle_peer_banner_payload supported=3 required=0
2024-04-23T10:17:03.301 INFO:teuthology.orchestra.run.smithi100.stdout:/usr/bin/ceph: stderr
2024-04-23T10:16:58.468+0000 7f74737fe700 1 --2- >> [v2:172.21.15.100:3300/0,v1:172.21.15.100:6789/0] conn(0x7f74741074f0 0x7f74741925e0 unknown :-1 s=HELLO_CONNECTING pgs=0 cs=0 l=1 rev1=1 crypto rx=0 tx=0 comp rx=0 tx=0).handle_hello peer v2:172.21.15.100:3300/0 says I am v2:172.21.15.100:50204/0 (socket says 172.21.15.100:50204)
2024-04-23T10:17:03.301 INFO:teuthology.orchestra.run.smithi100.stdout:/usr/bin/ceph: stderr
2024-04-23T10:16:58.468+0000 7f74737fe700 1 -- 172.21.15.100:0/2928741904 learned_addr learned my addr 172.21.15.100:0/2928741904 (peer_addr_for_me v2:172.21.15.100:0/0)
2024-04-23T10:17:03.301 INFO:teuthology.orchestra.run.smithi100.stdout:/usr/bin/ceph: stderr
2024-04-23T10:16:58.468+0000 7f74737fe700 1 -- 172.21.15.100:0/2928741904 --> [v2:172.21.15.100:3300/0,v1:172.21.15.100:6789/0] -- mon_subscribe({config=0+,monmap=0+}) -- 0x7f7474192b20 con 0x7f74741074f0
2024-04-23T10:17:03.301 INFO:teuthology.orchestra.run.smithi100.stdout:/usr/bin/ceph: stderr
2024-04-23T10:16:58.468+0000 7f74737fe700 1 --2- 172.21.15.100:0/2928741904 >> [v2:172.21.15.100:3300/0,v1:172.21.15.100:6789/0] conn(0x7f74741074f0 0x7f74741925e0 secure :-1 s=READY pgs=44 cs=0 l=1 rev1=1 crypto rx=0x7f7464003f40 tx=0x7f7464011890 comp rx=0 tx=0).ready entity=mon.0 client_cookie=0 server_cookie=0 in_seq=0 out_seq=0
2024-04-23T10:17:03.301 INFO:teuthology.orchestra.run.smithi100.stdout:/usr/bin/ceph: stderr
2024-04-23T10:16:58.468+0000 7f74717fa700 1 -- 172.21.15.100:0/2928741904 <== mon.0 v2:172.21.15.100:3300/0 1 ==== mon_map magic: 0 ==== 205+0+0 (secure 0 0 0) 0x7f74640038b0 con 0x7f74741074f0
2024-04-23T10:17:03.301 INFO:teuthology.orchestra.run.smithi100.stdout:/usr/bin/ceph: stderr
2024-04-23T10:16:58.469+0000 7f74717fa700 1 -- 172.21.15.100:0/2928741904 <== mon.0 v2:172.21.15.100:3300/0 2 ==== config(26 keys) ==== 1070+0+0 (secure 0 0 0) 0x7f7464003a50 con 0x7f74741074f0
2024-04-23T10:17:03.301 INFO:teuthology.orchestra.run.smithi100.stdout:/usr/bin/ceph: stderr
2024-04-23T10:16:58.469+0000 7f7479df3700 1 -- 172.21.15.100:0/2928741904 --> [v2:172.21.15.100:3300/0,v1:172.21.15.100:6789/0] -- mon_subscribe({mgrmap=0+}) -- 0x7f7474190d10 con 0x7f74741074f0
2024-04-23T10:17:03.301 INFO:teuthology.orchestra.run.smithi100.stdout:/usr/bin/ceph: stderr
2024-04-23T10:16:58.469+0000 7f74717fa700 1 -- 172.21.15.100:0/2928741904 <== mon.0 v2:172.21.15.100:3300/0 3 ==== mon_map magic: 0 ==== 205+0+0 (secure 0 0 0) 0x7f746401a5c0 con 0x7f74741074f0
2024-04-23T10:17:03.301 INFO:teuthology.orchestra.run.smithi100.stdout:/usr/bin/ceph: stderr
2024-04-23T10:16:58.469+0000 7f7479df3700 1 -- 172.21.15.100:0/2928741904 --> [v2:172.21.15.100:3300/0,v1:172.21.15.100:6789/0] -- mon_subscribe({osdmap=0}) -- 0x7f7474191250 con 0x7f74741074f0
2024-04-23T10:17:03.301 INFO:teuthology.orchestra.run.smithi100.stdout:/usr/bin/ceph: stderr
2024-04-23T10:16:58.469+0000 7f74717fa700 1 -- 172.21.15.100:0/2928741904 <== mon.0 v2:172.21.15.100:3300/0 4 ==== mgrmap(e 8) ==== 46558+0+0 (secure 0 0 0) 0x7f746401a8c0 con 0x7f74741074f0
2024-04-23T10:17:03.301 INFO:teuthology.orchestra.run.smithi100.stdout:/usr/bin/ceph: stderr
2024-04-23T10:16:58.469+0000 7f7479df3700 1 -- 172.21.15.100:0/2928741904 --> [v2:172.21.15.100:3300/0,v1:172.21.15.100:6789/0] -- mon_command({"prefix": "get_command_descriptions"} v 0) -- 0x7f747410baa0 con 0x7f74741074f0
2024-04-23T10:17:03.301 INFO:teuthology.orchestra.run.smithi100.stdout:/usr/bin/ceph: stderr
2024-04-23T10:16:58.470+0000 7f74717fa700 1 --2- 172.21.15.100:0/2928741904 >> [v2:172.21.15.100:6800/1774288122,v1:172.21.15.100:6801/1774288122] conn(0x7f7460039560 0x7f746003ba20 unknown :-1 s=NONE pgs=0 cs=0 l=1 rev1=0 crypto rx=0 tx=0 comp rx=0 tx=0).connect
2024-04-23T10:17:03.302 INFO:teuthology.orchestra.run.smithi100.stdout:/usr/bin/ceph: stderr
2024-04-23T10:16:58.470+0000 7f74717fa700 1 -- 172.21.15.100:0/2928741904 <== mon.0 v2:172.21.15.100:3300/0 5 ==== osd_map(2..2 src has 1..2) ==== 940+0+0 (secure 0 0 0) 0x7f746404dc70 con 0x7f74741074f0
2024-04-23T10:17:03.302 INFO:teuthology.orchestra.run.smithi100.stdout:/usr/bin/ceph: stderr
2024-04-23T10:16:58.470+0000 7f746affd700 1 --2- 172.21.15.100:0/2928741904 >> [v2:172.21.15.100:6800/1774288122,v1:172.21.15.100:6801/1774288122] conn(0x7f7460039560 0x7f746003ba20 unknown :-1 s=BANNER_CONNECTING pgs=0 cs=0 l=1 rev1=0 crypto rx=0 tx=0 comp rx=0 tx=0)._handle_peer_banner_payload supported=3 required=0
2024-04-23T10:17:03.302 INFO:teuthology.orchestra.run.smithi100.stdout:/usr/bin/ceph: stderr
2024-04-23T10:16:58.470+0000 7f746affd700 1 --2- 172.21.15.100:0/2928741904 >> [v2:172.21.15.100:6800/1774288122,v1:172.21.15.100:6801/1774288122] conn(0x7f7460039560 0x7f746003ba20 secure :-1 s=READY pgs=11 cs=0 l=1 rev1=1 crypto rx=0x7f745c006fd0 tx=0x7f745c006e40 comp rx=0 tx=0).ready entity=mgr.14118 client_cookie=0 server_cookie=0 in_seq=0 out_seq=0
2024-04-23T10:17:03.302 INFO:teuthology.orchestra.run.smithi100.stdout:/usr/bin/ceph: stderr
2024-04-23T10:16:58.475+0000 7f74717fa700 1 -- 172.21.15.100:0/2928741904 <== mon.0 v2:172.21.15.100:3300/0 6 ==== mon_command_ack([{"prefix": "get_command_descriptions"}]=0 v0) ==== 72+0+188370 (secure 0 0 0) 0x7f7464019c70 con 0x7f74741074f0
2024-04-23T10:17:03.302 INFO:teuthology.orchestra.run.smithi100.stdout:/usr/bin/ceph: stderr
2024-04-23T10:16:58.681+0000 7f7479df3700 1 -- 172.21.15.100:0/2928741904 --> [v2:172.21.15.100:6800/1774288122,v1:172.21.15.100:6801/1774288122] -- mgr_command(tid 0: {"prefix": "orch host add", "hostname": "smithi100", "addr": "172.21.15.100", "target": ["mon-mgr", ""]}) -- 0x7f74741919f0 con 0x7f7460039560
2024-04-23T10:17:03.302 INFO:teuthology.orchestra.run.smithi100.stdout:/usr/bin/ceph: stderr
2024-04-23T10:17:02.760+0000 7f74717fa700 1 -- 172.21.15.100:0/2928741904 <== mgr.14118 v2:172.21.15.100:6800/1774288122 1 ==== mgr_command_reply(tid 0: 0 ) ==== 8+0+49 (secure 0 0 0) 0x7f74741919f0 con 0x7f7460039560
2024-04-23T10:17:03.302 INFO:teuthology.orchestra.run.smithi100.stdout:/usr/bin/ceph: stderr
2024-04-23T10:17:02.763+0000 7f7479df3700 1 -- 172.21.15.100:0/2928741904 >> [v2:172.21.15.100:6800/1774288122,v1:172.21.15.100:6801/1774288122] conn(0x7f7460039560 msgr2=0x7f746003ba20 secure :-1 s=STATE_CONNECTION_ESTABLISHED l=1).mark_down
2024-04-23T10:17:03.302 INFO:teuthology.orchestra.run.smithi100.stdout:/usr/bin/ceph: stderr
2024-04-23T10:17:02.763+0000 7f7479df3700 1 --2- 172.21.15.100:0/2928741904 >> [v2:172.21.15.100:6800/1774288122,v1:172.21.15.100:6801/1774288122] conn(0x7f7460039560 0x7f746003ba20 secure :-1 s=READY pgs=11 cs=0 l=1 rev1=1 crypto rx=0x7f745c006fd0 tx=0x7f745c006e40 comp rx=0 tx=0).stop
2024-04-23T10:17:03.302 INFO:teuthology.orchestra.run.smithi100.stdout:/usr/bin/ceph: stderr
2024-04-23T10:17:02.763+0000 7f7479df3700 1 -- 172.21.15.100:0/2928741904 >> [v2:172.21.15.100:3300/0,v1:172.21.15.100:6789/0] conn(0x7f74741074f0 msgr2=0x7f74741925e0 secure :-1 s=STATE_CONNECTION_ESTABLISHED l=1).mark_down
2024-04-23T10:17:03.302 INFO:teuthology.orchestra.run.smithi100.stdout:/usr/bin/ceph: stderr
2024-04-23T10:17:02.763+0000 7f7479df3700 1 --2- 172.21.15.100:0/2928741904 >> [v2:172.21.15.100:3300/0,v1:172.21.15.100:6789/0] conn(0x7f74741074f0 0x7f74741925e0 secure :-1 s=READY pgs=44 cs=0 l=1 rev1=1 crypto rx=0x7f7464003f40 tx=0x7f7464011890 comp rx=0 tx=0).stop
2024-04-23T10:17:03.302 INFO:teuthology.orchestra.run.smithi100.stdout:/usr/bin/ceph: stderr
2024-04-23T10:17:02.763+0000 7f7479df3700 1 -- 172.21.15.100:0/2928741904 shutdown_connections
2024-04-23T10:17:03.302 INFO:teuthology.orchestra.run.smithi100.stdout:/usr/bin/ceph: stderr
2024-04-23T10:17:02.763+0000 7f7479df3700 1 --2- 172.21.15.100:0/2928741904 >> [v2:172.21.15.100:6800/1774288122,v1:172.21.15.100:6801/1774288122] conn(0x7f7460039560 0x7f746003ba20 unknown :-1 s=CLOSED pgs=11 cs=0 l=1 rev1=1 crypto rx=0 tx=0 comp rx=0 tx=0).stop
2024-04-23T10:17:03.302 INFO:teuthology.orchestra.run.smithi100.stdout:/usr/bin/ceph: stderr
2024-04-23T10:17:02.763+0000 7f7479df3700 1 --2- 172.21.15.100:0/2928741904 >> [v2:172.21.15.100:3300/0,v1:172.21.15.100:6789/0] conn(0x7f74741074f0 0x7f74741925e0 unknown :-1 s=CLOSED pgs=44 cs=0 l=1 rev1=1 crypto rx=0 tx=0 comp rx=0 tx=0).stop
2024-04-23T10:17:03.302 INFO:teuthology.orchestra.run.smithi100.stdout:/usr/bin/ceph: stderr
2024-04-23T10:17:02.763+0000 7f7479df3700 1 -- 172.21.15.100:0/2928741904 >> 172.21.15.100:0/2928741904 conn(0x7f7474102a70 msgr2=0x7f7474103580 unknown :-1 s=STATE_NONE l=0).mark_down
2024-04-23T10:17:03.302 INFO:teuthology.orchestra.run.smithi100.stdout:/usr/bin/ceph: stderr
2024-04-23T10:17:02.763+0000 7f7479df3700 1 -- 172.21.15.100:0/2928741904 shutdown_connections
2024-04-23T10:17:03.303 INFO:teuthology.orchestra.run.smithi100.stdout:/usr/bin/ceph: stderr
2024-04-23T10:17:02.763+0000 7f7479df3700 1 -- 172.21.15.100:0/2928741904 wait complete.
2024-04-23T10:17:03.303 INFO:teuthology.orchestra.run.smithi100.stdout:Deploying unmanaged mon service...
2024-04-23T10:17:03.925 INFO:journalctl@ceph.mon.a.smithi100.stdout:Apr 23 10:17:03 smithi100 ceph-mon[29665]: from='mgr.14118 172.21.15.100:0/371044425' entity='mgr.x'
2024-04-23T10:17:03.925 INFO:journalctl@ceph.mon.a.smithi100.stdout:Apr 23 10:17:03 smithi100 ceph-mon[29665]: Added host smithi100
2024-04-23T10:17:03.926 INFO:journalctl@ceph.mon.a.smithi100.stdout:Apr 23 10:17:03 smithi100 ceph-mon[29665]: from='mgr.14118 172.21.15.100:0/371044425' entity='mgr.x' cmd=[{"prefix": "config dump", "format": "json"}]: dispatch
2024-04-23T10:17:04.634 INFO:teuthology.orchestra.run.smithi100.stdout:/usr/bin/ceph: stdout Scheduled mon update...
2024-04-23T10:17:04.635 INFO:teuthology.orchestra.run.smithi100.stdout:/usr/bin/ceph: stderr
2024-04-23T10:17:03.765+0000 7fab763e5700 1 Processor -- start
2024-04-23T10:17:04.635 INFO:teuthology.orchestra.run.smithi100.stdout:/usr/bin/ceph: stderr
2024-04-23T10:17:03.765+0000 7fab763e5700 1 -- start start
2024-04-23T10:17:04.635 INFO:teuthology.orchestra.run.smithi100.stdout:/usr/bin/ceph: stderr
2024-04-23T10:17:03.765+0000 7fab763e5700 1 --2- >> [v2:172.21.15.100:3300/0,v1:172.21.15.100:6789/0] conn(0x7fab701068a0 0x7fab70106cc0 unknown :-1 s=NONE pgs=0 cs=0 l=0 rev1=0 crypto rx=0 tx=0 comp rx=0 tx=0).connect
2024-04-23T10:17:04.635 INFO:teuthology.orchestra.run.smithi100.stdout:/usr/bin/ceph: stderr
2024-04-23T10:17:03.765+0000 7fab763e5700 1 -- --> [v2:172.21.15.100:3300/0,v1:172.21.15.100:6789/0] -- mon_getmap magic: 0 -- 0x7fab70107290 con 0x7fab701068a0
2024-04-23T10:17:04.635 INFO:teuthology.orchestra.run.smithi100.stdout:/usr/bin/ceph: stderr
2024-04-23T10:17:03.765+0000 7fab6ffff700 1 --2- >> [v2:172.21.15.100:3300/0,v1:172.21.15.100:6789/0] conn(0x7fab701068a0 0x7fab70106cc0 unknown :-1 s=BANNER_CONNECTING pgs=0 cs=0 l=0 rev1=0 crypto rx=0 tx=0 comp rx=0 tx=0)._handle_peer_banner_payload supported=3 required=0
2024-04-23T10:17:04.635 INFO:teuthology.orchestra.run.smithi100.stdout:/usr/bin/ceph: stderr
2024-04-23T10:17:03.765+0000 7fab6ffff700 1 --2- >> [v2:172.21.15.100:3300/0,v1:172.21.15.100:6789/0] conn(0x7fab701068a0 0x7fab70106cc0 unknown :-1 s=HELLO_CONNECTING pgs=0 cs=0 l=0 rev1=1 crypto rx=0 tx=0 comp rx=0 tx=0).handle_hello peer v2:172.21.15.100:3300/0 says I am v2:172.21.15.100:50208/0 (socket says 172.21.15.100:50208)
2024-04-23T10:17:04.635 INFO:teuthology.orchestra.run.smithi100.stdout:/usr/bin/ceph: stderr
2024-04-23T10:17:03.765+0000 7fab6ffff700 1 -- 172.21.15.100:0/3014281841 learned_addr learned my addr 172.21.15.100:0/3014281841 (peer_addr_for_me v2:172.21.15.100:0/0)
2024-04-23T10:17:04.635 INFO:teuthology.orchestra.run.smithi100.stdout:/usr/bin/ceph: stderr
2024-04-23T10:17:03.765+0000 7fab6ffff700 1 -- 172.21.15.100:0/3014281841 --> [v2:172.21.15.100:3300/0,v1:172.21.15.100:6789/0] -- mon_subscribe({config=0+,monmap=0+}) -- 0x7fab70109830 con 0x7fab701068a0
2024-04-23T10:17:04.635 INFO:teuthology.orchestra.run.smithi100.stdout:/usr/bin/ceph: stderr
2024-04-23T10:17:03.765+0000 7fab6ffff700 1 --2- 172.21.15.100:0/3014281841 >> [v2:172.21.15.100:3300/0,v1:172.21.15.100:6789/0] conn(0x7fab701068a0 0x7fab70106cc0 secure :-1 s=READY pgs=45 cs=0 l=1 rev1=1 crypto rx=0x7fab600098a0 tx=0x7fab60009bb0 comp rx=0 tx=0).ready entity=mon.0 client_cookie=d58d4c8609041c46 server_cookie=0 in_seq=0 out_seq=0
2024-04-23T10:17:04.635 INFO:teuthology.orchestra.run.smithi100.stdout:/usr/bin/ceph: stderr
2024-04-23T10:17:03.766+0000 7fab6effd700 1 -- 172.21.15.100:0/3014281841 <== mon.0 v2:172.21.15.100:3300/0 1 ==== mon_map magic: 0 ==== 205+0+0 (secure 0 0 0) 0x7fab60004160 con 0x7fab701068a0
2024-04-23T10:17:04.635 INFO:teuthology.orchestra.run.smithi100.stdout:/usr/bin/ceph: stderr
2024-04-23T10:17:03.766+0000 7fab6effd700 1 -- 172.21.15.100:0/3014281841 <== mon.0 v2:172.21.15.100:3300/0 2 ==== config(26 keys) ==== 1070+0+0 (secure 0 0 0) 0x7fab60004300 con 0x7fab701068a0
2024-04-23T10:17:04.635 INFO:teuthology.orchestra.run.smithi100.stdout:/usr/bin/ceph: stderr
2024-04-23T10:17:03.766+0000 7fab6effd700 1 -- 172.21.15.100:0/3014281841 <== mon.0 v2:172.21.15.100:3300/0 3 ==== mon_map magic: 0 ==== 205+0+0 (secure 0 0 0) 0x7fab60011af0 con 0x7fab701068a0
2024-04-23T10:17:04.636 INFO:teuthology.orchestra.run.smithi100.stdout:/usr/bin/ceph: stderr
2024-04-23T10:17:03.766+0000 7fab763e5700 1 -- 172.21.15.100:0/3014281841 >> [v2:172.21.15.100:3300/0,v1:172.21.15.100:6789/0] conn(0x7fab701068a0 msgr2=0x7fab70106cc0 secure :-1 s=STATE_CONNECTION_ESTABLISHED l=1).mark_down
2024-04-23T10:17:04.636 INFO:teuthology.orchestra.run.smithi100.stdout:/usr/bin/ceph: stderr
2024-04-23T10:17:03.766+0000 7fab763e5700 1 --2- 172.21.15.100:0/3014281841 >> [v2:172.21.15.100:3300/0,v1:172.21.15.100:6789/0] conn(0x7fab701068a0 0x7fab70106cc0 secure :-1 s=READY pgs=45 cs=0 l=1 rev1=1 crypto rx=0x7fab600098a0 tx=0x7fab60009bb0 comp rx=0 tx=0).stop
2024-04-23T10:17:04.636 INFO:teuthology.orchestra.run.smithi100.stdout:/usr/bin/ceph: stderr
2024-04-23T10:17:03.766+0000 7fab763e5700 1 -- 172.21.15.100:0/3014281841 shutdown_connections
2024-04-23T10:17:04.636 INFO:teuthology.orchestra.run.smithi100.stdout:/usr/bin/ceph: stderr
2024-04-23T10:17:03.766+0000 7fab763e5700 1 --2- 172.21.15.100:0/3014281841 >> [v2:172.21.15.100:3300/0,v1:172.21.15.100:6789/0] conn(0x7fab701068a0 0x7fab70106cc0 unknown :-1 s=CLOSED pgs=45 cs=0 l=1 rev1=1 crypto rx=0 tx=0 comp rx=0 tx=0).stop
2024-04-23T10:17:04.636 INFO:teuthology.orchestra.run.smithi100.stdout:/usr/bin/ceph: stderr
2024-04-23T10:17:03.766+0000 7fab763e5700 1 -- 172.21.15.100:0/3014281841 >> 172.21.15.100:0/3014281841 conn(0x7fab701021d0 msgr2=0x7fab70104610 unknown :-1 s=STATE_NONE l=0).mark_down
2024-04-23T10:17:04.636 INFO:teuthology.orchestra.run.smithi100.stdout:/usr/bin/ceph: stderr
2024-04-23T10:17:03.766+0000 7fab763e5700 1 -- 172.21.15.100:0/3014281841 shutdown_connections
2024-04-23T10:17:04.636 INFO:teuthology.orchestra.run.smithi100.stdout:/usr/bin/ceph: stderr
2024-04-23T10:17:03.766+0000 7fab763e5700 1 -- 172.21.15.100:0/3014281841 wait complete.
2024-04-23T10:17:04.636 INFO:teuthology.orchestra.run.smithi100.stdout:/usr/bin/ceph: stderr
2024-04-23T10:17:03.767+0000 7fab763e5700 1 Processor -- start
2024-04-23T10:17:04.636 INFO:teuthology.orchestra.run.smithi100.stdout:/usr/bin/ceph: stderr
2024-04-23T10:17:03.767+0000 7fab763e5700 1 -- start start
2024-04-23T10:17:04.636 INFO:teuthology.orchestra.run.smithi100.stdout:/usr/bin/ceph: stderr
2024-04-23T10:17:03.767+0000 7fab763e5700 1 --2- >> [v2:172.21.15.100:3300/0,v1:172.21.15.100:6789/0] conn(0x7fab701068a0 0x7fab7019c540 unknown :-1 s=NONE pgs=0 cs=0 l=1 rev1=0 crypto rx=0 tx=0 comp rx=0 tx=0).connect
2024-04-23T10:17:04.636 INFO:teuthology.orchestra.run.smithi100.stdout:/usr/bin/ceph: stderr
2024-04-23T10:17:03.767+0000 7fab763e5700 1 -- --> [v2:172.21.15.100:3300/0,v1:172.21.15.100:6789/0] -- mon_getmap magic: 0 -- 0x7fab7010ca60 con 0x7fab701068a0
2024-04-23T10:17:04.636 INFO:teuthology.orchestra.run.smithi100.stdout:/usr/bin/ceph: stderr
2024-04-23T10:17:03.767+0000 7fab6ffff700 1 --2- >> [v2:172.21.15.100:3300/0,v1:172.21.15.100:6789/0] conn(0x7fab701068a0 0x7fab7019c540 unknown :-1 s=BANNER_CONNECTING pgs=0 cs=0 l=1 rev1=0 crypto rx=0 tx=0 comp rx=0 tx=0)._handle_peer_banner_payload supported=3 required=0
2024-04-23T10:17:04.636 INFO:teuthology.orchestra.run.smithi100.stdout:/usr/bin/ceph: stderr
2024-04-23T10:17:03.767+0000 7fab6ffff700 1 --2- >> [v2:172.21.15.100:3300/0,v1:172.21.15.100:6789/0] conn(0x7fab701068a0 0x7fab7019c540 unknown :-1 s=HELLO_CONNECTING pgs=0 cs=0 l=1 rev1=1 crypto rx=0 tx=0 comp rx=0 tx=0).handle_hello peer v2:172.21.15.100:3300/0 says I am v2:172.21.15.100:50214/0 (socket says 172.21.15.100:50214)
2024-04-23T10:17:04.636 INFO:teuthology.orchestra.run.smithi100.stdout:/usr/bin/ceph: stderr
2024-04-23T10:17:03.767+0000 7fab6ffff700 1 -- 172.21.15.100:0/2982053674 learned_addr learned my addr 172.21.15.100:0/2982053674 (peer_addr_for_me v2:172.21.15.100:0/0)
2024-04-23T10:17:04.636 INFO:teuthology.orchestra.run.smithi100.stdout:/usr/bin/ceph: stderr
2024-04-23T10:17:03.767+0000 7fab6ffff700 1 -- 172.21.15.100:0/2982053674 --> [v2:172.21.15.100:3300/0,v1:172.21.15.100:6789/0] -- mon_subscribe({config=0+,monmap=0+}) -- 0x7fab7019ca80 con 0x7fab701068a0
2024-04-23T10:17:04.637 INFO:teuthology.orchestra.run.smithi100.stdout:/usr/bin/ceph: stderr
2024-04-23T10:17:03.768+0000 7fab6ffff700 1 --2- 172.21.15.100:0/2982053674 >> [v2:172.21.15.100:3300/0,v1:172.21.15.100:6789/0] conn(0x7fab701068a0 0x7fab7019c540 secure :-1 s=READY pgs=46 cs=0 l=1 rev1=1 crypto rx=0x7fab600117b0 tx=0x7fab60011b70 comp rx=0 tx=0).ready entity=mon.0 client_cookie=0 server_cookie=0 in_seq=0 out_seq=0
2024-04-23T10:17:04.637 INFO:teuthology.orchestra.run.smithi100.stdout:/usr/bin/ceph: stderr
2024-04-23T10:17:03.768+0000 7fab6d7fa700 1 -- 172.21.15.100:0/2982053674 <== mon.0 v2:172.21.15.100:3300/0 1 ==== mon_map magic: 0 ==== 205+0+0 (secure 0 0 0) 0x7fab60003af0 con 0x7fab701068a0
2024-04-23T10:17:04.637 INFO:teuthology.orchestra.run.smithi100.stdout:/usr/bin/ceph: stderr
2024-04-23T10:17:03.768+0000 7fab6d7fa700 1 -- 172.21.15.100:0/2982053674 <== mon.0 v2:172.21.15.100:3300/0 2 ==== config(26 keys) ==== 1070+0+0 (secure 0 0 0) 0x7fab60020070 con 0x7fab701068a0
2024-04-23T10:17:04.637 INFO:teuthology.orchestra.run.smithi100.stdout:/usr/bin/ceph: stderr
2024-04-23T10:17:03.768+0000 7fab763e5700 1 -- 172.21.15.100:0/2982053674 --> [v2:172.21.15.100:3300/0,v1:172.21.15.100:6789/0] -- mon_subscribe({mgrmap=0+}) -- 0x7fab7019cd10 con 0x7fab701068a0
2024-04-23T10:17:04.637 INFO:teuthology.orchestra.run.smithi100.stdout:/usr/bin/ceph: stderr
2024-04-23T10:17:03.768+0000 7fab6d7fa700 1 -- 172.21.15.100:0/2982053674 <== mon.0 v2:172.21.15.100:3300/0 3 ==== mon_map magic: 0 ==== 205+0+0 (secure 0 0 0) 0x7fab60019630 con 0x7fab701068a0
2024-04-23T10:17:04.637 INFO:teuthology.orchestra.run.smithi100.stdout:/usr/bin/ceph: stderr
2024-04-23T10:17:03.768+0000 7fab763e5700 1 -- 172.21.15.100:0/2982053674 --> [v2:172.21.15.100:3300/0,v1:172.21.15.100:6789/0] -- mon_subscribe({osdmap=0}) -- 0x7fab7019fa00 con 0x7fab701068a0
2024-04-23T10:17:04.637 INFO:teuthology.orchestra.run.smithi100.stdout:/usr/bin/ceph: stderr
2024-04-23T10:17:03.769+0000 7fab6d7fa700 1 -- 172.21.15.100:0/2982053674 <== mon.0 v2:172.21.15.100:3300/0 4 ==== mgrmap(e 8) ==== 46558+0+0 (secure 0 0 0) 0x7fab600198a0 con 0x7fab701068a0
2024-04-23T10:17:04.637 INFO:teuthology.orchestra.run.smithi100.stdout:/usr/bin/ceph: stderr
2024-04-23T10:17:03.769+0000 7fab763e5700 1 -- 172.21.15.100:0/2982053674 --> [v2:172.21.15.100:3300/0,v1:172.21.15.100:6789/0] -- mon_command({"prefix": "get_command_descriptions"} v 0) -- 0x7fab700640a0 con 0x7fab701068a0
2024-04-23T10:17:04.637 INFO:teuthology.orchestra.run.smithi100.stdout:/usr/bin/ceph: stderr
2024-04-23T10:17:03.769+0000 7fab6d7fa700 1 --2- 172.21.15.100:0/2982053674 >> [v2:172.21.15.100:6800/1774288122,v1:172.21.15.100:6801/1774288122] conn(0x7fab58039600 0x7fab5803bac0 unknown :-1 s=NONE pgs=0 cs=0 l=1 rev1=0 crypto rx=0 tx=0 comp rx=0 tx=0).connect
2024-04-23T10:17:04.637 INFO:teuthology.orchestra.run.smithi100.stdout:/usr/bin/ceph: stderr
2024-04-23T10:17:03.769+0000 7fab6d7fa700 1 -- 172.21.15.100:0/2982053674 <== mon.0 v2:172.21.15.100:3300/0 5 ==== osd_map(2..2 src has 1..2) ==== 940+0+0 (secure 0 0 0) 0x7fab6004dd50 con 0x7fab701068a0
2024-04-23T10:17:04.637 INFO:teuthology.orchestra.run.smithi100.stdout:/usr/bin/ceph: stderr
2024-04-23T10:17:03.769+0000 7fab6f7fe700 1 --2- 172.21.15.100:0/2982053674 >> [v2:172.21.15.100:6800/1774288122,v1:172.21.15.100:6801/1774288122] conn(0x7fab58039600 0x7fab5803bac0 unknown :-1 s=BANNER_CONNECTING pgs=0 cs=0 l=1 rev1=0 crypto rx=0 tx=0 comp rx=0 tx=0)._handle_peer_banner_payload supported=3 required=0
2024-04-23T10:17:04.637 INFO:teuthology.orchestra.run.smithi100.stdout:/usr/bin/ceph: stderr
2024-04-23T10:17:03.769+0000 7fab6f7fe700 1 --2- 172.21.15.100:0/2982053674 >> [v2:172.21.15.100:6800/1774288122,v1:172.21.15.100:6801/1774288122] conn(0x7fab58039600 0x7fab5803bac0 secure :-1 s=READY pgs=12 cs=0 l=1 rev1=1 crypto rx=0x7fab64006fd0 tx=0x7fab64006e40 comp rx=0 tx=0).ready entity=mgr.14118 client_cookie=0 server_cookie=0 in_seq=0 out_seq=0
2024-04-23T10:17:04.637 INFO:teuthology.orchestra.run.smithi100.stdout:/usr/bin/ceph: stderr
2024-04-23T10:17:03.774+0000 7fab6d7fa700 1 -- 172.21.15.100:0/2982053674 <== mon.0 v2:172.21.15.100:3300/0 6 ==== mon_command_ack([{"prefix": "get_command_descriptions"}]=0 v0) ==== 72+0+188370 (secure 0 0 0) 0x7fab6002bd00 con 0x7fab701068a0
2024-04-23T10:17:04.637 INFO:teuthology.orchestra.run.smithi100.stdout:/usr/bin/ceph: stderr
2024-04-23T10:17:03.993+0000 7fab763e5700 1 -- 172.21.15.100:0/2982053674 --> [v2:172.21.15.100:6800/1774288122,v1:172.21.15.100:6801/1774288122] -- mgr_command(tid 0: {"prefix": "orch apply", "service_type": "mon", "unmanaged": true, "target": ["mon-mgr", ""]}) -- 0x7fab70103470 con 0x7fab58039600
2024-04-23T10:17:04.637 INFO:teuthology.orchestra.run.smithi100.stdout:/usr/bin/ceph: stderr
2024-04-23T10:17:04.001+0000 7fab6d7fa700 1 -- 172.21.15.100:0/2982053674 <== mgr.14118 v2:172.21.15.100:6800/1774288122 1 ==== mgr_command_reply(tid 0: 0 ) ==== 8+0+24 (secure 0 0 0) 0x7fab70103470 con 0x7fab58039600
2024-04-23T10:17:04.638 INFO:teuthology.orchestra.run.smithi100.stdout:/usr/bin/ceph: stderr
2024-04-23T10:17:04.003+0000 7fab763e5700 1 -- 172.21.15.100:0/2982053674 >> [v2:172.21.15.100:6800/1774288122,v1:172.21.15.100:6801/1774288122] conn(0x7fab58039600 msgr2=0x7fab5803bac0 secure :-1 s=STATE_CONNECTION_ESTABLISHED l=1).mark_down
2024-04-23T10:17:04.638 INFO:teuthology.orchestra.run.smithi100.stdout:/usr/bin/ceph: stderr
2024-04-23T10:17:04.003+0000 7fab763e5700 1 --2- 172.21.15.100:0/2982053674 >> [v2:172.21.15.100:6800/1774288122,v1:172.21.15.100:6801/1774288122] conn(0x7fab58039600 0x7fab5803bac0 secure :-1 s=READY pgs=12 cs=0 l=1 rev1=1 crypto rx=0x7fab64006fd0 tx=0x7fab64006e40 comp rx=0 tx=0).stop
2024-04-23T10:17:04.638 INFO:teuthology.orchestra.run.smithi100.stdout:/usr/bin/ceph: stderr
2024-04-23T10:17:04.003+0000 7fab763e5700 1 -- 172.21.15.100:0/2982053674 >> [v2:172.21.15.100:3300/0,v1:172.21.15.100:6789/0] conn(0x7fab701068a0 msgr2=0x7fab7019c540 secure :-1 s=STATE_CONNECTION_ESTABLISHED l=1).mark_down
2024-04-23T10:17:04.638 INFO:teuthology.orchestra.run.smithi100.stdout:/usr/bin/ceph: stderr
2024-04-23T10:17:04.003+0000 7fab763e5700 1 --2- 172.21.15.100:0/2982053674 >> [v2:172.21.15.100:3300/0,v1:172.21.15.100:6789/0] conn(0x7fab701068a0 0x7fab7019c540 secure :-1 s=READY pgs=46 cs=0 l=1 rev1=1 crypto rx=0x7fab600117b0 tx=0x7fab60011b70 comp rx=0 tx=0).stop
2024-04-23T10:17:04.638 INFO:teuthology.orchestra.run.smithi100.stdout:/usr/bin/ceph: stderr
2024-04-23T10:17:04.003+0000 7fab763e5700 1 -- 172.21.15.100:0/2982053674 shutdown_connections
2024-04-23T10:17:04.638 INFO:teuthology.orchestra.run.smithi100.stdout:/usr/bin/ceph: stderr
2024-04-23T10:17:04.003+0000 7fab763e5700 1 --2- 172.21.15.100:0/2982053674 >> [v2:172.21.15.100:6800/1774288122,v1:172.21.15.100:6801/1774288122] conn(0x7fab58039600 0x7fab5803bac0 unknown :-1 s=CLOSED pgs=12 cs=0 l=1 rev1=1 crypto rx=0 tx=0 comp rx=0 tx=0).stop
2024-04-23T10:17:04.638 INFO:teuthology.orchestra.run.smithi100.stdout:/usr/bin/ceph: stderr
2024-04-23T10:17:04.003+0000 7fab763e5700 1 --2- 172.21.15.100:0/2982053674 >> [v2:172.21.15.100:3300/0,v1:172.21.15.100:6789/0] conn(0x7fab701068a0 0x7fab7019c540 unknown :-1 s=CLOSED pgs=46 cs=0 l=1 rev1=1 crypto rx=0 tx=0 comp rx=0 tx=0).stop
2024-04-23T10:17:04.638 INFO:teuthology.orchestra.run.smithi100.stdout:/usr/bin/ceph: stderr
2024-04-23T10:17:04.003+0000 7fab763e5700 1 -- 172.21.15.100:0/2982053674 >> 172.21.15.100:0/2982053674 conn(0x7fab701021d0 msgr2=0x7fab70102d60 unknown :-1 s=STATE_NONE l=0).mark_down
2024-04-23T10:17:04.638 INFO:teuthology.orchestra.run.smithi100.stdout:/usr/bin/ceph: stderr
2024-04-23T10:17:04.003+0000 7fab763e5700 1 -- 172.21.15.100:0/2982053674 shutdown_connections
2024-04-23T10:17:04.638 INFO:teuthology.orchestra.run.smithi100.stdout:/usr/bin/ceph: stderr
2024-04-23T10:17:04.003+0000 7fab763e5700 1 -- 172.21.15.100:0/2982053674 wait complete.
2024-04-23T10:17:04.638 INFO:teuthology.orchestra.run.smithi100.stdout:Deploying unmanaged mgr service...
2024-04-23T10:17:05.228 INFO:journalctl@ceph.mon.a.smithi100.stdout:Apr 23 10:17:05 smithi100 ceph-mon[29665]: from='client.14140 -' entity='client.admin' cmd=[{"prefix": "orch apply", "service_type": "mon", "unmanaged": true, "target": ["mon-mgr", ""]}]: dispatch
2024-04-23T10:17:05.228 INFO:journalctl@ceph.mon.a.smithi100.stdout:Apr 23 10:17:05 smithi100 ceph-mon[29665]: Saving service mon spec with placement count:5
2024-04-23T10:17:05.228 INFO:journalctl@ceph.mon.a.smithi100.stdout:Apr 23 10:17:05 smithi100 ceph-mon[29665]: from='mgr.14118 172.21.15.100:0/371044425' entity='mgr.x'
2024-04-23T10:17:06.621 INFO:journalctl@ceph.mon.a.smithi100.stdout:Apr 23 10:17:06 smithi100 ceph-mon[29665]: from='client.14142 -' entity='client.admin' cmd=[{"prefix": "orch apply", "service_type": "mgr", "unmanaged": true, "target": ["mon-mgr", ""]}]: dispatch
2024-04-23T10:17:06.622 INFO:journalctl@ceph.mon.a.smithi100.stdout:Apr 23 10:17:06 smithi100 ceph-mon[29665]: Saving service mgr spec with placement count:2
2024-04-23T10:17:06.622 INFO:journalctl@ceph.mon.a.smithi100.stdout:Apr 23 10:17:06 smithi100 ceph-mon[29665]: from='mgr.14118 172.21.15.100:0/371044425' entity='mgr.x'
2024-04-23T10:17:06.622 INFO:journalctl@ceph.mon.a.smithi100.stdout:Apr 23 10:17:06 smithi100 ceph-mon[29665]: from='mgr.14118 172.21.15.100:0/371044425' entity='mgr.x'
2024-04-23T10:17:06.630 INFO:teuthology.orchestra.run.smithi100.stdout:/usr/bin/ceph: stdout Scheduled mgr update...
2024-04-23T10:17:06.630 INFO:teuthology.orchestra.run.smithi100.stdout:/usr/bin/ceph: stderr
2024-04-23T10:17:05.071+0000 7fae05511700 1 Processor -- start
2024-04-23T10:17:06.630 INFO:teuthology.orchestra.run.smithi100.stdout:/usr/bin/ceph: stderr
2024-04-23T10:17:05.071+0000 7fae05511700 1 -- start start
2024-04-23T10:17:06.630 INFO:teuthology.orchestra.run.smithi100.stdout:/usr/bin/ceph: stderr
2024-04-23T10:17:05.071+0000 7fae05511700 1 --2- >> [v2:172.21.15.100:3300/0,v1:172.21.15.100:6789/0] conn(0x7fae0007de10 0x7fae0007c2c0 unknown :-1 s=NONE pgs=0 cs=0 l=0 rev1=0 crypto rx=0 tx=0 comp rx=0 tx=0).connect
2024-04-23T10:17:06.630 INFO:teuthology.orchestra.run.smithi100.stdout:/usr/bin/ceph: stderr
2024-04-23T10:17:05.071+0000 7fae05511700 1 -- --> [v2:172.21.15.100:3300/0,v1:172.21.15.100:6789/0] -- mon_getmap magic: 0 -- 0x7fae0007c800 con 0x7fae0007de10
2024-04-23T10:17:06.631 INFO:teuthology.orchestra.run.smithi100.stdout:/usr/bin/ceph: stderr
2024-04-23T10:17:05.071+0000 7fadfeffd700 1 --2- >> [v2:172.21.15.100:3300/0,v1:172.21.15.100:6789/0] conn(0x7fae0007de10 0x7fae0007c2c0 unknown :-1 s=BANNER_CONNECTING pgs=0 cs=0 l=0 rev1=0 crypto rx=0 tx=0 comp rx=0 tx=0)._handle_peer_banner_payload supported=3 required=0
2024-04-23T10:17:06.631 INFO:teuthology.orchestra.run.smithi100.stdout:/usr/bin/ceph: stderr
2024-04-23T10:17:05.071+0000 7fadfeffd700 1 --2- >> [v2:172.21.15.100:3300/0,v1:172.21.15.100:6789/0] conn(0x7fae0007de10 0x7fae0007c2c0 unknown :-1 s=HELLO_CONNECTING pgs=0 cs=0 l=0 rev1=1 crypto rx=0 tx=0 comp rx=0 tx=0).handle_hello peer v2:172.21.15.100:3300/0 says I am v2:172.21.15.100:52210/0 (socket says 172.21.15.100:52210)
2024-04-23T10:17:06.631 INFO:teuthology.orchestra.run.smithi100.stdout:/usr/bin/ceph: stderr
2024-04-23T10:17:05.071+0000 7fadfeffd700 1 -- 172.21.15.100:0/1105429826 learned_addr learned my addr 172.21.15.100:0/1105429826 (peer_addr_for_me v2:172.21.15.100:0/0)
2024-04-23T10:17:06.631 INFO:teuthology.orchestra.run.smithi100.stdout:/usr/bin/ceph: stderr
2024-04-23T10:17:05.071+0000 7fadfeffd700 1 -- 172.21.15.100:0/1105429826 --> [v2:172.21.15.100:3300/0,v1:172.21.15.100:6789/0] -- mon_subscribe({config=0+,monmap=0+}) -- 0x7fae0007c980 con 0x7fae0007de10
2024-04-23T10:17:06.631 INFO:teuthology.orchestra.run.smithi100.stdout:/usr/bin/ceph: stderr
2024-04-23T10:17:05.072+0000 7fadfeffd700 1 --2- 172.21.15.100:0/1105429826 >> [v2:172.21.15.100:3300/0,v1:172.21.15.100:6789/0] conn(0x7fae0007de10 0x7fae0007c2c0 secure :-1 s=READY pgs=47 cs=0 l=1 rev1=1 crypto rx=0x7fadf00098a0 tx=0x7fadf0009bb0 comp rx=0 tx=0).ready entity=mon.0 client_cookie=8a9260c075d4d2d4 server_cookie=0 in_seq=0 out_seq=0
2024-04-23T10:17:06.631 INFO:teuthology.orchestra.run.smithi100.stdout:/usr/bin/ceph: stderr
2024-04-23T10:17:05.072+0000 7fadfdffb700 1 -- 172.21.15.100:0/1105429826 <== mon.0 v2:172.21.15.100:3300/0 1 ==== mon_map magic: 0 ==== 205+0+0 (secure 0 0 0) 0x7fadf0004160 con 0x7fae0007de10
2024-04-23T10:17:06.631 INFO:teuthology.orchestra.run.smithi100.stdout:/usr/bin/ceph: stderr
2024-04-23T10:17:05.072+0000 7fadfdffb700 1 -- 172.21.15.100:0/1105429826 <== mon.0 v2:172.21.15.100:3300/0 2 ==== config(26 keys) ==== 1070+0+0 (secure 0 0 0) 0x7fadf0004300 con 0x7fae0007de10
2024-04-23T10:17:06.631 INFO:teuthology.orchestra.run.smithi100.stdout:/usr/bin/ceph: stderr
2024-04-23T10:17:05.072+0000 7fadfdffb700 1 -- 172.21.15.100:0/1105429826 <== mon.0 v2:172.21.15.100:3300/0 3 ==== mon_map magic: 0 ==== 205+0+0 (secure 0 0 0) 0x7fadf0011af0 con 0x7fae0007de10
2024-04-23T10:17:06.631 INFO:teuthology.orchestra.run.smithi100.stdout:/usr/bin/ceph: stderr
2024-04-23T10:17:05.072+0000 7fae05511700 1 -- 172.21.15.100:0/1105429826 >> [v2:172.21.15.100:3300/0,v1:172.21.15.100:6789/0] conn(0x7fae0007de10 msgr2=0x7fae0007c2c0 secure :-1 s=STATE_CONNECTION_ESTABLISHED l=1).mark_down
2024-04-23T10:17:06.632 INFO:teuthology.orchestra.run.smithi100.stdout:/usr/bin/ceph: stderr
2024-04-23T10:17:05.072+0000 7fae05511700 1 --2- 172.21.15.100:0/1105429826 >> [v2:172.21.15.100:3300/0,v1:172.21.15.100:6789/0] conn(0x7fae0007de10 0x7fae0007c2c0 secure :-1 s=READY pgs=47 cs=0 l=1 rev1=1 crypto rx=0x7fadf00098a0 tx=0x7fadf0009bb0 comp rx=0 tx=0).stop
2024-04-23T10:17:06.632 INFO:teuthology.orchestra.run.smithi100.stdout:/usr/bin/ceph: stderr
2024-04-23T10:17:05.072+0000 7fae05511700 1 -- 172.21.15.100:0/1105429826 shutdown_connections
2024-04-23T10:17:06.632 INFO:teuthology.orchestra.run.smithi100.stdout:/usr/bin/ceph: stderr
2024-04-23T10:17:05.072+0000 7fae05511700 1 --2- 172.21.15.100:0/1105429826 >> [v2:172.21.15.100:3300/0,v1:172.21.15.100:6789/0] conn(0x7fae0007de10 0x7fae0007c2c0 unknown :-1 s=CLOSED pgs=47 cs=0 l=1 rev1=1 crypto rx=0 tx=0 comp rx=0 tx=0).stop
2024-04-23T10:17:06.632 INFO:teuthology.orchestra.run.smithi100.stdout:/usr/bin/ceph: stderr
2024-04-23T10:17:05.072+0000 7fae05511700 1 -- 172.21.15.100:0/1105429826 >> 172.21.15.100:0/1105429826 conn(0x7fae00103bc0 msgr2=0x7fae00105fe0 unknown :-1 s=STATE_NONE l=0).mark_down
2024-04-23T10:17:06.632 INFO:teuthology.orchestra.run.smithi100.stdout:/usr/bin/ceph: stderr
2024-04-23T10:17:05.072+0000 7fae05511700 1 -- 172.21.15.100:0/1105429826 shutdown_connections
2024-04-23T10:17:06.632 INFO:teuthology.orchestra.run.smithi100.stdout:/usr/bin/ceph: stderr
2024-04-23T10:17:05.072+0000 7fae05511700 1 -- 172.21.15.100:0/1105429826 wait complete.
2024-04-23T10:17:06.632 INFO:teuthology.orchestra.run.smithi100.stdout:/usr/bin/ceph: stderr
2024-04-23T10:17:05.073+0000 7fae05511700 1 Processor -- start
2024-04-23T10:17:06.632 INFO:teuthology.orchestra.run.smithi100.stdout:/usr/bin/ceph: stderr
2024-04-23T10:17:05.073+0000 7fae05511700 1 -- start start
2024-04-23T10:17:06.632 INFO:teuthology.orchestra.run.smithi100.stdout:/usr/bin/ceph: stderr
2024-04-23T10:17:05.073+0000 7fae05511700 1 --2- >> [v2:172.21.15.100:3300/0,v1:172.21.15.100:6789/0] conn(0x7fae0007de10 0x7fae0019e6e0 unknown :-1 s=NONE pgs=0 cs=0 l=1 rev1=0 crypto rx=0 tx=0 comp rx=0 tx=0).connect
2024-04-23T10:17:06.632 INFO:teuthology.orchestra.run.smithi100.stdout:/usr/bin/ceph: stderr
2024-04-23T10:17:05.073+0000 7fae05511700 1 -- --> [v2:172.21.15.100:3300/0,v1:172.21.15.100:6789/0] -- mon_getmap magic: 0 -- 0x7fae0010eab0 con 0x7fae0007de10
2024-04-23T10:17:06.632 INFO:teuthology.orchestra.run.smithi100.stdout:/usr/bin/ceph: stderr
2024-04-23T10:17:05.073+0000 7fadfeffd700 1 --2- >> [v2:172.21.15.100:3300/0,v1:172.21.15.100:6789/0] conn(0x7fae0007de10 0x7fae0019e6e0 unknown :-1 s=BANNER_CONNECTING pgs=0 cs=0 l=1 rev1=0 crypto rx=0 tx=0 comp rx=0 tx=0)._handle_peer_banner_payload supported=3 required=0
2024-04-23T10:17:06.633 INFO:teuthology.orchestra.run.smithi100.stdout:/usr/bin/ceph: stderr
2024-04-23T10:17:05.073+0000 7fadfeffd700 1 --2- >> [v2:172.21.15.100:3300/0,v1:172.21.15.100:6789/0] conn(0x7fae0007de10 0x7fae0019e6e0 unknown :-1 s=HELLO_CONNECTING pgs=0 cs=0 l=1 rev1=1 crypto rx=0 tx=0 comp rx=0 tx=0).handle_hello peer v2:172.21.15.100:3300/0 says I am v2:172.21.15.100:52214/0 (socket says 172.21.15.100:52214)
2024-04-23T10:17:06.633 INFO:teuthology.orchestra.run.smithi100.stdout:/usr/bin/ceph: stderr
2024-04-23T10:17:05.073+0000 7fadfeffd700 1 -- 172.21.15.100:0/178507866 learned_addr learned my addr 172.21.15.100:0/178507866 (peer_addr_for_me v2:172.21.15.100:0/0)
2024-04-23T10:17:06.633 INFO:teuthology.orchestra.run.smithi100.stdout:/usr/bin/ceph: stderr
2024-04-23T10:17:05.074+0000 7fadfeffd700 1 -- 172.21.15.100:0/178507866 --> [v2:172.21.15.100:3300/0,v1:172.21.15.100:6789/0] -- mon_subscribe({config=0+,monmap=0+}) -- 0x7fae0019ec20 con 0x7fae0007de10
2024-04-23T10:17:06.633 INFO:teuthology.orchestra.run.smithi100.stdout:/usr/bin/ceph: stderr
2024-04-23T10:17:05.074+0000 7fadfeffd700 1 --2- 172.21.15.100:0/178507866 >> [v2:172.21.15.100:3300/0,v1:172.21.15.100:6789/0] conn(0x7fae0007de10 0x7fae0019e6e0 secure :-1 s=READY pgs=48 cs=0 l=1 rev1=1 crypto rx=0x7fadf0009fb0 tx=0x7fadf0011940 comp rx=0 tx=0).ready entity=mon.0 client_cookie=0 server_cookie=0 in_seq=0 out_seq=0
2024-04-23T10:17:06.633 INFO:teuthology.orchestra.run.smithi100.stdout:/usr/bin/ceph: stderr
2024-04-23T10:17:05.074+0000 7fade7fff700 1 -- 172.21.15.100:0/178507866 <== mon.0 v2:172.21.15.100:3300/0 1 ==== mon_map magic: 0 ==== 205+0+0 (secure 0 0 0) 0x7fadf00036a0 con 0x7fae0007de10
2024-04-23T10:17:06.633 INFO:teuthology.orchestra.run.smithi100.stdout:/usr/bin/ceph: stderr
2024-04-23T10:17:05.074+0000 7fade7fff700 1 -- 172.21.15.100:0/178507866 <== mon.0 v2:172.21.15.100:3300/0 2 ==== config(26 keys) ==== 1070+0+0 (secure 0 0 0) 0x7fadf001a430 con 0x7fae0007de10
2024-04-23T10:17:06.633 INFO:teuthology.orchestra.run.smithi100.stdout:/usr/bin/ceph: stderr
2024-04-23T10:17:05.074+0000 7fae05511700 1 -- 172.21.15.100:0/178507866 --> [v2:172.21.15.100:3300/0,v1:172.21.15.100:6789/0] -- mon_subscribe({mgrmap=0+}) -- 0x7fae0019eeb0 con 0x7fae0007de10
2024-04-23T10:17:06.633 INFO:teuthology.orchestra.run.smithi100.stdout:/usr/bin/ceph: stderr
2024-04-23T10:17:05.074+0000 7fade7fff700 1 -- 172.21.15.100:0/178507866 <== mon.0 v2:172.21.15.100:3300/0 3 ==== mon_map magic: 0 ==== 205+0+0 (secure 0 0 0) 0x7fadf0019550 con 0x7fae0007de10
2024-04-23T10:17:06.633 INFO:teuthology.orchestra.run.smithi100.stdout:/usr/bin/ceph: stderr
2024-04-23T10:17:05.074+0000 7fae05511700 1 -- 172.21.15.100:0/178507866 --> [v2:172.21.15.100:3300/0,v1:172.21.15.100:6789/0] -- mon_subscribe({osdmap=0}) -- 0x7fae001a1ba0 con 0x7fae0007de10
2024-04-23T10:17:06.633 INFO:teuthology.orchestra.run.smithi100.stdout:/usr/bin/ceph: stderr
2024-04-23T10:17:05.075+0000 7fade7fff700 1 -- 172.21.15.100:0/178507866 <== mon.0 v2:172.21.15.100:3300/0 4 ==== mgrmap(e 8) ==== 46558+0+0 (secure 0 0 0) 0x7fadf0019850 con 0x7fae0007de10
2024-04-23T10:17:06.634 INFO:teuthology.orchestra.run.smithi100.stdout:/usr/bin/ceph: stderr
2024-04-23T10:17:05.075+0000 7fae05511700 1 -- 172.21.15.100:0/178507866 --> [v2:172.21.15.100:3300/0,v1:172.21.15.100:6789/0] -- mon_command({"prefix": "get_command_descriptions"} v 0) -- 0x7fae000640a0 con 0x7fae0007de10
2024-04-23T10:17:06.634 INFO:teuthology.orchestra.run.smithi100.stdout:/usr/bin/ceph: stderr
2024-04-23T10:17:05.075+0000 7fade7fff700 1 --2- 172.21.15.100:0/178507866 >> [v2:172.21.15.100:6800/1774288122,v1:172.21.15.100:6801/1774288122] conn(0x7fade8039560 0x7fade803ba20 unknown :-1 s=NONE pgs=0 cs=0 l=1 rev1=0 crypto rx=0 tx=0 comp rx=0 tx=0).connect
2024-04-23T10:17:06.634 INFO:teuthology.orchestra.run.smithi100.stdout:/usr/bin/ceph: stderr
