2024-04-23T10:17:23.374+0000 7f4e9f290700 1 -- 172.21.15.100:0/319005641 >> [v2:172.21.15.100:6800/521838623,v1:172.21.15.100:6801/521838623] conn(0x7f4e800395b0 msgr2=0x7f4e8003ba70 secure :-1 s=STATE_CONNECTION_ESTABLISHED l=1).mark_down
2024-04-23T10:17:24.056 INFO:teuthology.orchestra.run.smithi100.stdout:/usr/bin/ceph: stderr
2024-04-23T10:17:23.374+0000 7f4e9f290700 1 --2- 172.21.15.100:0/319005641 >> [v2:172.21.15.100:6800/521838623,v1:172.21.15.100:6801/521838623] conn(0x7f4e800395b0 0x7f4e8003ba70 secure :-1 s=READY pgs=9 cs=0 l=1 rev1=1 crypto rx=0x7f4e8c006fd0 tx=0x7f4e8c006e40 comp rx=0 tx=0).stop
2024-04-23T10:17:24.056 INFO:teuthology.orchestra.run.smithi100.stdout:/usr/bin/ceph: stderr
2024-04-23T10:17:23.374+0000 7f4e9f290700 1 -- 172.21.15.100:0/319005641 >> [v2:172.21.15.100:3300/0,v1:172.21.15.100:6789/0] conn(0x7f4e98106eb0 msgr2=0x7f4e9819e660 secure :-1 s=STATE_CONNECTION_ESTABLISHED l=1).mark_down
2024-04-23T10:17:24.056 INFO:teuthology.orchestra.run.smithi100.stdout:/usr/bin/ceph: stderr
2024-04-23T10:17:23.374+0000 7f4e9f290700 1 --2- 172.21.15.100:0/319005641 >> [v2:172.21.15.100:3300/0,v1:172.21.15.100:6789/0] conn(0x7f4e98106eb0 0x7f4e9819e660 secure :-1 s=READY pgs=73 cs=0 l=1 rev1=1 crypto rx=0x7f4e88004220 tx=0x7f4e8800bd30 comp rx=0 tx=0).stop
2024-04-23T10:17:24.056 INFO:teuthology.orchestra.run.smithi100.stdout:/usr/bin/ceph: stderr
2024-04-23T10:17:23.375+0000 7f4e9f290700 1 -- 172.21.15.100:0/319005641 shutdown_connections
2024-04-23T10:17:24.056 INFO:teuthology.orchestra.run.smithi100.stdout:/usr/bin/ceph: stderr
2024-04-23T10:17:23.375+0000 7f4e9f290700 1 --2- 172.21.15.100:0/319005641 >> [v2:172.21.15.100:6800/521838623,v1:172.21.15.100:6801/521838623] conn(0x7f4e800395b0 0x7f4e8003ba70 unknown :-1 s=CLOSED pgs=9 cs=0 l=1 rev1=1 crypto rx=0 tx=0 comp rx=0 tx=0).stop
2024-04-23T10:17:24.056 INFO:teuthology.orchestra.run.smithi100.stdout:/usr/bin/ceph: stderr
2024-04-23T10:17:23.375+0000 7f4e9f290700 1 --2- 172.21.15.100:0/319005641 >> [v2:172.21.15.100:3300/0,v1:172.21.15.100:6789/0] conn(0x7f4e98106eb0 0x7f4e9819e660 unknown :-1 s=CLOSED pgs=73 cs=0 l=1 rev1=1 crypto rx=0 tx=0 comp rx=0 tx=0).stop
2024-04-23T10:17:24.056 INFO:teuthology.orchestra.run.smithi100.stdout:/usr/bin/ceph: stderr
2024-04-23T10:17:23.375+0000 7f4e9f290700 1 -- 172.21.15.100:0/319005641 >> 172.21.15.100:0/319005641 conn(0x7f4e98102ab0 msgr2=0x7f4e981952d0 unknown :-1 s=STATE_NONE l=0).mark_down
2024-04-23T10:17:24.056 INFO:teuthology.orchestra.run.smithi100.stdout:/usr/bin/ceph: stderr
2024-04-23T10:17:23.375+0000 7f4e9f290700 1 -- 172.21.15.100:0/319005641 shutdown_connections
2024-04-23T10:17:24.057 INFO:teuthology.orchestra.run.smithi100.stdout:/usr/bin/ceph: stderr
2024-04-23T10:17:23.375+0000 7f4e9f290700 1 -- 172.21.15.100:0/319005641 wait complete.
2024-04-23T10:17:24.059 INFO:teuthology.orchestra.run.smithi100.stdout:Non-zero exit code 1 from systemctl is-enabled firewalld.service
2024-04-23T10:17:24.059 INFO:teuthology.orchestra.run.smithi100.stdout:systemctl: stdout disabled
2024-04-23T10:17:24.066 INFO:teuthology.orchestra.run.smithi100.stdout:Non-zero exit code 3 from systemctl is-active firewalld.service
2024-04-23T10:17:24.066 INFO:teuthology.orchestra.run.smithi100.stdout:systemctl: stdout inactive
2024-04-23T10:17:24.066 INFO:teuthology.orchestra.run.smithi100.stdout:firewalld.service is not enabled
2024-04-23T10:17:24.067 INFO:teuthology.orchestra.run.smithi100.stdout:Not possible to open ports <[8443]>. firewalld.service is not available
2024-04-23T10:17:24.068 INFO:teuthology.orchestra.run.smithi100.stdout:Ceph Dashboard is now available at:
2024-04-23T10:17:24.068 INFO:teuthology.orchestra.run.smithi100.stdout:
2024-04-23T10:17:24.068 INFO:teuthology.orchestra.run.smithi100.stdout: URL: https://smithi100:8443/
2024-04-23T10:17:24.068 INFO:teuthology.orchestra.run.smithi100.stdout: User: admin
2024-04-23T10:17:24.068 INFO:teuthology.orchestra.run.smithi100.stdout: Password: w3wh8r6eft
2024-04-23T10:17:24.068 INFO:teuthology.orchestra.run.smithi100.stdout:
2024-04-23T10:17:24.069 INFO:teuthology.orchestra.run.smithi100.stdout:Saving cluster configuration to /var/lib/ceph/b4179a58-0159-11ef-bc93-c7b262605968/config directory
2024-04-23T10:17:24.069 INFO:teuthology.orchestra.run.smithi100.stdout:Enabling autotune for osd_memory_target
2024-04-23T10:17:24.925 INFO:journalctl@ceph.mon.a.smithi100.stdout:Apr 23 10:17:24 smithi100 ceph-mon[29665]: mgrmap e13: x(active, since 6s)
2024-04-23T10:17:25.200 INFO:teuthology.orchestra.run.smithi100.stdout:/usr/bin/ceph: stderr
2024-04-23T10:17:24.466+0000 7fce49a2a700 1 Processor -- start
2024-04-23T10:17:25.200 INFO:teuthology.orchestra.run.smithi100.stdout:/usr/bin/ceph: stderr
2024-04-23T10:17:24.466+0000 7fce49a2a700 1 -- start start
2024-04-23T10:17:25.200 INFO:teuthology.orchestra.run.smithi100.stdout:/usr/bin/ceph: stderr
2024-04-23T10:17:24.466+0000 7fce49a2a700 1 --2- >> [v2:172.21.15.100:3300/0,v1:172.21.15.100:6789/0] conn(0x7fce44108600 0x7fce44108a20 unknown :-1 s=NONE pgs=0 cs=0 l=0 rev1=0 crypto rx=0 tx=0 comp rx=0 tx=0).connect
2024-04-23T10:17:25.200 INFO:teuthology.orchestra.run.smithi100.stdout:/usr/bin/ceph: stderr
2024-04-23T10:17:24.467+0000 7fce49a2a700 1 -- --> [v2:172.21.15.100:3300/0,v1:172.21.15.100:6789/0] -- mon_getmap magic: 0 -- 0x7fce44108ff0 con 0x7fce44108600
2024-04-23T10:17:25.200 INFO:teuthology.orchestra.run.smithi100.stdout:/usr/bin/ceph: stderr
2024-04-23T10:17:24.467+0000 7fce42ffd700 1 --2- >> [v2:172.21.15.100:3300/0,v1:172.21.15.100:6789/0] conn(0x7fce44108600 0x7fce44108a20 unknown :-1 s=BANNER_CONNECTING pgs=0 cs=0 l=0 rev1=0 crypto rx=0 tx=0 comp rx=0 tx=0)._handle_peer_banner_payload supported=3 required=0
2024-04-23T10:17:25.200 INFO:teuthology.orchestra.run.smithi100.stdout:/usr/bin/ceph: stderr
2024-04-23T10:17:24.467+0000 7fce42ffd700 1 --2- >> [v2:172.21.15.100:3300/0,v1:172.21.15.100:6789/0] conn(0x7fce44108600 0x7fce44108a20 unknown :-1 s=HELLO_CONNECTING pgs=0 cs=0 l=0 rev1=1 crypto rx=0 tx=0 comp rx=0 tx=0).handle_hello peer v2:172.21.15.100:3300/0 says I am v2:172.21.15.100:44066/0 (socket says 172.21.15.100:44066)
2024-04-23T10:17:25.200 INFO:teuthology.orchestra.run.smithi100.stdout:/usr/bin/ceph: stderr
2024-04-23T10:17:24.467+0000 7fce42ffd700 1 -- 172.21.15.100:0/2753208204 learned_addr learned my addr 172.21.15.100:0/2753208204 (peer_addr_for_me v2:172.21.15.100:0/0)
2024-04-23T10:17:25.200 INFO:teuthology.orchestra.run.smithi100.stdout:/usr/bin/ceph: stderr
2024-04-23T10:17:24.467+0000 7fce42ffd700 1 -- 172.21.15.100:0/2753208204 --> [v2:172.21.15.100:3300/0,v1:172.21.15.100:6789/0] -- mon_subscribe({config=0+,monmap=0+}) -- 0x7fce441097b0 con 0x7fce44108600
2024-04-23T10:17:25.200 INFO:teuthology.orchestra.run.smithi100.stdout:/usr/bin/ceph: stderr
2024-04-23T10:17:24.467+0000 7fce42ffd700 1 --2- 172.21.15.100:0/2753208204 >> [v2:172.21.15.100:3300/0,v1:172.21.15.100:6789/0] conn(0x7fce44108600 0x7fce44108a20 secure :-1 s=READY pgs=74 cs=0 l=1 rev1=1 crypto rx=0x7fce340098a0 tx=0x7fce34009bb0 comp rx=0 tx=0).ready entity=mon.0 client_cookie=76950db28d1a0efa server_cookie=0 in_seq=0 out_seq=0
2024-04-23T10:17:25.200 INFO:teuthology.orchestra.run.smithi100.stdout:/usr/bin/ceph: stderr
2024-04-23T10:17:24.467+0000 7fce427fc700 1 -- 172.21.15.100:0/2753208204 <== mon.0 v2:172.21.15.100:3300/0 1 ==== mon_map magic: 0 ==== 205+0+0 (secure 0 0 0) 0x7fce34004160 con 0x7fce44108600
2024-04-23T10:17:25.200 INFO:teuthology.orchestra.run.smithi100.stdout:/usr/bin/ceph: stderr
2024-04-23T10:17:24.467+0000 7fce427fc700 1 -- 172.21.15.100:0/2753208204 <== mon.0 v2:172.21.15.100:3300/0 2 ==== config(26 keys) ==== 1101+0+0 (secure 0 0 0) 0x7fce34004300 con 0x7fce44108600
2024-04-23T10:17:25.200 INFO:teuthology.orchestra.run.smithi100.stdout:/usr/bin/ceph: stderr
2024-04-23T10:17:24.467+0000 7fce427fc700 1 -- 172.21.15.100:0/2753208204 <== mon.0 v2:172.21.15.100:3300/0 3 ==== mon_map magic: 0 ==== 205+0+0 (secure 0 0 0) 0x7fce34011a20 con 0x7fce44108600
2024-04-23T10:17:25.200 INFO:teuthology.orchestra.run.smithi100.stdout:/usr/bin/ceph: stderr
2024-04-23T10:17:24.468+0000 7fce49a2a700 1 -- 172.21.15.100:0/2753208204 >> [v2:172.21.15.100:3300/0,v1:172.21.15.100:6789/0] conn(0x7fce44108600 msgr2=0x7fce44108a20 secure :-1 s=STATE_CONNECTION_ESTABLISHED l=1).mark_down
2024-04-23T10:17:25.201 INFO:teuthology.orchestra.run.smithi100.stdout:/usr/bin/ceph: stderr
2024-04-23T10:17:24.468+0000 7fce49a2a700 1 --2- 172.21.15.100:0/2753208204 >> [v2:172.21.15.100:3300/0,v1:172.21.15.100:6789/0] conn(0x7fce44108600 0x7fce44108a20 secure :-1 s=READY pgs=74 cs=0 l=1 rev1=1 crypto rx=0x7fce340098a0 tx=0x7fce34009bb0 comp rx=0 tx=0).stop
2024-04-23T10:17:25.201 INFO:teuthology.orchestra.run.smithi100.stdout:/usr/bin/ceph: stderr
2024-04-23T10:17:24.468+0000 7fce49a2a700 1 -- 172.21.15.100:0/2753208204 shutdown_connections
2024-04-23T10:17:25.201 INFO:teuthology.orchestra.run.smithi100.stdout:/usr/bin/ceph: stderr
2024-04-23T10:17:24.468+0000 7fce49a2a700 1 --2- 172.21.15.100:0/2753208204 >> [v2:172.21.15.100:3300/0,v1:172.21.15.100:6789/0] conn(0x7fce44108600 0x7fce44108a20 unknown :-1 s=CLOSED pgs=74 cs=0 l=1 rev1=1 crypto rx=0 tx=0 comp rx=0 tx=0).stop
2024-04-23T10:17:25.201 INFO:teuthology.orchestra.run.smithi100.stdout:/usr/bin/ceph: stderr
2024-04-23T10:17:24.468+0000 7fce49a2a700 1 -- 172.21.15.100:0/2753208204 >> 172.21.15.100:0/2753208204 conn(0x7fce44103bc0 msgr2=0x7fce44105fe0 unknown :-1 s=STATE_NONE l=0).mark_down
2024-04-23T10:17:25.201 INFO:teuthology.orchestra.run.smithi100.stdout:/usr/bin/ceph: stderr
2024-04-23T10:17:24.468+0000 7fce49a2a700 1 -- 172.21.15.100:0/2753208204 shutdown_connections
2024-04-23T10:17:25.201 INFO:teuthology.orchestra.run.smithi100.stdout:/usr/bin/ceph: stderr
2024-04-23T10:17:24.468+0000 7fce49a2a700 1 -- 172.21.15.100:0/2753208204 wait complete.
2024-04-23T10:17:25.201 INFO:teuthology.orchestra.run.smithi100.stdout:/usr/bin/ceph: stderr
2024-04-23T10:17:24.468+0000 7fce49a2a700 1 Processor -- start
2024-04-23T10:17:25.201 INFO:teuthology.orchestra.run.smithi100.stdout:/usr/bin/ceph: stderr
2024-04-23T10:17:24.468+0000 7fce49a2a700 1 -- start start
2024-04-23T10:17:25.201 INFO:teuthology.orchestra.run.smithi100.stdout:/usr/bin/ceph: stderr
2024-04-23T10:17:24.469+0000 7fce49a2a700 1 --2- >> [v2:172.21.15.100:3300/0,v1:172.21.15.100:6789/0] conn(0x7fce44108600 0x7fce4419c410 unknown :-1 s=NONE pgs=0 cs=0 l=1 rev1=0 crypto rx=0 tx=0 comp rx=0 tx=0).connect
2024-04-23T10:17:25.201 INFO:teuthology.orchestra.run.smithi100.stdout:/usr/bin/ceph: stderr
2024-04-23T10:17:24.469+0000 7fce49a2a700 1 -- --> [v2:172.21.15.100:3300/0,v1:172.21.15.100:6789/0] -- mon_getmap magic: 0 -- 0x7fce4410cb60 con 0x7fce44108600
2024-04-23T10:17:25.201 INFO:teuthology.orchestra.run.smithi100.stdout:/usr/bin/ceph: stderr
2024-04-23T10:17:24.469+0000 7fce42ffd700 1 --2- >> [v2:172.21.15.100:3300/0,v1:172.21.15.100:6789/0] conn(0x7fce44108600 0x7fce4419c410 unknown :-1 s=BANNER_CONNECTING pgs=0 cs=0 l=1 rev1=0 crypto rx=0 tx=0 comp rx=0 tx=0)._handle_peer_banner_payload supported=3 required=0
2024-04-23T10:17:25.201 INFO:teuthology.orchestra.run.smithi100.stdout:/usr/bin/ceph: stderr
2024-04-23T10:17:24.469+0000 7fce42ffd700 1 --2- >> [v2:172.21.15.100:3300/0,v1:172.21.15.100:6789/0] conn(0x7fce44108600 0x7fce4419c410 unknown :-1 s=HELLO_CONNECTING pgs=0 cs=0 l=1 rev1=1 crypto rx=0 tx=0 comp rx=0 tx=0).handle_hello peer v2:172.21.15.100:3300/0 says I am v2:172.21.15.100:44076/0 (socket says 172.21.15.100:44076)
2024-04-23T10:17:25.201 INFO:teuthology.orchestra.run.smithi100.stdout:/usr/bin/ceph: stderr
2024-04-23T10:17:24.469+0000 7fce42ffd700 1 -- 172.21.15.100:0/3740423078 learned_addr learned my addr 172.21.15.100:0/3740423078 (peer_addr_for_me v2:172.21.15.100:0/0)
2024-04-23T10:17:25.202 INFO:teuthology.orchestra.run.smithi100.stdout:/usr/bin/ceph: stderr
2024-04-23T10:17:24.469+0000 7fce42ffd700 1 -- 172.21.15.100:0/3740423078 --> [v2:172.21.15.100:3300/0,v1:172.21.15.100:6789/0] -- mon_subscribe({config=0+,monmap=0+}) -- 0x7fce4419c950 con 0x7fce44108600
2024-04-23T10:17:25.202 INFO:teuthology.orchestra.run.smithi100.stdout:/usr/bin/ceph: stderr
2024-04-23T10:17:24.469+0000 7fce42ffd700 1 --2- 172.21.15.100:0/3740423078 >> [v2:172.21.15.100:3300/0,v1:172.21.15.100:6789/0] conn(0x7fce44108600 0x7fce4419c410 secure :-1 s=READY pgs=75 cs=0 l=1 rev1=1 crypto rx=0x7fce34009520 tx=0x7fce34011aa0 comp rx=0 tx=0).ready entity=mon.0 client_cookie=0 server_cookie=0 in_seq=0 out_seq=0
2024-04-23T10:17:25.202 INFO:teuthology.orchestra.run.smithi100.stdout:/usr/bin/ceph: stderr
2024-04-23T10:17:24.469+0000 7fce48a28700 1 -- 172.21.15.100:0/3740423078 <== mon.0 v2:172.21.15.100:3300/0 1 ==== mon_map magic: 0 ==== 205+0+0 (secure 0 0 0) 0x7fce340039e0 con 0x7fce44108600
2024-04-23T10:17:25.202 INFO:teuthology.orchestra.run.smithi100.stdout:/usr/bin/ceph: stderr
2024-04-23T10:17:24.469+0000 7fce48a28700 1 -- 172.21.15.100:0/3740423078 <== mon.0 v2:172.21.15.100:3300/0 2 ==== config(26 keys) ==== 1101+0+0 (secure 0 0 0) 0x7fce3401b8f0 con 0x7fce44108600
2024-04-23T10:17:25.202 INFO:teuthology.orchestra.run.smithi100.stdout:/usr/bin/ceph: stderr
2024-04-23T10:17:24.469+0000 7fce49a2a700 1 -- 172.21.15.100:0/3740423078 --> [v2:172.21.15.100:3300/0,v1:172.21.15.100:6789/0] -- mon_subscribe({mgrmap=0+}) -- 0x7fce4419cbe0 con 0x7fce44108600
2024-04-23T10:17:25.202 INFO:teuthology.orchestra.run.smithi100.stdout:/usr/bin/ceph: stderr
2024-04-23T10:17:24.470+0000 7fce48a28700 1 -- 172.21.15.100:0/3740423078 <== mon.0 v2:172.21.15.100:3300/0 3 ==== mon_map magic: 0 ==== 205+0+0 (secure 0 0 0) 0x7fce34019770 con 0x7fce44108600
2024-04-23T10:17:25.202 INFO:teuthology.orchestra.run.smithi100.stdout:/usr/bin/ceph: stderr
2024-04-23T10:17:24.470+0000 7fce49a2a700 1 -- 172.21.15.100:0/3740423078 --> [v2:172.21.15.100:3300/0,v1:172.21.15.100:6789/0] -- mon_subscribe({osdmap=0}) -- 0x7fce4419f8d0 con 0x7fce44108600
2024-04-23T10:17:25.202 INFO:teuthology.orchestra.run.smithi100.stdout:/usr/bin/ceph: stderr
2024-04-23T10:17:24.470+0000 7fce48a28700 1 -- 172.21.15.100:0/3740423078 <== mon.0 v2:172.21.15.100:3300/0 4 ==== mgrmap(e 13) ==== 46615+0+0 (secure 0 0 0) 0x7fce34019a70 con 0x7fce44108600
2024-04-23T10:17:25.202 INFO:teuthology.orchestra.run.smithi100.stdout:/usr/bin/ceph: stderr
2024-04-23T10:17:24.470+0000 7fce48a28700 1 --2- 172.21.15.100:0/3740423078 >> [v2:172.21.15.100:6800/521838623,v1:172.21.15.100:6801/521838623] conn(0x7fce300396a0 0x7fce3003bb60 unknown :-1 s=NONE pgs=0 cs=0 l=1 rev1=0 crypto rx=0 tx=0 comp rx=0 tx=0).connect
2024-04-23T10:17:25.202 INFO:teuthology.orchestra.run.smithi100.stdout:/usr/bin/ceph: stderr
2024-04-23T10:17:24.471+0000 7fce48a28700 1 -- 172.21.15.100:0/3740423078 <== mon.0 v2:172.21.15.100:3300/0 5 ==== osd_map(3..3 src has 1..3) ==== 1155+0+0 (secure 0 0 0) 0x7fce3404e170 con 0x7fce44108600
2024-04-23T10:17:25.202 INFO:teuthology.orchestra.run.smithi100.stdout:/usr/bin/ceph: stderr
2024-04-23T10:17:24.471+0000 7fce3a7fc700 1 --2- 172.21.15.100:0/3740423078 >> [v2:172.21.15.100:6800/521838623,v1:172.21.15.100:6801/521838623] conn(0x7fce300396a0 0x7fce3003bb60 unknown :-1 s=BANNER_CONNECTING pgs=0 cs=0 l=1 rev1=0 crypto rx=0 tx=0 comp rx=0 tx=0)._handle_peer_banner_payload supported=3 required=0
2024-04-23T10:17:25.202 INFO:teuthology.orchestra.run.smithi100.stdout:/usr/bin/ceph: stderr
2024-04-23T10:17:24.471+0000 7fce49a2a700 1 -- 172.21.15.100:0/3740423078 --> [v2:172.21.15.100:3300/0,v1:172.21.15.100:6789/0] -- mon_command({"prefix": "get_command_descriptions"} v 0) -- 0x7fce4410cce0 con 0x7fce44108600
2024-04-23T10:17:25.202 INFO:teuthology.orchestra.run.smithi100.stdout:/usr/bin/ceph: stderr
2024-04-23T10:17:24.471+0000 7fce3a7fc700 1 --2- 172.21.15.100:0/3740423078 >> [v2:172.21.15.100:6800/521838623,v1:172.21.15.100:6801/521838623] conn(0x7fce300396a0 0x7fce3003bb60 secure :-1 s=READY pgs=10 cs=0 l=1 rev1=1 crypto rx=0x7fce2c006fd0 tx=0x7fce2c006e40 comp rx=0 tx=0).ready entity=mgr.14150 client_cookie=0 server_cookie=0 in_seq=0 out_seq=0
2024-04-23T10:17:25.202 INFO:teuthology.orchestra.run.smithi100.stdout:/usr/bin/ceph: stderr
2024-04-23T10:17:24.476+0000 7fce48a28700 1 -- 172.21.15.100:0/3740423078 <== mon.0 v2:172.21.15.100:3300/0 6 ==== mon_command_ack([{"prefix": "get_command_descriptions"}]=0 v0) ==== 72+0+188370 (secure 0 0 0) 0x7fce3401f030 con 0x7fce44108600
2024-04-23T10:17:25.203 INFO:teuthology.orchestra.run.smithi100.stdout:/usr/bin/ceph: stderr
2024-04-23T10:17:24.675+0000 7fce49a2a700 1 -- 172.21.15.100:0/3740423078 --> [v2:172.21.15.100:3300/0,v1:172.21.15.100:6789/0] -- mon_command([{prefix=config set, name=osd_memory_target_autotune}] v 0) -- 0x7fce4419fd20 con 0x7fce44108600
2024-04-23T10:17:25.203 INFO:teuthology.orchestra.run.smithi100.stdout:/usr/bin/ceph: stderr
2024-04-23T10:17:24.676+0000 7fce48a28700 1 -- 172.21.15.100:0/3740423078 <== mon.0 v2:172.21.15.100:3300/0 7 ==== mon_command_ack([{prefix=config set, name=osd_memory_target_autotune}]=0 v8)=0 v8) ==== 127+0+0 (secure 0 0 0) 0x7fce340107d0 con 0x7fce44108600
2024-04-23T10:17:25.203 INFO:teuthology.orchestra.run.smithi100.stdout:/usr/bin/ceph: stderr
2024-04-23T10:17:24.678+0000 7fce49a2a700 1 -- 172.21.15.100:0/3740423078 >> [v2:172.21.15.100:6800/521838623,v1:172.21.15.100:6801/521838623] conn(0x7fce300396a0 msgr2=0x7fce3003bb60 secure :-1 s=STATE_CONNECTION_ESTABLISHED l=1).mark_down
2024-04-23T10:17:25.203 INFO:teuthology.orchestra.run.smithi100.stdout:/usr/bin/ceph: stderr
2024-04-23T10:17:24.678+0000 7fce49a2a700 1 --2- 172.21.15.100:0/3740423078 >> [v2:172.21.15.100:6800/521838623,v1:172.21.15.100:6801/521838623] conn(0x7fce300396a0 0x7fce3003bb60 secure :-1 s=READY pgs=10 cs=0 l=1 rev1=1 crypto rx=0x7fce2c006fd0 tx=0x7fce2c006e40 comp rx=0 tx=0).stop
2024-04-23T10:17:25.203 INFO:teuthology.orchestra.run.smithi100.stdout:/usr/bin/ceph: stderr
2024-04-23T10:17:24.678+0000 7fce49a2a700 1 -- 172.21.15.100:0/3740423078 >> [v2:172.21.15.100:3300/0,v1:172.21.15.100:6789/0] conn(0x7fce44108600 msgr2=0x7fce4419c410 secure :-1 s=STATE_CONNECTION_ESTABLISHED l=1).mark_down
2024-04-23T10:17:25.203 INFO:teuthology.orchestra.run.smithi100.stdout:/usr/bin/ceph: stderr
2024-04-23T10:17:24.678+0000 7fce49a2a700 1 --2- 172.21.15.100:0/3740423078 >> [v2:172.21.15.100:3300/0,v1:172.21.15.100:6789/0] conn(0x7fce44108600 0x7fce4419c410 secure :-1 s=READY pgs=75 cs=0 l=1 rev1=1 crypto rx=0x7fce34009520 tx=0x7fce34011aa0 comp rx=0 tx=0).stop
2024-04-23T10:17:25.203 INFO:teuthology.orchestra.run.smithi100.stdout:/usr/bin/ceph: stderr
2024-04-23T10:17:24.678+0000 7fce49a2a700 1 -- 172.21.15.100:0/3740423078 shutdown_connections
2024-04-23T10:17:25.203 INFO:teuthology.orchestra.run.smithi100.stdout:/usr/bin/ceph: stderr
2024-04-23T10:17:24.678+0000 7fce49a2a700 1 --2- 172.21.15.100:0/3740423078 >> [v2:172.21.15.100:6800/521838623,v1:172.21.15.100:6801/521838623] conn(0x7fce300396a0 0x7fce3003bb60 unknown :-1 s=CLOSED pgs=10 cs=0 l=1 rev1=1 crypto rx=0 tx=0 comp rx=0 tx=0).stop
2024-04-23T10:17:25.203 INFO:teuthology.orchestra.run.smithi100.stdout:/usr/bin/ceph: stderr
2024-04-23T10:17:24.678+0000 7fce49a2a700 1 --2- 172.21.15.100:0/3740423078 >> [v2:172.21.15.100:3300/0,v1:172.21.15.100:6789/0] conn(0x7fce44108600 0x7fce4419c410 unknown :-1 s=CLOSED pgs=75 cs=0 l=1 rev1=1 crypto rx=0 tx=0 comp rx=0 tx=0).stop
2024-04-23T10:17:25.203 INFO:teuthology.orchestra.run.smithi100.stdout:/usr/bin/ceph: stderr
2024-04-23T10:17:24.678+0000 7fce49a2a700 1 -- 172.21.15.100:0/3740423078 >> 172.21.15.100:0/3740423078 conn(0x7fce44103bc0 msgr2=0x7fce44104630 unknown :-1 s=STATE_NONE l=0).mark_down
2024-04-23T10:17:25.203 INFO:teuthology.orchestra.run.smithi100.stdout:/usr/bin/ceph: stderr
2024-04-23T10:17:24.678+0000 7fce49a2a700 1 -- 172.21.15.100:0/3740423078 shutdown_connections
2024-04-23T10:17:25.203 INFO:teuthology.orchestra.run.smithi100.stdout:/usr/bin/ceph: stderr
2024-04-23T10:17:24.678+0000 7fce49a2a700 1 -- 172.21.15.100:0/3740423078 wait complete.
2024-04-23T10:17:26.451 INFO:teuthology.orchestra.run.smithi100.stdout:/usr/bin/ceph: stderr
2024-04-23T10:17:25.565+0000 7fac891fe700 1 Processor -- start
2024-04-23T10:17:26.451 INFO:teuthology.orchestra.run.smithi100.stdout:/usr/bin/ceph: stderr
2024-04-23T10:17:25.565+0000 7fac891fe700 1 -- start start
2024-04-23T10:17:26.452 INFO:teuthology.orchestra.run.smithi100.stdout:/usr/bin/ceph: stderr
2024-04-23T10:17:25.565+0000 7fac891fe700 1 --2- >> [v2:172.21.15.100:3300/0,v1:172.21.15.100:6789/0] conn(0x7fac84108ac0 0x7fac84108ee0 unknown :-1 s=NONE pgs=0 cs=0 l=0 rev1=0 crypto rx=0 tx=0 comp rx=0 tx=0).connect
2024-04-23T10:17:26.452 INFO:teuthology.orchestra.run.smithi100.stdout:/usr/bin/ceph: stderr
2024-04-23T10:17:25.565+0000 7fac891fe700 1 -- --> [v2:172.21.15.100:3300/0,v1:172.21.15.100:6789/0] -- mon_getmap magic: 0 -- 0x7fac841094b0 con 0x7fac84108ac0
2024-04-23T10:17:26.452 INFO:teuthology.orchestra.run.smithi100.stdout:/usr/bin/ceph: stderr
2024-04-23T10:17:25.565+0000 7fac82d9d700 1 --2- >> [v2:172.21.15.100:3300/0,v1:172.21.15.100:6789/0] conn(0x7fac84108ac0 0x7fac84108ee0 unknown :-1 s=BANNER_CONNECTING pgs=0 cs=0 l=0 rev1=0 crypto rx=0 tx=0 comp rx=0 tx=0)._handle_peer_banner_payload supported=3 required=0
2024-04-23T10:17:26.452 INFO:teuthology.orchestra.run.smithi100.stdout:/usr/bin/ceph: stderr
2024-04-23T10:17:25.565+0000 7fac82d9d700 1 --2- >> [v2:172.21.15.100:3300/0,v1:172.21.15.100:6789/0] conn(0x7fac84108ac0 0x7fac84108ee0 unknown :-1 s=HELLO_CONNECTING pgs=0 cs=0 l=0 rev1=1 crypto rx=0 tx=0 comp rx=0 tx=0).handle_hello peer v2:172.21.15.100:3300/0 says I am v2:172.21.15.100:44092/0 (socket says 172.21.15.100:44092)
2024-04-23T10:17:26.452 INFO:teuthology.orchestra.run.smithi100.stdout:/usr/bin/ceph: stderr
2024-04-23T10:17:25.565+0000 7fac82d9d700 1 -- 172.21.15.100:0/4021544784 learned_addr learned my addr 172.21.15.100:0/4021544784 (peer_addr_for_me v2:172.21.15.100:0/0)
2024-04-23T10:17:26.452 INFO:teuthology.orchestra.run.smithi100.stdout:/usr/bin/ceph: stderr
2024-04-23T10:17:25.566+0000 7fac82d9d700 1 -- 172.21.15.100:0/4021544784 --> [v2:172.21.15.100:3300/0,v1:172.21.15.100:6789/0] -- mon_subscribe({config=0+,monmap=0+}) -- 0x7fac84107770 con 0x7fac84108ac0
2024-04-23T10:17:26.452 INFO:teuthology.orchestra.run.smithi100.stdout:/usr/bin/ceph: stderr
2024-04-23T10:17:25.566+0000 7fac82d9d700 1 --2- 172.21.15.100:0/4021544784 >> [v2:172.21.15.100:3300/0,v1:172.21.15.100:6789/0] conn(0x7fac84108ac0 0x7fac84108ee0 secure :-1 s=READY pgs=76 cs=0 l=1 rev1=1 crypto rx=0x7fac740098a0 tx=0x7fac74009bb0 comp rx=0 tx=0).ready entity=mon.0 client_cookie=55cf94c507232e90 server_cookie=0 in_seq=0 out_seq=0
2024-04-23T10:17:26.452 INFO:teuthology.orchestra.run.smithi100.stdout:/usr/bin/ceph: stderr
2024-04-23T10:17:25.566+0000 7fac81d9b700 1 -- 172.21.15.100:0/4021544784 <== mon.0 v2:172.21.15.100:3300/0 1 ==== mon_map magic: 0 ==== 205+0+0 (secure 0 0 0) 0x7fac74004160 con 0x7fac84108ac0
2024-04-23T10:17:26.452 INFO:teuthology.orchestra.run.smithi100.stdout:/usr/bin/ceph: stderr
2024-04-23T10:17:25.566+0000 7fac81d9b700 1 -- 172.21.15.100:0/4021544784 <== mon.0 v2:172.21.15.100:3300/0 2 ==== config(26 keys) ==== 1101+0+0 (secure 0 0 0) 0x7fac74004300 con 0x7fac84108ac0
2024-04-23T10:17:26.452 INFO:teuthology.orchestra.run.smithi100.stdout:/usr/bin/ceph: stderr
2024-04-23T10:17:25.566+0000 7fac81d9b700 1 -- 172.21.15.100:0/4021544784 <== mon.0 v2:172.21.15.100:3300/0 3 ==== mon_map magic: 0 ==== 205+0+0 (secure 0 0 0) 0x7fac74011a20 con 0x7fac84108ac0
2024-04-23T10:17:26.452 INFO:teuthology.orchestra.run.smithi100.stdout:/usr/bin/ceph: stderr
2024-04-23T10:17:25.566+0000 7fac891fe700 1 -- 172.21.15.100:0/4021544784 >> [v2:172.21.15.100:3300/0,v1:172.21.15.100:6789/0] conn(0x7fac84108ac0 msgr2=0x7fac84108ee0 secure :-1 s=STATE_CONNECTION_ESTABLISHED l=1).mark_down
2024-04-23T10:17:26.453 INFO:teuthology.orchestra.run.smithi100.stdout:/usr/bin/ceph: stderr
2024-04-23T10:17:25.566+0000 7fac891fe700 1 --2- 172.21.15.100:0/4021544784 >> [v2:172.21.15.100:3300/0,v1:172.21.15.100:6789/0] conn(0x7fac84108ac0 0x7fac84108ee0 secure :-1 s=READY pgs=76 cs=0 l=1 rev1=1 crypto rx=0x7fac740098a0 tx=0x7fac74009bb0 comp rx=0 tx=0).stop
2024-04-23T10:17:26.453 INFO:teuthology.orchestra.run.smithi100.stdout:/usr/bin/ceph: stderr
2024-04-23T10:17:25.566+0000 7fac891fe700 1 -- 172.21.15.100:0/4021544784 shutdown_connections
2024-04-23T10:17:26.453 INFO:teuthology.orchestra.run.smithi100.stdout:/usr/bin/ceph: stderr
2024-04-23T10:17:25.566+0000 7fac891fe700 1 --2- 172.21.15.100:0/4021544784 >> [v2:172.21.15.100:3300/0,v1:172.21.15.100:6789/0] conn(0x7fac84108ac0 0x7fac84108ee0 unknown :-1 s=CLOSED pgs=76 cs=0 l=1 rev1=1 crypto rx=0 tx=0 comp rx=0 tx=0).stop
2024-04-23T10:17:26.453 INFO:teuthology.orchestra.run.smithi100.stdout:/usr/bin/ceph: stderr
2024-04-23T10:17:25.567+0000 7fac891fe700 1 -- 172.21.15.100:0/4021544784 >> 172.21.15.100:0/4021544784 conn(0x7fac84102200 msgr2=0x7fac84104620 unknown :-1 s=STATE_NONE l=0).mark_down
2024-04-23T10:17:26.453 INFO:teuthology.orchestra.run.smithi100.stdout:/usr/bin/ceph: stderr
2024-04-23T10:17:25.567+0000 7fac891fe700 1 -- 172.21.15.100:0/4021544784 shutdown_connections
2024-04-23T10:17:26.453 INFO:teuthology.orchestra.run.smithi100.stdout:/usr/bin/ceph: stderr
2024-04-23T10:17:25.567+0000 7fac891fe700 1 -- 172.21.15.100:0/4021544784 wait complete.
2024-04-23T10:17:26.453 INFO:teuthology.orchestra.run.smithi100.stdout:/usr/bin/ceph: stderr
2024-04-23T10:17:25.567+0000 7fac891fe700 1 Processor -- start
2024-04-23T10:17:26.453 INFO:teuthology.orchestra.run.smithi100.stdout:/usr/bin/ceph: stderr
2024-04-23T10:17:25.567+0000 7fac891fe700 1 -- start start
2024-04-23T10:17:26.453 INFO:teuthology.orchestra.run.smithi100.stdout:/usr/bin/ceph: stderr
2024-04-23T10:17:25.568+0000 7fac891fe700 1 --2- >> [v2:172.21.15.100:3300/0,v1:172.21.15.100:6789/0] conn(0x7fac84108ac0 0x7fac8419c480 unknown :-1 s=NONE pgs=0 cs=0 l=1 rev1=0 crypto rx=0 tx=0 comp rx=0 tx=0).connect
2024-04-23T10:17:26.453 INFO:teuthology.orchestra.run.smithi100.stdout:/usr/bin/ceph: stderr
2024-04-23T10:17:25.568+0000 7fac891fe700 1 -- --> [v2:172.21.15.100:3300/0,v1:172.21.15.100:6789/0] -- mon_getmap magic: 0 -- 0x7fac8410bb30 con 0x7fac84108ac0
2024-04-23T10:17:26.453 INFO:teuthology.orchestra.run.smithi100.stdout:/usr/bin/ceph: stderr
2024-04-23T10:17:25.568+0000 7fac82d9d700 1 --2- >> [v2:172.21.15.100:3300/0,v1:172.21.15.100:6789/0] conn(0x7fac84108ac0 0x7fac8419c480 unknown :-1 s=BANNER_CONNECTING pgs=0 cs=0 l=1 rev1=0 crypto rx=0 tx=0 comp rx=0 tx=0)._handle_peer_banner_payload supported=3 required=0
2024-04-23T10:17:26.453 INFO:teuthology.orchestra.run.smithi100.stdout:/usr/bin/ceph: stderr
2024-04-23T10:17:25.568+0000 7fac82d9d700 1 --2- >> [v2:172.21.15.100:3300/0,v1:172.21.15.100:6789/0] conn(0x7fac84108ac0 0x7fac8419c480 unknown :-1 s=HELLO_CONNECTING pgs=0 cs=0 l=1 rev1=1 crypto rx=0 tx=0 comp rx=0 tx=0).handle_hello peer v2:172.21.15.100:3300/0 says I am v2:172.21.15.100:44094/0 (socket says 172.21.15.100:44094)
2024-04-23T10:17:26.453 INFO:teuthology.orchestra.run.smithi100.stdout:/usr/bin/ceph: stderr
2024-04-23T10:17:25.568+0000 7fac82d9d700 1 -- 172.21.15.100:0/4234039161 learned_addr learned my addr 172.21.15.100:0/4234039161 (peer_addr_for_me v2:172.21.15.100:0/0)
2024-04-23T10:17:26.454 INFO:teuthology.orchestra.run.smithi100.stdout:/usr/bin/ceph: stderr
2024-04-23T10:17:25.568+0000 7fac82d9d700 1 -- 172.21.15.100:0/4234039161 --> [v2:172.21.15.100:3300/0,v1:172.21.15.100:6789/0] -- mon_subscribe({config=0+,monmap=0+}) -- 0x7fac8419c9c0 con 0x7fac84108ac0
2024-04-23T10:17:26.454 INFO:teuthology.orchestra.run.smithi100.stdout:/usr/bin/ceph: stderr
2024-04-23T10:17:25.568+0000 7fac82d9d700 1 --2- 172.21.15.100:0/4234039161 >> [v2:172.21.15.100:3300/0,v1:172.21.15.100:6789/0] conn(0x7fac84108ac0 0x7fac8419c480 secure :-1 s=READY pgs=77 cs=0 l=1 rev1=1 crypto rx=0x7fac74009520 tx=0x7fac74011aa0 comp rx=0 tx=0).ready entity=mon.0 client_cookie=0 server_cookie=0 in_seq=0 out_seq=0
2024-04-23T10:17:26.454 INFO:teuthology.orchestra.run.smithi100.stdout:/usr/bin/ceph: stderr
2024-04-23T10:17:25.568+0000 7fac6bfff700 1 -- 172.21.15.100:0/4234039161 <== mon.0 v2:172.21.15.100:3300/0 1 ==== mon_map magic: 0 ==== 205+0+0 (secure 0 0 0) 0x7fac740039e0 con 0x7fac84108ac0
2024-04-23T10:17:26.454 INFO:teuthology.orchestra.run.smithi100.stdout:/usr/bin/ceph: stderr
2024-04-23T10:17:25.568+0000 7fac6bfff700 1 -- 172.21.15.100:0/4234039161 <== mon.0 v2:172.21.15.100:3300/0 2 ==== config(26 keys) ==== 1101+0+0 (secure 0 0 0) 0x7fac7401b8f0 con 0x7fac84108ac0
2024-04-23T10:17:26.454 INFO:teuthology.orchestra.run.smithi100.stdout:/usr/bin/ceph: stderr
2024-04-23T10:17:25.568+0000 7fac891fe700 1 -- 172.21.15.100:0/4234039161 --> [v2:172.21.15.100:3300/0,v1:172.21.15.100:6789/0] -- mon_subscribe({mgrmap=0+}) -- 0x7fac8419cc50 con 0x7fac84108ac0
2024-04-23T10:17:26.454 INFO:teuthology.orchestra.run.smithi100.stdout:/usr/bin/ceph: stderr
2024-04-23T10:17:25.568+0000 7fac6bfff700 1 -- 172.21.15.100:0/4234039161 <== mon.0 v2:172.21.15.100:3300/0 3 ==== mon_map magic: 0 ==== 205+0+0 (secure 0 0 0) 0x7fac74019770 con 0x7fac84108ac0
2024-04-23T10:17:26.454 INFO:teuthology.orchestra.run.smithi100.stdout:/usr/bin/ceph: stderr
2024-04-23T10:17:25.568+0000 7fac891fe700 1 -- 172.21.15.100:0/4234039161 --> [v2:172.21.15.100:3300/0,v1:172.21.15.100:6789/0] -- mon_subscribe({osdmap=0}) -- 0x7fac8419f940 con 0x7fac84108ac0
2024-04-23T10:17:26.454 INFO:teuthology.orchestra.run.smithi100.stdout:/usr/bin/ceph: stderr
2024-04-23T10:17:25.569+0000 7fac6bfff700 1 -- 172.21.15.100:0/4234039161 <== mon.0 v2:172.21.15.100:3300/0 4 ==== mgrmap(e 13) ==== 46615+0+0 (secure 0 0 0) 0x7fac74019a70 con 0x7fac84108ac0
2024-04-23T10:17:26.454 INFO:teuthology.orchestra.run.smithi100.stdout:/usr/bin/ceph: stderr
2024-04-23T10:17:25.569+0000 7fac6bfff700 1 --2- 172.21.15.100:0/4234039161 >> [v2:172.21.15.100:6800/521838623,v1:172.21.15.100:6801/521838623] conn(0x7fac6c0396a0 0x7fac6c03bb60 unknown :-1 s=NONE pgs=0 cs=0 l=1 rev1=0 crypto rx=0 tx=0 comp rx=0 tx=0).connect
2024-04-23T10:17:26.454 INFO:teuthology.orchestra.run.smithi100.stdout:/usr/bin/ceph: stderr
2024-04-23T10:17:25.569+0000 7fac891fe700 1 -- 172.21.15.100:0/4234039161 --> [v2:172.21.15.100:3300/0,v1:172.21.15.100:6789/0] -- mon_command({"prefix": "get_command_descriptions"} v 0) -- 0x7fac840640a0 con 0x7fac84108ac0
2024-04-23T10:17:26.454 INFO:teuthology.orchestra.run.smithi100.stdout:/usr/bin/ceph: stderr
2024-04-23T10:17:25.569+0000 7fac6bfff700 1 -- 172.21.15.100:0/4234039161 <== mon.0 v2:172.21.15.100:3300/0 5 ==== osd_map(3..3 src has 1..3) ==== 1155+0+0 (secure 0 0 0) 0x7fac7404e100 con 0x7fac84108ac0
2024-04-23T10:17:26.454 INFO:teuthology.orchestra.run.smithi100.stdout:/usr/bin/ceph: stderr
2024-04-23T10:17:25.569+0000 7fac8259c700 1 --2- 172.21.15.100:0/4234039161 >> [v2:172.21.15.100:6800/521838623,v1:172.21.15.100:6801/521838623] conn(0x7fac6c0396a0 0x7fac6c03bb60 unknown :-1 s=BANNER_CONNECTING pgs=0 cs=0 l=1 rev1=0 crypto rx=0 tx=0 comp rx=0 tx=0)._handle_peer_banner_payload supported=3 required=0
2024-04-23T10:17:26.454 INFO:teuthology.orchestra.run.smithi100.stdout:/usr/bin/ceph: stderr
2024-04-23T10:17:25.570+0000 7fac8259c700 1 --2- 172.21.15.100:0/4234039161 >> [v2:172.21.15.100:6800/521838623,v1:172.21.15.100:6801/521838623] conn(0x7fac6c0396a0 0x7fac6c03bb60 secure :-1 s=READY pgs=11 cs=0 l=1 rev1=1 crypto rx=0x7fac78006fd0 tx=0x7fac78006e40 comp rx=0 tx=0).ready entity=mgr.14150 client_cookie=0 server_cookie=0 in_seq=0 out_seq=0
2024-04-23T10:17:26.455 INFO:teuthology.orchestra.run.smithi100.stdout:/usr/bin/ceph: stderr
2024-04-23T10:17:25.574+0000 7fac6bfff700 1 -- 172.21.15.100:0/4234039161 <== mon.0 v2:172.21.15.100:3300/0 6 ==== mon_command_ack([{"prefix": "get_command_descriptions"}]=0 v0) ==== 72+0+188370 (secure 0 0 0) 0x7fac7401f030 con 0x7fac84108ac0
2024-04-23T10:17:26.455 INFO:teuthology.orchestra.run.smithi100.stdout:/usr/bin/ceph: stderr
2024-04-23T10:17:25.880+0000 7fac891fe700 1 -- 172.21.15.100:0/4234039161 --> [v2:172.21.15.100:3300/0,v1:172.21.15.100:6789/0] -- mon_command([{prefix=config-key set, key=mgr/dashboard/cluster/status}] v 0) -- 0x7fac8402e110 con 0x7fac84108ac0
2024-04-23T10:17:26.455 INFO:teuthology.orchestra.run.smithi100.stdout:/usr/bin/ceph: stderr
2024-04-23T10:17:25.883+0000 7fac6bfff700 1 -- 172.21.15.100:0/4234039161 <== mon.0 v2:172.21.15.100:3300/0 7 ==== mon_command_ack([{prefix=config-key set, key=mgr/dashboard/cluster/status}]=0 set mgr/dashboard/cluster/status v27)=0 set mgr/dashboard/cluster/status v27) ==== 153+0+0 (secure 0 0 0) 0x7fac74010a10 con 0x7fac84108ac0
2024-04-23T10:17:26.455 INFO:teuthology.orchestra.run.smithi100.stdout:/usr/bin/ceph: stderr
2024-04-23T10:17:25.885+0000 7fac891fe700 1 -- 172.21.15.100:0/4234039161 >> [v2:172.21.15.100:6800/521838623,v1:172.21.15.100:6801/521838623] conn(0x7fac6c0396a0 msgr2=0x7fac6c03bb60 secure :-1 s=STATE_CONNECTION_ESTABLISHED l=1).mark_down
2024-04-23T10:17:26.455 INFO:teuthology.orchestra.run.smithi100.stdout:/usr/bin/ceph: stderr
2024-04-23T10:17:25.885+0000 7fac891fe700 1 --2- 172.21.15.100:0/4234039161 >> [v2:172.21.15.100:6800/521838623,v1:172.21.15.100:6801/521838623] conn(0x7fac6c0396a0 0x7fac6c03bb60 secure :-1 s=READY pgs=11 cs=0 l=1 rev1=1 crypto rx=0x7fac78006fd0 tx=0x7fac78006e40 comp rx=0 tx=0).stop
2024-04-23T10:17:26.455 INFO:teuthology.orchestra.run.smithi100.stdout:/usr/bin/ceph: stderr
2024-04-23T10:17:25.885+0000 7fac891fe700 1 -- 172.21.15.100:0/4234039161 >> [v2:172.21.15.100:3300/0,v1:172.21.15.100:6789/0] conn(0x7fac84108ac0 msgr2=0x7fac8419c480 secure :-1 s=STATE_CONNECTION_ESTABLISHED l=1).mark_down
2024-04-23T10:17:26.455 INFO:teuthology.orchestra.run.smithi100.stdout:/usr/bin/ceph: stderr
2024-04-23T10:17:25.885+0000 7fac891fe700 1 --2- 172.21.15.100:0/4234039161 >> [v2:172.21.15.100:3300/0,v1:172.21.15.100:6789/0] conn(0x7fac84108ac0 0x7fac8419c480 secure :-1 s=READY pgs=77 cs=0 l=1 rev1=1 crypto rx=0x7fac74009520 tx=0x7fac74011aa0 comp rx=0 tx=0).stop
2024-04-23T10:17:26.455 INFO:teuthology.orchestra.run.smithi100.stdout:/usr/bin/ceph: stderr
2024-04-23T10:17:25.885+0000 7fac891fe700 1 -- 172.21.15.100:0/4234039161 shutdown_connections
2024-04-23T10:17:26.455 INFO:teuthology.orchestra.run.smithi100.stdout:/usr/bin/ceph: stderr
2024-04-23T10:17:25.885+0000 7fac891fe700 1 --2- 172.21.15.100:0/4234039161 >> [v2:172.21.15.100:6800/521838623,v1:172.21.15.100:6801/521838623] conn(0x7fac6c0396a0 0x7fac6c03bb60 unknown :-1 s=CLOSED pgs=11 cs=0 l=1 rev1=1 crypto rx=0 tx=0 comp rx=0 tx=0).stop
2024-04-23T10:17:26.455 INFO:teuthology.orchestra.run.smithi100.stdout:/usr/bin/ceph: stderr
2024-04-23T10:17:25.885+0000 7fac891fe700 1 --2- 172.21.15.100:0/4234039161 >> [v2:172.21.15.100:3300/0,v1:172.21.15.100:6789/0] conn(0x7fac84108ac0 0x7fac8419c480 unknown :-1 s=CLOSED pgs=77 cs=0 l=1 rev1=1 crypto rx=0 tx=0 comp rx=0 tx=0).stop
2024-04-23T10:17:26.455 INFO:teuthology.orchestra.run.smithi100.stdout:/usr/bin/ceph: stderr
2024-04-23T10:17:25.885+0000 7fac891fe700 1 -- 172.21.15.100:0/4234039161 >> 172.21.15.100:0/4234039161 conn(0x7fac84102200 msgr2=0x7fac84103010 unknown :-1 s=STATE_NONE l=0).mark_down
2024-04-23T10:17:26.456 INFO:teuthology.orchestra.run.smithi100.stdout:/usr/bin/ceph: stderr
2024-04-23T10:17:25.885+0000 7fac891fe700 1 -- 172.21.15.100:0/4234039161 shutdown_connections
2024-04-23T10:17:26.456 INFO:teuthology.orchestra.run.smithi100.stdout:/usr/bin/ceph: stderr
2024-04-23T10:17:25.885+0000 7fac891fe700 1 -- 172.21.15.100:0/4234039161 wait complete.
2024-04-23T10:17:26.456 INFO:teuthology.orchestra.run.smithi100.stdout:/usr/bin/ceph: stderr set mgr/dashboard/cluster/status
2024-04-23T10:17:26.456 INFO:teuthology.orchestra.run.smithi100.stdout:You can access the Ceph CLI as following in case of multi-cluster or non-default config:
2024-04-23T10:17:26.456 INFO:teuthology.orchestra.run.smithi100.stdout:
2024-04-23T10:17:26.456 INFO:teuthology.orchestra.run.smithi100.stdout: sudo /home/ubuntu/cephtest/cephadm shell --fsid b4179a58-0159-11ef-bc93-c7b262605968 -c /etc/ceph/ceph.conf -k /etc/ceph/ceph.client.admin.keyring
2024-04-23T10:17:26.456 INFO:teuthology.orchestra.run.smithi100.stdout:
2024-04-23T10:17:26.456 INFO:teuthology.orchestra.run.smithi100.stdout:Or, if you are only running a single cluster on this host:
2024-04-23T10:17:26.456 INFO:teuthology.orchestra.run.smithi100.stdout:
2024-04-23T10:17:26.456 INFO:teuthology.orchestra.run.smithi100.stdout: sudo /home/ubuntu/cephtest/cephadm shell
2024-04-23T10:17:26.456 INFO:teuthology.orchestra.run.smithi100.stdout:
2024-04-23T10:17:26.456 INFO:teuthology.orchestra.run.smithi100.stdout:Please consider enabling telemetry to help improve Ceph:
2024-04-23T10:17:26.456 INFO:teuthology.orchestra.run.smithi100.stdout:
2024-04-23T10:17:26.456 INFO:teuthology.orchestra.run.smithi100.stdout: ceph telemetry on
2024-04-23T10:17:26.456 INFO:teuthology.orchestra.run.smithi100.stdout:
2024-04-23T10:17:26.457 INFO:teuthology.orchestra.run.smithi100.stdout:For more information see:
2024-04-23T10:17:26.457 INFO:teuthology.orchestra.run.smithi100.stdout:
2024-04-23T10:17:26.457 INFO:teuthology.orchestra.run.smithi100.stdout: https://docs.ceph.com/en/latest/mgr/telemetry/
2024-04-23T10:17:26.457 INFO:teuthology.orchestra.run.smithi100.stdout:
2024-04-23T10:17:26.457 INFO:teuthology.orchestra.run.smithi100.stdout:Bootstrap complete.
2024-04-23T10:17:26.493 INFO:tasks.cephadm:Fetching config...
2024-04-23T10:17:26.493 DEBUG:teuthology.orchestra.run.smithi100:> set -ex
2024-04-23T10:17:26.493 DEBUG:teuthology.orchestra.run.smithi100:> dd if=/etc/ceph/ceph.conf of=/dev/stdout
2024-04-23T10:17:26.509 INFO:tasks.cephadm:Fetching client.admin keyring...
2024-04-23T10:17:26.509 DEBUG:teuthology.orchestra.run.smithi100:> set -ex
2024-04-23T10:17:26.509 DEBUG:teuthology.orchestra.run.smithi100:> dd if=/etc/ceph/ceph.client.admin.keyring of=/dev/stdout
2024-04-23T10:17:26.564 INFO:tasks.cephadm:Fetching mon keyring...
2024-04-23T10:17:26.565 DEBUG:teuthology.orchestra.run.smithi100:> set -ex
2024-04-23T10:17:26.565 DEBUG:teuthology.orchestra.run.smithi100:> sudo dd if=/var/lib/ceph/b4179a58-0159-11ef-bc93-c7b262605968/mon.a/keyring of=/dev/stdout
2024-04-23T10:17:26.629 INFO:tasks.cephadm:Fetching pub ssh key...
2024-04-23T10:17:26.629 DEBUG:teuthology.orchestra.run.smithi100:> set -ex
2024-04-23T10:17:26.629 DEBUG:teuthology.orchestra.run.smithi100:> dd if=/home/ubuntu/cephtest/ceph.pub of=/dev/stdout
2024-04-23T10:17:26.684 INFO:tasks.cephadm:Installing pub ssh key for root users...
2024-04-23T10:17:26.684 DEBUG:teuthology.orchestra.run.smithi100:> sudo install -d -m 0700 /root/.ssh && echo 'ssh-rsa AAAAB3NzaC1yc2EAAAADAQABAAABgQDwN0/xE3z/ve3iLOWjgpX+5Zka5wtHRHGrqE4JjgHNGw9GXx3/grCMq59kIIlDU+8lsFhuoUnL18GJCaBCLRejUnsUXJ7KETbhbQ12dlzlrBTTcFPxkK2SX3y7bmp9NBx0685l2G4ciBVn7nHOtXUADnwPyUOSNhHYIvhSkzR0V+uOK1W2cvlQ3V0EgJi9AsxLiufSCvwWQD0ZbsnAFWE45z6sGTDCJqVzPHPRYgErsSauQHwMNwznx/151SpUf5KoK0f95Pjv6Uk0R15SYdvQspoLrtT0WwJBdOql5FC6ANn5h+0+5DJSjTEOP3WHPwHsqrrMlpS37dy/FphvAytP/ABqQYL22RSYgcu8dvCL64aZ+QqYnR/0K9oo2J6FdWZL6hH91bFb0e5lXV0R4YR5HApjFzBBKatJ2EaZI2uHvXSP+5MJqA8oO3RHC1cXp9PNDhIUATX8SZYPVYjK4M8DnOtQeFcqcG/l3p+Vi7sgNUFLd+yVDaq2XKe5Ofnqf/8= ceph-b4179a58-0159-11ef-bc93-c7b262605968' | sudo tee -a /root/.ssh/authorized_keys && sudo chmod 0600 /root/.ssh/authorized_keys
2024-04-23T10:17:26.755 INFO:teuthology.orchestra.run.smithi100.stdout:ssh-rsa AAAAB3NzaC1yc2EAAAADAQABAAABgQDwN0/xE3z/ve3iLOWjgpX+5Zka5wtHRHGrqE4JjgHNGw9GXx3/grCMq59kIIlDU+8lsFhuoUnL18GJCaBCLRejUnsUXJ7KETbhbQ12dlzlrBTTcFPxkK2SX3y7bmp9NBx0685l2G4ciBVn7nHOtXUADnwPyUOSNhHYIvhSkzR0V+uOK1W2cvlQ3V0EgJi9AsxLiufSCvwWQD0ZbsnAFWE45z6sGTDCJqVzPHPRYgErsSauQHwMNwznx/151SpUf5KoK0f95Pjv6Uk0R15SYdvQspoLrtT0WwJBdOql5FC6ANn5h+0+5DJSjTEOP3WHPwHsqrrMlpS37dy/FphvAytP/ABqQYL22RSYgcu8dvCL64aZ+QqYnR/0K9oo2J6FdWZL6hH91bFb0e5lXV0R4YR5HApjFzBBKatJ2EaZI2uHvXSP+5MJqA8oO3RHC1cXp9PNDhIUATX8SZYPVYjK4M8DnOtQeFcqcG/l3p+Vi7sgNUFLd+yVDaq2XKe5Ofnqf/8= ceph-b4179a58-0159-11ef-bc93-c7b262605968
2024-04-23T10:17:26.765 DEBUG:teuthology.orchestra.run.smithi139:> sudo install -d -m 0700 /root/.ssh && echo 'ssh-rsa AAAAB3NzaC1yc2EAAAADAQABAAABgQDwN0/xE3z/ve3iLOWjgpX+5Zka5wtHRHGrqE4JjgHNGw9GXx3/grCMq59kIIlDU+8lsFhuoUnL18GJCaBCLRejUnsUXJ7KETbhbQ12dlzlrBTTcFPxkK2SX3y7bmp9NBx0685l2G4ciBVn7nHOtXUADnwPyUOSNhHYIvhSkzR0V+uOK1W2cvlQ3V0EgJi9AsxLiufSCvwWQD0ZbsnAFWE45z6sGTDCJqVzPHPRYgErsSauQHwMNwznx/151SpUf5KoK0f95Pjv6Uk0R15SYdvQspoLrtT0WwJBdOql5FC6ANn5h+0+5DJSjTEOP3WHPwHsqrrMlpS37dy/FphvAytP/ABqQYL22RSYgcu8dvCL64aZ+QqYnR/0K9oo2J6FdWZL6hH91bFb0e5lXV0R4YR5HApjFzBBKatJ2EaZI2uHvXSP+5MJqA8oO3RHC1cXp9PNDhIUATX8SZYPVYjK4M8DnOtQeFcqcG/l3p+Vi7sgNUFLd+yVDaq2XKe5Ofnqf/8= ceph-b4179a58-0159-11ef-bc93-c7b262605968' | sudo tee -a /root/.ssh/authorized_keys && sudo chmod 0600 /root/.ssh/authorized_keys
2024-04-23T10:17:26.804 INFO:teuthology.orchestra.run.smithi139.stdout:ssh-rsa AAAAB3NzaC1yc2EAAAADAQABAAABgQDwN0/xE3z/ve3iLOWjgpX+5Zka5wtHRHGrqE4JjgHNGw9GXx3/grCMq59kIIlDU+8lsFhuoUnL18GJCaBCLRejUnsUXJ7KETbhbQ12dlzlrBTTcFPxkK2SX3y7bmp9NBx0685l2G4ciBVn7nHOtXUADnwPyUOSNhHYIvhSkzR0V+uOK1W2cvlQ3V0EgJi9AsxLiufSCvwWQD0ZbsnAFWE45z6sGTDCJqVzPHPRYgErsSauQHwMNwznx/151SpUf5KoK0f95Pjv6Uk0R15SYdvQspoLrtT0WwJBdOql5FC6ANn5h+0+5DJSjTEOP3WHPwHsqrrMlpS37dy/FphvAytP/ABqQYL22RSYgcu8dvCL64aZ+QqYnR/0K9oo2J6FdWZL6hH91bFb0e5lXV0R4YR5HApjFzBBKatJ2EaZI2uHvXSP+5MJqA8oO3RHC1cXp9PNDhIUATX8SZYPVYjK4M8DnOtQeFcqcG/l3p+Vi7sgNUFLd+yVDaq2XKe5Ofnqf/8= ceph-b4179a58-0159-11ef-bc93-c7b262605968
2024-04-23T10:17:26.816 DEBUG:teuthology.orchestra.run.smithi151:> sudo install -d -m 0700 /root/.ssh && echo 'ssh-rsa AAAAB3NzaC1yc2EAAAADAQABAAABgQDwN0/xE3z/ve3iLOWjgpX+5Zka5wtHRHGrqE4JjgHNGw9GXx3/grCMq59kIIlDU+8lsFhuoUnL18GJCaBCLRejUnsUXJ7KETbhbQ12dlzlrBTTcFPxkK2SX3y7bmp9NBx0685l2G4ciBVn7nHOtXUADnwPyUOSNhHYIvhSkzR0V+uOK1W2cvlQ3V0EgJi9AsxLiufSCvwWQD0ZbsnAFWE45z6sGTDCJqVzPHPRYgErsSauQHwMNwznx/151SpUf5KoK0f95Pjv6Uk0R15SYdvQspoLrtT0WwJBdOql5FC6ANn5h+0+5DJSjTEOP3WHPwHsqrrMlpS37dy/FphvAytP/ABqQYL22RSYgcu8dvCL64aZ+QqYnR/0K9oo2J6FdWZL6hH91bFb0e5lXV0R4YR5HApjFzBBKatJ2EaZI2uHvXSP+5MJqA8oO3RHC1cXp9PNDhIUATX8SZYPVYjK4M8DnOtQeFcqcG/l3p+Vi7sgNUFLd+yVDaq2XKe5Ofnqf/8= ceph-b4179a58-0159-11ef-bc93-c7b262605968' | sudo tee -a /root/.ssh/authorized_keys && sudo chmod 0600 /root/.ssh/authorized_keys
2024-04-23T10:17:26.854 INFO:teuthology.orchestra.run.smithi151.stdout:ssh-rsa AAAAB3NzaC1yc2EAAAADAQABAAABgQDwN0/xE3z/ve3iLOWjgpX+5Zka5wtHRHGrqE4JjgHNGw9GXx3/grCMq59kIIlDU+8lsFhuoUnL18GJCaBCLRejUnsUXJ7KETbhbQ12dlzlrBTTcFPxkK2SX3y7bmp9NBx0685l2G4ciBVn7nHOtXUADnwPyUOSNhHYIvhSkzR0V+uOK1W2cvlQ3V0EgJi9AsxLiufSCvwWQD0ZbsnAFWE45z6sGTDCJqVzPHPRYgErsSauQHwMNwznx/151SpUf5KoK0f95Pjv6Uk0R15SYdvQspoLrtT0WwJBdOql5FC6ANn5h+0+5DJSjTEOP3WHPwHsqrrMlpS37dy/FphvAytP/ABqQYL22RSYgcu8dvCL64aZ+QqYnR/0K9oo2J6FdWZL6hH91bFb0e5lXV0R4YR5HApjFzBBKatJ2EaZI2uHvXSP+5MJqA8oO3RHC1cXp9PNDhIUATX8SZYPVYjK4M8DnOtQeFcqcG/l3p+Vi7sgNUFLd+yVDaq2XKe5Ofnqf/8= ceph-b4179a58-0159-11ef-bc93-c7b262605968
2024-04-23T10:17:26.866 DEBUG:teuthology.orchestra.run.smithi100:> sudo /home/ubuntu/cephtest/cephadm --image quay-quay-quay.apps.os.sepia.ceph.com/ceph-ci/ceph:d69f13d827952bb07bb9b7973bca14f97d764d6f shell -c /etc/ceph/ceph.conf -k /etc/ceph/ceph.client.admin.keyring --fsid b4179a58-0159-11ef-bc93-c7b262605968 -- ceph config set mgr mgr/cephadm/allow_ptrace true
2024-04-23T10:17:27.029 INFO:journalctl@ceph.mon.a.smithi100.stdout:Apr 23 10:17:26 smithi100 ceph-mon[29665]: from='client.? 172.21.15.100:0/4234039161' entity='client.admin'
2024-04-23T10:17:27.109 INFO:teuthology.orchestra.run.smithi100.stderr:Inferring config /var/lib/ceph/b4179a58-0159-11ef-bc93-c7b262605968/mon.a/config
2024-04-23T10:17:29.230 INFO:teuthology.orchestra.run.smithi100.stderr:2024-04-23T10:17:29.230+0000 7f7b05c79700 1 -- 172.21.15.100:0/713451286 >> [v2:172.21.15.100:3300/0,v1:172.21.15.100:6789/0] conn(0x7f7b00102490 msgr2=0x7f7b001028b0 secure :-1 s=STATE_CONNECTION_ESTABLISHED l=1).mark_down
2024-04-23T10:17:29.231 INFO:teuthology.orchestra.run.smithi100.stderr:2024-04-23T10:17:29.230+0000 7f7b05c79700 1 --2- 172.21.15.100:0/713451286 >> [v2:172.21.15.100:3300/0,v1:172.21.15.100:6789/0] conn(0x7f7b00102490 0x7f7b001028b0 secure :-1 s=READY pgs=78 cs=0 l=1 rev1=1 crypto rx=0x7f7af0009910 tx=0x7f7af0009c20 comp rx=0 tx=0).stop
2024-04-23T10:17:29.231 INFO:teuthology.orchestra.run.smithi100.stderr:2024-04-23T10:17:29.230+0000 7f7b05c79700 1 -- 172.21.15.100:0/713451286 shutdown_connections
2024-04-23T10:17:29.231 INFO:teuthology.orchestra.run.smithi100.stderr:2024-04-23T10:17:29.230+0000 7f7b05c79700 1 --2- 172.21.15.100:0/713451286 >> [v2:172.21.15.100:3300/0,v1:172.21.15.100:6789/0] conn(0x7f7b00102490 0x7f7b001028b0 unknown :-1 s=CLOSED pgs=78 cs=0 l=1 rev1=1 crypto rx=0 tx=0 comp rx=0 tx=0).stop
2024-04-23T10:17:29.231 INFO:teuthology.orchestra.run.smithi100.stderr:2024-04-23T10:17:29.230+0000 7f7b05c79700 1 -- 172.21.15.100:0/713451286 >> 172.21.15.100:0/713451286 conn(0x7f7b000fda30 msgr2=0x7f7b000ffe70 unknown :-1 s=STATE_NONE l=0).mark_down
2024-04-23T10:17:29.231 INFO:teuthology.orchestra.run.smithi100.stderr:2024-04-23T10:17:29.230+0000 7f7b05c79700 1 -- 172.21.15.100:0/713451286 shutdown_connections
2024-04-23T10:17:29.231 INFO:teuthology.orchestra.run.smithi100.stderr:2024-04-23T10:17:29.230+0000 7f7b05c79700 1 -- 172.21.15.100:0/713451286 wait complete.
2024-04-23T10:17:29.231 INFO:teuthology.orchestra.run.smithi100.stderr:2024-04-23T10:17:29.231+0000 7f7b05c79700 1 Processor -- start
2024-04-23T10:17:29.231 INFO:teuthology.orchestra.run.smithi100.stderr:2024-04-23T10:17:29.231+0000 7f7b05c79700 1 -- start start
2024-04-23T10:17:29.231 INFO:teuthology.orchestra.run.smithi100.stderr:2024-04-23T10:17:29.231+0000 7f7b05c79700 1 --2- >> [v2:172.21.15.100:3300/0,v1:172.21.15.100:6789/0] conn(0x7f7b00102490 0x7f7b00197b00 unknown :-1 s=NONE pgs=0 cs=0 l=1 rev1=0 crypto rx=0 tx=0 comp rx=0 tx=0).connect
2024-04-23T10:17:29.231 INFO:teuthology.orchestra.run.smithi100.stderr:2024-04-23T10:17:29.231+0000 7f7b05c79700 1 -- --> [v2:172.21.15.100:3300/0,v1:172.21.15.100:6789/0] -- mon_getmap magic: 0 -- 0x7f7b001083d0 con 0x7f7b00102490
2024-04-23T10:17:29.231 INFO:teuthology.orchestra.run.smithi100.stderr:2024-04-23T10:17:29.231+0000 7f7aff7fe700 1 --2- >> [v2:172.21.15.100:3300/0,v1:172.21.15.100:6789/0] conn(0x7f7b00102490 0x7f7b00197b00 unknown :-1 s=BANNER_CONNECTING pgs=0 cs=0 l=1 rev1=0 crypto rx=0 tx=0 comp rx=0 tx=0)._handle_peer_banner_payload supported=3 required=0
2024-04-23T10:17:29.232 INFO:teuthology.orchestra.run.smithi100.stderr:2024-04-23T10:17:29.231+0000 7f7aff7fe700 1 --2- >> [v2:172.21.15.100:3300/0,v1:172.21.15.100:6789/0] conn(0x7f7b00102490 0x7f7b00197b00 unknown :-1 s=HELLO_CONNECTING pgs=0 cs=0 l=1 rev1=1 crypto rx=0 tx=0 comp rx=0 tx=0).handle_hello peer v2:172.21.15.100:3300/0 says I am v2:172.21.15.100:44112/0 (socket says 172.21.15.100:44112)
2024-04-23T10:17:29.232 INFO:teuthology.orchestra.run.smithi100.stderr:2024-04-23T10:17:29.231+0000 7f7aff7fe700 1 -- 172.21.15.100:0/536905895 learned_addr learned my addr 172.21.15.100:0/536905895 (peer_addr_for_me v2:172.21.15.100:0/0)
2024-04-23T10:17:29.232 INFO:teuthology.orchestra.run.smithi100.stderr:2024-04-23T10:17:29.231+0000 7f7aff7fe700 1 -- 172.21.15.100:0/536905895 --> [v2:172.21.15.100:3300/0,v1:172.21.15.100:6789/0] -- mon_subscribe({config=0+,monmap=0+}) -- 0x7f7b00198040 con 0x7f7b00102490
2024-04-23T10:17:29.232 INFO:teuthology.orchestra.run.smithi100.stderr:2024-04-23T10:17:29.231+0000 7f7aff7fe700 1 --2- 172.21.15.100:0/536905895 >> [v2:172.21.15.100:3300/0,v1:172.21.15.100:6789/0] conn(0x7f7b00102490 0x7f7b00197b00 secure :-1 s=READY pgs=79 cs=0 l=1 rev1=1 crypto rx=0x7f7af0005950 tx=0x7f7af0004fa0 comp rx=0 tx=0).ready entity=mon.0 client_cookie=0 server_cookie=0 in_seq=0 out_seq=0
2024-04-23T10:17:29.232 INFO:teuthology.orchestra.run.smithi100.stderr:2024-04-23T10:17:29.231+0000 7f7afd7fa700 1 -- 172.21.15.100:0/536905895 <== mon.0 v2:172.21.15.100:3300/0 1 ==== mon_map magic: 0 ==== 205+0+0 (secure 0 0 0) 0x7f7af0026070 con 0x7f7b00102490
2024-04-23T10:17:29.232 INFO:teuthology.orchestra.run.smithi100.stderr:2024-04-23T10:17:29.231+0000 7f7b05c79700 1 -- 172.21.15.100:0/536905895 --> [v2:172.21.15.100:3300/0,v1:172.21.15.100:6789/0] -- mon_subscribe({mgrmap=0+}) -- 0x7f7b001982d0 con 0x7f7b00102490
2024-04-23T10:17:29.232 INFO:teuthology.orchestra.run.smithi100.stderr:2024-04-23T10:17:29.231+0000 7f7afd7fa700 1 -- 172.21.15.100:0/536905895 <== mon.0 v2:172.21.15.100:3300/0 2 ==== config(26 keys) ==== 1101+0+0 (secure 0 0 0) 0x7f7af000bc00 con 0x7f7b00102490
2024-04-23T10:17:29.232 INFO:teuthology.orchestra.run.smithi100.stderr:2024-04-23T10:17:29.231+0000 7f7afd7fa700 1 -- 172.21.15.100:0/536905895 <== mon.0 v2:172.21.15.100:3300/0 3 ==== mon_map magic: 0 ==== 205+0+0 (secure 0 0 0) 0x7f7af0003a10 con 0x7f7b00102490
2024-04-23T10:17:29.232 INFO:teuthology.orchestra.run.smithi100.stderr:2024-04-23T10:17:29.231+0000 7f7b05c79700 1 -- 172.21.15.100:0/536905895 --> [v2:172.21.15.100:3300/0,v1:172.21.15.100:6789/0] -- mon_subscribe({osdmap=0}) -- 0x7f7b0019afc0 con 0x7f7b00102490
2024-04-23T10:17:29.233 INFO:teuthology.orchestra.run.smithi100.stderr:2024-04-23T10:17:29.232+0000 7f7afd7fa700 1 -- 172.21.15.100:0/536905895 <== mon.0 v2:172.21.15.100:3300/0 4 ==== mgrmap(e 13) ==== 46615+0+0 (secure 0 0 0) 0x7f7af0029070 con 0x7f7b00102490
2024-04-23T10:17:29.233 INFO:teuthology.orchestra.run.smithi100.stderr:2024-04-23T10:17:29.233+0000 7f7b05c79700 1 -- 172.21.15.100:0/536905895 --> [v2:172.21.15.100:3300/0,v1:172.21.15.100:6789/0] -- mon_command({"prefix": "get_command_descriptions"} v 0) -- 0x7f7b00108b50 con 0x7f7b00102490
