2024-04-23T10:17:15.732+0000 7fe2a8a9c700 1 --2- >> [v2:172.21.15.60:3300/0,v1:172.21.15.60:6789/0] conn(0x7fe2a407de10 0x7fe2a407c2c0 unknown :-1 s=HELLO_CONNECTING pgs=0 cs=0 l=0 rev1=1 crypto rx=0 tx=0 comp rx=0 tx=0).handle_hello peer v2:172.21.15.60:3300/0 says I am v2:172.21.15.60:51824/0 (socket says 172.21.15.60:51824)
2024-04-23T10:17:17.124 INFO:teuthology.orchestra.run.smithi060.stdout:/usr/bin/ceph: stderr
2024-04-23T10:17:15.732+0000 7fe2a8a9c700 1 -- 172.21.15.60:0/1455161089 learned_addr learned my addr 172.21.15.60:0/1455161089 (peer_addr_for_me v2:172.21.15.60:0/0)
2024-04-23T10:17:17.124 INFO:teuthology.orchestra.run.smithi060.stdout:/usr/bin/ceph: stderr
2024-04-23T10:17:15.733+0000 7fe2a8a9c700 1 -- 172.21.15.60:0/1455161089 --> [v2:172.21.15.60:3300/0,v1:172.21.15.60:6789/0] -- mon_subscribe({config=0+,monmap=0+}) -- 0x7fe2a407c980 con 0x7fe2a407de10
2024-04-23T10:17:17.124 INFO:teuthology.orchestra.run.smithi060.stdout:/usr/bin/ceph: stderr
2024-04-23T10:17:15.733+0000 7fe2a8a9c700 1 --2- 172.21.15.60:0/1455161089 >> [v2:172.21.15.60:3300/0,v1:172.21.15.60:6789/0] conn(0x7fe2a407de10 0x7fe2a407c2c0 secure :-1 s=READY pgs=22 cs=0 l=1 rev1=1 crypto rx=0x7fe2980098a0 tx=0x7fe298009bb0 comp rx=0 tx=0).ready entity=mon.0 client_cookie=76bd27b79e022395 server_cookie=0 in_seq=0 out_seq=0
2024-04-23T10:17:17.124 INFO:teuthology.orchestra.run.smithi060.stdout:/usr/bin/ceph: stderr
2024-04-23T10:17:15.733+0000 7fe2a37fe700 1 -- 172.21.15.60:0/1455161089 <== mon.0 v2:172.21.15.60:3300/0 1 ==== mon_map magic: 0 ==== 205+0+0 (secure 0 0 0) 0x7fe298004160 con 0x7fe2a407de10
2024-04-23T10:17:17.124 INFO:teuthology.orchestra.run.smithi060.stdout:/usr/bin/ceph: stderr
2024-04-23T10:17:15.733+0000 7fe2a37fe700 1 -- 172.21.15.60:0/1455161089 <== mon.0 v2:172.21.15.60:3300/0 2 ==== config(26 keys) ==== 1070+0+0 (secure 0 0 0) 0x7fe298004300 con 0x7fe2a407de10
2024-04-23T10:17:17.124 INFO:teuthology.orchestra.run.smithi060.stdout:/usr/bin/ceph: stderr
2024-04-23T10:17:15.733+0000 7fe2a37fe700 1 -- 172.21.15.60:0/1455161089 <== mon.0 v2:172.21.15.60:3300/0 3 ==== mon_map magic: 0 ==== 205+0+0 (secure 0 0 0) 0x7fe298011af0 con 0x7fe2a407de10
2024-04-23T10:17:17.125 INFO:teuthology.orchestra.run.smithi060.stdout:/usr/bin/ceph: stderr
2024-04-23T10:17:15.734+0000 7fe2aad00700 1 -- 172.21.15.60:0/1455161089 >> [v2:172.21.15.60:3300/0,v1:172.21.15.60:6789/0] conn(0x7fe2a407de10 msgr2=0x7fe2a407c2c0 secure :-1 s=STATE_CONNECTION_ESTABLISHED l=1).mark_down
2024-04-23T10:17:17.125 INFO:teuthology.orchestra.run.smithi060.stdout:/usr/bin/ceph: stderr
2024-04-23T10:17:15.734+0000 7fe2aad00700 1 --2- 172.21.15.60:0/1455161089 >> [v2:172.21.15.60:3300/0,v1:172.21.15.60:6789/0] conn(0x7fe2a407de10 0x7fe2a407c2c0 secure :-1 s=READY pgs=22 cs=0 l=1 rev1=1 crypto rx=0x7fe2980098a0 tx=0x7fe298009bb0 comp rx=0 tx=0).stop
2024-04-23T10:17:17.125 INFO:teuthology.orchestra.run.smithi060.stdout:/usr/bin/ceph: stderr
2024-04-23T10:17:15.734+0000 7fe2aad00700 1 -- 172.21.15.60:0/1455161089 shutdown_connections
2024-04-23T10:17:17.125 INFO:teuthology.orchestra.run.smithi060.stdout:/usr/bin/ceph: stderr
2024-04-23T10:17:15.734+0000 7fe2aad00700 1 --2- 172.21.15.60:0/1455161089 >> [v2:172.21.15.60:3300/0,v1:172.21.15.60:6789/0] conn(0x7fe2a407de10 0x7fe2a407c2c0 unknown :-1 s=CLOSED pgs=22 cs=0 l=1 rev1=1 crypto rx=0 tx=0 comp rx=0 tx=0).stop
2024-04-23T10:17:17.125 INFO:teuthology.orchestra.run.smithi060.stdout:/usr/bin/ceph: stderr
2024-04-23T10:17:15.734+0000 7fe2aad00700 1 -- 172.21.15.60:0/1455161089 >> 172.21.15.60:0/1455161089 conn(0x7fe2a4103bc0 msgr2=0x7fe2a4105fe0 unknown :-1 s=STATE_NONE l=0).mark_down
2024-04-23T10:17:17.125 INFO:teuthology.orchestra.run.smithi060.stdout:/usr/bin/ceph: stderr
2024-04-23T10:17:15.734+0000 7fe2aad00700 1 -- 172.21.15.60:0/1455161089 shutdown_connections
2024-04-23T10:17:17.125 INFO:teuthology.orchestra.run.smithi060.stdout:/usr/bin/ceph: stderr
2024-04-23T10:17:15.734+0000 7fe2aad00700 1 -- 172.21.15.60:0/1455161089 wait complete.
2024-04-23T10:17:17.125 INFO:teuthology.orchestra.run.smithi060.stdout:/usr/bin/ceph: stderr
2024-04-23T10:17:15.734+0000 7fe2aad00700 1 Processor -- start
2024-04-23T10:17:17.125 INFO:teuthology.orchestra.run.smithi060.stdout:/usr/bin/ceph: stderr
2024-04-23T10:17:15.734+0000 7fe2aad00700 1 -- start start
2024-04-23T10:17:17.125 INFO:teuthology.orchestra.run.smithi060.stdout:/usr/bin/ceph: stderr
2024-04-23T10:17:15.735+0000 7fe2aad00700 1 --2- >> [v2:172.21.15.60:3300/0,v1:172.21.15.60:6789/0] conn(0x7fe2a407de10 0x7fe2a419e680 unknown :-1 s=NONE pgs=0 cs=0 l=1 rev1=0 crypto rx=0 tx=0 comp rx=0 tx=0).connect
2024-04-23T10:17:17.125 INFO:teuthology.orchestra.run.smithi060.stdout:/usr/bin/ceph: stderr
2024-04-23T10:17:15.735+0000 7fe2aad00700 1 -- --> [v2:172.21.15.60:3300/0,v1:172.21.15.60:6789/0] -- mon_getmap magic: 0 -- 0x7fe2a410eab0 con 0x7fe2a407de10
2024-04-23T10:17:17.125 INFO:teuthology.orchestra.run.smithi060.stdout:/usr/bin/ceph: stderr
2024-04-23T10:17:15.735+0000 7fe2a8a9c700 1 --2- >> [v2:172.21.15.60:3300/0,v1:172.21.15.60:6789/0] conn(0x7fe2a407de10 0x7fe2a419e680 unknown :-1 s=BANNER_CONNECTING pgs=0 cs=0 l=1 rev1=0 crypto rx=0 tx=0 comp rx=0 tx=0)._handle_peer_banner_payload supported=3 required=0
2024-04-23T10:17:17.125 INFO:teuthology.orchestra.run.smithi060.stdout:/usr/bin/ceph: stderr
2024-04-23T10:17:15.735+0000 7fe2a8a9c700 1 --2- >> [v2:172.21.15.60:3300/0,v1:172.21.15.60:6789/0] conn(0x7fe2a407de10 0x7fe2a419e680 unknown :-1 s=HELLO_CONNECTING pgs=0 cs=0 l=1 rev1=1 crypto rx=0 tx=0 comp rx=0 tx=0).handle_hello peer v2:172.21.15.60:3300/0 says I am v2:172.21.15.60:51826/0 (socket says 172.21.15.60:51826)
2024-04-23T10:17:17.125 INFO:teuthology.orchestra.run.smithi060.stdout:/usr/bin/ceph: stderr
2024-04-23T10:17:15.735+0000 7fe2a8a9c700 1 -- 172.21.15.60:0/1763352176 learned_addr learned my addr 172.21.15.60:0/1763352176 (peer_addr_for_me v2:172.21.15.60:0/0)
2024-04-23T10:17:17.125 INFO:teuthology.orchestra.run.smithi060.stdout:/usr/bin/ceph: stderr
2024-04-23T10:17:15.735+0000 7fe2a8a9c700 1 -- 172.21.15.60:0/1763352176 --> [v2:172.21.15.60:3300/0,v1:172.21.15.60:6789/0] -- mon_subscribe({config=0+,monmap=0+}) -- 0x7fe2a419ebc0 con 0x7fe2a407de10
2024-04-23T10:17:17.126 INFO:teuthology.orchestra.run.smithi060.stdout:/usr/bin/ceph: stderr
2024-04-23T10:17:15.735+0000 7fe2a8a9c700 1 --2- 172.21.15.60:0/1763352176 >> [v2:172.21.15.60:3300/0,v1:172.21.15.60:6789/0] conn(0x7fe2a407de10 0x7fe2a419e680 secure :-1 s=READY pgs=23 cs=0 l=1 rev1=1 crypto rx=0x7fe298003f40 tx=0x7fe298011890 comp rx=0 tx=0).ready entity=mon.0 client_cookie=0 server_cookie=0 in_seq=0 out_seq=0
2024-04-23T10:17:17.126 INFO:teuthology.orchestra.run.smithi060.stdout:/usr/bin/ceph: stderr
2024-04-23T10:17:15.735+0000 7fe2a1ffb700 1 -- 172.21.15.60:0/1763352176 <== mon.0 v2:172.21.15.60:3300/0 1 ==== mon_map magic: 0 ==== 205+0+0 (secure 0 0 0) 0x7fe2980038b0 con 0x7fe2a407de10
2024-04-23T10:17:17.126 INFO:teuthology.orchestra.run.smithi060.stdout:/usr/bin/ceph: stderr
2024-04-23T10:17:15.735+0000 7fe2aad00700 1 -- 172.21.15.60:0/1763352176 --> [v2:172.21.15.60:3300/0,v1:172.21.15.60:6789/0] -- mon_subscribe({mgrmap=0+}) -- 0x7fe2a419ee50 con 0x7fe2a407de10
2024-04-23T10:17:17.126 INFO:teuthology.orchestra.run.smithi060.stdout:/usr/bin/ceph: stderr
2024-04-23T10:17:15.735+0000 7fe2a1ffb700 1 -- 172.21.15.60:0/1763352176 <== mon.0 v2:172.21.15.60:3300/0 2 ==== config(26 keys) ==== 1070+0+0 (secure 0 0 0) 0x7fe298003a50 con 0x7fe2a407de10
2024-04-23T10:17:17.126 INFO:teuthology.orchestra.run.smithi060.stdout:/usr/bin/ceph: stderr
2024-04-23T10:17:15.735+0000 7fe2a1ffb700 1 -- 172.21.15.60:0/1763352176 <== mon.0 v2:172.21.15.60:3300/0 3 ==== mon_map magic: 0 ==== 205+0+0 (secure 0 0 0) 0x7fe29801a5c0 con 0x7fe2a407de10
2024-04-23T10:17:17.126 INFO:teuthology.orchestra.run.smithi060.stdout:/usr/bin/ceph: stderr
2024-04-23T10:17:15.736+0000 7fe2aad00700 1 -- 172.21.15.60:0/1763352176 --> [v2:172.21.15.60:3300/0,v1:172.21.15.60:6789/0] -- mon_subscribe({osdmap=0}) -- 0x7fe2a41a1b40 con 0x7fe2a407de10
2024-04-23T10:17:17.126 INFO:teuthology.orchestra.run.smithi060.stdout:/usr/bin/ceph: stderr
2024-04-23T10:17:15.736+0000 7fe2a1ffb700 1 -- 172.21.15.60:0/1763352176 <== mon.0 v2:172.21.15.60:3300/0 4 ==== mgrmap(e 4) ==== 46547+0+0 (secure 0 0 0) 0x7fe298024430 con 0x7fe2a407de10
2024-04-23T10:17:17.126 INFO:teuthology.orchestra.run.smithi060.stdout:/usr/bin/ceph: stderr
2024-04-23T10:17:15.737+0000 7fe2a1ffb700 1 --2- 172.21.15.60:0/1763352176 >> [v2:172.21.15.60:6800/605498340,v1:172.21.15.60:6801/605498340] conn(0x7fe294039510 0x7fe29403b9d0 unknown :-1 s=NONE pgs=0 cs=0 l=1 rev1=0 crypto rx=0 tx=0 comp rx=0 tx=0).connect
2024-04-23T10:17:17.126 INFO:teuthology.orchestra.run.smithi060.stdout:/usr/bin/ceph: stderr
2024-04-23T10:17:15.737+0000 7fe2aad00700 1 -- 172.21.15.60:0/1763352176 --> [v2:172.21.15.60:3300/0,v1:172.21.15.60:6789/0] -- mon_command({"prefix": "get_command_descriptions"} v 0) -- 0x7fe2a40640a0 con 0x7fe2a407de10
2024-04-23T10:17:17.126 INFO:teuthology.orchestra.run.smithi060.stdout:/usr/bin/ceph: stderr
2024-04-23T10:17:15.737+0000 7fe2a1ffb700 1 -- 172.21.15.60:0/1763352176 <== mon.0 v2:172.21.15.60:3300/0 5 ==== osd_map(1..1 src has 1..1) ==== 725+0+0 (secure 0 0 0) 0x7fe29804da80 con 0x7fe2a407de10
2024-04-23T10:17:17.126 INFO:teuthology.orchestra.run.smithi060.stdout:/usr/bin/ceph: stderr
2024-04-23T10:17:15.737+0000 7fe2a3fff700 1 --2- 172.21.15.60:0/1763352176 >> [v2:172.21.15.60:6800/605498340,v1:172.21.15.60:6801/605498340] conn(0x7fe294039510 0x7fe29403b9d0 unknown :-1 s=BANNER_CONNECTING pgs=0 cs=0 l=1 rev1=0 crypto rx=0 tx=0 comp rx=0 tx=0)._handle_peer_banner_payload supported=3 required=0
2024-04-23T10:17:17.126 INFO:teuthology.orchestra.run.smithi060.stdout:/usr/bin/ceph: stderr
2024-04-23T10:17:15.737+0000 7fe2a3fff700 1 --2- 172.21.15.60:0/1763352176 >> [v2:172.21.15.60:6800/605498340,v1:172.21.15.60:6801/605498340] conn(0x7fe294039510 0x7fe29403b9d0 secure :-1 s=READY pgs=8 cs=0 l=1 rev1=1 crypto rx=0x7fe290006fd0 tx=0x7fe290006e40 comp rx=0 tx=0).ready entity=mgr.14100 client_cookie=0 server_cookie=0 in_seq=0 out_seq=0
2024-04-23T10:17:17.126 INFO:teuthology.orchestra.run.smithi060.stdout:/usr/bin/ceph: stderr
2024-04-23T10:17:15.742+0000 7fe2a1ffb700 1 -- 172.21.15.60:0/1763352176 <== mon.0 v2:172.21.15.60:3300/0 6 ==== mon_command_ack([{"prefix": "get_command_descriptions"}]=0 v0) ==== 72+0+188370 (secure 0 0 0) 0x7fe29804d4a0 con 0x7fe2a407de10
2024-04-23T10:17:17.126 INFO:teuthology.orchestra.run.smithi060.stdout:/usr/bin/ceph: stderr
2024-04-23T10:17:16.014+0000 7fe2aad00700 1 -- 172.21.15.60:0/1763352176 --> [v2:172.21.15.60:3300/0,v1:172.21.15.60:6789/0] -- mon_command({"prefix": "mgr module enable", "module": "cephadm"} v 0) -- 0x7fe2a41a1d10 con 0x7fe2a407de10
2024-04-23T10:17:17.126 INFO:teuthology.orchestra.run.smithi060.stdout:/usr/bin/ceph: stderr
2024-04-23T10:17:16.538+0000 7fe2a1ffb700 1 -- 172.21.15.60:0/1763352176 <== mon.0 v2:172.21.15.60:3300/0 7 ==== mon_command_ack([{"prefix": "mgr module enable", "module": "cephadm"}]=0 v5) ==== 86+0+0 (secure 0 0 0) 0x7fe29802d910 con 0x7fe2a407de10
2024-04-23T10:17:17.127 INFO:teuthology.orchestra.run.smithi060.stdout:/usr/bin/ceph: stderr
2024-04-23T10:17:16.539+0000 7fe2a1ffb700 1 -- 172.21.15.60:0/1763352176 <== mon.0 v2:172.21.15.60:3300/0 8 ==== mgrmap(e 5) ==== 46558+0+0 (secure 0 0 0) 0x7fe29802d3f0 con 0x7fe2a407de10
2024-04-23T10:17:17.127 INFO:teuthology.orchestra.run.smithi060.stdout:/usr/bin/ceph: stderr
2024-04-23T10:17:16.541+0000 7fe2aad00700 1 -- 172.21.15.60:0/1763352176 >> [v2:172.21.15.60:6800/605498340,v1:172.21.15.60:6801/605498340] conn(0x7fe294039510 msgr2=0x7fe29403b9d0 secure :-1 s=STATE_CONNECTION_ESTABLISHED l=1).mark_down
2024-04-23T10:17:17.127 INFO:teuthology.orchestra.run.smithi060.stdout:/usr/bin/ceph: stderr
2024-04-23T10:17:16.541+0000 7fe2aad00700 1 --2- 172.21.15.60:0/1763352176 >> [v2:172.21.15.60:6800/605498340,v1:172.21.15.60:6801/605498340] conn(0x7fe294039510 0x7fe29403b9d0 secure :-1 s=READY pgs=8 cs=0 l=1 rev1=1 crypto rx=0x7fe290006fd0 tx=0x7fe290006e40 comp rx=0 tx=0).stop
2024-04-23T10:17:17.127 INFO:teuthology.orchestra.run.smithi060.stdout:/usr/bin/ceph: stderr
2024-04-23T10:17:16.541+0000 7fe2aad00700 1 -- 172.21.15.60:0/1763352176 >> [v2:172.21.15.60:3300/0,v1:172.21.15.60:6789/0] conn(0x7fe2a407de10 msgr2=0x7fe2a419e680 secure :-1 s=STATE_CONNECTION_ESTABLISHED l=1).mark_down
2024-04-23T10:17:17.127 INFO:teuthology.orchestra.run.smithi060.stdout:/usr/bin/ceph: stderr
2024-04-23T10:17:16.541+0000 7fe2aad00700 1 --2- 172.21.15.60:0/1763352176 >> [v2:172.21.15.60:3300/0,v1:172.21.15.60:6789/0] conn(0x7fe2a407de10 0x7fe2a419e680 secure :-1 s=READY pgs=23 cs=0 l=1 rev1=1 crypto rx=0x7fe298003f40 tx=0x7fe298011890 comp rx=0 tx=0).stop
2024-04-23T10:17:17.127 INFO:teuthology.orchestra.run.smithi060.stdout:/usr/bin/ceph: stderr
2024-04-23T10:17:16.541+0000 7fe2aad00700 1 -- 172.21.15.60:0/1763352176 shutdown_connections
2024-04-23T10:17:17.127 INFO:teuthology.orchestra.run.smithi060.stdout:/usr/bin/ceph: stderr
2024-04-23T10:17:16.541+0000 7fe2aad00700 1 --2- 172.21.15.60:0/1763352176 >> [v2:172.21.15.60:6800/605498340,v1:172.21.15.60:6801/605498340] conn(0x7fe294039510 0x7fe29403b9d0 unknown :-1 s=CLOSED pgs=8 cs=0 l=1 rev1=1 crypto rx=0 tx=0 comp rx=0 tx=0).stop
2024-04-23T10:17:17.127 INFO:teuthology.orchestra.run.smithi060.stdout:/usr/bin/ceph: stderr
2024-04-23T10:17:16.541+0000 7fe2aad00700 1 --2- 172.21.15.60:0/1763352176 >> [v2:172.21.15.60:3300/0,v1:172.21.15.60:6789/0] conn(0x7fe2a407de10 0x7fe2a419e680 unknown :-1 s=CLOSED pgs=23 cs=0 l=1 rev1=1 crypto rx=0 tx=0 comp rx=0 tx=0).stop
2024-04-23T10:17:17.127 INFO:teuthology.orchestra.run.smithi060.stdout:/usr/bin/ceph: stderr
2024-04-23T10:17:16.541+0000 7fe2aad00700 1 -- 172.21.15.60:0/1763352176 >> 172.21.15.60:0/1763352176 conn(0x7fe2a4103bc0 msgr2=0x7fe2a4104700 unknown :-1 s=STATE_NONE l=0).mark_down
2024-04-23T10:17:17.127 INFO:teuthology.orchestra.run.smithi060.stdout:/usr/bin/ceph: stderr
2024-04-23T10:17:16.541+0000 7fe2aad00700 1 -- 172.21.15.60:0/1763352176 shutdown_connections
2024-04-23T10:17:17.127 INFO:teuthology.orchestra.run.smithi060.stdout:/usr/bin/ceph: stderr
2024-04-23T10:17:16.541+0000 7fe2aad00700 1 -- 172.21.15.60:0/1763352176 wait complete.
2024-04-23T10:17:17.425 INFO:journalctl@ceph.mgr.x.smithi060.stdout:Apr 23 10:17:17 smithi060 ceph-a9dba674-0159-11ef-bc93-c7b262605968-mgr-x[29441]:
2024-04-23T10:17:17.338+0000 7f5331cee200 -1 mgr[py] Module progress has missing NOTIFY_TYPES member
2024-04-23T10:17:17.425 INFO:journalctl@ceph.mgr.x.smithi060.stdout:Apr 23 10:17:17 smithi060 ceph-a9dba674-0159-11ef-bc93-c7b262605968-mgr-x[29441]:
2024-04-23T10:17:17.427+0000 7f5331cee200 -1 mgr[py] Module influx has missing NOTIFY_TYPES member
2024-04-23T10:17:17.709 INFO:journalctl@ceph.mon.a.smithi060.stdout:Apr 23 10:17:17 smithi060 ceph-mon[29213]: from='client.? 172.21.15.60:0/1763352176' entity='client.admin' cmd='[{"prefix": "mgr module enable", "module": "cephadm"}]': finished
2024-04-23T10:17:17.710 INFO:journalctl@ceph.mon.a.smithi060.stdout:Apr 23 10:17:17 smithi060 ceph-mon[29213]: mgrmap e5: x(active, since 6s)
2024-04-23T10:17:18.416 INFO:teuthology.orchestra.run.smithi060.stdout:/usr/bin/ceph: stdout {
2024-04-23T10:17:18.416 INFO:teuthology.orchestra.run.smithi060.stdout:/usr/bin/ceph: stdout "epoch": 5,
2024-04-23T10:17:18.416 INFO:teuthology.orchestra.run.smithi060.stdout:/usr/bin/ceph: stdout "available": true,
2024-04-23T10:17:18.416 INFO:teuthology.orchestra.run.smithi060.stdout:/usr/bin/ceph: stdout "active_name": "x",
2024-04-23T10:17:18.416 INFO:teuthology.orchestra.run.smithi060.stdout:/usr/bin/ceph: stdout "num_standby": 0
2024-04-23T10:17:18.417 INFO:teuthology.orchestra.run.smithi060.stdout:/usr/bin/ceph: stdout }
2024-04-23T10:17:18.417 INFO:teuthology.orchestra.run.smithi060.stdout:/usr/bin/ceph: stderr
2024-04-23T10:17:17.573+0000 7fb0a1c7f700 1 Processor -- start
2024-04-23T10:17:18.417 INFO:teuthology.orchestra.run.smithi060.stdout:/usr/bin/ceph: stderr
2024-04-23T10:17:17.573+0000 7fb0a1c7f700 1 -- start start
2024-04-23T10:17:18.417 INFO:teuthology.orchestra.run.smithi060.stdout:/usr/bin/ceph: stderr
2024-04-23T10:17:17.574+0000 7fb0a1c7f700 1 --2- >> [v2:172.21.15.60:3300/0,v1:172.21.15.60:6789/0] conn(0x7fb09c109040 0x7fb09c10b430 unknown :-1 s=NONE pgs=0 cs=0 l=0 rev1=0 crypto rx=0 tx=0 comp rx=0 tx=0).connect
2024-04-23T10:17:18.417 INFO:teuthology.orchestra.run.smithi060.stdout:/usr/bin/ceph: stderr
2024-04-23T10:17:17.574+0000 7fb0a1c7f700 1 -- --> [v2:172.21.15.60:3300/0,v1:172.21.15.60:6789/0] -- mon_getmap magic: 0 -- 0x7fb09c063d60 con 0x7fb09c109040
2024-04-23T10:17:18.417 INFO:teuthology.orchestra.run.smithi060.stdout:/usr/bin/ceph: stderr
2024-04-23T10:17:17.574+0000 7fb09b7fe700 1 --2- >> [v2:172.21.15.60:3300/0,v1:172.21.15.60:6789/0] conn(0x7fb09c109040 0x7fb09c10b430 unknown :-1 s=BANNER_CONNECTING pgs=0 cs=0 l=0 rev1=0 crypto rx=0 tx=0 comp rx=0 tx=0)._handle_peer_banner_payload supported=3 required=0
2024-04-23T10:17:18.417 INFO:teuthology.orchestra.run.smithi060.stdout:/usr/bin/ceph: stderr
2024-04-23T10:17:17.574+0000 7fb09b7fe700 1 --2- >> [v2:172.21.15.60:3300/0,v1:172.21.15.60:6789/0] conn(0x7fb09c109040 0x7fb09c10b430 unknown :-1 s=HELLO_CONNECTING pgs=0 cs=0 l=0 rev1=1 crypto rx=0 tx=0 comp rx=0 tx=0).handle_hello peer v2:172.21.15.60:3300/0 says I am v2:172.21.15.60:51866/0 (socket says 172.21.15.60:51866)
2024-04-23T10:17:18.417 INFO:teuthology.orchestra.run.smithi060.stdout:/usr/bin/ceph: stderr
2024-04-23T10:17:17.574+0000 7fb09b7fe700 1 -- 172.21.15.60:0/2902446124 learned_addr learned my addr 172.21.15.60:0/2902446124 (peer_addr_for_me v2:172.21.15.60:0/0)
2024-04-23T10:17:18.417 INFO:teuthology.orchestra.run.smithi060.stdout:/usr/bin/ceph: stderr
2024-04-23T10:17:17.574+0000 7fb09b7fe700 1 -- 172.21.15.60:0/2902446124 --> [v2:172.21.15.60:3300/0,v1:172.21.15.60:6789/0] -- mon_subscribe({config=0+,monmap=0+}) -- 0x7fb09c10b970 con 0x7fb09c109040
2024-04-23T10:17:18.417 INFO:teuthology.orchestra.run.smithi060.stdout:/usr/bin/ceph: stderr
2024-04-23T10:17:17.574+0000 7fb09b7fe700 1 --2- 172.21.15.60:0/2902446124 >> [v2:172.21.15.60:3300/0,v1:172.21.15.60:6789/0] conn(0x7fb09c109040 0x7fb09c10b430 secure :-1 s=READY pgs=26 cs=0 l=1 rev1=1 crypto rx=0x7fb08c0098a0 tx=0x7fb08c009bb0 comp rx=0 tx=0).ready entity=mon.0 client_cookie=654e12fcbc4a62a5 server_cookie=0 in_seq=0 out_seq=0
2024-04-23T10:17:18.417 INFO:teuthology.orchestra.run.smithi060.stdout:/usr/bin/ceph: stderr
2024-04-23T10:17:17.574+0000 7fb09a7fc700 1 -- 172.21.15.60:0/2902446124 <== mon.0 v2:172.21.15.60:3300/0 1 ==== mon_map magic: 0 ==== 205+0+0 (secure 0 0 0) 0x7fb08c004160 con 0x7fb09c109040
2024-04-23T10:17:18.417 INFO:teuthology.orchestra.run.smithi060.stdout:/usr/bin/ceph: stderr
2024-04-23T10:17:17.574+0000 7fb09a7fc700 1 -- 172.21.15.60:0/2902446124 <== mon.0 v2:172.21.15.60:3300/0 2 ==== config(26 keys) ==== 1070+0+0 (secure 0 0 0) 0x7fb08c004300 con 0x7fb09c109040
2024-04-23T10:17:18.417 INFO:teuthology.orchestra.run.smithi060.stdout:/usr/bin/ceph: stderr
2024-04-23T10:17:17.574+0000 7fb09a7fc700 1 -- 172.21.15.60:0/2902446124 <== mon.0 v2:172.21.15.60:3300/0 3 ==== mon_map magic: 0 ==== 205+0+0 (secure 0 0 0) 0x7fb08c011af0 con 0x7fb09c109040
2024-04-23T10:17:18.417 INFO:teuthology.orchestra.run.smithi060.stdout:/usr/bin/ceph: stderr
2024-04-23T10:17:17.575+0000 7fb0a1c7f700 1 -- 172.21.15.60:0/2902446124 >> [v2:172.21.15.60:3300/0,v1:172.21.15.60:6789/0] conn(0x7fb09c109040 msgr2=0x7fb09c10b430 secure :-1 s=STATE_CONNECTION_ESTABLISHED l=1).mark_down
2024-04-23T10:17:18.418 INFO:teuthology.orchestra.run.smithi060.stdout:/usr/bin/ceph: stderr
2024-04-23T10:17:17.575+0000 7fb0a1c7f700 1 --2- 172.21.15.60:0/2902446124 >> [v2:172.21.15.60:3300/0,v1:172.21.15.60:6789/0] conn(0x7fb09c109040 0x7fb09c10b430 secure :-1 s=READY pgs=26 cs=0 l=1 rev1=1 crypto rx=0x7fb08c0098a0 tx=0x7fb08c009bb0 comp rx=0 tx=0).stop
2024-04-23T10:17:18.418 INFO:teuthology.orchestra.run.smithi060.stdout:/usr/bin/ceph: stderr
2024-04-23T10:17:17.575+0000 7fb0a1c7f700 1 -- 172.21.15.60:0/2902446124 shutdown_connections
2024-04-23T10:17:18.418 INFO:teuthology.orchestra.run.smithi060.stdout:/usr/bin/ceph: stderr
2024-04-23T10:17:17.575+0000 7fb0a1c7f700 1 --2- 172.21.15.60:0/2902446124 >> [v2:172.21.15.60:3300/0,v1:172.21.15.60:6789/0] conn(0x7fb09c109040 0x7fb09c10b430 unknown :-1 s=CLOSED pgs=26 cs=0 l=1 rev1=1 crypto rx=0 tx=0 comp rx=0 tx=0).stop
2024-04-23T10:17:18.418 INFO:teuthology.orchestra.run.smithi060.stdout:/usr/bin/ceph: stderr
2024-04-23T10:17:17.575+0000 7fb0a1c7f700 1 -- 172.21.15.60:0/2902446124 >> 172.21.15.60:0/2902446124 conn(0x7fb09c102ab0 msgr2=0x7fb09c104ed0 unknown :-1 s=STATE_NONE l=0).mark_down
2024-04-23T10:17:18.418 INFO:teuthology.orchestra.run.smithi060.stdout:/usr/bin/ceph: stderr
2024-04-23T10:17:17.575+0000 7fb0a1c7f700 1 -- 172.21.15.60:0/2902446124 shutdown_connections
2024-04-23T10:17:18.418 INFO:teuthology.orchestra.run.smithi060.stdout:/usr/bin/ceph: stderr
2024-04-23T10:17:17.575+0000 7fb0a1c7f700 1 -- 172.21.15.60:0/2902446124 wait complete.
2024-04-23T10:17:18.418 INFO:teuthology.orchestra.run.smithi060.stdout:/usr/bin/ceph: stderr
2024-04-23T10:17:17.576+0000 7fb0a1c7f700 1 Processor -- start
2024-04-23T10:17:18.418 INFO:teuthology.orchestra.run.smithi060.stdout:/usr/bin/ceph: stderr
2024-04-23T10:17:17.576+0000 7fb0a1c7f700 1 -- start start
2024-04-23T10:17:18.418 INFO:teuthology.orchestra.run.smithi060.stdout:/usr/bin/ceph: stderr
2024-04-23T10:17:17.576+0000 7fb0a1c7f700 1 --2- >> [v2:172.21.15.60:3300/0,v1:172.21.15.60:6789/0] conn(0x7fb09c109040 0x7fb09c19c470 unknown :-1 s=NONE pgs=0 cs=0 l=1 rev1=0 crypto rx=0 tx=0 comp rx=0 tx=0).connect
2024-04-23T10:17:18.418 INFO:teuthology.orchestra.run.smithi060.stdout:/usr/bin/ceph: stderr
2024-04-23T10:17:17.576+0000 7fb0a1c7f700 1 -- --> [v2:172.21.15.60:3300/0,v1:172.21.15.60:6789/0] -- mon_getmap magic: 0 -- 0x7fb09c10c8d0 con 0x7fb09c109040
2024-04-23T10:17:18.418 INFO:teuthology.orchestra.run.smithi060.stdout:/usr/bin/ceph: stderr
2024-04-23T10:17:17.576+0000 7fb09b7fe700 1 --2- >> [v2:172.21.15.60:3300/0,v1:172.21.15.60:6789/0] conn(0x7fb09c109040 0x7fb09c19c470 unknown :-1 s=BANNER_CONNECTING pgs=0 cs=0 l=1 rev1=0 crypto rx=0 tx=0 comp rx=0 tx=0)._handle_peer_banner_payload supported=3 required=0
2024-04-23T10:17:18.418 INFO:teuthology.orchestra.run.smithi060.stdout:/usr/bin/ceph: stderr
2024-04-23T10:17:17.576+0000 7fb09b7fe700 1 --2- >> [v2:172.21.15.60:3300/0,v1:172.21.15.60:6789/0] conn(0x7fb09c109040 0x7fb09c19c470 unknown :-1 s=HELLO_CONNECTING pgs=0 cs=0 l=1 rev1=1 crypto rx=0 tx=0 comp rx=0 tx=0).handle_hello peer v2:172.21.15.60:3300/0 says I am v2:172.21.15.60:51868/0 (socket says 172.21.15.60:51868)
2024-04-23T10:17:18.418 INFO:teuthology.orchestra.run.smithi060.stdout:/usr/bin/ceph: stderr
2024-04-23T10:17:17.576+0000 7fb09b7fe700 1 -- 172.21.15.60:0/2640609863 learned_addr learned my addr 172.21.15.60:0/2640609863 (peer_addr_for_me v2:172.21.15.60:0/0)
2024-04-23T10:17:18.418 INFO:teuthology.orchestra.run.smithi060.stdout:/usr/bin/ceph: stderr
2024-04-23T10:17:17.577+0000 7fb09b7fe700 1 -- 172.21.15.60:0/2640609863 --> [v2:172.21.15.60:3300/0,v1:172.21.15.60:6789/0] -- mon_subscribe({config=0+,monmap=0+}) -- 0x7fb09c19c9b0 con 0x7fb09c109040
2024-04-23T10:17:18.419 INFO:teuthology.orchestra.run.smithi060.stdout:/usr/bin/ceph: stderr
2024-04-23T10:17:17.577+0000 7fb09b7fe700 1 --2- 172.21.15.60:0/2640609863 >> [v2:172.21.15.60:3300/0,v1:172.21.15.60:6789/0] conn(0x7fb09c109040 0x7fb09c19c470 secure :-1 s=READY pgs=27 cs=0 l=1 rev1=1 crypto rx=0x7fb08c003f40 tx=0x7fb08c011890 comp rx=0 tx=0).ready entity=mon.0 client_cookie=0 server_cookie=0 in_seq=0 out_seq=0
2024-04-23T10:17:18.419 INFO:teuthology.orchestra.run.smithi060.stdout:/usr/bin/ceph: stderr
2024-04-23T10:17:17.577+0000 7fb098ff9700 1 -- 172.21.15.60:0/2640609863 <== mon.0 v2:172.21.15.60:3300/0 1 ==== mon_map magic: 0 ==== 205+0+0 (secure 0 0 0) 0x7fb08c0038b0 con 0x7fb09c109040
2024-04-23T10:17:18.419 INFO:teuthology.orchestra.run.smithi060.stdout:/usr/bin/ceph: stderr
2024-04-23T10:17:17.577+0000 7fb098ff9700 1 -- 172.21.15.60:0/2640609863 <== mon.0 v2:172.21.15.60:3300/0 2 ==== config(26 keys) ==== 1070+0+0 (secure 0 0 0) 0x7fb08c003a50 con 0x7fb09c109040
2024-04-23T10:17:18.419 INFO:teuthology.orchestra.run.smithi060.stdout:/usr/bin/ceph: stderr
2024-04-23T10:17:17.577+0000 7fb0a1c7f700 1 -- 172.21.15.60:0/2640609863 --> [v2:172.21.15.60:3300/0,v1:172.21.15.60:6789/0] -- mon_subscribe({mgrmap=0+}) -- 0x7fb09c19cc40 con 0x7fb09c109040
2024-04-23T10:17:18.419 INFO:teuthology.orchestra.run.smithi060.stdout:/usr/bin/ceph: stderr
2024-04-23T10:17:17.577+0000 7fb098ff9700 1 -- 172.21.15.60:0/2640609863 <== mon.0 v2:172.21.15.60:3300/0 3 ==== mon_map magic: 0 ==== 205+0+0 (secure 0 0 0) 0x7fb08c01a5c0 con 0x7fb09c109040
2024-04-23T10:17:18.419 INFO:teuthology.orchestra.run.smithi060.stdout:/usr/bin/ceph: stderr
2024-04-23T10:17:17.577+0000 7fb0a1c7f700 1 -- 172.21.15.60:0/2640609863 --> [v2:172.21.15.60:3300/0,v1:172.21.15.60:6789/0] -- mon_subscribe({osdmap=0}) -- 0x7fb09c19f930 con 0x7fb09c109040
2024-04-23T10:17:18.419 INFO:teuthology.orchestra.run.smithi060.stdout:/usr/bin/ceph: stderr
2024-04-23T10:17:17.578+0000 7fb098ff9700 1 -- 172.21.15.60:0/2640609863 <== mon.0 v2:172.21.15.60:3300/0 4 ==== mgrmap(e 5) ==== 46558+0+0 (secure 0 0 0) 0x7fb08c01a8c0 con 0x7fb09c109040
2024-04-23T10:17:18.419 INFO:teuthology.orchestra.run.smithi060.stdout:/usr/bin/ceph: stderr
2024-04-23T10:17:17.578+0000 7fb0a1c7f700 1 -- 172.21.15.60:0/2640609863 --> [v2:172.21.15.60:3300/0,v1:172.21.15.60:6789/0] -- mon_command({"prefix": "get_command_descriptions"} v 0) -- 0x7fb09c0640a0 con 0x7fb09c109040
2024-04-23T10:17:18.419 INFO:teuthology.orchestra.run.smithi060.stdout:/usr/bin/ceph: stderr
2024-04-23T10:17:17.578+0000 7fb098ff9700 1 --2- 172.21.15.60:0/2640609863 >> [v2:172.21.15.60:6800/605498340,v1:172.21.15.60:6801/605498340] conn(0x7fb088039560 0x7fb08803ba20 unknown :-1 s=NONE pgs=0 cs=0 l=1 rev1=0 crypto rx=0 tx=0 comp rx=0 tx=0).connect
2024-04-23T10:17:18.419 INFO:teuthology.orchestra.run.smithi060.stdout:/usr/bin/ceph: stderr
2024-04-23T10:17:17.578+0000 7fb09affd700 1 -- 172.21.15.60:0/2640609863 >> [v2:172.21.15.60:6800/605498340,v1:172.21.15.60:6801/605498340] conn(0x7fb088039560 msgr2=0x7fb08803ba20 unknown :-1 s=STATE_CONNECTING_RE l=1).process reconnect failed to v2:172.21.15.60:6800/605498340
2024-04-23T10:17:18.419 INFO:teuthology.orchestra.run.smithi060.stdout:/usr/bin/ceph: stderr
2024-04-23T10:17:17.578+0000 7fb098ff9700 1 -- 172.21.15.60:0/2640609863 <== mon.0 v2:172.21.15.60:3300/0 5 ==== osd_map(1..1 src has 1..1) ==== 725+0+0 (secure 0 0 0) 0x7fb08c04dd40 con 0x7fb09c109040
2024-04-23T10:17:18.419 INFO:teuthology.orchestra.run.smithi060.stdout:/usr/bin/ceph: stderr
2024-04-23T10:17:17.578+0000 7fb09affd700 1 --2- 172.21.15.60:0/2640609863 >> [v2:172.21.15.60:6800/605498340,v1:172.21.15.60:6801/605498340] conn(0x7fb088039560 0x7fb08803ba20 unknown :-1 s=START_CONNECT pgs=0 cs=0 l=1 rev1=0 crypto rx=0 tx=0 comp rx=0 tx=0)._fault waiting 0.200000
2024-04-23T10:17:18.419 INFO:teuthology.orchestra.run.smithi060.stdout:/usr/bin/ceph: stderr
2024-04-23T10:17:17.583+0000 7fb098ff9700 1 -- 172.21.15.60:0/2640609863 <== mon.0 v2:172.21.15.60:3300/0 6 ==== mon_command_ack([{"prefix": "get_command_descriptions"}]=0 v0) ==== 72+0+188370 (secure 0 0 0) 0x7fb08c019c70 con 0x7fb09c109040
2024-04-23T10:17:18.419 INFO:teuthology.orchestra.run.smithi060.stdout:/usr/bin/ceph: stderr
2024-04-23T10:17:17.779+0000 7fb09affd700 1 -- 172.21.15.60:0/2640609863 >> [v2:172.21.15.60:6800/605498340,v1:172.21.15.60:6801/605498340] conn(0x7fb088039560 msgr2=0x7fb08803ba20 unknown :-1 s=STATE_CONNECTING_RE l=1).process reconnect failed to v2:172.21.15.60:6800/605498340
2024-04-23T10:17:18.419 INFO:teuthology.orchestra.run.smithi060.stdout:/usr/bin/ceph: stderr
2024-04-23T10:17:17.779+0000 7fb09affd700 1 --2- 172.21.15.60:0/2640609863 >> [v2:172.21.15.60:6800/605498340,v1:172.21.15.60:6801/605498340] conn(0x7fb088039560 0x7fb08803ba20 unknown :-1 s=START_CONNECT pgs=0 cs=0 l=1 rev1=0 crypto rx=0 tx=0 comp rx=0 tx=0)._fault waiting 0.400000
2024-04-23T10:17:18.420 INFO:teuthology.orchestra.run.smithi060.stdout:/usr/bin/ceph: stderr
2024-04-23T10:17:17.896+0000 7fb0a1c7f700 1 -- 172.21.15.60:0/2640609863 --> [v2:172.21.15.60:3300/0,v1:172.21.15.60:6789/0] -- mon_command({"prefix": "mgr stat"} v 0) -- 0x7fb09c19fb00 con 0x7fb09c109040
2024-04-23T10:17:18.420 INFO:teuthology.orchestra.run.smithi060.stdout:/usr/bin/ceph: stderr
2024-04-23T10:17:17.896+0000 7fb098ff9700 1 -- 172.21.15.60:0/2640609863 <== mon.0 v2:172.21.15.60:3300/0 7 ==== mon_command_ack([{"prefix": "mgr stat"}]=0 v5) ==== 56+0+88 (secure 0 0 0) 0x7fb08c04d760 con 0x7fb09c109040
2024-04-23T10:17:18.420 INFO:teuthology.orchestra.run.smithi060.stdout:/usr/bin/ceph: stderr
2024-04-23T10:17:17.899+0000 7fb0a1c7f700 1 -- 172.21.15.60:0/2640609863 >> [v2:172.21.15.60:6800/605498340,v1:172.21.15.60:6801/605498340] conn(0x7fb088039560 msgr2=0x7fb08803ba20 unknown :-1 s=STATE_CONNECTING l=1).mark_down
2024-04-23T10:17:18.420 INFO:teuthology.orchestra.run.smithi060.stdout:/usr/bin/ceph: stderr
2024-04-23T10:17:17.899+0000 7fb0a1c7f700 1 --2- 172.21.15.60:0/2640609863 >> [v2:172.21.15.60:6800/605498340,v1:172.21.15.60:6801/605498340] conn(0x7fb088039560 0x7fb08803ba20 unknown :-1 s=START_CONNECT pgs=0 cs=0 l=1 rev1=0 crypto rx=0 tx=0 comp rx=0 tx=0).stop
2024-04-23T10:17:18.420 INFO:teuthology.orchestra.run.smithi060.stdout:/usr/bin/ceph: stderr
2024-04-23T10:17:17.899+0000 7fb0a1c7f700 1 -- 172.21.15.60:0/2640609863 >> [v2:172.21.15.60:3300/0,v1:172.21.15.60:6789/0] conn(0x7fb09c109040 msgr2=0x7fb09c19c470 secure :-1 s=STATE_CONNECTION_ESTABLISHED l=1).mark_down
2024-04-23T10:17:18.420 INFO:teuthology.orchestra.run.smithi060.stdout:/usr/bin/ceph: stderr
2024-04-23T10:17:17.899+0000 7fb0a1c7f700 1 --2- 172.21.15.60:0/2640609863 >> [v2:172.21.15.60:3300/0,v1:172.21.15.60:6789/0] conn(0x7fb09c109040 0x7fb09c19c470 secure :-1 s=READY pgs=27 cs=0 l=1 rev1=1 crypto rx=0x7fb08c003f40 tx=0x7fb08c011890 comp rx=0 tx=0).stop
2024-04-23T10:17:18.420 INFO:teuthology.orchestra.run.smithi060.stdout:/usr/bin/ceph: stderr
2024-04-23T10:17:17.899+0000 7fb0a1c7f700 1 -- 172.21.15.60:0/2640609863 shutdown_connections
2024-04-23T10:17:18.420 INFO:teuthology.orchestra.run.smithi060.stdout:/usr/bin/ceph: stderr
2024-04-23T10:17:17.899+0000 7fb0a1c7f700 1 --2- 172.21.15.60:0/2640609863 >> [v2:172.21.15.60:6800/605498340,v1:172.21.15.60:6801/605498340] conn(0x7fb088039560 0x7fb08803ba20 unknown :-1 s=CLOSED pgs=0 cs=0 l=1 rev1=0 crypto rx=0 tx=0 comp rx=0 tx=0).stop
2024-04-23T10:17:18.420 INFO:teuthology.orchestra.run.smithi060.stdout:/usr/bin/ceph: stderr
2024-04-23T10:17:17.899+0000 7fb0a1c7f700 1 --2- 172.21.15.60:0/2640609863 >> [v2:172.21.15.60:3300/0,v1:172.21.15.60:6789/0] conn(0x7fb09c109040 0x7fb09c19c470 unknown :-1 s=CLOSED pgs=27 cs=0 l=1 rev1=1 crypto rx=0 tx=0 comp rx=0 tx=0).stop
2024-04-23T10:17:18.420 INFO:teuthology.orchestra.run.smithi060.stdout:/usr/bin/ceph: stderr
2024-04-23T10:17:17.899+0000 7fb0a1c7f700 1 -- 172.21.15.60:0/2640609863 >> 172.21.15.60:0/2640609863 conn(0x7fb09c102ab0 msgr2=0x7fb09c103610 unknown :-1 s=STATE_NONE l=0).mark_down
2024-04-23T10:17:18.420 INFO:teuthology.orchestra.run.smithi060.stdout:/usr/bin/ceph: stderr
2024-04-23T10:17:17.899+0000 7fb0a1c7f700 1 -- 172.21.15.60:0/2640609863 shutdown_connections
2024-04-23T10:17:18.420 INFO:teuthology.orchestra.run.smithi060.stdout:/usr/bin/ceph: stderr
2024-04-23T10:17:17.899+0000 7fb0a1c7f700 1 -- 172.21.15.60:0/2640609863 wait complete.
2024-04-23T10:17:18.420 INFO:teuthology.orchestra.run.smithi060.stdout:Waiting for the mgr to restart...
2024-04-23T10:17:18.420 INFO:teuthology.orchestra.run.smithi060.stdout:Waiting for mgr epoch 5...
2024-04-23T10:17:18.800 INFO:journalctl@ceph.mon.a.smithi060.stdout:Apr 23 10:17:18 smithi060 ceph-mon[29213]: from='client.? 172.21.15.60:0/2640609863' entity='client.admin' cmd=[{"prefix": "mgr stat"}]: dispatch
2024-04-23T10:17:18.801 INFO:journalctl@ceph.mgr.x.smithi060.stdout:Apr 23 10:17:18 smithi060 ceph-a9dba674-0159-11ef-bc93-c7b262605968-mgr-x[29441]:
2024-04-23T10:17:18.707+0000 7f5331cee200 -1 mgr[py] Module telegraf has missing NOTIFY_TYPES member
2024-04-23T10:17:19.073 INFO:journalctl@ceph.mgr.x.smithi060.stdout:Apr 23 10:17:18 smithi060 ceph-a9dba674-0159-11ef-bc93-c7b262605968-mgr-x[29441]:
2024-04-23T10:17:18.893+0000 7f5331cee200 -1 mgr[py] Module osd_support has missing NOTIFY_TYPES member
2024-04-23T10:17:19.073 INFO:journalctl@ceph.mgr.x.smithi060.stdout:Apr 23 10:17:19 smithi060 ceph-a9dba674-0159-11ef-bc93-c7b262605968-mgr-x[29441]:
2024-04-23T10:17:19.075+0000 7f5331cee200 -1 mgr[py] Module iostat has missing NOTIFY_TYPES member
2024-04-23T10:17:19.688 INFO:journalctl@ceph.mgr.x.smithi060.stdout:Apr 23 10:17:19 smithi060 ceph-a9dba674-0159-11ef-bc93-c7b262605968-mgr-x[29441]:
2024-04-23T10:17:19.382+0000 7f5331cee200 -1 mgr[py] Module alerts has missing NOTIFY_TYPES member
2024-04-23T10:17:19.688 INFO:journalctl@ceph.mgr.x.smithi060.stdout:Apr 23 10:17:19 smithi060 ceph-a9dba674-0159-11ef-bc93-c7b262605968-mgr-x[29441]:
2024-04-23T10:17:19.479+0000 7f5331cee200 -1 mgr[py] Module selftest has missing NOTIFY_TYPES member
2024-04-23T10:17:19.688 INFO:journalctl@ceph.mgr.x.smithi060.stdout:Apr 23 10:17:19 smithi060 ceph-a9dba674-0159-11ef-bc93-c7b262605968-mgr-x[29441]:
2024-04-23T10:17:19.689+0000 7f5331cee200 -1 mgr[py] Module pg_autoscaler has missing NOTIFY_TYPES member
2024-04-23T10:17:20.107 INFO:journalctl@ceph.mgr.x.smithi060.stdout:Apr 23 10:17:19 smithi060 ceph-a9dba674-0159-11ef-bc93-c7b262605968-mgr-x[29441]:
2024-04-23T10:17:19.892+0000 7f5331cee200 -1 mgr[py] Module test_orchestrator has missing NOTIFY_TYPES member
2024-04-23T10:17:20.857 INFO:journalctl@ceph.mgr.x.smithi060.stdout:Apr 23 10:17:20 smithi060 ceph-a9dba674-0159-11ef-bc93-c7b262605968-mgr-x[29441]:
2024-04-23T10:17:20.515+0000 7f5331cee200 -1 mgr[py] Module rook has missing NOTIFY_TYPES member
2024-04-23T10:17:21.255 INFO:journalctl@ceph.mgr.x.smithi060.stdout:Apr 23 10:17:20 smithi060 ceph-a9dba674-0159-11ef-bc93-c7b262605968-mgr-x[29441]:
2024-04-23T10:17:20.950+0000 7f5331cee200 -1 mgr[py] Module volumes has missing NOTIFY_TYPES member
2024-04-23T10:17:21.255 INFO:journalctl@ceph.mgr.x.smithi060.stdout:Apr 23 10:17:21 smithi060 ceph-a9dba674-0159-11ef-bc93-c7b262605968-mgr-x[29441]:
2024-04-23T10:17:21.048+0000 7f5331cee200 -1 mgr[py] Module crash has missing NOTIFY_TYPES member
2024-04-23T10:17:21.255 INFO:journalctl@ceph.mgr.x.smithi060.stdout:Apr 23 10:17:21 smithi060 ceph-a9dba674-0159-11ef-bc93-c7b262605968-mgr-x[29441]:
2024-04-23T10:17:21.256+0000 7f5331cee200 -1 mgr[py] Module rgw has missing NOTIFY_TYPES member
2024-04-23T10:17:22.107 INFO:journalctl@ceph.mgr.x.smithi060.stdout:Apr 23 10:17:21 smithi060 ceph-a9dba674-0159-11ef-bc93-c7b262605968-mgr-x[29441]:
2024-04-23T10:17:21.799+0000 7f5331cee200 -1 mgr[py] Module prometheus has missing NOTIFY_TYPES member
2024-04-23T10:17:22.107 INFO:journalctl@ceph.mgr.x.smithi060.stdout:Apr 23 10:17:21 smithi060 ceph-a9dba674-0159-11ef-bc93-c7b262605968-mgr-x[29441]:
2024-04-23T10:17:21.895+0000 7f5331cee200 -1 mgr[py] Module devicehealth has missing NOTIFY_TYPES member
2024-04-23T10:17:22.498 INFO:journalctl@ceph.mgr.x.smithi060.stdout:Apr 23 10:17:22 smithi060 ceph-a9dba674-0159-11ef-bc93-c7b262605968-mgr-x[29441]:
2024-04-23T10:17:22.145+0000 7f5331cee200 -1 mgr[py] Module telemetry has missing NOTIFY_TYPES member
2024-04-23T10:17:22.498 INFO:journalctl@ceph.mgr.x.smithi060.stdout:Apr 23 10:17:22 smithi060 ceph-a9dba674-0159-11ef-bc93-c7b262605968-mgr-x[29441]:
2024-04-23T10:17:22.282+0000 7f5331cee200 -1 mgr[py] Module diskprediction_local has missing NOTIFY_TYPES member
2024-04-23T10:17:22.499 INFO:journalctl@ceph.mgr.x.smithi060.stdout:Apr 23 10:17:22 smithi060 ceph-a9dba674-0159-11ef-bc93-c7b262605968-mgr-x[29441]:
2024-04-23T10:17:22.380+0000 7f5331cee200 -1 mgr[py] Module osd_perf_query has missing NOTIFY_TYPES member
2024-04-23T10:17:22.499 INFO:journalctl@ceph.mgr.x.smithi060.stdout:Apr 23 10:17:22 smithi060 ceph-a9dba674-0159-11ef-bc93-c7b262605968-mgr-x[29441]:
2024-04-23T10:17:22.499+0000 7f5331cee200 -1 mgr[py] Module rbd_support has missing NOTIFY_TYPES member
2024-04-23T10:17:23.107 INFO:journalctl@ceph.mgr.x.smithi060.stdout:Apr 23 10:17:22 smithi060 ceph-a9dba674-0159-11ef-bc93-c7b262605968-mgr-x[29441]:
2024-04-23T10:17:22.810+0000 7f5331cee200 -1 mgr[py] Module zabbix has missing NOTIFY_TYPES member
2024-04-23T10:17:23.710 INFO:journalctl@ceph.mgr.x.smithi060.stdout:Apr 23 10:17:23 smithi060 ceph-a9dba674-0159-11ef-bc93-c7b262605968-mgr-x[29441]:
2024-04-23T10:17:23.436+0000 7f5331cee200 -1 mgr[py] Module status has missing NOTIFY_TYPES member
2024-04-23T10:17:23.711 INFO:journalctl@ceph.mgr.x.smithi060.stdout:Apr 23 10:17:23 smithi060 ceph-a9dba674-0159-11ef-bc93-c7b262605968-mgr-x[29441]:
2024-04-23T10:17:23.659+0000 7f5331cee200 -1 mgr[py] Module nfs has missing NOTIFY_TYPES member
2024-04-23T10:17:24.107 INFO:journalctl@ceph.mon.a.smithi060.stdout:Apr 23 10:17:23 smithi060 ceph-mon[29213]: Active manager daemon x restarted
2024-04-23T10:17:24.107 INFO:journalctl@ceph.mon.a.smithi060.stdout:Apr 23 10:17:23 smithi060 ceph-mon[29213]: Activating manager daemon x
2024-04-23T10:17:24.107 INFO:journalctl@ceph.mon.a.smithi060.stdout:Apr 23 10:17:23 smithi060 ceph-mon[29213]: osdmap e2: 0 total, 0 up, 0 in
2024-04-23T10:17:24.107 INFO:journalctl@ceph.mon.a.smithi060.stdout:Apr 23 10:17:23 smithi060 ceph-mon[29213]: mgrmap e6: x(active, starting, since 0.0033707s)
2024-04-23T10:17:24.107 INFO:journalctl@ceph.mon.a.smithi060.stdout:Apr 23 10:17:23 smithi060 ceph-mon[29213]: from='mgr.14120 172.21.15.60:0/3867537732' entity='mgr.x' cmd=[{"prefix": "mon metadata", "id": "a"}]: dispatch
2024-04-23T10:17:24.108 INFO:journalctl@ceph.mon.a.smithi060.stdout:Apr 23 10:17:23 smithi060 ceph-mon[29213]: from='mgr.14120 172.21.15.60:0/3867537732' entity='mgr.x' cmd=[{"prefix": "mgr metadata", "who": "x", "id": "x"}]: dispatch
2024-04-23T10:17:24.108 INFO:journalctl@ceph.mon.a.smithi060.stdout:Apr 23 10:17:23 smithi060 ceph-mon[29213]: from='mgr.14120 172.21.15.60:0/3867537732' entity='mgr.x' cmd=[{"prefix": "mds metadata"}]: dispatch
2024-04-23T10:17:24.108 INFO:journalctl@ceph.mon.a.smithi060.stdout:Apr 23 10:17:23 smithi060 ceph-mon[29213]: from='mgr.14120 172.21.15.60:0/3867537732' entity='mgr.x' cmd=[{"prefix": "osd metadata"}]: dispatch
2024-04-23T10:17:24.108 INFO:journalctl@ceph.mon.a.smithi060.stdout:Apr 23 10:17:23 smithi060 ceph-mon[29213]: from='mgr.14120 172.21.15.60:0/3867537732' entity='mgr.x' cmd=[{"prefix": "mon metadata"}]: dispatch
2024-04-23T10:17:24.108 INFO:journalctl@ceph.mon.a.smithi060.stdout:Apr 23 10:17:23 smithi060 ceph-mon[29213]: Manager daemon x is now available
2024-04-23T10:17:24.108 INFO:journalctl@ceph.mon.a.smithi060.stdout:Apr 23 10:17:23 smithi060 ceph-mon[29213]: from='mgr.14120 172.21.15.60:0/3867537732' entity='mgr.x'
2024-04-23T10:17:24.108 INFO:journalctl@ceph.mon.a.smithi060.stdout:Apr 23 10:17:23 smithi060 ceph-mon[29213]: from='mgr.14120 172.21.15.60:0/3867537732' entity='mgr.x'
2024-04-23T10:17:24.108 INFO:journalctl@ceph.mon.a.smithi060.stdout:Apr 23 10:17:23 smithi060 ceph-mon[29213]: from='mgr.14120 172.21.15.60:0/3867537732' entity='mgr.x' cmd=[{"prefix": "config dump", "format": "json"}]: dispatch
2024-04-23T10:17:24.108 INFO:journalctl@ceph.mon.a.smithi060.stdout:Apr 23 10:17:23 smithi060 ceph-mon[29213]: from='mgr.14120 172.21.15.60:0/3867537732' entity='mgr.x' cmd=[{"prefix": "config dump", "format": "json"}]: dispatch
2024-04-23T10:17:24.108 INFO:journalctl@ceph.mon.a.smithi060.stdout:Apr 23 10:17:23 smithi060 ceph-mon[29213]: from='mgr.14120 172.21.15.60:0/3867537732' entity='mgr.x' cmd=[{"prefix":"config rm","who":"mgr","name":"mgr/rbd_support/x/mirror_snapshot_schedule"}]: dispatch
2024-04-23T10:17:24.969 INFO:journalctl@ceph.mon.a.smithi060.stdout:Apr 23 10:17:24 smithi060 ceph-mon[29213]: Found migration_current of "None". Setting to last migration.
2024-04-23T10:17:24.969 INFO:journalctl@ceph.mon.a.smithi060.stdout:Apr 23 10:17:24 smithi060 ceph-mon[29213]: from='mgr.14120 172.21.15.60:0/3867537732' entity='mgr.x' cmd=[{"prefix":"config rm","who":"mgr","name":"mgr/rbd_support/x/trash_purge_schedule"}]: dispatch
2024-04-23T10:17:24.969 INFO:journalctl@ceph.mon.a.smithi060.stdout:Apr 23 10:17:24 smithi060 ceph-mon[29213]: from='mgr.14120 172.21.15.60:0/3867537732' entity='mgr.x'
2024-04-23T10:17:24.969 INFO:journalctl@ceph.mon.a.smithi060.stdout:Apr 23 10:17:24 smithi060 ceph-mon[29213]: from='mgr.14120 172.21.15.60:0/3867537732' entity='mgr.x'
2024-04-23T10:17:24.970 INFO:journalctl@ceph.mon.a.smithi060.stdout:Apr 23 10:17:24 smithi060 ceph-mon[29213]: mgrmap e7: x(active, since 1.00552s)
2024-04-23T10:17:25.281 INFO:teuthology.orchestra.run.smithi060.stdout:/usr/bin/ceph: stdout {
2024-04-23T10:17:25.289 INFO:teuthology.orchestra.run.smithi060.stdout:/usr/bin/ceph: stdout "mgrmap_epoch": 7,
2024-04-23T10:17:25.289 INFO:teuthology.orchestra.run.smithi060.stdout:/usr/bin/ceph: stdout "initialized": true
2024-04-23T10:17:25.289 INFO:teuthology.orchestra.run.smithi060.stdout:/usr/bin/ceph: stdout }
2024-04-23T10:17:25.289 INFO:teuthology.orchestra.run.smithi060.stdout:/usr/bin/ceph: stderr
2024-04-23T10:17:18.830+0000 7f9342d5f700 1 Processor -- start
2024-04-23T10:17:25.289 INFO:teuthology.orchestra.run.smithi060.stdout:/usr/bin/ceph: stderr
2024-04-23T10:17:18.831+0000 7f9342d5f700 1 -- start start
2024-04-23T10:17:25.289 INFO:teuthology.orchestra.run.smithi060.stdout:/usr/bin/ceph: stderr
2024-04-23T10:17:18.831+0000 7f9342d5f700 1 --2- >> [v2:172.21.15.60:3300/0,v1:172.21.15.60:6789/0] conn(0x7f933c07de50 0x7f933c07c300 unknown :-1 s=NONE pgs=0 cs=0 l=0 rev1=0 crypto rx=0 tx=0 comp rx=0 tx=0).connect
2024-04-23T10:17:25.289 INFO:teuthology.orchestra.run.smithi060.stdout:/usr/bin/ceph: stderr
2024-04-23T10:17:18.831+0000 7f9342d5f700 1 -- --> [v2:172.21.15.60:3300/0,v1:172.21.15.60:6789/0] -- mon_getmap magic: 0 -- 0x7f933c07c8d0 con 0x7f933c07de50
2024-04-23T10:17:25.289 INFO:teuthology.orchestra.run.smithi060.stdout:/usr/bin/ceph: stderr
2024-04-23T10:17:18.831+0000 7f9340afb700 1 --2- >> [v2:172.21.15.60:3300/0,v1:172.21.15.60:6789/0] conn(0x7f933c07de50 0x7f933c07c300 unknown :-1 s=BANNER_CONNECTING pgs=0 cs=0 l=0 rev1=0 crypto rx=0 tx=0 comp rx=0 tx=0)._handle_peer_banner_payload supported=3 required=0
2024-04-23T10:17:25.289 INFO:teuthology.orchestra.run.smithi060.stdout:/usr/bin/ceph: stderr
2024-04-23T10:17:18.831+0000 7f9340afb700 1 --2- >> [v2:172.21.15.60:3300/0,v1:172.21.15.60:6789/0] conn(0x7f933c07de50 0x7f933c07c300 unknown :-1 s=HELLO_CONNECTING pgs=0 cs=0 l=0 rev1=1 crypto rx=0 tx=0 comp rx=0 tx=0).handle_hello peer v2:172.21.15.60:3300/0 says I am v2:172.21.15.60:51880/0 (socket says 172.21.15.60:51880)
2024-04-23T10:17:25.289 INFO:teuthology.orchestra.run.smithi060.stdout:/usr/bin/ceph: stderr
2024-04-23T10:17:18.831+0000 7f9340afb700 1 -- 172.21.15.60:0/1858167177 learned_addr learned my addr 172.21.15.60:0/1858167177 (peer_addr_for_me v2:172.21.15.60:0/0)
2024-04-23T10:17:25.289 INFO:teuthology.orchestra.run.smithi060.stdout:/usr/bin/ceph: stderr
2024-04-23T10:17:18.831+0000 7f9340afb700 1 -- 172.21.15.60:0/1858167177 --> [v2:172.21.15.60:3300/0,v1:172.21.15.60:6789/0] -- mon_subscribe({config=0+,monmap=0+}) -- 0x7f933c07ca50 con 0x7f933c07de50
2024-04-23T10:17:25.289 INFO:teuthology.orchestra.run.smithi060.stdout:/usr/bin/ceph: stderr
2024-04-23T10:17:18.832+0000 7f9340afb700 1 --2- 172.21.15.60:0/1858167177 >> [v2:172.21.15.60:3300/0,v1:172.21.15.60:6789/0] conn(0x7f933c07de50 0x7f933c07c300 secure :-1 s=READY pgs=28 cs=0 l=1 rev1=1 crypto rx=0x7f93300098a0 tx=0x7f9330009bb0 comp rx=0 tx=0).ready entity=mon.0 client_cookie=e62119f975dfecd0 server_cookie=0 in_seq=0 out_seq=0
2024-04-23T10:17:25.290 INFO:teuthology.orchestra.run.smithi060.stdout:/usr/bin/ceph: stderr
2024-04-23T10:17:18.832+0000 7f933b7fe700 1 -- 172.21.15.60:0/1858167177 <== mon.0 v2:172.21.15.60:3300/0 1 ==== mon_map magic: 0 ==== 205+0+0 (secure 0 0 0) 0x7f9330004160 con 0x7f933c07de50
2024-04-23T10:17:25.290 INFO:teuthology.orchestra.run.smithi060.stdout:/usr/bin/ceph: stderr
2024-04-23T10:17:18.832+0000 7f933b7fe700 1 -- 172.21.15.60:0/1858167177 <== mon.0 v2:172.21.15.60:3300/0 2 ==== config(26 keys) ==== 1070+0+0 (secure 0 0 0) 0x7f9330004300 con 0x7f933c07de50
2024-04-23T10:17:25.290 INFO:teuthology.orchestra.run.smithi060.stdout:/usr/bin/ceph: stderr
2024-04-23T10:17:18.832+0000 7f933b7fe700 1 -- 172.21.15.60:0/1858167177 <== mon.0 v2:172.21.15.60:3300/0 3 ==== mon_map magic: 0 ==== 205+0+0 (secure 0 0 0) 0x7f9330011af0 con 0x7f933c07de50
2024-04-23T10:17:25.290 INFO:teuthology.orchestra.run.smithi060.stdout:/usr/bin/ceph: stderr
2024-04-23T10:17:18.832+0000 7f9342d5f700 1 -- 172.21.15.60:0/1858167177 >> [v2:172.21.15.60:3300/0,v1:172.21.15.60:6789/0] conn(0x7f933c07de50 msgr2=0x7f933c07c300 secure :-1 s=STATE_CONNECTION_ESTABLISHED l=1).mark_down
2024-04-23T10:17:25.290 INFO:teuthology.orchestra.run.smithi060.stdout:/usr/bin/ceph: stderr
2024-04-23T10:17:18.832+0000 7f9342d5f700 1 --2- 172.21.15.60:0/1858167177 >> [v2:172.21.15.60:3300/0,v1:172.21.15.60:6789/0] conn(0x7f933c07de50 0x7f933c07c300 secure :-1 s=READY pgs=28 cs=0 l=1 rev1=1 crypto rx=0x7f93300098a0 tx=0x7f9330009bb0 comp rx=0 tx=0).stop
2024-04-23T10:17:25.290 INFO:teuthology.orchestra.run.smithi060.stdout:/usr/bin/ceph: stderr
2024-04-23T10:17:18.832+0000 7f9342d5f700 1 -- 172.21.15.60:0/1858167177 shutdown_connections
2024-04-23T10:17:25.290 INFO:teuthology.orchestra.run.smithi060.stdout:/usr/bin/ceph: stderr
2024-04-23T10:17:18.832+0000 7f9342d5f700 1 --2- 172.21.15.60:0/1858167177 >> [v2:172.21.15.60:3300/0,v1:172.21.15.60:6789/0] conn(0x7f933c07de50 0x7f933c07c300 unknown :-1 s=CLOSED pgs=28 cs=0 l=1 rev1=1 crypto rx=0 tx=0 comp rx=0 tx=0).stop
2024-04-23T10:17:25.290 INFO:teuthology.orchestra.run.smithi060.stdout:/usr/bin/ceph: stderr
2024-04-23T10:17:18.832+0000 7f9342d5f700 1 -- 172.21.15.60:0/1858167177 >> 172.21.15.60:0/1858167177 conn(0x7f933c103b70 msgr2=0x7f933c105fd0 unknown :-1 s=STATE_NONE l=0).mark_down
2024-04-23T10:17:25.290 INFO:teuthology.orchestra.run.smithi060.stdout:/usr/bin/ceph: stderr
2024-04-23T10:17:18.833+0000 7f9342d5f700 1 -- 172.21.15.60:0/1858167177 shutdown_connections
2024-04-23T10:17:25.290 INFO:teuthology.orchestra.run.smithi060.stdout:/usr/bin/ceph: stderr
2024-04-23T10:17:18.833+0000 7f9342d5f700 1 -- 172.21.15.60:0/1858167177 wait complete.
2024-04-23T10:17:25.290 INFO:teuthology.orchestra.run.smithi060.stdout:/usr/bin/ceph: stderr
2024-04-23T10:17:18.833+0000 7f9342d5f700 1 Processor -- start
2024-04-23T10:17:25.290 INFO:teuthology.orchestra.run.smithi060.stdout:/usr/bin/ceph: stderr
2024-04-23T10:17:18.833+0000 7f9342d5f700 1 -- start start
2024-04-23T10:17:25.290 INFO:teuthology.orchestra.run.smithi060.stdout:/usr/bin/ceph: stderr
2024-04-23T10:17:18.834+0000 7f9342d5f700 1 --2- >> [v2:172.21.15.60:3300/0,v1:172.21.15.60:6789/0] conn(0x7f933c07de50 0x7f933c19e710 unknown :-1 s=NONE pgs=0 cs=0 l=1 rev1=0 crypto rx=0 tx=0 comp rx=0 tx=0).connect
2024-04-23T10:17:25.290 INFO:teuthology.orchestra.run.smithi060.stdout:/usr/bin/ceph: stderr
2024-04-23T10:17:18.834+0000 7f9342d5f700 1 -- --> [v2:172.21.15.60:3300/0,v1:172.21.15.60:6789/0] -- mon_getmap magic: 0 -- 0x7f933c10eac0 con 0x7f933c07de50
2024-04-23T10:17:25.291 INFO:teuthology.orchestra.run.smithi060.stdout:/usr/bin/ceph: stderr
2024-04-23T10:17:18.834+0000 7f9340afb700 1 --2- >> [v2:172.21.15.60:3300/0,v1:172.21.15.60:6789/0] conn(0x7f933c07de50 0x7f933c19e710 unknown :-1 s=BANNER_CONNECTING pgs=0 cs=0 l=1 rev1=0 crypto rx=0 tx=0 comp rx=0 tx=0)._handle_peer_banner_payload supported=3 required=0
2024-04-23T10:17:25.291 INFO:teuthology.orchestra.run.smithi060.stdout:/usr/bin/ceph: stderr
2024-04-23T10:17:18.834+0000 7f9340afb700 1 --2- >> [v2:172.21.15.60:3300/0,v1:172.21.15.60:6789/0] conn(0x7f933c07de50 0x7f933c19e710 unknown :-1 s=HELLO_CONNECTING pgs=0 cs=0 l=1 rev1=1 crypto rx=0 tx=0 comp rx=0 tx=0).handle_hello peer v2:172.21.15.60:3300/0 says I am v2:172.21.15.60:51892/0 (socket says 172.21.15.60:51892)
2024-04-23T10:17:25.291 INFO:teuthology.orchestra.run.smithi060.stdout:/usr/bin/ceph: stderr
2024-04-23T10:17:18.834+0000 7f9340afb700 1 -- 172.21.15.60:0/338576119 learned_addr learned my addr 172.21.15.60:0/338576119 (peer_addr_for_me v2:172.21.15.60:0/0)
2024-04-23T10:17:25.291 INFO:teuthology.orchestra.run.smithi060.stdout:/usr/bin/ceph: stderr
2024-04-23T10:17:18.834+0000 7f9340afb700 1 -- 172.21.15.60:0/338576119 --> [v2:172.21.15.60:3300/0,v1:172.21.15.60:6789/0] -- mon_subscribe({config=0+,monmap=0+}) -- 0x7f933c19ec50 con 0x7f933c07de50
2024-04-23T10:17:25.291 INFO:teuthology.orchestra.run.smithi060.stdout:/usr/bin/ceph: stderr
2024-04-23T10:17:18.834+0000 7f9340afb700 1 --2- 172.21.15.60:0/338576119 >> [v2:172.21.15.60:3300/0,v1:172.21.15.60:6789/0] conn(0x7f933c07de50 0x7f933c19e710 secure :-1 s=READY pgs=29 cs=0 l=1 rev1=1 crypto rx=0x7f9330011ac0 tx=0x7f9330011ba0 comp rx=0 tx=0).ready entity=mon.0 client_cookie=0 server_cookie=0 in_seq=0 out_seq=0
2024-04-23T10:17:25.291 INFO:teuthology.orchestra.run.smithi060.stdout:/usr/bin/ceph: stderr
2024-04-23T10:17:18.834+0000 7f9339ffb700 1 -- 172.21.15.60:0/338576119 <== mon.0 v2:172.21.15.60:3300/0 1 ==== mon_map magic: 0 ==== 205+0+0 (secure 0 0 0) 0x7f9330003970 con 0x7f933c07de50
2024-04-23T10:17:25.291 INFO:teuthology.orchestra.run.smithi060.stdout:/usr/bin/ceph: stderr
