2024-04-23T10:17:18.835+0000 7f9339ffb700 1 -- 172.21.15.60:0/338576119 <== mon.0 v2:172.21.15.60:3300/0 2 ==== config(26 keys) ==== 1070+0+0 (secure 0 0 0) 0x7f9330003b10 con 0x7f933c07de50
2024-04-23T10:17:25.291 INFO:teuthology.orchestra.run.smithi060.stdout:/usr/bin/ceph: stderr
2024-04-23T10:17:18.835+0000 7f9342d5f700 1 -- 172.21.15.60:0/338576119 --> [v2:172.21.15.60:3300/0,v1:172.21.15.60:6789/0] -- mon_subscribe({mgrmap=0+}) -- 0x7f933c19eee0 con 0x7f933c07de50
2024-04-23T10:17:25.291 INFO:teuthology.orchestra.run.smithi060.stdout:/usr/bin/ceph: stderr
2024-04-23T10:17:18.835+0000 7f9339ffb700 1 -- 172.21.15.60:0/338576119 <== mon.0 v2:172.21.15.60:3300/0 3 ==== mon_map magic: 0 ==== 205+0+0 (secure 0 0 0) 0x7f9330024610 con 0x7f933c07de50
2024-04-23T10:17:25.291 INFO:teuthology.orchestra.run.smithi060.stdout:/usr/bin/ceph: stderr
2024-04-23T10:17:18.835+0000 7f9342d5f700 1 -- 172.21.15.60:0/338576119 --> [v2:172.21.15.60:3300/0,v1:172.21.15.60:6789/0] -- mon_subscribe({osdmap=0}) -- 0x7f933c19f300 con 0x7f933c07de50
2024-04-23T10:17:25.291 INFO:teuthology.orchestra.run.smithi060.stdout:/usr/bin/ceph: stderr
2024-04-23T10:17:18.836+0000 7f9339ffb700 1 -- 172.21.15.60:0/338576119 <== mon.0 v2:172.21.15.60:3300/0 4 ==== mgrmap(e 5) ==== 46558+0+0 (secure 0 0 0) 0x7f9330024840 con 0x7f933c07de50
2024-04-23T10:17:25.291 INFO:teuthology.orchestra.run.smithi060.stdout:/usr/bin/ceph: stderr
2024-04-23T10:17:18.836+0000 7f9339ffb700 1 --2- 172.21.15.60:0/338576119 >> [v2:172.21.15.60:6800/605498340,v1:172.21.15.60:6801/605498340] conn(0x7f932c039600 0x7f932c03bac0 unknown :-1 s=NONE pgs=0 cs=0 l=1 rev1=0 crypto rx=0 tx=0 comp rx=0 tx=0).connect
2024-04-23T10:17:25.291 INFO:teuthology.orchestra.run.smithi060.stdout:/usr/bin/ceph: stderr
2024-04-23T10:17:18.836+0000 7f9342d5f700 1 -- 172.21.15.60:0/338576119 --> [v2:172.21.15.60:6800/605498340,v1:172.21.15.60:6801/605498340] -- command(tid 0: {"prefix": "get_command_descriptions"}) -- 0x7f933c069b80 con 0x7f932c039600
2024-04-23T10:17:25.292 INFO:teuthology.orchestra.run.smithi060.stdout:/usr/bin/ceph: stderr
2024-04-23T10:17:18.836+0000 7f9339ffb700 1 -- 172.21.15.60:0/338576119 <== mon.0 v2:172.21.15.60:3300/0 5 ==== osd_map(1..1 src has 1..1) ==== 725+0+0 (secure 0 0 0) 0x7f933004d8d0 con 0x7f933c07de50
2024-04-23T10:17:25.292 INFO:teuthology.orchestra.run.smithi060.stdout:/usr/bin/ceph: stderr
2024-04-23T10:17:18.836+0000 7f933bfff700 1 -- 172.21.15.60:0/338576119 >> [v2:172.21.15.60:6800/605498340,v1:172.21.15.60:6801/605498340] conn(0x7f932c039600 msgr2=0x7f932c03bac0 unknown :-1 s=STATE_CONNECTING_RE l=1).process reconnect failed to v2:172.21.15.60:6800/605498340
2024-04-23T10:17:25.292 INFO:teuthology.orchestra.run.smithi060.stdout:/usr/bin/ceph: stderr
2024-04-23T10:17:18.836+0000 7f933bfff700 1 --2- 172.21.15.60:0/338576119 >> [v2:172.21.15.60:6800/605498340,v1:172.21.15.60:6801/605498340] conn(0x7f932c039600 0x7f932c03bac0 unknown :-1 s=START_CONNECT pgs=0 cs=0 l=1 rev1=0 crypto rx=0 tx=0 comp rx=0 tx=0)._fault waiting 0.200000
2024-04-23T10:17:25.292 INFO:teuthology.orchestra.run.smithi060.stdout:/usr/bin/ceph: stderr
2024-04-23T10:17:19.037+0000 7f933bfff700 1 -- 172.21.15.60:0/338576119 >> [v2:172.21.15.60:6800/605498340,v1:172.21.15.60:6801/605498340] conn(0x7f932c039600 msgr2=0x7f932c03bac0 unknown :-1 s=STATE_CONNECTING_RE l=1).process reconnect failed to v2:172.21.15.60:6800/605498340
2024-04-23T10:17:25.292 INFO:teuthology.orchestra.run.smithi060.stdout:/usr/bin/ceph: stderr
2024-04-23T10:17:19.037+0000 7f933bfff700 1 --2- 172.21.15.60:0/338576119 >> [v2:172.21.15.60:6800/605498340,v1:172.21.15.60:6801/605498340] conn(0x7f932c039600 0x7f932c03bac0 unknown :-1 s=START_CONNECT pgs=0 cs=0 l=1 rev1=0 crypto rx=0 tx=0 comp rx=0 tx=0)._fault waiting 0.400000
2024-04-23T10:17:25.292 INFO:teuthology.orchestra.run.smithi060.stdout:/usr/bin/ceph: stderr
2024-04-23T10:17:19.438+0000 7f933bfff700 1 -- 172.21.15.60:0/338576119 >> [v2:172.21.15.60:6800/605498340,v1:172.21.15.60:6801/605498340] conn(0x7f932c039600 msgr2=0x7f932c03bac0 unknown :-1 s=STATE_CONNECTING_RE l=1).process reconnect failed to v2:172.21.15.60:6800/605498340
2024-04-23T10:17:25.292 INFO:teuthology.orchestra.run.smithi060.stdout:/usr/bin/ceph: stderr
2024-04-23T10:17:19.438+0000 7f933bfff700 1 --2- 172.21.15.60:0/338576119 >> [v2:172.21.15.60:6800/605498340,v1:172.21.15.60:6801/605498340] conn(0x7f932c039600 0x7f932c03bac0 unknown :-1 s=START_CONNECT pgs=0 cs=0 l=1 rev1=0 crypto rx=0 tx=0 comp rx=0 tx=0)._fault waiting 0.800000
2024-04-23T10:17:25.292 INFO:teuthology.orchestra.run.smithi060.stdout:/usr/bin/ceph: stderr
2024-04-23T10:17:20.239+0000 7f933bfff700 1 -- 172.21.15.60:0/338576119 >> [v2:172.21.15.60:6800/605498340,v1:172.21.15.60:6801/605498340] conn(0x7f932c039600 msgr2=0x7f932c03bac0 unknown :-1 s=STATE_CONNECTING_RE l=1).process reconnect failed to v2:172.21.15.60:6800/605498340
2024-04-23T10:17:25.292 INFO:teuthology.orchestra.run.smithi060.stdout:/usr/bin/ceph: stderr
2024-04-23T10:17:20.239+0000 7f933bfff700 1 --2- 172.21.15.60:0/338576119 >> [v2:172.21.15.60:6800/605498340,v1:172.21.15.60:6801/605498340] conn(0x7f932c039600 0x7f932c03bac0 unknown :-1 s=START_CONNECT pgs=0 cs=0 l=1 rev1=0 crypto rx=0 tx=0 comp rx=0 tx=0)._fault waiting 1.600000
2024-04-23T10:17:25.292 INFO:teuthology.orchestra.run.smithi060.stdout:/usr/bin/ceph: stderr
2024-04-23T10:17:21.840+0000 7f933bfff700 1 -- 172.21.15.60:0/338576119 >> [v2:172.21.15.60:6800/605498340,v1:172.21.15.60:6801/605498340] conn(0x7f932c039600 msgr2=0x7f932c03bac0 unknown :-1 s=STATE_CONNECTING_RE l=1).process reconnect failed to v2:172.21.15.60:6800/605498340
2024-04-23T10:17:25.292 INFO:teuthology.orchestra.run.smithi060.stdout:/usr/bin/ceph: stderr
2024-04-23T10:17:21.840+0000 7f933bfff700 1 --2- 172.21.15.60:0/338576119 >> [v2:172.21.15.60:6800/605498340,v1:172.21.15.60:6801/605498340] conn(0x7f932c039600 0x7f932c03bac0 unknown :-1 s=START_CONNECT pgs=0 cs=0 l=1 rev1=0 crypto rx=0 tx=0 comp rx=0 tx=0)._fault waiting 3.200000
2024-04-23T10:17:25.292 INFO:teuthology.orchestra.run.smithi060.stdout:/usr/bin/ceph: stderr
2024-04-23T10:17:23.662+0000 7f9339ffb700 1 -- 172.21.15.60:0/338576119 <== mon.0 v2:172.21.15.60:3300/0 6 ==== mgrmap(e 6) ==== 46325+0+0 (secure 0 0 0) 0x7f933002d910 con 0x7f933c07de50
2024-04-23T10:17:25.292 INFO:teuthology.orchestra.run.smithi060.stdout:/usr/bin/ceph: stderr
2024-04-23T10:17:23.662+0000 7f9339ffb700 1 -- 172.21.15.60:0/338576119 >> [v2:172.21.15.60:6800/605498340,v1:172.21.15.60:6801/605498340] conn(0x7f932c039600 msgr2=0x7f932c03bac0 unknown :-1 s=STATE_CONNECTING l=1).mark_down
2024-04-23T10:17:25.292 INFO:teuthology.orchestra.run.smithi060.stdout:/usr/bin/ceph: stderr
2024-04-23T10:17:23.662+0000 7f9339ffb700 1 --2- 172.21.15.60:0/338576119 >> [v2:172.21.15.60:6800/605498340,v1:172.21.15.60:6801/605498340] conn(0x7f932c039600 0x7f932c03bac0 unknown :-1 s=START_CONNECT pgs=0 cs=0 l=1 rev1=0 crypto rx=0 tx=0 comp rx=0 tx=0).stop
2024-04-23T10:17:25.293 INFO:teuthology.orchestra.run.smithi060.stdout:/usr/bin/ceph: stderr
2024-04-23T10:17:24.663+0000 7f9339ffb700 1 -- 172.21.15.60:0/338576119 <== mon.0 v2:172.21.15.60:3300/0 7 ==== mgrmap(e 7) ==== 46452+0+0 (secure 0 0 0) 0x7f933004f770 con 0x7f933c07de50
2024-04-23T10:17:25.293 INFO:teuthology.orchestra.run.smithi060.stdout:/usr/bin/ceph: stderr
2024-04-23T10:17:24.664+0000 7f9339ffb700 1 --2- 172.21.15.60:0/338576119 >> [v2:172.21.15.60:6800/1299738206,v1:172.21.15.60:6801/1299738206] conn(0x7f932c03cd00 0x7f932c03f0f0 unknown :-1 s=NONE pgs=0 cs=0 l=1 rev1=0 crypto rx=0 tx=0 comp rx=0 tx=0).connect
2024-04-23T10:17:25.293 INFO:teuthology.orchestra.run.smithi060.stdout:/usr/bin/ceph: stderr
2024-04-23T10:17:24.664+0000 7f9339ffb700 1 -- 172.21.15.60:0/338576119 --> [v2:172.21.15.60:6800/1299738206,v1:172.21.15.60:6801/1299738206] -- command(tid 0: {"prefix": "get_command_descriptions"}) -- 0x7f933000af30 con 0x7f932c03cd00
2024-04-23T10:17:25.293 INFO:teuthology.orchestra.run.smithi060.stdout:/usr/bin/ceph: stderr
2024-04-23T10:17:24.664+0000 7f933bfff700 1 --2- 172.21.15.60:0/338576119 >> [v2:172.21.15.60:6800/1299738206,v1:172.21.15.60:6801/1299738206] conn(0x7f932c03cd00 0x7f932c03f0f0 unknown :-1 s=BANNER_CONNECTING pgs=0 cs=0 l=1 rev1=0 crypto rx=0 tx=0 comp rx=0 tx=0)._handle_peer_banner_payload supported=3 required=0
2024-04-23T10:17:25.293 INFO:teuthology.orchestra.run.smithi060.stdout:/usr/bin/ceph: stderr
2024-04-23T10:17:24.665+0000 7f933bfff700 1 --2- 172.21.15.60:0/338576119 >> [v2:172.21.15.60:6800/1299738206,v1:172.21.15.60:6801/1299738206] conn(0x7f932c03cd00 0x7f932c03f0f0 secure :-1 s=READY pgs=1 cs=0 l=1 rev1=1 crypto rx=0x7f9328003a10 tx=0x7f93280092b0 comp rx=0 tx=0).ready entity=mgr.14120 client_cookie=0 server_cookie=0 in_seq=0 out_seq=0
2024-04-23T10:17:25.293 INFO:teuthology.orchestra.run.smithi060.stdout:/usr/bin/ceph: stderr
2024-04-23T10:17:24.665+0000 7f9339ffb700 1 -- 172.21.15.60:0/338576119 <== mgr.14120 v2:172.21.15.60:6800/1299738206 1 ==== command_reply(tid 0: 0 ) ==== 8+0+7774 (secure 0 0 0) 0x7f933000af30 con 0x7f932c03cd00
2024-04-23T10:17:25.293 INFO:teuthology.orchestra.run.smithi060.stdout:/usr/bin/ceph: stderr
2024-04-23T10:17:24.677+0000 7f9342d5f700 1 -- 172.21.15.60:0/338576119 --> [v2:172.21.15.60:6800/1299738206,v1:172.21.15.60:6801/1299738206] -- command(tid 1: {"prefix": "mgr_status"}) -- 0x7f933c104e70 con 0x7f932c03cd00
2024-04-23T10:17:25.293 INFO:teuthology.orchestra.run.smithi060.stdout:/usr/bin/ceph: stderr
2024-04-23T10:17:24.677+0000 7f9339ffb700 1 -- 172.21.15.60:0/338576119 <== mgr.14120 v2:172.21.15.60:6800/1299738206 2 ==== command_reply(tid 1: 0 ) ==== 8+0+51 (secure 0 0 0) 0x7f933c104e70 con 0x7f932c03cd00
2024-04-23T10:17:25.293 INFO:teuthology.orchestra.run.smithi060.stdout:/usr/bin/ceph: stderr
2024-04-23T10:17:24.677+0000 7f9342d5f700 1 -- 172.21.15.60:0/338576119 >> [v2:172.21.15.60:6800/1299738206,v1:172.21.15.60:6801/1299738206] conn(0x7f932c03cd00 msgr2=0x7f932c03f0f0 secure :-1 s=STATE_CONNECTION_ESTABLISHED l=1).mark_down
2024-04-23T10:17:25.293 INFO:teuthology.orchestra.run.smithi060.stdout:/usr/bin/ceph: stderr
2024-04-23T10:17:24.677+0000 7f9342d5f700 1 --2- 172.21.15.60:0/338576119 >> [v2:172.21.15.60:6800/1299738206,v1:172.21.15.60:6801/1299738206] conn(0x7f932c03cd00 0x7f932c03f0f0 secure :-1 s=READY pgs=1 cs=0 l=1 rev1=1 crypto rx=0x7f9328003a10 tx=0x7f93280092b0 comp rx=0 tx=0).stop
2024-04-23T10:17:25.293 INFO:teuthology.orchestra.run.smithi060.stdout:/usr/bin/ceph: stderr
2024-04-23T10:17:24.677+0000 7f9342d5f700 1 -- 172.21.15.60:0/338576119 >> [v2:172.21.15.60:3300/0,v1:172.21.15.60:6789/0] conn(0x7f933c07de50 msgr2=0x7f933c19e710 secure :-1 s=STATE_CONNECTION_ESTABLISHED l=1).mark_down
2024-04-23T10:17:25.293 INFO:teuthology.orchestra.run.smithi060.stdout:/usr/bin/ceph: stderr
2024-04-23T10:17:24.677+0000 7f9342d5f700 1 --2- 172.21.15.60:0/338576119 >> [v2:172.21.15.60:3300/0,v1:172.21.15.60:6789/0] conn(0x7f933c07de50 0x7f933c19e710 secure :-1 s=READY pgs=29 cs=0 l=1 rev1=1 crypto rx=0x7f9330011ac0 tx=0x7f9330011ba0 comp rx=0 tx=0).stop
2024-04-23T10:17:25.293 INFO:teuthology.orchestra.run.smithi060.stdout:/usr/bin/ceph: stderr
2024-04-23T10:17:24.678+0000 7f9342d5f700 1 -- 172.21.15.60:0/338576119 shutdown_connections
2024-04-23T10:17:25.293 INFO:teuthology.orchestra.run.smithi060.stdout:/usr/bin/ceph: stderr
2024-04-23T10:17:24.678+0000 7f9342d5f700 1 --2- 172.21.15.60:0/338576119 >> [v2:172.21.15.60:6800/1299738206,v1:172.21.15.60:6801/1299738206] conn(0x7f932c03cd00 0x7f932c03f0f0 unknown :-1 s=CLOSED pgs=1 cs=0 l=1 rev1=1 crypto rx=0 tx=0 comp rx=0 tx=0).stop
2024-04-23T10:17:25.293 INFO:teuthology.orchestra.run.smithi060.stdout:/usr/bin/ceph: stderr
2024-04-23T10:17:24.678+0000 7f9342d5f700 1 --2- 172.21.15.60:0/338576119 >> [v2:172.21.15.60:3300/0,v1:172.21.15.60:6789/0] conn(0x7f933c07de50 0x7f933c19e710 unknown :-1 s=CLOSED pgs=29 cs=0 l=1 rev1=1 crypto rx=0 tx=0 comp rx=0 tx=0).stop
2024-04-23T10:17:25.294 INFO:teuthology.orchestra.run.smithi060.stdout:/usr/bin/ceph: stderr
2024-04-23T10:17:24.678+0000 7f9342d5f700 1 --2- 172.21.15.60:0/338576119 >> [v2:172.21.15.60:6800/605498340,v1:172.21.15.60:6801/605498340] conn(0x7f932c039600 0x7f932c03bac0 unknown :-1 s=CLOSED pgs=0 cs=0 l=1 rev1=0 crypto rx=0 tx=0 comp rx=0 tx=0).stop
2024-04-23T10:17:25.294 INFO:teuthology.orchestra.run.smithi060.stdout:/usr/bin/ceph: stderr
2024-04-23T10:17:24.678+0000 7f9342d5f700 1 -- 172.21.15.60:0/338576119 >> 172.21.15.60:0/338576119 conn(0x7f933c103b70 msgr2=0x7f933c104760 unknown :-1 s=STATE_NONE l=0).mark_down
2024-04-23T10:17:25.294 INFO:teuthology.orchestra.run.smithi060.stdout:/usr/bin/ceph: stderr
2024-04-23T10:17:24.678+0000 7f9342d5f700 1 -- 172.21.15.60:0/338576119 shutdown_connections
2024-04-23T10:17:25.294 INFO:teuthology.orchestra.run.smithi060.stdout:/usr/bin/ceph: stderr
2024-04-23T10:17:24.678+0000 7f9342d5f700 1 -- 172.21.15.60:0/338576119 wait complete.
2024-04-23T10:17:25.294 INFO:teuthology.orchestra.run.smithi060.stdout:mgr epoch 5 is available
2024-04-23T10:17:25.294 INFO:teuthology.orchestra.run.smithi060.stdout:Setting orchestrator backend to cephadm...
2024-04-23T10:17:25.857 INFO:journalctl@ceph.mon.a.smithi060.stdout:Apr 23 10:17:25 smithi060 ceph-mon[29213]: from='client.14124 -' entity='client.admin' cmd=[{"prefix": "get_command_descriptions"}]: dispatch
2024-04-23T10:17:25.857 INFO:journalctl@ceph.mon.a.smithi060.stdout:Apr 23 10:17:25 smithi060 ceph-mon[29213]: from='client.14124 -' entity='client.admin' cmd=[{"prefix": "mgr_status"}]: dispatch
2024-04-23T10:17:25.857 INFO:journalctl@ceph.mon.a.smithi060.stdout:Apr 23 10:17:25 smithi060 ceph-mon[29213]: [23/Apr/2024:10:17:25] ENGINE Bus STARTING
2024-04-23T10:17:25.857 INFO:journalctl@ceph.mon.a.smithi060.stdout:Apr 23 10:17:25 smithi060 ceph-mon[29213]: [23/Apr/2024:10:17:25] ENGINE Serving on https://172.21.15.60:7150
2024-04-23T10:17:25.857 INFO:journalctl@ceph.mon.a.smithi060.stdout:Apr 23 10:17:25 smithi060 ceph-mon[29213]: [23/Apr/2024:10:17:25] ENGINE Serving on http://172.21.15.60:8765
2024-04-23T10:17:25.857 INFO:journalctl@ceph.mon.a.smithi060.stdout:Apr 23 10:17:25 smithi060 ceph-mon[29213]: [23/Apr/2024:10:17:25] ENGINE Bus STARTED
2024-04-23T10:17:25.857 INFO:journalctl@ceph.mon.a.smithi060.stdout:Apr 23 10:17:25 smithi060 ceph-mon[29213]: from='mgr.14120 172.21.15.60:0/3867537732' entity='mgr.x' cmd=[{"prefix": "config dump", "format": "json"}]: dispatch
2024-04-23T10:17:26.543 INFO:teuthology.orchestra.run.smithi060.stdout:/usr/bin/ceph: stderr
2024-04-23T10:17:25.739+0000 7f79038f7700 1 Processor -- start
2024-04-23T10:17:26.543 INFO:teuthology.orchestra.run.smithi060.stdout:/usr/bin/ceph: stderr
2024-04-23T10:17:25.739+0000 7f79038f7700 1 -- start start
2024-04-23T10:17:26.543 INFO:teuthology.orchestra.run.smithi060.stdout:/usr/bin/ceph: stderr
2024-04-23T10:17:25.739+0000 7f79038f7700 1 --2- >> [v2:172.21.15.60:3300/0,v1:172.21.15.60:6789/0] conn(0x7f78fc109060 0x7f78fc10b450 unknown :-1 s=NONE pgs=0 cs=0 l=0 rev1=0 crypto rx=0 tx=0 comp rx=0 tx=0).connect
2024-04-23T10:17:26.543 INFO:teuthology.orchestra.run.smithi060.stdout:/usr/bin/ceph: stderr
2024-04-23T10:17:25.739+0000 7f79038f7700 1 -- --> [v2:172.21.15.60:3300/0,v1:172.21.15.60:6789/0] -- mon_getmap magic: 0 -- 0x7f78fc07be90 con 0x7f78fc109060
2024-04-23T10:17:26.544 INFO:teuthology.orchestra.run.smithi060.stdout:/usr/bin/ceph: stderr
2024-04-23T10:17:25.739+0000 7f7901693700 1 --2- >> [v2:172.21.15.60:3300/0,v1:172.21.15.60:6789/0] conn(0x7f78fc109060 0x7f78fc10b450 unknown :-1 s=BANNER_CONNECTING pgs=0 cs=0 l=0 rev1=0 crypto rx=0 tx=0 comp rx=0 tx=0)._handle_peer_banner_payload supported=3 required=0
2024-04-23T10:17:26.544 INFO:teuthology.orchestra.run.smithi060.stdout:/usr/bin/ceph: stderr
2024-04-23T10:17:25.739+0000 7f7901693700 1 --2- >> [v2:172.21.15.60:3300/0,v1:172.21.15.60:6789/0] conn(0x7f78fc109060 0x7f78fc10b450 unknown :-1 s=HELLO_CONNECTING pgs=0 cs=0 l=0 rev1=1 crypto rx=0 tx=0 comp rx=0 tx=0).handle_hello peer v2:172.21.15.60:3300/0 says I am v2:172.21.15.60:57030/0 (socket says 172.21.15.60:57030)
2024-04-23T10:17:26.544 INFO:teuthology.orchestra.run.smithi060.stdout:/usr/bin/ceph: stderr
2024-04-23T10:17:25.739+0000 7f7901693700 1 -- 172.21.15.60:0/3523418179 learned_addr learned my addr 172.21.15.60:0/3523418179 (peer_addr_for_me v2:172.21.15.60:0/0)
2024-04-23T10:17:26.544 INFO:teuthology.orchestra.run.smithi060.stdout:/usr/bin/ceph: stderr
2024-04-23T10:17:25.740+0000 7f7901693700 1 -- 172.21.15.60:0/3523418179 --> [v2:172.21.15.60:3300/0,v1:172.21.15.60:6789/0] -- mon_subscribe({config=0+,monmap=0+}) -- 0x7f78fc10b990 con 0x7f78fc109060
2024-04-23T10:17:26.544 INFO:teuthology.orchestra.run.smithi060.stdout:/usr/bin/ceph: stderr
2024-04-23T10:17:25.740+0000 7f7901693700 1 --2- 172.21.15.60:0/3523418179 >> [v2:172.21.15.60:3300/0,v1:172.21.15.60:6789/0] conn(0x7f78fc109060 0x7f78fc10b450 secure :-1 s=READY pgs=37 cs=0 l=1 rev1=1 crypto rx=0x7f78ec0098a0 tx=0x7f78ec009bb0 comp rx=0 tx=0).ready entity=mon.0 client_cookie=3ed2dce990005d62 server_cookie=0 in_seq=0 out_seq=0
2024-04-23T10:17:26.544 INFO:teuthology.orchestra.run.smithi060.stdout:/usr/bin/ceph: stderr
2024-04-23T10:17:25.740+0000 7f78f3fff700 1 -- 172.21.15.60:0/3523418179 <== mon.0 v2:172.21.15.60:3300/0 1 ==== mon_map magic: 0 ==== 205+0+0 (secure 0 0 0) 0x7f78ec004160 con 0x7f78fc109060
2024-04-23T10:17:26.544 INFO:teuthology.orchestra.run.smithi060.stdout:/usr/bin/ceph: stderr
2024-04-23T10:17:25.740+0000 7f78f3fff700 1 -- 172.21.15.60:0/3523418179 <== mon.0 v2:172.21.15.60:3300/0 2 ==== config(26 keys) ==== 1070+0+0 (secure 0 0 0) 0x7f78ec004300 con 0x7f78fc109060
2024-04-23T10:17:26.544 INFO:teuthology.orchestra.run.smithi060.stdout:/usr/bin/ceph: stderr
2024-04-23T10:17:25.740+0000 7f78f3fff700 1 -- 172.21.15.60:0/3523418179 <== mon.0 v2:172.21.15.60:3300/0 3 ==== mon_map magic: 0 ==== 205+0+0 (secure 0 0 0) 0x7f78ec011af0 con 0x7f78fc109060
2024-04-23T10:17:26.544 INFO:teuthology.orchestra.run.smithi060.stdout:/usr/bin/ceph: stderr
2024-04-23T10:17:25.740+0000 7f79038f7700 1 -- 172.21.15.60:0/3523418179 >> [v2:172.21.15.60:3300/0,v1:172.21.15.60:6789/0] conn(0x7f78fc109060 msgr2=0x7f78fc10b450 secure :-1 s=STATE_CONNECTION_ESTABLISHED l=1).mark_down
2024-04-23T10:17:26.544 INFO:teuthology.orchestra.run.smithi060.stdout:/usr/bin/ceph: stderr
2024-04-23T10:17:25.741+0000 7f79038f7700 1 --2- 172.21.15.60:0/3523418179 >> [v2:172.21.15.60:3300/0,v1:172.21.15.60:6789/0] conn(0x7f78fc109060 0x7f78fc10b450 secure :-1 s=READY pgs=37 cs=0 l=1 rev1=1 crypto rx=0x7f78ec0098a0 tx=0x7f78ec009bb0 comp rx=0 tx=0).stop
2024-04-23T10:17:26.544 INFO:teuthology.orchestra.run.smithi060.stdout:/usr/bin/ceph: stderr
2024-04-23T10:17:25.741+0000 7f79038f7700 1 -- 172.21.15.60:0/3523418179 shutdown_connections
2024-04-23T10:17:26.544 INFO:teuthology.orchestra.run.smithi060.stdout:/usr/bin/ceph: stderr
2024-04-23T10:17:25.741+0000 7f79038f7700 1 --2- 172.21.15.60:0/3523418179 >> [v2:172.21.15.60:3300/0,v1:172.21.15.60:6789/0] conn(0x7f78fc109060 0x7f78fc10b450 unknown :-1 s=CLOSED pgs=37 cs=0 l=1 rev1=1 crypto rx=0 tx=0 comp rx=0 tx=0).stop
2024-04-23T10:17:26.544 INFO:teuthology.orchestra.run.smithi060.stdout:/usr/bin/ceph: stderr
2024-04-23T10:17:25.741+0000 7f79038f7700 1 -- 172.21.15.60:0/3523418179 >> 172.21.15.60:0/3523418179 conn(0x7f78fc102a90 msgr2=0x7f78fc104ed0 unknown :-1 s=STATE_NONE l=0).mark_down
2024-04-23T10:17:26.544 INFO:teuthology.orchestra.run.smithi060.stdout:/usr/bin/ceph: stderr
2024-04-23T10:17:25.741+0000 7f79038f7700 1 -- 172.21.15.60:0/3523418179 shutdown_connections
2024-04-23T10:17:26.545 INFO:teuthology.orchestra.run.smithi060.stdout:/usr/bin/ceph: stderr
2024-04-23T10:17:25.741+0000 7f79038f7700 1 -- 172.21.15.60:0/3523418179 wait complete.
2024-04-23T10:17:26.545 INFO:teuthology.orchestra.run.smithi060.stdout:/usr/bin/ceph: stderr
2024-04-23T10:17:25.741+0000 7f79038f7700 1 Processor -- start
2024-04-23T10:17:26.545 INFO:teuthology.orchestra.run.smithi060.stdout:/usr/bin/ceph: stderr
2024-04-23T10:17:25.741+0000 7f79038f7700 1 -- start start
2024-04-23T10:17:26.545 INFO:teuthology.orchestra.run.smithi060.stdout:/usr/bin/ceph: stderr
2024-04-23T10:17:25.742+0000 7f79038f7700 1 --2- >> [v2:172.21.15.60:3300/0,v1:172.21.15.60:6789/0] conn(0x7f78fc109060 0x7f78fc19e660 unknown :-1 s=NONE pgs=0 cs=0 l=1 rev1=0 crypto rx=0 tx=0 comp rx=0 tx=0).connect
2024-04-23T10:17:26.545 INFO:teuthology.orchestra.run.smithi060.stdout:/usr/bin/ceph: stderr
2024-04-23T10:17:25.742+0000 7f79038f7700 1 -- --> [v2:172.21.15.60:3300/0,v1:172.21.15.60:6789/0] -- mon_getmap magic: 0 -- 0x7f78fc10c8f0 con 0x7f78fc109060
2024-04-23T10:17:26.545 INFO:teuthology.orchestra.run.smithi060.stdout:/usr/bin/ceph: stderr
2024-04-23T10:17:25.742+0000 7f7901693700 1 --2- >> [v2:172.21.15.60:3300/0,v1:172.21.15.60:6789/0] conn(0x7f78fc109060 0x7f78fc19e660 unknown :-1 s=BANNER_CONNECTING pgs=0 cs=0 l=1 rev1=0 crypto rx=0 tx=0 comp rx=0 tx=0)._handle_peer_banner_payload supported=3 required=0
2024-04-23T10:17:26.545 INFO:teuthology.orchestra.run.smithi060.stdout:/usr/bin/ceph: stderr
2024-04-23T10:17:25.742+0000 7f7901693700 1 --2- >> [v2:172.21.15.60:3300/0,v1:172.21.15.60:6789/0] conn(0x7f78fc109060 0x7f78fc19e660 unknown :-1 s=HELLO_CONNECTING pgs=0 cs=0 l=1 rev1=1 crypto rx=0 tx=0 comp rx=0 tx=0).handle_hello peer v2:172.21.15.60:3300/0 says I am v2:172.21.15.60:57042/0 (socket says 172.21.15.60:57042)
2024-04-23T10:17:26.545 INFO:teuthology.orchestra.run.smithi060.stdout:/usr/bin/ceph: stderr
2024-04-23T10:17:25.742+0000 7f7901693700 1 -- 172.21.15.60:0/2896334758 learned_addr learned my addr 172.21.15.60:0/2896334758 (peer_addr_for_me v2:172.21.15.60:0/0)
2024-04-23T10:17:26.545 INFO:teuthology.orchestra.run.smithi060.stdout:/usr/bin/ceph: stderr
2024-04-23T10:17:25.742+0000 7f7901693700 1 -- 172.21.15.60:0/2896334758 --> [v2:172.21.15.60:3300/0,v1:172.21.15.60:6789/0] -- mon_subscribe({config=0+,monmap=0+}) -- 0x7f78fc19eba0 con 0x7f78fc109060
2024-04-23T10:17:26.545 INFO:teuthology.orchestra.run.smithi060.stdout:/usr/bin/ceph: stderr
2024-04-23T10:17:25.742+0000 7f7901693700 1 --2- 172.21.15.60:0/2896334758 >> [v2:172.21.15.60:3300/0,v1:172.21.15.60:6789/0] conn(0x7f78fc109060 0x7f78fc19e660 secure :-1 s=READY pgs=38 cs=0 l=1 rev1=1 crypto rx=0x7f78ec003f40 tx=0x7f78ec011890 comp rx=0 tx=0).ready entity=mon.0 client_cookie=0 server_cookie=0 in_seq=0 out_seq=0
2024-04-23T10:17:26.545 INFO:teuthology.orchestra.run.smithi060.stdout:/usr/bin/ceph: stderr
2024-04-23T10:17:25.742+0000 7f78f27fc700 1 -- 172.21.15.60:0/2896334758 <== mon.0 v2:172.21.15.60:3300/0 1 ==== mon_map magic: 0 ==== 205+0+0 (secure 0 0 0) 0x7f78ec0038b0 con 0x7f78fc109060
2024-04-23T10:17:26.545 INFO:teuthology.orchestra.run.smithi060.stdout:/usr/bin/ceph: stderr
2024-04-23T10:17:25.742+0000 7f79038f7700 1 -- 172.21.15.60:0/2896334758 --> [v2:172.21.15.60:3300/0,v1:172.21.15.60:6789/0] -- mon_subscribe({mgrmap=0+}) -- 0x7f78fc19ee30 con 0x7f78fc109060
2024-04-23T10:17:26.545 INFO:teuthology.orchestra.run.smithi060.stdout:/usr/bin/ceph: stderr
2024-04-23T10:17:25.742+0000 7f78f27fc700 1 -- 172.21.15.60:0/2896334758 <== mon.0 v2:172.21.15.60:3300/0 2 ==== config(26 keys) ==== 1070+0+0 (secure 0 0 0) 0x7f78ec003a50 con 0x7f78fc109060
2024-04-23T10:17:26.545 INFO:teuthology.orchestra.run.smithi060.stdout:/usr/bin/ceph: stderr
2024-04-23T10:17:25.742+0000 7f78f27fc700 1 -- 172.21.15.60:0/2896334758 <== mon.0 v2:172.21.15.60:3300/0 3 ==== mon_map magic: 0 ==== 205+0+0 (secure 0 0 0) 0x7f78ec01a5c0 con 0x7f78fc109060
2024-04-23T10:17:26.546 INFO:teuthology.orchestra.run.smithi060.stdout:/usr/bin/ceph: stderr
2024-04-23T10:17:25.742+0000 7f79038f7700 1 -- 172.21.15.60:0/2896334758 --> [v2:172.21.15.60:3300/0,v1:172.21.15.60:6789/0] -- mon_subscribe({osdmap=0}) -- 0x7f78fc1a1b20 con 0x7f78fc109060
2024-04-23T10:17:26.546 INFO:teuthology.orchestra.run.smithi060.stdout:/usr/bin/ceph: stderr
2024-04-23T10:17:25.743+0000 7f78f27fc700 1 -- 172.21.15.60:0/2896334758 <== mon.0 v2:172.21.15.60:3300/0 4 ==== mgrmap(e 8) ==== 46558+0+0 (secure 0 0 0) 0x7f78ec024430 con 0x7f78fc109060
2024-04-23T10:17:26.546 INFO:teuthology.orchestra.run.smithi060.stdout:/usr/bin/ceph: stderr
2024-04-23T10:17:25.743+0000 7f79038f7700 1 -- 172.21.15.60:0/2896334758 --> [v2:172.21.15.60:3300/0,v1:172.21.15.60:6789/0] -- mon_command({"prefix": "get_command_descriptions"} v 0) -- 0x7f78fc0640a0 con 0x7f78fc109060
2024-04-23T10:17:26.546 INFO:teuthology.orchestra.run.smithi060.stdout:/usr/bin/ceph: stderr
2024-04-23T10:17:25.743+0000 7f78f27fc700 1 --2- 172.21.15.60:0/2896334758 >> [v2:172.21.15.60:6800/1299738206,v1:172.21.15.60:6801/1299738206] conn(0x7f78e8039560 0x7f78e803ba20 unknown :-1 s=NONE pgs=0 cs=0 l=1 rev1=0 crypto rx=0 tx=0 comp rx=0 tx=0).connect
2024-04-23T10:17:26.546 INFO:teuthology.orchestra.run.smithi060.stdout:/usr/bin/ceph: stderr
2024-04-23T10:17:25.743+0000 7f78f27fc700 1 -- 172.21.15.60:0/2896334758 <== mon.0 v2:172.21.15.60:3300/0 5 ==== osd_map(2..2 src has 1..2) ==== 940+0+0 (secure 0 0 0) 0x7f78ec04db20 con 0x7f78fc109060
2024-04-23T10:17:26.546 INFO:teuthology.orchestra.run.smithi060.stdout:/usr/bin/ceph: stderr
2024-04-23T10:17:25.744+0000 7f7900e92700 1 --2- 172.21.15.60:0/2896334758 >> [v2:172.21.15.60:6800/1299738206,v1:172.21.15.60:6801/1299738206] conn(0x7f78e8039560 0x7f78e803ba20 unknown :-1 s=BANNER_CONNECTING pgs=0 cs=0 l=1 rev1=0 crypto rx=0 tx=0 comp rx=0 tx=0)._handle_peer_banner_payload supported=3 required=0
2024-04-23T10:17:26.546 INFO:teuthology.orchestra.run.smithi060.stdout:/usr/bin/ceph: stderr
2024-04-23T10:17:25.744+0000 7f7900e92700 1 --2- 172.21.15.60:0/2896334758 >> [v2:172.21.15.60:6800/1299738206,v1:172.21.15.60:6801/1299738206] conn(0x7f78e8039560 0x7f78e803ba20 secure :-1 s=READY pgs=7 cs=0 l=1 rev1=1 crypto rx=0x7f78f8006fd0 tx=0x7f78f8006e40 comp rx=0 tx=0).ready entity=mgr.14120 client_cookie=0 server_cookie=0 in_seq=0 out_seq=0
2024-04-23T10:17:26.546 INFO:teuthology.orchestra.run.smithi060.stdout:/usr/bin/ceph: stderr
2024-04-23T10:17:25.749+0000 7f78f27fc700 1 -- 172.21.15.60:0/2896334758 <== mon.0 v2:172.21.15.60:3300/0 6 ==== mon_command_ack([{"prefix": "get_command_descriptions"}]=0 v0) ==== 72+0+188370 (secure 0 0 0) 0x7f78ec02d910 con 0x7f78fc109060
2024-04-23T10:17:26.546 INFO:teuthology.orchestra.run.smithi060.stdout:/usr/bin/ceph: stderr
2024-04-23T10:17:25.974+0000 7f79038f7700 1 -- 172.21.15.60:0/2896334758 --> [v2:172.21.15.60:6800/1299738206,v1:172.21.15.60:6801/1299738206] -- mgr_command(tid 0: {"prefix": "orch set backend", "module_name": "cephadm", "target": ["mon-mgr", ""]}) -- 0x7f78fc103be0 con 0x7f78e8039560
2024-04-23T10:17:26.546 INFO:teuthology.orchestra.run.smithi060.stdout:/usr/bin/ceph: stderr
2024-04-23T10:17:25.979+0000 7f78f27fc700 1 -- 172.21.15.60:0/2896334758 <== mgr.14120 v2:172.21.15.60:6800/1299738206 1 ==== mgr_command_reply(tid 0: 0 ) ==== 8+0+0 (secure 0 0 0) 0x7f78fc103be0 con 0x7f78e8039560
2024-04-23T10:17:26.546 INFO:teuthology.orchestra.run.smithi060.stdout:/usr/bin/ceph: stderr
2024-04-23T10:17:25.981+0000 7f79038f7700 1 -- 172.21.15.60:0/2896334758 >> [v2:172.21.15.60:6800/1299738206,v1:172.21.15.60:6801/1299738206] conn(0x7f78e8039560 msgr2=0x7f78e803ba20 secure :-1 s=STATE_CONNECTION_ESTABLISHED l=1).mark_down
2024-04-23T10:17:26.546 INFO:teuthology.orchestra.run.smithi060.stdout:/usr/bin/ceph: stderr
2024-04-23T10:17:25.981+0000 7f79038f7700 1 --2- 172.21.15.60:0/2896334758 >> [v2:172.21.15.60:6800/1299738206,v1:172.21.15.60:6801/1299738206] conn(0x7f78e8039560 0x7f78e803ba20 secure :-1 s=READY pgs=7 cs=0 l=1 rev1=1 crypto rx=0x7f78f8006fd0 tx=0x7f78f8006e40 comp rx=0 tx=0).stop
2024-04-23T10:17:26.546 INFO:teuthology.orchestra.run.smithi060.stdout:/usr/bin/ceph: stderr
2024-04-23T10:17:25.981+0000 7f79038f7700 1 -- 172.21.15.60:0/2896334758 >> [v2:172.21.15.60:3300/0,v1:172.21.15.60:6789/0] conn(0x7f78fc109060 msgr2=0x7f78fc19e660 secure :-1 s=STATE_CONNECTION_ESTABLISHED l=1).mark_down
2024-04-23T10:17:26.547 INFO:teuthology.orchestra.run.smithi060.stdout:/usr/bin/ceph: stderr
2024-04-23T10:17:25.981+0000 7f79038f7700 1 --2- 172.21.15.60:0/2896334758 >> [v2:172.21.15.60:3300/0,v1:172.21.15.60:6789/0] conn(0x7f78fc109060 0x7f78fc19e660 secure :-1 s=READY pgs=38 cs=0 l=1 rev1=1 crypto rx=0x7f78ec003f40 tx=0x7f78ec011890 comp rx=0 tx=0).stop
2024-04-23T10:17:26.547 INFO:teuthology.orchestra.run.smithi060.stdout:/usr/bin/ceph: stderr
2024-04-23T10:17:25.981+0000 7f79038f7700 1 -- 172.21.15.60:0/2896334758 shutdown_connections
2024-04-23T10:17:26.547 INFO:teuthology.orchestra.run.smithi060.stdout:/usr/bin/ceph: stderr
2024-04-23T10:17:25.981+0000 7f79038f7700 1 --2- 172.21.15.60:0/2896334758 >> [v2:172.21.15.60:6800/1299738206,v1:172.21.15.60:6801/1299738206] conn(0x7f78e8039560 0x7f78e803ba20 unknown :-1 s=CLOSED pgs=7 cs=0 l=1 rev1=1 crypto rx=0 tx=0 comp rx=0 tx=0).stop
2024-04-23T10:17:26.547 INFO:teuthology.orchestra.run.smithi060.stdout:/usr/bin/ceph: stderr
2024-04-23T10:17:25.981+0000 7f79038f7700 1 --2- 172.21.15.60:0/2896334758 >> [v2:172.21.15.60:3300/0,v1:172.21.15.60:6789/0] conn(0x7f78fc109060 0x7f78fc19e660 unknown :-1 s=CLOSED pgs=38 cs=0 l=1 rev1=1 crypto rx=0 tx=0 comp rx=0 tx=0).stop
2024-04-23T10:17:26.547 INFO:teuthology.orchestra.run.smithi060.stdout:/usr/bin/ceph: stderr
2024-04-23T10:17:25.981+0000 7f79038f7700 1 -- 172.21.15.60:0/2896334758 >> 172.21.15.60:0/2896334758 conn(0x7f78fc102a90 msgr2=0x7f78fc1034d0 unknown :-1 s=STATE_NONE l=0).mark_down
2024-04-23T10:17:26.547 INFO:teuthology.orchestra.run.smithi060.stdout:/usr/bin/ceph: stderr
2024-04-23T10:17:25.981+0000 7f79038f7700 1 -- 172.21.15.60:0/2896334758 shutdown_connections
2024-04-23T10:17:26.547 INFO:teuthology.orchestra.run.smithi060.stdout:/usr/bin/ceph: stderr
2024-04-23T10:17:25.981+0000 7f79038f7700 1 -- 172.21.15.60:0/2896334758 wait complete.
2024-04-23T10:17:26.788 INFO:journalctl@ceph.mon.a.smithi060.stdout:Apr 23 10:17:26 smithi060 ceph-mon[29213]: mgrmap e8: x(active, since 2s)
2024-04-23T10:17:26.788 INFO:journalctl@ceph.mon.a.smithi060.stdout:Apr 23 10:17:26 smithi060 ceph-mon[29213]: from='client.14132 -' entity='client.admin' cmd=[{"prefix": "orch set backend", "module_name": "cephadm", "target": ["mon-mgr", ""]}]: dispatch
2024-04-23T10:17:26.789 INFO:journalctl@ceph.mon.a.smithi060.stdout:Apr 23 10:17:26 smithi060 ceph-mon[29213]: from='mgr.14120 172.21.15.60:0/3867537732' entity='mgr.x'
2024-04-23T10:17:26.789 INFO:journalctl@ceph.mon.a.smithi060.stdout:Apr 23 10:17:26 smithi060 ceph-mon[29213]: from='mgr.14120 172.21.15.60:0/3867537732' entity='mgr.x' cmd=[{"prefix": "config dump", "format": "json"}]: dispatch
2024-04-23T10:17:27.782 INFO:journalctl@ceph.mon.a.smithi060.stdout:Apr 23 10:17:27 smithi060 ceph-mon[29213]: from='client.14134 -' entity='client.admin' cmd=[{"prefix": "cephadm set-user", "user": "root", "target": ["mon-mgr", ""]}]: dispatch
2024-04-23T10:17:27.791 INFO:teuthology.orchestra.run.smithi060.stdout:/usr/bin/ceph: stdout value unchanged
2024-04-23T10:17:27.791 INFO:teuthology.orchestra.run.smithi060.stdout:/usr/bin/ceph: stderr
2024-04-23T10:17:26.999+0000 7fbdb026a700 1 Processor -- start
2024-04-23T10:17:27.791 INFO:teuthology.orchestra.run.smithi060.stdout:/usr/bin/ceph: stderr
2024-04-23T10:17:26.999+0000 7fbdb026a700 1 -- start start
2024-04-23T10:17:27.791 INFO:teuthology.orchestra.run.smithi060.stdout:/usr/bin/ceph: stderr
2024-04-23T10:17:26.999+0000 7fbdb026a700 1 --2- >> [v2:172.21.15.60:3300/0,v1:172.21.15.60:6789/0] conn(0x7fbda81090a0 0x7fbda810b490 unknown :-1 s=NONE pgs=0 cs=0 l=0 rev1=0 crypto rx=0 tx=0 comp rx=0 tx=0).connect
2024-04-23T10:17:27.791 INFO:teuthology.orchestra.run.smithi060.stdout:/usr/bin/ceph: stderr
2024-04-23T10:17:26.999+0000 7fbdb026a700 1 -- --> [v2:172.21.15.60:3300/0,v1:172.21.15.60:6789/0] -- mon_getmap magic: 0 -- 0x7fbda807be30 con 0x7fbda81090a0
2024-04-23T10:17:27.792 INFO:teuthology.orchestra.run.smithi060.stdout:/usr/bin/ceph: stderr
2024-04-23T10:17:26.999+0000 7fbdae006700 1 --2- >> [v2:172.21.15.60:3300/0,v1:172.21.15.60:6789/0] conn(0x7fbda81090a0 0x7fbda810b490 unknown :-1 s=BANNER_CONNECTING pgs=0 cs=0 l=0 rev1=0 crypto rx=0 tx=0 comp rx=0 tx=0)._handle_peer_banner_payload supported=3 required=0
2024-04-23T10:17:27.792 INFO:teuthology.orchestra.run.smithi060.stdout:/usr/bin/ceph: stderr
2024-04-23T10:17:26.999+0000 7fbdae006700 1 --2- >> [v2:172.21.15.60:3300/0,v1:172.21.15.60:6789/0] conn(0x7fbda81090a0 0x7fbda810b490 unknown :-1 s=HELLO_CONNECTING pgs=0 cs=0 l=0 rev1=1 crypto rx=0 tx=0 comp rx=0 tx=0).handle_hello peer v2:172.21.15.60:3300/0 says I am v2:172.21.15.60:57050/0 (socket says 172.21.15.60:57050)
2024-04-23T10:17:27.792 INFO:teuthology.orchestra.run.smithi060.stdout:/usr/bin/ceph: stderr
2024-04-23T10:17:26.999+0000 7fbdae006700 1 -- 172.21.15.60:0/1345391867 learned_addr learned my addr 172.21.15.60:0/1345391867 (peer_addr_for_me v2:172.21.15.60:0/0)
2024-04-23T10:17:27.792 INFO:teuthology.orchestra.run.smithi060.stdout:/usr/bin/ceph: stderr
2024-04-23T10:17:27.000+0000 7fbdae006700 1 -- 172.21.15.60:0/1345391867 --> [v2:172.21.15.60:3300/0,v1:172.21.15.60:6789/0] -- mon_subscribe({config=0+,monmap=0+}) -- 0x7fbda810b9d0 con 0x7fbda81090a0
2024-04-23T10:17:27.792 INFO:teuthology.orchestra.run.smithi060.stdout:/usr/bin/ceph: stderr
2024-04-23T10:17:27.000+0000 7fbdae006700 1 --2- 172.21.15.60:0/1345391867 >> [v2:172.21.15.60:3300/0,v1:172.21.15.60:6789/0] conn(0x7fbda81090a0 0x7fbda810b490 secure :-1 s=READY pgs=39 cs=0 l=1 rev1=1 crypto rx=0x7fbda40098a0 tx=0x7fbda4009bb0 comp rx=0 tx=0).ready entity=mon.0 client_cookie=d56f236f11457681 server_cookie=0 in_seq=0 out_seq=0
2024-04-23T10:17:27.792 INFO:teuthology.orchestra.run.smithi060.stdout:/usr/bin/ceph: stderr
2024-04-23T10:17:27.000+0000 7fbdad004700 1 -- 172.21.15.60:0/1345391867 <== mon.0 v2:172.21.15.60:3300/0 1 ==== mon_map magic: 0 ==== 205+0+0 (secure 0 0 0) 0x7fbda4004160 con 0x7fbda81090a0
2024-04-23T10:17:27.792 INFO:teuthology.orchestra.run.smithi060.stdout:/usr/bin/ceph: stderr
2024-04-23T10:17:27.000+0000 7fbdad004700 1 -- 172.21.15.60:0/1345391867 <== mon.0 v2:172.21.15.60:3300/0 2 ==== config(26 keys) ==== 1070+0+0 (secure 0 0 0) 0x7fbda4004300 con 0x7fbda81090a0
2024-04-23T10:17:27.792 INFO:teuthology.orchestra.run.smithi060.stdout:/usr/bin/ceph: stderr
2024-04-23T10:17:27.000+0000 7fbdad004700 1 -- 172.21.15.60:0/1345391867 <== mon.0 v2:172.21.15.60:3300/0 3 ==== mon_map magic: 0 ==== 205+0+0 (secure 0 0 0) 0x7fbda4011af0 con 0x7fbda81090a0
2024-04-23T10:17:27.792 INFO:teuthology.orchestra.run.smithi060.stdout:/usr/bin/ceph: stderr
2024-04-23T10:17:27.000+0000 7fbdb026a700 1 -- 172.21.15.60:0/1345391867 >> [v2:172.21.15.60:3300/0,v1:172.21.15.60:6789/0] conn(0x7fbda81090a0 msgr2=0x7fbda810b490 secure :-1 s=STATE_CONNECTION_ESTABLISHED l=1).mark_down
2024-04-23T10:17:27.792 INFO:teuthology.orchestra.run.smithi060.stdout:/usr/bin/ceph: stderr
2024-04-23T10:17:27.000+0000 7fbdb026a700 1 --2- 172.21.15.60:0/1345391867 >> [v2:172.21.15.60:3300/0,v1:172.21.15.60:6789/0] conn(0x7fbda81090a0 0x7fbda810b490 secure :-1 s=READY pgs=39 cs=0 l=1 rev1=1 crypto rx=0x7fbda40098a0 tx=0x7fbda4009bb0 comp rx=0 tx=0).stop
2024-04-23T10:17:27.792 INFO:teuthology.orchestra.run.smithi060.stdout:/usr/bin/ceph: stderr
2024-04-23T10:17:27.001+0000 7fbdb026a700 1 -- 172.21.15.60:0/1345391867 shutdown_connections
2024-04-23T10:17:27.792 INFO:teuthology.orchestra.run.smithi060.stdout:/usr/bin/ceph: stderr
2024-04-23T10:17:27.001+0000 7fbdb026a700 1 --2- 172.21.15.60:0/1345391867 >> [v2:172.21.15.60:3300/0,v1:172.21.15.60:6789/0] conn(0x7fbda81090a0 0x7fbda810b490 unknown :-1 s=CLOSED pgs=39 cs=0 l=1 rev1=1 crypto rx=0 tx=0 comp rx=0 tx=0).stop
2024-04-23T10:17:27.793 INFO:teuthology.orchestra.run.smithi060.stdout:/usr/bin/ceph: stderr
2024-04-23T10:17:27.001+0000 7fbdb026a700 1 -- 172.21.15.60:0/1345391867 >> 172.21.15.60:0/1345391867 conn(0x7fbda8102ad0 msgr2=0x7fbda8104ef0 unknown :-1 s=STATE_NONE l=0).mark_down
2024-04-23T10:17:27.793 INFO:teuthology.orchestra.run.smithi060.stdout:/usr/bin/ceph: stderr
2024-04-23T10:17:27.001+0000 7fbdb026a700 1 -- 172.21.15.60:0/1345391867 shutdown_connections
2024-04-23T10:17:27.793 INFO:teuthology.orchestra.run.smithi060.stdout:/usr/bin/ceph: stderr
2024-04-23T10:17:27.001+0000 7fbdb026a700 1 -- 172.21.15.60:0/1345391867 wait complete.
2024-04-23T10:17:27.793 INFO:teuthology.orchestra.run.smithi060.stdout:/usr/bin/ceph: stderr
2024-04-23T10:17:27.001+0000 7fbdb026a700 1 Processor -- start
2024-04-23T10:17:27.793 INFO:teuthology.orchestra.run.smithi060.stdout:/usr/bin/ceph: stderr
2024-04-23T10:17:27.001+0000 7fbdb026a700 1 -- start start
2024-04-23T10:17:27.793 INFO:teuthology.orchestra.run.smithi060.stdout:/usr/bin/ceph: stderr
2024-04-23T10:17:27.001+0000 7fbdb026a700 1 --2- >> [v2:172.21.15.60:3300/0,v1:172.21.15.60:6789/0] conn(0x7fbda81090a0 0x7fbda819c450 unknown :-1 s=NONE pgs=0 cs=0 l=1 rev1=0 crypto rx=0 tx=0 comp rx=0 tx=0).connect
2024-04-23T10:17:27.793 INFO:teuthology.orchestra.run.smithi060.stdout:/usr/bin/ceph: stderr
2024-04-23T10:17:27.001+0000 7fbdb026a700 1 -- --> [v2:172.21.15.60:3300/0,v1:172.21.15.60:6789/0] -- mon_getmap magic: 0 -- 0x7fbda810c8d0 con 0x7fbda81090a0
2024-04-23T10:17:27.793 INFO:teuthology.orchestra.run.smithi060.stdout:/usr/bin/ceph: stderr
2024-04-23T10:17:27.002+0000 7fbdae006700 1 --2- >> [v2:172.21.15.60:3300/0,v1:172.21.15.60:6789/0] conn(0x7fbda81090a0 0x7fbda819c450 unknown :-1 s=BANNER_CONNECTING pgs=0 cs=0 l=1 rev1=0 crypto rx=0 tx=0 comp rx=0 tx=0)._handle_peer_banner_payload supported=3 required=0
2024-04-23T10:17:27.793 INFO:teuthology.orchestra.run.smithi060.stdout:/usr/bin/ceph: stderr
2024-04-23T10:17:27.002+0000 7fbdae006700 1 --2- >> [v2:172.21.15.60:3300/0,v1:172.21.15.60:6789/0] conn(0x7fbda81090a0 0x7fbda819c450 unknown :-1 s=HELLO_CONNECTING pgs=0 cs=0 l=1 rev1=1 crypto rx=0 tx=0 comp rx=0 tx=0).handle_hello peer v2:172.21.15.60:3300/0 says I am v2:172.21.15.60:57064/0 (socket says 172.21.15.60:57064)
2024-04-23T10:17:27.793 INFO:teuthology.orchestra.run.smithi060.stdout:/usr/bin/ceph: stderr
2024-04-23T10:17:27.002+0000 7fbdae006700 1 -- 172.21.15.60:0/832164886 learned_addr learned my addr 172.21.15.60:0/832164886 (peer_addr_for_me v2:172.21.15.60:0/0)
2024-04-23T10:17:27.793 INFO:teuthology.orchestra.run.smithi060.stdout:/usr/bin/ceph: stderr
2024-04-23T10:17:27.002+0000 7fbdae006700 1 -- 172.21.15.60:0/832164886 --> [v2:172.21.15.60:3300/0,v1:172.21.15.60:6789/0] -- mon_subscribe({config=0+,monmap=0+}) -- 0x7fbda819c990 con 0x7fbda81090a0
2024-04-23T10:17:27.793 INFO:teuthology.orchestra.run.smithi060.stdout:/usr/bin/ceph: stderr
2024-04-23T10:17:27.002+0000 7fbdae006700 1 --2- 172.21.15.60:0/832164886 >> [v2:172.21.15.60:3300/0,v1:172.21.15.60:6789/0] conn(0x7fbda81090a0 0x7fbda819c450 secure :-1 s=READY pgs=40 cs=0 l=1 rev1=1 crypto rx=0x7fbda4011ac0 tx=0x7fbda4011ba0 comp rx=0 tx=0).ready entity=mon.0 client_cookie=0 server_cookie=0 in_seq=0 out_seq=0
2024-04-23T10:17:27.793 INFO:teuthology.orchestra.run.smithi060.stdout:/usr/bin/ceph: stderr
2024-04-23T10:17:27.002+0000 7fbd9f7fe700 1 -- 172.21.15.60:0/832164886 <== mon.0 v2:172.21.15.60:3300/0 1 ==== mon_map magic: 0 ==== 205+0+0 (secure 0 0 0) 0x7fbda4003b20 con 0x7fbda81090a0
2024-04-23T10:17:27.794 INFO:teuthology.orchestra.run.smithi060.stdout:/usr/bin/ceph: stderr
2024-04-23T10:17:27.002+0000 7fbd9f7fe700 1 -- 172.21.15.60:0/832164886 <== mon.0 v2:172.21.15.60:3300/0 2 ==== config(26 keys) ==== 1070+0+0 (secure 0 0 0) 0x7fbda401a8c0 con 0x7fbda81090a0
2024-04-23T10:17:27.794 INFO:teuthology.orchestra.run.smithi060.stdout:/usr/bin/ceph: stderr
2024-04-23T10:17:27.002+0000 7fbdb026a700 1 -- 172.21.15.60:0/832164886 --> [v2:172.21.15.60:3300/0,v1:172.21.15.60:6789/0] -- mon_subscribe({mgrmap=0+}) -- 0x7fbda819cc20 con 0x7fbda81090a0
2024-04-23T10:17:27.794 INFO:teuthology.orchestra.run.smithi060.stdout:/usr/bin/ceph: stderr
2024-04-23T10:17:27.002+0000 7fbd9f7fe700 1 -- 172.21.15.60:0/832164886 <== mon.0 v2:172.21.15.60:3300/0 3 ==== mon_map magic: 0 ==== 205+0+0 (secure 0 0 0) 0x7fbda40248d0 con 0x7fbda81090a0
2024-04-23T10:17:27.794 INFO:teuthology.orchestra.run.smithi060.stdout:/usr/bin/ceph: stderr
2024-04-23T10:17:27.002+0000 7fbdb026a700 1 -- 172.21.15.60:0/832164886 --> [v2:172.21.15.60:3300/0,v1:172.21.15.60:6789/0] -- mon_subscribe({osdmap=0}) -- 0x7fbda819f910 con 0x7fbda81090a0
2024-04-23T10:17:27.794 INFO:teuthology.orchestra.run.smithi060.stdout:/usr/bin/ceph: stderr
2024-04-23T10:17:27.003+0000 7fbd9f7fe700 1 -- 172.21.15.60:0/832164886 <== mon.0 v2:172.21.15.60:3300/0 4 ==== mgrmap(e 8) ==== 46558+0+0 (secure 0 0 0) 0x7fbda4022020 con 0x7fbda81090a0
2024-04-23T10:17:27.794 INFO:teuthology.orchestra.run.smithi060.stdout:/usr/bin/ceph: stderr
2024-04-23T10:17:27.003+0000 7fbdb026a700 1 -- 172.21.15.60:0/832164886 --> [v2:172.21.15.60:3300/0,v1:172.21.15.60:6789/0] -- mon_command({"prefix": "get_command_descriptions"} v 0) -- 0x7fbda8069b80 con 0x7fbda81090a0
2024-04-23T10:17:27.794 INFO:teuthology.orchestra.run.smithi060.stdout:/usr/bin/ceph: stderr
2024-04-23T10:17:27.003+0000 7fbd9f7fe700 1 --2- 172.21.15.60:0/832164886 >> [v2:172.21.15.60:6800/1299738206,v1:172.21.15.60:6801/1299738206] conn(0x7fbd94039600 0x7fbd9403bac0 unknown :-1 s=NONE pgs=0 cs=0 l=1 rev1=0 crypto rx=0 tx=0 comp rx=0 tx=0).connect
2024-04-23T10:17:27.794 INFO:teuthology.orchestra.run.smithi060.stdout:/usr/bin/ceph: stderr
2024-04-23T10:17:27.003+0000 7fbd9f7fe700 1 -- 172.21.15.60:0/832164886 <== mon.0 v2:172.21.15.60:3300/0 5 ==== osd_map(2..2 src has 1..2) ==== 940+0+0 (secure 0 0 0) 0x7fbda404d800 con 0x7fbda81090a0
2024-04-23T10:17:27.794 INFO:teuthology.orchestra.run.smithi060.stdout:/usr/bin/ceph: stderr
2024-04-23T10:17:27.004+0000 7fbdad805700 1 --2- 172.21.15.60:0/832164886 >> [v2:172.21.15.60:6800/1299738206,v1:172.21.15.60:6801/1299738206] conn(0x7fbd94039600 0x7fbd9403bac0 unknown :-1 s=BANNER_CONNECTING pgs=0 cs=0 l=1 rev1=0 crypto rx=0 tx=0 comp rx=0 tx=0)._handle_peer_banner_payload supported=3 required=0
2024-04-23T10:17:27.794 INFO:teuthology.orchestra.run.smithi060.stdout:/usr/bin/ceph: stderr
2024-04-23T10:17:27.004+0000 7fbdad805700 1 --2- 172.21.15.60:0/832164886 >> [v2:172.21.15.60:6800/1299738206,v1:172.21.15.60:6801/1299738206] conn(0x7fbd94039600 0x7fbd9403bac0 secure :-1 s=READY pgs=8 cs=0 l=1 rev1=1 crypto rx=0x7fbd98006fd0 tx=0x7fbd98006e40 comp rx=0 tx=0).ready entity=mgr.14120 client_cookie=0 server_cookie=0 in_seq=0 out_seq=0
2024-04-23T10:17:27.794 INFO:teuthology.orchestra.run.smithi060.stdout:/usr/bin/ceph: stderr
2024-04-23T10:17:27.009+0000 7fbd9f7fe700 1 -- 172.21.15.60:0/832164886 <== mon.0 v2:172.21.15.60:3300/0 6 ==== mon_command_ack([{"prefix": "get_command_descriptions"}]=0 v0) ==== 72+0+188370 (secure 0 0 0) 0x7fbda400f2e0 con 0x7fbda81090a0
2024-04-23T10:17:27.794 INFO:teuthology.orchestra.run.smithi060.stdout:/usr/bin/ceph: stderr
2024-04-23T10:17:27.218+0000 7fbdb026a700 1 -- 172.21.15.60:0/832164886 --> [v2:172.21.15.60:6800/1299738206,v1:172.21.15.60:6801/1299738206] -- mgr_command(tid 0: {"prefix": "cephadm set-user", "user": "root", "target": ["mon-mgr", ""]}) -- 0x7fbda8103cd0 con 0x7fbd94039600
2024-04-23T10:17:27.795 INFO:teuthology.orchestra.run.smithi060.stdout:/usr/bin/ceph: stderr
2024-04-23T10:17:27.218+0000 7fbd9f7fe700 1 -- 172.21.15.60:0/832164886 <== mgr.14120 v2:172.21.15.60:6800/1299738206 1 ==== mgr_command_reply(tid 0: 0 ) ==== 8+0+16 (secure 0 0 0) 0x7fbda8103cd0 con 0x7fbd94039600
2024-04-23T10:17:27.795 INFO:teuthology.orchestra.run.smithi060.stdout:/usr/bin/ceph: stderr
2024-04-23T10:17:27.220+0000 7fbdb026a700 1 -- 172.21.15.60:0/832164886 >> [v2:172.21.15.60:6800/1299738206,v1:172.21.15.60:6801/1299738206] conn(0x7fbd94039600 msgr2=0x7fbd9403bac0 secure :-1 s=STATE_CONNECTION_ESTABLISHED l=1).mark_down
2024-04-23T10:17:27.795 INFO:teuthology.orchestra.run.smithi060.stdout:/usr/bin/ceph: stderr
2024-04-23T10:17:27.220+0000 7fbdb026a700 1 --2- 172.21.15.60:0/832164886 >> [v2:172.21.15.60:6800/1299738206,v1:172.21.15.60:6801/1299738206] conn(0x7fbd94039600 0x7fbd9403bac0 secure :-1 s=READY pgs=8 cs=0 l=1 rev1=1 crypto rx=0x7fbd98006fd0 tx=0x7fbd98006e40 comp rx=0 tx=0).stop
2024-04-23T10:17:27.795 INFO:teuthology.orchestra.run.smithi060.stdout:/usr/bin/ceph: stderr
2024-04-23T10:17:27.220+0000 7fbdb026a700 1 -- 172.21.15.60:0/832164886 >> [v2:172.21.15.60:3300/0,v1:172.21.15.60:6789/0] conn(0x7fbda81090a0 msgr2=0x7fbda819c450 secure :-1 s=STATE_CONNECTION_ESTABLISHED l=1).mark_down
2024-04-23T10:17:27.795 INFO:teuthology.orchestra.run.smithi060.stdout:/usr/bin/ceph: stderr
2024-04-23T10:17:27.221+0000 7fbdb026a700 1 --2- 172.21.15.60:0/832164886 >> [v2:172.21.15.60:3300/0,v1:172.21.15.60:6789/0] conn(0x7fbda81090a0 0x7fbda819c450 secure :-1 s=READY pgs=40 cs=0 l=1 rev1=1 crypto rx=0x7fbda4011ac0 tx=0x7fbda4011ba0 comp rx=0 tx=0).stop
2024-04-23T10:17:27.795 INFO:teuthology.orchestra.run.smithi060.stdout:/usr/bin/ceph: stderr
2024-04-23T10:17:27.221+0000 7fbdb026a700 1 -- 172.21.15.60:0/832164886 shutdown_connections
2024-04-23T10:17:27.795 INFO:teuthology.orchestra.run.smithi060.stdout:/usr/bin/ceph: stderr
2024-04-23T10:17:27.221+0000 7fbdb026a700 1 --2- 172.21.15.60:0/832164886 >> [v2:172.21.15.60:6800/1299738206,v1:172.21.15.60:6801/1299738206] conn(0x7fbd94039600 0x7fbd9403bac0 unknown :-1 s=CLOSED pgs=8 cs=0 l=1 rev1=1 crypto rx=0 tx=0 comp rx=0 tx=0).stop
2024-04-23T10:17:27.795 INFO:teuthology.orchestra.run.smithi060.stdout:/usr/bin/ceph: stderr
2024-04-23T10:17:27.221+0000 7fbdb026a700 1 --2- 172.21.15.60:0/832164886 >> [v2:172.21.15.60:3300/0,v1:172.21.15.60:6789/0] conn(0x7fbda81090a0 0x7fbda819c450 unknown :-1 s=CLOSED pgs=40 cs=0 l=1 rev1=1 crypto rx=0 tx=0 comp rx=0 tx=0).stop
2024-04-23T10:17:27.795 INFO:teuthology.orchestra.run.smithi060.stdout:/usr/bin/ceph: stderr
2024-04-23T10:17:27.221+0000 7fbdb026a700 1 -- 172.21.15.60:0/832164886 >> 172.21.15.60:0/832164886 conn(0x7fbda8102ad0 msgr2=0x7fbda81035c0 unknown :-1 s=STATE_NONE l=0).mark_down
2024-04-23T10:17:27.795 INFO:teuthology.orchestra.run.smithi060.stdout:/usr/bin/ceph: stderr
2024-04-23T10:17:27.221+0000 7fbdb026a700 1 -- 172.21.15.60:0/832164886 shutdown_connections
2024-04-23T10:17:27.795 INFO:teuthology.orchestra.run.smithi060.stdout:/usr/bin/ceph: stderr
2024-04-23T10:17:27.221+0000 7fbdb026a700 1 -- 172.21.15.60:0/832164886 wait complete.
2024-04-23T10:17:27.795 INFO:teuthology.orchestra.run.smithi060.stdout:Generating ssh key...
2024-04-23T10:17:28.997 INFO:journalctl@ceph.mon.a.smithi060.stdout:Apr 23 10:17:28 smithi060 ceph-mon[29213]: from='client.14136 -' entity='client.admin' cmd=[{"prefix": "cephadm generate-key", "target": ["mon-mgr", ""]}]: dispatch
2024-04-23T10:17:28.997 INFO:journalctl@ceph.mon.a.smithi060.stdout:Apr 23 10:17:28 smithi060 ceph-mon[29213]: Generating ssh key...
2024-04-23T10:17:28.997 INFO:journalctl@ceph.mon.a.smithi060.stdout:Apr 23 10:17:28 smithi060 ceph-mon[29213]: from='mgr.14120 172.21.15.60:0/3867537732' entity='mgr.x'
2024-04-23T10:17:28.997 INFO:journalctl@ceph.mon.a.smithi060.stdout:Apr 23 10:17:28 smithi060 ceph-mon[29213]: from='mgr.14120 172.21.15.60:0/3867537732' entity='mgr.x'
2024-04-23T10:17:28.997 INFO:journalctl@ceph.mgr.x.smithi060.stdout:Apr 23 10:17:28 smithi060 ceph-a9dba674-0159-11ef-bc93-c7b262605968-mgr-x[29441]: Generating public/private rsa key pair.
2024-04-23T10:17:28.997 INFO:journalctl@ceph.mgr.x.smithi060.stdout:Apr 23 10:17:28 smithi060 ceph-a9dba674-0159-11ef-bc93-c7b262605968-mgr-x[29441]: Your identification has been saved in /tmp/tmp7bdbxmov/key.
2024-04-23T10:17:28.997 INFO:journalctl@ceph.mgr.x.smithi060.stdout:Apr 23 10:17:28 smithi060 ceph-a9dba674-0159-11ef-bc93-c7b262605968-mgr-x[29441]: Your public key has been saved in /tmp/tmp7bdbxmov/key.pub.
2024-04-23T10:17:28.997 INFO:journalctl@ceph.mgr.x.smithi060.stdout:Apr 23 10:17:28 smithi060 ceph-a9dba674-0159-11ef-bc93-c7b262605968-mgr-x[29441]: The key fingerprint is:
2024-04-23T10:17:28.997 INFO:journalctl@ceph.mgr.x.smithi060.stdout:Apr 23 10:17:28 smithi060 ceph-a9dba674-0159-11ef-bc93-c7b262605968-mgr-x[29441]: SHA256:O6uwRfRsIhl+NpOMp/3qzW0eYU3CXwxcs45mOVJQD0U ceph-a9dba674-0159-11ef-bc93-c7b262605968
2024-04-23T10:17:28.997 INFO:journalctl@ceph.mgr.x.smithi060.stdout:Apr 23 10:17:28 smithi060 ceph-a9dba674-0159-11ef-bc93-c7b262605968-mgr-x[29441]: The key's randomart image is:
2024-04-23T10:17:28.998 INFO:journalctl@ceph.mgr.x.smithi060.stdout:Apr 23 10:17:28 smithi060 ceph-a9dba674-0159-11ef-bc93-c7b262605968-mgr-x[29441]: +---[RSA 3072]----+
2024-04-23T10:17:28.998 INFO:journalctl@ceph.mgr.x.smithi060.stdout:Apr 23 10:17:28 smithi060 ceph-a9dba674-0159-11ef-bc93-c7b262605968-mgr-x[29441]: | .o++E |
2024-04-23T10:17:28.998 INFO:journalctl@ceph.mgr.x.smithi060.stdout:Apr 23 10:17:28 smithi060 ceph-a9dba674-0159-11ef-bc93-c7b262605968-mgr-x[29441]: | . ..= o |
2024-04-23T10:17:28.998 INFO:journalctl@ceph.mgr.x.smithi060.stdout:Apr 23 10:17:28 smithi060 ceph-a9dba674-0159-11ef-bc93-c7b262605968-mgr-x[29441]: | . . o o = |
2024-04-23T10:17:28.998 INFO:journalctl@ceph.mgr.x.smithi060.stdout:Apr 23 10:17:28 smithi060 ceph-a9dba674-0159-11ef-bc93-c7b262605968-mgr-x[29441]: | . * + * = |
2024-04-23T10:17:28.998 INFO:journalctl@ceph.mgr.x.smithi060.stdout:Apr 23 10:17:28 smithi060 ceph-a9dba674-0159-11ef-bc93-c7b262605968-mgr-x[29441]: | = @ S + O . |
2024-04-23T10:17:28.998 INFO:journalctl@ceph.mgr.x.smithi060.stdout:Apr 23 10:17:28 smithi060 ceph-a9dba674-0159-11ef-bc93-c7b262605968-mgr-x[29441]: | O = o = . |
2024-04-23T10:17:28.998 INFO:journalctl@ceph.mgr.x.smithi060.stdout:Apr 23 10:17:28 smithi060 ceph-a9dba674-0159-11ef-bc93-c7b262605968-mgr-x[29441]: | o o o . |
2024-04-23T10:17:28.998 INFO:journalctl@ceph.mgr.x.smithi060.stdout:Apr 23 10:17:28 smithi060 ceph-a9dba674-0159-11ef-bc93-c7b262605968-mgr-x[29441]: | + + +.. |
