2024-04-23T10:17:36.313+0000 7fb4a5510700 1 -- --> [v2:172.21.15.60:3300/0,v1:172.21.15.60:6789/0] -- mon_getmap magic: 0 -- 0x7fb4a007c800 con 0x7fb4a007de10
2024-04-23T10:17:37.115 INFO:teuthology.orchestra.run.smithi060.stdout:/usr/bin/ceph: stderr
2024-04-23T10:17:36.314+0000 7fb49effd700 1 --2- >> [v2:172.21.15.60:3300/0,v1:172.21.15.60:6789/0] conn(0x7fb4a007de10 0x7fb4a007c2c0 unknown :-1 s=BANNER_CONNECTING pgs=0 cs=0 l=0 rev1=0 crypto rx=0 tx=0 comp rx=0 tx=0)._handle_peer_banner_payload supported=3 required=0
2024-04-23T10:17:37.115 INFO:teuthology.orchestra.run.smithi060.stdout:/usr/bin/ceph: stderr
2024-04-23T10:17:36.314+0000 7fb49effd700 1 --2- >> [v2:172.21.15.60:3300/0,v1:172.21.15.60:6789/0] conn(0x7fb4a007de10 0x7fb4a007c2c0 unknown :-1 s=HELLO_CONNECTING pgs=0 cs=0 l=0 rev1=1 crypto rx=0 tx=0 comp rx=0 tx=0).handle_hello peer v2:172.21.15.60:3300/0 says I am v2:172.21.15.60:37294/0 (socket says 172.21.15.60:37294)
2024-04-23T10:17:37.115 INFO:teuthology.orchestra.run.smithi060.stdout:/usr/bin/ceph: stderr
2024-04-23T10:17:36.314+0000 7fb49effd700 1 -- 172.21.15.60:0/2550850085 learned_addr learned my addr 172.21.15.60:0/2550850085 (peer_addr_for_me v2:172.21.15.60:0/0)
2024-04-23T10:17:37.115 INFO:teuthology.orchestra.run.smithi060.stdout:/usr/bin/ceph: stderr
2024-04-23T10:17:36.314+0000 7fb49effd700 1 -- 172.21.15.60:0/2550850085 --> [v2:172.21.15.60:3300/0,v1:172.21.15.60:6789/0] -- mon_subscribe({config=0+,monmap=0+}) -- 0x7fb4a007c980 con 0x7fb4a007de10
2024-04-23T10:17:37.115 INFO:teuthology.orchestra.run.smithi060.stdout:/usr/bin/ceph: stderr
2024-04-23T10:17:36.314+0000 7fb49effd700 1 --2- 172.21.15.60:0/2550850085 >> [v2:172.21.15.60:3300/0,v1:172.21.15.60:6789/0] conn(0x7fb4a007de10 0x7fb4a007c2c0 secure :-1 s=READY pgs=47 cs=0 l=1 rev1=1 crypto rx=0x7fb4900098a0 tx=0x7fb490009bb0 comp rx=0 tx=0).ready entity=mon.0 client_cookie=ac0d279ff71711ec server_cookie=0 in_seq=0 out_seq=0
2024-04-23T10:17:37.115 INFO:teuthology.orchestra.run.smithi060.stdout:/usr/bin/ceph: stderr
2024-04-23T10:17:36.314+0000 7fb49dffb700 1 -- 172.21.15.60:0/2550850085 <== mon.0 v2:172.21.15.60:3300/0 1 ==== mon_map magic: 0 ==== 205+0+0 (secure 0 0 0) 0x7fb490004160 con 0x7fb4a007de10
2024-04-23T10:17:37.115 INFO:teuthology.orchestra.run.smithi060.stdout:/usr/bin/ceph: stderr
2024-04-23T10:17:36.314+0000 7fb49dffb700 1 -- 172.21.15.60:0/2550850085 <== mon.0 v2:172.21.15.60:3300/0 2 ==== config(26 keys) ==== 1070+0+0 (secure 0 0 0) 0x7fb490004300 con 0x7fb4a007de10
2024-04-23T10:17:37.115 INFO:teuthology.orchestra.run.smithi060.stdout:/usr/bin/ceph: stderr
2024-04-23T10:17:36.315+0000 7fb49dffb700 1 -- 172.21.15.60:0/2550850085 <== mon.0 v2:172.21.15.60:3300/0 3 ==== mon_map magic: 0 ==== 205+0+0 (secure 0 0 0) 0x7fb490011af0 con 0x7fb4a007de10
2024-04-23T10:17:37.116 INFO:teuthology.orchestra.run.smithi060.stdout:/usr/bin/ceph: stderr
2024-04-23T10:17:36.315+0000 7fb4a5510700 1 -- 172.21.15.60:0/2550850085 >> [v2:172.21.15.60:3300/0,v1:172.21.15.60:6789/0] conn(0x7fb4a007de10 msgr2=0x7fb4a007c2c0 secure :-1 s=STATE_CONNECTION_ESTABLISHED l=1).mark_down
2024-04-23T10:17:37.116 INFO:teuthology.orchestra.run.smithi060.stdout:/usr/bin/ceph: stderr
2024-04-23T10:17:36.315+0000 7fb4a5510700 1 --2- 172.21.15.60:0/2550850085 >> [v2:172.21.15.60:3300/0,v1:172.21.15.60:6789/0] conn(0x7fb4a007de10 0x7fb4a007c2c0 secure :-1 s=READY pgs=47 cs=0 l=1 rev1=1 crypto rx=0x7fb4900098a0 tx=0x7fb490009bb0 comp rx=0 tx=0).stop
2024-04-23T10:17:37.116 INFO:teuthology.orchestra.run.smithi060.stdout:/usr/bin/ceph: stderr
2024-04-23T10:17:36.315+0000 7fb4a5510700 1 -- 172.21.15.60:0/2550850085 shutdown_connections
2024-04-23T10:17:37.116 INFO:teuthology.orchestra.run.smithi060.stdout:/usr/bin/ceph: stderr
2024-04-23T10:17:36.315+0000 7fb4a5510700 1 --2- 172.21.15.60:0/2550850085 >> [v2:172.21.15.60:3300/0,v1:172.21.15.60:6789/0] conn(0x7fb4a007de10 0x7fb4a007c2c0 unknown :-1 s=CLOSED pgs=47 cs=0 l=1 rev1=1 crypto rx=0 tx=0 comp rx=0 tx=0).stop
2024-04-23T10:17:37.116 INFO:teuthology.orchestra.run.smithi060.stdout:/usr/bin/ceph: stderr
2024-04-23T10:17:36.315+0000 7fb4a5510700 1 -- 172.21.15.60:0/2550850085 >> 172.21.15.60:0/2550850085 conn(0x7fb4a0103b70 msgr2=0x7fb4a0105f90 unknown :-1 s=STATE_NONE l=0).mark_down
2024-04-23T10:17:37.116 INFO:teuthology.orchestra.run.smithi060.stdout:/usr/bin/ceph: stderr
2024-04-23T10:17:36.315+0000 7fb4a5510700 1 -- 172.21.15.60:0/2550850085 shutdown_connections
2024-04-23T10:17:37.116 INFO:teuthology.orchestra.run.smithi060.stdout:/usr/bin/ceph: stderr
2024-04-23T10:17:36.315+0000 7fb4a5510700 1 -- 172.21.15.60:0/2550850085 wait complete.
2024-04-23T10:17:37.116 INFO:teuthology.orchestra.run.smithi060.stdout:/usr/bin/ceph: stderr
2024-04-23T10:17:36.316+0000 7fb4a5510700 1 Processor -- start
2024-04-23T10:17:37.116 INFO:teuthology.orchestra.run.smithi060.stdout:/usr/bin/ceph: stderr
2024-04-23T10:17:36.316+0000 7fb4a5510700 1 -- start start
2024-04-23T10:17:37.116 INFO:teuthology.orchestra.run.smithi060.stdout:/usr/bin/ceph: stderr
2024-04-23T10:17:36.316+0000 7fb4a5510700 1 --2- >> [v2:172.21.15.60:3300/0,v1:172.21.15.60:6789/0] conn(0x7fb4a007de10 0x7fb4a019e660 unknown :-1 s=NONE pgs=0 cs=0 l=1 rev1=0 crypto rx=0 tx=0 comp rx=0 tx=0).connect
2024-04-23T10:17:37.116 INFO:teuthology.orchestra.run.smithi060.stdout:/usr/bin/ceph: stderr
2024-04-23T10:17:36.316+0000 7fb4a5510700 1 -- --> [v2:172.21.15.60:3300/0,v1:172.21.15.60:6789/0] -- mon_getmap magic: 0 -- 0x7fb4a010ea60 con 0x7fb4a007de10
2024-04-23T10:17:37.116 INFO:teuthology.orchestra.run.smithi060.stdout:/usr/bin/ceph: stderr
2024-04-23T10:17:36.316+0000 7fb49effd700 1 --2- >> [v2:172.21.15.60:3300/0,v1:172.21.15.60:6789/0] conn(0x7fb4a007de10 0x7fb4a019e660 unknown :-1 s=BANNER_CONNECTING pgs=0 cs=0 l=1 rev1=0 crypto rx=0 tx=0 comp rx=0 tx=0)._handle_peer_banner_payload supported=3 required=0
2024-04-23T10:17:37.116 INFO:teuthology.orchestra.run.smithi060.stdout:/usr/bin/ceph: stderr
2024-04-23T10:17:36.316+0000 7fb49effd700 1 --2- >> [v2:172.21.15.60:3300/0,v1:172.21.15.60:6789/0] conn(0x7fb4a007de10 0x7fb4a019e660 unknown :-1 s=HELLO_CONNECTING pgs=0 cs=0 l=1 rev1=1 crypto rx=0 tx=0 comp rx=0 tx=0).handle_hello peer v2:172.21.15.60:3300/0 says I am v2:172.21.15.60:37310/0 (socket says 172.21.15.60:37310)
2024-04-23T10:17:37.117 INFO:teuthology.orchestra.run.smithi060.stdout:/usr/bin/ceph: stderr
2024-04-23T10:17:36.316+0000 7fb49effd700 1 -- 172.21.15.60:0/3799281650 learned_addr learned my addr 172.21.15.60:0/3799281650 (peer_addr_for_me v2:172.21.15.60:0/0)
2024-04-23T10:17:37.117 INFO:teuthology.orchestra.run.smithi060.stdout:/usr/bin/ceph: stderr
2024-04-23T10:17:36.317+0000 7fb49effd700 1 -- 172.21.15.60:0/3799281650 --> [v2:172.21.15.60:3300/0,v1:172.21.15.60:6789/0] -- mon_subscribe({config=0+,monmap=0+}) -- 0x7fb4a019eba0 con 0x7fb4a007de10
2024-04-23T10:17:37.117 INFO:teuthology.orchestra.run.smithi060.stdout:/usr/bin/ceph: stderr
2024-04-23T10:17:36.317+0000 7fb49effd700 1 --2- 172.21.15.60:0/3799281650 >> [v2:172.21.15.60:3300/0,v1:172.21.15.60:6789/0] conn(0x7fb4a007de10 0x7fb4a019e660 secure :-1 s=READY pgs=48 cs=0 l=1 rev1=1 crypto rx=0x7fb490003f40 tx=0x7fb490011890 comp rx=0 tx=0).ready entity=mon.0 client_cookie=0 server_cookie=0 in_seq=0 out_seq=0
2024-04-23T10:17:37.117 INFO:teuthology.orchestra.run.smithi060.stdout:/usr/bin/ceph: stderr
2024-04-23T10:17:36.317+0000 7fb487fff700 1 -- 172.21.15.60:0/3799281650 <== mon.0 v2:172.21.15.60:3300/0 1 ==== mon_map magic: 0 ==== 205+0+0 (secure 0 0 0) 0x7fb4900038b0 con 0x7fb4a007de10
2024-04-23T10:17:37.117 INFO:teuthology.orchestra.run.smithi060.stdout:/usr/bin/ceph: stderr
2024-04-23T10:17:36.317+0000 7fb487fff700 1 -- 172.21.15.60:0/3799281650 <== mon.0 v2:172.21.15.60:3300/0 2 ==== config(26 keys) ==== 1070+0+0 (secure 0 0 0) 0x7fb490003a50 con 0x7fb4a007de10
2024-04-23T10:17:37.117 INFO:teuthology.orchestra.run.smithi060.stdout:/usr/bin/ceph: stderr
2024-04-23T10:17:36.317+0000 7fb4a5510700 1 -- 172.21.15.60:0/3799281650 --> [v2:172.21.15.60:3300/0,v1:172.21.15.60:6789/0] -- mon_subscribe({mgrmap=0+}) -- 0x7fb4a019ee30 con 0x7fb4a007de10
2024-04-23T10:17:37.117 INFO:teuthology.orchestra.run.smithi060.stdout:/usr/bin/ceph: stderr
2024-04-23T10:17:36.317+0000 7fb487fff700 1 -- 172.21.15.60:0/3799281650 <== mon.0 v2:172.21.15.60:3300/0 3 ==== mon_map magic: 0 ==== 205+0+0 (secure 0 0 0) 0x7fb49001a5c0 con 0x7fb4a007de10
2024-04-23T10:17:37.117 INFO:teuthology.orchestra.run.smithi060.stdout:/usr/bin/ceph: stderr
2024-04-23T10:17:36.317+0000 7fb4a5510700 1 -- 172.21.15.60:0/3799281650 --> [v2:172.21.15.60:3300/0,v1:172.21.15.60:6789/0] -- mon_subscribe({osdmap=0}) -- 0x7fb4a01a1b20 con 0x7fb4a007de10
2024-04-23T10:17:37.117 INFO:teuthology.orchestra.run.smithi060.stdout:/usr/bin/ceph: stderr
2024-04-23T10:17:36.318+0000 7fb487fff700 1 -- 172.21.15.60:0/3799281650 <== mon.0 v2:172.21.15.60:3300/0 4 ==== mgrmap(e 8) ==== 46558+0+0 (secure 0 0 0) 0x7fb49001a8c0 con 0x7fb4a007de10
2024-04-23T10:17:37.117 INFO:teuthology.orchestra.run.smithi060.stdout:/usr/bin/ceph: stderr
2024-04-23T10:17:36.318+0000 7fb4a5510700 1 -- 172.21.15.60:0/3799281650 --> [v2:172.21.15.60:3300/0,v1:172.21.15.60:6789/0] -- mon_command({"prefix": "get_command_descriptions"} v 0) -- 0x7fb4a00640a0 con 0x7fb4a007de10
2024-04-23T10:17:37.117 INFO:teuthology.orchestra.run.smithi060.stdout:/usr/bin/ceph: stderr
2024-04-23T10:17:36.318+0000 7fb487fff700 1 --2- 172.21.15.60:0/3799281650 >> [v2:172.21.15.60:6800/1299738206,v1:172.21.15.60:6801/1299738206] conn(0x7fb488039560 0x7fb48803ba20 unknown :-1 s=NONE pgs=0 cs=0 l=1 rev1=0 crypto rx=0 tx=0 comp rx=0 tx=0).connect
2024-04-23T10:17:37.117 INFO:teuthology.orchestra.run.smithi060.stdout:/usr/bin/ceph: stderr
2024-04-23T10:17:36.318+0000 7fb487fff700 1 -- 172.21.15.60:0/3799281650 <== mon.0 v2:172.21.15.60:3300/0 5 ==== osd_map(2..2 src has 1..2) ==== 940+0+0 (secure 0 0 0) 0x7fb49004db00 con 0x7fb4a007de10
2024-04-23T10:17:37.118 INFO:teuthology.orchestra.run.smithi060.stdout:/usr/bin/ceph: stderr
2024-04-23T10:17:36.318+0000 7fb49e7fc700 1 --2- 172.21.15.60:0/3799281650 >> [v2:172.21.15.60:6800/1299738206,v1:172.21.15.60:6801/1299738206] conn(0x7fb488039560 0x7fb48803ba20 unknown :-1 s=BANNER_CONNECTING pgs=0 cs=0 l=1 rev1=0 crypto rx=0 tx=0 comp rx=0 tx=0)._handle_peer_banner_payload supported=3 required=0
2024-04-23T10:17:37.118 INFO:teuthology.orchestra.run.smithi060.stdout:/usr/bin/ceph: stderr
2024-04-23T10:17:36.319+0000 7fb49e7fc700 1 --2- 172.21.15.60:0/3799281650 >> [v2:172.21.15.60:6800/1299738206,v1:172.21.15.60:6801/1299738206] conn(0x7fb488039560 0x7fb48803ba20 secure :-1 s=READY pgs=12 cs=0 l=1 rev1=1 crypto rx=0x7fb494006fd0 tx=0x7fb494006e40 comp rx=0 tx=0).ready entity=mgr.14120 client_cookie=0 server_cookie=0 in_seq=0 out_seq=0
2024-04-23T10:17:37.118 INFO:teuthology.orchestra.run.smithi060.stdout:/usr/bin/ceph: stderr
2024-04-23T10:17:36.323+0000 7fb487fff700 1 -- 172.21.15.60:0/3799281650 <== mon.0 v2:172.21.15.60:3300/0 6 ==== mon_command_ack([{"prefix": "get_command_descriptions"}]=0 v0) ==== 72+0+188370 (secure 0 0 0) 0x7fb490019c70 con 0x7fb4a007de10
2024-04-23T10:17:37.118 INFO:teuthology.orchestra.run.smithi060.stdout:/usr/bin/ceph: stderr
2024-04-23T10:17:36.559+0000 7fb4a5510700 1 -- 172.21.15.60:0/3799281650 --> [v2:172.21.15.60:6800/1299738206,v1:172.21.15.60:6801/1299738206] -- mgr_command(tid 0: {"prefix": "orch apply", "service_type": "mon", "unmanaged": true, "target": ["mon-mgr", ""]}) -- 0x7fb4a0104db0 con 0x7fb488039560
2024-04-23T10:17:37.118 INFO:teuthology.orchestra.run.smithi060.stdout:/usr/bin/ceph: stderr
2024-04-23T10:17:36.564+0000 7fb487fff700 1 -- 172.21.15.60:0/3799281650 <== mgr.14120 v2:172.21.15.60:6800/1299738206 1 ==== mgr_command_reply(tid 0: 0 ) ==== 8+0+24 (secure 0 0 0) 0x7fb4a0104db0 con 0x7fb488039560
2024-04-23T10:17:37.118 INFO:teuthology.orchestra.run.smithi060.stdout:/usr/bin/ceph: stderr
2024-04-23T10:17:36.567+0000 7fb4a5510700 1 -- 172.21.15.60:0/3799281650 >> [v2:172.21.15.60:6800/1299738206,v1:172.21.15.60:6801/1299738206] conn(0x7fb488039560 msgr2=0x7fb48803ba20 secure :-1 s=STATE_CONNECTION_ESTABLISHED l=1).mark_down
2024-04-23T10:17:37.118 INFO:teuthology.orchestra.run.smithi060.stdout:/usr/bin/ceph: stderr
2024-04-23T10:17:36.567+0000 7fb4a5510700 1 --2- 172.21.15.60:0/3799281650 >> [v2:172.21.15.60:6800/1299738206,v1:172.21.15.60:6801/1299738206] conn(0x7fb488039560 0x7fb48803ba20 secure :-1 s=READY pgs=12 cs=0 l=1 rev1=1 crypto rx=0x7fb494006fd0 tx=0x7fb494006e40 comp rx=0 tx=0).stop
2024-04-23T10:17:37.118 INFO:teuthology.orchestra.run.smithi060.stdout:/usr/bin/ceph: stderr
2024-04-23T10:17:36.567+0000 7fb4a5510700 1 -- 172.21.15.60:0/3799281650 >> [v2:172.21.15.60:3300/0,v1:172.21.15.60:6789/0] conn(0x7fb4a007de10 msgr2=0x7fb4a019e660 secure :-1 s=STATE_CONNECTION_ESTABLISHED l=1).mark_down
2024-04-23T10:17:37.118 INFO:teuthology.orchestra.run.smithi060.stdout:/usr/bin/ceph: stderr
2024-04-23T10:17:36.567+0000 7fb4a5510700 1 --2- 172.21.15.60:0/3799281650 >> [v2:172.21.15.60:3300/0,v1:172.21.15.60:6789/0] conn(0x7fb4a007de10 0x7fb4a019e660 secure :-1 s=READY pgs=48 cs=0 l=1 rev1=1 crypto rx=0x7fb490003f40 tx=0x7fb490011890 comp rx=0 tx=0).stop
2024-04-23T10:17:37.118 INFO:teuthology.orchestra.run.smithi060.stdout:/usr/bin/ceph: stderr
2024-04-23T10:17:36.567+0000 7fb4a5510700 1 -- 172.21.15.60:0/3799281650 shutdown_connections
2024-04-23T10:17:37.118 INFO:teuthology.orchestra.run.smithi060.stdout:/usr/bin/ceph: stderr
2024-04-23T10:17:36.567+0000 7fb4a5510700 1 --2- 172.21.15.60:0/3799281650 >> [v2:172.21.15.60:6800/1299738206,v1:172.21.15.60:6801/1299738206] conn(0x7fb488039560 0x7fb48803ba20 unknown :-1 s=CLOSED pgs=12 cs=0 l=1 rev1=1 crypto rx=0 tx=0 comp rx=0 tx=0).stop
2024-04-23T10:17:37.118 INFO:teuthology.orchestra.run.smithi060.stdout:/usr/bin/ceph: stderr
2024-04-23T10:17:36.567+0000 7fb4a5510700 1 --2- 172.21.15.60:0/3799281650 >> [v2:172.21.15.60:3300/0,v1:172.21.15.60:6789/0] conn(0x7fb4a007de10 0x7fb4a019e660 unknown :-1 s=CLOSED pgs=48 cs=0 l=1 rev1=1 crypto rx=0 tx=0 comp rx=0 tx=0).stop
2024-04-23T10:17:37.119 INFO:teuthology.orchestra.run.smithi060.stdout:/usr/bin/ceph: stderr
2024-04-23T10:17:36.567+0000 7fb4a5510700 1 -- 172.21.15.60:0/3799281650 >> 172.21.15.60:0/3799281650 conn(0x7fb4a0103b70 msgr2=0x7fb4a01046a0 unknown :-1 s=STATE_NONE l=0).mark_down
2024-04-23T10:17:37.119 INFO:teuthology.orchestra.run.smithi060.stdout:/usr/bin/ceph: stderr
2024-04-23T10:17:36.567+0000 7fb4a5510700 1 -- 172.21.15.60:0/3799281650 shutdown_connections
2024-04-23T10:17:37.119 INFO:teuthology.orchestra.run.smithi060.stdout:/usr/bin/ceph: stderr
2024-04-23T10:17:36.567+0000 7fb4a5510700 1 -- 172.21.15.60:0/3799281650 wait complete.
2024-04-23T10:17:37.119 INFO:teuthology.orchestra.run.smithi060.stdout:Deploying unmanaged mgr service...
2024-04-23T10:17:37.678 INFO:journalctl@ceph.mon.a.smithi060.stdout:Apr 23 10:17:37 smithi060 ceph-mon[29213]: from='client.14142 -' entity='client.admin' cmd=[{"prefix": "orch apply", "service_type": "mon", "unmanaged": true, "target": ["mon-mgr", ""]}]: dispatch
2024-04-23T10:17:37.679 INFO:journalctl@ceph.mon.a.smithi060.stdout:Apr 23 10:17:37 smithi060 ceph-mon[29213]: Saving service mon spec with placement count:5
2024-04-23T10:17:37.679 INFO:journalctl@ceph.mon.a.smithi060.stdout:Apr 23 10:17:37 smithi060 ceph-mon[29213]: from='mgr.14120 172.21.15.60:0/3867537732' entity='mgr.x'
2024-04-23T10:17:39.074 INFO:teuthology.orchestra.run.smithi060.stdout:/usr/bin/ceph: stdout Scheduled mgr update...
2024-04-23T10:17:39.074 INFO:teuthology.orchestra.run.smithi060.stdout:/usr/bin/ceph: stderr
2024-04-23T10:17:38.335+0000 7fc209473700 1 Processor -- start
2024-04-23T10:17:39.074 INFO:teuthology.orchestra.run.smithi060.stdout:/usr/bin/ceph: stderr
2024-04-23T10:17:38.335+0000 7fc209473700 1 -- start start
2024-04-23T10:17:39.074 INFO:teuthology.orchestra.run.smithi060.stdout:/usr/bin/ceph: stderr
2024-04-23T10:17:38.335+0000 7fc209473700 1 --2- >> [v2:172.21.15.60:3300/0,v1:172.21.15.60:6789/0] conn(0x7fc2041074a0 0x7fc2041078c0 unknown :-1 s=NONE pgs=0 cs=0 l=0 rev1=0 crypto rx=0 tx=0 comp rx=0 tx=0).connect
2024-04-23T10:17:39.075 INFO:teuthology.orchestra.run.smithi060.stdout:/usr/bin/ceph: stderr
2024-04-23T10:17:38.335+0000 7fc209473700 1 -- --> [v2:172.21.15.60:3300/0,v1:172.21.15.60:6789/0] -- mon_getmap magic: 0 -- 0x7fc204107e90 con 0x7fc2041074a0
2024-04-23T10:17:39.075 INFO:teuthology.orchestra.run.smithi060.stdout:/usr/bin/ceph: stderr
2024-04-23T10:17:38.335+0000 7fc202ffd700 1 --2- >> [v2:172.21.15.60:3300/0,v1:172.21.15.60:6789/0] conn(0x7fc2041074a0 0x7fc2041078c0 unknown :-1 s=BANNER_CONNECTING pgs=0 cs=0 l=0 rev1=0 crypto rx=0 tx=0 comp rx=0 tx=0)._handle_peer_banner_payload supported=3 required=0
2024-04-23T10:17:39.075 INFO:teuthology.orchestra.run.smithi060.stdout:/usr/bin/ceph: stderr
2024-04-23T10:17:38.335+0000 7fc202ffd700 1 --2- >> [v2:172.21.15.60:3300/0,v1:172.21.15.60:6789/0] conn(0x7fc2041074a0 0x7fc2041078c0 unknown :-1 s=HELLO_CONNECTING pgs=0 cs=0 l=0 rev1=1 crypto rx=0 tx=0 comp rx=0 tx=0).handle_hello peer v2:172.21.15.60:3300/0 says I am v2:172.21.15.60:37314/0 (socket says 172.21.15.60:37314)
2024-04-23T10:17:39.075 INFO:teuthology.orchestra.run.smithi060.stdout:/usr/bin/ceph: stderr
2024-04-23T10:17:38.335+0000 7fc202ffd700 1 -- 172.21.15.60:0/4079955695 learned_addr learned my addr 172.21.15.60:0/4079955695 (peer_addr_for_me v2:172.21.15.60:0/0)
2024-04-23T10:17:39.075 INFO:teuthology.orchestra.run.smithi060.stdout:/usr/bin/ceph: stderr
2024-04-23T10:17:38.336+0000 7fc202ffd700 1 -- 172.21.15.60:0/4079955695 --> [v2:172.21.15.60:3300/0,v1:172.21.15.60:6789/0] -- mon_subscribe({config=0+,monmap=0+}) -- 0x7fc2041086a0 con 0x7fc2041074a0
2024-04-23T10:17:39.075 INFO:teuthology.orchestra.run.smithi060.stdout:/usr/bin/ceph: stderr
2024-04-23T10:17:38.336+0000 7fc202ffd700 1 --2- 172.21.15.60:0/4079955695 >> [v2:172.21.15.60:3300/0,v1:172.21.15.60:6789/0] conn(0x7fc2041074a0 0x7fc2041078c0 secure :-1 s=READY pgs=49 cs=0 l=1 rev1=1 crypto rx=0x7fc1f80098a0 tx=0x7fc1f8009bb0 comp rx=0 tx=0).ready entity=mon.0 client_cookie=6847af85538b7ea7 server_cookie=0 in_seq=0 out_seq=0
2024-04-23T10:17:39.075 INFO:teuthology.orchestra.run.smithi060.stdout:/usr/bin/ceph: stderr
2024-04-23T10:17:38.336+0000 7fc201ffb700 1 -- 172.21.15.60:0/4079955695 <== mon.0 v2:172.21.15.60:3300/0 1 ==== mon_map magic: 0 ==== 205+0+0 (secure 0 0 0) 0x7fc1f8004160 con 0x7fc2041074a0
2024-04-23T10:17:39.075 INFO:teuthology.orchestra.run.smithi060.stdout:/usr/bin/ceph: stderr
2024-04-23T10:17:38.336+0000 7fc201ffb700 1 -- 172.21.15.60:0/4079955695 <== mon.0 v2:172.21.15.60:3300/0 2 ==== config(26 keys) ==== 1101+0+0 (secure 0 0 0) 0x7fc1f8004300 con 0x7fc2041074a0
2024-04-23T10:17:39.075 INFO:teuthology.orchestra.run.smithi060.stdout:/usr/bin/ceph: stderr
2024-04-23T10:17:38.336+0000 7fc201ffb700 1 -- 172.21.15.60:0/4079955695 <== mon.0 v2:172.21.15.60:3300/0 3 ==== mon_map magic: 0 ==== 205+0+0 (secure 0 0 0) 0x7fc1f8011a20 con 0x7fc2041074a0
2024-04-23T10:17:39.075 INFO:teuthology.orchestra.run.smithi060.stdout:/usr/bin/ceph: stderr
2024-04-23T10:17:38.337+0000 7fc209473700 1 -- 172.21.15.60:0/4079955695 >> [v2:172.21.15.60:3300/0,v1:172.21.15.60:6789/0] conn(0x7fc2041074a0 msgr2=0x7fc2041078c0 secure :-1 s=STATE_CONNECTION_ESTABLISHED l=1).mark_down
2024-04-23T10:17:39.075 INFO:teuthology.orchestra.run.smithi060.stdout:/usr/bin/ceph: stderr
2024-04-23T10:17:38.337+0000 7fc209473700 1 --2- 172.21.15.60:0/4079955695 >> [v2:172.21.15.60:3300/0,v1:172.21.15.60:6789/0] conn(0x7fc2041074a0 0x7fc2041078c0 secure :-1 s=READY pgs=49 cs=0 l=1 rev1=1 crypto rx=0x7fc1f80098a0 tx=0x7fc1f8009bb0 comp rx=0 tx=0).stop
2024-04-23T10:17:39.075 INFO:teuthology.orchestra.run.smithi060.stdout:/usr/bin/ceph: stderr
2024-04-23T10:17:38.337+0000 7fc209473700 1 -- 172.21.15.60:0/4079955695 shutdown_connections
2024-04-23T10:17:39.075 INFO:teuthology.orchestra.run.smithi060.stdout:/usr/bin/ceph: stderr
2024-04-23T10:17:38.337+0000 7fc209473700 1 --2- 172.21.15.60:0/4079955695 >> [v2:172.21.15.60:3300/0,v1:172.21.15.60:6789/0] conn(0x7fc2041074a0 0x7fc2041078c0 unknown :-1 s=CLOSED pgs=49 cs=0 l=1 rev1=1 crypto rx=0 tx=0 comp rx=0 tx=0).stop
2024-04-23T10:17:39.076 INFO:teuthology.orchestra.run.smithi060.stdout:/usr/bin/ceph: stderr
2024-04-23T10:17:38.337+0000 7fc209473700 1 -- 172.21.15.60:0/4079955695 >> 172.21.15.60:0/4079955695 conn(0x7fc204102a60 msgr2=0x7fc204104e80 unknown :-1 s=STATE_NONE l=0).mark_down
2024-04-23T10:17:39.076 INFO:teuthology.orchestra.run.smithi060.stdout:/usr/bin/ceph: stderr
2024-04-23T10:17:38.337+0000 7fc209473700 1 -- 172.21.15.60:0/4079955695 shutdown_connections
2024-04-23T10:17:39.076 INFO:teuthology.orchestra.run.smithi060.stdout:/usr/bin/ceph: stderr
2024-04-23T10:17:38.337+0000 7fc209473700 1 -- 172.21.15.60:0/4079955695 wait complete.
2024-04-23T10:17:39.076 INFO:teuthology.orchestra.run.smithi060.stdout:/usr/bin/ceph: stderr
2024-04-23T10:17:38.338+0000 7fc209473700 1 Processor -- start
2024-04-23T10:17:39.076 INFO:teuthology.orchestra.run.smithi060.stdout:/usr/bin/ceph: stderr
2024-04-23T10:17:38.338+0000 7fc209473700 1 -- start start
2024-04-23T10:17:39.076 INFO:teuthology.orchestra.run.smithi060.stdout:/usr/bin/ceph: stderr
2024-04-23T10:17:38.338+0000 7fc209473700 1 --2- >> [v2:172.21.15.60:3300/0,v1:172.21.15.60:6789/0] conn(0x7fc2041074a0 0x7fc20419b3a0 unknown :-1 s=NONE pgs=0 cs=0 l=1 rev1=0 crypto rx=0 tx=0 comp rx=0 tx=0).connect
2024-04-23T10:17:39.076 INFO:teuthology.orchestra.run.smithi060.stdout:/usr/bin/ceph: stderr
2024-04-23T10:17:38.338+0000 7fc209473700 1 -- --> [v2:172.21.15.60:3300/0,v1:172.21.15.60:6789/0] -- mon_getmap magic: 0 -- 0x7fc20410ba50 con 0x7fc2041074a0
2024-04-23T10:17:39.076 INFO:teuthology.orchestra.run.smithi060.stdout:/usr/bin/ceph: stderr
2024-04-23T10:17:38.338+0000 7fc202ffd700 1 --2- >> [v2:172.21.15.60:3300/0,v1:172.21.15.60:6789/0] conn(0x7fc2041074a0 0x7fc20419b3a0 unknown :-1 s=BANNER_CONNECTING pgs=0 cs=0 l=1 rev1=0 crypto rx=0 tx=0 comp rx=0 tx=0)._handle_peer_banner_payload supported=3 required=0
2024-04-23T10:17:39.076 INFO:teuthology.orchestra.run.smithi060.stdout:/usr/bin/ceph: stderr
2024-04-23T10:17:38.338+0000 7fc202ffd700 1 --2- >> [v2:172.21.15.60:3300/0,v1:172.21.15.60:6789/0] conn(0x7fc2041074a0 0x7fc20419b3a0 unknown :-1 s=HELLO_CONNECTING pgs=0 cs=0 l=1 rev1=1 crypto rx=0 tx=0 comp rx=0 tx=0).handle_hello peer v2:172.21.15.60:3300/0 says I am v2:172.21.15.60:37324/0 (socket says 172.21.15.60:37324)
2024-04-23T10:17:39.076 INFO:teuthology.orchestra.run.smithi060.stdout:/usr/bin/ceph: stderr
2024-04-23T10:17:38.338+0000 7fc202ffd700 1 -- 172.21.15.60:0/1945367845 learned_addr learned my addr 172.21.15.60:0/1945367845 (peer_addr_for_me v2:172.21.15.60:0/0)
2024-04-23T10:17:39.076 INFO:teuthology.orchestra.run.smithi060.stdout:/usr/bin/ceph: stderr
2024-04-23T10:17:38.338+0000 7fc202ffd700 1 -- 172.21.15.60:0/1945367845 --> [v2:172.21.15.60:3300/0,v1:172.21.15.60:6789/0] -- mon_subscribe({config=0+,monmap=0+}) -- 0x7fc20419b8e0 con 0x7fc2041074a0
2024-04-23T10:17:39.076 INFO:teuthology.orchestra.run.smithi060.stdout:/usr/bin/ceph: stderr
2024-04-23T10:17:38.339+0000 7fc202ffd700 1 --2- 172.21.15.60:0/1945367845 >> [v2:172.21.15.60:3300/0,v1:172.21.15.60:6789/0] conn(0x7fc2041074a0 0x7fc20419b3a0 secure :-1 s=READY pgs=50 cs=0 l=1 rev1=1 crypto rx=0x7fc1f80116e0 tx=0x7fc1f8011aa0 comp rx=0 tx=0).ready entity=mon.0 client_cookie=0 server_cookie=0 in_seq=0 out_seq=0
2024-04-23T10:17:39.076 INFO:teuthology.orchestra.run.smithi060.stdout:/usr/bin/ceph: stderr
2024-04-23T10:17:38.339+0000 7fc1ebfff700 1 -- 172.21.15.60:0/1945367845 <== mon.0 v2:172.21.15.60:3300/0 1 ==== mon_map magic: 0 ==== 205+0+0 (secure 0 0 0) 0x7fc1f80039e0 con 0x7fc2041074a0
2024-04-23T10:17:39.076 INFO:teuthology.orchestra.run.smithi060.stdout:/usr/bin/ceph: stderr
2024-04-23T10:17:38.339+0000 7fc209473700 1 -- 172.21.15.60:0/1945367845 --> [v2:172.21.15.60:3300/0,v1:172.21.15.60:6789/0] -- mon_subscribe({mgrmap=0+}) -- 0x7fc20419bb70 con 0x7fc2041074a0
2024-04-23T10:17:39.077 INFO:teuthology.orchestra.run.smithi060.stdout:/usr/bin/ceph: stderr
2024-04-23T10:17:38.339+0000 7fc209473700 1 -- 172.21.15.60:0/1945367845 --> [v2:172.21.15.60:3300/0,v1:172.21.15.60:6789/0] -- mon_subscribe({osdmap=0}) -- 0x7fc20419e810 con 0x7fc2041074a0
2024-04-23T10:17:39.077 INFO:teuthology.orchestra.run.smithi060.stdout:/usr/bin/ceph: stderr
2024-04-23T10:17:38.339+0000 7fc1ebfff700 1 -- 172.21.15.60:0/1945367845 <== mon.0 v2:172.21.15.60:3300/0 2 ==== config(26 keys) ==== 1101+0+0 (secure 0 0 0) 0x7fc1f801b8f0 con 0x7fc2041074a0
2024-04-23T10:17:39.077 INFO:teuthology.orchestra.run.smithi060.stdout:/usr/bin/ceph: stderr
2024-04-23T10:17:38.339+0000 7fc1ebfff700 1 -- 172.21.15.60:0/1945367845 <== mon.0 v2:172.21.15.60:3300/0 3 ==== mon_map magic: 0 ==== 205+0+0 (secure 0 0 0) 0x7fc1f8023760 con 0x7fc2041074a0
2024-04-23T10:17:39.077 INFO:teuthology.orchestra.run.smithi060.stdout:/usr/bin/ceph: stderr
2024-04-23T10:17:38.340+0000 7fc209473700 1 -- 172.21.15.60:0/1945367845 --> [v2:172.21.15.60:3300/0,v1:172.21.15.60:6789/0] -- mon_command({"prefix": "get_command_descriptions"} v 0) -- 0x7fc1f0005360 con 0x7fc2041074a0
2024-04-23T10:17:39.077 INFO:teuthology.orchestra.run.smithi060.stdout:/usr/bin/ceph: stderr
2024-04-23T10:17:38.340+0000 7fc1ebfff700 1 -- 172.21.15.60:0/1945367845 <== mon.0 v2:172.21.15.60:3300/0 4 ==== mgrmap(e 8) ==== 46558+0+0 (secure 0 0 0) 0x7fc1f8023a00 con 0x7fc2041074a0
2024-04-23T10:17:39.077 INFO:teuthology.orchestra.run.smithi060.stdout:/usr/bin/ceph: stderr
2024-04-23T10:17:38.340+0000 7fc1ebfff700 1 --2- 172.21.15.60:0/1945367845 >> [v2:172.21.15.60:6800/1299738206,v1:172.21.15.60:6801/1299738206] conn(0x7fc1ec0395b0 0x7fc1ec03ba70 unknown :-1 s=NONE pgs=0 cs=0 l=1 rev1=0 crypto rx=0 tx=0 comp rx=0 tx=0).connect
2024-04-23T10:17:39.077 INFO:teuthology.orchestra.run.smithi060.stdout:/usr/bin/ceph: stderr
2024-04-23T10:17:38.340+0000 7fc1ebfff700 1 -- 172.21.15.60:0/1945367845 <== mon.0 v2:172.21.15.60:3300/0 5 ==== osd_map(2..2 src has 1..2) ==== 940+0+0 (secure 0 0 0) 0x7fc1f804dee0 con 0x7fc2041074a0
2024-04-23T10:17:39.077 INFO:teuthology.orchestra.run.smithi060.stdout:/usr/bin/ceph: stderr
2024-04-23T10:17:38.340+0000 7fc2027fc700 1 --2- 172.21.15.60:0/1945367845 >> [v2:172.21.15.60:6800/1299738206,v1:172.21.15.60:6801/1299738206] conn(0x7fc1ec0395b0 0x7fc1ec03ba70 unknown :-1 s=BANNER_CONNECTING pgs=0 cs=0 l=1 rev1=0 crypto rx=0 tx=0 comp rx=0 tx=0)._handle_peer_banner_payload supported=3 required=0
2024-04-23T10:17:39.077 INFO:teuthology.orchestra.run.smithi060.stdout:/usr/bin/ceph: stderr
2024-04-23T10:17:38.341+0000 7fc2027fc700 1 --2- 172.21.15.60:0/1945367845 >> [v2:172.21.15.60:6800/1299738206,v1:172.21.15.60:6801/1299738206] conn(0x7fc1ec0395b0 0x7fc1ec03ba70 secure :-1 s=READY pgs=13 cs=0 l=1 rev1=1 crypto rx=0x7fc1f4006fd0 tx=0x7fc1f4006e40 comp rx=0 tx=0).ready entity=mgr.14120 client_cookie=0 server_cookie=0 in_seq=0 out_seq=0
2024-04-23T10:17:39.077 INFO:teuthology.orchestra.run.smithi060.stdout:/usr/bin/ceph: stderr
2024-04-23T10:17:38.345+0000 7fc1ebfff700 1 -- 172.21.15.60:0/1945367845 <== mon.0 v2:172.21.15.60:3300/0 6 ==== mon_command_ack([{"prefix": "get_command_descriptions"}]=0 v0) ==== 72+0+188370 (secure 0 0 0) 0x7fc1f801f030 con 0x7fc2041074a0
2024-04-23T10:17:39.077 INFO:teuthology.orchestra.run.smithi060.stdout:/usr/bin/ceph: stderr
2024-04-23T10:17:38.573+0000 7fc209473700 1 -- 172.21.15.60:0/1945367845 --> [v2:172.21.15.60:6800/1299738206,v1:172.21.15.60:6801/1299738206] -- mgr_command(tid 0: {"prefix": "orch apply", "service_type": "mgr", "unmanaged": true, "target": ["mon-mgr", ""]}) -- 0x7fc1f0000bf0 con 0x7fc1ec0395b0
2024-04-23T10:17:39.077 INFO:teuthology.orchestra.run.smithi060.stdout:/usr/bin/ceph: stderr
2024-04-23T10:17:38.579+0000 7fc1ebfff700 1 -- 172.21.15.60:0/1945367845 <== mgr.14120 v2:172.21.15.60:6800/1299738206 1 ==== mgr_command_reply(tid 0: 0 ) ==== 8+0+24 (secure 0 0 0) 0x7fc1f0000bf0 con 0x7fc1ec0395b0
2024-04-23T10:17:39.077 INFO:teuthology.orchestra.run.smithi060.stdout:/usr/bin/ceph: stderr
2024-04-23T10:17:38.582+0000 7fc209473700 1 -- 172.21.15.60:0/1945367845 >> [v2:172.21.15.60:6800/1299738206,v1:172.21.15.60:6801/1299738206] conn(0x7fc1ec0395b0 msgr2=0x7fc1ec03ba70 secure :-1 s=STATE_CONNECTION_ESTABLISHED l=1).mark_down
2024-04-23T10:17:39.077 INFO:teuthology.orchestra.run.smithi060.stdout:/usr/bin/ceph: stderr
2024-04-23T10:17:38.582+0000 7fc209473700 1 --2- 172.21.15.60:0/1945367845 >> [v2:172.21.15.60:6800/1299738206,v1:172.21.15.60:6801/1299738206] conn(0x7fc1ec0395b0 0x7fc1ec03ba70 secure :-1 s=READY pgs=13 cs=0 l=1 rev1=1 crypto rx=0x7fc1f4006fd0 tx=0x7fc1f4006e40 comp rx=0 tx=0).stop
2024-04-23T10:17:39.077 INFO:teuthology.orchestra.run.smithi060.stdout:/usr/bin/ceph: stderr
2024-04-23T10:17:38.582+0000 7fc209473700 1 -- 172.21.15.60:0/1945367845 >> [v2:172.21.15.60:3300/0,v1:172.21.15.60:6789/0] conn(0x7fc2041074a0 msgr2=0x7fc20419b3a0 secure :-1 s=STATE_CONNECTION_ESTABLISHED l=1).mark_down
2024-04-23T10:17:39.078 INFO:teuthology.orchestra.run.smithi060.stdout:/usr/bin/ceph: stderr
2024-04-23T10:17:38.582+0000 7fc209473700 1 --2- 172.21.15.60:0/1945367845 >> [v2:172.21.15.60:3300/0,v1:172.21.15.60:6789/0] conn(0x7fc2041074a0 0x7fc20419b3a0 secure :-1 s=READY pgs=50 cs=0 l=1 rev1=1 crypto rx=0x7fc1f80116e0 tx=0x7fc1f8011aa0 comp rx=0 tx=0).stop
2024-04-23T10:17:39.078 INFO:teuthology.orchestra.run.smithi060.stdout:/usr/bin/ceph: stderr
2024-04-23T10:17:38.582+0000 7fc209473700 1 -- 172.21.15.60:0/1945367845 shutdown_connections
2024-04-23T10:17:39.078 INFO:teuthology.orchestra.run.smithi060.stdout:/usr/bin/ceph: stderr
2024-04-23T10:17:38.582+0000 7fc209473700 1 --2- 172.21.15.60:0/1945367845 >> [v2:172.21.15.60:6800/1299738206,v1:172.21.15.60:6801/1299738206] conn(0x7fc1ec0395b0 0x7fc1ec03ba70 unknown :-1 s=CLOSED pgs=13 cs=0 l=1 rev1=1 crypto rx=0 tx=0 comp rx=0 tx=0).stop
2024-04-23T10:17:39.078 INFO:teuthology.orchestra.run.smithi060.stdout:/usr/bin/ceph: stderr
2024-04-23T10:17:38.582+0000 7fc209473700 1 --2- 172.21.15.60:0/1945367845 >> [v2:172.21.15.60:3300/0,v1:172.21.15.60:6789/0] conn(0x7fc2041074a0 0x7fc20419b3a0 unknown :-1 s=CLOSED pgs=50 cs=0 l=1 rev1=1 crypto rx=0 tx=0 comp rx=0 tx=0).stop
2024-04-23T10:17:39.078 INFO:teuthology.orchestra.run.smithi060.stdout:/usr/bin/ceph: stderr
2024-04-23T10:17:38.582+0000 7fc209473700 1 -- 172.21.15.60:0/1945367845 >> 172.21.15.60:0/1945367845 conn(0x7fc204102a60 msgr2=0x7fc204103560 unknown :-1 s=STATE_NONE l=0).mark_down
2024-04-23T10:17:39.078 INFO:teuthology.orchestra.run.smithi060.stdout:/usr/bin/ceph: stderr
2024-04-23T10:17:38.582+0000 7fc209473700 1 -- 172.21.15.60:0/1945367845 shutdown_connections
2024-04-23T10:17:39.078 INFO:teuthology.orchestra.run.smithi060.stdout:/usr/bin/ceph: stderr
2024-04-23T10:17:38.582+0000 7fc209473700 1 -- 172.21.15.60:0/1945367845 wait complete.
2024-04-23T10:17:39.194 INFO:journalctl@ceph.mon.a.smithi060.stdout:Apr 23 10:17:39 smithi060 ceph-mon[29213]: from='mgr.14120 172.21.15.60:0/3867537732' entity='mgr.x'
2024-04-23T10:17:39.195 INFO:journalctl@ceph.mon.a.smithi060.stdout:Apr 23 10:17:39 smithi060 ceph-mon[29213]: from='client.14144 -' entity='client.admin' cmd=[{"prefix": "orch apply", "service_type": "mgr", "unmanaged": true, "target": ["mon-mgr", ""]}]: dispatch
2024-04-23T10:17:39.195 INFO:journalctl@ceph.mon.a.smithi060.stdout:Apr 23 10:17:39 smithi060 ceph-mon[29213]: Saving service mgr spec with placement count:2
2024-04-23T10:17:39.195 INFO:journalctl@ceph.mon.a.smithi060.stdout:Apr 23 10:17:39 smithi060 ceph-mon[29213]: from='mgr.14120 172.21.15.60:0/3867537732' entity='mgr.x'
2024-04-23T10:17:39.195 INFO:journalctl@ceph.mon.a.smithi060.stdout:Apr 23 10:17:39 smithi060 ceph-mon[29213]: from='mgr.14120 172.21.15.60:0/3867537732' entity='mgr.x'
2024-04-23T10:17:40.608 INFO:teuthology.orchestra.run.smithi060.stdout:/usr/bin/ceph: stderr
2024-04-23T10:17:39.479+0000 7f94f94e2700 1 Processor -- start
2024-04-23T10:17:40.608 INFO:teuthology.orchestra.run.smithi060.stdout:/usr/bin/ceph: stderr
2024-04-23T10:17:39.479+0000 7f94f94e2700 1 -- start start
2024-04-23T10:17:40.608 INFO:teuthology.orchestra.run.smithi060.stdout:/usr/bin/ceph: stderr
2024-04-23T10:17:39.479+0000 7f94f94e2700 1 --2- >> [v2:172.21.15.60:3300/0,v1:172.21.15.60:6789/0] conn(0x7f94f41085d0 0x7f94f41089f0 unknown :-1 s=NONE pgs=0 cs=0 l=0 rev1=0 crypto rx=0 tx=0 comp rx=0 tx=0).connect
2024-04-23T10:17:40.608 INFO:teuthology.orchestra.run.smithi060.stdout:/usr/bin/ceph: stderr
2024-04-23T10:17:39.479+0000 7f94f94e2700 1 -- --> [v2:172.21.15.60:3300/0,v1:172.21.15.60:6789/0] -- mon_getmap magic: 0 -- 0x7f94f4108fc0 con 0x7f94f41085d0
2024-04-23T10:17:40.608 INFO:teuthology.orchestra.run.smithi060.stdout:/usr/bin/ceph: stderr
2024-04-23T10:17:39.479+0000 7f94f2ffd700 1 --2- >> [v2:172.21.15.60:3300/0,v1:172.21.15.60:6789/0] conn(0x7f94f41085d0 0x7f94f41089f0 unknown :-1 s=BANNER_CONNECTING pgs=0 cs=0 l=0 rev1=0 crypto rx=0 tx=0 comp rx=0 tx=0)._handle_peer_banner_payload supported=3 required=0
2024-04-23T10:17:40.608 INFO:teuthology.orchestra.run.smithi060.stdout:/usr/bin/ceph: stderr
2024-04-23T10:17:39.479+0000 7f94f2ffd700 1 --2- >> [v2:172.21.15.60:3300/0,v1:172.21.15.60:6789/0] conn(0x7f94f41085d0 0x7f94f41089f0 unknown :-1 s=HELLO_CONNECTING pgs=0 cs=0 l=0 rev1=1 crypto rx=0 tx=0 comp rx=0 tx=0).handle_hello peer v2:172.21.15.60:3300/0 says I am v2:172.21.15.60:37330/0 (socket says 172.21.15.60:37330)
2024-04-23T10:17:40.608 INFO:teuthology.orchestra.run.smithi060.stdout:/usr/bin/ceph: stderr
2024-04-23T10:17:39.479+0000 7f94f2ffd700 1 -- 172.21.15.60:0/1025053752 learned_addr learned my addr 172.21.15.60:0/1025053752 (peer_addr_for_me v2:172.21.15.60:0/0)
2024-04-23T10:17:40.608 INFO:teuthology.orchestra.run.smithi060.stdout:/usr/bin/ceph: stderr
2024-04-23T10:17:39.480+0000 7f94f2ffd700 1 -- 172.21.15.60:0/1025053752 --> [v2:172.21.15.60:3300/0,v1:172.21.15.60:6789/0] -- mon_subscribe({config=0+,monmap=0+}) -- 0x7f94f41097d0 con 0x7f94f41085d0
2024-04-23T10:17:40.608 INFO:teuthology.orchestra.run.smithi060.stdout:/usr/bin/ceph: stderr
2024-04-23T10:17:39.480+0000 7f94f2ffd700 1 --2- 172.21.15.60:0/1025053752 >> [v2:172.21.15.60:3300/0,v1:172.21.15.60:6789/0] conn(0x7f94f41085d0 0x7f94f41089f0 secure :-1 s=READY pgs=51 cs=0 l=1 rev1=1 crypto rx=0x7f94e40098a0 tx=0x7f94e4009bb0 comp rx=0 tx=0).ready entity=mon.0 client_cookie=25a20080c716908b server_cookie=0 in_seq=0 out_seq=0
2024-04-23T10:17:40.608 INFO:teuthology.orchestra.run.smithi060.stdout:/usr/bin/ceph: stderr
2024-04-23T10:17:39.480+0000 7f94f1ffb700 1 -- 172.21.15.60:0/1025053752 <== mon.0 v2:172.21.15.60:3300/0 1 ==== mon_map magic: 0 ==== 205+0+0 (secure 0 0 0) 0x7f94e4004160 con 0x7f94f41085d0
2024-04-23T10:17:40.609 INFO:teuthology.orchestra.run.smithi060.stdout:/usr/bin/ceph: stderr
2024-04-23T10:17:39.480+0000 7f94f1ffb700 1 -- 172.21.15.60:0/1025053752 <== mon.0 v2:172.21.15.60:3300/0 2 ==== config(26 keys) ==== 1101+0+0 (secure 0 0 0) 0x7f94e4004300 con 0x7f94f41085d0
2024-04-23T10:17:40.609 INFO:teuthology.orchestra.run.smithi060.stdout:/usr/bin/ceph: stderr
2024-04-23T10:17:39.480+0000 7f94f1ffb700 1 -- 172.21.15.60:0/1025053752 <== mon.0 v2:172.21.15.60:3300/0 3 ==== mon_map magic: 0 ==== 205+0+0 (secure 0 0 0) 0x7f94e4011a20 con 0x7f94f41085d0
2024-04-23T10:17:40.609 INFO:teuthology.orchestra.run.smithi060.stdout:/usr/bin/ceph: stderr
2024-04-23T10:17:39.481+0000 7f94f94e2700 1 -- 172.21.15.60:0/1025053752 >> [v2:172.21.15.60:3300/0,v1:172.21.15.60:6789/0] conn(0x7f94f41085d0 msgr2=0x7f94f41089f0 secure :-1 s=STATE_CONNECTION_ESTABLISHED l=1).mark_down
2024-04-23T10:17:40.609 INFO:teuthology.orchestra.run.smithi060.stdout:/usr/bin/ceph: stderr
2024-04-23T10:17:39.481+0000 7f94f94e2700 1 --2- 172.21.15.60:0/1025053752 >> [v2:172.21.15.60:3300/0,v1:172.21.15.60:6789/0] conn(0x7f94f41085d0 0x7f94f41089f0 secure :-1 s=READY pgs=51 cs=0 l=1 rev1=1 crypto rx=0x7f94e40098a0 tx=0x7f94e4009bb0 comp rx=0 tx=0).stop
2024-04-23T10:17:40.609 INFO:teuthology.orchestra.run.smithi060.stdout:/usr/bin/ceph: stderr
2024-04-23T10:17:39.481+0000 7f94f94e2700 1 -- 172.21.15.60:0/1025053752 shutdown_connections
2024-04-23T10:17:40.609 INFO:teuthology.orchestra.run.smithi060.stdout:/usr/bin/ceph: stderr
2024-04-23T10:17:39.481+0000 7f94f94e2700 1 --2- 172.21.15.60:0/1025053752 >> [v2:172.21.15.60:3300/0,v1:172.21.15.60:6789/0] conn(0x7f94f41085d0 0x7f94f41089f0 unknown :-1 s=CLOSED pgs=51 cs=0 l=1 rev1=1 crypto rx=0 tx=0 comp rx=0 tx=0).stop
2024-04-23T10:17:40.609 INFO:teuthology.orchestra.run.smithi060.stdout:/usr/bin/ceph: stderr
2024-04-23T10:17:39.481+0000 7f94f94e2700 1 -- 172.21.15.60:0/1025053752 >> 172.21.15.60:0/1025053752 conn(0x7f94f4103bf0 msgr2=0x7f94f4106010 unknown :-1 s=STATE_NONE l=0).mark_down
2024-04-23T10:17:40.609 INFO:teuthology.orchestra.run.smithi060.stdout:/usr/bin/ceph: stderr
2024-04-23T10:17:39.481+0000 7f94f94e2700 1 -- 172.21.15.60:0/1025053752 shutdown_connections
2024-04-23T10:17:40.609 INFO:teuthology.orchestra.run.smithi060.stdout:/usr/bin/ceph: stderr
2024-04-23T10:17:39.481+0000 7f94f94e2700 1 -- 172.21.15.60:0/1025053752 wait complete.
2024-04-23T10:17:40.609 INFO:teuthology.orchestra.run.smithi060.stdout:/usr/bin/ceph: stderr
2024-04-23T10:17:39.482+0000 7f94f94e2700 1 Processor -- start
2024-04-23T10:17:40.609 INFO:teuthology.orchestra.run.smithi060.stdout:/usr/bin/ceph: stderr
2024-04-23T10:17:39.482+0000 7f94f94e2700 1 -- start start
2024-04-23T10:17:40.609 INFO:teuthology.orchestra.run.smithi060.stdout:/usr/bin/ceph: stderr
2024-04-23T10:17:39.482+0000 7f94f94e2700 1 --2- >> [v2:172.21.15.60:3300/0,v1:172.21.15.60:6789/0] conn(0x7f94f41085d0 0x7f94f407ca40 unknown :-1 s=NONE pgs=0 cs=0 l=1 rev1=0 crypto rx=0 tx=0 comp rx=0 tx=0).connect
2024-04-23T10:17:40.609 INFO:teuthology.orchestra.run.smithi060.stdout:/usr/bin/ceph: stderr
2024-04-23T10:17:39.482+0000 7f94f94e2700 1 -- --> [v2:172.21.15.60:3300/0,v1:172.21.15.60:6789/0] -- mon_getmap magic: 0 -- 0x7f94f410cb80 con 0x7f94f41085d0
2024-04-23T10:17:40.609 INFO:teuthology.orchestra.run.smithi060.stdout:/usr/bin/ceph: stderr
2024-04-23T10:17:39.482+0000 7f94f2ffd700 1 --2- >> [v2:172.21.15.60:3300/0,v1:172.21.15.60:6789/0] conn(0x7f94f41085d0 0x7f94f407ca40 unknown :-1 s=BANNER_CONNECTING pgs=0 cs=0 l=1 rev1=0 crypto rx=0 tx=0 comp rx=0 tx=0)._handle_peer_banner_payload supported=3 required=0
2024-04-23T10:17:40.609 INFO:teuthology.orchestra.run.smithi060.stdout:/usr/bin/ceph: stderr
2024-04-23T10:17:39.482+0000 7f94f2ffd700 1 --2- >> [v2:172.21.15.60:3300/0,v1:172.21.15.60:6789/0] conn(0x7f94f41085d0 0x7f94f407ca40 unknown :-1 s=HELLO_CONNECTING pgs=0 cs=0 l=1 rev1=1 crypto rx=0 tx=0 comp rx=0 tx=0).handle_hello peer v2:172.21.15.60:3300/0 says I am v2:172.21.15.60:37334/0 (socket says 172.21.15.60:37334)
2024-04-23T10:17:40.610 INFO:teuthology.orchestra.run.smithi060.stdout:/usr/bin/ceph: stderr
2024-04-23T10:17:39.482+0000 7f94f2ffd700 1 -- 172.21.15.60:0/77260121 learned_addr learned my addr 172.21.15.60:0/77260121 (peer_addr_for_me v2:172.21.15.60:0/0)
2024-04-23T10:17:40.610 INFO:teuthology.orchestra.run.smithi060.stdout:/usr/bin/ceph: stderr
2024-04-23T10:17:39.483+0000 7f94f2ffd700 1 -- 172.21.15.60:0/77260121 --> [v2:172.21.15.60:3300/0,v1:172.21.15.60:6789/0] -- mon_subscribe({config=0+,monmap=0+}) -- 0x7f94f407cf80 con 0x7f94f41085d0
2024-04-23T10:17:40.610 INFO:teuthology.orchestra.run.smithi060.stdout:/usr/bin/ceph: stderr
2024-04-23T10:17:39.483+0000 7f94f2ffd700 1 --2- 172.21.15.60:0/77260121 >> [v2:172.21.15.60:3300/0,v1:172.21.15.60:6789/0] conn(0x7f94f41085d0 0x7f94f407ca40 secure :-1 s=READY pgs=52 cs=0 l=1 rev1=1 crypto rx=0x7f94e4009520 tx=0x7f94e4011aa0 comp rx=0 tx=0).ready entity=mon.0 client_cookie=0 server_cookie=0 in_seq=0 out_seq=0
2024-04-23T10:17:40.610 INFO:teuthology.orchestra.run.smithi060.stdout:/usr/bin/ceph: stderr
2024-04-23T10:17:39.483+0000 7f94dbfff700 1 -- 172.21.15.60:0/77260121 <== mon.0 v2:172.21.15.60:3300/0 1 ==== mon_map magic: 0 ==== 205+0+0 (secure 0 0 0) 0x7f94e40039e0 con 0x7f94f41085d0
2024-04-23T10:17:40.610 INFO:teuthology.orchestra.run.smithi060.stdout:/usr/bin/ceph: stderr
2024-04-23T10:17:39.483+0000 7f94f94e2700 1 -- 172.21.15.60:0/77260121 --> [v2:172.21.15.60:3300/0,v1:172.21.15.60:6789/0] -- mon_subscribe({mgrmap=0+}) -- 0x7f94f407b170 con 0x7f94f41085d0
2024-04-23T10:17:40.610 INFO:teuthology.orchestra.run.smithi060.stdout:/usr/bin/ceph: stderr
2024-04-23T10:17:39.483+0000 7f94dbfff700 1 -- 172.21.15.60:0/77260121 <== mon.0 v2:172.21.15.60:3300/0 2 ==== config(26 keys) ==== 1101+0+0 (secure 0 0 0) 0x7f94e401b8f0 con 0x7f94f41085d0
2024-04-23T10:17:40.610 INFO:teuthology.orchestra.run.smithi060.stdout:/usr/bin/ceph: stderr
2024-04-23T10:17:39.483+0000 7f94dbfff700 1 -- 172.21.15.60:0/77260121 <== mon.0 v2:172.21.15.60:3300/0 3 ==== mon_map magic: 0 ==== 205+0+0 (secure 0 0 0) 0x7f94e4019770 con 0x7f94f41085d0
2024-04-23T10:17:40.610 INFO:teuthology.orchestra.run.smithi060.stdout:/usr/bin/ceph: stderr
2024-04-23T10:17:39.483+0000 7f94f94e2700 1 -- 172.21.15.60:0/77260121 --> [v2:172.21.15.60:3300/0,v1:172.21.15.60:6789/0] -- mon_subscribe({osdmap=0}) -- 0x7f94f407b6b0 con 0x7f94f41085d0
2024-04-23T10:17:40.610 INFO:teuthology.orchestra.run.smithi060.stdout:/usr/bin/ceph: stderr
2024-04-23T10:17:39.484+0000 7f94dbfff700 1 -- 172.21.15.60:0/77260121 <== mon.0 v2:172.21.15.60:3300/0 4 ==== mgrmap(e 8) ==== 46558+0+0 (secure 0 0 0) 0x7f94e4019a70 con 0x7f94f41085d0
2024-04-23T10:17:40.610 INFO:teuthology.orchestra.run.smithi060.stdout:/usr/bin/ceph: stderr
2024-04-23T10:17:39.484+0000 7f94f94e2700 1 -- 172.21.15.60:0/77260121 --> [v2:172.21.15.60:3300/0,v1:172.21.15.60:6789/0] -- mon_command({"prefix": "get_command_descriptions"} v 0) -- 0x7f94f40640a0 con 0x7f94f41085d0
2024-04-23T10:17:40.610 INFO:teuthology.orchestra.run.smithi060.stdout:/usr/bin/ceph: stderr
2024-04-23T10:17:39.484+0000 7f94dbfff700 1 --2- 172.21.15.60:0/77260121 >> [v2:172.21.15.60:6800/1299738206,v1:172.21.15.60:6801/1299738206] conn(0x7f94dc0395b0 0x7f94dc03ba70 unknown :-1 s=NONE pgs=0 cs=0 l=1 rev1=0 crypto rx=0 tx=0 comp rx=0 tx=0).connect
2024-04-23T10:17:40.610 INFO:teuthology.orchestra.run.smithi060.stdout:/usr/bin/ceph: stderr
2024-04-23T10:17:39.484+0000 7f94dbfff700 1 -- 172.21.15.60:0/77260121 <== mon.0 v2:172.21.15.60:3300/0 5 ==== osd_map(2..2 src has 1..2) ==== 940+0+0 (secure 0 0 0) 0x7f94e404def0 con 0x7f94f41085d0
2024-04-23T10:17:40.610 INFO:teuthology.orchestra.run.smithi060.stdout:/usr/bin/ceph: stderr
2024-04-23T10:17:39.485+0000 7f94f27fc700 1 --2- 172.21.15.60:0/77260121 >> [v2:172.21.15.60:6800/1299738206,v1:172.21.15.60:6801/1299738206] conn(0x7f94dc0395b0 0x7f94dc03ba70 unknown :-1 s=BANNER_CONNECTING pgs=0 cs=0 l=1 rev1=0 crypto rx=0 tx=0 comp rx=0 tx=0)._handle_peer_banner_payload supported=3 required=0
2024-04-23T10:17:40.610 INFO:teuthology.orchestra.run.smithi060.stdout:/usr/bin/ceph: stderr
2024-04-23T10:17:39.485+0000 7f94f27fc700 1 --2- 172.21.15.60:0/77260121 >> [v2:172.21.15.60:6800/1299738206,v1:172.21.15.60:6801/1299738206] conn(0x7f94dc0395b0 0x7f94dc03ba70 secure :-1 s=READY pgs=14 cs=0 l=1 rev1=1 crypto rx=0x7f94e8006fd0 tx=0x7f94e8006e40 comp rx=0 tx=0).ready entity=mgr.14120 client_cookie=0 server_cookie=0 in_seq=0 out_seq=0
2024-04-23T10:17:40.611 INFO:teuthology.orchestra.run.smithi060.stdout:/usr/bin/ceph: stderr
2024-04-23T10:17:39.490+0000 7f94dbfff700 1 -- 172.21.15.60:0/77260121 <== mon.0 v2:172.21.15.60:3300/0 6 ==== mon_command_ack([{"prefix": "get_command_descriptions"}]=0 v0) ==== 72+0+188370 (secure 0 0 0) 0x7f94e401f030 con 0x7f94f41085d0
2024-04-23T10:17:40.611 INFO:teuthology.orchestra.run.smithi060.stdout:/usr/bin/ceph: stderr
2024-04-23T10:17:39.737+0000 7f94f94e2700 1 -- 172.21.15.60:0/77260121 --> [v2:172.21.15.60:3300/0,v1:172.21.15.60:6789/0] -- mon_command([{prefix=config set, name=mgr/cephadm/container_init}] v 0) -- 0x7f94f407b930 con 0x7f94f41085d0
2024-04-23T10:17:40.611 INFO:teuthology.orchestra.run.smithi060.stdout:/usr/bin/ceph: stderr
2024-04-23T10:17:39.740+0000 7f94dbfff700 1 -- 172.21.15.60:0/77260121 <== mon.0 v2:172.21.15.60:3300/0 7 ==== mon_command_ack([{prefix=config set, name=mgr/cephadm/container_init}]=0 v7)=0 v7) ==== 142+0+0 (secure 0 0 0) 0x7f94e4016df0 con 0x7f94f41085d0
2024-04-23T10:17:40.611 INFO:teuthology.orchestra.run.smithi060.stdout:/usr/bin/ceph: stderr
2024-04-23T10:17:39.742+0000 7f94f94e2700 1 -- 172.21.15.60:0/77260121 >> [v2:172.21.15.60:6800/1299738206,v1:172.21.15.60:6801/1299738206] conn(0x7f94dc0395b0 msgr2=0x7f94dc03ba70 secure :-1 s=STATE_CONNECTION_ESTABLISHED l=1).mark_down
2024-04-23T10:17:40.611 INFO:teuthology.orchestra.run.smithi060.stdout:/usr/bin/ceph: stderr
2024-04-23T10:17:39.742+0000 7f94f94e2700 1 --2- 172.21.15.60:0/77260121 >> [v2:172.21.15.60:6800/1299738206,v1:172.21.15.60:6801/1299738206] conn(0x7f94dc0395b0 0x7f94dc03ba70 secure :-1 s=READY pgs=14 cs=0 l=1 rev1=1 crypto rx=0x7f94e8006fd0 tx=0x7f94e8006e40 comp rx=0 tx=0).stop
2024-04-23T10:17:40.611 INFO:teuthology.orchestra.run.smithi060.stdout:/usr/bin/ceph: stderr
2024-04-23T10:17:39.742+0000 7f94f94e2700 1 -- 172.21.15.60:0/77260121 >> [v2:172.21.15.60:3300/0,v1:172.21.15.60:6789/0] conn(0x7f94f41085d0 msgr2=0x7f94f407ca40 secure :-1 s=STATE_CONNECTION_ESTABLISHED l=1).mark_down
2024-04-23T10:17:40.611 INFO:teuthology.orchestra.run.smithi060.stdout:/usr/bin/ceph: stderr
2024-04-23T10:17:39.742+0000 7f94f94e2700 1 --2- 172.21.15.60:0/77260121 >> [v2:172.21.15.60:3300/0,v1:172.21.15.60:6789/0] conn(0x7f94f41085d0 0x7f94f407ca40 secure :-1 s=READY pgs=52 cs=0 l=1 rev1=1 crypto rx=0x7f94e4009520 tx=0x7f94e4011aa0 comp rx=0 tx=0).stop
2024-04-23T10:17:40.611 INFO:teuthology.orchestra.run.smithi060.stdout:/usr/bin/ceph: stderr
2024-04-23T10:17:39.742+0000 7f94f94e2700 1 -- 172.21.15.60:0/77260121 shutdown_connections
2024-04-23T10:17:40.611 INFO:teuthology.orchestra.run.smithi060.stdout:/usr/bin/ceph: stderr
2024-04-23T10:17:39.742+0000 7f94f94e2700 1 --2- 172.21.15.60:0/77260121 >> [v2:172.21.15.60:6800/1299738206,v1:172.21.15.60:6801/1299738206] conn(0x7f94dc0395b0 0x7f94dc03ba70 unknown :-1 s=CLOSED pgs=14 cs=0 l=1 rev1=1 crypto rx=0 tx=0 comp rx=0 tx=0).stop
2024-04-23T10:17:40.611 INFO:teuthology.orchestra.run.smithi060.stdout:/usr/bin/ceph: stderr
2024-04-23T10:17:39.742+0000 7f94f94e2700 1 --2- 172.21.15.60:0/77260121 >> [v2:172.21.15.60:3300/0,v1:172.21.15.60:6789/0] conn(0x7f94f41085d0 0x7f94f407ca40 unknown :-1 s=CLOSED pgs=52 cs=0 l=1 rev1=1 crypto rx=0 tx=0 comp rx=0 tx=0).stop
2024-04-23T10:17:40.611 INFO:teuthology.orchestra.run.smithi060.stdout:/usr/bin/ceph: stderr
2024-04-23T10:17:39.742+0000 7f94f94e2700 1 -- 172.21.15.60:0/77260121 >> 172.21.15.60:0/77260121 conn(0x7f94f4103bf0 msgr2=0x7f94f4104660 unknown :-1 s=STATE_NONE l=0).mark_down
2024-04-23T10:17:40.611 INFO:teuthology.orchestra.run.smithi060.stdout:/usr/bin/ceph: stderr
2024-04-23T10:17:39.742+0000 7f94f94e2700 1 -- 172.21.15.60:0/77260121 shutdown_connections
2024-04-23T10:17:40.611 INFO:teuthology.orchestra.run.smithi060.stdout:/usr/bin/ceph: stderr
2024-04-23T10:17:39.743+0000 7f94f94e2700 1 -- 172.21.15.60:0/77260121 wait complete.
2024-04-23T10:17:40.850 INFO:journalctl@ceph.mon.a.smithi060.stdout:Apr 23 10:17:40 smithi060 ceph-mon[29213]: from='client.? 172.21.15.60:0/77260121' entity='client.admin'
2024-04-23T10:17:40.850 INFO:journalctl@ceph.mon.a.smithi060.stdout:Apr 23 10:17:40 smithi060 ceph-mon[29213]: from='mgr.14120 172.21.15.60:0/3867537732' entity='mgr.x'
2024-04-23T10:17:41.931 INFO:teuthology.orchestra.run.smithi060.stdout:/usr/bin/ceph: stderr
2024-04-23T10:17:41.062+0000 7f5e7e569700 1 Processor -- start
2024-04-23T10:17:41.931 INFO:teuthology.orchestra.run.smithi060.stdout:/usr/bin/ceph: stderr
2024-04-23T10:17:41.062+0000 7f5e7e569700 1 -- start start
2024-04-23T10:17:41.931 INFO:teuthology.orchestra.run.smithi060.stdout:/usr/bin/ceph: stderr
2024-04-23T10:17:41.062+0000 7f5e7e569700 1 --2- >> [v2:172.21.15.60:3300/0,v1:172.21.15.60:6789/0] conn(0x7f5e781074d0 0x7f5e781078f0 unknown :-1 s=NONE pgs=0 cs=0 l=0 rev1=0 crypto rx=0 tx=0 comp rx=0 tx=0).connect
2024-04-23T10:17:41.931 INFO:teuthology.orchestra.run.smithi060.stdout:/usr/bin/ceph: stderr
2024-04-23T10:17:41.062+0000 7f5e7e569700 1 -- --> [v2:172.21.15.60:3300/0,v1:172.21.15.60:6789/0] -- mon_getmap magic: 0 -- 0x7f5e78107ec0 con 0x7f5e781074d0
2024-04-23T10:17:41.931 INFO:teuthology.orchestra.run.smithi060.stdout:/usr/bin/ceph: stderr
2024-04-23T10:17:41.063+0000 7f5e77fff700 1 --2- >> [v2:172.21.15.60:3300/0,v1:172.21.15.60:6789/0] conn(0x7f5e781074d0 0x7f5e781078f0 unknown :-1 s=BANNER_CONNECTING pgs=0 cs=0 l=0 rev1=0 crypto rx=0 tx=0 comp rx=0 tx=0)._handle_peer_banner_payload supported=3 required=0
2024-04-23T10:17:41.932 INFO:teuthology.orchestra.run.smithi060.stdout:/usr/bin/ceph: stderr
2024-04-23T10:17:41.063+0000 7f5e77fff700 1 --2- >> [v2:172.21.15.60:3300/0,v1:172.21.15.60:6789/0] conn(0x7f5e781074d0 0x7f5e781078f0 unknown :-1 s=HELLO_CONNECTING pgs=0 cs=0 l=0 rev1=1 crypto rx=0 tx=0 comp rx=0 tx=0).handle_hello peer v2:172.21.15.60:3300/0 says I am v2:172.21.15.60:33114/0 (socket says 172.21.15.60:33114)
2024-04-23T10:17:41.932 INFO:teuthology.orchestra.run.smithi060.stdout:/usr/bin/ceph: stderr
2024-04-23T10:17:41.063+0000 7f5e77fff700 1 -- 172.21.15.60:0/3809131816 learned_addr learned my addr 172.21.15.60:0/3809131816 (peer_addr_for_me v2:172.21.15.60:0/0)
2024-04-23T10:17:41.932 INFO:teuthology.orchestra.run.smithi060.stdout:/usr/bin/ceph: stderr
2024-04-23T10:17:41.063+0000 7f5e77fff700 1 -- 172.21.15.60:0/3809131816 --> [v2:172.21.15.60:3300/0,v1:172.21.15.60:6789/0] -- mon_subscribe({config=0+,monmap=0+}) -- 0x7f5e781086d0 con 0x7f5e781074d0
2024-04-23T10:17:41.932 INFO:teuthology.orchestra.run.smithi060.stdout:/usr/bin/ceph: stderr
