2024-04-23T10:17:46.461+0000 7f795d560200 -1 mgr[py] Module pg_autoscaler has missing NOTIFY_TYPES member
2024-04-23T10:17:47.107 INFO:journalctl@ceph.mgr.x.smithi060.stdout:Apr 23 10:17:46 smithi060 ceph-a9dba674-0159-11ef-bc93-c7b262605968-mgr-x[29441]:
2024-04-23T10:17:46.662+0000 7f795d560200 -1 mgr[py] Module test_orchestrator has missing NOTIFY_TYPES member
2024-04-23T10:17:47.581 INFO:journalctl@ceph.mgr.x.smithi060.stdout:Apr 23 10:17:47 smithi060 ceph-a9dba674-0159-11ef-bc93-c7b262605968-mgr-x[29441]:
2024-04-23T10:17:47.287+0000 7f795d560200 -1 mgr[py] Module rook has missing NOTIFY_TYPES member
2024-04-23T10:17:47.857 INFO:journalctl@ceph.mgr.x.smithi060.stdout:Apr 23 10:17:47 smithi060 ceph-a9dba674-0159-11ef-bc93-c7b262605968-mgr-x[29441]:
2024-04-23T10:17:47.724+0000 7f795d560200 -1 mgr[py] Module volumes has missing NOTIFY_TYPES member
2024-04-23T10:17:47.857 INFO:journalctl@ceph.mgr.x.smithi060.stdout:Apr 23 10:17:47 smithi060 ceph-a9dba674-0159-11ef-bc93-c7b262605968-mgr-x[29441]:
2024-04-23T10:17:47.824+0000 7f795d560200 -1 mgr[py] Module crash has missing NOTIFY_TYPES member
2024-04-23T10:17:48.357 INFO:journalctl@ceph.mgr.x.smithi060.stdout:Apr 23 10:17:48 smithi060 ceph-a9dba674-0159-11ef-bc93-c7b262605968-mgr-x[29441]:
2024-04-23T10:17:48.033+0000 7f795d560200 -1 mgr[py] Module rgw has missing NOTIFY_TYPES member
2024-04-23T10:17:48.687 INFO:journalctl@ceph.mgr.x.smithi060.stdout:Apr 23 10:17:48 smithi060 ceph-a9dba674-0159-11ef-bc93-c7b262605968-mgr-x[29441]:
2024-04-23T10:17:48.588+0000 7f795d560200 -1 mgr[py] Module prometheus has missing NOTIFY_TYPES member
2024-04-23T10:17:48.687 INFO:journalctl@ceph.mgr.x.smithi060.stdout:Apr 23 10:17:48 smithi060 ceph-a9dba674-0159-11ef-bc93-c7b262605968-mgr-x[29441]:
2024-04-23T10:17:48.687+0000 7f795d560200 -1 mgr[py] Module devicehealth has missing NOTIFY_TYPES member
2024-04-23T10:17:49.308 INFO:journalctl@ceph.mgr.x.smithi060.stdout:Apr 23 10:17:48 smithi060 ceph-a9dba674-0159-11ef-bc93-c7b262605968-mgr-x[29441]:
2024-04-23T10:17:48.945+0000 7f795d560200 -1 mgr[py] Module telemetry has missing NOTIFY_TYPES member
2024-04-23T10:17:49.308 INFO:journalctl@ceph.mgr.x.smithi060.stdout:Apr 23 10:17:49 smithi060 ceph-a9dba674-0159-11ef-bc93-c7b262605968-mgr-x[29441]:
2024-04-23T10:17:49.086+0000 7f795d560200 -1 mgr[py] Module diskprediction_local has missing NOTIFY_TYPES member
2024-04-23T10:17:49.308 INFO:journalctl@ceph.mgr.x.smithi060.stdout:Apr 23 10:17:49 smithi060 ceph-a9dba674-0159-11ef-bc93-c7b262605968-mgr-x[29441]:
2024-04-23T10:17:49.186+0000 7f795d560200 -1 mgr[py] Module osd_perf_query has missing NOTIFY_TYPES member
2024-04-23T10:17:49.308 INFO:journalctl@ceph.mgr.x.smithi060.stdout:Apr 23 10:17:49 smithi060 ceph-a9dba674-0159-11ef-bc93-c7b262605968-mgr-x[29441]:
2024-04-23T10:17:49.308+0000 7f795d560200 -1 mgr[py] Module rbd_support has missing NOTIFY_TYPES member
2024-04-23T10:17:50.107 INFO:journalctl@ceph.mgr.x.smithi060.stdout:Apr 23 10:17:49 smithi060 ceph-a9dba674-0159-11ef-bc93-c7b262605968-mgr-x[29441]:
2024-04-23T10:17:49.629+0000 7f795d560200 -1 mgr[py] Module zabbix has missing NOTIFY_TYPES member
2024-04-23T10:17:50.534 INFO:journalctl@ceph.mgr.x.smithi060.stdout:Apr 23 10:17:50 smithi060 ceph-a9dba674-0159-11ef-bc93-c7b262605968-mgr-x[29441]:
2024-04-23T10:17:50.256+0000 7f795d560200 -1 mgr[py] Module status has missing NOTIFY_TYPES member
2024-04-23T10:17:50.534 INFO:journalctl@ceph.mgr.x.smithi060.stdout:Apr 23 10:17:50 smithi060 ceph-a9dba674-0159-11ef-bc93-c7b262605968-mgr-x[29441]:
2024-04-23T10:17:50.481+0000 7f795d560200 -1 mgr[py] Module nfs has missing NOTIFY_TYPES member
2024-04-23T10:17:50.857 INFO:journalctl@ceph.mon.a.smithi060.stdout:Apr 23 10:17:50 smithi060 ceph-mon[29213]: Active manager daemon x restarted
2024-04-23T10:17:50.857 INFO:journalctl@ceph.mon.a.smithi060.stdout:Apr 23 10:17:50 smithi060 ceph-mon[29213]: Activating manager daemon x
2024-04-23T10:17:50.857 INFO:journalctl@ceph.mon.a.smithi060.stdout:Apr 23 10:17:50 smithi060 ceph-mon[29213]: osdmap e3: 0 total, 0 up, 0 in
2024-04-23T10:17:50.857 INFO:journalctl@ceph.mon.a.smithi060.stdout:Apr 23 10:17:50 smithi060 ceph-mon[29213]: mgrmap e10: x(active, starting, since 0.00337415s)
2024-04-23T10:17:50.858 INFO:journalctl@ceph.mon.a.smithi060.stdout:Apr 23 10:17:50 smithi060 ceph-mon[29213]: from='mgr.14152 172.21.15.60:0/3179831457' entity='mgr.x' cmd=[{"prefix": "mon metadata", "id": "a"}]: dispatch
2024-04-23T10:17:50.858 INFO:journalctl@ceph.mon.a.smithi060.stdout:Apr 23 10:17:50 smithi060 ceph-mon[29213]: from='mgr.14152 172.21.15.60:0/3179831457' entity='mgr.x' cmd=[{"prefix": "mgr metadata", "who": "x", "id": "x"}]: dispatch
2024-04-23T10:17:50.858 INFO:journalctl@ceph.mon.a.smithi060.stdout:Apr 23 10:17:50 smithi060 ceph-mon[29213]: from='mgr.14152 172.21.15.60:0/3179831457' entity='mgr.x' cmd=[{"prefix": "mds metadata"}]: dispatch
2024-04-23T10:17:50.858 INFO:journalctl@ceph.mon.a.smithi060.stdout:Apr 23 10:17:50 smithi060 ceph-mon[29213]: from='mgr.14152 172.21.15.60:0/3179831457' entity='mgr.x' cmd=[{"prefix": "osd metadata"}]: dispatch
2024-04-23T10:17:50.858 INFO:journalctl@ceph.mon.a.smithi060.stdout:Apr 23 10:17:50 smithi060 ceph-mon[29213]: from='mgr.14152 172.21.15.60:0/3179831457' entity='mgr.x' cmd=[{"prefix": "mon metadata"}]: dispatch
2024-04-23T10:17:50.858 INFO:journalctl@ceph.mon.a.smithi060.stdout:Apr 23 10:17:50 smithi060 ceph-mon[29213]: Manager daemon x is now available
2024-04-23T10:17:50.858 INFO:journalctl@ceph.mon.a.smithi060.stdout:Apr 23 10:17:50 smithi060 ceph-mon[29213]: from='mgr.14152 172.21.15.60:0/3179831457' entity='mgr.x' cmd=[{"prefix": "config dump", "format": "json"}]: dispatch
2024-04-23T10:17:51.713 INFO:journalctl@ceph.mon.a.smithi060.stdout:Apr 23 10:17:51 smithi060 ceph-mon[29213]: from='mgr.14152 172.21.15.60:0/3179831457' entity='mgr.x' cmd=[{"prefix":"config rm","who":"mgr","name":"mgr/rbd_support/x/mirror_snapshot_schedule"}]: dispatch
2024-04-23T10:17:51.713 INFO:journalctl@ceph.mon.a.smithi060.stdout:Apr 23 10:17:51 smithi060 ceph-mon[29213]: from='mgr.14152 172.21.15.60:0/3179831457' entity='mgr.x' cmd=[{"prefix":"config rm","who":"mgr","name":"mgr/rbd_support/x/trash_purge_schedule"}]: dispatch
2024-04-23T10:17:51.713 INFO:journalctl@ceph.mon.a.smithi060.stdout:Apr 23 10:17:51 smithi060 ceph-mon[29213]: mgrmap e11: x(active, since 1.00689s)
2024-04-23T10:17:52.512 INFO:teuthology.orchestra.run.smithi060.stdout:/usr/bin/ceph: stdout {
2024-04-23T10:17:52.512 INFO:teuthology.orchestra.run.smithi060.stdout:/usr/bin/ceph: stdout "mgrmap_epoch": 11,
2024-04-23T10:17:52.512 INFO:teuthology.orchestra.run.smithi060.stdout:/usr/bin/ceph: stdout "initialized": true
2024-04-23T10:17:52.512 INFO:teuthology.orchestra.run.smithi060.stdout:/usr/bin/ceph: stdout }
2024-04-23T10:17:52.512 INFO:teuthology.orchestra.run.smithi060.stdout:/usr/bin/ceph: stderr
2024-04-23T10:17:46.174+0000 7fe6789f9700 1 Processor -- start
2024-04-23T10:17:52.513 INFO:teuthology.orchestra.run.smithi060.stdout:/usr/bin/ceph: stderr
2024-04-23T10:17:46.174+0000 7fe6789f9700 1 -- start start
2024-04-23T10:17:52.513 INFO:teuthology.orchestra.run.smithi060.stdout:/usr/bin/ceph: stderr
2024-04-23T10:17:46.174+0000 7fe6789f9700 1 --2- >> [v2:172.21.15.60:3300/0,v1:172.21.15.60:6789/0] conn(0x7fe674109040 0x7fe67410b430 unknown :-1 s=NONE pgs=0 cs=0 l=0 rev1=0 crypto rx=0 tx=0 comp rx=0 tx=0).connect
2024-04-23T10:17:52.513 INFO:teuthology.orchestra.run.smithi060.stdout:/usr/bin/ceph: stderr
2024-04-23T10:17:46.174+0000 7fe6789f9700 1 -- --> [v2:172.21.15.60:3300/0,v1:172.21.15.60:6789/0] -- mon_getmap magic: 0 -- 0x7fe674063d60 con 0x7fe674109040
2024-04-23T10:17:52.513 INFO:teuthology.orchestra.run.smithi060.stdout:/usr/bin/ceph: stderr
2024-04-23T10:17:46.174+0000 7fe67259c700 1 --2- >> [v2:172.21.15.60:3300/0,v1:172.21.15.60:6789/0] conn(0x7fe674109040 0x7fe67410b430 unknown :-1 s=BANNER_CONNECTING pgs=0 cs=0 l=0 rev1=0 crypto rx=0 tx=0 comp rx=0 tx=0)._handle_peer_banner_payload supported=3 required=0
2024-04-23T10:17:52.513 INFO:teuthology.orchestra.run.smithi060.stdout:/usr/bin/ceph: stderr
2024-04-23T10:17:46.174+0000 7fe67259c700 1 --2- >> [v2:172.21.15.60:3300/0,v1:172.21.15.60:6789/0] conn(0x7fe674109040 0x7fe67410b430 unknown :-1 s=HELLO_CONNECTING pgs=0 cs=0 l=0 rev1=1 crypto rx=0 tx=0 comp rx=0 tx=0).handle_hello peer v2:172.21.15.60:3300/0 says I am v2:172.21.15.60:33186/0 (socket says 172.21.15.60:33186)
2024-04-23T10:17:52.513 INFO:teuthology.orchestra.run.smithi060.stdout:/usr/bin/ceph: stderr
2024-04-23T10:17:46.174+0000 7fe67259c700 1 -- 172.21.15.60:0/3720937589 learned_addr learned my addr 172.21.15.60:0/3720937589 (peer_addr_for_me v2:172.21.15.60:0/0)
2024-04-23T10:17:52.513 INFO:teuthology.orchestra.run.smithi060.stdout:/usr/bin/ceph: stderr
2024-04-23T10:17:46.175+0000 7fe67259c700 1 -- 172.21.15.60:0/3720937589 --> [v2:172.21.15.60:3300/0,v1:172.21.15.60:6789/0] -- mon_subscribe({config=0+,monmap=0+}) -- 0x7fe67410b970 con 0x7fe674109040
2024-04-23T10:17:52.513 INFO:teuthology.orchestra.run.smithi060.stdout:/usr/bin/ceph: stderr
2024-04-23T10:17:46.175+0000 7fe67259c700 1 --2- 172.21.15.60:0/3720937589 >> [v2:172.21.15.60:3300/0,v1:172.21.15.60:6789/0] conn(0x7fe674109040 0x7fe67410b430 secure :-1 s=READY pgs=61 cs=0 l=1 rev1=1 crypto rx=0x7fe6640098a0 tx=0x7fe664009bb0 comp rx=0 tx=0).ready entity=mon.0 client_cookie=e2c3a3b6a95770fe server_cookie=0 in_seq=0 out_seq=0
2024-04-23T10:17:52.513 INFO:teuthology.orchestra.run.smithi060.stdout:/usr/bin/ceph: stderr
2024-04-23T10:17:46.175+0000 7fe67159a700 1 -- 172.21.15.60:0/3720937589 <== mon.0 v2:172.21.15.60:3300/0 1 ==== mon_map magic: 0 ==== 205+0+0 (secure 0 0 0) 0x7fe664004160 con 0x7fe674109040
2024-04-23T10:17:52.513 INFO:teuthology.orchestra.run.smithi060.stdout:/usr/bin/ceph: stderr
2024-04-23T10:17:46.175+0000 7fe67159a700 1 -- 172.21.15.60:0/3720937589 <== mon.0 v2:172.21.15.60:3300/0 2 ==== config(26 keys) ==== 1101+0+0 (secure 0 0 0) 0x7fe664004300 con 0x7fe674109040
2024-04-23T10:17:52.513 INFO:teuthology.orchestra.run.smithi060.stdout:/usr/bin/ceph: stderr
2024-04-23T10:17:46.175+0000 7fe67159a700 1 -- 172.21.15.60:0/3720937589 <== mon.0 v2:172.21.15.60:3300/0 3 ==== mon_map magic: 0 ==== 205+0+0 (secure 0 0 0) 0x7fe664011a20 con 0x7fe674109040
2024-04-23T10:17:52.513 INFO:teuthology.orchestra.run.smithi060.stdout:/usr/bin/ceph: stderr
2024-04-23T10:17:46.176+0000 7fe6789f9700 1 -- 172.21.15.60:0/3720937589 >> [v2:172.21.15.60:3300/0,v1:172.21.15.60:6789/0] conn(0x7fe674109040 msgr2=0x7fe67410b430 secure :-1 s=STATE_CONNECTION_ESTABLISHED l=1).mark_down
2024-04-23T10:17:52.513 INFO:teuthology.orchestra.run.smithi060.stdout:/usr/bin/ceph: stderr
2024-04-23T10:17:46.176+0000 7fe6789f9700 1 --2- 172.21.15.60:0/3720937589 >> [v2:172.21.15.60:3300/0,v1:172.21.15.60:6789/0] conn(0x7fe674109040 0x7fe67410b430 secure :-1 s=READY pgs=61 cs=0 l=1 rev1=1 crypto rx=0x7fe6640098a0 tx=0x7fe664009bb0 comp rx=0 tx=0).stop
2024-04-23T10:17:52.513 INFO:teuthology.orchestra.run.smithi060.stdout:/usr/bin/ceph: stderr
2024-04-23T10:17:46.176+0000 7fe6789f9700 1 -- 172.21.15.60:0/3720937589 shutdown_connections
2024-04-23T10:17:52.514 INFO:teuthology.orchestra.run.smithi060.stdout:/usr/bin/ceph: stderr
2024-04-23T10:17:46.176+0000 7fe6789f9700 1 --2- 172.21.15.60:0/3720937589 >> [v2:172.21.15.60:3300/0,v1:172.21.15.60:6789/0] conn(0x7fe674109040 0x7fe67410b430 unknown :-1 s=CLOSED pgs=61 cs=0 l=1 rev1=1 crypto rx=0 tx=0 comp rx=0 tx=0).stop
2024-04-23T10:17:52.514 INFO:teuthology.orchestra.run.smithi060.stdout:/usr/bin/ceph: stderr
2024-04-23T10:17:46.176+0000 7fe6789f9700 1 -- 172.21.15.60:0/3720937589 >> 172.21.15.60:0/3720937589 conn(0x7fe674102ab0 msgr2=0x7fe674104ed0 unknown :-1 s=STATE_NONE l=0).mark_down
2024-04-23T10:17:52.514 INFO:teuthology.orchestra.run.smithi060.stdout:/usr/bin/ceph: stderr
2024-04-23T10:17:46.176+0000 7fe6789f9700 1 -- 172.21.15.60:0/3720937589 shutdown_connections
2024-04-23T10:17:52.514 INFO:teuthology.orchestra.run.smithi060.stdout:/usr/bin/ceph: stderr
2024-04-23T10:17:46.176+0000 7fe6789f9700 1 -- 172.21.15.60:0/3720937589 wait complete.
2024-04-23T10:17:52.514 INFO:teuthology.orchestra.run.smithi060.stdout:/usr/bin/ceph: stderr
2024-04-23T10:17:46.177+0000 7fe6789f9700 1 Processor -- start
2024-04-23T10:17:52.514 INFO:teuthology.orchestra.run.smithi060.stdout:/usr/bin/ceph: stderr
2024-04-23T10:17:46.177+0000 7fe6789f9700 1 -- start start
2024-04-23T10:17:52.514 INFO:teuthology.orchestra.run.smithi060.stdout:/usr/bin/ceph: stderr
2024-04-23T10:17:46.177+0000 7fe6789f9700 1 --2- >> [v2:172.21.15.60:3300/0,v1:172.21.15.60:6789/0] conn(0x7fe674109040 0x7fe6741088c0 unknown :-1 s=NONE pgs=0 cs=0 l=1 rev1=0 crypto rx=0 tx=0 comp rx=0 tx=0).connect
2024-04-23T10:17:52.514 INFO:teuthology.orchestra.run.smithi060.stdout:/usr/bin/ceph: stderr
2024-04-23T10:17:46.177+0000 7fe6789f9700 1 -- --> [v2:172.21.15.60:3300/0,v1:172.21.15.60:6789/0] -- mon_getmap magic: 0 -- 0x7fe67410c980 con 0x7fe674109040
2024-04-23T10:17:52.514 INFO:teuthology.orchestra.run.smithi060.stdout:/usr/bin/ceph: stderr
2024-04-23T10:17:46.177+0000 7fe67259c700 1 --2- >> [v2:172.21.15.60:3300/0,v1:172.21.15.60:6789/0] conn(0x7fe674109040 0x7fe6741088c0 unknown :-1 s=BANNER_CONNECTING pgs=0 cs=0 l=1 rev1=0 crypto rx=0 tx=0 comp rx=0 tx=0)._handle_peer_banner_payload supported=3 required=0
2024-04-23T10:17:52.514 INFO:teuthology.orchestra.run.smithi060.stdout:/usr/bin/ceph: stderr
2024-04-23T10:17:46.177+0000 7fe67259c700 1 --2- >> [v2:172.21.15.60:3300/0,v1:172.21.15.60:6789/0] conn(0x7fe674109040 0x7fe6741088c0 unknown :-1 s=HELLO_CONNECTING pgs=0 cs=0 l=1 rev1=1 crypto rx=0 tx=0 comp rx=0 tx=0).handle_hello peer v2:172.21.15.60:3300/0 says I am v2:172.21.15.60:33202/0 (socket says 172.21.15.60:33202)
2024-04-23T10:17:52.514 INFO:teuthology.orchestra.run.smithi060.stdout:/usr/bin/ceph: stderr
2024-04-23T10:17:46.177+0000 7fe67259c700 1 -- 172.21.15.60:0/3127172958 learned_addr learned my addr 172.21.15.60:0/3127172958 (peer_addr_for_me v2:172.21.15.60:0/0)
2024-04-23T10:17:52.514 INFO:teuthology.orchestra.run.smithi060.stdout:/usr/bin/ceph: stderr
2024-04-23T10:17:46.177+0000 7fe67259c700 1 -- 172.21.15.60:0/3127172958 --> [v2:172.21.15.60:3300/0,v1:172.21.15.60:6789/0] -- mon_subscribe({config=0+,monmap=0+}) -- 0x7fe674108e00 con 0x7fe674109040
2024-04-23T10:17:52.514 INFO:teuthology.orchestra.run.smithi060.stdout:/usr/bin/ceph: stderr
2024-04-23T10:17:46.178+0000 7fe67259c700 1 --2- 172.21.15.60:0/3127172958 >> [v2:172.21.15.60:3300/0,v1:172.21.15.60:6789/0] conn(0x7fe674109040 0x7fe6741088c0 secure :-1 s=READY pgs=62 cs=0 l=1 rev1=1 crypto rx=0x7fe6640116e0 tx=0x7fe664011aa0 comp rx=0 tx=0).ready entity=mon.0 client_cookie=0 server_cookie=0 in_seq=0 out_seq=0
2024-04-23T10:17:52.514 INFO:teuthology.orchestra.run.smithi060.stdout:/usr/bin/ceph: stderr
2024-04-23T10:17:46.178+0000 7fe6637fe700 1 -- 172.21.15.60:0/3127172958 <== mon.0 v2:172.21.15.60:3300/0 1 ==== mon_map magic: 0 ==== 205+0+0 (secure 0 0 0) 0x7fe664003a60 con 0x7fe674109040
2024-04-23T10:17:52.515 INFO:teuthology.orchestra.run.smithi060.stdout:/usr/bin/ceph: stderr
2024-04-23T10:17:46.178+0000 7fe6789f9700 1 -- 172.21.15.60:0/3127172958 --> [v2:172.21.15.60:3300/0,v1:172.21.15.60:6789/0] -- mon_subscribe({mgrmap=0+}) -- 0x7fe674106ff0 con 0x7fe674109040
2024-04-23T10:17:52.515 INFO:teuthology.orchestra.run.smithi060.stdout:/usr/bin/ceph: stderr
2024-04-23T10:17:46.178+0000 7fe6637fe700 1 -- 172.21.15.60:0/3127172958 <== mon.0 v2:172.21.15.60:3300/0 2 ==== config(26 keys) ==== 1101+0+0 (secure 0 0 0) 0x7fe66401b8f0 con 0x7fe674109040
2024-04-23T10:17:52.515 INFO:teuthology.orchestra.run.smithi060.stdout:/usr/bin/ceph: stderr
2024-04-23T10:17:46.178+0000 7fe6637fe700 1 -- 172.21.15.60:0/3127172958 <== mon.0 v2:172.21.15.60:3300/0 3 ==== mon_map magic: 0 ==== 205+0+0 (secure 0 0 0) 0x7fe664019860 con 0x7fe674109040
2024-04-23T10:17:52.515 INFO:teuthology.orchestra.run.smithi060.stdout:/usr/bin/ceph: stderr
2024-04-23T10:17:46.178+0000 7fe6789f9700 1 -- 172.21.15.60:0/3127172958 --> [v2:172.21.15.60:3300/0,v1:172.21.15.60:6789/0] -- mon_subscribe({osdmap=0}) -- 0x7fe674107530 con 0x7fe674109040
2024-04-23T10:17:52.515 INFO:teuthology.orchestra.run.smithi060.stdout:/usr/bin/ceph: stderr
2024-04-23T10:17:46.179+0000 7fe6637fe700 1 -- 172.21.15.60:0/3127172958 <== mon.0 v2:172.21.15.60:3300/0 4 ==== mgrmap(e 9) ==== 46571+0+0 (secure 0 0 0) 0x7fe664019b60 con 0x7fe674109040
2024-04-23T10:17:52.515 INFO:teuthology.orchestra.run.smithi060.stdout:/usr/bin/ceph: stderr
2024-04-23T10:17:46.179+0000 7fe6637fe700 1 --2- 172.21.15.60:0/3127172958 >> [v2:172.21.15.60:6800/1299738206,v1:172.21.15.60:6801/1299738206] conn(0x7fe65c0395b0 0x7fe65c03ba70 unknown :-1 s=NONE pgs=0 cs=0 l=1 rev1=0 crypto rx=0 tx=0 comp rx=0 tx=0).connect
2024-04-23T10:17:52.515 INFO:teuthology.orchestra.run.smithi060.stdout:/usr/bin/ceph: stderr
2024-04-23T10:17:46.179+0000 7fe6637fe700 1 -- 172.21.15.60:0/3127172958 --> [v2:172.21.15.60:6800/1299738206,v1:172.21.15.60:6801/1299738206] -- command(tid 0: {"prefix": "get_command_descriptions"}) -- 0x7fe65c03c180 con 0x7fe65c0395b0
2024-04-23T10:17:52.515 INFO:teuthology.orchestra.run.smithi060.stdout:/usr/bin/ceph: stderr
2024-04-23T10:17:46.179+0000 7fe6637fe700 1 -- 172.21.15.60:0/3127172958 <== mon.0 v2:172.21.15.60:3300/0 5 ==== osd_map(2..2 src has 1..2) ==== 940+0+0 (secure 0 0 0) 0x7fe66404dd00 con 0x7fe674109040
2024-04-23T10:17:52.515 INFO:teuthology.orchestra.run.smithi060.stdout:/usr/bin/ceph: stderr
2024-04-23T10:17:46.179+0000 7fe671d9b700 1 -- 172.21.15.60:0/3127172958 >> [v2:172.21.15.60:6800/1299738206,v1:172.21.15.60:6801/1299738206] conn(0x7fe65c0395b0 msgr2=0x7fe65c03ba70 unknown :-1 s=STATE_CONNECTING_RE l=1).process reconnect failed to v2:172.21.15.60:6800/1299738206
2024-04-23T10:17:52.515 INFO:teuthology.orchestra.run.smithi060.stdout:/usr/bin/ceph: stderr
2024-04-23T10:17:46.179+0000 7fe671d9b700 1 --2- 172.21.15.60:0/3127172958 >> [v2:172.21.15.60:6800/1299738206,v1:172.21.15.60:6801/1299738206] conn(0x7fe65c0395b0 0x7fe65c03ba70 unknown :-1 s=START_CONNECT pgs=0 cs=0 l=1 rev1=0 crypto rx=0 tx=0 comp rx=0 tx=0)._fault waiting 0.200000
2024-04-23T10:17:52.515 INFO:teuthology.orchestra.run.smithi060.stdout:/usr/bin/ceph: stderr
2024-04-23T10:17:46.380+0000 7fe671d9b700 1 -- 172.21.15.60:0/3127172958 >> [v2:172.21.15.60:6800/1299738206,v1:172.21.15.60:6801/1299738206] conn(0x7fe65c0395b0 msgr2=0x7fe65c03ba70 unknown :-1 s=STATE_CONNECTING_RE l=1).process reconnect failed to v2:172.21.15.60:6800/1299738206
2024-04-23T10:17:52.515 INFO:teuthology.orchestra.run.smithi060.stdout:/usr/bin/ceph: stderr
2024-04-23T10:17:46.380+0000 7fe671d9b700 1 --2- 172.21.15.60:0/3127172958 >> [v2:172.21.15.60:6800/1299738206,v1:172.21.15.60:6801/1299738206] conn(0x7fe65c0395b0 0x7fe65c03ba70 unknown :-1 s=START_CONNECT pgs=0 cs=0 l=1 rev1=0 crypto rx=0 tx=0 comp rx=0 tx=0)._fault waiting 0.400000
2024-04-23T10:17:52.515 INFO:teuthology.orchestra.run.smithi060.stdout:/usr/bin/ceph: stderr
2024-04-23T10:17:46.781+0000 7fe671d9b700 1 -- 172.21.15.60:0/3127172958 >> [v2:172.21.15.60:6800/1299738206,v1:172.21.15.60:6801/1299738206] conn(0x7fe65c0395b0 msgr2=0x7fe65c03ba70 unknown :-1 s=STATE_CONNECTING_RE l=1).process reconnect failed to v2:172.21.15.60:6800/1299738206
2024-04-23T10:17:52.515 INFO:teuthology.orchestra.run.smithi060.stdout:/usr/bin/ceph: stderr
2024-04-23T10:17:46.781+0000 7fe671d9b700 1 --2- 172.21.15.60:0/3127172958 >> [v2:172.21.15.60:6800/1299738206,v1:172.21.15.60:6801/1299738206] conn(0x7fe65c0395b0 0x7fe65c03ba70 unknown :-1 s=START_CONNECT pgs=0 cs=0 l=1 rev1=0 crypto rx=0 tx=0 comp rx=0 tx=0)._fault waiting 0.800000
2024-04-23T10:17:52.516 INFO:teuthology.orchestra.run.smithi060.stdout:/usr/bin/ceph: stderr
2024-04-23T10:17:47.581+0000 7fe671d9b700 1 -- 172.21.15.60:0/3127172958 >> [v2:172.21.15.60:6800/1299738206,v1:172.21.15.60:6801/1299738206] conn(0x7fe65c0395b0 msgr2=0x7fe65c03ba70 unknown :-1 s=STATE_CONNECTING_RE l=1).process reconnect failed to v2:172.21.15.60:6800/1299738206
2024-04-23T10:17:52.516 INFO:teuthology.orchestra.run.smithi060.stdout:/usr/bin/ceph: stderr
2024-04-23T10:17:47.581+0000 7fe671d9b700 1 --2- 172.21.15.60:0/3127172958 >> [v2:172.21.15.60:6800/1299738206,v1:172.21.15.60:6801/1299738206] conn(0x7fe65c0395b0 0x7fe65c03ba70 unknown :-1 s=START_CONNECT pgs=0 cs=0 l=1 rev1=0 crypto rx=0 tx=0 comp rx=0 tx=0)._fault waiting 1.600000
2024-04-23T10:17:52.516 INFO:teuthology.orchestra.run.smithi060.stdout:/usr/bin/ceph: stderr
2024-04-23T10:17:49.182+0000 7fe671d9b700 1 -- 172.21.15.60:0/3127172958 >> [v2:172.21.15.60:6800/1299738206,v1:172.21.15.60:6801/1299738206] conn(0x7fe65c0395b0 msgr2=0x7fe65c03ba70 unknown :-1 s=STATE_CONNECTING_RE l=1).process reconnect failed to v2:172.21.15.60:6800/1299738206
2024-04-23T10:17:52.516 INFO:teuthology.orchestra.run.smithi060.stdout:/usr/bin/ceph: stderr
2024-04-23T10:17:49.182+0000 7fe671d9b700 1 --2- 172.21.15.60:0/3127172958 >> [v2:172.21.15.60:6800/1299738206,v1:172.21.15.60:6801/1299738206] conn(0x7fe65c0395b0 0x7fe65c03ba70 unknown :-1 s=START_CONNECT pgs=0 cs=0 l=1 rev1=0 crypto rx=0 tx=0 comp rx=0 tx=0)._fault waiting 3.200000
2024-04-23T10:17:52.516 INFO:teuthology.orchestra.run.smithi060.stdout:/usr/bin/ceph: stderr
2024-04-23T10:17:50.484+0000 7fe6637fe700 1 -- 172.21.15.60:0/3127172958 <== mon.0 v2:172.21.15.60:3300/0 6 ==== mgrmap(e 10) ==== 46338+0+0 (secure 0 0 0) 0x7fe66401a8f0 con 0x7fe674109040
2024-04-23T10:17:52.516 INFO:teuthology.orchestra.run.smithi060.stdout:/usr/bin/ceph: stderr
2024-04-23T10:17:50.484+0000 7fe6637fe700 1 -- 172.21.15.60:0/3127172958 >> [v2:172.21.15.60:6800/1299738206,v1:172.21.15.60:6801/1299738206] conn(0x7fe65c0395b0 msgr2=0x7fe65c03ba70 unknown :-1 s=STATE_CONNECTING l=1).mark_down
2024-04-23T10:17:52.516 INFO:teuthology.orchestra.run.smithi060.stdout:/usr/bin/ceph: stderr
2024-04-23T10:17:50.484+0000 7fe6637fe700 1 --2- 172.21.15.60:0/3127172958 >> [v2:172.21.15.60:6800/1299738206,v1:172.21.15.60:6801/1299738206] conn(0x7fe65c0395b0 0x7fe65c03ba70 unknown :-1 s=START_CONNECT pgs=0 cs=0 l=1 rev1=0 crypto rx=0 tx=0 comp rx=0 tx=0).stop
2024-04-23T10:17:52.516 INFO:teuthology.orchestra.run.smithi060.stdout:/usr/bin/ceph: stderr
2024-04-23T10:17:51.486+0000 7fe6637fe700 1 -- 172.21.15.60:0/3127172958 <== mon.0 v2:172.21.15.60:3300/0 7 ==== mgrmap(e 11) ==== 46465+0+0 (secure 0 0 0) 0x7fe66404fbf0 con 0x7fe674109040
2024-04-23T10:17:52.516 INFO:teuthology.orchestra.run.smithi060.stdout:/usr/bin/ceph: stderr
2024-04-23T10:17:51.487+0000 7fe6637fe700 1 --2- 172.21.15.60:0/3127172958 >> [v2:172.21.15.60:6800/1019818892,v1:172.21.15.60:6801/1019818892] conn(0x7fe65c03cfe0 0x7fe65c03f3d0 unknown :-1 s=NONE pgs=0 cs=0 l=1 rev1=0 crypto rx=0 tx=0 comp rx=0 tx=0).connect
2024-04-23T10:17:52.516 INFO:teuthology.orchestra.run.smithi060.stdout:/usr/bin/ceph: stderr
2024-04-23T10:17:51.487+0000 7fe6637fe700 1 -- 172.21.15.60:0/3127172958 --> [v2:172.21.15.60:6800/1019818892,v1:172.21.15.60:6801/1019818892] -- command(tid 0: {"prefix": "get_command_descriptions"}) -- 0x7fe65c03c180 con 0x7fe65c03cfe0
2024-04-23T10:17:52.516 INFO:teuthology.orchestra.run.smithi060.stdout:/usr/bin/ceph: stderr
2024-04-23T10:17:51.487+0000 7fe671d9b700 1 --2- 172.21.15.60:0/3127172958 >> [v2:172.21.15.60:6800/1019818892,v1:172.21.15.60:6801/1019818892] conn(0x7fe65c03cfe0 0x7fe65c03f3d0 unknown :-1 s=BANNER_CONNECTING pgs=0 cs=0 l=1 rev1=0 crypto rx=0 tx=0 comp rx=0 tx=0)._handle_peer_banner_payload supported=3 required=0
2024-04-23T10:17:52.516 INFO:teuthology.orchestra.run.smithi060.stdout:/usr/bin/ceph: stderr
2024-04-23T10:17:51.488+0000 7fe671d9b700 1 --2- 172.21.15.60:0/3127172958 >> [v2:172.21.15.60:6800/1019818892,v1:172.21.15.60:6801/1019818892] conn(0x7fe65c03cfe0 0x7fe65c03f3d0 secure :-1 s=READY pgs=1 cs=0 l=1 rev1=1 crypto rx=0x7fe668003a10 tx=0x7fe6680092b0 comp rx=0 tx=0).ready entity=mgr.14152 client_cookie=0 server_cookie=0 in_seq=0 out_seq=0
2024-04-23T10:17:52.516 INFO:teuthology.orchestra.run.smithi060.stdout:/usr/bin/ceph: stderr
2024-04-23T10:17:51.489+0000 7fe6637fe700 1 -- 172.21.15.60:0/3127172958 <== mgr.14152 v2:172.21.15.60:6800/1019818892 1 ==== command_reply(tid 0: 0 ) ==== 8+0+7774 (secure 0 0 0) 0x7fe65c03c180 con 0x7fe65c03cfe0
2024-04-23T10:17:52.516 INFO:teuthology.orchestra.run.smithi060.stdout:/usr/bin/ceph: stderr
2024-04-23T10:17:51.495+0000 7fe6789f9700 1 -- 172.21.15.60:0/3127172958 --> [v2:172.21.15.60:6800/1019818892,v1:172.21.15.60:6801/1019818892] -- command(tid 1: {"prefix": "mgr_status"}) -- 0x7fe674069b80 con 0x7fe65c03cfe0
2024-04-23T10:17:52.517 INFO:teuthology.orchestra.run.smithi060.stdout:/usr/bin/ceph: stderr
2024-04-23T10:17:51.496+0000 7fe6637fe700 1 -- 172.21.15.60:0/3127172958 <== mgr.14152 v2:172.21.15.60:6800/1019818892 2 ==== command_reply(tid 1: 0 ) ==== 8+0+52 (secure 0 0 0) 0x7fe674069b80 con 0x7fe65c03cfe0
2024-04-23T10:17:52.517 INFO:teuthology.orchestra.run.smithi060.stdout:/usr/bin/ceph: stderr
2024-04-23T10:17:51.496+0000 7fe6789f9700 1 -- 172.21.15.60:0/3127172958 >> [v2:172.21.15.60:6800/1019818892,v1:172.21.15.60:6801/1019818892] conn(0x7fe65c03cfe0 msgr2=0x7fe65c03f3d0 secure :-1 s=STATE_CONNECTION_ESTABLISHED l=1).mark_down
2024-04-23T10:17:52.517 INFO:teuthology.orchestra.run.smithi060.stdout:/usr/bin/ceph: stderr
2024-04-23T10:17:51.496+0000 7fe6789f9700 1 --2- 172.21.15.60:0/3127172958 >> [v2:172.21.15.60:6800/1019818892,v1:172.21.15.60:6801/1019818892] conn(0x7fe65c03cfe0 0x7fe65c03f3d0 secure :-1 s=READY pgs=1 cs=0 l=1 rev1=1 crypto rx=0x7fe668003a10 tx=0x7fe6680092b0 comp rx=0 tx=0).stop
2024-04-23T10:17:52.517 INFO:teuthology.orchestra.run.smithi060.stdout:/usr/bin/ceph: stderr
2024-04-23T10:17:51.496+0000 7fe6789f9700 1 -- 172.21.15.60:0/3127172958 >> [v2:172.21.15.60:3300/0,v1:172.21.15.60:6789/0] conn(0x7fe674109040 msgr2=0x7fe6741088c0 secure :-1 s=STATE_CONNECTION_ESTABLISHED l=1).mark_down
2024-04-23T10:17:52.517 INFO:teuthology.orchestra.run.smithi060.stdout:/usr/bin/ceph: stderr
2024-04-23T10:17:51.496+0000 7fe6789f9700 1 --2- 172.21.15.60:0/3127172958 >> [v2:172.21.15.60:3300/0,v1:172.21.15.60:6789/0] conn(0x7fe674109040 0x7fe6741088c0 secure :-1 s=READY pgs=62 cs=0 l=1 rev1=1 crypto rx=0x7fe6640116e0 tx=0x7fe664011aa0 comp rx=0 tx=0).stop
2024-04-23T10:17:52.517 INFO:teuthology.orchestra.run.smithi060.stdout:/usr/bin/ceph: stderr
2024-04-23T10:17:51.496+0000 7fe6789f9700 1 -- 172.21.15.60:0/3127172958 shutdown_connections
2024-04-23T10:17:52.517 INFO:teuthology.orchestra.run.smithi060.stdout:/usr/bin/ceph: stderr
2024-04-23T10:17:51.496+0000 7fe6789f9700 1 --2- 172.21.15.60:0/3127172958 >> [v2:172.21.15.60:6800/1019818892,v1:172.21.15.60:6801/1019818892] conn(0x7fe65c03cfe0 0x7fe65c03f3d0 unknown :-1 s=CLOSED pgs=1 cs=0 l=1 rev1=1 crypto rx=0 tx=0 comp rx=0 tx=0).stop
2024-04-23T10:17:52.517 INFO:teuthology.orchestra.run.smithi060.stdout:/usr/bin/ceph: stderr
2024-04-23T10:17:51.496+0000 7fe6789f9700 1 --2- 172.21.15.60:0/3127172958 >> [v2:172.21.15.60:3300/0,v1:172.21.15.60:6789/0] conn(0x7fe674109040 0x7fe6741088c0 unknown :-1 s=CLOSED pgs=62 cs=0 l=1 rev1=1 crypto rx=0 tx=0 comp rx=0 tx=0).stop
2024-04-23T10:17:52.517 INFO:teuthology.orchestra.run.smithi060.stdout:/usr/bin/ceph: stderr
2024-04-23T10:17:51.496+0000 7fe6789f9700 1 --2- 172.21.15.60:0/3127172958 >> [v2:172.21.15.60:6800/1299738206,v1:172.21.15.60:6801/1299738206] conn(0x7fe65c0395b0 0x7fe65c03ba70 unknown :-1 s=CLOSED pgs=0 cs=0 l=1 rev1=0 crypto rx=0 tx=0 comp rx=0 tx=0).stop
2024-04-23T10:17:52.517 INFO:teuthology.orchestra.run.smithi060.stdout:/usr/bin/ceph: stderr
2024-04-23T10:17:51.496+0000 7fe6789f9700 1 -- 172.21.15.60:0/3127172958 >> 172.21.15.60:0/3127172958 conn(0x7fe674102ab0 msgr2=0x7fe674103550 unknown :-1 s=STATE_NONE l=0).mark_down
2024-04-23T10:17:52.517 INFO:teuthology.orchestra.run.smithi060.stdout:/usr/bin/ceph: stderr
2024-04-23T10:17:51.496+0000 7fe6789f9700 1 -- 172.21.15.60:0/3127172958 shutdown_connections
2024-04-23T10:17:52.517 INFO:teuthology.orchestra.run.smithi060.stdout:/usr/bin/ceph: stderr
2024-04-23T10:17:51.496+0000 7fe6789f9700 1 -- 172.21.15.60:0/3127172958 wait complete.
2024-04-23T10:17:52.517 INFO:teuthology.orchestra.run.smithi060.stdout:mgr epoch 9 is available
2024-04-23T10:17:52.517 INFO:teuthology.orchestra.run.smithi060.stdout:Generating a dashboard self-signed certificate...
2024-04-23T10:17:52.821 INFO:journalctl@ceph.mon.a.smithi060.stdout:Apr 23 10:17:52 smithi060 ceph-mon[29213]: [23/Apr/2024:10:17:51] ENGINE Bus STARTING
2024-04-23T10:17:52.821 INFO:journalctl@ceph.mon.a.smithi060.stdout:Apr 23 10:17:52 smithi060 ceph-mon[29213]: [23/Apr/2024:10:17:51] ENGINE Serving on https://172.21.15.60:7150
2024-04-23T10:17:52.821 INFO:journalctl@ceph.mon.a.smithi060.stdout:Apr 23 10:17:52 smithi060 ceph-mon[29213]: [23/Apr/2024:10:17:51] ENGINE Serving on http://172.21.15.60:8765
2024-04-23T10:17:52.821 INFO:journalctl@ceph.mon.a.smithi060.stdout:Apr 23 10:17:52 smithi060 ceph-mon[29213]: [23/Apr/2024:10:17:51] ENGINE Bus STARTED
2024-04-23T10:17:53.774 INFO:teuthology.orchestra.run.smithi060.stdout:/usr/bin/ceph: stdout Self-signed certificate created
2024-04-23T10:17:53.774 INFO:teuthology.orchestra.run.smithi060.stdout:/usr/bin/ceph: stderr
2024-04-23T10:17:52.930+0000 7fcc87fff700 1 Processor -- start
2024-04-23T10:17:53.774 INFO:teuthology.orchestra.run.smithi060.stdout:/usr/bin/ceph: stderr
2024-04-23T10:17:52.930+0000 7fcc87fff700 1 -- start start
2024-04-23T10:17:53.774 INFO:teuthology.orchestra.run.smithi060.stdout:/usr/bin/ceph: stderr
2024-04-23T10:17:52.930+0000 7fcc87fff700 1 --2- >> [v2:172.21.15.60:3300/0,v1:172.21.15.60:6789/0] conn(0x7fcc88106cc0 0x7fcc881070e0 unknown :-1 s=NONE pgs=0 cs=0 l=0 rev1=0 crypto rx=0 tx=0 comp rx=0 tx=0).connect
2024-04-23T10:17:53.774 INFO:teuthology.orchestra.run.smithi060.stdout:/usr/bin/ceph: stderr
2024-04-23T10:17:52.930+0000 7fcc87fff700 1 -- --> [v2:172.21.15.60:3300/0,v1:172.21.15.60:6789/0] -- mon_getmap magic: 0 -- 0x7fcc8807be30 con 0x7fcc88106cc0
2024-04-23T10:17:53.774 INFO:teuthology.orchestra.run.smithi060.stdout:/usr/bin/ceph: stderr
2024-04-23T10:17:52.930+0000 7fcc86ffd700 1 --2- >> [v2:172.21.15.60:3300/0,v1:172.21.15.60:6789/0] conn(0x7fcc88106cc0 0x7fcc881070e0 unknown :-1 s=BANNER_CONNECTING pgs=0 cs=0 l=0 rev1=0 crypto rx=0 tx=0 comp rx=0 tx=0)._handle_peer_banner_payload supported=3 required=0
2024-04-23T10:17:53.775 INFO:teuthology.orchestra.run.smithi060.stdout:/usr/bin/ceph: stderr
2024-04-23T10:17:52.930+0000 7fcc86ffd700 1 --2- >> [v2:172.21.15.60:3300/0,v1:172.21.15.60:6789/0] conn(0x7fcc88106cc0 0x7fcc881070e0 unknown :-1 s=HELLO_CONNECTING pgs=0 cs=0 l=0 rev1=1 crypto rx=0 tx=0 comp rx=0 tx=0).handle_hello peer v2:172.21.15.60:3300/0 says I am v2:172.21.15.60:38336/0 (socket says 172.21.15.60:38336)
2024-04-23T10:17:53.775 INFO:teuthology.orchestra.run.smithi060.stdout:/usr/bin/ceph: stderr
2024-04-23T10:17:52.930+0000 7fcc86ffd700 1 -- 172.21.15.60:0/1799546124 learned_addr learned my addr 172.21.15.60:0/1799546124 (peer_addr_for_me v2:172.21.15.60:0/0)
2024-04-23T10:17:53.775 INFO:teuthology.orchestra.run.smithi060.stdout:/usr/bin/ceph: stderr
2024-04-23T10:17:52.931+0000 7fcc86ffd700 1 -- 172.21.15.60:0/1799546124 --> [v2:172.21.15.60:3300/0,v1:172.21.15.60:6789/0] -- mon_subscribe({config=0+,monmap=0+}) -- 0x7fcc88107620 con 0x7fcc88106cc0
2024-04-23T10:17:53.775 INFO:teuthology.orchestra.run.smithi060.stdout:/usr/bin/ceph: stderr
2024-04-23T10:17:52.931+0000 7fcc86ffd700 1 --2- 172.21.15.60:0/1799546124 >> [v2:172.21.15.60:3300/0,v1:172.21.15.60:6789/0] conn(0x7fcc88106cc0 0x7fcc881070e0 secure :-1 s=READY pgs=70 cs=0 l=1 rev1=1 crypto rx=0x7fcc780098a0 tx=0x7fcc78009bb0 comp rx=0 tx=0).ready entity=mon.0 client_cookie=47e9d93273bef076 server_cookie=0 in_seq=0 out_seq=0
2024-04-23T10:17:53.775 INFO:teuthology.orchestra.run.smithi060.stdout:/usr/bin/ceph: stderr
2024-04-23T10:17:52.931+0000 7fcc85ffb700 1 -- 172.21.15.60:0/1799546124 <== mon.0 v2:172.21.15.60:3300/0 1 ==== mon_map magic: 0 ==== 205+0+0 (secure 0 0 0) 0x7fcc78004160 con 0x7fcc88106cc0
2024-04-23T10:17:53.775 INFO:teuthology.orchestra.run.smithi060.stdout:/usr/bin/ceph: stderr
2024-04-23T10:17:52.931+0000 7fcc85ffb700 1 -- 172.21.15.60:0/1799546124 <== mon.0 v2:172.21.15.60:3300/0 2 ==== config(26 keys) ==== 1101+0+0 (secure 0 0 0) 0x7fcc78004300 con 0x7fcc88106cc0
2024-04-23T10:17:53.775 INFO:teuthology.orchestra.run.smithi060.stdout:/usr/bin/ceph: stderr
2024-04-23T10:17:52.931+0000 7fcc85ffb700 1 -- 172.21.15.60:0/1799546124 <== mon.0 v2:172.21.15.60:3300/0 3 ==== mon_map magic: 0 ==== 205+0+0 (secure 0 0 0) 0x7fcc78011a20 con 0x7fcc88106cc0
2024-04-23T10:17:53.775 INFO:teuthology.orchestra.run.smithi060.stdout:/usr/bin/ceph: stderr
2024-04-23T10:17:52.931+0000 7fcc87fff700 1 -- 172.21.15.60:0/1799546124 >> [v2:172.21.15.60:3300/0,v1:172.21.15.60:6789/0] conn(0x7fcc88106cc0 msgr2=0x7fcc881070e0 secure :-1 s=STATE_CONNECTION_ESTABLISHED l=1).mark_down
2024-04-23T10:17:53.775 INFO:teuthology.orchestra.run.smithi060.stdout:/usr/bin/ceph: stderr
2024-04-23T10:17:52.931+0000 7fcc87fff700 1 --2- 172.21.15.60:0/1799546124 >> [v2:172.21.15.60:3300/0,v1:172.21.15.60:6789/0] conn(0x7fcc88106cc0 0x7fcc881070e0 secure :-1 s=READY pgs=70 cs=0 l=1 rev1=1 crypto rx=0x7fcc780098a0 tx=0x7fcc78009bb0 comp rx=0 tx=0).stop
2024-04-23T10:17:53.775 INFO:teuthology.orchestra.run.smithi060.stdout:/usr/bin/ceph: stderr
2024-04-23T10:17:52.932+0000 7fcc87fff700 1 -- 172.21.15.60:0/1799546124 shutdown_connections
2024-04-23T10:17:53.775 INFO:teuthology.orchestra.run.smithi060.stdout:/usr/bin/ceph: stderr
2024-04-23T10:17:52.932+0000 7fcc87fff700 1 --2- 172.21.15.60:0/1799546124 >> [v2:172.21.15.60:3300/0,v1:172.21.15.60:6789/0] conn(0x7fcc88106cc0 0x7fcc881070e0 unknown :-1 s=CLOSED pgs=70 cs=0 l=1 rev1=1 crypto rx=0 tx=0 comp rx=0 tx=0).stop
2024-04-23T10:17:53.775 INFO:teuthology.orchestra.run.smithi060.stdout:/usr/bin/ceph: stderr
2024-04-23T10:17:52.932+0000 7fcc87fff700 1 -- 172.21.15.60:0/1799546124 >> 172.21.15.60:0/1799546124 conn(0x7fcc881028a0 msgr2=0x7fcc88104ce0 unknown :-1 s=STATE_NONE l=0).mark_down
2024-04-23T10:17:53.775 INFO:teuthology.orchestra.run.smithi060.stdout:/usr/bin/ceph: stderr
2024-04-23T10:17:52.932+0000 7fcc87fff700 1 -- 172.21.15.60:0/1799546124 shutdown_connections
2024-04-23T10:17:53.775 INFO:teuthology.orchestra.run.smithi060.stdout:/usr/bin/ceph: stderr
2024-04-23T10:17:52.932+0000 7fcc87fff700 1 -- 172.21.15.60:0/1799546124 wait complete.
2024-04-23T10:17:53.776 INFO:teuthology.orchestra.run.smithi060.stdout:/usr/bin/ceph: stderr
2024-04-23T10:17:52.932+0000 7fcc87fff700 1 Processor -- start
2024-04-23T10:17:53.776 INFO:teuthology.orchestra.run.smithi060.stdout:/usr/bin/ceph: stderr
2024-04-23T10:17:52.932+0000 7fcc87fff700 1 -- start start
2024-04-23T10:17:53.776 INFO:teuthology.orchestra.run.smithi060.stdout:/usr/bin/ceph: stderr
2024-04-23T10:17:52.933+0000 7fcc87fff700 1 --2- >> [v2:172.21.15.60:3300/0,v1:172.21.15.60:6789/0] conn(0x7fcc88106cc0 0x7fcc8819e490 unknown :-1 s=NONE pgs=0 cs=0 l=1 rev1=0 crypto rx=0 tx=0 comp rx=0 tx=0).connect
2024-04-23T10:17:53.776 INFO:teuthology.orchestra.run.smithi060.stdout:/usr/bin/ceph: stderr
2024-04-23T10:17:52.933+0000 7fcc87fff700 1 -- --> [v2:172.21.15.60:3300/0,v1:172.21.15.60:6789/0] -- mon_getmap magic: 0 -- 0x7fcc88108690 con 0x7fcc88106cc0
2024-04-23T10:17:53.776 INFO:teuthology.orchestra.run.smithi060.stdout:/usr/bin/ceph: stderr
2024-04-23T10:17:52.933+0000 7fcc86ffd700 1 --2- >> [v2:172.21.15.60:3300/0,v1:172.21.15.60:6789/0] conn(0x7fcc88106cc0 0x7fcc8819e490 unknown :-1 s=BANNER_CONNECTING pgs=0 cs=0 l=1 rev1=0 crypto rx=0 tx=0 comp rx=0 tx=0)._handle_peer_banner_payload supported=3 required=0
2024-04-23T10:17:53.776 INFO:teuthology.orchestra.run.smithi060.stdout:/usr/bin/ceph: stderr
2024-04-23T10:17:52.933+0000 7fcc86ffd700 1 --2- >> [v2:172.21.15.60:3300/0,v1:172.21.15.60:6789/0] conn(0x7fcc88106cc0 0x7fcc8819e490 unknown :-1 s=HELLO_CONNECTING pgs=0 cs=0 l=1 rev1=1 crypto rx=0 tx=0 comp rx=0 tx=0).handle_hello peer v2:172.21.15.60:3300/0 says I am v2:172.21.15.60:38340/0 (socket says 172.21.15.60:38340)
2024-04-23T10:17:53.776 INFO:teuthology.orchestra.run.smithi060.stdout:/usr/bin/ceph: stderr
2024-04-23T10:17:52.933+0000 7fcc86ffd700 1 -- 172.21.15.60:0/636108888 learned_addr learned my addr 172.21.15.60:0/636108888 (peer_addr_for_me v2:172.21.15.60:0/0)
2024-04-23T10:17:53.776 INFO:teuthology.orchestra.run.smithi060.stdout:/usr/bin/ceph: stderr
2024-04-23T10:17:52.933+0000 7fcc86ffd700 1 -- 172.21.15.60:0/636108888 --> [v2:172.21.15.60:3300/0,v1:172.21.15.60:6789/0] -- mon_subscribe({config=0+,monmap=0+}) -- 0x7fcc8819e9d0 con 0x7fcc88106cc0
2024-04-23T10:17:53.776 INFO:teuthology.orchestra.run.smithi060.stdout:/usr/bin/ceph: stderr
2024-04-23T10:17:52.933+0000 7fcc86ffd700 1 --2- 172.21.15.60:0/636108888 >> [v2:172.21.15.60:3300/0,v1:172.21.15.60:6789/0] conn(0x7fcc88106cc0 0x7fcc8819e490 secure :-1 s=READY pgs=71 cs=0 l=1 rev1=1 crypto rx=0x7fcc780116e0 tx=0x7fcc78011aa0 comp rx=0 tx=0).ready entity=mon.0 client_cookie=0 server_cookie=0 in_seq=0 out_seq=0
2024-04-23T10:17:53.776 INFO:teuthology.orchestra.run.smithi060.stdout:/usr/bin/ceph: stderr
2024-04-23T10:17:52.933+0000 7fcc6ffff700 1 -- 172.21.15.60:0/636108888 <== mon.0 v2:172.21.15.60:3300/0 1 ==== mon_map magic: 0 ==== 205+0+0 (secure 0 0 0) 0x7fcc78003a60 con 0x7fcc88106cc0
2024-04-23T10:17:53.776 INFO:teuthology.orchestra.run.smithi060.stdout:/usr/bin/ceph: stderr
2024-04-23T10:17:52.933+0000 7fcc87fff700 1 -- 172.21.15.60:0/636108888 --> [v2:172.21.15.60:3300/0,v1:172.21.15.60:6789/0] -- mon_subscribe({mgrmap=0+}) -- 0x7fcc8819ec60 con 0x7fcc88106cc0
2024-04-23T10:17:53.776 INFO:teuthology.orchestra.run.smithi060.stdout:/usr/bin/ceph: stderr
2024-04-23T10:17:52.933+0000 7fcc6ffff700 1 -- 172.21.15.60:0/636108888 <== mon.0 v2:172.21.15.60:3300/0 2 ==== config(26 keys) ==== 1101+0+0 (secure 0 0 0) 0x7fcc7801b8f0 con 0x7fcc88106cc0
2024-04-23T10:17:53.776 INFO:teuthology.orchestra.run.smithi060.stdout:/usr/bin/ceph: stderr
2024-04-23T10:17:52.933+0000 7fcc6ffff700 1 -- 172.21.15.60:0/636108888 <== mon.0 v2:172.21.15.60:3300/0 3 ==== mon_map magic: 0 ==== 205+0+0 (secure 0 0 0) 0x7fcc78019860 con 0x7fcc88106cc0
2024-04-23T10:17:53.776 INFO:teuthology.orchestra.run.smithi060.stdout:/usr/bin/ceph: stderr
2024-04-23T10:17:52.933+0000 7fcc87fff700 1 -- 172.21.15.60:0/636108888 --> [v2:172.21.15.60:3300/0,v1:172.21.15.60:6789/0] -- mon_subscribe({osdmap=0}) -- 0x7fcc881a1950 con 0x7fcc88106cc0
2024-04-23T10:17:53.776 INFO:teuthology.orchestra.run.smithi060.stdout:/usr/bin/ceph: stderr
2024-04-23T10:17:52.934+0000 7fcc6ffff700 1 -- 172.21.15.60:0/636108888 <== mon.0 v2:172.21.15.60:3300/0 4 ==== mgrmap(e 12) ==== 46571+0+0 (secure 0 0 0) 0x7fcc78019b60 con 0x7fcc88106cc0
2024-04-23T10:17:53.777 INFO:teuthology.orchestra.run.smithi060.stdout:/usr/bin/ceph: stderr
2024-04-23T10:17:52.934+0000 7fcc87fff700 1 -- 172.21.15.60:0/636108888 --> [v2:172.21.15.60:3300/0,v1:172.21.15.60:6789/0] -- mon_command({"prefix": "get_command_descriptions"} v 0) -- 0x7fcc88069b80 con 0x7fcc88106cc0
2024-04-23T10:17:53.777 INFO:teuthology.orchestra.run.smithi060.stdout:/usr/bin/ceph: stderr
2024-04-23T10:17:52.934+0000 7fcc6ffff700 1 --2- 172.21.15.60:0/636108888 >> [v2:172.21.15.60:6800/1019818892,v1:172.21.15.60:6801/1019818892] conn(0x7fcc700395b0 0x7fcc7003ba70 unknown :-1 s=NONE pgs=0 cs=0 l=1 rev1=0 crypto rx=0 tx=0 comp rx=0 tx=0).connect
2024-04-23T10:17:53.777 INFO:teuthology.orchestra.run.smithi060.stdout:/usr/bin/ceph: stderr
2024-04-23T10:17:52.935+0000 7fcc6ffff700 1 -- 172.21.15.60:0/636108888 <== mon.0 v2:172.21.15.60:3300/0 5 ==== osd_map(3..3 src has 1..3) ==== 1155+0+0 (secure 0 0 0) 0x7fcc7804dfa0 con 0x7fcc88106cc0
2024-04-23T10:17:53.777 INFO:teuthology.orchestra.run.smithi060.stdout:/usr/bin/ceph: stderr
2024-04-23T10:17:52.935+0000 7fcc867fc700 1 --2- 172.21.15.60:0/636108888 >> [v2:172.21.15.60:6800/1019818892,v1:172.21.15.60:6801/1019818892] conn(0x7fcc700395b0 0x7fcc7003ba70 unknown :-1 s=BANNER_CONNECTING pgs=0 cs=0 l=1 rev1=0 crypto rx=0 tx=0 comp rx=0 tx=0)._handle_peer_banner_payload supported=3 required=0
2024-04-23T10:17:53.777 INFO:teuthology.orchestra.run.smithi060.stdout:/usr/bin/ceph: stderr
2024-04-23T10:17:52.935+0000 7fcc867fc700 1 --2- 172.21.15.60:0/636108888 >> [v2:172.21.15.60:6800/1019818892,v1:172.21.15.60:6801/1019818892] conn(0x7fcc700395b0 0x7fcc7003ba70 secure :-1 s=READY pgs=7 cs=0 l=1 rev1=1 crypto rx=0x7fcc7c006fd0 tx=0x7fcc7c006e40 comp rx=0 tx=0).ready entity=mgr.14152 client_cookie=0 server_cookie=0 in_seq=0 out_seq=0
2024-04-23T10:17:53.777 INFO:teuthology.orchestra.run.smithi060.stdout:/usr/bin/ceph: stderr
2024-04-23T10:17:52.940+0000 7fcc6ffff700 1 -- 172.21.15.60:0/636108888 <== mon.0 v2:172.21.15.60:3300/0 6 ==== mon_command_ack([{"prefix": "get_command_descriptions"}]=0 v0) ==== 72+0+188370 (secure 0 0 0) 0x7fcc7801f030 con 0x7fcc88106cc0
2024-04-23T10:17:53.777 INFO:teuthology.orchestra.run.smithi060.stdout:/usr/bin/ceph: stderr
2024-04-23T10:17:53.161+0000 7fcc87fff700 1 -- 172.21.15.60:0/636108888 --> [v2:172.21.15.60:6800/1019818892,v1:172.21.15.60:6801/1019818892] -- mgr_command(tid 0: {"prefix": "dashboard create-self-signed-cert", "target": ["mon-mgr", ""]}) -- 0x7fcc8802e1d0 con 0x7fcc700395b0
2024-04-23T10:17:53.777 INFO:teuthology.orchestra.run.smithi060.stdout:/usr/bin/ceph: stderr
2024-04-23T10:17:53.232+0000 7fcc6ffff700 1 -- 172.21.15.60:0/636108888 <== mgr.14152 v2:172.21.15.60:6800/1019818892 1 ==== mgr_command_reply(tid 0: 0 ) ==== 8+0+32 (secure 0 0 0) 0x7fcc8802e1d0 con 0x7fcc700395b0
2024-04-23T10:17:53.777 INFO:teuthology.orchestra.run.smithi060.stdout:/usr/bin/ceph: stderr
2024-04-23T10:17:53.235+0000 7fcc87fff700 1 -- 172.21.15.60:0/636108888 >> [v2:172.21.15.60:6800/1019818892,v1:172.21.15.60:6801/1019818892] conn(0x7fcc700395b0 msgr2=0x7fcc7003ba70 secure :-1 s=STATE_CONNECTION_ESTABLISHED l=1).mark_down
2024-04-23T10:17:53.777 INFO:teuthology.orchestra.run.smithi060.stdout:/usr/bin/ceph: stderr
2024-04-23T10:17:53.235+0000 7fcc87fff700 1 --2- 172.21.15.60:0/636108888 >> [v2:172.21.15.60:6800/1019818892,v1:172.21.15.60:6801/1019818892] conn(0x7fcc700395b0 0x7fcc7003ba70 secure :-1 s=READY pgs=7 cs=0 l=1 rev1=1 crypto rx=0x7fcc7c006fd0 tx=0x7fcc7c006e40 comp rx=0 tx=0).stop
2024-04-23T10:17:53.777 INFO:teuthology.orchestra.run.smithi060.stdout:/usr/bin/ceph: stderr
2024-04-23T10:17:53.235+0000 7fcc87fff700 1 -- 172.21.15.60:0/636108888 >> [v2:172.21.15.60:3300/0,v1:172.21.15.60:6789/0] conn(0x7fcc88106cc0 msgr2=0x7fcc8819e490 secure :-1 s=STATE_CONNECTION_ESTABLISHED l=1).mark_down
2024-04-23T10:17:53.777 INFO:teuthology.orchestra.run.smithi060.stdout:/usr/bin/ceph: stderr
2024-04-23T10:17:53.235+0000 7fcc87fff700 1 --2- 172.21.15.60:0/636108888 >> [v2:172.21.15.60:3300/0,v1:172.21.15.60:6789/0] conn(0x7fcc88106cc0 0x7fcc8819e490 secure :-1 s=READY pgs=71 cs=0 l=1 rev1=1 crypto rx=0x7fcc780116e0 tx=0x7fcc78011aa0 comp rx=0 tx=0).stop
2024-04-23T10:17:53.777 INFO:teuthology.orchestra.run.smithi060.stdout:/usr/bin/ceph: stderr
2024-04-23T10:17:53.235+0000 7fcc87fff700 1 -- 172.21.15.60:0/636108888 shutdown_connections
2024-04-23T10:17:53.778 INFO:teuthology.orchestra.run.smithi060.stdout:/usr/bin/ceph: stderr
2024-04-23T10:17:53.235+0000 7fcc87fff700 1 --2- 172.21.15.60:0/636108888 >> [v2:172.21.15.60:6800/1019818892,v1:172.21.15.60:6801/1019818892] conn(0x7fcc700395b0 0x7fcc7003ba70 unknown :-1 s=CLOSED pgs=7 cs=0 l=1 rev1=1 crypto rx=0 tx=0 comp rx=0 tx=0).stop
2024-04-23T10:17:53.778 INFO:teuthology.orchestra.run.smithi060.stdout:/usr/bin/ceph: stderr
2024-04-23T10:17:53.235+0000 7fcc87fff700 1 --2- 172.21.15.60:0/636108888 >> [v2:172.21.15.60:3300/0,v1:172.21.15.60:6789/0] conn(0x7fcc88106cc0 0x7fcc8819e490 unknown :-1 s=CLOSED pgs=71 cs=0 l=1 rev1=1 crypto rx=0 tx=0 comp rx=0 tx=0).stop
2024-04-23T10:17:53.778 INFO:teuthology.orchestra.run.smithi060.stdout:/usr/bin/ceph: stderr
2024-04-23T10:17:53.235+0000 7fcc87fff700 1 -- 172.21.15.60:0/636108888 >> 172.21.15.60:0/636108888 conn(0x7fcc881028a0 msgr2=0x7fcc88195130 unknown :-1 s=STATE_NONE l=0).mark_down
2024-04-23T10:17:53.778 INFO:teuthology.orchestra.run.smithi060.stdout:/usr/bin/ceph: stderr
2024-04-23T10:17:53.235+0000 7fcc87fff700 1 -- 172.21.15.60:0/636108888 shutdown_connections
2024-04-23T10:17:53.778 INFO:teuthology.orchestra.run.smithi060.stdout:/usr/bin/ceph: stderr
2024-04-23T10:17:53.235+0000 7fcc87fff700 1 -- 172.21.15.60:0/636108888 wait complete.
2024-04-23T10:17:53.778 INFO:teuthology.orchestra.run.smithi060.stdout:Creating initial admin user...
2024-04-23T10:17:53.857 INFO:journalctl@ceph.mon.a.smithi060.stdout:Apr 23 10:17:53 smithi060 ceph-mon[29213]: mgrmap e12: x(active, since 2s)
2024-04-23T10:17:53.858 INFO:journalctl@ceph.mon.a.smithi060.stdout:Apr 23 10:17:53 smithi060 ceph-mon[29213]: from='mgr.14152 172.21.15.60:0/3179831457' entity='mgr.x'
2024-04-23T10:17:53.858 INFO:journalctl@ceph.mon.a.smithi060.stdout:Apr 23 10:17:53 smithi060 ceph-mon[29213]: from='client.14164 -' entity='client.admin' cmd=[{"prefix": "dashboard create-self-signed-cert", "target": ["mon-mgr", ""]}]: dispatch
2024-04-23T10:17:53.858 INFO:journalctl@ceph.mon.a.smithi060.stdout:Apr 23 10:17:53 smithi060 ceph-mon[29213]: from='mgr.14152 172.21.15.60:0/3179831457' entity='mgr.x'
2024-04-23T10:17:53.858 INFO:journalctl@ceph.mon.a.smithi060.stdout:Apr 23 10:17:53 smithi060 ceph-mon[29213]: from='mgr.14152 172.21.15.60:0/3179831457' entity='mgr.x'
2024-04-23T10:17:55.281 INFO:teuthology.orchestra.run.smithi060.stdout:/usr/bin/ceph: stdout {"username": "admin", "password": "$2b$12$JrCv7bSbdCTKPyOJj9OHO.9Wd1B3wwXG9Vfwg3YVYI.JIUJ6pQ3N6", "roles": ["administrator"], "name": null, "email": null, "lastUpdate": 1713867474, "enabled": true, "pwdExpirationDate": null, "pwdUpdateRequired": true}
2024-04-23T10:17:55.281 INFO:teuthology.orchestra.run.smithi060.stdout:/usr/bin/ceph: stderr
2024-04-23T10:17:54.166+0000 7f720c126700 1 Processor -- start
2024-04-23T10:17:55.281 INFO:teuthology.orchestra.run.smithi060.stdout:/usr/bin/ceph: stderr
2024-04-23T10:17:54.166+0000 7f720c126700 1 -- start start
2024-04-23T10:17:55.281 INFO:teuthology.orchestra.run.smithi060.stdout:/usr/bin/ceph: stderr
2024-04-23T10:17:54.166+0000 7f720c126700 1 --2- >> [v2:172.21.15.60:3300/0,v1:172.21.15.60:6789/0] conn(0x7f7204106e90 0x7f72041072b0 unknown :-1 s=NONE pgs=0 cs=0 l=0 rev1=0 crypto rx=0 tx=0 comp rx=0 tx=0).connect
2024-04-23T10:17:55.281 INFO:teuthology.orchestra.run.smithi060.stdout:/usr/bin/ceph: stderr
2024-04-23T10:17:54.166+0000 7f720c126700 1 -- --> [v2:172.21.15.60:3300/0,v1:172.21.15.60:6789/0] -- mon_getmap magic: 0 -- 0x7f720407be30 con 0x7f7204106e90
2024-04-23T10:17:55.281 INFO:teuthology.orchestra.run.smithi060.stdout:/usr/bin/ceph: stderr
2024-04-23T10:17:54.167+0000 7f7209ec2700 1 --2- >> [v2:172.21.15.60:3300/0,v1:172.21.15.60:6789/0] conn(0x7f7204106e90 0x7f72041072b0 unknown :-1 s=BANNER_CONNECTING pgs=0 cs=0 l=0 rev1=0 crypto rx=0 tx=0 comp rx=0 tx=0)._handle_peer_banner_payload supported=3 required=0
2024-04-23T10:17:55.282 INFO:teuthology.orchestra.run.smithi060.stdout:/usr/bin/ceph: stderr
2024-04-23T10:17:54.167+0000 7f7209ec2700 1 --2- >> [v2:172.21.15.60:3300/0,v1:172.21.15.60:6789/0] conn(0x7f7204106e90 0x7f72041072b0 unknown :-1 s=HELLO_CONNECTING pgs=0 cs=0 l=0 rev1=1 crypto rx=0 tx=0 comp rx=0 tx=0).handle_hello peer v2:172.21.15.60:3300/0 says I am v2:172.21.15.60:38348/0 (socket says 172.21.15.60:38348)
2024-04-23T10:17:55.282 INFO:teuthology.orchestra.run.smithi060.stdout:/usr/bin/ceph: stderr
2024-04-23T10:17:54.167+0000 7f7209ec2700 1 -- 172.21.15.60:0/2338437348 learned_addr learned my addr 172.21.15.60:0/2338437348 (peer_addr_for_me v2:172.21.15.60:0/0)
2024-04-23T10:17:55.282 INFO:teuthology.orchestra.run.smithi060.stdout:/usr/bin/ceph: stderr
2024-04-23T10:17:54.167+0000 7f7209ec2700 1 -- 172.21.15.60:0/2338437348 --> [v2:172.21.15.60:3300/0,v1:172.21.15.60:6789/0] -- mon_subscribe({config=0+,monmap=0+}) -- 0x7f72041077f0 con 0x7f7204106e90
2024-04-23T10:17:55.282 INFO:teuthology.orchestra.run.smithi060.stdout:/usr/bin/ceph: stderr
2024-04-23T10:17:54.167+0000 7f7209ec2700 1 --2- 172.21.15.60:0/2338437348 >> [v2:172.21.15.60:3300/0,v1:172.21.15.60:6789/0] conn(0x7f7204106e90 0x7f72041072b0 secure :-1 s=READY pgs=72 cs=0 l=1 rev1=1 crypto rx=0x7f71f40098a0 tx=0x7f71f4009bb0 comp rx=0 tx=0).ready entity=mon.0 client_cookie=5c8036fed935c831 server_cookie=0 in_seq=0 out_seq=0
2024-04-23T10:17:55.282 INFO:teuthology.orchestra.run.smithi060.stdout:/usr/bin/ceph: stderr
2024-04-23T10:17:54.167+0000 7f7208ec0700 1 -- 172.21.15.60:0/2338437348 <== mon.0 v2:172.21.15.60:3300/0 1 ==== mon_map magic: 0 ==== 205+0+0 (secure 0 0 0) 0x7f71f4004160 con 0x7f7204106e90
2024-04-23T10:17:55.282 INFO:teuthology.orchestra.run.smithi060.stdout:/usr/bin/ceph: stderr
2024-04-23T10:17:54.167+0000 7f7208ec0700 1 -- 172.21.15.60:0/2338437348 <== mon.0 v2:172.21.15.60:3300/0 2 ==== config(26 keys) ==== 1101+0+0 (secure 0 0 0) 0x7f71f4004300 con 0x7f7204106e90
2024-04-23T10:17:55.282 INFO:teuthology.orchestra.run.smithi060.stdout:/usr/bin/ceph: stderr
2024-04-23T10:17:54.167+0000 7f7208ec0700 1 -- 172.21.15.60:0/2338437348 <== mon.0 v2:172.21.15.60:3300/0 3 ==== mon_map magic: 0 ==== 205+0+0 (secure 0 0 0) 0x7f71f4011a20 con 0x7f7204106e90
2024-04-23T10:17:55.282 INFO:teuthology.orchestra.run.smithi060.stdout:/usr/bin/ceph: stderr
2024-04-23T10:17:54.168+0000 7f720c126700 1 -- 172.21.15.60:0/2338437348 >> [v2:172.21.15.60:3300/0,v1:172.21.15.60:6789/0] conn(0x7f7204106e90 msgr2=0x7f72041072b0 secure :-1 s=STATE_CONNECTION_ESTABLISHED l=1).mark_down
2024-04-23T10:17:55.282 INFO:teuthology.orchestra.run.smithi060.stdout:/usr/bin/ceph: stderr
