2024-04-23T10:14:50.645+0000 7f3a2a59c700 1 -- 172.21.15.102:0/578758621 learned_addr learned my addr 172.21.15.102:0/578758621 (peer_addr_for_me v2:172.21.15.102:0/0)
2024-04-23T10:14:51.889 INFO:teuthology.orchestra.run.smithi102.stdout:/usr/bin/ceph: stderr
2024-04-23T10:14:50.646+0000 7f3a2a59c700 1 -- 172.21.15.102:0/578758621 --> [v2:172.21.15.102:3300/0,v1:172.21.15.102:6789/0] -- mon_subscribe({config=0+,monmap=0+}) -- 0x7f3a2c10b7e0 con 0x7f3a2c108eb0
2024-04-23T10:14:51.889 INFO:teuthology.orchestra.run.smithi102.stdout:/usr/bin/ceph: stderr
2024-04-23T10:14:50.646+0000 7f3a2a59c700 1 --2- 172.21.15.102:0/578758621 >> [v2:172.21.15.102:3300/0,v1:172.21.15.102:6789/0] conn(0x7f3a2c108eb0 0x7f3a2c10b2a0 secure :-1 s=READY pgs=53 cs=0 l=1 rev1=1 crypto rx=0x7f3a1c0098a0 tx=0x7f3a1c009bb0 comp rx=0 tx=0).ready entity=mon.0 client_cookie=6021a762826374d3 server_cookie=0 in_seq=0 out_seq=0
2024-04-23T10:14:51.889 INFO:teuthology.orchestra.run.smithi102.stdout:/usr/bin/ceph: stderr
2024-04-23T10:14:50.646+0000 7f3a2959a700 1 -- 172.21.15.102:0/578758621 <== mon.0 v2:172.21.15.102:3300/0 1 ==== mon_map magic: 0 ==== 205+0+0 (secure 0 0 0) 0x7f3a1c004160 con 0x7f3a2c108eb0
2024-04-23T10:14:51.889 INFO:teuthology.orchestra.run.smithi102.stdout:/usr/bin/ceph: stderr
2024-04-23T10:14:50.646+0000 7f3a2959a700 1 -- 172.21.15.102:0/578758621 <== mon.0 v2:172.21.15.102:3300/0 2 ==== config(26 keys) ==== 1101+0+0 (secure 0 0 0) 0x7f3a1c004300 con 0x7f3a2c108eb0
2024-04-23T10:14:51.889 INFO:teuthology.orchestra.run.smithi102.stdout:/usr/bin/ceph: stderr
2024-04-23T10:14:50.646+0000 7f3a2959a700 1 -- 172.21.15.102:0/578758621 <== mon.0 v2:172.21.15.102:3300/0 3 ==== mon_map magic: 0 ==== 205+0+0 (secure 0 0 0) 0x7f3a1c011a20 con 0x7f3a2c108eb0
2024-04-23T10:14:51.889 INFO:teuthology.orchestra.run.smithi102.stdout:/usr/bin/ceph: stderr
2024-04-23T10:14:50.647+0000 7f3a30e3f700 1 -- 172.21.15.102:0/578758621 >> [v2:172.21.15.102:3300/0,v1:172.21.15.102:6789/0] conn(0x7f3a2c108eb0 msgr2=0x7f3a2c10b2a0 secure :-1 s=STATE_CONNECTION_ESTABLISHED l=1).mark_down
2024-04-23T10:14:51.889 INFO:teuthology.orchestra.run.smithi102.stdout:/usr/bin/ceph: stderr
2024-04-23T10:14:50.647+0000 7f3a30e3f700 1 --2- 172.21.15.102:0/578758621 >> [v2:172.21.15.102:3300/0,v1:172.21.15.102:6789/0] conn(0x7f3a2c108eb0 0x7f3a2c10b2a0 secure :-1 s=READY pgs=53 cs=0 l=1 rev1=1 crypto rx=0x7f3a1c0098a0 tx=0x7f3a1c009bb0 comp rx=0 tx=0).stop
2024-04-23T10:14:51.889 INFO:teuthology.orchestra.run.smithi102.stdout:/usr/bin/ceph: stderr
2024-04-23T10:14:50.647+0000 7f3a30e3f700 1 -- 172.21.15.102:0/578758621 shutdown_connections
2024-04-23T10:14:51.889 INFO:teuthology.orchestra.run.smithi102.stdout:/usr/bin/ceph: stderr
2024-04-23T10:14:50.647+0000 7f3a30e3f700 1 --2- 172.21.15.102:0/578758621 >> [v2:172.21.15.102:3300/0,v1:172.21.15.102:6789/0] conn(0x7f3a2c108eb0 0x7f3a2c10b2a0 unknown :-1 s=CLOSED pgs=53 cs=0 l=1 rev1=1 crypto rx=0 tx=0 comp rx=0 tx=0).stop
2024-04-23T10:14:51.889 INFO:teuthology.orchestra.run.smithi102.stdout:/usr/bin/ceph: stderr
2024-04-23T10:14:50.647+0000 7f3a30e3f700 1 -- 172.21.15.102:0/578758621 >> 172.21.15.102:0/578758621 conn(0x7f3a2c102880 msgr2=0x7f3a2c104ce0 unknown :-1 s=STATE_NONE l=0).mark_down
2024-04-23T10:14:51.889 INFO:teuthology.orchestra.run.smithi102.stdout:/usr/bin/ceph: stderr
2024-04-23T10:14:50.647+0000 7f3a30e3f700 1 -- 172.21.15.102:0/578758621 shutdown_connections
2024-04-23T10:14:51.890 INFO:teuthology.orchestra.run.smithi102.stdout:/usr/bin/ceph: stderr
2024-04-23T10:14:50.647+0000 7f3a30e3f700 1 -- 172.21.15.102:0/578758621 wait complete.
2024-04-23T10:14:51.890 INFO:teuthology.orchestra.run.smithi102.stdout:/usr/bin/ceph: stderr
2024-04-23T10:14:50.648+0000 7f3a30e3f700 1 Processor -- start
2024-04-23T10:14:51.890 INFO:teuthology.orchestra.run.smithi102.stdout:/usr/bin/ceph: stderr
2024-04-23T10:14:50.648+0000 7f3a30e3f700 1 -- start start
2024-04-23T10:14:51.890 INFO:teuthology.orchestra.run.smithi102.stdout:/usr/bin/ceph: stderr
2024-04-23T10:14:50.649+0000 7f3a30e3f700 1 --2- >> [v2:172.21.15.102:3300/0,v1:172.21.15.102:6789/0] conn(0x7f3a2c108eb0 0x7f3a2c19c350 unknown :-1 s=NONE pgs=0 cs=0 l=1 rev1=0 crypto rx=0 tx=0 comp rx=0 tx=0).connect
2024-04-23T10:14:51.890 INFO:teuthology.orchestra.run.smithi102.stdout:/usr/bin/ceph: stderr
2024-04-23T10:14:50.649+0000 7f3a30e3f700 1 -- --> [v2:172.21.15.102:3300/0,v1:172.21.15.102:6789/0] -- mon_getmap magic: 0 -- 0x7f3a2c10c7e0 con 0x7f3a2c108eb0
2024-04-23T10:14:51.890 INFO:teuthology.orchestra.run.smithi102.stdout:/usr/bin/ceph: stderr
2024-04-23T10:14:50.649+0000 7f3a2a59c700 1 --2- >> [v2:172.21.15.102:3300/0,v1:172.21.15.102:6789/0] conn(0x7f3a2c108eb0 0x7f3a2c19c350 unknown :-1 s=BANNER_CONNECTING pgs=0 cs=0 l=1 rev1=0 crypto rx=0 tx=0 comp rx=0 tx=0)._handle_peer_banner_payload supported=3 required=0
2024-04-23T10:14:51.890 INFO:teuthology.orchestra.run.smithi102.stdout:/usr/bin/ceph: stderr
2024-04-23T10:14:50.649+0000 7f3a2a59c700 1 --2- >> [v2:172.21.15.102:3300/0,v1:172.21.15.102:6789/0] conn(0x7f3a2c108eb0 0x7f3a2c19c350 unknown :-1 s=HELLO_CONNECTING pgs=0 cs=0 l=1 rev1=1 crypto rx=0 tx=0 comp rx=0 tx=0).handle_hello peer v2:172.21.15.102:3300/0 says I am v2:172.21.15.102:48036/0 (socket says 172.21.15.102:48036)
2024-04-23T10:14:51.890 INFO:teuthology.orchestra.run.smithi102.stdout:/usr/bin/ceph: stderr
2024-04-23T10:14:50.649+0000 7f3a2a59c700 1 -- 172.21.15.102:0/1059590397 learned_addr learned my addr 172.21.15.102:0/1059590397 (peer_addr_for_me v2:172.21.15.102:0/0)
2024-04-23T10:14:51.890 INFO:teuthology.orchestra.run.smithi102.stdout:/usr/bin/ceph: stderr
2024-04-23T10:14:50.649+0000 7f3a2a59c700 1 -- 172.21.15.102:0/1059590397 --> [v2:172.21.15.102:3300/0,v1:172.21.15.102:6789/0] -- mon_subscribe({config=0+,monmap=0+}) -- 0x7f3a2c19c890 con 0x7f3a2c108eb0
2024-04-23T10:14:51.890 INFO:teuthology.orchestra.run.smithi102.stdout:/usr/bin/ceph: stderr
2024-04-23T10:14:50.649+0000 7f3a2a59c700 1 --2- 172.21.15.102:0/1059590397 >> [v2:172.21.15.102:3300/0,v1:172.21.15.102:6789/0] conn(0x7f3a2c108eb0 0x7f3a2c19c350 secure :-1 s=READY pgs=54 cs=0 l=1 rev1=1 crypto rx=0x7f3a1c004660 tx=0x7f3a1c011aa0 comp rx=0 tx=0).ready entity=mon.0 client_cookie=0 server_cookie=0 in_seq=0 out_seq=0
2024-04-23T10:14:51.890 INFO:teuthology.orchestra.run.smithi102.stdout:/usr/bin/ceph: stderr
2024-04-23T10:14:50.649+0000 7f3a1b7fe700 1 -- 172.21.15.102:0/1059590397 <== mon.0 v2:172.21.15.102:3300/0 1 ==== mon_map magic: 0 ==== 205+0+0 (secure 0 0 0) 0x7f3a1c003aa0 con 0x7f3a2c108eb0
2024-04-23T10:14:51.890 INFO:teuthology.orchestra.run.smithi102.stdout:/usr/bin/ceph: stderr
2024-04-23T10:14:50.649+0000 7f3a1b7fe700 1 -- 172.21.15.102:0/1059590397 <== mon.0 v2:172.21.15.102:3300/0 2 ==== config(26 keys) ==== 1101+0+0 (secure 0 0 0) 0x7f3a1c01b8f0 con 0x7f3a2c108eb0
2024-04-23T10:14:51.890 INFO:teuthology.orchestra.run.smithi102.stdout:/usr/bin/ceph: stderr
2024-04-23T10:14:50.649+0000 7f3a1b7fe700 1 -- 172.21.15.102:0/1059590397 <== mon.0 v2:172.21.15.102:3300/0 3 ==== mon_map magic: 0 ==== 205+0+0 (secure 0 0 0) 0x7f3a1c023900 con 0x7f3a2c108eb0
2024-04-23T10:14:51.890 INFO:teuthology.orchestra.run.smithi102.stdout:/usr/bin/ceph: stderr
2024-04-23T10:14:50.650+0000 7f3a30e3f700 1 -- 172.21.15.102:0/1059590397 --> [v2:172.21.15.102:3300/0,v1:172.21.15.102:6789/0] -- mon_subscribe({mgrmap=0+}) -- 0x7f3a2c19cb20 con 0x7f3a2c108eb0
2024-04-23T10:14:51.891 INFO:teuthology.orchestra.run.smithi102.stdout:/usr/bin/ceph: stderr
2024-04-23T10:14:50.650+0000 7f3a30e3f700 1 -- 172.21.15.102:0/1059590397 --> [v2:172.21.15.102:3300/0,v1:172.21.15.102:6789/0] -- mon_subscribe({osdmap=0}) -- 0x7f3a2c19f810 con 0x7f3a2c108eb0
2024-04-23T10:14:51.891 INFO:teuthology.orchestra.run.smithi102.stdout:/usr/bin/ceph: stderr
2024-04-23T10:14:50.651+0000 7f3a1b7fe700 1 -- 172.21.15.102:0/1059590397 <== mon.0 v2:172.21.15.102:3300/0 4 ==== mgrmap(e 8) ==== 46558+0+0 (secure 0 0 0) 0x7f3a1c01baa0 con 0x7f3a2c108eb0
2024-04-23T10:14:51.891 INFO:teuthology.orchestra.run.smithi102.stdout:/usr/bin/ceph: stderr
2024-04-23T10:14:50.651+0000 7f3a30e3f700 1 -- 172.21.15.102:0/1059590397 --> [v2:172.21.15.102:3300/0,v1:172.21.15.102:6789/0] -- mon_command({"prefix": "get_command_descriptions"} v 0) -- 0x7f3a2c0640a0 con 0x7f3a2c108eb0
2024-04-23T10:14:51.891 INFO:teuthology.orchestra.run.smithi102.stdout:/usr/bin/ceph: stderr
2024-04-23T10:14:50.651+0000 7f3a1b7fe700 1 --2- 172.21.15.102:0/1059590397 >> [v2:172.21.15.102:6800/3379187038,v1:172.21.15.102:6801/3379187038] conn(0x7f3a140395b0 0x7f3a1403ba70 unknown :-1 s=NONE pgs=0 cs=0 l=1 rev1=0 crypto rx=0 tx=0 comp rx=0 tx=0).connect
2024-04-23T10:14:51.891 INFO:teuthology.orchestra.run.smithi102.stdout:/usr/bin/ceph: stderr
2024-04-23T10:14:50.651+0000 7f3a1b7fe700 1 -- 172.21.15.102:0/1059590397 <== mon.0 v2:172.21.15.102:3300/0 5 ==== osd_map(2..2 src has 1..2) ==== 940+0+0 (secure 0 0 0) 0x7f3a1c04e240 con 0x7f3a2c108eb0
2024-04-23T10:14:51.891 INFO:teuthology.orchestra.run.smithi102.stdout:/usr/bin/ceph: stderr
2024-04-23T10:14:50.652+0000 7f3a29d9b700 1 --2- 172.21.15.102:0/1059590397 >> [v2:172.21.15.102:6800/3379187038,v1:172.21.15.102:6801/3379187038] conn(0x7f3a140395b0 0x7f3a1403ba70 unknown :-1 s=BANNER_CONNECTING pgs=0 cs=0 l=1 rev1=0 crypto rx=0 tx=0 comp rx=0 tx=0)._handle_peer_banner_payload supported=3 required=0
2024-04-23T10:14:51.891 INFO:teuthology.orchestra.run.smithi102.stdout:/usr/bin/ceph: stderr
2024-04-23T10:14:50.652+0000 7f3a29d9b700 1 --2- 172.21.15.102:0/1059590397 >> [v2:172.21.15.102:6800/3379187038,v1:172.21.15.102:6801/3379187038] conn(0x7f3a140395b0 0x7f3a1403ba70 secure :-1 s=READY pgs=15 cs=0 l=1 rev1=1 crypto rx=0x7f3a20006fd0 tx=0x7f3a20006e40 comp rx=0 tx=0).ready entity=mgr.14120 client_cookie=0 server_cookie=0 in_seq=0 out_seq=0
2024-04-23T10:14:51.891 INFO:teuthology.orchestra.run.smithi102.stdout:/usr/bin/ceph: stderr
2024-04-23T10:14:50.657+0000 7f3a1b7fe700 1 -- 172.21.15.102:0/1059590397 <== mon.0 v2:172.21.15.102:3300/0 6 ==== mon_command_ack([{"prefix": "get_command_descriptions"}]=0 v0) ==== 72+0+188370 (secure 0 0 0) 0x7f3a1c028060 con 0x7f3a2c108eb0
2024-04-23T10:14:51.891 INFO:teuthology.orchestra.run.smithi102.stdout:/usr/bin/ceph: stderr
2024-04-23T10:14:50.885+0000 7f3a30e3f700 1 -- 172.21.15.102:0/1059590397 --> [v2:172.21.15.102:3300/0,v1:172.21.15.102:6789/0] -- mon_command([{prefix=config set, name=mgr/dashboard/ssl_server_port}] v 0) -- 0x7f3a2c19fe70 con 0x7f3a2c108eb0
2024-04-23T10:14:51.891 INFO:teuthology.orchestra.run.smithi102.stdout:/usr/bin/ceph: stderr
2024-04-23T10:14:50.887+0000 7f3a1b7fe700 1 -- 172.21.15.102:0/1059590397 <== mon.0 v2:172.21.15.102:3300/0 7 ==== mon_command_ack([{prefix=config set, name=mgr/dashboard/ssl_server_port}]=0 v8)=0 v8) ==== 130+0+0 (secure 0 0 0) 0x7f3a1c01f030 con 0x7f3a2c108eb0
2024-04-23T10:14:51.891 INFO:teuthology.orchestra.run.smithi102.stdout:/usr/bin/ceph: stderr
2024-04-23T10:14:50.889+0000 7f3a30e3f700 1 -- 172.21.15.102:0/1059590397 >> [v2:172.21.15.102:6800/3379187038,v1:172.21.15.102:6801/3379187038] conn(0x7f3a140395b0 msgr2=0x7f3a1403ba70 secure :-1 s=STATE_CONNECTION_ESTABLISHED l=1).mark_down
2024-04-23T10:14:51.891 INFO:teuthology.orchestra.run.smithi102.stdout:/usr/bin/ceph: stderr
2024-04-23T10:14:50.889+0000 7f3a30e3f700 1 --2- 172.21.15.102:0/1059590397 >> [v2:172.21.15.102:6800/3379187038,v1:172.21.15.102:6801/3379187038] conn(0x7f3a140395b0 0x7f3a1403ba70 secure :-1 s=READY pgs=15 cs=0 l=1 rev1=1 crypto rx=0x7f3a20006fd0 tx=0x7f3a20006e40 comp rx=0 tx=0).stop
2024-04-23T10:14:51.891 INFO:teuthology.orchestra.run.smithi102.stdout:/usr/bin/ceph: stderr
2024-04-23T10:14:50.889+0000 7f3a30e3f700 1 -- 172.21.15.102:0/1059590397 >> [v2:172.21.15.102:3300/0,v1:172.21.15.102:6789/0] conn(0x7f3a2c108eb0 msgr2=0x7f3a2c19c350 secure :-1 s=STATE_CONNECTION_ESTABLISHED l=1).mark_down
2024-04-23T10:14:51.891 INFO:teuthology.orchestra.run.smithi102.stdout:/usr/bin/ceph: stderr
2024-04-23T10:14:50.889+0000 7f3a30e3f700 1 --2- 172.21.15.102:0/1059590397 >> [v2:172.21.15.102:3300/0,v1:172.21.15.102:6789/0] conn(0x7f3a2c108eb0 0x7f3a2c19c350 secure :-1 s=READY pgs=54 cs=0 l=1 rev1=1 crypto rx=0x7f3a1c004660 tx=0x7f3a1c011aa0 comp rx=0 tx=0).stop
2024-04-23T10:14:51.891 INFO:teuthology.orchestra.run.smithi102.stdout:/usr/bin/ceph: stderr
2024-04-23T10:14:50.889+0000 7f3a30e3f700 1 -- 172.21.15.102:0/1059590397 shutdown_connections
2024-04-23T10:14:51.891 INFO:teuthology.orchestra.run.smithi102.stdout:/usr/bin/ceph: stderr
2024-04-23T10:14:50.889+0000 7f3a30e3f700 1 --2- 172.21.15.102:0/1059590397 >> [v2:172.21.15.102:6800/3379187038,v1:172.21.15.102:6801/3379187038] conn(0x7f3a140395b0 0x7f3a1403ba70 unknown :-1 s=CLOSED pgs=15 cs=0 l=1 rev1=1 crypto rx=0 tx=0 comp rx=0 tx=0).stop
2024-04-23T10:14:51.892 INFO:teuthology.orchestra.run.smithi102.stdout:/usr/bin/ceph: stderr
2024-04-23T10:14:50.889+0000 7f3a30e3f700 1 --2- 172.21.15.102:0/1059590397 >> [v2:172.21.15.102:3300/0,v1:172.21.15.102:6789/0] conn(0x7f3a2c108eb0 0x7f3a2c19c350 unknown :-1 s=CLOSED pgs=54 cs=0 l=1 rev1=1 crypto rx=0 tx=0 comp rx=0 tx=0).stop
2024-04-23T10:14:51.892 INFO:teuthology.orchestra.run.smithi102.stdout:/usr/bin/ceph: stderr
2024-04-23T10:14:50.889+0000 7f3a30e3f700 1 -- 172.21.15.102:0/1059590397 >> 172.21.15.102:0/1059590397 conn(0x7f3a2c102880 msgr2=0x7f3a2c103400 unknown :-1 s=STATE_NONE l=0).mark_down
2024-04-23T10:14:51.892 INFO:teuthology.orchestra.run.smithi102.stdout:/usr/bin/ceph: stderr
2024-04-23T10:14:50.889+0000 7f3a30e3f700 1 -- 172.21.15.102:0/1059590397 shutdown_connections
2024-04-23T10:14:51.892 INFO:teuthology.orchestra.run.smithi102.stdout:/usr/bin/ceph: stderr
2024-04-23T10:14:50.889+0000 7f3a30e3f700 1 -- 172.21.15.102:0/1059590397 wait complete.
2024-04-23T10:14:51.892 INFO:teuthology.orchestra.run.smithi102.stdout:Enabling the dashboard module...
2024-04-23T10:14:52.012 INFO:journalctl@ceph.mon.a.smithi102.stdout:Apr 23 10:14:51 smithi102 ceph-mon[29217]: from='client.? 172.21.15.102:0/1059590397' entity='client.admin'
2024-04-23T10:14:53.304 INFO:journalctl@ceph.mon.a.smithi102.stdout:Apr 23 10:14:53 smithi102 ceph-mon[29217]: from='mgr.14120 172.21.15.102:0/1772531299' entity='mgr.x'
2024-04-23T10:14:53.304 INFO:journalctl@ceph.mon.a.smithi102.stdout:Apr 23 10:14:53 smithi102 ceph-mon[29217]: from='client.? 172.21.15.102:0/4096352354' entity='client.admin' cmd=[{"prefix": "mgr module enable", "module": "dashboard"}]: dispatch
2024-04-23T10:14:53.305 INFO:journalctl@ceph.mgr.x.smithi102.stdout:Apr 23 10:14:53 smithi102 ceph-a5996466-0159-11ef-bc93-c7b262605968-mgr-x[29446]: ignoring --setuser ceph since I am not root
2024-04-23T10:14:53.305 INFO:journalctl@ceph.mgr.x.smithi102.stdout:Apr 23 10:14:53 smithi102 ceph-a5996466-0159-11ef-bc93-c7b262605968-mgr-x[29446]: ignoring --setgroup ceph since I am not root
2024-04-23T10:14:53.305 INFO:journalctl@ceph.mgr.x.smithi102.stdout:Apr 23 10:14:53 smithi102 ceph-a5996466-0159-11ef-bc93-c7b262605968-mgr-x[29446]:
2024-04-23T10:14:53.180+0000 7f1d81ceb200 -1 mgr[py] Module balancer has missing NOTIFY_TYPES member
2024-04-23T10:14:53.555 INFO:journalctl@ceph.mgr.x.smithi102.stdout:Apr 23 10:14:53 smithi102 ceph-a5996466-0159-11ef-bc93-c7b262605968-mgr-x[29446]:
2024-04-23T10:14:53.363+0000 7f1d81ceb200 -1 mgr[py] Module orchestrator has missing NOTIFY_TYPES member
2024-04-23T10:14:53.555 INFO:journalctl@ceph.mgr.x.smithi102.stdout:Apr 23 10:14:53 smithi102 ceph-a5996466-0159-11ef-bc93-c7b262605968-mgr-x[29446]:
2024-04-23T10:14:53.464+0000 7f1d81ceb200 -1 mgr[py] Module snap_schedule has missing NOTIFY_TYPES member
2024-04-23T10:14:53.566 INFO:teuthology.orchestra.run.smithi102.stdout:/usr/bin/ceph: stderr
2024-04-23T10:14:52.337+0000 7fda0dee8700 1 Processor -- start
2024-04-23T10:14:53.566 INFO:teuthology.orchestra.run.smithi102.stdout:/usr/bin/ceph: stderr
2024-04-23T10:14:52.337+0000 7fda0dee8700 1 -- start start
2024-04-23T10:14:53.566 INFO:teuthology.orchestra.run.smithi102.stdout:/usr/bin/ceph: stderr
2024-04-23T10:14:52.337+0000 7fda0dee8700 1 --2- >> [v2:172.21.15.102:3300/0,v1:172.21.15.102:6789/0] conn(0x7fda081067b0 0x7fda08106bd0 unknown :-1 s=NONE pgs=0 cs=0 l=0 rev1=0 crypto rx=0 tx=0 comp rx=0 tx=0).connect
2024-04-23T10:14:53.566 INFO:teuthology.orchestra.run.smithi102.stdout:/usr/bin/ceph: stderr
2024-04-23T10:14:52.337+0000 7fda0dee8700 1 -- --> [v2:172.21.15.102:3300/0,v1:172.21.15.102:6789/0] -- mon_getmap magic: 0 -- 0x7fda081071a0 con 0x7fda081067b0
2024-04-23T10:14:53.566 INFO:teuthology.orchestra.run.smithi102.stdout:/usr/bin/ceph: stderr
2024-04-23T10:14:52.338+0000 7fda077fe700 1 --2- >> [v2:172.21.15.102:3300/0,v1:172.21.15.102:6789/0] conn(0x7fda081067b0 0x7fda08106bd0 unknown :-1 s=BANNER_CONNECTING pgs=0 cs=0 l=0 rev1=0 crypto rx=0 tx=0 comp rx=0 tx=0)._handle_peer_banner_payload supported=3 required=0
2024-04-23T10:14:53.566 INFO:teuthology.orchestra.run.smithi102.stdout:/usr/bin/ceph: stderr
2024-04-23T10:14:52.338+0000 7fda077fe700 1 --2- >> [v2:172.21.15.102:3300/0,v1:172.21.15.102:6789/0] conn(0x7fda081067b0 0x7fda08106bd0 unknown :-1 s=HELLO_CONNECTING pgs=0 cs=0 l=0 rev1=1 crypto rx=0 tx=0 comp rx=0 tx=0).handle_hello peer v2:172.21.15.102:3300/0 says I am v2:172.21.15.102:48050/0 (socket says 172.21.15.102:48050)
2024-04-23T10:14:53.566 INFO:teuthology.orchestra.run.smithi102.stdout:/usr/bin/ceph: stderr
2024-04-23T10:14:52.338+0000 7fda077fe700 1 -- 172.21.15.102:0/2208479376 learned_addr learned my addr 172.21.15.102:0/2208479376 (peer_addr_for_me v2:172.21.15.102:0/0)
2024-04-23T10:14:53.566 INFO:teuthology.orchestra.run.smithi102.stdout:/usr/bin/ceph: stderr
2024-04-23T10:14:52.338+0000 7fda077fe700 1 -- 172.21.15.102:0/2208479376 --> [v2:172.21.15.102:3300/0,v1:172.21.15.102:6789/0] -- mon_subscribe({config=0+,monmap=0+}) -- 0x7fda08109750 con 0x7fda081067b0
2024-04-23T10:14:53.566 INFO:teuthology.orchestra.run.smithi102.stdout:/usr/bin/ceph: stderr
2024-04-23T10:14:52.338+0000 7fda077fe700 1 --2- 172.21.15.102:0/2208479376 >> [v2:172.21.15.102:3300/0,v1:172.21.15.102:6789/0] conn(0x7fda081067b0 0x7fda08106bd0 secure :-1 s=READY pgs=55 cs=0 l=1 rev1=1 crypto rx=0x7fd9fc0098a0 tx=0x7fd9fc009bb0 comp rx=0 tx=0).ready entity=mon.0 client_cookie=72d0edf99a2d34a3 server_cookie=0 in_seq=0 out_seq=0
2024-04-23T10:14:53.567 INFO:teuthology.orchestra.run.smithi102.stdout:/usr/bin/ceph: stderr
2024-04-23T10:14:52.338+0000 7fda067fc700 1 -- 172.21.15.102:0/2208479376 <== mon.0 v2:172.21.15.102:3300/0 1 ==== mon_map magic: 0 ==== 205+0+0 (secure 0 0 0) 0x7fd9fc004160 con 0x7fda081067b0
2024-04-23T10:14:53.567 INFO:teuthology.orchestra.run.smithi102.stdout:/usr/bin/ceph: stderr
2024-04-23T10:14:52.338+0000 7fda067fc700 1 -- 172.21.15.102:0/2208479376 <== mon.0 v2:172.21.15.102:3300/0 2 ==== config(26 keys) ==== 1101+0+0 (secure 0 0 0) 0x7fd9fc004300 con 0x7fda081067b0
2024-04-23T10:14:53.567 INFO:teuthology.orchestra.run.smithi102.stdout:/usr/bin/ceph: stderr
2024-04-23T10:14:52.338+0000 7fda067fc700 1 -- 172.21.15.102:0/2208479376 <== mon.0 v2:172.21.15.102:3300/0 3 ==== mon_map magic: 0 ==== 205+0+0 (secure 0 0 0) 0x7fd9fc011a20 con 0x7fda081067b0
2024-04-23T10:14:53.567 INFO:teuthology.orchestra.run.smithi102.stdout:/usr/bin/ceph: stderr
2024-04-23T10:14:52.339+0000 7fda0dee8700 1 -- 172.21.15.102:0/2208479376 >> [v2:172.21.15.102:3300/0,v1:172.21.15.102:6789/0] conn(0x7fda081067b0 msgr2=0x7fda08106bd0 secure :-1 s=STATE_CONNECTION_ESTABLISHED l=1).mark_down
2024-04-23T10:14:53.567 INFO:teuthology.orchestra.run.smithi102.stdout:/usr/bin/ceph: stderr
2024-04-23T10:14:52.339+0000 7fda0dee8700 1 --2- 172.21.15.102:0/2208479376 >> [v2:172.21.15.102:3300/0,v1:172.21.15.102:6789/0] conn(0x7fda081067b0 0x7fda08106bd0 secure :-1 s=READY pgs=55 cs=0 l=1 rev1=1 crypto rx=0x7fd9fc0098a0 tx=0x7fd9fc009bb0 comp rx=0 tx=0).stop
2024-04-23T10:14:53.567 INFO:teuthology.orchestra.run.smithi102.stdout:/usr/bin/ceph: stderr
2024-04-23T10:14:52.339+0000 7fda0dee8700 1 -- 172.21.15.102:0/2208479376 shutdown_connections
2024-04-23T10:14:53.567 INFO:teuthology.orchestra.run.smithi102.stdout:/usr/bin/ceph: stderr
2024-04-23T10:14:52.339+0000 7fda0dee8700 1 --2- 172.21.15.102:0/2208479376 >> [v2:172.21.15.102:3300/0,v1:172.21.15.102:6789/0] conn(0x7fda081067b0 0x7fda08106bd0 unknown :-1 s=CLOSED pgs=55 cs=0 l=1 rev1=1 crypto rx=0 tx=0 comp rx=0 tx=0).stop
2024-04-23T10:14:53.567 INFO:teuthology.orchestra.run.smithi102.stdout:/usr/bin/ceph: stderr
2024-04-23T10:14:52.339+0000 7fda0dee8700 1 -- 172.21.15.102:0/2208479376 >> 172.21.15.102:0/2208479376 conn(0x7fda081020f0 msgr2=0x7fda08104510 unknown :-1 s=STATE_NONE l=0).mark_down
2024-04-23T10:14:53.567 INFO:teuthology.orchestra.run.smithi102.stdout:/usr/bin/ceph: stderr
2024-04-23T10:14:52.339+0000 7fda0dee8700 1 -- 172.21.15.102:0/2208479376 shutdown_connections
2024-04-23T10:14:53.568 INFO:teuthology.orchestra.run.smithi102.stdout:/usr/bin/ceph: stderr
2024-04-23T10:14:52.339+0000 7fda0dee8700 1 -- 172.21.15.102:0/2208479376 wait complete.
2024-04-23T10:14:53.568 INFO:teuthology.orchestra.run.smithi102.stdout:/usr/bin/ceph: stderr
2024-04-23T10:14:52.340+0000 7fda0dee8700 1 Processor -- start
2024-04-23T10:14:53.568 INFO:teuthology.orchestra.run.smithi102.stdout:/usr/bin/ceph: stderr
2024-04-23T10:14:52.340+0000 7fda0dee8700 1 -- start start
2024-04-23T10:14:53.568 INFO:teuthology.orchestra.run.smithi102.stdout:/usr/bin/ceph: stderr
2024-04-23T10:14:52.340+0000 7fda0dee8700 1 --2- >> [v2:172.21.15.102:3300/0,v1:172.21.15.102:6789/0] conn(0x7fda081067b0 0x7fda0819c340 unknown :-1 s=NONE pgs=0 cs=0 l=1 rev1=0 crypto rx=0 tx=0 comp rx=0 tx=0).connect
2024-04-23T10:14:53.568 INFO:teuthology.orchestra.run.smithi102.stdout:/usr/bin/ceph: stderr
2024-04-23T10:14:52.340+0000 7fda0dee8700 1 -- --> [v2:172.21.15.102:3300/0,v1:172.21.15.102:6789/0] -- mon_getmap magic: 0 -- 0x7fda0810cb00 con 0x7fda081067b0
2024-04-23T10:14:53.568 INFO:teuthology.orchestra.run.smithi102.stdout:/usr/bin/ceph: stderr
2024-04-23T10:14:52.340+0000 7fda077fe700 1 --2- >> [v2:172.21.15.102:3300/0,v1:172.21.15.102:6789/0] conn(0x7fda081067b0 0x7fda0819c340 unknown :-1 s=BANNER_CONNECTING pgs=0 cs=0 l=1 rev1=0 crypto rx=0 tx=0 comp rx=0 tx=0)._handle_peer_banner_payload supported=3 required=0
2024-04-23T10:14:53.568 INFO:teuthology.orchestra.run.smithi102.stdout:/usr/bin/ceph: stderr
2024-04-23T10:14:52.340+0000 7fda077fe700 1 --2- >> [v2:172.21.15.102:3300/0,v1:172.21.15.102:6789/0] conn(0x7fda081067b0 0x7fda0819c340 unknown :-1 s=HELLO_CONNECTING pgs=0 cs=0 l=1 rev1=1 crypto rx=0 tx=0 comp rx=0 tx=0).handle_hello peer v2:172.21.15.102:3300/0 says I am v2:172.21.15.102:48060/0 (socket says 172.21.15.102:48060)
2024-04-23T10:14:53.568 INFO:teuthology.orchestra.run.smithi102.stdout:/usr/bin/ceph: stderr
2024-04-23T10:14:52.340+0000 7fda077fe700 1 -- 172.21.15.102:0/4096352354 learned_addr learned my addr 172.21.15.102:0/4096352354 (peer_addr_for_me v2:172.21.15.102:0/0)
2024-04-23T10:14:53.568 INFO:teuthology.orchestra.run.smithi102.stdout:/usr/bin/ceph: stderr
2024-04-23T10:14:52.340+0000 7fda077fe700 1 -- 172.21.15.102:0/4096352354 --> [v2:172.21.15.102:3300/0,v1:172.21.15.102:6789/0] -- mon_subscribe({config=0+,monmap=0+}) -- 0x7fda0819c880 con 0x7fda081067b0
2024-04-23T10:14:53.568 INFO:teuthology.orchestra.run.smithi102.stdout:/usr/bin/ceph: stderr
2024-04-23T10:14:52.340+0000 7fda077fe700 1 --2- 172.21.15.102:0/4096352354 >> [v2:172.21.15.102:3300/0,v1:172.21.15.102:6789/0] conn(0x7fda081067b0 0x7fda0819c340 secure :-1 s=READY pgs=56 cs=0 l=1 rev1=1 crypto rx=0x7fd9fc0116e0 tx=0x7fd9fc011aa0 comp rx=0 tx=0).ready entity=mon.0 client_cookie=0 server_cookie=0 in_seq=0 out_seq=0
2024-04-23T10:14:53.569 INFO:teuthology.orchestra.run.smithi102.stdout:/usr/bin/ceph: stderr
2024-04-23T10:14:52.341+0000 7fda04ff9700 1 -- 172.21.15.102:0/4096352354 <== mon.0 v2:172.21.15.102:3300/0 1 ==== mon_map magic: 0 ==== 205+0+0 (secure 0 0 0) 0x7fd9fc003b20 con 0x7fda081067b0
2024-04-23T10:14:53.569 INFO:teuthology.orchestra.run.smithi102.stdout:/usr/bin/ceph: stderr
2024-04-23T10:14:52.341+0000 7fda04ff9700 1 -- 172.21.15.102:0/4096352354 <== mon.0 v2:172.21.15.102:3300/0 2 ==== config(26 keys) ==== 1101+0+0 (secure 0 0 0) 0x7fd9fc01b8f0 con 0x7fda081067b0
2024-04-23T10:14:53.569 INFO:teuthology.orchestra.run.smithi102.stdout:/usr/bin/ceph: stderr
2024-04-23T10:14:52.341+0000 7fda0dee8700 1 -- 172.21.15.102:0/4096352354 --> [v2:172.21.15.102:3300/0,v1:172.21.15.102:6789/0] -- mon_subscribe({mgrmap=0+}) -- 0x7fda0819cb10 con 0x7fda081067b0
2024-04-23T10:14:53.569 INFO:teuthology.orchestra.run.smithi102.stdout:/usr/bin/ceph: stderr
2024-04-23T10:14:52.341+0000 7fda04ff9700 1 -- 172.21.15.102:0/4096352354 <== mon.0 v2:172.21.15.102:3300/0 3 ==== mon_map magic: 0 ==== 205+0+0 (secure 0 0 0) 0x7fd9fc0238c0 con 0x7fda081067b0
2024-04-23T10:14:53.569 INFO:teuthology.orchestra.run.smithi102.stdout:/usr/bin/ceph: stderr
2024-04-23T10:14:52.341+0000 7fda0dee8700 1 -- 172.21.15.102:0/4096352354 --> [v2:172.21.15.102:3300/0,v1:172.21.15.102:6789/0] -- mon_subscribe({osdmap=0}) -- 0x7fda0819f800 con 0x7fda081067b0
2024-04-23T10:14:53.569 INFO:teuthology.orchestra.run.smithi102.stdout:/usr/bin/ceph: stderr
2024-04-23T10:14:52.342+0000 7fda04ff9700 1 -- 172.21.15.102:0/4096352354 <== mon.0 v2:172.21.15.102:3300/0 4 ==== mgrmap(e 8) ==== 46558+0+0 (secure 0 0 0) 0x7fd9fc023b70 con 0x7fda081067b0
2024-04-23T10:14:53.569 INFO:teuthology.orchestra.run.smithi102.stdout:/usr/bin/ceph: stderr
2024-04-23T10:14:52.342+0000 7fda04ff9700 1 --2- 172.21.15.102:0/4096352354 >> [v2:172.21.15.102:6800/3379187038,v1:172.21.15.102:6801/3379187038] conn(0x7fd9f0039560 0x7fd9f003ba20 unknown :-1 s=NONE pgs=0 cs=0 l=1 rev1=0 crypto rx=0 tx=0 comp rx=0 tx=0).connect
2024-04-23T10:14:53.569 INFO:teuthology.orchestra.run.smithi102.stdout:/usr/bin/ceph: stderr
2024-04-23T10:14:52.342+0000 7fda04ff9700 1 -- 172.21.15.102:0/4096352354 <== mon.0 v2:172.21.15.102:3300/0 5 ==== osd_map(2..2 src has 1..2) ==== 940+0+0 (secure 0 0 0) 0x7fd9fc04e040 con 0x7fda081067b0
2024-04-23T10:14:53.569 INFO:teuthology.orchestra.run.smithi102.stdout:/usr/bin/ceph: stderr
2024-04-23T10:14:52.342+0000 7fda06ffd700 1 --2- 172.21.15.102:0/4096352354 >> [v2:172.21.15.102:6800/3379187038,v1:172.21.15.102:6801/3379187038] conn(0x7fd9f0039560 0x7fd9f003ba20 unknown :-1 s=BANNER_CONNECTING pgs=0 cs=0 l=1 rev1=0 crypto rx=0 tx=0 comp rx=0 tx=0)._handle_peer_banner_payload supported=3 required=0
2024-04-23T10:14:53.569 INFO:teuthology.orchestra.run.smithi102.stdout:/usr/bin/ceph: stderr
2024-04-23T10:14:52.342+0000 7fda0dee8700 1 -- 172.21.15.102:0/4096352354 --> [v2:172.21.15.102:3300/0,v1:172.21.15.102:6789/0] -- mon_command({"prefix": "get_command_descriptions"} v 0) -- 0x7fda080640a0 con 0x7fda081067b0
2024-04-23T10:14:53.570 INFO:teuthology.orchestra.run.smithi102.stdout:/usr/bin/ceph: stderr
2024-04-23T10:14:52.342+0000 7fda06ffd700 1 --2- 172.21.15.102:0/4096352354 >> [v2:172.21.15.102:6800/3379187038,v1:172.21.15.102:6801/3379187038] conn(0x7fd9f0039560 0x7fd9f003ba20 secure :-1 s=READY pgs=16 cs=0 l=1 rev1=1 crypto rx=0x7fd9f8006fd0 tx=0x7fd9f8006e40 comp rx=0 tx=0).ready entity=mgr.14120 client_cookie=0 server_cookie=0 in_seq=0 out_seq=0
2024-04-23T10:14:53.570 INFO:teuthology.orchestra.run.smithi102.stdout:/usr/bin/ceph: stderr
2024-04-23T10:14:52.352+0000 7fda04ff9700 1 -- 172.21.15.102:0/4096352354 <== mon.0 v2:172.21.15.102:3300/0 6 ==== mon_command_ack([{"prefix": "get_command_descriptions"}]=0 v0) ==== 72+0+188370 (secure 0 0 0) 0x7fd9fc01f030 con 0x7fda081067b0
2024-04-23T10:14:53.570 INFO:teuthology.orchestra.run.smithi102.stdout:/usr/bin/ceph: stderr
2024-04-23T10:14:52.622+0000 7fda0dee8700 1 -- 172.21.15.102:0/4096352354 --> [v2:172.21.15.102:3300/0,v1:172.21.15.102:6789/0] -- mon_command({"prefix": "mgr module enable", "module": "dashboard"} v 0) -- 0x7fda0819fca0 con 0x7fda081067b0
2024-04-23T10:14:53.570 INFO:teuthology.orchestra.run.smithi102.stdout:/usr/bin/ceph: stderr
2024-04-23T10:14:52.997+0000 7fda04ff9700 1 -- 172.21.15.102:0/4096352354 <== mon.0 v2:172.21.15.102:3300/0 7 ==== mon_command_ack([{"prefix": "mgr module enable", "module": "dashboard"}]=0 v9) ==== 88+0+0 (secure 0 0 0) 0x7fd9fc018e30 con 0x7fda081067b0
2024-04-23T10:14:53.570 INFO:teuthology.orchestra.run.smithi102.stdout:/usr/bin/ceph: stderr
2024-04-23T10:14:52.999+0000 7fda04ff9700 1 -- 172.21.15.102:0/4096352354 <== mon.0 v2:172.21.15.102:3300/0 8 ==== mgrmap(e 9) ==== 46571+0+0 (secure 0 0 0) 0x7fd9fc01baa0 con 0x7fda081067b0
2024-04-23T10:14:53.570 INFO:teuthology.orchestra.run.smithi102.stdout:/usr/bin/ceph: stderr
2024-04-23T10:14:53.000+0000 7fda0dee8700 1 -- 172.21.15.102:0/4096352354 >> [v2:172.21.15.102:6800/3379187038,v1:172.21.15.102:6801/3379187038] conn(0x7fd9f0039560 msgr2=0x7fd9f003ba20 secure :-1 s=STATE_CONNECTION_ESTABLISHED l=1).mark_down
2024-04-23T10:14:53.570 INFO:teuthology.orchestra.run.smithi102.stdout:/usr/bin/ceph: stderr
2024-04-23T10:14:53.000+0000 7fda0dee8700 1 --2- 172.21.15.102:0/4096352354 >> [v2:172.21.15.102:6800/3379187038,v1:172.21.15.102:6801/3379187038] conn(0x7fd9f0039560 0x7fd9f003ba20 secure :-1 s=READY pgs=16 cs=0 l=1 rev1=1 crypto rx=0x7fd9f8006fd0 tx=0x7fd9f8006e40 comp rx=0 tx=0).stop
2024-04-23T10:14:53.570 INFO:teuthology.orchestra.run.smithi102.stdout:/usr/bin/ceph: stderr
2024-04-23T10:14:53.000+0000 7fda0dee8700 1 -- 172.21.15.102:0/4096352354 >> [v2:172.21.15.102:3300/0,v1:172.21.15.102:6789/0] conn(0x7fda081067b0 msgr2=0x7fda0819c340 secure :-1 s=STATE_CONNECTION_ESTABLISHED l=1).mark_down
2024-04-23T10:14:53.570 INFO:teuthology.orchestra.run.smithi102.stdout:/usr/bin/ceph: stderr
2024-04-23T10:14:53.000+0000 7fda0dee8700 1 --2- 172.21.15.102:0/4096352354 >> [v2:172.21.15.102:3300/0,v1:172.21.15.102:6789/0] conn(0x7fda081067b0 0x7fda0819c340 secure :-1 s=READY pgs=56 cs=0 l=1 rev1=1 crypto rx=0x7fd9fc0116e0 tx=0x7fd9fc011aa0 comp rx=0 tx=0).stop
2024-04-23T10:14:53.571 INFO:teuthology.orchestra.run.smithi102.stdout:/usr/bin/ceph: stderr
2024-04-23T10:14:53.000+0000 7fda0dee8700 1 -- 172.21.15.102:0/4096352354 shutdown_connections
2024-04-23T10:14:53.571 INFO:teuthology.orchestra.run.smithi102.stdout:/usr/bin/ceph: stderr
2024-04-23T10:14:53.000+0000 7fda0dee8700 1 --2- 172.21.15.102:0/4096352354 >> [v2:172.21.15.102:6800/3379187038,v1:172.21.15.102:6801/3379187038] conn(0x7fd9f0039560 0x7fd9f003ba20 unknown :-1 s=CLOSED pgs=16 cs=0 l=1 rev1=1 crypto rx=0 tx=0 comp rx=0 tx=0).stop
2024-04-23T10:14:53.571 INFO:teuthology.orchestra.run.smithi102.stdout:/usr/bin/ceph: stderr
2024-04-23T10:14:53.000+0000 7fda0dee8700 1 --2- 172.21.15.102:0/4096352354 >> [v2:172.21.15.102:3300/0,v1:172.21.15.102:6789/0] conn(0x7fda081067b0 0x7fda0819c340 unknown :-1 s=CLOSED pgs=56 cs=0 l=1 rev1=1 crypto rx=0 tx=0 comp rx=0 tx=0).stop
2024-04-23T10:14:53.571 INFO:teuthology.orchestra.run.smithi102.stdout:/usr/bin/ceph: stderr
2024-04-23T10:14:53.000+0000 7fda0dee8700 1 -- 172.21.15.102:0/4096352354 >> 172.21.15.102:0/4096352354 conn(0x7fda081020f0 msgr2=0x7fda08102b70 unknown :-1 s=STATE_NONE l=0).mark_down
2024-04-23T10:14:53.571 INFO:teuthology.orchestra.run.smithi102.stdout:/usr/bin/ceph: stderr
2024-04-23T10:14:53.000+0000 7fda0dee8700 1 -- 172.21.15.102:0/4096352354 shutdown_connections
2024-04-23T10:14:53.571 INFO:teuthology.orchestra.run.smithi102.stdout:/usr/bin/ceph: stderr
2024-04-23T10:14:53.000+0000 7fda0dee8700 1 -- 172.21.15.102:0/4096352354 wait complete.
2024-04-23T10:14:53.866 INFO:journalctl@ceph.mgr.x.smithi102.stdout:Apr 23 10:14:53 smithi102 ceph-a5996466-0159-11ef-bc93-c7b262605968-mgr-x[29446]:
2024-04-23T10:14:53.781+0000 7f1d81ceb200 -1 mgr[py] Module progress has missing NOTIFY_TYPES member
2024-04-23T10:14:54.124 INFO:journalctl@ceph.mgr.x.smithi102.stdout:Apr 23 10:14:53 smithi102 ceph-a5996466-0159-11ef-bc93-c7b262605968-mgr-x[29446]:
2024-04-23T10:14:53.867+0000 7f1d81ceb200 -1 mgr[py] Module influx has missing NOTIFY_TYPES member
2024-04-23T10:14:54.125 INFO:journalctl@ceph.mon.a.smithi102.stdout:Apr 23 10:14:54 smithi102 ceph-mon[29217]: from='client.? 172.21.15.102:0/4096352354' entity='client.admin' cmd='[{"prefix": "mgr module enable", "module": "dashboard"}]': finished
2024-04-23T10:14:54.125 INFO:journalctl@ceph.mon.a.smithi102.stdout:Apr 23 10:14:54 smithi102 ceph-mon[29217]: mgrmap e9: x(active, since 19s)
2024-04-23T10:14:54.854 INFO:teuthology.orchestra.run.smithi102.stdout:/usr/bin/ceph: stdout {
2024-04-23T10:14:54.854 INFO:teuthology.orchestra.run.smithi102.stdout:/usr/bin/ceph: stdout "epoch": 9,
2024-04-23T10:14:54.855 INFO:teuthology.orchestra.run.smithi102.stdout:/usr/bin/ceph: stdout "available": true,
2024-04-23T10:14:54.855 INFO:teuthology.orchestra.run.smithi102.stdout:/usr/bin/ceph: stdout "active_name": "x",
2024-04-23T10:14:54.855 INFO:teuthology.orchestra.run.smithi102.stdout:/usr/bin/ceph: stdout "num_standby": 0
2024-04-23T10:14:54.855 INFO:teuthology.orchestra.run.smithi102.stdout:/usr/bin/ceph: stdout }
2024-04-23T10:14:54.855 INFO:teuthology.orchestra.run.smithi102.stdout:/usr/bin/ceph: stderr
2024-04-23T10:14:53.968+0000 7fa9a88cb700 1 Processor -- start
2024-04-23T10:14:54.855 INFO:teuthology.orchestra.run.smithi102.stdout:/usr/bin/ceph: stderr
2024-04-23T10:14:53.968+0000 7fa9a88cb700 1 -- start start
2024-04-23T10:14:54.855 INFO:teuthology.orchestra.run.smithi102.stdout:/usr/bin/ceph: stderr
2024-04-23T10:14:53.969+0000 7fa9a88cb700 1 --2- >> [v2:172.21.15.102:3300/0,v1:172.21.15.102:6789/0] conn(0x7fa9a41072f0 0x7fa9a4107710 unknown :-1 s=NONE pgs=0 cs=0 l=0 rev1=0 crypto rx=0 tx=0 comp rx=0 tx=0).connect
2024-04-23T10:14:54.855 INFO:teuthology.orchestra.run.smithi102.stdout:/usr/bin/ceph: stderr
2024-04-23T10:14:53.969+0000 7fa9a88cb700 1 -- --> [v2:172.21.15.102:3300/0,v1:172.21.15.102:6789/0] -- mon_getmap magic: 0 -- 0x7fa9a4107ce0 con 0x7fa9a41072f0
2024-04-23T10:14:54.855 INFO:teuthology.orchestra.run.smithi102.stdout:/usr/bin/ceph: stderr
2024-04-23T10:14:53.969+0000 7fa9a259c700 1 --2- >> [v2:172.21.15.102:3300/0,v1:172.21.15.102:6789/0] conn(0x7fa9a41072f0 0x7fa9a4107710 unknown :-1 s=BANNER_CONNECTING pgs=0 cs=0 l=0 rev1=0 crypto rx=0 tx=0 comp rx=0 tx=0)._handle_peer_banner_payload supported=3 required=0
2024-04-23T10:14:54.855 INFO:teuthology.orchestra.run.smithi102.stdout:/usr/bin/ceph: stderr
2024-04-23T10:14:53.969+0000 7fa9a259c700 1 --2- >> [v2:172.21.15.102:3300/0,v1:172.21.15.102:6789/0] conn(0x7fa9a41072f0 0x7fa9a4107710 unknown :-1 s=HELLO_CONNECTING pgs=0 cs=0 l=0 rev1=1 crypto rx=0 tx=0 comp rx=0 tx=0).handle_hello peer v2:172.21.15.102:3300/0 says I am v2:172.21.15.102:48088/0 (socket says 172.21.15.102:48088)
2024-04-23T10:14:54.855 INFO:teuthology.orchestra.run.smithi102.stdout:/usr/bin/ceph: stderr
2024-04-23T10:14:53.969+0000 7fa9a259c700 1 -- 172.21.15.102:0/1348361701 learned_addr learned my addr 172.21.15.102:0/1348361701 (peer_addr_for_me v2:172.21.15.102:0/0)
2024-04-23T10:14:54.855 INFO:teuthology.orchestra.run.smithi102.stdout:/usr/bin/ceph: stderr
2024-04-23T10:14:53.969+0000 7fa9a259c700 1 -- 172.21.15.102:0/1348361701 --> [v2:172.21.15.102:3300/0,v1:172.21.15.102:6789/0] -- mon_subscribe({config=0+,monmap=0+}) -- 0x7fa9a41084f0 con 0x7fa9a41072f0
2024-04-23T10:14:54.856 INFO:teuthology.orchestra.run.smithi102.stdout:/usr/bin/ceph: stderr
2024-04-23T10:14:53.970+0000 7fa9a259c700 1 --2- 172.21.15.102:0/1348361701 >> [v2:172.21.15.102:3300/0,v1:172.21.15.102:6789/0] conn(0x7fa9a41072f0 0x7fa9a4107710 secure :-1 s=READY pgs=59 cs=0 l=1 rev1=1 crypto rx=0x7fa9940098a0 tx=0x7fa994009bb0 comp rx=0 tx=0).ready entity=mon.0 client_cookie=1977be4022f85bec server_cookie=0 in_seq=0 out_seq=0
2024-04-23T10:14:54.856 INFO:teuthology.orchestra.run.smithi102.stdout:/usr/bin/ceph: stderr
2024-04-23T10:14:53.970+0000 7fa9a159a700 1 -- 172.21.15.102:0/1348361701 <== mon.0 v2:172.21.15.102:3300/0 1 ==== mon_map magic: 0 ==== 205+0+0 (secure 0 0 0) 0x7fa994004160 con 0x7fa9a41072f0
2024-04-23T10:14:54.856 INFO:teuthology.orchestra.run.smithi102.stdout:/usr/bin/ceph: stderr
2024-04-23T10:14:53.970+0000 7fa9a159a700 1 -- 172.21.15.102:0/1348361701 <== mon.0 v2:172.21.15.102:3300/0 2 ==== config(26 keys) ==== 1101+0+0 (secure 0 0 0) 0x7fa994004300 con 0x7fa9a41072f0
2024-04-23T10:14:54.856 INFO:teuthology.orchestra.run.smithi102.stdout:/usr/bin/ceph: stderr
2024-04-23T10:14:53.970+0000 7fa9a159a700 1 -- 172.21.15.102:0/1348361701 <== mon.0 v2:172.21.15.102:3300/0 3 ==== mon_map magic: 0 ==== 205+0+0 (secure 0 0 0) 0x7fa994011a20 con 0x7fa9a41072f0
2024-04-23T10:14:54.856 INFO:teuthology.orchestra.run.smithi102.stdout:/usr/bin/ceph: stderr
2024-04-23T10:14:53.970+0000 7fa9a88cb700 1 -- 172.21.15.102:0/1348361701 >> [v2:172.21.15.102:3300/0,v1:172.21.15.102:6789/0] conn(0x7fa9a41072f0 msgr2=0x7fa9a4107710 secure :-1 s=STATE_CONNECTION_ESTABLISHED l=1).mark_down
2024-04-23T10:14:54.856 INFO:teuthology.orchestra.run.smithi102.stdout:/usr/bin/ceph: stderr
2024-04-23T10:14:53.970+0000 7fa9a88cb700 1 --2- 172.21.15.102:0/1348361701 >> [v2:172.21.15.102:3300/0,v1:172.21.15.102:6789/0] conn(0x7fa9a41072f0 0x7fa9a4107710 secure :-1 s=READY pgs=59 cs=0 l=1 rev1=1 crypto rx=0x7fa9940098a0 tx=0x7fa994009bb0 comp rx=0 tx=0).stop
2024-04-23T10:14:54.856 INFO:teuthology.orchestra.run.smithi102.stdout:/usr/bin/ceph: stderr
2024-04-23T10:14:53.971+0000 7fa9a88cb700 1 -- 172.21.15.102:0/1348361701 shutdown_connections
2024-04-23T10:14:54.856 INFO:teuthology.orchestra.run.smithi102.stdout:/usr/bin/ceph: stderr
2024-04-23T10:14:53.971+0000 7fa9a88cb700 1 --2- 172.21.15.102:0/1348361701 >> [v2:172.21.15.102:3300/0,v1:172.21.15.102:6789/0] conn(0x7fa9a41072f0 0x7fa9a4107710 unknown :-1 s=CLOSED pgs=59 cs=0 l=1 rev1=1 crypto rx=0 tx=0 comp rx=0 tx=0).stop
2024-04-23T10:14:54.856 INFO:teuthology.orchestra.run.smithi102.stdout:/usr/bin/ceph: stderr
2024-04-23T10:14:53.971+0000 7fa9a88cb700 1 -- 172.21.15.102:0/1348361701 >> 172.21.15.102:0/1348361701 conn(0x7fa9a4102890 msgr2=0x7fa9a4104cd0 unknown :-1 s=STATE_NONE l=0).mark_down
2024-04-23T10:14:54.856 INFO:teuthology.orchestra.run.smithi102.stdout:/usr/bin/ceph: stderr
2024-04-23T10:14:53.971+0000 7fa9a88cb700 1 -- 172.21.15.102:0/1348361701 shutdown_connections
2024-04-23T10:14:54.856 INFO:teuthology.orchestra.run.smithi102.stdout:/usr/bin/ceph: stderr
2024-04-23T10:14:53.971+0000 7fa9a88cb700 1 -- 172.21.15.102:0/1348361701 wait complete.
2024-04-23T10:14:54.856 INFO:teuthology.orchestra.run.smithi102.stdout:/usr/bin/ceph: stderr
2024-04-23T10:14:53.972+0000 7fa9a88cb700 1 Processor -- start
2024-04-23T10:14:54.857 INFO:teuthology.orchestra.run.smithi102.stdout:/usr/bin/ceph: stderr
2024-04-23T10:14:53.972+0000 7fa9a88cb700 1 -- start start
2024-04-23T10:14:54.857 INFO:teuthology.orchestra.run.smithi102.stdout:/usr/bin/ceph: stderr
2024-04-23T10:14:53.972+0000 7fa9a88cb700 1 --2- >> [v2:172.21.15.102:3300/0,v1:172.21.15.102:6789/0] conn(0x7fa9a41072f0 0x7fa9a407ba90 unknown :-1 s=NONE pgs=0 cs=0 l=1 rev1=0 crypto rx=0 tx=0 comp rx=0 tx=0).connect
2024-04-23T10:14:54.857 INFO:teuthology.orchestra.run.smithi102.stdout:/usr/bin/ceph: stderr
2024-04-23T10:14:53.972+0000 7fa9a88cb700 1 -- --> [v2:172.21.15.102:3300/0,v1:172.21.15.102:6789/0] -- mon_getmap magic: 0 -- 0x7fa9a410b8a0 con 0x7fa9a41072f0
2024-04-23T10:14:54.857 INFO:teuthology.orchestra.run.smithi102.stdout:/usr/bin/ceph: stderr
2024-04-23T10:14:53.972+0000 7fa9a259c700 1 --2- >> [v2:172.21.15.102:3300/0,v1:172.21.15.102:6789/0] conn(0x7fa9a41072f0 0x7fa9a407ba90 unknown :-1 s=BANNER_CONNECTING pgs=0 cs=0 l=1 rev1=0 crypto rx=0 tx=0 comp rx=0 tx=0)._handle_peer_banner_payload supported=3 required=0
2024-04-23T10:14:54.857 INFO:teuthology.orchestra.run.smithi102.stdout:/usr/bin/ceph: stderr
2024-04-23T10:14:53.972+0000 7fa9a259c700 1 --2- >> [v2:172.21.15.102:3300/0,v1:172.21.15.102:6789/0] conn(0x7fa9a41072f0 0x7fa9a407ba90 unknown :-1 s=HELLO_CONNECTING pgs=0 cs=0 l=1 rev1=1 crypto rx=0 tx=0 comp rx=0 tx=0).handle_hello peer v2:172.21.15.102:3300/0 says I am v2:172.21.15.102:48102/0 (socket says 172.21.15.102:48102)
2024-04-23T10:14:54.857 INFO:teuthology.orchestra.run.smithi102.stdout:/usr/bin/ceph: stderr
2024-04-23T10:14:53.972+0000 7fa9a259c700 1 -- 172.21.15.102:0/4028339202 learned_addr learned my addr 172.21.15.102:0/4028339202 (peer_addr_for_me v2:172.21.15.102:0/0)
2024-04-23T10:14:54.857 INFO:teuthology.orchestra.run.smithi102.stdout:/usr/bin/ceph: stderr
2024-04-23T10:14:53.972+0000 7fa9a259c700 1 -- 172.21.15.102:0/4028339202 --> [v2:172.21.15.102:3300/0,v1:172.21.15.102:6789/0] -- mon_subscribe({config=0+,monmap=0+}) -- 0x7fa9a419f0d0 con 0x7fa9a41072f0
2024-04-23T10:14:54.857 INFO:teuthology.orchestra.run.smithi102.stdout:/usr/bin/ceph: stderr
2024-04-23T10:14:53.972+0000 7fa9a259c700 1 --2- 172.21.15.102:0/4028339202 >> [v2:172.21.15.102:3300/0,v1:172.21.15.102:6789/0] conn(0x7fa9a41072f0 0x7fa9a407ba90 secure :-1 s=READY pgs=60 cs=0 l=1 rev1=1 crypto rx=0x7fa994000c00 tx=0x7fa994011aa0 comp rx=0 tx=0).ready entity=mon.0 client_cookie=0 server_cookie=0 in_seq=0 out_seq=0
2024-04-23T10:14:54.857 INFO:teuthology.orchestra.run.smithi102.stdout:/usr/bin/ceph: stderr
2024-04-23T10:14:53.972+0000 7fa9937fe700 1 -- 172.21.15.102:0/4028339202 <== mon.0 v2:172.21.15.102:3300/0 1 ==== mon_map magic: 0 ==== 205+0+0 (secure 0 0 0) 0x7fa994003aa0 con 0x7fa9a41072f0
2024-04-23T10:14:54.857 INFO:teuthology.orchestra.run.smithi102.stdout:/usr/bin/ceph: stderr
2024-04-23T10:14:53.972+0000 7fa9937fe700 1 -- 172.21.15.102:0/4028339202 <== mon.0 v2:172.21.15.102:3300/0 2 ==== config(26 keys) ==== 1101+0+0 (secure 0 0 0) 0x7fa99401b8f0 con 0x7fa9a41072f0
2024-04-23T10:14:54.857 INFO:teuthology.orchestra.run.smithi102.stdout:/usr/bin/ceph: stderr
2024-04-23T10:14:53.973+0000 7fa9a88cb700 1 -- 172.21.15.102:0/4028339202 --> [v2:172.21.15.102:3300/0,v1:172.21.15.102:6789/0] -- mon_subscribe({mgrmap=0+}) -- 0x7fa9a419f2a0 con 0x7fa9a41072f0
2024-04-23T10:14:54.857 INFO:teuthology.orchestra.run.smithi102.stdout:/usr/bin/ceph: stderr
2024-04-23T10:14:53.973+0000 7fa9937fe700 1 -- 172.21.15.102:0/4028339202 <== mon.0 v2:172.21.15.102:3300/0 3 ==== mon_map magic: 0 ==== 205+0+0 (secure 0 0 0) 0x7fa994023890 con 0x7fa9a41072f0
2024-04-23T10:14:54.857 INFO:teuthology.orchestra.run.smithi102.stdout:/usr/bin/ceph: stderr
2024-04-23T10:14:53.973+0000 7fa9a88cb700 1 -- 172.21.15.102:0/4028339202 --> [v2:172.21.15.102:3300/0,v1:172.21.15.102:6789/0] -- mon_subscribe({osdmap=0}) -- 0x7fa9a419f6c0 con 0x7fa9a41072f0
2024-04-23T10:14:54.858 INFO:teuthology.orchestra.run.smithi102.stdout:/usr/bin/ceph: stderr
2024-04-23T10:14:53.973+0000 7fa9937fe700 1 -- 172.21.15.102:0/4028339202 <== mon.0 v2:172.21.15.102:3300/0 4 ==== mgrmap(e 9) ==== 46571+0+0 (secure 0 0 0) 0x7fa99402c3f0 con 0x7fa9a41072f0
2024-04-23T10:14:54.858 INFO:teuthology.orchestra.run.smithi102.stdout:/usr/bin/ceph: stderr
2024-04-23T10:14:53.973+0000 7fa9a88cb700 1 -- 172.21.15.102:0/4028339202 --> [v2:172.21.15.102:3300/0,v1:172.21.15.102:6789/0] -- mon_command({"prefix": "get_command_descriptions"} v 0) -- 0x7fa9a40640a0 con 0x7fa9a41072f0
2024-04-23T10:14:54.858 INFO:teuthology.orchestra.run.smithi102.stdout:/usr/bin/ceph: stderr
2024-04-23T10:14:53.974+0000 7fa9937fe700 1 --2- 172.21.15.102:0/4028339202 >> [v2:172.21.15.102:6800/3379187038,v1:172.21.15.102:6801/3379187038] conn(0x7fa98c039660 0x7fa98c03bb20 unknown :-1 s=NONE pgs=0 cs=0 l=1 rev1=0 crypto rx=0 tx=0 comp rx=0 tx=0).connect
2024-04-23T10:14:54.858 INFO:teuthology.orchestra.run.smithi102.stdout:/usr/bin/ceph: stderr
2024-04-23T10:14:53.974+0000 7fa9937fe700 1 -- 172.21.15.102:0/4028339202 <== mon.0 v2:172.21.15.102:3300/0 5 ==== osd_map(2..2 src has 1..2) ==== 940+0+0 (secure 0 0 0) 0x7fa99404de80 con 0x7fa9a41072f0
2024-04-23T10:14:54.858 INFO:teuthology.orchestra.run.smithi102.stdout:/usr/bin/ceph: stderr
2024-04-23T10:14:53.974+0000 7fa9a1d9b700 1 -- 172.21.15.102:0/4028339202 >> [v2:172.21.15.102:6800/3379187038,v1:172.21.15.102:6801/3379187038] conn(0x7fa98c039660 msgr2=0x7fa98c03bb20 unknown :-1 s=STATE_CONNECTING_RE l=1).process reconnect failed to v2:172.21.15.102:6800/3379187038
2024-04-23T10:14:54.858 INFO:teuthology.orchestra.run.smithi102.stdout:/usr/bin/ceph: stderr
2024-04-23T10:14:53.974+0000 7fa9a1d9b700 1 --2- 172.21.15.102:0/4028339202 >> [v2:172.21.15.102:6800/3379187038,v1:172.21.15.102:6801/3379187038] conn(0x7fa98c039660 0x7fa98c03bb20 unknown :-1 s=START_CONNECT pgs=0 cs=0 l=1 rev1=0 crypto rx=0 tx=0 comp rx=0 tx=0)._fault waiting 0.200000
2024-04-23T10:14:54.858 INFO:teuthology.orchestra.run.smithi102.stdout:/usr/bin/ceph: stderr
2024-04-23T10:14:53.979+0000 7fa9937fe700 1 -- 172.21.15.102:0/4028339202 <== mon.0 v2:172.21.15.102:3300/0 6 ==== mon_command_ack([{"prefix": "get_command_descriptions"}]=0 v0) ==== 72+0+188370 (secure 0 0 0) 0x7fa99401f030 con 0x7fa9a41072f0
2024-04-23T10:14:54.858 INFO:teuthology.orchestra.run.smithi102.stdout:/usr/bin/ceph: stderr
2024-04-23T10:14:54.175+0000 7fa9a1d9b700 1 -- 172.21.15.102:0/4028339202 >> [v2:172.21.15.102:6800/3379187038,v1:172.21.15.102:6801/3379187038] conn(0x7fa98c039660 msgr2=0x7fa98c03bb20 unknown :-1 s=STATE_CONNECTING_RE l=1).process reconnect failed to v2:172.21.15.102:6800/3379187038
2024-04-23T10:14:54.858 INFO:teuthology.orchestra.run.smithi102.stdout:/usr/bin/ceph: stderr
2024-04-23T10:14:54.175+0000 7fa9a1d9b700 1 --2- 172.21.15.102:0/4028339202 >> [v2:172.21.15.102:6800/3379187038,v1:172.21.15.102:6801/3379187038] conn(0x7fa98c039660 0x7fa98c03bb20 unknown :-1 s=START_CONNECT pgs=0 cs=0 l=1 rev1=0 crypto rx=0 tx=0 comp rx=0 tx=0)._fault waiting 0.400000
2024-04-23T10:14:54.858 INFO:teuthology.orchestra.run.smithi102.stdout:/usr/bin/ceph: stderr
2024-04-23T10:14:54.251+0000 7fa9a88cb700 1 -- 172.21.15.102:0/4028339202 --> [v2:172.21.15.102:3300/0,v1:172.21.15.102:6789/0] -- mon_command({"prefix": "mgr stat"} v 0) -- 0x7fa9a419feb0 con 0x7fa9a41072f0
2024-04-23T10:14:54.858 INFO:teuthology.orchestra.run.smithi102.stdout:/usr/bin/ceph: stderr
2024-04-23T10:14:54.253+0000 7fa9937fe700 1 -- 172.21.15.102:0/4028339202 <== mon.0 v2:172.21.15.102:3300/0 7 ==== mon_command_ack([{"prefix": "mgr stat"}]=0 v9) ==== 56+0+88 (secure 0 0 0) 0x7fa9940202b0 con 0x7fa9a41072f0
2024-04-23T10:14:54.859 INFO:teuthology.orchestra.run.smithi102.stdout:/usr/bin/ceph: stderr
2024-04-23T10:14:54.256+0000 7fa9917fa700 1 -- 172.21.15.102:0/4028339202 >> [v2:172.21.15.102:6800/3379187038,v1:172.21.15.102:6801/3379187038] conn(0x7fa98c039660 msgr2=0x7fa98c03bb20 unknown :-1 s=STATE_CONNECTING l=1).mark_down
2024-04-23T10:14:54.859 INFO:teuthology.orchestra.run.smithi102.stdout:/usr/bin/ceph: stderr
2024-04-23T10:14:54.256+0000 7fa9917fa700 1 --2- 172.21.15.102:0/4028339202 >> [v2:172.21.15.102:6800/3379187038,v1:172.21.15.102:6801/3379187038] conn(0x7fa98c039660 0x7fa98c03bb20 unknown :-1 s=START_CONNECT pgs=0 cs=0 l=1 rev1=0 crypto rx=0 tx=0 comp rx=0 tx=0).stop
2024-04-23T10:14:54.859 INFO:teuthology.orchestra.run.smithi102.stdout:/usr/bin/ceph: stderr
2024-04-23T10:14:54.256+0000 7fa9917fa700 1 -- 172.21.15.102:0/4028339202 >> [v2:172.21.15.102:3300/0,v1:172.21.15.102:6789/0] conn(0x7fa9a41072f0 msgr2=0x7fa9a407ba90 secure :-1 s=STATE_CONNECTION_ESTABLISHED l=1).mark_down
2024-04-23T10:14:54.859 INFO:teuthology.orchestra.run.smithi102.stdout:/usr/bin/ceph: stderr
2024-04-23T10:14:54.256+0000 7fa9917fa700 1 --2- 172.21.15.102:0/4028339202 >> [v2:172.21.15.102:3300/0,v1:172.21.15.102:6789/0] conn(0x7fa9a41072f0 0x7fa9a407ba90 secure :-1 s=READY pgs=60 cs=0 l=1 rev1=1 crypto rx=0x7fa994000c00 tx=0x7fa994011aa0 comp rx=0 tx=0).stop
2024-04-23T10:14:54.859 INFO:teuthology.orchestra.run.smithi102.stdout:/usr/bin/ceph: stderr
2024-04-23T10:14:54.260+0000 7fa9917fa700 1 -- 172.21.15.102:0/4028339202 shutdown_connections
2024-04-23T10:14:54.859 INFO:teuthology.orchestra.run.smithi102.stdout:/usr/bin/ceph: stderr
2024-04-23T10:14:54.260+0000 7fa9917fa700 1 --2- 172.21.15.102:0/4028339202 >> [v2:172.21.15.102:6800/3379187038,v1:172.21.15.102:6801/3379187038] conn(0x7fa98c039660 0x7fa98c03bb20 unknown :-1 s=CLOSED pgs=0 cs=0 l=1 rev1=0 crypto rx=0 tx=0 comp rx=0 tx=0).stop
2024-04-23T10:14:54.859 INFO:teuthology.orchestra.run.smithi102.stdout:/usr/bin/ceph: stderr
2024-04-23T10:14:54.260+0000 7fa9917fa700 1 --2- 172.21.15.102:0/4028339202 >> [v2:172.21.15.102:3300/0,v1:172.21.15.102:6789/0] conn(0x7fa9a41072f0 0x7fa9a407ba90 unknown :-1 s=CLOSED pgs=60 cs=0 l=1 rev1=1 crypto rx=0 tx=0 comp rx=0 tx=0).stop
2024-04-23T10:14:54.859 INFO:teuthology.orchestra.run.smithi102.stdout:/usr/bin/ceph: stderr
2024-04-23T10:14:54.260+0000 7fa9917fa700 1 -- 172.21.15.102:0/4028339202 >> 172.21.15.102:0/4028339202 conn(0x7fa9a4102890 msgr2=0x7fa9a4103440 unknown :-1 s=STATE_NONE l=0).mark_down
2024-04-23T10:14:54.859 INFO:teuthology.orchestra.run.smithi102.stdout:/usr/bin/ceph: stderr
2024-04-23T10:14:54.262+0000 7fa9917fa700 1 -- 172.21.15.102:0/4028339202 shutdown_connections
2024-04-23T10:14:54.859 INFO:teuthology.orchestra.run.smithi102.stdout:/usr/bin/ceph: stderr
2024-04-23T10:14:54.262+0000 7fa9917fa700 1 -- 172.21.15.102:0/4028339202 wait complete.
2024-04-23T10:14:54.859 INFO:teuthology.orchestra.run.smithi102.stdout:Waiting for the mgr to restart...
2024-04-23T10:14:54.859 INFO:teuthology.orchestra.run.smithi102.stdout:Waiting for mgr epoch 9...
2024-04-23T10:14:55.106 INFO:journalctl@ceph.mon.a.smithi102.stdout:Apr 23 10:14:55 smithi102 ceph-mon[29217]: from='client.? 172.21.15.102:0/4028339202' entity='client.admin' cmd=[{"prefix": "mgr stat"}]: dispatch
2024-04-23T10:14:55.107 INFO:journalctl@ceph.mgr.x.smithi102.stdout:Apr 23 10:14:55 smithi102 ceph-a5996466-0159-11ef-bc93-c7b262605968-mgr-x[29446]:
2024-04-23T10:14:55.078+0000 7f1d81ceb200 -1 mgr[py] Module telegraf has missing NOTIFY_TYPES member
2024-04-23T10:14:55.374 INFO:journalctl@ceph.mgr.x.smithi102.stdout:Apr 23 10:14:55 smithi102 ceph-a5996466-0159-11ef-bc93-c7b262605968-mgr-x[29446]:
