2024-04-23T10:14:38.148+0000 7f8e07ae5700 1 --2- >> [v2:172.21.15.102:3300/0,v1:172.21.15.102:6789/0] conn(0x7f8e00108f30 0x7f8e0010b320 unknown :-1 s=NONE pgs=0 cs=0 l=0 rev1=0 crypto rx=0 tx=0 comp rx=0 tx=0).connect
2024-04-23T10:14:39.153 INFO:teuthology.orchestra.run.smithi102.stdout:/usr/bin/ceph: stderr
2024-04-23T10:14:38.148+0000 7f8e07ae5700 1 -- --> [v2:172.21.15.102:3300/0,v1:172.21.15.102:6789/0] -- mon_getmap magic: 0 -- 0x7f8e0007be90 con 0x7f8e00108f30
2024-04-23T10:14:39.153 INFO:teuthology.orchestra.run.smithi102.stdout:/usr/bin/ceph: stderr
2024-04-23T10:14:38.149+0000 7f8e05881700 1 --2- >> [v2:172.21.15.102:3300/0,v1:172.21.15.102:6789/0] conn(0x7f8e00108f30 0x7f8e0010b320 unknown :-1 s=BANNER_CONNECTING pgs=0 cs=0 l=0 rev1=0 crypto rx=0 tx=0 comp rx=0 tx=0)._handle_peer_banner_payload supported=3 required=0
2024-04-23T10:14:39.153 INFO:teuthology.orchestra.run.smithi102.stdout:/usr/bin/ceph: stderr
2024-04-23T10:14:38.149+0000 7f8e05881700 1 --2- >> [v2:172.21.15.102:3300/0,v1:172.21.15.102:6789/0] conn(0x7f8e00108f30 0x7f8e0010b320 unknown :-1 s=HELLO_CONNECTING pgs=0 cs=0 l=0 rev1=1 crypto rx=0 tx=0 comp rx=0 tx=0).handle_hello peer v2:172.21.15.102:3300/0 says I am v2:172.21.15.102:53110/0 (socket says 172.21.15.102:53110)
2024-04-23T10:14:39.153 INFO:teuthology.orchestra.run.smithi102.stdout:/usr/bin/ceph: stderr
2024-04-23T10:14:38.149+0000 7f8e05881700 1 -- 172.21.15.102:0/895604640 learned_addr learned my addr 172.21.15.102:0/895604640 (peer_addr_for_me v2:172.21.15.102:0/0)
2024-04-23T10:14:39.153 INFO:teuthology.orchestra.run.smithi102.stdout:/usr/bin/ceph: stderr
2024-04-23T10:14:38.149+0000 7f8e05881700 1 -- 172.21.15.102:0/895604640 --> [v2:172.21.15.102:3300/0,v1:172.21.15.102:6789/0] -- mon_subscribe({config=0+,monmap=0+}) -- 0x7f8e0010b860 con 0x7f8e00108f30
2024-04-23T10:14:39.153 INFO:teuthology.orchestra.run.smithi102.stdout:/usr/bin/ceph: stderr
2024-04-23T10:14:38.149+0000 7f8e05881700 1 --2- 172.21.15.102:0/895604640 >> [v2:172.21.15.102:3300/0,v1:172.21.15.102:6789/0] conn(0x7f8e00108f30 0x7f8e0010b320 secure :-1 s=READY pgs=41 cs=0 l=1 rev1=1 crypto rx=0x7f8dfc0098a0 tx=0x7f8dfc009bb0 comp rx=0 tx=0).ready entity=mon.0 client_cookie=c37cda4065c92f82 server_cookie=0 in_seq=0 out_seq=0
2024-04-23T10:14:39.153 INFO:teuthology.orchestra.run.smithi102.stdout:/usr/bin/ceph: stderr
2024-04-23T10:14:38.149+0000 7f8e0487f700 1 -- 172.21.15.102:0/895604640 <== mon.0 v2:172.21.15.102:3300/0 1 ==== mon_map magic: 0 ==== 205+0+0 (secure 0 0 0) 0x7f8dfc004160 con 0x7f8e00108f30
2024-04-23T10:14:39.153 INFO:teuthology.orchestra.run.smithi102.stdout:/usr/bin/ceph: stderr
2024-04-23T10:14:38.149+0000 7f8e0487f700 1 -- 172.21.15.102:0/895604640 <== mon.0 v2:172.21.15.102:3300/0 2 ==== config(26 keys) ==== 1070+0+0 (secure 0 0 0) 0x7f8dfc004300 con 0x7f8e00108f30
2024-04-23T10:14:39.153 INFO:teuthology.orchestra.run.smithi102.stdout:/usr/bin/ceph: stderr
2024-04-23T10:14:38.149+0000 7f8e0487f700 1 -- 172.21.15.102:0/895604640 <== mon.0 v2:172.21.15.102:3300/0 3 ==== mon_map magic: 0 ==== 205+0+0 (secure 0 0 0) 0x7f8dfc011af0 con 0x7f8e00108f30
2024-04-23T10:14:39.154 INFO:teuthology.orchestra.run.smithi102.stdout:/usr/bin/ceph: stderr
2024-04-23T10:14:38.150+0000 7f8e07ae5700 1 -- 172.21.15.102:0/895604640 >> [v2:172.21.15.102:3300/0,v1:172.21.15.102:6789/0] conn(0x7f8e00108f30 msgr2=0x7f8e0010b320 secure :-1 s=STATE_CONNECTION_ESTABLISHED l=1).mark_down
2024-04-23T10:14:39.154 INFO:teuthology.orchestra.run.smithi102.stdout:/usr/bin/ceph: stderr
2024-04-23T10:14:38.150+0000 7f8e07ae5700 1 --2- 172.21.15.102:0/895604640 >> [v2:172.21.15.102:3300/0,v1:172.21.15.102:6789/0] conn(0x7f8e00108f30 0x7f8e0010b320 secure :-1 s=READY pgs=41 cs=0 l=1 rev1=1 crypto rx=0x7f8dfc0098a0 tx=0x7f8dfc009bb0 comp rx=0 tx=0).stop
2024-04-23T10:14:39.154 INFO:teuthology.orchestra.run.smithi102.stdout:/usr/bin/ceph: stderr
2024-04-23T10:14:38.150+0000 7f8e07ae5700 1 -- 172.21.15.102:0/895604640 shutdown_connections
2024-04-23T10:14:39.154 INFO:teuthology.orchestra.run.smithi102.stdout:/usr/bin/ceph: stderr
2024-04-23T10:14:38.150+0000 7f8e07ae5700 1 --2- 172.21.15.102:0/895604640 >> [v2:172.21.15.102:3300/0,v1:172.21.15.102:6789/0] conn(0x7f8e00108f30 0x7f8e0010b320 unknown :-1 s=CLOSED pgs=41 cs=0 l=1 rev1=1 crypto rx=0 tx=0 comp rx=0 tx=0).stop
2024-04-23T10:14:39.154 INFO:teuthology.orchestra.run.smithi102.stdout:/usr/bin/ceph: stderr
2024-04-23T10:14:38.150+0000 7f8e07ae5700 1 -- 172.21.15.102:0/895604640 >> 172.21.15.102:0/895604640 conn(0x7f8e00102980 msgr2=0x7f8e00104da0 unknown :-1 s=STATE_NONE l=0).mark_down
2024-04-23T10:14:39.154 INFO:teuthology.orchestra.run.smithi102.stdout:/usr/bin/ceph: stderr
2024-04-23T10:14:38.150+0000 7f8e07ae5700 1 -- 172.21.15.102:0/895604640 shutdown_connections
2024-04-23T10:14:39.154 INFO:teuthology.orchestra.run.smithi102.stdout:/usr/bin/ceph: stderr
2024-04-23T10:14:38.150+0000 7f8e07ae5700 1 -- 172.21.15.102:0/895604640 wait complete.
2024-04-23T10:14:39.154 INFO:teuthology.orchestra.run.smithi102.stdout:/usr/bin/ceph: stderr
2024-04-23T10:14:38.150+0000 7f8e07ae5700 1 Processor -- start
2024-04-23T10:14:39.154 INFO:teuthology.orchestra.run.smithi102.stdout:/usr/bin/ceph: stderr
2024-04-23T10:14:38.150+0000 7f8e07ae5700 1 -- start start
2024-04-23T10:14:39.154 INFO:teuthology.orchestra.run.smithi102.stdout:/usr/bin/ceph: stderr
2024-04-23T10:14:38.151+0000 7f8e07ae5700 1 --2- >> [v2:172.21.15.102:3300/0,v1:172.21.15.102:6789/0] conn(0x7f8e00108f30 0x7f8e0019c3b0 unknown :-1 s=NONE pgs=0 cs=0 l=1 rev1=0 crypto rx=0 tx=0 comp rx=0 tx=0).connect
2024-04-23T10:14:39.154 INFO:teuthology.orchestra.run.smithi102.stdout:/usr/bin/ceph: stderr
2024-04-23T10:14:38.151+0000 7f8e07ae5700 1 -- --> [v2:172.21.15.102:3300/0,v1:172.21.15.102:6789/0] -- mon_getmap magic: 0 -- 0x7f8e0010c820 con 0x7f8e00108f30
2024-04-23T10:14:39.154 INFO:teuthology.orchestra.run.smithi102.stdout:/usr/bin/ceph: stderr
2024-04-23T10:14:38.151+0000 7f8e05881700 1 --2- >> [v2:172.21.15.102:3300/0,v1:172.21.15.102:6789/0] conn(0x7f8e00108f30 0x7f8e0019c3b0 unknown :-1 s=BANNER_CONNECTING pgs=0 cs=0 l=1 rev1=0 crypto rx=0 tx=0 comp rx=0 tx=0)._handle_peer_banner_payload supported=3 required=0
2024-04-23T10:14:39.155 INFO:teuthology.orchestra.run.smithi102.stdout:/usr/bin/ceph: stderr
2024-04-23T10:14:38.151+0000 7f8e05881700 1 --2- >> [v2:172.21.15.102:3300/0,v1:172.21.15.102:6789/0] conn(0x7f8e00108f30 0x7f8e0019c3b0 unknown :-1 s=HELLO_CONNECTING pgs=0 cs=0 l=1 rev1=1 crypto rx=0 tx=0 comp rx=0 tx=0).handle_hello peer v2:172.21.15.102:3300/0 says I am v2:172.21.15.102:53126/0 (socket says 172.21.15.102:53126)
2024-04-23T10:14:39.155 INFO:teuthology.orchestra.run.smithi102.stdout:/usr/bin/ceph: stderr
2024-04-23T10:14:38.151+0000 7f8e05881700 1 -- 172.21.15.102:0/22577624 learned_addr learned my addr 172.21.15.102:0/22577624 (peer_addr_for_me v2:172.21.15.102:0/0)
2024-04-23T10:14:39.155 INFO:teuthology.orchestra.run.smithi102.stdout:/usr/bin/ceph: stderr
2024-04-23T10:14:38.151+0000 7f8e05881700 1 -- 172.21.15.102:0/22577624 --> [v2:172.21.15.102:3300/0,v1:172.21.15.102:6789/0] -- mon_subscribe({config=0+,monmap=0+}) -- 0x7f8e0019c8f0 con 0x7f8e00108f30
2024-04-23T10:14:39.155 INFO:teuthology.orchestra.run.smithi102.stdout:/usr/bin/ceph: stderr
2024-04-23T10:14:38.151+0000 7f8e05881700 1 --2- 172.21.15.102:0/22577624 >> [v2:172.21.15.102:3300/0,v1:172.21.15.102:6789/0] conn(0x7f8e00108f30 0x7f8e0019c3b0 secure :-1 s=READY pgs=42 cs=0 l=1 rev1=1 crypto rx=0x7f8dfc011ac0 tx=0x7f8dfc011ba0 comp rx=0 tx=0).ready entity=mon.0 client_cookie=0 server_cookie=0 in_seq=0 out_seq=0
2024-04-23T10:14:39.155 INFO:teuthology.orchestra.run.smithi102.stdout:/usr/bin/ceph: stderr
2024-04-23T10:14:38.151+0000 7f8df6ffd700 1 -- 172.21.15.102:0/22577624 <== mon.0 v2:172.21.15.102:3300/0 1 ==== mon_map magic: 0 ==== 205+0+0 (secure 0 0 0) 0x7f8dfc003970 con 0x7f8e00108f30
2024-04-23T10:14:39.155 INFO:teuthology.orchestra.run.smithi102.stdout:/usr/bin/ceph: stderr
2024-04-23T10:14:38.151+0000 7f8df6ffd700 1 -- 172.21.15.102:0/22577624 <== mon.0 v2:172.21.15.102:3300/0 2 ==== config(26 keys) ==== 1070+0+0 (secure 0 0 0) 0x7f8dfc003b10 con 0x7f8e00108f30
2024-04-23T10:14:39.155 INFO:teuthology.orchestra.run.smithi102.stdout:/usr/bin/ceph: stderr
2024-04-23T10:14:38.151+0000 7f8e07ae5700 1 -- 172.21.15.102:0/22577624 --> [v2:172.21.15.102:3300/0,v1:172.21.15.102:6789/0] -- mon_subscribe({mgrmap=0+}) -- 0x7f8e0019cb80 con 0x7f8e00108f30
2024-04-23T10:14:39.155 INFO:teuthology.orchestra.run.smithi102.stdout:/usr/bin/ceph: stderr
2024-04-23T10:14:38.151+0000 7f8df6ffd700 1 -- 172.21.15.102:0/22577624 <== mon.0 v2:172.21.15.102:3300/0 3 ==== mon_map magic: 0 ==== 205+0+0 (secure 0 0 0) 0x7f8dfc024610 con 0x7f8e00108f30
2024-04-23T10:14:39.155 INFO:teuthology.orchestra.run.smithi102.stdout:/usr/bin/ceph: stderr
2024-04-23T10:14:38.151+0000 7f8e07ae5700 1 -- 172.21.15.102:0/22577624 --> [v2:172.21.15.102:3300/0,v1:172.21.15.102:6789/0] -- mon_subscribe({osdmap=0}) -- 0x7f8e0019f870 con 0x7f8e00108f30
2024-04-23T10:14:39.155 INFO:teuthology.orchestra.run.smithi102.stdout:/usr/bin/ceph: stderr
2024-04-23T10:14:38.152+0000 7f8df6ffd700 1 -- 172.21.15.102:0/22577624 <== mon.0 v2:172.21.15.102:3300/0 4 ==== mgrmap(e 8) ==== 46558+0+0 (secure 0 0 0) 0x7f8dfc01a9e0 con 0x7f8e00108f30
2024-04-23T10:14:39.155 INFO:teuthology.orchestra.run.smithi102.stdout:/usr/bin/ceph: stderr
2024-04-23T10:14:38.152+0000 7f8e07ae5700 1 -- 172.21.15.102:0/22577624 --> [v2:172.21.15.102:3300/0,v1:172.21.15.102:6789/0] -- mon_command({"prefix": "get_command_descriptions"} v 0) -- 0x7f8e000640a0 con 0x7f8e00108f30
2024-04-23T10:14:39.155 INFO:teuthology.orchestra.run.smithi102.stdout:/usr/bin/ceph: stderr
2024-04-23T10:14:38.152+0000 7f8df6ffd700 1 --2- 172.21.15.102:0/22577624 >> [v2:172.21.15.102:6800/3379187038,v1:172.21.15.102:6801/3379187038] conn(0x7f8dec0395b0 0x7f8dec03ba70 unknown :-1 s=NONE pgs=0 cs=0 l=1 rev1=0 crypto rx=0 tx=0 comp rx=0 tx=0).connect
2024-04-23T10:14:39.155 INFO:teuthology.orchestra.run.smithi102.stdout:/usr/bin/ceph: stderr
2024-04-23T10:14:38.152+0000 7f8df6ffd700 1 -- 172.21.15.102:0/22577624 <== mon.0 v2:172.21.15.102:3300/0 5 ==== osd_map(2..2 src has 1..2) ==== 940+0+0 (secure 0 0 0) 0x7f8dfc04d940 con 0x7f8e00108f30
2024-04-23T10:14:39.156 INFO:teuthology.orchestra.run.smithi102.stdout:/usr/bin/ceph: stderr
2024-04-23T10:14:38.152+0000 7f8e05080700 1 --2- 172.21.15.102:0/22577624 >> [v2:172.21.15.102:6800/3379187038,v1:172.21.15.102:6801/3379187038] conn(0x7f8dec0395b0 0x7f8dec03ba70 unknown :-1 s=BANNER_CONNECTING pgs=0 cs=0 l=1 rev1=0 crypto rx=0 tx=0 comp rx=0 tx=0)._handle_peer_banner_payload supported=3 required=0
2024-04-23T10:14:39.156 INFO:teuthology.orchestra.run.smithi102.stdout:/usr/bin/ceph: stderr
2024-04-23T10:14:38.153+0000 7f8e05080700 1 --2- 172.21.15.102:0/22577624 >> [v2:172.21.15.102:6800/3379187038,v1:172.21.15.102:6801/3379187038] conn(0x7f8dec0395b0 0x7f8dec03ba70 secure :-1 s=READY pgs=9 cs=0 l=1 rev1=1 crypto rx=0x7f8df0006fd0 tx=0x7f8df0006e40 comp rx=0 tx=0).ready entity=mgr.14120 client_cookie=0 server_cookie=0 in_seq=0 out_seq=0
2024-04-23T10:14:39.156 INFO:teuthology.orchestra.run.smithi102.stdout:/usr/bin/ceph: stderr
2024-04-23T10:14:38.157+0000 7f8df6ffd700 1 -- 172.21.15.102:0/22577624 <== mon.0 v2:172.21.15.102:3300/0 6 ==== mon_command_ack([{"prefix": "get_command_descriptions"}]=0 v0) ==== 72+0+188370 (secure 0 0 0) 0x7f8dfc00b3e0 con 0x7f8e00108f30
2024-04-23T10:14:39.156 INFO:teuthology.orchestra.run.smithi102.stdout:/usr/bin/ceph: stderr
2024-04-23T10:14:38.353+0000 7f8e07ae5700 1 -- 172.21.15.102:0/22577624 --> [v2:172.21.15.102:6800/3379187038,v1:172.21.15.102:6801/3379187038] -- mgr_command(tid 0: {"prefix": "cephadm generate-key", "target": ["mon-mgr", ""]}) -- 0x7f8e00103bf0 con 0x7f8dec0395b0
2024-04-23T10:14:39.156 INFO:teuthology.orchestra.run.smithi102.stdout:/usr/bin/ceph: stderr
2024-04-23T10:14:38.610+0000 7f8df6ffd700 1 -- 172.21.15.102:0/22577624 <== mgr.14120 v2:172.21.15.102:6800/3379187038 1 ==== mgr_command_reply(tid 0: 0 ) ==== 8+0+0 (secure 0 0 0) 0x7f8e00103bf0 con 0x7f8dec0395b0
2024-04-23T10:14:39.156 INFO:teuthology.orchestra.run.smithi102.stdout:/usr/bin/ceph: stderr
2024-04-23T10:14:38.612+0000 7f8e07ae5700 1 -- 172.21.15.102:0/22577624 >> [v2:172.21.15.102:6800/3379187038,v1:172.21.15.102:6801/3379187038] conn(0x7f8dec0395b0 msgr2=0x7f8dec03ba70 secure :-1 s=STATE_CONNECTION_ESTABLISHED l=1).mark_down
2024-04-23T10:14:39.156 INFO:teuthology.orchestra.run.smithi102.stdout:/usr/bin/ceph: stderr
2024-04-23T10:14:38.612+0000 7f8e07ae5700 1 --2- 172.21.15.102:0/22577624 >> [v2:172.21.15.102:6800/3379187038,v1:172.21.15.102:6801/3379187038] conn(0x7f8dec0395b0 0x7f8dec03ba70 secure :-1 s=READY pgs=9 cs=0 l=1 rev1=1 crypto rx=0x7f8df0006fd0 tx=0x7f8df0006e40 comp rx=0 tx=0).stop
2024-04-23T10:14:39.156 INFO:teuthology.orchestra.run.smithi102.stdout:/usr/bin/ceph: stderr
2024-04-23T10:14:38.612+0000 7f8e07ae5700 1 -- 172.21.15.102:0/22577624 >> [v2:172.21.15.102:3300/0,v1:172.21.15.102:6789/0] conn(0x7f8e00108f30 msgr2=0x7f8e0019c3b0 secure :-1 s=STATE_CONNECTION_ESTABLISHED l=1).mark_down
2024-04-23T10:14:39.156 INFO:teuthology.orchestra.run.smithi102.stdout:/usr/bin/ceph: stderr
2024-04-23T10:14:38.612+0000 7f8e07ae5700 1 --2- 172.21.15.102:0/22577624 >> [v2:172.21.15.102:3300/0,v1:172.21.15.102:6789/0] conn(0x7f8e00108f30 0x7f8e0019c3b0 secure :-1 s=READY pgs=42 cs=0 l=1 rev1=1 crypto rx=0x7f8dfc011ac0 tx=0x7f8dfc011ba0 comp rx=0 tx=0).stop
2024-04-23T10:14:39.156 INFO:teuthology.orchestra.run.smithi102.stdout:/usr/bin/ceph: stderr
2024-04-23T10:14:38.612+0000 7f8e07ae5700 1 -- 172.21.15.102:0/22577624 shutdown_connections
2024-04-23T10:14:39.156 INFO:teuthology.orchestra.run.smithi102.stdout:/usr/bin/ceph: stderr
2024-04-23T10:14:38.612+0000 7f8e07ae5700 1 --2- 172.21.15.102:0/22577624 >> [v2:172.21.15.102:6800/3379187038,v1:172.21.15.102:6801/3379187038] conn(0x7f8dec0395b0 0x7f8dec03ba70 unknown :-1 s=CLOSED pgs=9 cs=0 l=1 rev1=1 crypto rx=0 tx=0 comp rx=0 tx=0).stop
2024-04-23T10:14:39.156 INFO:teuthology.orchestra.run.smithi102.stdout:/usr/bin/ceph: stderr
2024-04-23T10:14:38.612+0000 7f8e07ae5700 1 --2- 172.21.15.102:0/22577624 >> [v2:172.21.15.102:3300/0,v1:172.21.15.102:6789/0] conn(0x7f8e00108f30 0x7f8e0019c3b0 unknown :-1 s=CLOSED pgs=42 cs=0 l=1 rev1=1 crypto rx=0 tx=0 comp rx=0 tx=0).stop
2024-04-23T10:14:39.156 INFO:teuthology.orchestra.run.smithi102.stdout:/usr/bin/ceph: stderr
2024-04-23T10:14:38.612+0000 7f8e07ae5700 1 -- 172.21.15.102:0/22577624 >> 172.21.15.102:0/22577624 conn(0x7f8e00102980 msgr2=0x7f8e001034e0 unknown :-1 s=STATE_NONE l=0).mark_down
2024-04-23T10:14:39.156 INFO:teuthology.orchestra.run.smithi102.stdout:/usr/bin/ceph: stderr
2024-04-23T10:14:38.612+0000 7f8e07ae5700 1 -- 172.21.15.102:0/22577624 shutdown_connections
2024-04-23T10:14:39.157 INFO:teuthology.orchestra.run.smithi102.stdout:/usr/bin/ceph: stderr
2024-04-23T10:14:38.612+0000 7f8e07ae5700 1 -- 172.21.15.102:0/22577624 wait complete.
2024-04-23T10:14:39.875 INFO:journalctl@ceph.mon.a.smithi102.stdout:Apr 23 10:14:39 smithi102 ceph-mon[29217]: from='client.14136 -' entity='client.admin' cmd=[{"prefix": "cephadm generate-key", "target": ["mon-mgr", ""]}]: dispatch
2024-04-23T10:14:39.875 INFO:journalctl@ceph.mon.a.smithi102.stdout:Apr 23 10:14:39 smithi102 ceph-mon[29217]: Generating ssh key...
2024-04-23T10:14:39.875 INFO:journalctl@ceph.mon.a.smithi102.stdout:Apr 23 10:14:39 smithi102 ceph-mon[29217]: from='mgr.14120 172.21.15.102:0/1772531299' entity='mgr.x'
2024-04-23T10:14:39.875 INFO:journalctl@ceph.mon.a.smithi102.stdout:Apr 23 10:14:39 smithi102 ceph-mon[29217]: from='mgr.14120 172.21.15.102:0/1772531299' entity='mgr.x'
2024-04-23T10:14:40.300 INFO:teuthology.orchestra.run.smithi102.stdout:/usr/bin/ceph: stdout ssh-rsa AAAAB3NzaC1yc2EAAAADAQABAAABgQC3M2QUus1+YPAVq2R4JjxYyuCgo31Cj/lhAYlIA4L/8wi2xo7MCWYEstV3wJGeo7YI2CUTpouzajnTjJr4z+QKPEsRVkWvPUtaj7Z1+mcI8c0s6CFTjwWl62WApRvOf2OqyvcErglT9kXlFegVINavVyqzAS2PUkkY21Raqx6qEDE7/B9t5Vdg6yD6wxFDuwmnSmMoT+NVh+430hoPs0PLFnIX5pUSucR4Rc/5WHLu/Of6n1Eb7QK+OfT0xirxQKtyPGgy2h0Tq1HE+Og9Z+xTDZbHph/1yCB3JHq9ARnbom7m6nnJk0lOtvTt0mqwCIZ62j8JPRRD6Dab9kdA9i6fe6S4mxCMxGh8WtnYjk239+QcaaUVhWDbhI7/D38nVL/kEQneLbQbPPbtSC0w5pv2tuBZmgMUP2K4IYPQfzJe0wh5G3ruT4MYNJcnH7mkDL+1eUvGjVLZPm+3kHjURnTegu6N02UUa1x5kD8cV89hCMaOL7zTAXkwRvWyTn9Z4I8= ceph-a5996466-0159-11ef-bc93-c7b262605968
2024-04-23T10:14:40.300 INFO:teuthology.orchestra.run.smithi102.stdout:/usr/bin/ceph: stderr
2024-04-23T10:14:39.549+0000 7f46f288a700 1 Processor -- start
2024-04-23T10:14:40.300 INFO:teuthology.orchestra.run.smithi102.stdout:/usr/bin/ceph: stderr
2024-04-23T10:14:39.549+0000 7f46f288a700 1 -- start start
2024-04-23T10:14:40.300 INFO:teuthology.orchestra.run.smithi102.stdout:/usr/bin/ceph: stderr
2024-04-23T10:14:39.549+0000 7f46f288a700 1 --2- >> [v2:172.21.15.102:3300/0,v1:172.21.15.102:6789/0] conn(0x7f46ec107360 0x7f46ec107780 unknown :-1 s=NONE pgs=0 cs=0 l=0 rev1=0 crypto rx=0 tx=0 comp rx=0 tx=0).connect
2024-04-23T10:14:40.300 INFO:teuthology.orchestra.run.smithi102.stdout:/usr/bin/ceph: stderr
2024-04-23T10:14:39.549+0000 7f46f288a700 1 -- --> [v2:172.21.15.102:3300/0,v1:172.21.15.102:6789/0] -- mon_getmap magic: 0 -- 0x7f46ec107d50 con 0x7f46ec107360
2024-04-23T10:14:40.300 INFO:teuthology.orchestra.run.smithi102.stdout:/usr/bin/ceph: stderr
2024-04-23T10:14:39.549+0000 7f46ebfff700 1 --2- >> [v2:172.21.15.102:3300/0,v1:172.21.15.102:6789/0] conn(0x7f46ec107360 0x7f46ec107780 unknown :-1 s=BANNER_CONNECTING pgs=0 cs=0 l=0 rev1=0 crypto rx=0 tx=0 comp rx=0 tx=0)._handle_peer_banner_payload supported=3 required=0
2024-04-23T10:14:40.300 INFO:teuthology.orchestra.run.smithi102.stdout:/usr/bin/ceph: stderr
2024-04-23T10:14:39.549+0000 7f46ebfff700 1 --2- >> [v2:172.21.15.102:3300/0,v1:172.21.15.102:6789/0] conn(0x7f46ec107360 0x7f46ec107780 unknown :-1 s=HELLO_CONNECTING pgs=0 cs=0 l=0 rev1=1 crypto rx=0 tx=0 comp rx=0 tx=0).handle_hello peer v2:172.21.15.102:3300/0 says I am v2:172.21.15.102:53128/0 (socket says 172.21.15.102:53128)
2024-04-23T10:14:40.300 INFO:teuthology.orchestra.run.smithi102.stdout:/usr/bin/ceph: stderr
2024-04-23T10:14:39.549+0000 7f46ebfff700 1 -- 172.21.15.102:0/862836091 learned_addr learned my addr 172.21.15.102:0/862836091 (peer_addr_for_me v2:172.21.15.102:0/0)
2024-04-23T10:14:40.300 INFO:teuthology.orchestra.run.smithi102.stdout:/usr/bin/ceph: stderr
2024-04-23T10:14:39.550+0000 7f46ebfff700 1 -- 172.21.15.102:0/862836091 --> [v2:172.21.15.102:3300/0,v1:172.21.15.102:6789/0] -- mon_subscribe({config=0+,monmap=0+}) -- 0x7f46ec108560 con 0x7f46ec107360
2024-04-23T10:14:40.300 INFO:teuthology.orchestra.run.smithi102.stdout:/usr/bin/ceph: stderr
2024-04-23T10:14:39.550+0000 7f46ebfff700 1 --2- 172.21.15.102:0/862836091 >> [v2:172.21.15.102:3300/0,v1:172.21.15.102:6789/0] conn(0x7f46ec107360 0x7f46ec107780 secure :-1 s=READY pgs=43 cs=0 l=1 rev1=1 crypto rx=0x7f46dc0098a0 tx=0x7f46dc009bb0 comp rx=0 tx=0).ready entity=mon.0 client_cookie=ad79681ac560664a server_cookie=0 in_seq=0 out_seq=0
2024-04-23T10:14:40.300 INFO:teuthology.orchestra.run.smithi102.stdout:/usr/bin/ceph: stderr
2024-04-23T10:14:39.550+0000 7f46eaffd700 1 -- 172.21.15.102:0/862836091 <== mon.0 v2:172.21.15.102:3300/0 1 ==== mon_map magic: 0 ==== 205+0+0 (secure 0 0 0) 0x7f46dc004160 con 0x7f46ec107360
2024-04-23T10:14:40.300 INFO:teuthology.orchestra.run.smithi102.stdout:/usr/bin/ceph: stderr
2024-04-23T10:14:39.550+0000 7f46eaffd700 1 -- 172.21.15.102:0/862836091 <== mon.0 v2:172.21.15.102:3300/0 2 ==== config(26 keys) ==== 1070+0+0 (secure 0 0 0) 0x7f46dc004300 con 0x7f46ec107360
2024-04-23T10:14:40.300 INFO:teuthology.orchestra.run.smithi102.stdout:/usr/bin/ceph: stderr
2024-04-23T10:14:39.550+0000 7f46eaffd700 1 -- 172.21.15.102:0/862836091 <== mon.0 v2:172.21.15.102:3300/0 3 ==== mon_map magic: 0 ==== 205+0+0 (secure 0 0 0) 0x7f46dc011af0 con 0x7f46ec107360
2024-04-23T10:14:40.300 INFO:teuthology.orchestra.run.smithi102.stdout:/usr/bin/ceph: stderr
2024-04-23T10:14:39.550+0000 7f46f288a700 1 -- 172.21.15.102:0/862836091 >> [v2:172.21.15.102:3300/0,v1:172.21.15.102:6789/0] conn(0x7f46ec107360 msgr2=0x7f46ec107780 secure :-1 s=STATE_CONNECTION_ESTABLISHED l=1).mark_down
2024-04-23T10:14:40.301 INFO:teuthology.orchestra.run.smithi102.stdout:/usr/bin/ceph: stderr
2024-04-23T10:14:39.550+0000 7f46f288a700 1 --2- 172.21.15.102:0/862836091 >> [v2:172.21.15.102:3300/0,v1:172.21.15.102:6789/0] conn(0x7f46ec107360 0x7f46ec107780 secure :-1 s=READY pgs=43 cs=0 l=1 rev1=1 crypto rx=0x7f46dc0098a0 tx=0x7f46dc009bb0 comp rx=0 tx=0).stop
2024-04-23T10:14:40.301 INFO:teuthology.orchestra.run.smithi102.stdout:/usr/bin/ceph: stderr
2024-04-23T10:14:39.550+0000 7f46f288a700 1 -- 172.21.15.102:0/862836091 shutdown_connections
2024-04-23T10:14:40.301 INFO:teuthology.orchestra.run.smithi102.stdout:/usr/bin/ceph: stderr
2024-04-23T10:14:39.550+0000 7f46f288a700 1 --2- 172.21.15.102:0/862836091 >> [v2:172.21.15.102:3300/0,v1:172.21.15.102:6789/0] conn(0x7f46ec107360 0x7f46ec107780 unknown :-1 s=CLOSED pgs=43 cs=0 l=1 rev1=1 crypto rx=0 tx=0 comp rx=0 tx=0).stop
2024-04-23T10:14:40.301 INFO:teuthology.orchestra.run.smithi102.stdout:/usr/bin/ceph: stderr
2024-04-23T10:14:39.550+0000 7f46f288a700 1 -- 172.21.15.102:0/862836091 >> 172.21.15.102:0/862836091 conn(0x7f46ec102920 msgr2=0x7f46ec104d40 unknown :-1 s=STATE_NONE l=0).mark_down
2024-04-23T10:14:40.301 INFO:teuthology.orchestra.run.smithi102.stdout:/usr/bin/ceph: stderr
2024-04-23T10:14:39.550+0000 7f46f288a700 1 -- 172.21.15.102:0/862836091 shutdown_connections
2024-04-23T10:14:40.301 INFO:teuthology.orchestra.run.smithi102.stdout:/usr/bin/ceph: stderr
2024-04-23T10:14:39.551+0000 7f46f288a700 1 -- 172.21.15.102:0/862836091 wait complete.
2024-04-23T10:14:40.301 INFO:teuthology.orchestra.run.smithi102.stdout:/usr/bin/ceph: stderr
2024-04-23T10:14:39.551+0000 7f46f288a700 1 Processor -- start
2024-04-23T10:14:40.301 INFO:teuthology.orchestra.run.smithi102.stdout:/usr/bin/ceph: stderr
2024-04-23T10:14:39.551+0000 7f46f288a700 1 -- start start
2024-04-23T10:14:40.301 INFO:teuthology.orchestra.run.smithi102.stdout:/usr/bin/ceph: stderr
2024-04-23T10:14:39.551+0000 7f46f288a700 1 --2- >> [v2:172.21.15.102:3300/0,v1:172.21.15.102:6789/0] conn(0x7f46ec107360 0x7f46ec19b320 unknown :-1 s=NONE pgs=0 cs=0 l=1 rev1=0 crypto rx=0 tx=0 comp rx=0 tx=0).connect
2024-04-23T10:14:40.301 INFO:teuthology.orchestra.run.smithi102.stdout:/usr/bin/ceph: stderr
2024-04-23T10:14:39.551+0000 7f46f288a700 1 -- --> [v2:172.21.15.102:3300/0,v1:172.21.15.102:6789/0] -- mon_getmap magic: 0 -- 0x7f46ec10b910 con 0x7f46ec107360
2024-04-23T10:14:40.301 INFO:teuthology.orchestra.run.smithi102.stdout:/usr/bin/ceph: stderr
2024-04-23T10:14:39.551+0000 7f46ebfff700 1 --2- >> [v2:172.21.15.102:3300/0,v1:172.21.15.102:6789/0] conn(0x7f46ec107360 0x7f46ec19b320 unknown :-1 s=BANNER_CONNECTING pgs=0 cs=0 l=1 rev1=0 crypto rx=0 tx=0 comp rx=0 tx=0)._handle_peer_banner_payload supported=3 required=0
2024-04-23T10:14:40.301 INFO:teuthology.orchestra.run.smithi102.stdout:/usr/bin/ceph: stderr
2024-04-23T10:14:39.552+0000 7f46ebfff700 1 --2- >> [v2:172.21.15.102:3300/0,v1:172.21.15.102:6789/0] conn(0x7f46ec107360 0x7f46ec19b320 unknown :-1 s=HELLO_CONNECTING pgs=0 cs=0 l=1 rev1=1 crypto rx=0 tx=0 comp rx=0 tx=0).handle_hello peer v2:172.21.15.102:3300/0 says I am v2:172.21.15.102:53134/0 (socket says 172.21.15.102:53134)
2024-04-23T10:14:40.301 INFO:teuthology.orchestra.run.smithi102.stdout:/usr/bin/ceph: stderr
2024-04-23T10:14:39.552+0000 7f46ebfff700 1 -- 172.21.15.102:0/1019699830 learned_addr learned my addr 172.21.15.102:0/1019699830 (peer_addr_for_me v2:172.21.15.102:0/0)
2024-04-23T10:14:40.301 INFO:teuthology.orchestra.run.smithi102.stdout:/usr/bin/ceph: stderr
2024-04-23T10:14:39.552+0000 7f46ebfff700 1 -- 172.21.15.102:0/1019699830 --> [v2:172.21.15.102:3300/0,v1:172.21.15.102:6789/0] -- mon_subscribe({config=0+,monmap=0+}) -- 0x7f46ec19b860 con 0x7f46ec107360
2024-04-23T10:14:40.302 INFO:teuthology.orchestra.run.smithi102.stdout:/usr/bin/ceph: stderr
2024-04-23T10:14:39.552+0000 7f46ebfff700 1 --2- 172.21.15.102:0/1019699830 >> [v2:172.21.15.102:3300/0,v1:172.21.15.102:6789/0] conn(0x7f46ec107360 0x7f46ec19b320 secure :-1 s=READY pgs=44 cs=0 l=1 rev1=1 crypto rx=0x7f46dc0117b0 tx=0x7f46dc011b70 comp rx=0 tx=0).ready entity=mon.0 client_cookie=0 server_cookie=0 in_seq=0 out_seq=0
2024-04-23T10:14:40.302 INFO:teuthology.orchestra.run.smithi102.stdout:/usr/bin/ceph: stderr
2024-04-23T10:14:39.552+0000 7f46e97fa700 1 -- 172.21.15.102:0/1019699830 <== mon.0 v2:172.21.15.102:3300/0 1 ==== mon_map magic: 0 ==== 205+0+0 (secure 0 0 0) 0x7f46dc003af0 con 0x7f46ec107360
2024-04-23T10:14:40.302 INFO:teuthology.orchestra.run.smithi102.stdout:/usr/bin/ceph: stderr
2024-04-23T10:14:39.552+0000 7f46e97fa700 1 -- 172.21.15.102:0/1019699830 <== mon.0 v2:172.21.15.102:3300/0 2 ==== config(26 keys) ==== 1070+0+0 (secure 0 0 0) 0x7f46dc020070 con 0x7f46ec107360
2024-04-23T10:14:40.302 INFO:teuthology.orchestra.run.smithi102.stdout:/usr/bin/ceph: stderr
2024-04-23T10:14:39.552+0000 7f46f288a700 1 -- 172.21.15.102:0/1019699830 --> [v2:172.21.15.102:3300/0,v1:172.21.15.102:6789/0] -- mon_subscribe({mgrmap=0+}) -- 0x7f46ec19baf0 con 0x7f46ec107360
2024-04-23T10:14:40.302 INFO:teuthology.orchestra.run.smithi102.stdout:/usr/bin/ceph: stderr
2024-04-23T10:14:39.552+0000 7f46e97fa700 1 -- 172.21.15.102:0/1019699830 <== mon.0 v2:172.21.15.102:3300/0 3 ==== mon_map magic: 0 ==== 205+0+0 (secure 0 0 0) 0x7f46dc019630 con 0x7f46ec107360
2024-04-23T10:14:40.302 INFO:teuthology.orchestra.run.smithi102.stdout:/usr/bin/ceph: stderr
2024-04-23T10:14:39.552+0000 7f46f288a700 1 -- 172.21.15.102:0/1019699830 --> [v2:172.21.15.102:3300/0,v1:172.21.15.102:6789/0] -- mon_subscribe({osdmap=0}) -- 0x7f46ec19e7e0 con 0x7f46ec107360
2024-04-23T10:14:40.302 INFO:teuthology.orchestra.run.smithi102.stdout:/usr/bin/ceph: stderr
2024-04-23T10:14:39.553+0000 7f46e97fa700 1 -- 172.21.15.102:0/1019699830 <== mon.0 v2:172.21.15.102:3300/0 4 ==== mgrmap(e 8) ==== 46558+0+0 (secure 0 0 0) 0x7f46dc01a430 con 0x7f46ec107360
2024-04-23T10:14:40.302 INFO:teuthology.orchestra.run.smithi102.stdout:/usr/bin/ceph: stderr
2024-04-23T10:14:39.553+0000 7f46f288a700 1 -- 172.21.15.102:0/1019699830 --> [v2:172.21.15.102:3300/0,v1:172.21.15.102:6789/0] -- mon_command({"prefix": "get_command_descriptions"} v 0) -- 0x7f46ec0640a0 con 0x7f46ec107360
2024-04-23T10:14:40.302 INFO:teuthology.orchestra.run.smithi102.stdout:/usr/bin/ceph: stderr
2024-04-23T10:14:39.553+0000 7f46e97fa700 1 --2- 172.21.15.102:0/1019699830 >> [v2:172.21.15.102:6800/3379187038,v1:172.21.15.102:6801/3379187038] conn(0x7f46d40395b0 0x7f46d403ba70 unknown :-1 s=NONE pgs=0 cs=0 l=1 rev1=0 crypto rx=0 tx=0 comp rx=0 tx=0).connect
2024-04-23T10:14:40.302 INFO:teuthology.orchestra.run.smithi102.stdout:/usr/bin/ceph: stderr
2024-04-23T10:14:39.553+0000 7f46e97fa700 1 -- 172.21.15.102:0/1019699830 <== mon.0 v2:172.21.15.102:3300/0 5 ==== osd_map(2..2 src has 1..2) ==== 940+0+0 (secure 0 0 0) 0x7f46dc04dc00 con 0x7f46ec107360
2024-04-23T10:14:40.302 INFO:teuthology.orchestra.run.smithi102.stdout:/usr/bin/ceph: stderr
2024-04-23T10:14:39.553+0000 7f46eb7fe700 1 --2- 172.21.15.102:0/1019699830 >> [v2:172.21.15.102:6800/3379187038,v1:172.21.15.102:6801/3379187038] conn(0x7f46d40395b0 0x7f46d403ba70 unknown :-1 s=BANNER_CONNECTING pgs=0 cs=0 l=1 rev1=0 crypto rx=0 tx=0 comp rx=0 tx=0)._handle_peer_banner_payload supported=3 required=0
2024-04-23T10:14:40.302 INFO:teuthology.orchestra.run.smithi102.stdout:/usr/bin/ceph: stderr
2024-04-23T10:14:39.554+0000 7f46eb7fe700 1 --2- 172.21.15.102:0/1019699830 >> [v2:172.21.15.102:6800/3379187038,v1:172.21.15.102:6801/3379187038] conn(0x7f46d40395b0 0x7f46d403ba70 secure :-1 s=READY pgs=10 cs=0 l=1 rev1=1 crypto rx=0x7f46e0006fd0 tx=0x7f46e0006e40 comp rx=0 tx=0).ready entity=mgr.14120 client_cookie=0 server_cookie=0 in_seq=0 out_seq=0
2024-04-23T10:14:40.302 INFO:teuthology.orchestra.run.smithi102.stdout:/usr/bin/ceph: stderr
2024-04-23T10:14:39.558+0000 7f46e97fa700 1 -- 172.21.15.102:0/1019699830 <== mon.0 v2:172.21.15.102:3300/0 6 ==== mon_command_ack([{"prefix": "get_command_descriptions"}]=0 v0) ==== 72+0+188370 (secure 0 0 0) 0x7f46dc02b260 con 0x7f46ec107360
2024-04-23T10:14:40.302 INFO:teuthology.orchestra.run.smithi102.stdout:/usr/bin/ceph: stderr
2024-04-23T10:14:39.757+0000 7f46f288a700 1 -- 172.21.15.102:0/1019699830 --> [v2:172.21.15.102:6800/3379187038,v1:172.21.15.102:6801/3379187038] -- mgr_command(tid 0: {"prefix": "cephadm get-pub-key", "target": ["mon-mgr", ""]}) -- 0x7f46ec103be0 con 0x7f46d40395b0
2024-04-23T10:14:40.302 INFO:teuthology.orchestra.run.smithi102.stdout:/usr/bin/ceph: stderr
2024-04-23T10:14:39.758+0000 7f46e97fa700 1 -- 172.21.15.102:0/1019699830 <== mgr.14120 v2:172.21.15.102:6800/3379187038 1 ==== mgr_command_reply(tid 0: 0 ) ==== 8+0+595 (secure 0 0 0) 0x7f46ec103be0 con 0x7f46d40395b0
2024-04-23T10:14:40.302 INFO:teuthology.orchestra.run.smithi102.stdout:/usr/bin/ceph: stderr
2024-04-23T10:14:39.760+0000 7f46f288a700 1 -- 172.21.15.102:0/1019699830 >> [v2:172.21.15.102:6800/3379187038,v1:172.21.15.102:6801/3379187038] conn(0x7f46d40395b0 msgr2=0x7f46d403ba70 secure :-1 s=STATE_CONNECTION_ESTABLISHED l=1).mark_down
2024-04-23T10:14:40.303 INFO:teuthology.orchestra.run.smithi102.stdout:/usr/bin/ceph: stderr
2024-04-23T10:14:39.760+0000 7f46f288a700 1 --2- 172.21.15.102:0/1019699830 >> [v2:172.21.15.102:6800/3379187038,v1:172.21.15.102:6801/3379187038] conn(0x7f46d40395b0 0x7f46d403ba70 secure :-1 s=READY pgs=10 cs=0 l=1 rev1=1 crypto rx=0x7f46e0006fd0 tx=0x7f46e0006e40 comp rx=0 tx=0).stop
2024-04-23T10:14:40.303 INFO:teuthology.orchestra.run.smithi102.stdout:/usr/bin/ceph: stderr
2024-04-23T10:14:39.760+0000 7f46f288a700 1 -- 172.21.15.102:0/1019699830 >> [v2:172.21.15.102:3300/0,v1:172.21.15.102:6789/0] conn(0x7f46ec107360 msgr2=0x7f46ec19b320 secure :-1 s=STATE_CONNECTION_ESTABLISHED l=1).mark_down
2024-04-23T10:14:40.303 INFO:teuthology.orchestra.run.smithi102.stdout:/usr/bin/ceph: stderr
2024-04-23T10:14:39.760+0000 7f46f288a700 1 --2- 172.21.15.102:0/1019699830 >> [v2:172.21.15.102:3300/0,v1:172.21.15.102:6789/0] conn(0x7f46ec107360 0x7f46ec19b320 secure :-1 s=READY pgs=44 cs=0 l=1 rev1=1 crypto rx=0x7f46dc0117b0 tx=0x7f46dc011b70 comp rx=0 tx=0).stop
2024-04-23T10:14:40.303 INFO:teuthology.orchestra.run.smithi102.stdout:/usr/bin/ceph: stderr
2024-04-23T10:14:39.760+0000 7f46f288a700 1 -- 172.21.15.102:0/1019699830 shutdown_connections
2024-04-23T10:14:40.303 INFO:teuthology.orchestra.run.smithi102.stdout:/usr/bin/ceph: stderr
2024-04-23T10:14:39.760+0000 7f46f288a700 1 --2- 172.21.15.102:0/1019699830 >> [v2:172.21.15.102:6800/3379187038,v1:172.21.15.102:6801/3379187038] conn(0x7f46d40395b0 0x7f46d403ba70 unknown :-1 s=CLOSED pgs=10 cs=0 l=1 rev1=1 crypto rx=0 tx=0 comp rx=0 tx=0).stop
2024-04-23T10:14:40.303 INFO:teuthology.orchestra.run.smithi102.stdout:/usr/bin/ceph: stderr
2024-04-23T10:14:39.760+0000 7f46f288a700 1 --2- 172.21.15.102:0/1019699830 >> [v2:172.21.15.102:3300/0,v1:172.21.15.102:6789/0] conn(0x7f46ec107360 0x7f46ec19b320 unknown :-1 s=CLOSED pgs=44 cs=0 l=1 rev1=1 crypto rx=0 tx=0 comp rx=0 tx=0).stop
2024-04-23T10:14:40.303 INFO:teuthology.orchestra.run.smithi102.stdout:/usr/bin/ceph: stderr
2024-04-23T10:14:39.760+0000 7f46f288a700 1 -- 172.21.15.102:0/1019699830 >> 172.21.15.102:0/1019699830 conn(0x7f46ec102920 msgr2=0x7f46ec1034d0 unknown :-1 s=STATE_NONE l=0).mark_down
2024-04-23T10:14:40.303 INFO:teuthology.orchestra.run.smithi102.stdout:/usr/bin/ceph: stderr
2024-04-23T10:14:39.760+0000 7f46f288a700 1 -- 172.21.15.102:0/1019699830 shutdown_connections
2024-04-23T10:14:40.303 INFO:teuthology.orchestra.run.smithi102.stdout:/usr/bin/ceph: stderr
2024-04-23T10:14:39.760+0000 7f46f288a700 1 -- 172.21.15.102:0/1019699830 wait complete.
2024-04-23T10:14:40.303 INFO:teuthology.orchestra.run.smithi102.stdout:Wrote public SSH key to /home/ubuntu/cephtest/ceph.pub
2024-04-23T10:14:40.303 INFO:teuthology.orchestra.run.smithi102.stdout:Adding key to root@localhost authorized_keys...
2024-04-23T10:14:40.303 INFO:teuthology.orchestra.run.smithi102.stdout:Adding host smithi102...
2024-04-23T10:14:40.874 INFO:journalctl@ceph.mon.a.smithi102.stdout:Apr 23 10:14:40 smithi102 ceph-mon[29217]: from='client.14138 -' entity='client.admin' cmd=[{"prefix": "cephadm get-pub-key", "target": ["mon-mgr", ""]}]: dispatch
2024-04-23T10:14:41.767 INFO:journalctl@ceph.mon.a.smithi102.stdout:Apr 23 10:14:41 smithi102 ceph-mon[29217]: from='client.14140 -' entity='client.admin' cmd=[{"prefix": "orch host add", "hostname": "smithi102", "addr": "172.21.15.102", "target": ["mon-mgr", ""]}]: dispatch
2024-04-23T10:14:42.874 INFO:journalctl@ceph.mon.a.smithi102.stdout:Apr 23 10:14:42 smithi102 ceph-mon[29217]: Deploying cephadm binary to smithi102
2024-04-23T10:14:45.600 INFO:teuthology.orchestra.run.smithi102.stdout:/usr/bin/ceph: stdout Added host 'smithi102' with addr '172.21.15.102'
2024-04-23T10:14:45.600 INFO:teuthology.orchestra.run.smithi102.stdout:/usr/bin/ceph: stderr
2024-04-23T10:14:40.697+0000 7eff93263700 1 Processor -- start
2024-04-23T10:14:45.600 INFO:teuthology.orchestra.run.smithi102.stdout:/usr/bin/ceph: stderr
2024-04-23T10:14:40.697+0000 7eff93263700 1 -- start start
2024-04-23T10:14:45.600 INFO:teuthology.orchestra.run.smithi102.stdout:/usr/bin/ceph: stderr
2024-04-23T10:14:40.697+0000 7eff93263700 1 --2- >> [v2:172.21.15.102:3300/0,v1:172.21.15.102:6789/0] conn(0x7eff8c1088f0 0x7eff8c108d10 unknown :-1 s=NONE pgs=0 cs=0 l=0 rev1=0 crypto rx=0 tx=0 comp rx=0 tx=0).connect
2024-04-23T10:14:45.600 INFO:teuthology.orchestra.run.smithi102.stdout:/usr/bin/ceph: stderr
2024-04-23T10:14:40.697+0000 7eff93263700 1 -- --> [v2:172.21.15.102:3300/0,v1:172.21.15.102:6789/0] -- mon_getmap magic: 0 -- 0x7eff8c1092e0 con 0x7eff8c1088f0
2024-04-23T10:14:45.601 INFO:teuthology.orchestra.run.smithi102.stdout:/usr/bin/ceph: stderr
2024-04-23T10:14:40.697+0000 7eff90fff700 1 --2- >> [v2:172.21.15.102:3300/0,v1:172.21.15.102:6789/0] conn(0x7eff8c1088f0 0x7eff8c108d10 unknown :-1 s=BANNER_CONNECTING pgs=0 cs=0 l=0 rev1=0 crypto rx=0 tx=0 comp rx=0 tx=0)._handle_peer_banner_payload supported=3 required=0
2024-04-23T10:14:45.601 INFO:teuthology.orchestra.run.smithi102.stdout:/usr/bin/ceph: stderr
2024-04-23T10:14:40.697+0000 7eff90fff700 1 --2- >> [v2:172.21.15.102:3300/0,v1:172.21.15.102:6789/0] conn(0x7eff8c1088f0 0x7eff8c108d10 unknown :-1 s=HELLO_CONNECTING pgs=0 cs=0 l=0 rev1=1 crypto rx=0 tx=0 comp rx=0 tx=0).handle_hello peer v2:172.21.15.102:3300/0 says I am v2:172.21.15.102:53142/0 (socket says 172.21.15.102:53142)
2024-04-23T10:14:45.601 INFO:teuthology.orchestra.run.smithi102.stdout:/usr/bin/ceph: stderr
2024-04-23T10:14:40.697+0000 7eff90fff700 1 -- 172.21.15.102:0/3877006461 learned_addr learned my addr 172.21.15.102:0/3877006461 (peer_addr_for_me v2:172.21.15.102:0/0)
2024-04-23T10:14:45.601 INFO:teuthology.orchestra.run.smithi102.stdout:/usr/bin/ceph: stderr
2024-04-23T10:14:40.698+0000 7eff90fff700 1 -- 172.21.15.102:0/3877006461 --> [v2:172.21.15.102:3300/0,v1:172.21.15.102:6789/0] -- mon_subscribe({config=0+,monmap=0+}) -- 0x7eff8c107500 con 0x7eff8c1088f0
2024-04-23T10:14:45.601 INFO:teuthology.orchestra.run.smithi102.stdout:/usr/bin/ceph: stderr
2024-04-23T10:14:40.698+0000 7eff90fff700 1 --2- 172.21.15.102:0/3877006461 >> [v2:172.21.15.102:3300/0,v1:172.21.15.102:6789/0] conn(0x7eff8c1088f0 0x7eff8c108d10 secure :-1 s=READY pgs=45 cs=0 l=1 rev1=1 crypto rx=0x7eff800098a0 tx=0x7eff80009bb0 comp rx=0 tx=0).ready entity=mon.0 client_cookie=e14d3688233d148d server_cookie=0 in_seq=0 out_seq=0
2024-04-23T10:14:45.601 INFO:teuthology.orchestra.run.smithi102.stdout:/usr/bin/ceph: stderr
2024-04-23T10:14:40.698+0000 7eff8b7fe700 1 -- 172.21.15.102:0/3877006461 <== mon.0 v2:172.21.15.102:3300/0 1 ==== mon_map magic: 0 ==== 205+0+0 (secure 0 0 0) 0x7eff80004160 con 0x7eff8c1088f0
2024-04-23T10:14:45.601 INFO:teuthology.orchestra.run.smithi102.stdout:/usr/bin/ceph: stderr
2024-04-23T10:14:40.698+0000 7eff8b7fe700 1 -- 172.21.15.102:0/3877006461 <== mon.0 v2:172.21.15.102:3300/0 2 ==== config(26 keys) ==== 1070+0+0 (secure 0 0 0) 0x7eff80004300 con 0x7eff8c1088f0
2024-04-23T10:14:45.601 INFO:teuthology.orchestra.run.smithi102.stdout:/usr/bin/ceph: stderr
2024-04-23T10:14:40.698+0000 7eff8b7fe700 1 -- 172.21.15.102:0/3877006461 <== mon.0 v2:172.21.15.102:3300/0 3 ==== mon_map magic: 0 ==== 205+0+0 (secure 0 0 0) 0x7eff80011af0 con 0x7eff8c1088f0
2024-04-23T10:14:45.601 INFO:teuthology.orchestra.run.smithi102.stdout:/usr/bin/ceph: stderr
2024-04-23T10:14:40.699+0000 7eff93263700 1 -- 172.21.15.102:0/3877006461 >> [v2:172.21.15.102:3300/0,v1:172.21.15.102:6789/0] conn(0x7eff8c1088f0 msgr2=0x7eff8c108d10 secure :-1 s=STATE_CONNECTION_ESTABLISHED l=1).mark_down
2024-04-23T10:14:45.601 INFO:teuthology.orchestra.run.smithi102.stdout:/usr/bin/ceph: stderr
2024-04-23T10:14:40.699+0000 7eff93263700 1 --2- 172.21.15.102:0/3877006461 >> [v2:172.21.15.102:3300/0,v1:172.21.15.102:6789/0] conn(0x7eff8c1088f0 0x7eff8c108d10 secure :-1 s=READY pgs=45 cs=0 l=1 rev1=1 crypto rx=0x7eff800098a0 tx=0x7eff80009bb0 comp rx=0 tx=0).stop
2024-04-23T10:14:45.601 INFO:teuthology.orchestra.run.smithi102.stdout:/usr/bin/ceph: stderr
2024-04-23T10:14:40.699+0000 7eff93263700 1 -- 172.21.15.102:0/3877006461 shutdown_connections
2024-04-23T10:14:45.601 INFO:teuthology.orchestra.run.smithi102.stdout:/usr/bin/ceph: stderr
2024-04-23T10:14:40.699+0000 7eff93263700 1 --2- 172.21.15.102:0/3877006461 >> [v2:172.21.15.102:3300/0,v1:172.21.15.102:6789/0] conn(0x7eff8c1088f0 0x7eff8c108d10 unknown :-1 s=CLOSED pgs=45 cs=0 l=1 rev1=1 crypto rx=0 tx=0 comp rx=0 tx=0).stop
2024-04-23T10:14:45.601 INFO:teuthology.orchestra.run.smithi102.stdout:/usr/bin/ceph: stderr
2024-04-23T10:14:40.699+0000 7eff93263700 1 -- 172.21.15.102:0/3877006461 >> 172.21.15.102:0/3877006461 conn(0x7eff8c102030 msgr2=0x7eff8c104470 unknown :-1 s=STATE_NONE l=0).mark_down
2024-04-23T10:14:45.601 INFO:teuthology.orchestra.run.smithi102.stdout:/usr/bin/ceph: stderr
2024-04-23T10:14:40.699+0000 7eff93263700 1 -- 172.21.15.102:0/3877006461 shutdown_connections
2024-04-23T10:14:45.602 INFO:teuthology.orchestra.run.smithi102.stdout:/usr/bin/ceph: stderr
2024-04-23T10:14:40.699+0000 7eff93263700 1 -- 172.21.15.102:0/3877006461 wait complete.
2024-04-23T10:14:45.602 INFO:teuthology.orchestra.run.smithi102.stdout:/usr/bin/ceph: stderr
2024-04-23T10:14:40.699+0000 7eff93263700 1 Processor -- start
2024-04-23T10:14:45.602 INFO:teuthology.orchestra.run.smithi102.stdout:/usr/bin/ceph: stderr
2024-04-23T10:14:40.699+0000 7eff93263700 1 -- start start
2024-04-23T10:14:45.602 INFO:teuthology.orchestra.run.smithi102.stdout:/usr/bin/ceph: stderr
2024-04-23T10:14:40.699+0000 7eff93263700 1 --2- >> [v2:172.21.15.102:3300/0,v1:172.21.15.102:6789/0] conn(0x7eff8c1088f0 0x7eff8c19a1b0 unknown :-1 s=NONE pgs=0 cs=0 l=1 rev1=0 crypto rx=0 tx=0 comp rx=0 tx=0).connect
2024-04-23T10:14:45.602 INFO:teuthology.orchestra.run.smithi102.stdout:/usr/bin/ceph: stderr
2024-04-23T10:14:40.699+0000 7eff93263700 1 -- --> [v2:172.21.15.102:3300/0,v1:172.21.15.102:6789/0] -- mon_getmap magic: 0 -- 0x7eff8c1063f0 con 0x7eff8c1088f0
2024-04-23T10:14:45.602 INFO:teuthology.orchestra.run.smithi102.stdout:/usr/bin/ceph: stderr
2024-04-23T10:14:40.700+0000 7eff90fff700 1 --2- >> [v2:172.21.15.102:3300/0,v1:172.21.15.102:6789/0] conn(0x7eff8c1088f0 0x7eff8c19a1b0 unknown :-1 s=BANNER_CONNECTING pgs=0 cs=0 l=1 rev1=0 crypto rx=0 tx=0 comp rx=0 tx=0)._handle_peer_banner_payload supported=3 required=0
2024-04-23T10:14:45.602 INFO:teuthology.orchestra.run.smithi102.stdout:/usr/bin/ceph: stderr
2024-04-23T10:14:40.700+0000 7eff90fff700 1 --2- >> [v2:172.21.15.102:3300/0,v1:172.21.15.102:6789/0] conn(0x7eff8c1088f0 0x7eff8c19a1b0 unknown :-1 s=HELLO_CONNECTING pgs=0 cs=0 l=1 rev1=1 crypto rx=0 tx=0 comp rx=0 tx=0).handle_hello peer v2:172.21.15.102:3300/0 says I am v2:172.21.15.102:53148/0 (socket says 172.21.15.102:53148)
2024-04-23T10:14:45.602 INFO:teuthology.orchestra.run.smithi102.stdout:/usr/bin/ceph: stderr
2024-04-23T10:14:40.700+0000 7eff90fff700 1 -- 172.21.15.102:0/56791011 learned_addr learned my addr 172.21.15.102:0/56791011 (peer_addr_for_me v2:172.21.15.102:0/0)
2024-04-23T10:14:45.602 INFO:teuthology.orchestra.run.smithi102.stdout:/usr/bin/ceph: stderr
2024-04-23T10:14:40.700+0000 7eff90fff700 1 -- 172.21.15.102:0/56791011 --> [v2:172.21.15.102:3300/0,v1:172.21.15.102:6789/0] -- mon_subscribe({config=0+,monmap=0+}) -- 0x7eff8c19a6f0 con 0x7eff8c1088f0
2024-04-23T10:14:45.602 INFO:teuthology.orchestra.run.smithi102.stdout:/usr/bin/ceph: stderr
2024-04-23T10:14:40.700+0000 7eff90fff700 1 --2- 172.21.15.102:0/56791011 >> [v2:172.21.15.102:3300/0,v1:172.21.15.102:6789/0] conn(0x7eff8c1088f0 0x7eff8c19a1b0 secure :-1 s=READY pgs=46 cs=0 l=1 rev1=1 crypto rx=0x7eff80009fb0 tx=0x7eff80011940 comp rx=0 tx=0).ready entity=mon.0 client_cookie=0 server_cookie=0 in_seq=0 out_seq=0
2024-04-23T10:14:45.602 INFO:teuthology.orchestra.run.smithi102.stdout:/usr/bin/ceph: stderr
2024-04-23T10:14:40.700+0000 7eff89ffb700 1 -- 172.21.15.102:0/56791011 <== mon.0 v2:172.21.15.102:3300/0 1 ==== mon_map magic: 0 ==== 205+0+0 (secure 0 0 0) 0x7eff800036a0 con 0x7eff8c1088f0
2024-04-23T10:14:45.602 INFO:teuthology.orchestra.run.smithi102.stdout:/usr/bin/ceph: stderr
2024-04-23T10:14:40.700+0000 7eff89ffb700 1 -- 172.21.15.102:0/56791011 <== mon.0 v2:172.21.15.102:3300/0 2 ==== config(26 keys) ==== 1070+0+0 (secure 0 0 0) 0x7eff8001a430 con 0x7eff8c1088f0
2024-04-23T10:14:45.602 INFO:teuthology.orchestra.run.smithi102.stdout:/usr/bin/ceph: stderr
2024-04-23T10:14:40.700+0000 7eff93263700 1 -- 172.21.15.102:0/56791011 --> [v2:172.21.15.102:3300/0,v1:172.21.15.102:6789/0] -- mon_subscribe({mgrmap=0+}) -- 0x7eff8c19a980 con 0x7eff8c1088f0
2024-04-23T10:14:45.602 INFO:teuthology.orchestra.run.smithi102.stdout:/usr/bin/ceph: stderr
2024-04-23T10:14:40.700+0000 7eff89ffb700 1 -- 172.21.15.102:0/56791011 <== mon.0 v2:172.21.15.102:3300/0 3 ==== mon_map magic: 0 ==== 205+0+0 (secure 0 0 0) 0x7eff80019550 con 0x7eff8c1088f0
2024-04-23T10:14:45.603 INFO:teuthology.orchestra.run.smithi102.stdout:/usr/bin/ceph: stderr
2024-04-23T10:14:40.700+0000 7eff93263700 1 -- 172.21.15.102:0/56791011 --> [v2:172.21.15.102:3300/0,v1:172.21.15.102:6789/0] -- mon_subscribe({osdmap=0}) -- 0x7eff8c19d670 con 0x7eff8c1088f0
2024-04-23T10:14:45.603 INFO:teuthology.orchestra.run.smithi102.stdout:/usr/bin/ceph: stderr
2024-04-23T10:14:40.701+0000 7eff89ffb700 1 -- 172.21.15.102:0/56791011 <== mon.0 v2:172.21.15.102:3300/0 4 ==== mgrmap(e 8) ==== 46558+0+0 (secure 0 0 0) 0x7eff80019800 con 0x7eff8c1088f0
2024-04-23T10:14:45.603 INFO:teuthology.orchestra.run.smithi102.stdout:/usr/bin/ceph: stderr
2024-04-23T10:14:40.701+0000 7eff89ffb700 1 --2- 172.21.15.102:0/56791011 >> [v2:172.21.15.102:6800/3379187038,v1:172.21.15.102:6801/3379187038] conn(0x7eff7c03b7d0 0x7eff7c03dc90 unknown :-1 s=NONE pgs=0 cs=0 l=1 rev1=0 crypto rx=0 tx=0 comp rx=0 tx=0).connect
2024-04-23T10:14:45.603 INFO:teuthology.orchestra.run.smithi102.stdout:/usr/bin/ceph: stderr
2024-04-23T10:14:40.701+0000 7eff89ffb700 1 -- 172.21.15.102:0/56791011 <== mon.0 v2:172.21.15.102:3300/0 5 ==== osd_map(2..2 src has 1..2) ==== 940+0+0 (secure 0 0 0) 0x7eff8004e860 con 0x7eff8c1088f0
2024-04-23T10:14:45.603 INFO:teuthology.orchestra.run.smithi102.stdout:/usr/bin/ceph: stderr
2024-04-23T10:14:40.701+0000 7eff8bfff700 1 --2- 172.21.15.102:0/56791011 >> [v2:172.21.15.102:6800/3379187038,v1:172.21.15.102:6801/3379187038] conn(0x7eff7c03b7d0 0x7eff7c03dc90 unknown :-1 s=BANNER_CONNECTING pgs=0 cs=0 l=1 rev1=0 crypto rx=0 tx=0 comp rx=0 tx=0)._handle_peer_banner_payload supported=3 required=0
2024-04-23T10:14:45.603 INFO:teuthology.orchestra.run.smithi102.stdout:/usr/bin/ceph: stderr
2024-04-23T10:14:40.702+0000 7eff93263700 1 -- 172.21.15.102:0/56791011 --> [v2:172.21.15.102:3300/0,v1:172.21.15.102:6789/0] -- mon_command({"prefix": "get_command_descriptions"} v 0) -- 0x7eff8c0640a0 con 0x7eff8c1088f0
2024-04-23T10:14:45.603 INFO:teuthology.orchestra.run.smithi102.stdout:/usr/bin/ceph: stderr
2024-04-23T10:14:40.702+0000 7eff8bfff700 1 --2- 172.21.15.102:0/56791011 >> [v2:172.21.15.102:6800/3379187038,v1:172.21.15.102:6801/3379187038] conn(0x7eff7c03b7d0 0x7eff7c03dc90 secure :-1 s=READY pgs=11 cs=0 l=1 rev1=1 crypto rx=0x7eff78006fd0 tx=0x7eff78006e40 comp rx=0 tx=0).ready entity=mgr.14120 client_cookie=0 server_cookie=0 in_seq=0 out_seq=0
2024-04-23T10:14:45.603 INFO:teuthology.orchestra.run.smithi102.stdout:/usr/bin/ceph: stderr
2024-04-23T10:14:40.707+0000 7eff89ffb700 1 -- 172.21.15.102:0/56791011 <== mon.0 v2:172.21.15.102:3300/0 6 ==== mon_command_ack([{"prefix": "get_command_descriptions"}]=0 v0) ==== 72+0+188370 (secure 0 0 0) 0x7eff80023c90 con 0x7eff8c1088f0
2024-04-23T10:14:45.603 INFO:teuthology.orchestra.run.smithi102.stdout:/usr/bin/ceph: stderr
2024-04-23T10:14:40.913+0000 7eff93263700 1 -- 172.21.15.102:0/56791011 --> [v2:172.21.15.102:6800/3379187038,v1:172.21.15.102:6801/3379187038] -- mgr_command(tid 0: {"prefix": "orch host add", "hostname": "smithi102", "addr": "172.21.15.102", "target": ["mon-mgr", ""]}) -- 0x7eff8c02e220 con 0x7eff7c03b7d0
2024-04-23T10:14:45.603 INFO:teuthology.orchestra.run.smithi102.stdout:/usr/bin/ceph: stderr
2024-04-23T10:14:44.977+0000 7eff89ffb700 1 -- 172.21.15.102:0/56791011 <== mgr.14120 v2:172.21.15.102:6800/3379187038 1 ==== mgr_command_reply(tid 0: 0 ) ==== 8+0+49 (secure 0 0 0) 0x7eff8c02e220 con 0x7eff7c03b7d0
2024-04-23T10:14:45.603 INFO:teuthology.orchestra.run.smithi102.stdout:/usr/bin/ceph: stderr
2024-04-23T10:14:44.979+0000 7eff93263700 1 -- 172.21.15.102:0/56791011 >> [v2:172.21.15.102:6800/3379187038,v1:172.21.15.102:6801/3379187038] conn(0x7eff7c03b7d0 msgr2=0x7eff7c03dc90 secure :-1 s=STATE_CONNECTION_ESTABLISHED l=1).mark_down
2024-04-23T10:14:45.603 INFO:teuthology.orchestra.run.smithi102.stdout:/usr/bin/ceph: stderr
2024-04-23T10:14:44.979+0000 7eff93263700 1 --2- 172.21.15.102:0/56791011 >> [v2:172.21.15.102:6800/3379187038,v1:172.21.15.102:6801/3379187038] conn(0x7eff7c03b7d0 0x7eff7c03dc90 secure :-1 s=READY pgs=11 cs=0 l=1 rev1=1 crypto rx=0x7eff78006fd0 tx=0x7eff78006e40 comp rx=0 tx=0).stop
2024-04-23T10:14:45.603 INFO:teuthology.orchestra.run.smithi102.stdout:/usr/bin/ceph: stderr
2024-04-23T10:14:44.979+0000 7eff93263700 1 -- 172.21.15.102:0/56791011 >> [v2:172.21.15.102:3300/0,v1:172.21.15.102:6789/0] conn(0x7eff8c1088f0 msgr2=0x7eff8c19a1b0 secure :-1 s=STATE_CONNECTION_ESTABLISHED l=1).mark_down
2024-04-23T10:14:45.603 INFO:teuthology.orchestra.run.smithi102.stdout:/usr/bin/ceph: stderr
2024-04-23T10:14:44.979+0000 7eff93263700 1 --2- 172.21.15.102:0/56791011 >> [v2:172.21.15.102:3300/0,v1:172.21.15.102:6789/0] conn(0x7eff8c1088f0 0x7eff8c19a1b0 secure :-1 s=READY pgs=46 cs=0 l=1 rev1=1 crypto rx=0x7eff80009fb0 tx=0x7eff80011940 comp rx=0 tx=0).stop
2024-04-23T10:14:45.603 INFO:teuthology.orchestra.run.smithi102.stdout:/usr/bin/ceph: stderr
2024-04-23T10:14:44.979+0000 7eff93263700 1 -- 172.21.15.102:0/56791011 shutdown_connections
2024-04-23T10:14:45.604 INFO:teuthology.orchestra.run.smithi102.stdout:/usr/bin/ceph: stderr
2024-04-23T10:14:44.979+0000 7eff93263700 1 --2- 172.21.15.102:0/56791011 >> [v2:172.21.15.102:6800/3379187038,v1:172.21.15.102:6801/3379187038] conn(0x7eff7c03b7d0 0x7eff7c03dc90 unknown :-1 s=CLOSED pgs=11 cs=0 l=1 rev1=1 crypto rx=0 tx=0 comp rx=0 tx=0).stop
2024-04-23T10:14:45.604 INFO:teuthology.orchestra.run.smithi102.stdout:/usr/bin/ceph: stderr
2024-04-23T10:14:44.979+0000 7eff93263700 1 --2- 172.21.15.102:0/56791011 >> [v2:172.21.15.102:3300/0,v1:172.21.15.102:6789/0] conn(0x7eff8c1088f0 0x7eff8c19a1b0 unknown :-1 s=CLOSED pgs=46 cs=0 l=1 rev1=1 crypto rx=0 tx=0 comp rx=0 tx=0).stop
2024-04-23T10:14:45.604 INFO:teuthology.orchestra.run.smithi102.stdout:/usr/bin/ceph: stderr
2024-04-23T10:14:44.979+0000 7eff93263700 1 -- 172.21.15.102:0/56791011 >> 172.21.15.102:0/56791011 conn(0x7eff8c102030 msgr2=0x7eff8c190ce0 unknown :-1 s=STATE_NONE l=0).mark_down
2024-04-23T10:14:45.604 INFO:teuthology.orchestra.run.smithi102.stdout:/usr/bin/ceph: stderr
2024-04-23T10:14:44.979+0000 7eff93263700 1 -- 172.21.15.102:0/56791011 shutdown_connections
2024-04-23T10:14:45.604 INFO:teuthology.orchestra.run.smithi102.stdout:/usr/bin/ceph: stderr
2024-04-23T10:14:44.980+0000 7eff93263700 1 -- 172.21.15.102:0/56791011 wait complete.
2024-04-23T10:14:45.604 INFO:teuthology.orchestra.run.smithi102.stdout:Deploying unmanaged mon service...
2024-04-23T10:14:46.124 INFO:journalctl@ceph.mon.a.smithi102.stdout:Apr 23 10:14:45 smithi102 ceph-mon[29217]: from='mgr.14120 172.21.15.102:0/1772531299' entity='mgr.x'
2024-04-23T10:14:46.125 INFO:journalctl@ceph.mon.a.smithi102.stdout:Apr 23 10:14:45 smithi102 ceph-mon[29217]: Added host smithi102
2024-04-23T10:14:46.125 INFO:journalctl@ceph.mon.a.smithi102.stdout:Apr 23 10:14:45 smithi102 ceph-mon[29217]: from='mgr.14120 172.21.15.102:0/1772531299' entity='mgr.x' cmd=[{"prefix": "config dump", "format": "json"}]: dispatch
2024-04-23T10:14:47.034 INFO:teuthology.orchestra.run.smithi102.stdout:/usr/bin/ceph: stdout Scheduled mon update...
2024-04-23T10:14:47.034 INFO:teuthology.orchestra.run.smithi102.stdout:/usr/bin/ceph: stderr
2024-04-23T10:14:46.072+0000 7f7be7897700 1 Processor -- start
2024-04-23T10:14:47.034 INFO:teuthology.orchestra.run.smithi102.stdout:/usr/bin/ceph: stderr
2024-04-23T10:14:46.072+0000 7f7be7897700 1 -- start start
2024-04-23T10:14:47.034 INFO:teuthology.orchestra.run.smithi102.stdout:/usr/bin/ceph: stderr
