2024-04-23T10:14:26.646+0000 7f4ad6ffd700 1 --2- 172.21.15.102:0/894444580 >> [v2:172.21.15.102:3300/0,v1:172.21.15.102:6789/0] conn(0x7f4ad8106710 0x7f4ad8106b30 secure :-1 s=READY pgs=22 cs=0 l=1 rev1=1 crypto rx=0x7f4acc0098a0 tx=0x7f4acc009bb0 comp rx=0 tx=0).ready entity=mon.0 client_cookie=82871d59df1599cd server_cookie=0 in_seq=0 out_seq=0
2024-04-23T10:14:27.587 INFO:teuthology.orchestra.run.smithi102.stdout:/usr/bin/ceph: stderr
2024-04-23T10:14:26.646+0000 7f4ad5ffb700 1 -- 172.21.15.102:0/894444580 <== mon.0 v2:172.21.15.102:3300/0 1 ==== mon_map magic: 0 ==== 205+0+0 (secure 0 0 0) 0x7f4acc004160 con 0x7f4ad8106710
2024-04-23T10:14:27.587 INFO:teuthology.orchestra.run.smithi102.stdout:/usr/bin/ceph: stderr
2024-04-23T10:14:26.647+0000 7f4ad5ffb700 1 -- 172.21.15.102:0/894444580 <== mon.0 v2:172.21.15.102:3300/0 2 ==== config(26 keys) ==== 1070+0+0 (secure 0 0 0) 0x7f4acc004300 con 0x7f4ad8106710
2024-04-23T10:14:27.587 INFO:teuthology.orchestra.run.smithi102.stdout:/usr/bin/ceph: stderr
2024-04-23T10:14:26.647+0000 7f4ad5ffb700 1 -- 172.21.15.102:0/894444580 <== mon.0 v2:172.21.15.102:3300/0 3 ==== mon_map magic: 0 ==== 205+0+0 (secure 0 0 0) 0x7f4acc011af0 con 0x7f4ad8106710
2024-04-23T10:14:27.587 INFO:teuthology.orchestra.run.smithi102.stdout:/usr/bin/ceph: stderr
2024-04-23T10:14:26.647+0000 7f4add835700 1 -- 172.21.15.102:0/894444580 >> [v2:172.21.15.102:3300/0,v1:172.21.15.102:6789/0] conn(0x7f4ad8106710 msgr2=0x7f4ad8106b30 secure :-1 s=STATE_CONNECTION_ESTABLISHED l=1).mark_down
2024-04-23T10:14:27.587 INFO:teuthology.orchestra.run.smithi102.stdout:/usr/bin/ceph: stderr
2024-04-23T10:14:26.647+0000 7f4add835700 1 --2- 172.21.15.102:0/894444580 >> [v2:172.21.15.102:3300/0,v1:172.21.15.102:6789/0] conn(0x7f4ad8106710 0x7f4ad8106b30 secure :-1 s=READY pgs=22 cs=0 l=1 rev1=1 crypto rx=0x7f4acc0098a0 tx=0x7f4acc009bb0 comp rx=0 tx=0).stop
2024-04-23T10:14:27.587 INFO:teuthology.orchestra.run.smithi102.stdout:/usr/bin/ceph: stderr
2024-04-23T10:14:26.647+0000 7f4add835700 1 -- 172.21.15.102:0/894444580 shutdown_connections
2024-04-23T10:14:27.587 INFO:teuthology.orchestra.run.smithi102.stdout:/usr/bin/ceph: stderr
2024-04-23T10:14:26.647+0000 7f4add835700 1 --2- 172.21.15.102:0/894444580 >> [v2:172.21.15.102:3300/0,v1:172.21.15.102:6789/0] conn(0x7f4ad8106710 0x7f4ad8106b30 unknown :-1 s=CLOSED pgs=22 cs=0 l=1 rev1=1 crypto rx=0 tx=0 comp rx=0 tx=0).stop
2024-04-23T10:14:27.587 INFO:teuthology.orchestra.run.smithi102.stdout:/usr/bin/ceph: stderr
2024-04-23T10:14:26.647+0000 7f4add835700 1 -- 172.21.15.102:0/894444580 >> 172.21.15.102:0/894444580 conn(0x7f4ad81020f0 msgr2=0x7f4ad8104510 unknown :-1 s=STATE_NONE l=0).mark_down
2024-04-23T10:14:27.587 INFO:teuthology.orchestra.run.smithi102.stdout:/usr/bin/ceph: stderr
2024-04-23T10:14:26.647+0000 7f4add835700 1 -- 172.21.15.102:0/894444580 shutdown_connections
2024-04-23T10:14:27.587 INFO:teuthology.orchestra.run.smithi102.stdout:/usr/bin/ceph: stderr
2024-04-23T10:14:26.647+0000 7f4add835700 1 -- 172.21.15.102:0/894444580 wait complete.
2024-04-23T10:14:27.587 INFO:teuthology.orchestra.run.smithi102.stdout:/usr/bin/ceph: stderr
2024-04-23T10:14:26.648+0000 7f4add835700 1 Processor -- start
2024-04-23T10:14:27.587 INFO:teuthology.orchestra.run.smithi102.stdout:/usr/bin/ceph: stderr
2024-04-23T10:14:26.648+0000 7f4add835700 1 -- start start
2024-04-23T10:14:27.587 INFO:teuthology.orchestra.run.smithi102.stdout:/usr/bin/ceph: stderr
2024-04-23T10:14:26.648+0000 7f4add835700 1 --2- >> [v2:172.21.15.102:3300/0,v1:172.21.15.102:6789/0] conn(0x7f4ad8106710 0x7f4ad819c440 unknown :-1 s=NONE pgs=0 cs=0 l=1 rev1=0 crypto rx=0 tx=0 comp rx=0 tx=0).connect
2024-04-23T10:14:27.587 INFO:teuthology.orchestra.run.smithi102.stdout:/usr/bin/ceph: stderr
2024-04-23T10:14:26.648+0000 7f4add835700 1 -- --> [v2:172.21.15.102:3300/0,v1:172.21.15.102:6789/0] -- mon_getmap magic: 0 -- 0x7f4ad810a5f0 con 0x7f4ad8106710
2024-04-23T10:14:27.588 INFO:teuthology.orchestra.run.smithi102.stdout:/usr/bin/ceph: stderr
2024-04-23T10:14:26.648+0000 7f4ad6ffd700 1 --2- >> [v2:172.21.15.102:3300/0,v1:172.21.15.102:6789/0] conn(0x7f4ad8106710 0x7f4ad819c440 unknown :-1 s=BANNER_CONNECTING pgs=0 cs=0 l=1 rev1=0 crypto rx=0 tx=0 comp rx=0 tx=0)._handle_peer_banner_payload supported=3 required=0
2024-04-23T10:14:27.588 INFO:teuthology.orchestra.run.smithi102.stdout:/usr/bin/ceph: stderr
2024-04-23T10:14:26.648+0000 7f4ad6ffd700 1 --2- >> [v2:172.21.15.102:3300/0,v1:172.21.15.102:6789/0] conn(0x7f4ad8106710 0x7f4ad819c440 unknown :-1 s=HELLO_CONNECTING pgs=0 cs=0 l=1 rev1=1 crypto rx=0 tx=0 comp rx=0 tx=0).handle_hello peer v2:172.21.15.102:3300/0 says I am v2:172.21.15.102:51778/0 (socket says 172.21.15.102:51778)
2024-04-23T10:14:27.588 INFO:teuthology.orchestra.run.smithi102.stdout:/usr/bin/ceph: stderr
2024-04-23T10:14:26.648+0000 7f4ad6ffd700 1 -- 172.21.15.102:0/3698871675 learned_addr learned my addr 172.21.15.102:0/3698871675 (peer_addr_for_me v2:172.21.15.102:0/0)
2024-04-23T10:14:27.588 INFO:teuthology.orchestra.run.smithi102.stdout:/usr/bin/ceph: stderr
2024-04-23T10:14:26.648+0000 7f4ad6ffd700 1 -- 172.21.15.102:0/3698871675 --> [v2:172.21.15.102:3300/0,v1:172.21.15.102:6789/0] -- mon_subscribe({config=0+,monmap=0+}) -- 0x7f4ad819c980 con 0x7f4ad8106710
2024-04-23T10:14:27.588 INFO:teuthology.orchestra.run.smithi102.stdout:/usr/bin/ceph: stderr
2024-04-23T10:14:26.649+0000 7f4ad6ffd700 1 --2- 172.21.15.102:0/3698871675 >> [v2:172.21.15.102:3300/0,v1:172.21.15.102:6789/0] conn(0x7f4ad8106710 0x7f4ad819c440 secure :-1 s=READY pgs=23 cs=0 l=1 rev1=1 crypto rx=0x7f4acc009fb0 tx=0x7f4acc011940 comp rx=0 tx=0).ready entity=mon.0 client_cookie=0 server_cookie=0 in_seq=0 out_seq=0
2024-04-23T10:14:27.588 INFO:teuthology.orchestra.run.smithi102.stdout:/usr/bin/ceph: stderr
2024-04-23T10:14:26.649+0000 7f4adc833700 1 -- 172.21.15.102:0/3698871675 <== mon.0 v2:172.21.15.102:3300/0 1 ==== mon_map magic: 0 ==== 205+0+0 (secure 0 0 0) 0x7f4acc0036a0 con 0x7f4ad8106710
2024-04-23T10:14:27.588 INFO:teuthology.orchestra.run.smithi102.stdout:/usr/bin/ceph: stderr
2024-04-23T10:14:26.649+0000 7f4adc833700 1 -- 172.21.15.102:0/3698871675 <== mon.0 v2:172.21.15.102:3300/0 2 ==== config(26 keys) ==== 1070+0+0 (secure 0 0 0) 0x7f4acc003cd0 con 0x7f4ad8106710
2024-04-23T10:14:27.588 INFO:teuthology.orchestra.run.smithi102.stdout:/usr/bin/ceph: stderr
2024-04-23T10:14:26.649+0000 7f4adc833700 1 -- 172.21.15.102:0/3698871675 <== mon.0 v2:172.21.15.102:3300/0 3 ==== mon_map magic: 0 ==== 205+0+0 (secure 0 0 0) 0x7f4acc0193c0 con 0x7f4ad8106710
2024-04-23T10:14:27.588 INFO:teuthology.orchestra.run.smithi102.stdout:/usr/bin/ceph: stderr
2024-04-23T10:14:26.649+0000 7f4add835700 1 -- 172.21.15.102:0/3698871675 --> [v2:172.21.15.102:3300/0,v1:172.21.15.102:6789/0] -- mon_subscribe({mgrmap=0+}) -- 0x7f4ad819cc10 con 0x7f4ad8106710
2024-04-23T10:14:27.588 INFO:teuthology.orchestra.run.smithi102.stdout:/usr/bin/ceph: stderr
2024-04-23T10:14:26.649+0000 7f4add835700 1 -- 172.21.15.102:0/3698871675 --> [v2:172.21.15.102:3300/0,v1:172.21.15.102:6789/0] -- mon_subscribe({osdmap=0}) -- 0x7f4ad819f900 con 0x7f4ad8106710
2024-04-23T10:14:27.588 INFO:teuthology.orchestra.run.smithi102.stdout:/usr/bin/ceph: stderr
2024-04-23T10:14:26.650+0000 7f4adc833700 1 -- 172.21.15.102:0/3698871675 <== mon.0 v2:172.21.15.102:3300/0 4 ==== mgrmap(e 4) ==== 46547+0+0 (secure 0 0 0) 0x7f4acc0196c0 con 0x7f4ad8106710
2024-04-23T10:14:27.588 INFO:teuthology.orchestra.run.smithi102.stdout:/usr/bin/ceph: stderr
2024-04-23T10:14:26.650+0000 7f4adc833700 1 --2- 172.21.15.102:0/3698871675 >> [v2:172.21.15.102:6800/1105542334,v1:172.21.15.102:6801/1105542334] conn(0x7f4ac0039510 0x7f4ac003b9d0 unknown :-1 s=NONE pgs=0 cs=0 l=1 rev1=0 crypto rx=0 tx=0 comp rx=0 tx=0).connect
2024-04-23T10:14:27.588 INFO:teuthology.orchestra.run.smithi102.stdout:/usr/bin/ceph: stderr
2024-04-23T10:14:26.650+0000 7f4adc833700 1 -- 172.21.15.102:0/3698871675 <== mon.0 v2:172.21.15.102:3300/0 5 ==== osd_map(1..1 src has 1..1) ==== 725+0+0 (secure 0 0 0) 0x7f4acc04d860 con 0x7f4ad8106710
2024-04-23T10:14:27.588 INFO:teuthology.orchestra.run.smithi102.stdout:/usr/bin/ceph: stderr
2024-04-23T10:14:26.650+0000 7f4add835700 1 -- 172.21.15.102:0/3698871675 --> [v2:172.21.15.102:3300/0,v1:172.21.15.102:6789/0] -- mon_command({"prefix": "get_command_descriptions"} v 0) -- 0x7f4ad80640a0 con 0x7f4ad8106710
2024-04-23T10:14:27.588 INFO:teuthology.orchestra.run.smithi102.stdout:/usr/bin/ceph: stderr
2024-04-23T10:14:26.650+0000 7f4ad67fc700 1 --2- 172.21.15.102:0/3698871675 >> [v2:172.21.15.102:6800/1105542334,v1:172.21.15.102:6801/1105542334] conn(0x7f4ac0039510 0x7f4ac003b9d0 unknown :-1 s=BANNER_CONNECTING pgs=0 cs=0 l=1 rev1=0 crypto rx=0 tx=0 comp rx=0 tx=0)._handle_peer_banner_payload supported=3 required=0
2024-04-23T10:14:27.589 INFO:teuthology.orchestra.run.smithi102.stdout:/usr/bin/ceph: stderr
2024-04-23T10:14:26.650+0000 7f4ad67fc700 1 --2- 172.21.15.102:0/3698871675 >> [v2:172.21.15.102:6800/1105542334,v1:172.21.15.102:6801/1105542334] conn(0x7f4ac0039510 0x7f4ac003b9d0 secure :-1 s=READY pgs=8 cs=0 l=1 rev1=1 crypto rx=0x7f4ac8006fd0 tx=0x7f4ac8006e40 comp rx=0 tx=0).ready entity=mgr.14100 client_cookie=0 server_cookie=0 in_seq=0 out_seq=0
2024-04-23T10:14:27.589 INFO:teuthology.orchestra.run.smithi102.stdout:/usr/bin/ceph: stderr
2024-04-23T10:14:26.655+0000 7f4adc833700 1 -- 172.21.15.102:0/3698871675 <== mon.0 v2:172.21.15.102:3300/0 6 ==== mon_command_ack([{"prefix": "get_command_descriptions"}]=0 v0) ==== 72+0+188370 (secure 0 0 0) 0x7f4acc04d280 con 0x7f4ad8106710
2024-04-23T10:14:27.589 INFO:teuthology.orchestra.run.smithi102.stdout:/usr/bin/ceph: stderr
2024-04-23T10:14:26.910+0000 7f4add835700 1 -- 172.21.15.102:0/3698871675 --> [v2:172.21.15.102:3300/0,v1:172.21.15.102:6789/0] -- mon_command({"prefix": "mgr module enable", "module": "cephadm"} v 0) -- 0x7f4ad819fe00 con 0x7f4ad8106710
2024-04-23T10:14:27.589 INFO:teuthology.orchestra.run.smithi102.stdout:/usr/bin/ceph: stderr
2024-04-23T10:14:26.961+0000 7f4adc833700 1 -- 172.21.15.102:0/3698871675 <== mon.0 v2:172.21.15.102:3300/0 7 ==== mon_command_ack([{"prefix": "mgr module enable", "module": "cephadm"}]=0 v5) ==== 86+0+0 (secure 0 0 0) 0x7f4acc01a430 con 0x7f4ad8106710
2024-04-23T10:14:27.589 INFO:teuthology.orchestra.run.smithi102.stdout:/usr/bin/ceph: stderr
2024-04-23T10:14:26.963+0000 7f4adc833700 1 -- 172.21.15.102:0/3698871675 <== mon.0 v2:172.21.15.102:3300/0 8 ==== mgrmap(e 5) ==== 46558+0+0 (secure 0 0 0) 0x7f4acc02d7c0 con 0x7f4ad8106710
2024-04-23T10:14:27.589 INFO:teuthology.orchestra.run.smithi102.stdout:/usr/bin/ceph: stderr
2024-04-23T10:14:26.964+0000 7f4add835700 1 -- 172.21.15.102:0/3698871675 >> [v2:172.21.15.102:6800/1105542334,v1:172.21.15.102:6801/1105542334] conn(0x7f4ac0039510 msgr2=0x7f4ac003b9d0 secure :-1 s=STATE_CONNECTION_ESTABLISHED l=1).mark_down
2024-04-23T10:14:27.589 INFO:teuthology.orchestra.run.smithi102.stdout:/usr/bin/ceph: stderr
2024-04-23T10:14:26.964+0000 7f4add835700 1 --2- 172.21.15.102:0/3698871675 >> [v2:172.21.15.102:6800/1105542334,v1:172.21.15.102:6801/1105542334] conn(0x7f4ac0039510 0x7f4ac003b9d0 secure :-1 s=READY pgs=8 cs=0 l=1 rev1=1 crypto rx=0x7f4ac8006fd0 tx=0x7f4ac8006e40 comp rx=0 tx=0).stop
2024-04-23T10:14:27.589 INFO:teuthology.orchestra.run.smithi102.stdout:/usr/bin/ceph: stderr
2024-04-23T10:14:26.964+0000 7f4add835700 1 -- 172.21.15.102:0/3698871675 >> [v2:172.21.15.102:3300/0,v1:172.21.15.102:6789/0] conn(0x7f4ad8106710 msgr2=0x7f4ad819c440 secure :-1 s=STATE_CONNECTION_ESTABLISHED l=1).mark_down
2024-04-23T10:14:27.589 INFO:teuthology.orchestra.run.smithi102.stdout:/usr/bin/ceph: stderr
2024-04-23T10:14:26.964+0000 7f4add835700 1 --2- 172.21.15.102:0/3698871675 >> [v2:172.21.15.102:3300/0,v1:172.21.15.102:6789/0] conn(0x7f4ad8106710 0x7f4ad819c440 secure :-1 s=READY pgs=23 cs=0 l=1 rev1=1 crypto rx=0x7f4acc009fb0 tx=0x7f4acc011940 comp rx=0 tx=0).stop
2024-04-23T10:14:27.589 INFO:teuthology.orchestra.run.smithi102.stdout:/usr/bin/ceph: stderr
2024-04-23T10:14:26.964+0000 7f4add835700 1 -- 172.21.15.102:0/3698871675 shutdown_connections
2024-04-23T10:14:27.589 INFO:teuthology.orchestra.run.smithi102.stdout:/usr/bin/ceph: stderr
2024-04-23T10:14:26.964+0000 7f4add835700 1 --2- 172.21.15.102:0/3698871675 >> [v2:172.21.15.102:6800/1105542334,v1:172.21.15.102:6801/1105542334] conn(0x7f4ac0039510 0x7f4ac003b9d0 unknown :-1 s=CLOSED pgs=8 cs=0 l=1 rev1=1 crypto rx=0 tx=0 comp rx=0 tx=0).stop
2024-04-23T10:14:27.589 INFO:teuthology.orchestra.run.smithi102.stdout:/usr/bin/ceph: stderr
2024-04-23T10:14:26.964+0000 7f4add835700 1 --2- 172.21.15.102:0/3698871675 >> [v2:172.21.15.102:3300/0,v1:172.21.15.102:6789/0] conn(0x7f4ad8106710 0x7f4ad819c440 unknown :-1 s=CLOSED pgs=23 cs=0 l=1 rev1=1 crypto rx=0 tx=0 comp rx=0 tx=0).stop
2024-04-23T10:14:27.589 INFO:teuthology.orchestra.run.smithi102.stdout:/usr/bin/ceph: stderr
2024-04-23T10:14:26.964+0000 7f4add835700 1 -- 172.21.15.102:0/3698871675 >> 172.21.15.102:0/3698871675 conn(0x7f4ad81020f0 msgr2=0x7f4ad8102cf0 unknown :-1 s=STATE_NONE l=0).mark_down
2024-04-23T10:14:27.589 INFO:teuthology.orchestra.run.smithi102.stdout:/usr/bin/ceph: stderr
2024-04-23T10:14:26.964+0000 7f4add835700 1 -- 172.21.15.102:0/3698871675 shutdown_connections
2024-04-23T10:14:27.589 INFO:teuthology.orchestra.run.smithi102.stdout:/usr/bin/ceph: stderr
2024-04-23T10:14:26.964+0000 7f4add835700 1 -- 172.21.15.102:0/3698871675 wait complete.
2024-04-23T10:14:27.851 INFO:journalctl@ceph.mgr.x.smithi102.stdout:Apr 23 10:14:27 smithi102 ceph-a5996466-0159-11ef-bc93-c7b262605968-mgr-x[29446]:
2024-04-23T10:14:27.734+0000 7fbf914d9200 -1 mgr[py] Module progress has missing NOTIFY_TYPES member
2024-04-23T10:14:27.852 INFO:journalctl@ceph.mgr.x.smithi102.stdout:Apr 23 10:14:27 smithi102 ceph-a5996466-0159-11ef-bc93-c7b262605968-mgr-x[29446]:
2024-04-23T10:14:27.821+0000 7fbf914d9200 -1 mgr[py] Module influx has missing NOTIFY_TYPES member
2024-04-23T10:14:28.124 INFO:journalctl@ceph.mon.a.smithi102.stdout:Apr 23 10:14:27 smithi102 ceph-mon[29217]: from='client.? 172.21.15.102:0/3698871675' entity='client.admin' cmd='[{"prefix": "mgr module enable", "module": "cephadm"}]': finished
2024-04-23T10:14:28.124 INFO:journalctl@ceph.mon.a.smithi102.stdout:Apr 23 10:14:27 smithi102 ceph-mon[29217]: mgrmap e5: x(active, since 6s)
2024-04-23T10:14:28.852 INFO:teuthology.orchestra.run.smithi102.stdout:/usr/bin/ceph: stdout {
2024-04-23T10:14:28.852 INFO:teuthology.orchestra.run.smithi102.stdout:/usr/bin/ceph: stdout "epoch": 5,
2024-04-23T10:14:28.852 INFO:teuthology.orchestra.run.smithi102.stdout:/usr/bin/ceph: stdout "available": true,
2024-04-23T10:14:28.852 INFO:teuthology.orchestra.run.smithi102.stdout:/usr/bin/ceph: stdout "active_name": "x",
2024-04-23T10:14:28.852 INFO:teuthology.orchestra.run.smithi102.stdout:/usr/bin/ceph: stdout "num_standby": 0
2024-04-23T10:14:28.852 INFO:teuthology.orchestra.run.smithi102.stdout:/usr/bin/ceph: stdout }
2024-04-23T10:14:28.852 INFO:teuthology.orchestra.run.smithi102.stdout:/usr/bin/ceph: stderr
2024-04-23T10:14:28.043+0000 7f813e9dd700 1 Processor -- start
2024-04-23T10:14:28.852 INFO:teuthology.orchestra.run.smithi102.stdout:/usr/bin/ceph: stderr
2024-04-23T10:14:28.043+0000 7f813e9dd700 1 -- start start
2024-04-23T10:14:28.852 INFO:teuthology.orchestra.run.smithi102.stdout:/usr/bin/ceph: stderr
2024-04-23T10:14:28.043+0000 7f813e9dd700 1 --2- >> [v2:172.21.15.102:3300/0,v1:172.21.15.102:6789/0] conn(0x7f8138107350 0x7f8138107770 unknown :-1 s=NONE pgs=0 cs=0 l=0 rev1=0 crypto rx=0 tx=0 comp rx=0 tx=0).connect
2024-04-23T10:14:28.852 INFO:teuthology.orchestra.run.smithi102.stdout:/usr/bin/ceph: stderr
2024-04-23T10:14:28.043+0000 7f813e9dd700 1 -- --> [v2:172.21.15.102:3300/0,v1:172.21.15.102:6789/0] -- mon_getmap magic: 0 -- 0x7f8138107d40 con 0x7f8138107350
2024-04-23T10:14:28.852 INFO:teuthology.orchestra.run.smithi102.stdout:/usr/bin/ceph: stderr
2024-04-23T10:14:28.043+0000 7f8137fff700 1 --2- >> [v2:172.21.15.102:3300/0,v1:172.21.15.102:6789/0] conn(0x7f8138107350 0x7f8138107770 unknown :-1 s=BANNER_CONNECTING pgs=0 cs=0 l=0 rev1=0 crypto rx=0 tx=0 comp rx=0 tx=0)._handle_peer_banner_payload supported=3 required=0
2024-04-23T10:14:28.852 INFO:teuthology.orchestra.run.smithi102.stdout:/usr/bin/ceph: stderr
2024-04-23T10:14:28.043+0000 7f8137fff700 1 --2- >> [v2:172.21.15.102:3300/0,v1:172.21.15.102:6789/0] conn(0x7f8138107350 0x7f8138107770 unknown :-1 s=HELLO_CONNECTING pgs=0 cs=0 l=0 rev1=1 crypto rx=0 tx=0 comp rx=0 tx=0).handle_hello peer v2:172.21.15.102:3300/0 says I am v2:172.21.15.102:51816/0 (socket says 172.21.15.102:51816)
2024-04-23T10:14:28.852 INFO:teuthology.orchestra.run.smithi102.stdout:/usr/bin/ceph: stderr
2024-04-23T10:14:28.043+0000 7f8137fff700 1 -- 172.21.15.102:0/746230584 learned_addr learned my addr 172.21.15.102:0/746230584 (peer_addr_for_me v2:172.21.15.102:0/0)
2024-04-23T10:14:28.853 INFO:teuthology.orchestra.run.smithi102.stdout:/usr/bin/ceph: stderr
2024-04-23T10:14:28.043+0000 7f8137fff700 1 -- 172.21.15.102:0/746230584 --> [v2:172.21.15.102:3300/0,v1:172.21.15.102:6789/0] -- mon_subscribe({config=0+,monmap=0+}) -- 0x7f8138108550 con 0x7f8138107350
2024-04-23T10:14:28.853 INFO:teuthology.orchestra.run.smithi102.stdout:/usr/bin/ceph: stderr
2024-04-23T10:14:28.043+0000 7f8137fff700 1 --2- 172.21.15.102:0/746230584 >> [v2:172.21.15.102:3300/0,v1:172.21.15.102:6789/0] conn(0x7f8138107350 0x7f8138107770 secure :-1 s=READY pgs=26 cs=0 l=1 rev1=1 crypto rx=0x7f81280098a0 tx=0x7f8128009bb0 comp rx=0 tx=0).ready entity=mon.0 client_cookie=e80cf3dfb48d9d44 server_cookie=0 in_seq=0 out_seq=0
2024-04-23T10:14:28.853 INFO:teuthology.orchestra.run.smithi102.stdout:/usr/bin/ceph: stderr
2024-04-23T10:14:28.044+0000 7f8136ffd700 1 -- 172.21.15.102:0/746230584 <== mon.0 v2:172.21.15.102:3300/0 1 ==== mon_map magic: 0 ==== 205+0+0 (secure 0 0 0) 0x7f8128004160 con 0x7f8138107350
2024-04-23T10:14:28.853 INFO:teuthology.orchestra.run.smithi102.stdout:/usr/bin/ceph: stderr
2024-04-23T10:14:28.044+0000 7f8136ffd700 1 -- 172.21.15.102:0/746230584 <== mon.0 v2:172.21.15.102:3300/0 2 ==== config(26 keys) ==== 1070+0+0 (secure 0 0 0) 0x7f8128004300 con 0x7f8138107350
2024-04-23T10:14:28.853 INFO:teuthology.orchestra.run.smithi102.stdout:/usr/bin/ceph: stderr
2024-04-23T10:14:28.044+0000 7f8136ffd700 1 -- 172.21.15.102:0/746230584 <== mon.0 v2:172.21.15.102:3300/0 3 ==== mon_map magic: 0 ==== 205+0+0 (secure 0 0 0) 0x7f8128011af0 con 0x7f8138107350
2024-04-23T10:14:28.853 INFO:teuthology.orchestra.run.smithi102.stdout:/usr/bin/ceph: stderr
2024-04-23T10:14:28.044+0000 7f813e9dd700 1 -- 172.21.15.102:0/746230584 >> [v2:172.21.15.102:3300/0,v1:172.21.15.102:6789/0] conn(0x7f8138107350 msgr2=0x7f8138107770 secure :-1 s=STATE_CONNECTION_ESTABLISHED l=1).mark_down
2024-04-23T10:14:28.853 INFO:teuthology.orchestra.run.smithi102.stdout:/usr/bin/ceph: stderr
2024-04-23T10:14:28.044+0000 7f813e9dd700 1 --2- 172.21.15.102:0/746230584 >> [v2:172.21.15.102:3300/0,v1:172.21.15.102:6789/0] conn(0x7f8138107350 0x7f8138107770 secure :-1 s=READY pgs=26 cs=0 l=1 rev1=1 crypto rx=0x7f81280098a0 tx=0x7f8128009bb0 comp rx=0 tx=0).stop
2024-04-23T10:14:28.853 INFO:teuthology.orchestra.run.smithi102.stdout:/usr/bin/ceph: stderr
2024-04-23T10:14:28.044+0000 7f813e9dd700 1 -- 172.21.15.102:0/746230584 shutdown_connections
2024-04-23T10:14:28.853 INFO:teuthology.orchestra.run.smithi102.stdout:/usr/bin/ceph: stderr
2024-04-23T10:14:28.044+0000 7f813e9dd700 1 --2- 172.21.15.102:0/746230584 >> [v2:172.21.15.102:3300/0,v1:172.21.15.102:6789/0] conn(0x7f8138107350 0x7f8138107770 unknown :-1 s=CLOSED pgs=26 cs=0 l=1 rev1=1 crypto rx=0 tx=0 comp rx=0 tx=0).stop
2024-04-23T10:14:28.853 INFO:teuthology.orchestra.run.smithi102.stdout:/usr/bin/ceph: stderr
2024-04-23T10:14:28.044+0000 7f813e9dd700 1 -- 172.21.15.102:0/746230584 >> 172.21.15.102:0/746230584 conn(0x7f8138102970 msgr2=0x7f8138104d90 unknown :-1 s=STATE_NONE l=0).mark_down
2024-04-23T10:14:28.853 INFO:teuthology.orchestra.run.smithi102.stdout:/usr/bin/ceph: stderr
2024-04-23T10:14:28.044+0000 7f813e9dd700 1 -- 172.21.15.102:0/746230584 shutdown_connections
2024-04-23T10:14:28.853 INFO:teuthology.orchestra.run.smithi102.stdout:/usr/bin/ceph: stderr
2024-04-23T10:14:28.044+0000 7f813e9dd700 1 -- 172.21.15.102:0/746230584 wait complete.
2024-04-23T10:14:28.853 INFO:teuthology.orchestra.run.smithi102.stdout:/usr/bin/ceph: stderr
2024-04-23T10:14:28.045+0000 7f813e9dd700 1 Processor -- start
2024-04-23T10:14:28.853 INFO:teuthology.orchestra.run.smithi102.stdout:/usr/bin/ceph: stderr
2024-04-23T10:14:28.045+0000 7f813e9dd700 1 -- start start
2024-04-23T10:14:28.853 INFO:teuthology.orchestra.run.smithi102.stdout:/usr/bin/ceph: stderr
2024-04-23T10:14:28.045+0000 7f813e9dd700 1 --2- >> [v2:172.21.15.102:3300/0,v1:172.21.15.102:6789/0] conn(0x7f8138107350 0x7f813819c420 unknown :-1 s=NONE pgs=0 cs=0 l=1 rev1=0 crypto rx=0 tx=0 comp rx=0 tx=0).connect
2024-04-23T10:14:28.854 INFO:teuthology.orchestra.run.smithi102.stdout:/usr/bin/ceph: stderr
2024-04-23T10:14:28.045+0000 7f813e9dd700 1 -- --> [v2:172.21.15.102:3300/0,v1:172.21.15.102:6789/0] -- mon_getmap magic: 0 -- 0x7f813810b900 con 0x7f8138107350
2024-04-23T10:14:28.854 INFO:teuthology.orchestra.run.smithi102.stdout:/usr/bin/ceph: stderr
2024-04-23T10:14:28.045+0000 7f8137fff700 1 --2- >> [v2:172.21.15.102:3300/0,v1:172.21.15.102:6789/0] conn(0x7f8138107350 0x7f813819c420 unknown :-1 s=BANNER_CONNECTING pgs=0 cs=0 l=1 rev1=0 crypto rx=0 tx=0 comp rx=0 tx=0)._handle_peer_banner_payload supported=3 required=0
2024-04-23T10:14:28.854 INFO:teuthology.orchestra.run.smithi102.stdout:/usr/bin/ceph: stderr
2024-04-23T10:14:28.045+0000 7f8137fff700 1 --2- >> [v2:172.21.15.102:3300/0,v1:172.21.15.102:6789/0] conn(0x7f8138107350 0x7f813819c420 unknown :-1 s=HELLO_CONNECTING pgs=0 cs=0 l=1 rev1=1 crypto rx=0 tx=0 comp rx=0 tx=0).handle_hello peer v2:172.21.15.102:3300/0 says I am v2:172.21.15.102:51830/0 (socket says 172.21.15.102:51830)
2024-04-23T10:14:28.854 INFO:teuthology.orchestra.run.smithi102.stdout:/usr/bin/ceph: stderr
2024-04-23T10:14:28.045+0000 7f8137fff700 1 -- 172.21.15.102:0/2789698485 learned_addr learned my addr 172.21.15.102:0/2789698485 (peer_addr_for_me v2:172.21.15.102:0/0)
2024-04-23T10:14:28.854 INFO:teuthology.orchestra.run.smithi102.stdout:/usr/bin/ceph: stderr
2024-04-23T10:14:28.046+0000 7f8137fff700 1 -- 172.21.15.102:0/2789698485 --> [v2:172.21.15.102:3300/0,v1:172.21.15.102:6789/0] -- mon_subscribe({config=0+,monmap=0+}) -- 0x7f813819c960 con 0x7f8138107350
2024-04-23T10:14:28.854 INFO:teuthology.orchestra.run.smithi102.stdout:/usr/bin/ceph: stderr
2024-04-23T10:14:28.046+0000 7f8137fff700 1 --2- 172.21.15.102:0/2789698485 >> [v2:172.21.15.102:3300/0,v1:172.21.15.102:6789/0] conn(0x7f8138107350 0x7f813819c420 secure :-1 s=READY pgs=27 cs=0 l=1 rev1=1 crypto rx=0x7f8128009fb0 tx=0x7f8128011940 comp rx=0 tx=0).ready entity=mon.0 client_cookie=0 server_cookie=0 in_seq=0 out_seq=0
2024-04-23T10:14:28.854 INFO:teuthology.orchestra.run.smithi102.stdout:/usr/bin/ceph: stderr
2024-04-23T10:14:28.046+0000 7f81357fa700 1 -- 172.21.15.102:0/2789698485 <== mon.0 v2:172.21.15.102:3300/0 1 ==== mon_map magic: 0 ==== 205+0+0 (secure 0 0 0) 0x7f81280036a0 con 0x7f8138107350
2024-04-23T10:14:28.854 INFO:teuthology.orchestra.run.smithi102.stdout:/usr/bin/ceph: stderr
2024-04-23T10:14:28.046+0000 7f81357fa700 1 -- 172.21.15.102:0/2789698485 <== mon.0 v2:172.21.15.102:3300/0 2 ==== config(26 keys) ==== 1070+0+0 (secure 0 0 0) 0x7f812801a430 con 0x7f8138107350
2024-04-23T10:14:28.854 INFO:teuthology.orchestra.run.smithi102.stdout:/usr/bin/ceph: stderr
2024-04-23T10:14:28.046+0000 7f813e9dd700 1 -- 172.21.15.102:0/2789698485 --> [v2:172.21.15.102:3300/0,v1:172.21.15.102:6789/0] -- mon_subscribe({mgrmap=0+}) -- 0x7f813819cbf0 con 0x7f8138107350
2024-04-23T10:14:28.854 INFO:teuthology.orchestra.run.smithi102.stdout:/usr/bin/ceph: stderr
2024-04-23T10:14:28.046+0000 7f81357fa700 1 -- 172.21.15.102:0/2789698485 <== mon.0 v2:172.21.15.102:3300/0 3 ==== mon_map magic: 0 ==== 205+0+0 (secure 0 0 0) 0x7f8128019550 con 0x7f8138107350
2024-04-23T10:14:28.854 INFO:teuthology.orchestra.run.smithi102.stdout:/usr/bin/ceph: stderr
2024-04-23T10:14:28.046+0000 7f813e9dd700 1 -- 172.21.15.102:0/2789698485 --> [v2:172.21.15.102:3300/0,v1:172.21.15.102:6789/0] -- mon_subscribe({osdmap=0}) -- 0x7f813819f8e0 con 0x7f8138107350
2024-04-23T10:14:28.854 INFO:teuthology.orchestra.run.smithi102.stdout:/usr/bin/ceph: stderr
2024-04-23T10:14:28.047+0000 7f81357fa700 1 -- 172.21.15.102:0/2789698485 <== mon.0 v2:172.21.15.102:3300/0 4 ==== mgrmap(e 5) ==== 46558+0+0 (secure 0 0 0) 0x7f8128019800 con 0x7f8138107350
2024-04-23T10:14:28.854 INFO:teuthology.orchestra.run.smithi102.stdout:/usr/bin/ceph: stderr
2024-04-23T10:14:28.047+0000 7f813e9dd700 1 -- 172.21.15.102:0/2789698485 --> [v2:172.21.15.102:3300/0,v1:172.21.15.102:6789/0] -- mon_command({"prefix": "get_command_descriptions"} v 0) -- 0x7f81380640a0 con 0x7f8138107350
2024-04-23T10:14:28.854 INFO:teuthology.orchestra.run.smithi102.stdout:/usr/bin/ceph: stderr
2024-04-23T10:14:28.047+0000 7f81357fa700 1 --2- 172.21.15.102:0/2789698485 >> [v2:172.21.15.102:6800/1105542334,v1:172.21.15.102:6801/1105542334] conn(0x7f81200395b0 0x7f812003ba70 unknown :-1 s=NONE pgs=0 cs=0 l=1 rev1=0 crypto rx=0 tx=0 comp rx=0 tx=0).connect
2024-04-23T10:14:28.854 INFO:teuthology.orchestra.run.smithi102.stdout:/usr/bin/ceph: stderr
2024-04-23T10:14:28.047+0000 7f81377fe700 1 -- 172.21.15.102:0/2789698485 >> [v2:172.21.15.102:6800/1105542334,v1:172.21.15.102:6801/1105542334] conn(0x7f81200395b0 msgr2=0x7f812003ba70 unknown :-1 s=STATE_CONNECTING_RE l=1).process reconnect failed to v2:172.21.15.102:6800/1105542334
2024-04-23T10:14:28.855 INFO:teuthology.orchestra.run.smithi102.stdout:/usr/bin/ceph: stderr
2024-04-23T10:14:28.047+0000 7f81357fa700 1 -- 172.21.15.102:0/2789698485 <== mon.0 v2:172.21.15.102:3300/0 5 ==== osd_map(1..1 src has 1..1) ==== 725+0+0 (secure 0 0 0) 0x7f812804d870 con 0x7f8138107350
2024-04-23T10:14:28.855 INFO:teuthology.orchestra.run.smithi102.stdout:/usr/bin/ceph: stderr
2024-04-23T10:14:28.047+0000 7f81377fe700 1 --2- 172.21.15.102:0/2789698485 >> [v2:172.21.15.102:6800/1105542334,v1:172.21.15.102:6801/1105542334] conn(0x7f81200395b0 0x7f812003ba70 unknown :-1 s=START_CONNECT pgs=0 cs=0 l=1 rev1=0 crypto rx=0 tx=0 comp rx=0 tx=0)._fault waiting 0.200000
2024-04-23T10:14:28.855 INFO:teuthology.orchestra.run.smithi102.stdout:/usr/bin/ceph: stderr
2024-04-23T10:14:28.052+0000 7f81357fa700 1 -- 172.21.15.102:0/2789698485 <== mon.0 v2:172.21.15.102:3300/0 6 ==== mon_command_ack([{"prefix": "get_command_descriptions"}]=0 v0) ==== 72+0+188370 (secure 0 0 0) 0x7f812804d290 con 0x7f8138107350
2024-04-23T10:14:28.855 INFO:teuthology.orchestra.run.smithi102.stdout:/usr/bin/ceph: stderr
2024-04-23T10:14:28.248+0000 7f81377fe700 1 -- 172.21.15.102:0/2789698485 >> [v2:172.21.15.102:6800/1105542334,v1:172.21.15.102:6801/1105542334] conn(0x7f81200395b0 msgr2=0x7f812003ba70 unknown :-1 s=STATE_CONNECTING_RE l=1).process reconnect failed to v2:172.21.15.102:6800/1105542334
2024-04-23T10:14:28.855 INFO:teuthology.orchestra.run.smithi102.stdout:/usr/bin/ceph: stderr
2024-04-23T10:14:28.248+0000 7f81377fe700 1 --2- 172.21.15.102:0/2789698485 >> [v2:172.21.15.102:6800/1105542334,v1:172.21.15.102:6801/1105542334] conn(0x7f81200395b0 0x7f812003ba70 unknown :-1 s=START_CONNECT pgs=0 cs=0 l=1 rev1=0 crypto rx=0 tx=0 comp rx=0 tx=0)._fault waiting 0.400000
2024-04-23T10:14:28.855 INFO:teuthology.orchestra.run.smithi102.stdout:/usr/bin/ceph: stderr
2024-04-23T10:14:28.351+0000 7f813e9dd700 1 -- 172.21.15.102:0/2789698485 --> [v2:172.21.15.102:3300/0,v1:172.21.15.102:6789/0] -- mon_command({"prefix": "mgr stat"} v 0) -- 0x7f81380008d0 con 0x7f8138107350
2024-04-23T10:14:28.855 INFO:teuthology.orchestra.run.smithi102.stdout:/usr/bin/ceph: stderr
2024-04-23T10:14:28.352+0000 7f81357fa700 1 -- 172.21.15.102:0/2789698485 <== mon.0 v2:172.21.15.102:3300/0 7 ==== mon_command_ack([{"prefix": "mgr stat"}]=0 v5) ==== 56+0+88 (secure 0 0 0) 0x7f812800fda0 con 0x7f8138107350
2024-04-23T10:14:28.855 INFO:teuthology.orchestra.run.smithi102.stdout:/usr/bin/ceph: stderr
2024-04-23T10:14:28.354+0000 7f813e9dd700 1 -- 172.21.15.102:0/2789698485 >> [v2:172.21.15.102:6800/1105542334,v1:172.21.15.102:6801/1105542334] conn(0x7f81200395b0 msgr2=0x7f812003ba70 unknown :-1 s=STATE_CONNECTING l=1).mark_down
2024-04-23T10:14:28.855 INFO:teuthology.orchestra.run.smithi102.stdout:/usr/bin/ceph: stderr
2024-04-23T10:14:28.354+0000 7f813e9dd700 1 --2- 172.21.15.102:0/2789698485 >> [v2:172.21.15.102:6800/1105542334,v1:172.21.15.102:6801/1105542334] conn(0x7f81200395b0 0x7f812003ba70 unknown :-1 s=START_CONNECT pgs=0 cs=0 l=1 rev1=0 crypto rx=0 tx=0 comp rx=0 tx=0).stop
2024-04-23T10:14:28.855 INFO:teuthology.orchestra.run.smithi102.stdout:/usr/bin/ceph: stderr
2024-04-23T10:14:28.354+0000 7f813e9dd700 1 -- 172.21.15.102:0/2789698485 >> [v2:172.21.15.102:3300/0,v1:172.21.15.102:6789/0] conn(0x7f8138107350 msgr2=0x7f813819c420 secure :-1 s=STATE_CONNECTION_ESTABLISHED l=1).mark_down
2024-04-23T10:14:28.855 INFO:teuthology.orchestra.run.smithi102.stdout:/usr/bin/ceph: stderr
2024-04-23T10:14:28.354+0000 7f813e9dd700 1 --2- 172.21.15.102:0/2789698485 >> [v2:172.21.15.102:3300/0,v1:172.21.15.102:6789/0] conn(0x7f8138107350 0x7f813819c420 secure :-1 s=READY pgs=27 cs=0 l=1 rev1=1 crypto rx=0x7f8128009fb0 tx=0x7f8128011940 comp rx=0 tx=0).stop
2024-04-23T10:14:28.855 INFO:teuthology.orchestra.run.smithi102.stdout:/usr/bin/ceph: stderr
2024-04-23T10:14:28.354+0000 7f813e9dd700 1 -- 172.21.15.102:0/2789698485 shutdown_connections
2024-04-23T10:14:28.855 INFO:teuthology.orchestra.run.smithi102.stdout:/usr/bin/ceph: stderr
2024-04-23T10:14:28.354+0000 7f813e9dd700 1 --2- 172.21.15.102:0/2789698485 >> [v2:172.21.15.102:6800/1105542334,v1:172.21.15.102:6801/1105542334] conn(0x7f81200395b0 0x7f812003ba70 unknown :-1 s=CLOSED pgs=0 cs=0 l=1 rev1=0 crypto rx=0 tx=0 comp rx=0 tx=0).stop
2024-04-23T10:14:28.855 INFO:teuthology.orchestra.run.smithi102.stdout:/usr/bin/ceph: stderr
2024-04-23T10:14:28.354+0000 7f813e9dd700 1 --2- 172.21.15.102:0/2789698485 >> [v2:172.21.15.102:3300/0,v1:172.21.15.102:6789/0] conn(0x7f8138107350 0x7f813819c420 unknown :-1 s=CLOSED pgs=27 cs=0 l=1 rev1=1 crypto rx=0 tx=0 comp rx=0 tx=0).stop
2024-04-23T10:14:28.855 INFO:teuthology.orchestra.run.smithi102.stdout:/usr/bin/ceph: stderr
2024-04-23T10:14:28.354+0000 7f813e9dd700 1 -- 172.21.15.102:0/2789698485 >> 172.21.15.102:0/2789698485 conn(0x7f8138102970 msgr2=0x7f8138103840 unknown :-1 s=STATE_NONE l=0).mark_down
2024-04-23T10:14:28.855 INFO:teuthology.orchestra.run.smithi102.stdout:/usr/bin/ceph: stderr
2024-04-23T10:14:28.354+0000 7f813e9dd700 1 -- 172.21.15.102:0/2789698485 shutdown_connections
2024-04-23T10:14:28.856 INFO:teuthology.orchestra.run.smithi102.stdout:/usr/bin/ceph: stderr
2024-04-23T10:14:28.354+0000 7f813e9dd700 1 -- 172.21.15.102:0/2789698485 wait complete.
2024-04-23T10:14:28.856 INFO:teuthology.orchestra.run.smithi102.stdout:Waiting for the mgr to restart...
2024-04-23T10:14:28.856 INFO:teuthology.orchestra.run.smithi102.stdout:Waiting for mgr epoch 5...
2024-04-23T10:14:29.288 INFO:journalctl@ceph.mon.a.smithi102.stdout:Apr 23 10:14:28 smithi102 ceph-mon[29217]: from='client.? 172.21.15.102:0/2789698485' entity='client.admin' cmd=[{"prefix": "mgr stat"}]: dispatch
2024-04-23T10:14:29.289 INFO:journalctl@ceph.mgr.x.smithi102.stdout:Apr 23 10:14:29 smithi102 ceph-a5996466-0159-11ef-bc93-c7b262605968-mgr-x[29446]:
2024-04-23T10:14:29.029+0000 7fbf914d9200 -1 mgr[py] Module telegraf has missing NOTIFY_TYPES member
2024-04-23T10:14:29.289 INFO:journalctl@ceph.mgr.x.smithi102.stdout:Apr 23 10:14:29 smithi102 ceph-a5996466-0159-11ef-bc93-c7b262605968-mgr-x[29446]:
2024-04-23T10:14:29.202+0000 7fbf914d9200 -1 mgr[py] Module osd_support has missing NOTIFY_TYPES member
2024-04-23T10:14:29.624 INFO:journalctl@ceph.mgr.x.smithi102.stdout:Apr 23 10:14:29 smithi102 ceph-a5996466-0159-11ef-bc93-c7b262605968-mgr-x[29446]:
2024-04-23T10:14:29.375+0000 7fbf914d9200 -1 mgr[py] Module iostat has missing NOTIFY_TYPES member
2024-04-23T10:14:29.949 INFO:journalctl@ceph.mgr.x.smithi102.stdout:Apr 23 10:14:29 smithi102 ceph-a5996466-0159-11ef-bc93-c7b262605968-mgr-x[29446]:
2024-04-23T10:14:29.660+0000 7fbf914d9200 -1 mgr[py] Module alerts has missing NOTIFY_TYPES member
2024-04-23T10:14:29.949 INFO:journalctl@ceph.mgr.x.smithi102.stdout:Apr 23 10:14:29 smithi102 ceph-a5996466-0159-11ef-bc93-c7b262605968-mgr-x[29446]:
2024-04-23T10:14:29.750+0000 7fbf914d9200 -1 mgr[py] Module selftest has missing NOTIFY_TYPES member
2024-04-23T10:14:29.949 INFO:journalctl@ceph.mgr.x.smithi102.stdout:Apr 23 10:14:29 smithi102 ceph-a5996466-0159-11ef-bc93-c7b262605968-mgr-x[29446]:
2024-04-23T10:14:29.949+0000 7fbf914d9200 -1 mgr[py] Module pg_autoscaler has missing NOTIFY_TYPES member
2024-04-23T10:14:30.374 INFO:journalctl@ceph.mgr.x.smithi102.stdout:Apr 23 10:14:30 smithi102 ceph-a5996466-0159-11ef-bc93-c7b262605968-mgr-x[29446]:
2024-04-23T10:14:30.140+0000 7fbf914d9200 -1 mgr[py] Module test_orchestrator has missing NOTIFY_TYPES member
2024-04-23T10:14:31.124 INFO:journalctl@ceph.mgr.x.smithi102.stdout:Apr 23 10:14:30 smithi102 ceph-a5996466-0159-11ef-bc93-c7b262605968-mgr-x[29446]:
2024-04-23T10:14:30.726+0000 7fbf914d9200 -1 mgr[py] Module rook has missing NOTIFY_TYPES member
2024-04-23T10:14:31.433 INFO:journalctl@ceph.mgr.x.smithi102.stdout:Apr 23 10:14:31 smithi102 ceph-a5996466-0159-11ef-bc93-c7b262605968-mgr-x[29446]:
2024-04-23T10:14:31.141+0000 7fbf914d9200 -1 mgr[py] Module volumes has missing NOTIFY_TYPES member
2024-04-23T10:14:31.433 INFO:journalctl@ceph.mgr.x.smithi102.stdout:Apr 23 10:14:31 smithi102 ceph-a5996466-0159-11ef-bc93-c7b262605968-mgr-x[29446]:
2024-04-23T10:14:31.235+0000 7fbf914d9200 -1 mgr[py] Module crash has missing NOTIFY_TYPES member
2024-04-23T10:14:31.433 INFO:journalctl@ceph.mgr.x.smithi102.stdout:Apr 23 10:14:31 smithi102 ceph-a5996466-0159-11ef-bc93-c7b262605968-mgr-x[29446]:
2024-04-23T10:14:31.433+0000 7fbf914d9200 -1 mgr[py] Module rgw has missing NOTIFY_TYPES member
2024-04-23T10:14:32.278 INFO:journalctl@ceph.mgr.x.smithi102.stdout:Apr 23 10:14:31 smithi102 ceph-a5996466-0159-11ef-bc93-c7b262605968-mgr-x[29446]:
2024-04-23T10:14:31.945+0000 7fbf914d9200 -1 mgr[py] Module prometheus has missing NOTIFY_TYPES member
2024-04-23T10:14:32.278 INFO:journalctl@ceph.mgr.x.smithi102.stdout:Apr 23 10:14:32 smithi102 ceph-a5996466-0159-11ef-bc93-c7b262605968-mgr-x[29446]:
2024-04-23T10:14:32.035+0000 7fbf914d9200 -1 mgr[py] Module devicehealth has missing NOTIFY_TYPES member
2024-04-23T10:14:32.622 INFO:journalctl@ceph.mgr.x.smithi102.stdout:Apr 23 10:14:32 smithi102 ceph-a5996466-0159-11ef-bc93-c7b262605968-mgr-x[29446]:
2024-04-23T10:14:32.278+0000 7fbf914d9200 -1 mgr[py] Module telemetry has missing NOTIFY_TYPES member
2024-04-23T10:14:32.622 INFO:journalctl@ceph.mgr.x.smithi102.stdout:Apr 23 10:14:32 smithi102 ceph-a5996466-0159-11ef-bc93-c7b262605968-mgr-x[29446]:
2024-04-23T10:14:32.411+0000 7fbf914d9200 -1 mgr[py] Module diskprediction_local has missing NOTIFY_TYPES member
2024-04-23T10:14:32.622 INFO:journalctl@ceph.mgr.x.smithi102.stdout:Apr 23 10:14:32 smithi102 ceph-a5996466-0159-11ef-bc93-c7b262605968-mgr-x[29446]:
2024-04-23T10:14:32.506+0000 7fbf914d9200 -1 mgr[py] Module osd_perf_query has missing NOTIFY_TYPES member
2024-04-23T10:14:32.622 INFO:journalctl@ceph.mgr.x.smithi102.stdout:Apr 23 10:14:32 smithi102 ceph-a5996466-0159-11ef-bc93-c7b262605968-mgr-x[29446]:
2024-04-23T10:14:32.622+0000 7fbf914d9200 -1 mgr[py] Module rbd_support has missing NOTIFY_TYPES member
2024-04-23T10:14:33.374 INFO:journalctl@ceph.mgr.x.smithi102.stdout:Apr 23 10:14:32 smithi102 ceph-a5996466-0159-11ef-bc93-c7b262605968-mgr-x[29446]:
2024-04-23T10:14:32.921+0000 7fbf914d9200 -1 mgr[py] Module zabbix has missing NOTIFY_TYPES member
2024-04-23T10:14:33.787 INFO:journalctl@ceph.mgr.x.smithi102.stdout:Apr 23 10:14:33 smithi102 ceph-a5996466-0159-11ef-bc93-c7b262605968-mgr-x[29446]:
2024-04-23T10:14:33.518+0000 7fbf914d9200 -1 mgr[py] Module status has missing NOTIFY_TYPES member
2024-04-23T10:14:33.787 INFO:journalctl@ceph.mgr.x.smithi102.stdout:Apr 23 10:14:33 smithi102 ceph-a5996466-0159-11ef-bc93-c7b262605968-mgr-x[29446]:
2024-04-23T10:14:33.735+0000 7fbf914d9200 -1 mgr[py] Module nfs has missing NOTIFY_TYPES member
2024-04-23T10:14:34.125 INFO:journalctl@ceph.mon.a.smithi102.stdout:Apr 23 10:14:33 smithi102 ceph-mon[29217]: Active manager daemon x restarted
2024-04-23T10:14:34.125 INFO:journalctl@ceph.mon.a.smithi102.stdout:Apr 23 10:14:33 smithi102 ceph-mon[29217]: Activating manager daemon x
2024-04-23T10:14:34.125 INFO:journalctl@ceph.mon.a.smithi102.stdout:Apr 23 10:14:33 smithi102 ceph-mon[29217]: osdmap e2: 0 total, 0 up, 0 in
2024-04-23T10:14:34.125 INFO:journalctl@ceph.mon.a.smithi102.stdout:Apr 23 10:14:33 smithi102 ceph-mon[29217]: mgrmap e6: x(active, starting, since 0.0034326s)
2024-04-23T10:14:34.125 INFO:journalctl@ceph.mon.a.smithi102.stdout:Apr 23 10:14:33 smithi102 ceph-mon[29217]: from='mgr.14120 172.21.15.102:0/1772531299' entity='mgr.x' cmd=[{"prefix": "mon metadata", "id": "a"}]: dispatch
2024-04-23T10:14:34.125 INFO:journalctl@ceph.mon.a.smithi102.stdout:Apr 23 10:14:33 smithi102 ceph-mon[29217]: from='mgr.14120 172.21.15.102:0/1772531299' entity='mgr.x' cmd=[{"prefix": "mgr metadata", "who": "x", "id": "x"}]: dispatch
2024-04-23T10:14:34.125 INFO:journalctl@ceph.mon.a.smithi102.stdout:Apr 23 10:14:33 smithi102 ceph-mon[29217]: from='mgr.14120 172.21.15.102:0/1772531299' entity='mgr.x' cmd=[{"prefix": "mds metadata"}]: dispatch
2024-04-23T10:14:34.125 INFO:journalctl@ceph.mon.a.smithi102.stdout:Apr 23 10:14:33 smithi102 ceph-mon[29217]: from='mgr.14120 172.21.15.102:0/1772531299' entity='mgr.x' cmd=[{"prefix": "osd metadata"}]: dispatch
2024-04-23T10:14:34.125 INFO:journalctl@ceph.mon.a.smithi102.stdout:Apr 23 10:14:33 smithi102 ceph-mon[29217]: from='mgr.14120 172.21.15.102:0/1772531299' entity='mgr.x' cmd=[{"prefix": "mon metadata"}]: dispatch
2024-04-23T10:14:34.126 INFO:journalctl@ceph.mon.a.smithi102.stdout:Apr 23 10:14:33 smithi102 ceph-mon[29217]: Manager daemon x is now available
2024-04-23T10:14:34.126 INFO:journalctl@ceph.mon.a.smithi102.stdout:Apr 23 10:14:33 smithi102 ceph-mon[29217]: from='mgr.14120 172.21.15.102:0/1772531299' entity='mgr.x'
2024-04-23T10:14:34.126 INFO:journalctl@ceph.mon.a.smithi102.stdout:Apr 23 10:14:33 smithi102 ceph-mon[29217]: from='mgr.14120 172.21.15.102:0/1772531299' entity='mgr.x'
2024-04-23T10:14:34.126 INFO:journalctl@ceph.mon.a.smithi102.stdout:Apr 23 10:14:33 smithi102 ceph-mon[29217]: from='mgr.14120 172.21.15.102:0/1772531299' entity='mgr.x' cmd=[{"prefix": "config dump", "format": "json"}]: dispatch
2024-04-23T10:14:34.126 INFO:journalctl@ceph.mon.a.smithi102.stdout:Apr 23 10:14:33 smithi102 ceph-mon[29217]: from='mgr.14120 172.21.15.102:0/1772531299' entity='mgr.x' cmd=[{"prefix": "config dump", "format": "json"}]: dispatch
2024-04-23T10:14:34.126 INFO:journalctl@ceph.mon.a.smithi102.stdout:Apr 23 10:14:33 smithi102 ceph-mon[29217]: from='mgr.14120 172.21.15.102:0/1772531299' entity='mgr.x' cmd=[{"prefix":"config rm","who":"mgr","name":"mgr/rbd_support/x/mirror_snapshot_schedule"}]: dispatch
2024-04-23T10:14:34.126 INFO:journalctl@ceph.mon.a.smithi102.stdout:Apr 23 10:14:33 smithi102 ceph-mon[29217]: from='mgr.14120 172.21.15.102:0/1772531299' entity='mgr.x' cmd=[{"prefix":"config rm","who":"mgr","name":"mgr/rbd_support/x/trash_purge_schedule"}]: dispatch
2024-04-23T10:14:35.049 INFO:journalctl@ceph.mon.a.smithi102.stdout:Apr 23 10:14:34 smithi102 ceph-mon[29217]: Found migration_current of "None". Setting to last migration.
2024-04-23T10:14:35.050 INFO:journalctl@ceph.mon.a.smithi102.stdout:Apr 23 10:14:34 smithi102 ceph-mon[29217]: from='mgr.14120 172.21.15.102:0/1772531299' entity='mgr.x'
2024-04-23T10:14:35.050 INFO:journalctl@ceph.mon.a.smithi102.stdout:Apr 23 10:14:34 smithi102 ceph-mon[29217]: from='mgr.14120 172.21.15.102:0/1772531299' entity='mgr.x'
2024-04-23T10:14:35.050 INFO:journalctl@ceph.mon.a.smithi102.stdout:Apr 23 10:14:34 smithi102 ceph-mon[29217]: from='mgr.14120 172.21.15.102:0/1772531299' entity='mgr.x' cmd=[{"prefix": "config dump", "format": "json"}]: dispatch
2024-04-23T10:14:35.050 INFO:journalctl@ceph.mon.a.smithi102.stdout:Apr 23 10:14:34 smithi102 ceph-mon[29217]: mgrmap e7: x(active, since 1.00572s)
2024-04-23T10:14:35.304 INFO:teuthology.orchestra.run.smithi102.stdout:/usr/bin/ceph: stdout {
2024-04-23T10:14:35.304 INFO:teuthology.orchestra.run.smithi102.stdout:/usr/bin/ceph: stdout "mgrmap_epoch": 7,
2024-04-23T10:14:35.304 INFO:teuthology.orchestra.run.smithi102.stdout:/usr/bin/ceph: stdout "initialized": true
2024-04-23T10:14:35.304 INFO:teuthology.orchestra.run.smithi102.stdout:/usr/bin/ceph: stdout }
2024-04-23T10:14:35.304 INFO:teuthology.orchestra.run.smithi102.stdout:/usr/bin/ceph: stderr
2024-04-23T10:14:29.299+0000 7f27c05b7700 1 Processor -- start
2024-04-23T10:14:35.304 INFO:teuthology.orchestra.run.smithi102.stdout:/usr/bin/ceph: stderr
2024-04-23T10:14:29.299+0000 7f27c05b7700 1 -- start start
2024-04-23T10:14:35.304 INFO:teuthology.orchestra.run.smithi102.stdout:/usr/bin/ceph: stderr
2024-04-23T10:14:29.299+0000 7f27c05b7700 1 --2- >> [v2:172.21.15.102:3300/0,v1:172.21.15.102:6789/0] conn(0x7f27b8108450 0x7f27b8108870 unknown :-1 s=NONE pgs=0 cs=0 l=0 rev1=0 crypto rx=0 tx=0 comp rx=0 tx=0).connect
2024-04-23T10:14:35.304 INFO:teuthology.orchestra.run.smithi102.stdout:/usr/bin/ceph: stderr
2024-04-23T10:14:29.299+0000 7f27c05b7700 1 -- --> [v2:172.21.15.102:3300/0,v1:172.21.15.102:6789/0] -- mon_getmap magic: 0 -- 0x7f27b8108e40 con 0x7f27b8108450
2024-04-23T10:14:35.304 INFO:teuthology.orchestra.run.smithi102.stdout:/usr/bin/ceph: stderr
2024-04-23T10:14:29.300+0000 7f27be353700 1 --2- >> [v2:172.21.15.102:3300/0,v1:172.21.15.102:6789/0] conn(0x7f27b8108450 0x7f27b8108870 unknown :-1 s=BANNER_CONNECTING pgs=0 cs=0 l=0 rev1=0 crypto rx=0 tx=0 comp rx=0 tx=0)._handle_peer_banner_payload supported=3 required=0
2024-04-23T10:14:35.304 INFO:teuthology.orchestra.run.smithi102.stdout:/usr/bin/ceph: stderr
2024-04-23T10:14:29.300+0000 7f27be353700 1 --2- >> [v2:172.21.15.102:3300/0,v1:172.21.15.102:6789/0] conn(0x7f27b8108450 0x7f27b8108870 unknown :-1 s=HELLO_CONNECTING pgs=0 cs=0 l=0 rev1=1 crypto rx=0 tx=0 comp rx=0 tx=0).handle_hello peer v2:172.21.15.102:3300/0 says I am v2:172.21.15.102:51834/0 (socket says 172.21.15.102:51834)
2024-04-23T10:14:35.305 INFO:teuthology.orchestra.run.smithi102.stdout:/usr/bin/ceph: stderr
2024-04-23T10:14:29.300+0000 7f27be353700 1 -- 172.21.15.102:0/3936758502 learned_addr learned my addr 172.21.15.102:0/3936758502 (peer_addr_for_me v2:172.21.15.102:0/0)
2024-04-23T10:14:35.305 INFO:teuthology.orchestra.run.smithi102.stdout:/usr/bin/ceph: stderr
2024-04-23T10:14:29.300+0000 7f27be353700 1 -- 172.21.15.102:0/3936758502 --> [v2:172.21.15.102:3300/0,v1:172.21.15.102:6789/0] -- mon_subscribe({config=0+,monmap=0+}) -- 0x7f27b81095b0 con 0x7f27b8108450
2024-04-23T10:14:35.305 INFO:teuthology.orchestra.run.smithi102.stdout:/usr/bin/ceph: stderr
2024-04-23T10:14:29.300+0000 7f27be353700 1 --2- 172.21.15.102:0/3936758502 >> [v2:172.21.15.102:3300/0,v1:172.21.15.102:6789/0] conn(0x7f27b8108450 0x7f27b8108870 secure :-1 s=READY pgs=28 cs=0 l=1 rev1=1 crypto rx=0x7f27a80098a0 tx=0x7f27a8009bb0 comp rx=0 tx=0).ready entity=mon.0 client_cookie=47a9444854dfe4ea server_cookie=0 in_seq=0 out_seq=0
2024-04-23T10:14:35.305 INFO:teuthology.orchestra.run.smithi102.stdout:/usr/bin/ceph: stderr
2024-04-23T10:14:29.300+0000 7f27bd351700 1 -- 172.21.15.102:0/3936758502 <== mon.0 v2:172.21.15.102:3300/0 1 ==== mon_map magic: 0 ==== 205+0+0 (secure 0 0 0) 0x7f27a8004160 con 0x7f27b8108450
2024-04-23T10:14:35.305 INFO:teuthology.orchestra.run.smithi102.stdout:/usr/bin/ceph: stderr
2024-04-23T10:14:29.300+0000 7f27bd351700 1 -- 172.21.15.102:0/3936758502 <== mon.0 v2:172.21.15.102:3300/0 2 ==== config(26 keys) ==== 1070+0+0 (secure 0 0 0) 0x7f27a8004300 con 0x7f27b8108450
2024-04-23T10:14:35.305 INFO:teuthology.orchestra.run.smithi102.stdout:/usr/bin/ceph: stderr
2024-04-23T10:14:29.300+0000 7f27bd351700 1 -- 172.21.15.102:0/3936758502 <== mon.0 v2:172.21.15.102:3300/0 3 ==== mon_map magic: 0 ==== 205+0+0 (secure 0 0 0) 0x7f27a8011af0 con 0x7f27b8108450
2024-04-23T10:14:35.305 INFO:teuthology.orchestra.run.smithi102.stdout:/usr/bin/ceph: stderr
2024-04-23T10:14:29.301+0000 7f27c05b7700 1 -- 172.21.15.102:0/3936758502 >> [v2:172.21.15.102:3300/0,v1:172.21.15.102:6789/0] conn(0x7f27b8108450 msgr2=0x7f27b8108870 secure :-1 s=STATE_CONNECTION_ESTABLISHED l=1).mark_down
2024-04-23T10:14:35.305 INFO:teuthology.orchestra.run.smithi102.stdout:/usr/bin/ceph: stderr
2024-04-23T10:14:29.301+0000 7f27c05b7700 1 --2- 172.21.15.102:0/3936758502 >> [v2:172.21.15.102:3300/0,v1:172.21.15.102:6789/0] conn(0x7f27b8108450 0x7f27b8108870 secure :-1 s=READY pgs=28 cs=0 l=1 rev1=1 crypto rx=0x7f27a80098a0 tx=0x7f27a8009bb0 comp rx=0 tx=0).stop
2024-04-23T10:14:35.305 INFO:teuthology.orchestra.run.smithi102.stdout:/usr/bin/ceph: stderr
2024-04-23T10:14:29.301+0000 7f27c05b7700 1 -- 172.21.15.102:0/3936758502 shutdown_connections
2024-04-23T10:14:35.305 INFO:teuthology.orchestra.run.smithi102.stdout:/usr/bin/ceph: stderr
2024-04-23T10:14:29.301+0000 7f27c05b7700 1 --2- 172.21.15.102:0/3936758502 >> [v2:172.21.15.102:3300/0,v1:172.21.15.102:6789/0] conn(0x7f27b8108450 0x7f27b8108870 unknown :-1 s=CLOSED pgs=28 cs=0 l=1 rev1=1 crypto rx=0 tx=0 comp rx=0 tx=0).stop
2024-04-23T10:14:35.306 INFO:teuthology.orchestra.run.smithi102.stdout:/usr/bin/ceph: stderr
2024-04-23T10:14:29.301+0000 7f27c05b7700 1 -- 172.21.15.102:0/3936758502 >> 172.21.15.102:0/3936758502 conn(0x7f27b8103a30 msgr2=0x7f27b8105e50 unknown :-1 s=STATE_NONE l=0).mark_down
2024-04-23T10:14:35.306 INFO:teuthology.orchestra.run.smithi102.stdout:/usr/bin/ceph: stderr
2024-04-23T10:14:29.301+0000 7f27c05b7700 1 -- 172.21.15.102:0/3936758502 shutdown_connections
2024-04-23T10:14:35.306 INFO:teuthology.orchestra.run.smithi102.stdout:/usr/bin/ceph: stderr
2024-04-23T10:14:29.301+0000 7f27c05b7700 1 -- 172.21.15.102:0/3936758502 wait complete.
2024-04-23T10:14:35.306 INFO:teuthology.orchestra.run.smithi102.stdout:/usr/bin/ceph: stderr
2024-04-23T10:14:29.301+0000 7f27c05b7700 1 Processor -- start
2024-04-23T10:14:35.306 INFO:teuthology.orchestra.run.smithi102.stdout:/usr/bin/ceph: stderr
2024-04-23T10:14:29.302+0000 7f27c05b7700 1 -- start start
2024-04-23T10:14:35.306 INFO:teuthology.orchestra.run.smithi102.stdout:/usr/bin/ceph: stderr
2024-04-23T10:14:29.302+0000 7f27c05b7700 1 --2- >> [v2:172.21.15.102:3300/0,v1:172.21.15.102:6789/0] conn(0x7f27b8108450 0x7f27b807db90 unknown :-1 s=NONE pgs=0 cs=0 l=1 rev1=0 crypto rx=0 tx=0 comp rx=0 tx=0).connect
2024-04-23T10:14:35.306 INFO:teuthology.orchestra.run.smithi102.stdout:/usr/bin/ceph: stderr
2024-04-23T10:14:29.302+0000 7f27c05b7700 1 -- --> [v2:172.21.15.102:3300/0,v1:172.21.15.102:6789/0] -- mon_getmap magic: 0 -- 0x7f27b810c960 con 0x7f27b8108450
2024-04-23T10:14:35.306 INFO:teuthology.orchestra.run.smithi102.stdout:/usr/bin/ceph: stderr
2024-04-23T10:14:29.302+0000 7f27be353700 1 --2- >> [v2:172.21.15.102:3300/0,v1:172.21.15.102:6789/0] conn(0x7f27b8108450 0x7f27b807db90 unknown :-1 s=BANNER_CONNECTING pgs=0 cs=0 l=1 rev1=0 crypto rx=0 tx=0 comp rx=0 tx=0)._handle_peer_banner_payload supported=3 required=0
2024-04-23T10:14:35.306 INFO:teuthology.orchestra.run.smithi102.stdout:/usr/bin/ceph: stderr
2024-04-23T10:14:29.302+0000 7f27be353700 1 --2- >> [v2:172.21.15.102:3300/0,v1:172.21.15.102:6789/0] conn(0x7f27b8108450 0x7f27b807db90 unknown :-1 s=HELLO_CONNECTING pgs=0 cs=0 l=1 rev1=1 crypto rx=0 tx=0 comp rx=0 tx=0).handle_hello peer v2:172.21.15.102:3300/0 says I am v2:172.21.15.102:51848/0 (socket says 172.21.15.102:51848)
2024-04-23T10:14:35.306 INFO:teuthology.orchestra.run.smithi102.stdout:/usr/bin/ceph: stderr
2024-04-23T10:14:29.302+0000 7f27be353700 1 -- 172.21.15.102:0/4238416594 learned_addr learned my addr 172.21.15.102:0/4238416594 (peer_addr_for_me v2:172.21.15.102:0/0)
2024-04-23T10:14:35.306 INFO:teuthology.orchestra.run.smithi102.stdout:/usr/bin/ceph: stderr
2024-04-23T10:14:29.302+0000 7f27be353700 1 -- 172.21.15.102:0/4238416594 --> [v2:172.21.15.102:3300/0,v1:172.21.15.102:6789/0] -- mon_subscribe({config=0+,monmap=0+}) -- 0x7f27b807e0d0 con 0x7f27b8108450
2024-04-23T10:14:35.307 INFO:teuthology.orchestra.run.smithi102.stdout:/usr/bin/ceph: stderr
2024-04-23T10:14:29.302+0000 7f27be353700 1 --2- 172.21.15.102:0/4238416594 >> [v2:172.21.15.102:3300/0,v1:172.21.15.102:6789/0] conn(0x7f27b8108450 0x7f27b807db90 secure :-1 s=READY pgs=29 cs=0 l=1 rev1=1 crypto rx=0x7f27a8000c00 tx=0x7f27a8011b70 comp rx=0 tx=0).ready entity=mon.0 client_cookie=0 server_cookie=0 in_seq=0 out_seq=0
2024-04-23T10:14:35.307 INFO:teuthology.orchestra.run.smithi102.stdout:/usr/bin/ceph: stderr
2024-04-23T10:14:29.302+0000 7f27af7fe700 1 -- 172.21.15.102:0/4238416594 <== mon.0 v2:172.21.15.102:3300/0 1 ==== mon_map magic: 0 ==== 205+0+0 (secure 0 0 0) 0x7f27a8003b20 con 0x7f27b8108450
2024-04-23T10:14:35.307 INFO:teuthology.orchestra.run.smithi102.stdout:/usr/bin/ceph: stderr
2024-04-23T10:14:29.302+0000 7f27af7fe700 1 -- 172.21.15.102:0/4238416594 <== mon.0 v2:172.21.15.102:3300/0 2 ==== config(26 keys) ==== 1070+0+0 (secure 0 0 0) 0x7f27a801a8c0 con 0x7f27b8108450
2024-04-23T10:14:35.307 INFO:teuthology.orchestra.run.smithi102.stdout:/usr/bin/ceph: stderr
2024-04-23T10:14:29.302+0000 7f27c05b7700 1 -- 172.21.15.102:0/4238416594 --> [v2:172.21.15.102:3300/0,v1:172.21.15.102:6789/0] -- mon_subscribe({mgrmap=0+}) -- 0x7f27b807c2c0 con 0x7f27b8108450
