2024-04-23T18:05:54.802+0000 7fa242cc4700 1 --2- 172.21.15.92:0/691256243 >> [v2:172.21.15.92:3300/0,v1:172.21.15.92:6789/0] conn(0x7fa23c1083a0 0x7fa23c1087c0 secure :-1 s=READY pgs=47 cs=0 l=1 rev1=1 crypto rx=0x7fa2300098a0 tx=0x7fa230009bb0 comp rx=0 tx=0).stop
2024-04-23T18:05:56.522 INFO:teuthology.orchestra.run.smithi092.stdout:/usr/bin/ceph: stderr
2024-04-23T18:05:54.802+0000 7fa242cc4700 1 -- 172.21.15.92:0/691256243 shutdown_connections
2024-04-23T18:05:56.523 INFO:teuthology.orchestra.run.smithi092.stdout:/usr/bin/ceph: stderr
2024-04-23T18:05:54.802+0000 7fa242cc4700 1 --2- 172.21.15.92:0/691256243 >> [v2:172.21.15.92:3300/0,v1:172.21.15.92:6789/0] conn(0x7fa23c1083a0 0x7fa23c1087c0 unknown :-1 s=CLOSED pgs=47 cs=0 l=1 rev1=1 crypto rx=0 tx=0 comp rx=0 tx=0).stop
2024-04-23T18:05:56.523 INFO:teuthology.orchestra.run.smithi092.stdout:/usr/bin/ceph: stderr
2024-04-23T18:05:54.802+0000 7fa242cc4700 1 -- 172.21.15.92:0/691256243 >> 172.21.15.92:0/691256243 conn(0x7fa23c103940 msgr2=0x7fa23c105d80 unknown :-1 s=STATE_NONE l=0).mark_down
2024-04-23T18:05:56.523 INFO:teuthology.orchestra.run.smithi092.stdout:/usr/bin/ceph: stderr
2024-04-23T18:05:54.802+0000 7fa242cc4700 1 -- 172.21.15.92:0/691256243 shutdown_connections
2024-04-23T18:05:56.523 INFO:teuthology.orchestra.run.smithi092.stdout:/usr/bin/ceph: stderr
2024-04-23T18:05:54.802+0000 7fa242cc4700 1 -- 172.21.15.92:0/691256243 wait complete.
2024-04-23T18:05:56.523 INFO:teuthology.orchestra.run.smithi092.stdout:/usr/bin/ceph: stderr
2024-04-23T18:05:54.802+0000 7fa242cc4700 1 Processor -- start
2024-04-23T18:05:56.523 INFO:teuthology.orchestra.run.smithi092.stdout:/usr/bin/ceph: stderr
2024-04-23T18:05:54.802+0000 7fa242cc4700 1 -- start start
2024-04-23T18:05:56.523 INFO:teuthology.orchestra.run.smithi092.stdout:/usr/bin/ceph: stderr
2024-04-23T18:05:54.803+0000 7fa242cc4700 1 --2- >> [v2:172.21.15.92:3300/0,v1:172.21.15.92:6789/0] conn(0x7fa23c1083a0 0x7fa23c07db60 unknown :-1 s=NONE pgs=0 cs=0 l=1 rev1=0 crypto rx=0 tx=0 comp rx=0 tx=0).connect
2024-04-23T18:05:56.523 INFO:teuthology.orchestra.run.smithi092.stdout:/usr/bin/ceph: stderr
2024-04-23T18:05:54.803+0000 7fa242cc4700 1 -- --> [v2:172.21.15.92:3300/0,v1:172.21.15.92:6789/0] -- mon_getmap magic: 0 -- 0x7fa23c10c900 con 0x7fa23c1083a0
2024-04-23T18:05:56.523 INFO:teuthology.orchestra.run.smithi092.stdout:/usr/bin/ceph: stderr
2024-04-23T18:05:54.803+0000 7fa240a60700 1 --2- >> [v2:172.21.15.92:3300/0,v1:172.21.15.92:6789/0] conn(0x7fa23c1083a0 0x7fa23c07db60 unknown :-1 s=BANNER_CONNECTING pgs=0 cs=0 l=1 rev1=0 crypto rx=0 tx=0 comp rx=0 tx=0)._handle_peer_banner_payload supported=3 required=0
2024-04-23T18:05:56.523 INFO:teuthology.orchestra.run.smithi092.stdout:/usr/bin/ceph: stderr
2024-04-23T18:05:54.803+0000 7fa240a60700 1 --2- >> [v2:172.21.15.92:3300/0,v1:172.21.15.92:6789/0] conn(0x7fa23c1083a0 0x7fa23c07db60 unknown :-1 s=HELLO_CONNECTING pgs=0 cs=0 l=1 rev1=1 crypto rx=0 tx=0 comp rx=0 tx=0).handle_hello peer v2:172.21.15.92:3300/0 says I am v2:172.21.15.92:41510/0 (socket says 172.21.15.92:41510)
2024-04-23T18:05:56.523 INFO:teuthology.orchestra.run.smithi092.stdout:/usr/bin/ceph: stderr
2024-04-23T18:05:54.803+0000 7fa240a60700 1 -- 172.21.15.92:0/1359075127 learned_addr learned my addr 172.21.15.92:0/1359075127 (peer_addr_for_me v2:172.21.15.92:0/0)
2024-04-23T18:05:56.523 INFO:teuthology.orchestra.run.smithi092.stdout:/usr/bin/ceph: stderr
2024-04-23T18:05:54.803+0000 7fa240a60700 1 -- 172.21.15.92:0/1359075127 --> [v2:172.21.15.92:3300/0,v1:172.21.15.92:6789/0] -- mon_subscribe({config=0+,monmap=0+}) -- 0x7fa23c07e0a0 con 0x7fa23c1083a0
2024-04-23T18:05:56.523 INFO:teuthology.orchestra.run.smithi092.stdout:/usr/bin/ceph: stderr
2024-04-23T18:05:54.803+0000 7fa240a60700 1 --2- 172.21.15.92:0/1359075127 >> [v2:172.21.15.92:3300/0,v1:172.21.15.92:6789/0] conn(0x7fa23c1083a0 0x7fa23c07db60 secure :-1 s=READY pgs=48 cs=0 l=1 rev1=1 crypto rx=0x7fa230000c00 tx=0x7fa230011b70 comp rx=0 tx=0).ready entity=mon.0 client_cookie=0 server_cookie=0 in_seq=0 out_seq=0
2024-04-23T18:05:56.524 INFO:teuthology.orchestra.run.smithi092.stdout:/usr/bin/ceph: stderr
2024-04-23T18:05:54.803+0000 7fa239ffb700 1 -- 172.21.15.92:0/1359075127 <== mon.0 v2:172.21.15.92:3300/0 1 ==== mon_map magic: 0 ==== 205+0+0 (secure 0 0 0) 0x7fa230003b20 con 0x7fa23c1083a0
2024-04-23T18:05:56.524 INFO:teuthology.orchestra.run.smithi092.stdout:/usr/bin/ceph: stderr
2024-04-23T18:05:54.803+0000 7fa239ffb700 1 -- 172.21.15.92:0/1359075127 <== mon.0 v2:172.21.15.92:3300/0 2 ==== config(26 keys) ==== 1070+0+0 (secure 0 0 0) 0x7fa23001a8c0 con 0x7fa23c1083a0
2024-04-23T18:05:56.524 INFO:teuthology.orchestra.run.smithi092.stdout:/usr/bin/ceph: stderr
2024-04-23T18:05:54.803+0000 7fa242cc4700 1 -- 172.21.15.92:0/1359075127 --> [v2:172.21.15.92:3300/0,v1:172.21.15.92:6789/0] -- mon_subscribe({mgrmap=0+}) -- 0x7fa23c07c290 con 0x7fa23c1083a0
2024-04-23T18:05:56.524 INFO:teuthology.orchestra.run.smithi092.stdout:/usr/bin/ceph: stderr
2024-04-23T18:05:54.803+0000 7fa239ffb700 1 -- 172.21.15.92:0/1359075127 <== mon.0 v2:172.21.15.92:3300/0 3 ==== mon_map magic: 0 ==== 205+0+0 (secure 0 0 0) 0x7fa230024940 con 0x7fa23c1083a0
2024-04-23T18:05:56.524 INFO:teuthology.orchestra.run.smithi092.stdout:/usr/bin/ceph: stderr
2024-04-23T18:05:54.803+0000 7fa242cc4700 1 -- 172.21.15.92:0/1359075127 --> [v2:172.21.15.92:3300/0,v1:172.21.15.92:6789/0] -- mon_subscribe({osdmap=0}) -- 0x7fa23c07c7d0 con 0x7fa23c1083a0
2024-04-23T18:05:56.524 INFO:teuthology.orchestra.run.smithi092.stdout:/usr/bin/ceph: stderr
2024-04-23T18:05:54.804+0000 7fa239ffb700 1 -- 172.21.15.92:0/1359075127 <== mon.0 v2:172.21.15.92:3300/0 4 ==== mgrmap(e 8) ==== 46558+0+0 (secure 0 0 0) 0x7fa230022020 con 0x7fa23c1083a0
2024-04-23T18:05:56.524 INFO:teuthology.orchestra.run.smithi092.stdout:/usr/bin/ceph: stderr
2024-04-23T18:05:54.804+0000 7fa242cc4700 1 -- 172.21.15.92:0/1359075127 --> [v2:172.21.15.92:3300/0,v1:172.21.15.92:6789/0] -- mon_command({"prefix": "get_command_descriptions"} v 0) -- 0x7fa23c0640a0 con 0x7fa23c1083a0
2024-04-23T18:05:56.524 INFO:teuthology.orchestra.run.smithi092.stdout:/usr/bin/ceph: stderr
2024-04-23T18:05:54.804+0000 7fa239ffb700 1 --2- 172.21.15.92:0/1359075127 >> [v2:172.21.15.92:6800/1202804029,v1:172.21.15.92:6801/1202804029] conn(0x7fa22c039670 0x7fa22c03bb30 unknown :-1 s=NONE pgs=0 cs=0 l=1 rev1=0 crypto rx=0 tx=0 comp rx=0 tx=0).connect
2024-04-23T18:05:56.524 INFO:teuthology.orchestra.run.smithi092.stdout:/usr/bin/ceph: stderr
2024-04-23T18:05:54.804+0000 7fa239ffb700 1 -- 172.21.15.92:0/1359075127 <== mon.0 v2:172.21.15.92:3300/0 5 ==== osd_map(2..2 src has 1..2) ==== 940+0+0 (secure 0 0 0) 0x7fa23004d950 con 0x7fa23c1083a0
2024-04-23T18:05:56.524 INFO:teuthology.orchestra.run.smithi092.stdout:/usr/bin/ceph: stderr
2024-04-23T18:05:54.805+0000 7fa23bfff700 1 --2- 172.21.15.92:0/1359075127 >> [v2:172.21.15.92:6800/1202804029,v1:172.21.15.92:6801/1202804029] conn(0x7fa22c039670 0x7fa22c03bb30 unknown :-1 s=BANNER_CONNECTING pgs=0 cs=0 l=1 rev1=0 crypto rx=0 tx=0 comp rx=0 tx=0)._handle_peer_banner_payload supported=3 required=0
2024-04-23T18:05:56.524 INFO:teuthology.orchestra.run.smithi092.stdout:/usr/bin/ceph: stderr
2024-04-23T18:05:54.805+0000 7fa23bfff700 1 --2- 172.21.15.92:0/1359075127 >> [v2:172.21.15.92:6800/1202804029,v1:172.21.15.92:6801/1202804029] conn(0x7fa22c039670 0x7fa22c03bb30 secure :-1 s=READY pgs=12 cs=0 l=1 rev1=1 crypto rx=0x7fa228006fd0 tx=0x7fa228006e40 comp rx=0 tx=0).ready entity=mgr.14120 client_cookie=0 server_cookie=0 in_seq=0 out_seq=0
2024-04-23T18:05:56.524 INFO:teuthology.orchestra.run.smithi092.stdout:/usr/bin/ceph: stderr
2024-04-23T18:05:54.810+0000 7fa239ffb700 1 -- 172.21.15.92:0/1359075127 <== mon.0 v2:172.21.15.92:3300/0 6 ==== mon_command_ack([{"prefix": "get_command_descriptions"}]=0 v0) ==== 72+0+188370 (secure 0 0 0) 0x7fa23000b5a0 con 0x7fa23c1083a0
2024-04-23T18:05:56.524 INFO:teuthology.orchestra.run.smithi092.stdout:/usr/bin/ceph: stderr
2024-04-23T18:05:55.029+0000 7fa242cc4700 1 -- 172.21.15.92:0/1359075127 --> [v2:172.21.15.92:6800/1202804029,v1:172.21.15.92:6801/1202804029] -- mgr_command(tid 0: {"prefix": "orch apply", "service_type": "mon", "unmanaged": true, "target": ["mon-mgr", ""]}) -- 0x7fa23c104ab0 con 0x7fa22c039670
2024-04-23T18:05:56.524 INFO:teuthology.orchestra.run.smithi092.stdout:/usr/bin/ceph: stderr
2024-04-23T18:05:55.036+0000 7fa239ffb700 1 -- 172.21.15.92:0/1359075127 <== mgr.14120 v2:172.21.15.92:6800/1202804029 1 ==== mgr_command_reply(tid 0: 0 ) ==== 8+0+24 (secure 0 0 0) 0x7fa23c104ab0 con 0x7fa22c039670
2024-04-23T18:05:56.525 INFO:teuthology.orchestra.run.smithi092.stdout:/usr/bin/ceph: stderr
2024-04-23T18:05:55.038+0000 7fa242cc4700 1 -- 172.21.15.92:0/1359075127 >> [v2:172.21.15.92:6800/1202804029,v1:172.21.15.92:6801/1202804029] conn(0x7fa22c039670 msgr2=0x7fa22c03bb30 secure :-1 s=STATE_CONNECTION_ESTABLISHED l=1).mark_down
2024-04-23T18:05:56.525 INFO:teuthology.orchestra.run.smithi092.stdout:/usr/bin/ceph: stderr
2024-04-23T18:05:55.038+0000 7fa242cc4700 1 --2- 172.21.15.92:0/1359075127 >> [v2:172.21.15.92:6800/1202804029,v1:172.21.15.92:6801/1202804029] conn(0x7fa22c039670 0x7fa22c03bb30 secure :-1 s=READY pgs=12 cs=0 l=1 rev1=1 crypto rx=0x7fa228006fd0 tx=0x7fa228006e40 comp rx=0 tx=0).stop
2024-04-23T18:05:56.525 INFO:teuthology.orchestra.run.smithi092.stdout:/usr/bin/ceph: stderr
2024-04-23T18:05:55.038+0000 7fa242cc4700 1 -- 172.21.15.92:0/1359075127 >> [v2:172.21.15.92:3300/0,v1:172.21.15.92:6789/0] conn(0x7fa23c1083a0 msgr2=0x7fa23c07db60 secure :-1 s=STATE_CONNECTION_ESTABLISHED l=1).mark_down
2024-04-23T18:05:56.525 INFO:teuthology.orchestra.run.smithi092.stdout:/usr/bin/ceph: stderr
2024-04-23T18:05:55.038+0000 7fa242cc4700 1 --2- 172.21.15.92:0/1359075127 >> [v2:172.21.15.92:3300/0,v1:172.21.15.92:6789/0] conn(0x7fa23c1083a0 0x7fa23c07db60 secure :-1 s=READY pgs=48 cs=0 l=1 rev1=1 crypto rx=0x7fa230000c00 tx=0x7fa230011b70 comp rx=0 tx=0).stop
2024-04-23T18:05:56.525 INFO:teuthology.orchestra.run.smithi092.stdout:/usr/bin/ceph: stderr
2024-04-23T18:05:55.039+0000 7fa242cc4700 1 -- 172.21.15.92:0/1359075127 shutdown_connections
2024-04-23T18:05:56.525 INFO:teuthology.orchestra.run.smithi092.stdout:/usr/bin/ceph: stderr
2024-04-23T18:05:55.039+0000 7fa242cc4700 1 --2- 172.21.15.92:0/1359075127 >> [v2:172.21.15.92:6800/1202804029,v1:172.21.15.92:6801/1202804029] conn(0x7fa22c039670 0x7fa22c03bb30 unknown :-1 s=CLOSED pgs=12 cs=0 l=1 rev1=1 crypto rx=0 tx=0 comp rx=0 tx=0).stop
2024-04-23T18:05:56.525 INFO:teuthology.orchestra.run.smithi092.stdout:/usr/bin/ceph: stderr
2024-04-23T18:05:55.039+0000 7fa242cc4700 1 --2- 172.21.15.92:0/1359075127 >> [v2:172.21.15.92:3300/0,v1:172.21.15.92:6789/0] conn(0x7fa23c1083a0 0x7fa23c07db60 unknown :-1 s=CLOSED pgs=48 cs=0 l=1 rev1=1 crypto rx=0 tx=0 comp rx=0 tx=0).stop
2024-04-23T18:05:56.525 INFO:teuthology.orchestra.run.smithi092.stdout:/usr/bin/ceph: stderr
2024-04-23T18:05:55.039+0000 7fa242cc4700 1 -- 172.21.15.92:0/1359075127 >> 172.21.15.92:0/1359075127 conn(0x7fa23c103940 msgr2=0x7fa23c1043a0 unknown :-1 s=STATE_NONE l=0).mark_down
2024-04-23T18:05:56.525 INFO:teuthology.orchestra.run.smithi092.stdout:/usr/bin/ceph: stderr
2024-04-23T18:05:55.039+0000 7fa242cc4700 1 -- 172.21.15.92:0/1359075127 shutdown_connections
2024-04-23T18:05:56.525 INFO:teuthology.orchestra.run.smithi092.stdout:/usr/bin/ceph: stderr
2024-04-23T18:05:55.039+0000 7fa242cc4700 1 -- 172.21.15.92:0/1359075127 wait complete.
2024-04-23T18:05:56.525 INFO:teuthology.orchestra.run.smithi092.stdout:Deploying unmanaged mgr service...
2024-04-23T18:05:57.836 INFO:journalctl@ceph.mon.a.smithi092.stdout:Apr 23 18:05:57 smithi092 ceph-mon[29200]: from='mgr.14120 172.21.15.92:0/2549936303' entity='mgr.x'
2024-04-23T18:05:57.836 INFO:journalctl@ceph.mon.a.smithi092.stdout:Apr 23 18:05:57 smithi092 ceph-mon[29200]: from='mgr.14120 172.21.15.92:0/2549936303' entity='mgr.x'
2024-04-23T18:05:57.844 INFO:teuthology.orchestra.run.smithi092.stdout:/usr/bin/ceph: stdout Scheduled mgr update...
2024-04-23T18:05:57.844 INFO:teuthology.orchestra.run.smithi092.stdout:/usr/bin/ceph: stderr
2024-04-23T18:05:56.990+0000 7f8e2c9c1700 1 Processor -- start
2024-04-23T18:05:57.844 INFO:teuthology.orchestra.run.smithi092.stdout:/usr/bin/ceph: stderr
2024-04-23T18:05:56.990+0000 7f8e2c9c1700 1 -- start start
2024-04-23T18:05:57.844 INFO:teuthology.orchestra.run.smithi092.stdout:/usr/bin/ceph: stderr
2024-04-23T18:05:56.990+0000 7f8e2c9c1700 1 --2- >> [v2:172.21.15.92:3300/0,v1:172.21.15.92:6789/0] conn(0x7f8e28108de0 0x7f8e2810b1d0 unknown :-1 s=NONE pgs=0 cs=0 l=0 rev1=0 crypto rx=0 tx=0 comp rx=0 tx=0).connect
2024-04-23T18:05:57.844 INFO:teuthology.orchestra.run.smithi092.stdout:/usr/bin/ceph: stderr
2024-04-23T18:05:56.990+0000 7f8e2c9c1700 1 -- --> [v2:172.21.15.92:3300/0,v1:172.21.15.92:6789/0] -- mon_getmap magic: 0 -- 0x7f8e2807be60 con 0x7f8e28108de0
2024-04-23T18:05:57.845 INFO:teuthology.orchestra.run.smithi092.stdout:/usr/bin/ceph: stderr
2024-04-23T18:05:56.990+0000 7f8e2659c700 1 --2- >> [v2:172.21.15.92:3300/0,v1:172.21.15.92:6789/0] conn(0x7f8e28108de0 0x7f8e2810b1d0 unknown :-1 s=BANNER_CONNECTING pgs=0 cs=0 l=0 rev1=0 crypto rx=0 tx=0 comp rx=0 tx=0)._handle_peer_banner_payload supported=3 required=0
2024-04-23T18:05:57.845 INFO:teuthology.orchestra.run.smithi092.stdout:/usr/bin/ceph: stderr
2024-04-23T18:05:56.990+0000 7f8e2659c700 1 --2- >> [v2:172.21.15.92:3300/0,v1:172.21.15.92:6789/0] conn(0x7f8e28108de0 0x7f8e2810b1d0 unknown :-1 s=HELLO_CONNECTING pgs=0 cs=0 l=0 rev1=1 crypto rx=0 tx=0 comp rx=0 tx=0).handle_hello peer v2:172.21.15.92:3300/0 says I am v2:172.21.15.92:41524/0 (socket says 172.21.15.92:41524)
2024-04-23T18:05:57.845 INFO:teuthology.orchestra.run.smithi092.stdout:/usr/bin/ceph: stderr
2024-04-23T18:05:56.990+0000 7f8e2659c700 1 -- 172.21.15.92:0/3926979399 learned_addr learned my addr 172.21.15.92:0/3926979399 (peer_addr_for_me v2:172.21.15.92:0/0)
2024-04-23T18:05:57.845 INFO:teuthology.orchestra.run.smithi092.stdout:/usr/bin/ceph: stderr
2024-04-23T18:05:56.991+0000 7f8e2659c700 1 -- 172.21.15.92:0/3926979399 --> [v2:172.21.15.92:3300/0,v1:172.21.15.92:6789/0] -- mon_subscribe({config=0+,monmap=0+}) -- 0x7f8e2810b710 con 0x7f8e28108de0
2024-04-23T18:05:57.845 INFO:teuthology.orchestra.run.smithi092.stdout:/usr/bin/ceph: stderr
2024-04-23T18:05:56.991+0000 7f8e2659c700 1 --2- 172.21.15.92:0/3926979399 >> [v2:172.21.15.92:3300/0,v1:172.21.15.92:6789/0] conn(0x7f8e28108de0 0x7f8e2810b1d0 secure :-1 s=READY pgs=49 cs=0 l=1 rev1=1 crypto rx=0x7f8e180098a0 tx=0x7f8e18009bb0 comp rx=0 tx=0).ready entity=mon.0 client_cookie=10ce08cbca0f41dc server_cookie=0 in_seq=0 out_seq=0
2024-04-23T18:05:57.845 INFO:teuthology.orchestra.run.smithi092.stdout:/usr/bin/ceph: stderr
2024-04-23T18:05:56.991+0000 7f8e2559a700 1 -- 172.21.15.92:0/3926979399 <== mon.0 v2:172.21.15.92:3300/0 1 ==== mon_map magic: 0 ==== 205+0+0 (secure 0 0 0) 0x7f8e18004160 con 0x7f8e28108de0
2024-04-23T18:05:57.845 INFO:teuthology.orchestra.run.smithi092.stdout:/usr/bin/ceph: stderr
2024-04-23T18:05:56.991+0000 7f8e2559a700 1 -- 172.21.15.92:0/3926979399 <== mon.0 v2:172.21.15.92:3300/0 2 ==== config(26 keys) ==== 1101+0+0 (secure 0 0 0) 0x7f8e18004300 con 0x7f8e28108de0
2024-04-23T18:05:57.845 INFO:teuthology.orchestra.run.smithi092.stdout:/usr/bin/ceph: stderr
2024-04-23T18:05:56.991+0000 7f8e2559a700 1 -- 172.21.15.92:0/3926979399 <== mon.0 v2:172.21.15.92:3300/0 3 ==== mon_map magic: 0 ==== 205+0+0 (secure 0 0 0) 0x7f8e18011a20 con 0x7f8e28108de0
2024-04-23T18:05:57.845 INFO:teuthology.orchestra.run.smithi092.stdout:/usr/bin/ceph: stderr
2024-04-23T18:05:56.992+0000 7f8e2c9c1700 1 -- 172.21.15.92:0/3926979399 >> [v2:172.21.15.92:3300/0,v1:172.21.15.92:6789/0] conn(0x7f8e28108de0 msgr2=0x7f8e2810b1d0 secure :-1 s=STATE_CONNECTION_ESTABLISHED l=1).mark_down
2024-04-23T18:05:57.845 INFO:teuthology.orchestra.run.smithi092.stdout:/usr/bin/ceph: stderr
2024-04-23T18:05:56.992+0000 7f8e2c9c1700 1 --2- 172.21.15.92:0/3926979399 >> [v2:172.21.15.92:3300/0,v1:172.21.15.92:6789/0] conn(0x7f8e28108de0 0x7f8e2810b1d0 secure :-1 s=READY pgs=49 cs=0 l=1 rev1=1 crypto rx=0x7f8e180098a0 tx=0x7f8e18009bb0 comp rx=0 tx=0).stop
2024-04-23T18:05:57.845 INFO:teuthology.orchestra.run.smithi092.stdout:/usr/bin/ceph: stderr
2024-04-23T18:05:56.992+0000 7f8e2c9c1700 1 -- 172.21.15.92:0/3926979399 shutdown_connections
2024-04-23T18:05:57.845 INFO:teuthology.orchestra.run.smithi092.stdout:/usr/bin/ceph: stderr
2024-04-23T18:05:56.992+0000 7f8e2c9c1700 1 --2- 172.21.15.92:0/3926979399 >> [v2:172.21.15.92:3300/0,v1:172.21.15.92:6789/0] conn(0x7f8e28108de0 0x7f8e2810b1d0 unknown :-1 s=CLOSED pgs=49 cs=0 l=1 rev1=1 crypto rx=0 tx=0 comp rx=0 tx=0).stop
2024-04-23T18:05:57.845 INFO:teuthology.orchestra.run.smithi092.stdout:/usr/bin/ceph: stderr
2024-04-23T18:05:56.992+0000 7f8e2c9c1700 1 -- 172.21.15.92:0/3926979399 >> 172.21.15.92:0/3926979399 conn(0x7f8e281027d0 msgr2=0x7f8e28104c10 unknown :-1 s=STATE_NONE l=0).mark_down
2024-04-23T18:05:57.845 INFO:teuthology.orchestra.run.smithi092.stdout:/usr/bin/ceph: stderr
2024-04-23T18:05:56.992+0000 7f8e2c9c1700 1 -- 172.21.15.92:0/3926979399 shutdown_connections
2024-04-23T18:05:57.846 INFO:teuthology.orchestra.run.smithi092.stdout:/usr/bin/ceph: stderr
2024-04-23T18:05:56.992+0000 7f8e2c9c1700 1 -- 172.21.15.92:0/3926979399 wait complete.
2024-04-23T18:05:57.846 INFO:teuthology.orchestra.run.smithi092.stdout:/usr/bin/ceph: stderr
2024-04-23T18:05:56.992+0000 7f8e2c9c1700 1 Processor -- start
2024-04-23T18:05:57.846 INFO:teuthology.orchestra.run.smithi092.stdout:/usr/bin/ceph: stderr
2024-04-23T18:05:56.993+0000 7f8e2c9c1700 1 -- start start
2024-04-23T18:05:57.846 INFO:teuthology.orchestra.run.smithi092.stdout:/usr/bin/ceph: stderr
2024-04-23T18:05:56.993+0000 7f8e2c9c1700 1 --2- >> [v2:172.21.15.92:3300/0,v1:172.21.15.92:6789/0] conn(0x7f8e28108de0 0x7f8e2819c180 unknown :-1 s=NONE pgs=0 cs=0 l=1 rev1=0 crypto rx=0 tx=0 comp rx=0 tx=0).connect
2024-04-23T18:05:57.846 INFO:teuthology.orchestra.run.smithi092.stdout:/usr/bin/ceph: stderr
2024-04-23T18:05:56.993+0000 7f8e2c9c1700 1 -- --> [v2:172.21.15.92:3300/0,v1:172.21.15.92:6789/0] -- mon_getmap magic: 0 -- 0x7f8e2810c710 con 0x7f8e28108de0
2024-04-23T18:05:57.846 INFO:teuthology.orchestra.run.smithi092.stdout:/usr/bin/ceph: stderr
2024-04-23T18:05:56.993+0000 7f8e2659c700 1 --2- >> [v2:172.21.15.92:3300/0,v1:172.21.15.92:6789/0] conn(0x7f8e28108de0 0x7f8e2819c180 unknown :-1 s=BANNER_CONNECTING pgs=0 cs=0 l=1 rev1=0 crypto rx=0 tx=0 comp rx=0 tx=0)._handle_peer_banner_payload supported=3 required=0
2024-04-23T18:05:57.846 INFO:teuthology.orchestra.run.smithi092.stdout:/usr/bin/ceph: stderr
2024-04-23T18:05:56.993+0000 7f8e2659c700 1 --2- >> [v2:172.21.15.92:3300/0,v1:172.21.15.92:6789/0] conn(0x7f8e28108de0 0x7f8e2819c180 unknown :-1 s=HELLO_CONNECTING pgs=0 cs=0 l=1 rev1=1 crypto rx=0 tx=0 comp rx=0 tx=0).handle_hello peer v2:172.21.15.92:3300/0 says I am v2:172.21.15.92:41536/0 (socket says 172.21.15.92:41536)
2024-04-23T18:05:57.846 INFO:teuthology.orchestra.run.smithi092.stdout:/usr/bin/ceph: stderr
2024-04-23T18:05:56.993+0000 7f8e2659c700 1 -- 172.21.15.92:0/26267283 learned_addr learned my addr 172.21.15.92:0/26267283 (peer_addr_for_me v2:172.21.15.92:0/0)
2024-04-23T18:05:57.846 INFO:teuthology.orchestra.run.smithi092.stdout:/usr/bin/ceph: stderr
2024-04-23T18:05:56.993+0000 7f8e2659c700 1 -- 172.21.15.92:0/26267283 --> [v2:172.21.15.92:3300/0,v1:172.21.15.92:6789/0] -- mon_subscribe({config=0+,monmap=0+}) -- 0x7f8e2819c6c0 con 0x7f8e28108de0
2024-04-23T18:05:57.846 INFO:teuthology.orchestra.run.smithi092.stdout:/usr/bin/ceph: stderr
2024-04-23T18:05:56.993+0000 7f8e2659c700 1 --2- 172.21.15.92:0/26267283 >> [v2:172.21.15.92:3300/0,v1:172.21.15.92:6789/0] conn(0x7f8e28108de0 0x7f8e2819c180 secure :-1 s=READY pgs=50 cs=0 l=1 rev1=1 crypto rx=0x7f8e18000c00 tx=0x7f8e18011aa0 comp rx=0 tx=0).ready entity=mon.0 client_cookie=0 server_cookie=0 in_seq=0 out_seq=0
2024-04-23T18:05:57.846 INFO:teuthology.orchestra.run.smithi092.stdout:/usr/bin/ceph: stderr
2024-04-23T18:05:56.993+0000 7f8e177fe700 1 -- 172.21.15.92:0/26267283 <== mon.0 v2:172.21.15.92:3300/0 1 ==== mon_map magic: 0 ==== 205+0+0 (secure 0 0 0) 0x7f8e18003aa0 con 0x7f8e28108de0
2024-04-23T18:05:57.846 INFO:teuthology.orchestra.run.smithi092.stdout:/usr/bin/ceph: stderr
2024-04-23T18:05:56.993+0000 7f8e177fe700 1 -- 172.21.15.92:0/26267283 <== mon.0 v2:172.21.15.92:3300/0 2 ==== config(26 keys) ==== 1101+0+0 (secure 0 0 0) 0x7f8e1801b8f0 con 0x7f8e28108de0
2024-04-23T18:05:57.846 INFO:teuthology.orchestra.run.smithi092.stdout:/usr/bin/ceph: stderr
2024-04-23T18:05:56.993+0000 7f8e2c9c1700 1 -- 172.21.15.92:0/26267283 --> [v2:172.21.15.92:3300/0,v1:172.21.15.92:6789/0] -- mon_subscribe({mgrmap=0+}) -- 0x7f8e2819c950 con 0x7f8e28108de0
2024-04-23T18:05:57.847 INFO:teuthology.orchestra.run.smithi092.stdout:/usr/bin/ceph: stderr
2024-04-23T18:05:56.993+0000 7f8e177fe700 1 -- 172.21.15.92:0/26267283 <== mon.0 v2:172.21.15.92:3300/0 3 ==== mon_map magic: 0 ==== 205+0+0 (secure 0 0 0) 0x7f8e18023870 con 0x7f8e28108de0
2024-04-23T18:05:57.847 INFO:teuthology.orchestra.run.smithi092.stdout:/usr/bin/ceph: stderr
2024-04-23T18:05:56.993+0000 7f8e2c9c1700 1 -- 172.21.15.92:0/26267283 --> [v2:172.21.15.92:3300/0,v1:172.21.15.92:6789/0] -- mon_subscribe({osdmap=0}) -- 0x7f8e2819f640 con 0x7f8e28108de0
2024-04-23T18:05:57.847 INFO:teuthology.orchestra.run.smithi092.stdout:/usr/bin/ceph: stderr
2024-04-23T18:05:56.994+0000 7f8e177fe700 1 -- 172.21.15.92:0/26267283 <== mon.0 v2:172.21.15.92:3300/0 4 ==== mgrmap(e 8) ==== 46558+0+0 (secure 0 0 0) 0x7f8e18023b20 con 0x7f8e28108de0
2024-04-23T18:05:57.847 INFO:teuthology.orchestra.run.smithi092.stdout:/usr/bin/ceph: stderr
2024-04-23T18:05:56.994+0000 7f8e2c9c1700 1 -- 172.21.15.92:0/26267283 --> [v2:172.21.15.92:3300/0,v1:172.21.15.92:6789/0] -- mon_command({"prefix": "get_command_descriptions"} v 0) -- 0x7f8e280640a0 con 0x7f8e28108de0
2024-04-23T18:05:57.847 INFO:teuthology.orchestra.run.smithi092.stdout:/usr/bin/ceph: stderr
2024-04-23T18:05:56.994+0000 7f8e177fe700 1 --2- 172.21.15.92:0/26267283 >> [v2:172.21.15.92:6800/1202804029,v1:172.21.15.92:6801/1202804029] conn(0x7f8e100396c0 0x7f8e1003bb80 unknown :-1 s=NONE pgs=0 cs=0 l=1 rev1=0 crypto rx=0 tx=0 comp rx=0 tx=0).connect
2024-04-23T18:05:57.847 INFO:teuthology.orchestra.run.smithi092.stdout:/usr/bin/ceph: stderr
2024-04-23T18:05:56.994+0000 7f8e177fe700 1 -- 172.21.15.92:0/26267283 <== mon.0 v2:172.21.15.92:3300/0 5 ==== osd_map(2..2 src has 1..2) ==== 940+0+0 (secure 0 0 0) 0x7f8e1804de30 con 0x7f8e28108de0
2024-04-23T18:05:57.847 INFO:teuthology.orchestra.run.smithi092.stdout:/usr/bin/ceph: stderr
2024-04-23T18:05:56.995+0000 7f8e25d9b700 1 --2- 172.21.15.92:0/26267283 >> [v2:172.21.15.92:6800/1202804029,v1:172.21.15.92:6801/1202804029] conn(0x7f8e100396c0 0x7f8e1003bb80 unknown :-1 s=BANNER_CONNECTING pgs=0 cs=0 l=1 rev1=0 crypto rx=0 tx=0 comp rx=0 tx=0)._handle_peer_banner_payload supported=3 required=0
2024-04-23T18:05:57.847 INFO:teuthology.orchestra.run.smithi092.stdout:/usr/bin/ceph: stderr
2024-04-23T18:05:56.995+0000 7f8e25d9b700 1 --2- 172.21.15.92:0/26267283 >> [v2:172.21.15.92:6800/1202804029,v1:172.21.15.92:6801/1202804029] conn(0x7f8e100396c0 0x7f8e1003bb80 secure :-1 s=READY pgs=13 cs=0 l=1 rev1=1 crypto rx=0x7f8e1c006fd0 tx=0x7f8e1c006e40 comp rx=0 tx=0).ready entity=mgr.14120 client_cookie=0 server_cookie=0 in_seq=0 out_seq=0
2024-04-23T18:05:57.847 INFO:teuthology.orchestra.run.smithi092.stdout:/usr/bin/ceph: stderr
2024-04-23T18:05:56.999+0000 7f8e177fe700 1 -- 172.21.15.92:0/26267283 <== mon.0 v2:172.21.15.92:3300/0 6 ==== mon_command_ack([{"prefix": "get_command_descriptions"}]=0 v0) ==== 72+0+188370 (secure 0 0 0) 0x7f8e1801f030 con 0x7f8e28108de0
2024-04-23T18:05:57.847 INFO:teuthology.orchestra.run.smithi092.stdout:/usr/bin/ceph: stderr
2024-04-23T18:05:57.232+0000 7f8e2c9c1700 1 -- 172.21.15.92:0/26267283 --> [v2:172.21.15.92:6800/1202804029,v1:172.21.15.92:6801/1202804029] -- mgr_command(tid 0: {"prefix": "orch apply", "service_type": "mgr", "unmanaged": true, "target": ["mon-mgr", ""]}) -- 0x7f8e28103970 con 0x7f8e100396c0
2024-04-23T18:05:57.847 INFO:teuthology.orchestra.run.smithi092.stdout:/usr/bin/ceph: stderr
2024-04-23T18:05:57.237+0000 7f8e177fe700 1 -- 172.21.15.92:0/26267283 <== mgr.14120 v2:172.21.15.92:6800/1202804029 1 ==== mgr_command_reply(tid 0: 0 ) ==== 8+0+24 (secure 0 0 0) 0x7f8e28103970 con 0x7f8e100396c0
2024-04-23T18:05:57.847 INFO:teuthology.orchestra.run.smithi092.stdout:/usr/bin/ceph: stderr
2024-04-23T18:05:57.239+0000 7f8e2c9c1700 1 -- 172.21.15.92:0/26267283 >> [v2:172.21.15.92:6800/1202804029,v1:172.21.15.92:6801/1202804029] conn(0x7f8e100396c0 msgr2=0x7f8e1003bb80 secure :-1 s=STATE_CONNECTION_ESTABLISHED l=1).mark_down
2024-04-23T18:05:57.847 INFO:teuthology.orchestra.run.smithi092.stdout:/usr/bin/ceph: stderr
2024-04-23T18:05:57.239+0000 7f8e2c9c1700 1 --2- 172.21.15.92:0/26267283 >> [v2:172.21.15.92:6800/1202804029,v1:172.21.15.92:6801/1202804029] conn(0x7f8e100396c0 0x7f8e1003bb80 secure :-1 s=READY pgs=13 cs=0 l=1 rev1=1 crypto rx=0x7f8e1c006fd0 tx=0x7f8e1c006e40 comp rx=0 tx=0).stop
2024-04-23T18:05:57.847 INFO:teuthology.orchestra.run.smithi092.stdout:/usr/bin/ceph: stderr
2024-04-23T18:05:57.239+0000 7f8e2c9c1700 1 -- 172.21.15.92:0/26267283 >> [v2:172.21.15.92:3300/0,v1:172.21.15.92:6789/0] conn(0x7f8e28108de0 msgr2=0x7f8e2819c180 secure :-1 s=STATE_CONNECTION_ESTABLISHED l=1).mark_down
2024-04-23T18:05:57.848 INFO:teuthology.orchestra.run.smithi092.stdout:/usr/bin/ceph: stderr
2024-04-23T18:05:57.239+0000 7f8e2c9c1700 1 --2- 172.21.15.92:0/26267283 >> [v2:172.21.15.92:3300/0,v1:172.21.15.92:6789/0] conn(0x7f8e28108de0 0x7f8e2819c180 secure :-1 s=READY pgs=50 cs=0 l=1 rev1=1 crypto rx=0x7f8e18000c00 tx=0x7f8e18011aa0 comp rx=0 tx=0).stop
2024-04-23T18:05:57.848 INFO:teuthology.orchestra.run.smithi092.stdout:/usr/bin/ceph: stderr
2024-04-23T18:05:57.239+0000 7f8e2c9c1700 1 -- 172.21.15.92:0/26267283 shutdown_connections
2024-04-23T18:05:57.848 INFO:teuthology.orchestra.run.smithi092.stdout:/usr/bin/ceph: stderr
2024-04-23T18:05:57.239+0000 7f8e2c9c1700 1 --2- 172.21.15.92:0/26267283 >> [v2:172.21.15.92:6800/1202804029,v1:172.21.15.92:6801/1202804029] conn(0x7f8e100396c0 0x7f8e1003bb80 unknown :-1 s=CLOSED pgs=13 cs=0 l=1 rev1=1 crypto rx=0 tx=0 comp rx=0 tx=0).stop
2024-04-23T18:05:57.848 INFO:teuthology.orchestra.run.smithi092.stdout:/usr/bin/ceph: stderr
2024-04-23T18:05:57.239+0000 7f8e2c9c1700 1 --2- 172.21.15.92:0/26267283 >> [v2:172.21.15.92:3300/0,v1:172.21.15.92:6789/0] conn(0x7f8e28108de0 0x7f8e2819c180 unknown :-1 s=CLOSED pgs=50 cs=0 l=1 rev1=1 crypto rx=0 tx=0 comp rx=0 tx=0).stop
2024-04-23T18:05:57.848 INFO:teuthology.orchestra.run.smithi092.stdout:/usr/bin/ceph: stderr
2024-04-23T18:05:57.239+0000 7f8e2c9c1700 1 -- 172.21.15.92:0/26267283 >> 172.21.15.92:0/26267283 conn(0x7f8e281027d0 msgr2=0x7f8e28103260 unknown :-1 s=STATE_NONE l=0).mark_down
2024-04-23T18:05:57.848 INFO:teuthology.orchestra.run.smithi092.stdout:/usr/bin/ceph: stderr
2024-04-23T18:05:57.239+0000 7f8e2c9c1700 1 -- 172.21.15.92:0/26267283 shutdown_connections
2024-04-23T18:05:57.848 INFO:teuthology.orchestra.run.smithi092.stdout:/usr/bin/ceph: stderr
2024-04-23T18:05:57.239+0000 7f8e2c9c1700 1 -- 172.21.15.92:0/26267283 wait complete.
2024-04-23T18:05:58.944 INFO:journalctl@ceph.mon.a.smithi092.stdout:Apr 23 18:05:58 smithi092 ceph-mon[29200]: from='client.14144 -' entity='client.admin' cmd=[{"prefix": "orch apply", "service_type": "mgr", "unmanaged": true, "target": ["mon-mgr", ""]}]: dispatch
2024-04-23T18:05:58.944 INFO:journalctl@ceph.mon.a.smithi092.stdout:Apr 23 18:05:58 smithi092 ceph-mon[29200]: Saving service mgr spec with placement count:2
2024-04-23T18:05:58.944 INFO:journalctl@ceph.mon.a.smithi092.stdout:Apr 23 18:05:58 smithi092 ceph-mon[29200]: from='client.? 172.21.15.92:0/2371972438' entity='client.admin'
2024-04-23T18:05:59.520 INFO:teuthology.orchestra.run.smithi092.stdout:/usr/bin/ceph: stderr
2024-04-23T18:05:58.303+0000 7f46f7aa1700 1 Processor -- start
2024-04-23T18:05:59.520 INFO:teuthology.orchestra.run.smithi092.stdout:/usr/bin/ceph: stderr
2024-04-23T18:05:58.303+0000 7f46f7aa1700 1 -- start start
2024-04-23T18:05:59.520 INFO:teuthology.orchestra.run.smithi092.stdout:/usr/bin/ceph: stderr
2024-04-23T18:05:58.303+0000 7f46f7aa1700 1 --2- >> [v2:172.21.15.92:3300/0,v1:172.21.15.92:6789/0] conn(0x7f46f01083a0 0x7f46f01087c0 unknown :-1 s=NONE pgs=0 cs=0 l=0 rev1=0 crypto rx=0 tx=0 comp rx=0 tx=0).connect
2024-04-23T18:05:59.520 INFO:teuthology.orchestra.run.smithi092.stdout:/usr/bin/ceph: stderr
2024-04-23T18:05:58.303+0000 7f46f7aa1700 1 -- --> [v2:172.21.15.92:3300/0,v1:172.21.15.92:6789/0] -- mon_getmap magic: 0 -- 0x7f46f0108d90 con 0x7f46f01083a0
2024-04-23T18:05:59.520 INFO:teuthology.orchestra.run.smithi092.stdout:/usr/bin/ceph: stderr
2024-04-23T18:05:58.303+0000 7f46f583d700 1 --2- >> [v2:172.21.15.92:3300/0,v1:172.21.15.92:6789/0] conn(0x7f46f01083a0 0x7f46f01087c0 unknown :-1 s=BANNER_CONNECTING pgs=0 cs=0 l=0 rev1=0 crypto rx=0 tx=0 comp rx=0 tx=0)._handle_peer_banner_payload supported=3 required=0
2024-04-23T18:05:59.520 INFO:teuthology.orchestra.run.smithi092.stdout:/usr/bin/ceph: stderr
2024-04-23T18:05:58.303+0000 7f46f583d700 1 --2- >> [v2:172.21.15.92:3300/0,v1:172.21.15.92:6789/0] conn(0x7f46f01083a0 0x7f46f01087c0 unknown :-1 s=HELLO_CONNECTING pgs=0 cs=0 l=0 rev1=1 crypto rx=0 tx=0 comp rx=0 tx=0).handle_hello peer v2:172.21.15.92:3300/0 says I am v2:172.21.15.92:41540/0 (socket says 172.21.15.92:41540)
2024-04-23T18:05:59.520 INFO:teuthology.orchestra.run.smithi092.stdout:/usr/bin/ceph: stderr
2024-04-23T18:05:58.303+0000 7f46f583d700 1 -- 172.21.15.92:0/3581777237 learned_addr learned my addr 172.21.15.92:0/3581777237 (peer_addr_for_me v2:172.21.15.92:0/0)
2024-04-23T18:05:59.520 INFO:teuthology.orchestra.run.smithi092.stdout:/usr/bin/ceph: stderr
2024-04-23T18:05:58.304+0000 7f46f583d700 1 -- 172.21.15.92:0/3581777237 --> [v2:172.21.15.92:3300/0,v1:172.21.15.92:6789/0] -- mon_subscribe({config=0+,monmap=0+}) -- 0x7f46f0109550 con 0x7f46f01083a0
2024-04-23T18:05:59.520 INFO:teuthology.orchestra.run.smithi092.stdout:/usr/bin/ceph: stderr
2024-04-23T18:05:58.304+0000 7f46f583d700 1 --2- 172.21.15.92:0/3581777237 >> [v2:172.21.15.92:3300/0,v1:172.21.15.92:6789/0] conn(0x7f46f01083a0 0x7f46f01087c0 secure :-1 s=READY pgs=51 cs=0 l=1 rev1=1 crypto rx=0x7f46ec0098a0 tx=0x7f46ec009bb0 comp rx=0 tx=0).ready entity=mon.0 client_cookie=de4b84ae66bd1a73 server_cookie=0 in_seq=0 out_seq=0
2024-04-23T18:05:59.520 INFO:teuthology.orchestra.run.smithi092.stdout:/usr/bin/ceph: stderr
2024-04-23T18:05:58.304+0000 7f46f483b700 1 -- 172.21.15.92:0/3581777237 <== mon.0 v2:172.21.15.92:3300/0 1 ==== mon_map magic: 0 ==== 205+0+0 (secure 0 0 0) 0x7f46ec004160 con 0x7f46f01083a0
2024-04-23T18:05:59.520 INFO:teuthology.orchestra.run.smithi092.stdout:/usr/bin/ceph: stderr
2024-04-23T18:05:58.304+0000 7f46f483b700 1 -- 172.21.15.92:0/3581777237 <== mon.0 v2:172.21.15.92:3300/0 2 ==== config(26 keys) ==== 1101+0+0 (secure 0 0 0) 0x7f46ec004300 con 0x7f46f01083a0
2024-04-23T18:05:59.520 INFO:teuthology.orchestra.run.smithi092.stdout:/usr/bin/ceph: stderr
2024-04-23T18:05:58.304+0000 7f46f483b700 1 -- 172.21.15.92:0/3581777237 <== mon.0 v2:172.21.15.92:3300/0 3 ==== mon_map magic: 0 ==== 205+0+0 (secure 0 0 0) 0x7f46ec011a20 con 0x7f46f01083a0
2024-04-23T18:05:59.521 INFO:teuthology.orchestra.run.smithi092.stdout:/usr/bin/ceph: stderr
2024-04-23T18:05:58.304+0000 7f46f7aa1700 1 -- 172.21.15.92:0/3581777237 >> [v2:172.21.15.92:3300/0,v1:172.21.15.92:6789/0] conn(0x7f46f01083a0 msgr2=0x7f46f01087c0 secure :-1 s=STATE_CONNECTION_ESTABLISHED l=1).mark_down
2024-04-23T18:05:59.521 INFO:teuthology.orchestra.run.smithi092.stdout:/usr/bin/ceph: stderr
2024-04-23T18:05:58.304+0000 7f46f7aa1700 1 --2- 172.21.15.92:0/3581777237 >> [v2:172.21.15.92:3300/0,v1:172.21.15.92:6789/0] conn(0x7f46f01083a0 0x7f46f01087c0 secure :-1 s=READY pgs=51 cs=0 l=1 rev1=1 crypto rx=0x7f46ec0098a0 tx=0x7f46ec009bb0 comp rx=0 tx=0).stop
2024-04-23T18:05:59.521 INFO:teuthology.orchestra.run.smithi092.stdout:/usr/bin/ceph: stderr
2024-04-23T18:05:58.305+0000 7f46f7aa1700 1 -- 172.21.15.92:0/3581777237 shutdown_connections
2024-04-23T18:05:59.521 INFO:teuthology.orchestra.run.smithi092.stdout:/usr/bin/ceph: stderr
2024-04-23T18:05:58.305+0000 7f46f7aa1700 1 --2- 172.21.15.92:0/3581777237 >> [v2:172.21.15.92:3300/0,v1:172.21.15.92:6789/0] conn(0x7f46f01083a0 0x7f46f01087c0 unknown :-1 s=CLOSED pgs=51 cs=0 l=1 rev1=1 crypto rx=0 tx=0 comp rx=0 tx=0).stop
2024-04-23T18:05:59.521 INFO:teuthology.orchestra.run.smithi092.stdout:/usr/bin/ceph: stderr
2024-04-23T18:05:58.305+0000 7f46f7aa1700 1 -- 172.21.15.92:0/3581777237 >> 172.21.15.92:0/3581777237 conn(0x7f46f0103940 msgr2=0x7f46f0105d80 unknown :-1 s=STATE_NONE l=0).mark_down
2024-04-23T18:05:59.521 INFO:teuthology.orchestra.run.smithi092.stdout:/usr/bin/ceph: stderr
2024-04-23T18:05:58.305+0000 7f46f7aa1700 1 -- 172.21.15.92:0/3581777237 shutdown_connections
2024-04-23T18:05:59.521 INFO:teuthology.orchestra.run.smithi092.stdout:/usr/bin/ceph: stderr
2024-04-23T18:05:58.305+0000 7f46f7aa1700 1 -- 172.21.15.92:0/3581777237 wait complete.
2024-04-23T18:05:59.521 INFO:teuthology.orchestra.run.smithi092.stdout:/usr/bin/ceph: stderr
2024-04-23T18:05:58.305+0000 7f46f7aa1700 1 Processor -- start
2024-04-23T18:05:59.521 INFO:teuthology.orchestra.run.smithi092.stdout:/usr/bin/ceph: stderr
2024-04-23T18:05:58.305+0000 7f46f7aa1700 1 -- start start
2024-04-23T18:05:59.521 INFO:teuthology.orchestra.run.smithi092.stdout:/usr/bin/ceph: stderr
2024-04-23T18:05:58.305+0000 7f46f7aa1700 1 --2- >> [v2:172.21.15.92:3300/0,v1:172.21.15.92:6789/0] conn(0x7f46f01083a0 0x7f46f019c170 unknown :-1 s=NONE pgs=0 cs=0 l=1 rev1=0 crypto rx=0 tx=0 comp rx=0 tx=0).connect
2024-04-23T18:05:59.521 INFO:teuthology.orchestra.run.smithi092.stdout:/usr/bin/ceph: stderr
2024-04-23T18:05:58.305+0000 7f46f7aa1700 1 -- --> [v2:172.21.15.92:3300/0,v1:172.21.15.92:6789/0] -- mon_getmap magic: 0 -- 0x7f46f010c900 con 0x7f46f01083a0
2024-04-23T18:05:59.521 INFO:teuthology.orchestra.run.smithi092.stdout:/usr/bin/ceph: stderr
2024-04-23T18:05:58.306+0000 7f46f583d700 1 --2- >> [v2:172.21.15.92:3300/0,v1:172.21.15.92:6789/0] conn(0x7f46f01083a0 0x7f46f019c170 unknown :-1 s=BANNER_CONNECTING pgs=0 cs=0 l=1 rev1=0 crypto rx=0 tx=0 comp rx=0 tx=0)._handle_peer_banner_payload supported=3 required=0
2024-04-23T18:05:59.521 INFO:teuthology.orchestra.run.smithi092.stdout:/usr/bin/ceph: stderr
2024-04-23T18:05:58.306+0000 7f46f583d700 1 --2- >> [v2:172.21.15.92:3300/0,v1:172.21.15.92:6789/0] conn(0x7f46f01083a0 0x7f46f019c170 unknown :-1 s=HELLO_CONNECTING pgs=0 cs=0 l=1 rev1=1 crypto rx=0 tx=0 comp rx=0 tx=0).handle_hello peer v2:172.21.15.92:3300/0 says I am v2:172.21.15.92:41542/0 (socket says 172.21.15.92:41542)
2024-04-23T18:05:59.521 INFO:teuthology.orchestra.run.smithi092.stdout:/usr/bin/ceph: stderr
2024-04-23T18:05:58.306+0000 7f46f583d700 1 -- 172.21.15.92:0/2371972438 learned_addr learned my addr 172.21.15.92:0/2371972438 (peer_addr_for_me v2:172.21.15.92:0/0)
2024-04-23T18:05:59.522 INFO:teuthology.orchestra.run.smithi092.stdout:/usr/bin/ceph: stderr
2024-04-23T18:05:58.306+0000 7f46f583d700 1 -- 172.21.15.92:0/2371972438 --> [v2:172.21.15.92:3300/0,v1:172.21.15.92:6789/0] -- mon_subscribe({config=0+,monmap=0+}) -- 0x7f46f019c6b0 con 0x7f46f01083a0
2024-04-23T18:05:59.522 INFO:teuthology.orchestra.run.smithi092.stdout:/usr/bin/ceph: stderr
2024-04-23T18:05:58.306+0000 7f46f583d700 1 --2- 172.21.15.92:0/2371972438 >> [v2:172.21.15.92:3300/0,v1:172.21.15.92:6789/0] conn(0x7f46f01083a0 0x7f46f019c170 secure :-1 s=READY pgs=52 cs=0 l=1 rev1=1 crypto rx=0x7f46ec009520 tx=0x7f46ec011aa0 comp rx=0 tx=0).ready entity=mon.0 client_cookie=0 server_cookie=0 in_seq=0 out_seq=0
2024-04-23T18:05:59.522 INFO:teuthology.orchestra.run.smithi092.stdout:/usr/bin/ceph: stderr
2024-04-23T18:05:58.306+0000 7f46e6ffd700 1 -- 172.21.15.92:0/2371972438 <== mon.0 v2:172.21.15.92:3300/0 1 ==== mon_map magic: 0 ==== 205+0+0 (secure 0 0 0) 0x7f46ec0039e0 con 0x7f46f01083a0
2024-04-23T18:05:59.522 INFO:teuthology.orchestra.run.smithi092.stdout:/usr/bin/ceph: stderr
2024-04-23T18:05:58.306+0000 7f46e6ffd700 1 -- 172.21.15.92:0/2371972438 <== mon.0 v2:172.21.15.92:3300/0 2 ==== config(26 keys) ==== 1101+0+0 (secure 0 0 0) 0x7f46ec01b8f0 con 0x7f46f01083a0
2024-04-23T18:05:59.522 INFO:teuthology.orchestra.run.smithi092.stdout:/usr/bin/ceph: stderr
2024-04-23T18:05:58.306+0000 7f46f7aa1700 1 -- 172.21.15.92:0/2371972438 --> [v2:172.21.15.92:3300/0,v1:172.21.15.92:6789/0] -- mon_subscribe({mgrmap=0+}) -- 0x7f46f019c940 con 0x7f46f01083a0
2024-04-23T18:05:59.522 INFO:teuthology.orchestra.run.smithi092.stdout:/usr/bin/ceph: stderr
2024-04-23T18:05:58.306+0000 7f46e6ffd700 1 -- 172.21.15.92:0/2371972438 <== mon.0 v2:172.21.15.92:3300/0 3 ==== mon_map magic: 0 ==== 205+0+0 (secure 0 0 0) 0x7f46ec019770 con 0x7f46f01083a0
2024-04-23T18:05:59.522 INFO:teuthology.orchestra.run.smithi092.stdout:/usr/bin/ceph: stderr
2024-04-23T18:05:58.306+0000 7f46f7aa1700 1 -- 172.21.15.92:0/2371972438 --> [v2:172.21.15.92:3300/0,v1:172.21.15.92:6789/0] -- mon_subscribe({osdmap=0}) -- 0x7f46f019f630 con 0x7f46f01083a0
2024-04-23T18:05:59.522 INFO:teuthology.orchestra.run.smithi092.stdout:/usr/bin/ceph: stderr
2024-04-23T18:05:58.307+0000 7f46e6ffd700 1 -- 172.21.15.92:0/2371972438 <== mon.0 v2:172.21.15.92:3300/0 4 ==== mgrmap(e 8) ==== 46558+0+0 (secure 0 0 0) 0x7f46ec019a20 con 0x7f46f01083a0
2024-04-23T18:05:59.522 INFO:teuthology.orchestra.run.smithi092.stdout:/usr/bin/ceph: stderr
2024-04-23T18:05:58.307+0000 7f46f7aa1700 1 -- 172.21.15.92:0/2371972438 --> [v2:172.21.15.92:3300/0,v1:172.21.15.92:6789/0] -- mon_command({"prefix": "get_command_descriptions"} v 0) -- 0x7f46f00640a0 con 0x7f46f01083a0
2024-04-23T18:05:59.522 INFO:teuthology.orchestra.run.smithi092.stdout:/usr/bin/ceph: stderr
2024-04-23T18:05:58.307+0000 7f46e6ffd700 1 --2- 172.21.15.92:0/2371972438 >> [v2:172.21.15.92:6800/1202804029,v1:172.21.15.92:6801/1202804029] conn(0x7f46dc0396c0 0x7f46dc03bb80 unknown :-1 s=NONE pgs=0 cs=0 l=1 rev1=0 crypto rx=0 tx=0 comp rx=0 tx=0).connect
2024-04-23T18:05:59.522 INFO:teuthology.orchestra.run.smithi092.stdout:/usr/bin/ceph: stderr
2024-04-23T18:05:58.307+0000 7f46e6ffd700 1 -- 172.21.15.92:0/2371972438 <== mon.0 v2:172.21.15.92:3300/0 5 ==== osd_map(2..2 src has 1..2) ==== 940+0+0 (secure 0 0 0) 0x7f46ec04deb0 con 0x7f46f01083a0
2024-04-23T18:05:59.522 INFO:teuthology.orchestra.run.smithi092.stdout:/usr/bin/ceph: stderr
2024-04-23T18:05:58.307+0000 7f46f503c700 1 --2- 172.21.15.92:0/2371972438 >> [v2:172.21.15.92:6800/1202804029,v1:172.21.15.92:6801/1202804029] conn(0x7f46dc0396c0 0x7f46dc03bb80 unknown :-1 s=BANNER_CONNECTING pgs=0 cs=0 l=1 rev1=0 crypto rx=0 tx=0 comp rx=0 tx=0)._handle_peer_banner_payload supported=3 required=0
2024-04-23T18:05:59.523 INFO:teuthology.orchestra.run.smithi092.stdout:/usr/bin/ceph: stderr
2024-04-23T18:05:58.308+0000 7f46f503c700 1 --2- 172.21.15.92:0/2371972438 >> [v2:172.21.15.92:6800/1202804029,v1:172.21.15.92:6801/1202804029] conn(0x7f46dc0396c0 0x7f46dc03bb80 secure :-1 s=READY pgs=14 cs=0 l=1 rev1=1 crypto rx=0x7f46e0006fd0 tx=0x7f46e0006e40 comp rx=0 tx=0).ready entity=mgr.14120 client_cookie=0 server_cookie=0 in_seq=0 out_seq=0
2024-04-23T18:05:59.523 INFO:teuthology.orchestra.run.smithi092.stdout:/usr/bin/ceph: stderr
2024-04-23T18:05:58.312+0000 7f46e6ffd700 1 -- 172.21.15.92:0/2371972438 <== mon.0 v2:172.21.15.92:3300/0 6 ==== mon_command_ack([{"prefix": "get_command_descriptions"}]=0 v0) ==== 72+0+188370 (secure 0 0 0) 0x7f46ec01f030 con 0x7f46f01083a0
2024-04-23T18:05:59.523 INFO:teuthology.orchestra.run.smithi092.stdout:/usr/bin/ceph: stderr
2024-04-23T18:05:58.512+0000 7f46f7aa1700 1 -- 172.21.15.92:0/2371972438 --> [v2:172.21.15.92:3300/0,v1:172.21.15.92:6789/0] -- mon_command([{prefix=config set, name=mgr/cephadm/container_init}] v 0) -- 0x7f46f019fc30 con 0x7f46f01083a0
2024-04-23T18:05:59.523 INFO:teuthology.orchestra.run.smithi092.stdout:/usr/bin/ceph: stderr
2024-04-23T18:05:58.515+0000 7f46e6ffd700 1 -- 172.21.15.92:0/2371972438 <== mon.0 v2:172.21.15.92:3300/0 7 ==== mon_command_ack([{prefix=config set, name=mgr/cephadm/container_init}]=0 v7)=0 v7) ==== 142+0+0 (secure 0 0 0) 0x7f46ec00b9d0 con 0x7f46f01083a0
2024-04-23T18:05:59.523 INFO:teuthology.orchestra.run.smithi092.stdout:/usr/bin/ceph: stderr
2024-04-23T18:05:58.517+0000 7f46f7aa1700 1 -- 172.21.15.92:0/2371972438 >> [v2:172.21.15.92:6800/1202804029,v1:172.21.15.92:6801/1202804029] conn(0x7f46dc0396c0 msgr2=0x7f46dc03bb80 secure :-1 s=STATE_CONNECTION_ESTABLISHED l=1).mark_down
2024-04-23T18:05:59.523 INFO:teuthology.orchestra.run.smithi092.stdout:/usr/bin/ceph: stderr
2024-04-23T18:05:58.517+0000 7f46f7aa1700 1 --2- 172.21.15.92:0/2371972438 >> [v2:172.21.15.92:6800/1202804029,v1:172.21.15.92:6801/1202804029] conn(0x7f46dc0396c0 0x7f46dc03bb80 secure :-1 s=READY pgs=14 cs=0 l=1 rev1=1 crypto rx=0x7f46e0006fd0 tx=0x7f46e0006e40 comp rx=0 tx=0).stop
2024-04-23T18:05:59.523 INFO:teuthology.orchestra.run.smithi092.stdout:/usr/bin/ceph: stderr
2024-04-23T18:05:58.517+0000 7f46f7aa1700 1 -- 172.21.15.92:0/2371972438 >> [v2:172.21.15.92:3300/0,v1:172.21.15.92:6789/0] conn(0x7f46f01083a0 msgr2=0x7f46f019c170 secure :-1 s=STATE_CONNECTION_ESTABLISHED l=1).mark_down
2024-04-23T18:05:59.523 INFO:teuthology.orchestra.run.smithi092.stdout:/usr/bin/ceph: stderr
2024-04-23T18:05:58.517+0000 7f46f7aa1700 1 --2- 172.21.15.92:0/2371972438 >> [v2:172.21.15.92:3300/0,v1:172.21.15.92:6789/0] conn(0x7f46f01083a0 0x7f46f019c170 secure :-1 s=READY pgs=52 cs=0 l=1 rev1=1 crypto rx=0x7f46ec009520 tx=0x7f46ec011aa0 comp rx=0 tx=0).stop
2024-04-23T18:05:59.523 INFO:teuthology.orchestra.run.smithi092.stdout:/usr/bin/ceph: stderr
2024-04-23T18:05:58.517+0000 7f46f7aa1700 1 -- 172.21.15.92:0/2371972438 shutdown_connections
2024-04-23T18:05:59.523 INFO:teuthology.orchestra.run.smithi092.stdout:/usr/bin/ceph: stderr
2024-04-23T18:05:58.517+0000 7f46f7aa1700 1 --2- 172.21.15.92:0/2371972438 >> [v2:172.21.15.92:6800/1202804029,v1:172.21.15.92:6801/1202804029] conn(0x7f46dc0396c0 0x7f46dc03bb80 unknown :-1 s=CLOSED pgs=14 cs=0 l=1 rev1=1 crypto rx=0 tx=0 comp rx=0 tx=0).stop
2024-04-23T18:05:59.523 INFO:teuthology.orchestra.run.smithi092.stdout:/usr/bin/ceph: stderr
2024-04-23T18:05:58.517+0000 7f46f7aa1700 1 --2- 172.21.15.92:0/2371972438 >> [v2:172.21.15.92:3300/0,v1:172.21.15.92:6789/0] conn(0x7f46f01083a0 0x7f46f019c170 secure :-1 s=CLOSED pgs=52 cs=0 l=1 rev1=1 crypto rx=0x7f46ec009520 tx=0x7f46ec011aa0 comp rx=0 tx=0).stop
2024-04-23T18:05:59.523 INFO:teuthology.orchestra.run.smithi092.stdout:/usr/bin/ceph: stderr
2024-04-23T18:05:58.517+0000 7f46f7aa1700 1 -- 172.21.15.92:0/2371972438 >> 172.21.15.92:0/2371972438 conn(0x7f46f0103940 msgr2=0x7f46f0104390 unknown :-1 s=STATE_NONE l=0).mark_down
2024-04-23T18:05:59.523 INFO:teuthology.orchestra.run.smithi092.stdout:/usr/bin/ceph: stderr
2024-04-23T18:05:58.518+0000 7f46f7aa1700 1 -- 172.21.15.92:0/2371972438 shutdown_connections
2024-04-23T18:05:59.523 INFO:teuthology.orchestra.run.smithi092.stdout:/usr/bin/ceph: stderr
2024-04-23T18:05:58.518+0000 7f46f7aa1700 1 -- 172.21.15.92:0/2371972438 wait complete.
2024-04-23T18:06:00.194 INFO:journalctl@ceph.mon.a.smithi092.stdout:Apr 23 18:05:59 smithi092 ceph-mon[29200]: from='mgr.14120 172.21.15.92:0/2549936303' entity='mgr.x'
2024-04-23T18:06:00.827 INFO:teuthology.orchestra.run.smithi092.stdout:/usr/bin/ceph: stderr
2024-04-23T18:05:59.991+0000 7ff0bb023700 1 Processor -- start
2024-04-23T18:06:00.827 INFO:teuthology.orchestra.run.smithi092.stdout:/usr/bin/ceph: stderr
2024-04-23T18:05:59.991+0000 7ff0bb023700 1 -- start start
2024-04-23T18:06:00.827 INFO:teuthology.orchestra.run.smithi092.stdout:/usr/bin/ceph: stderr
2024-04-23T18:05:59.991+0000 7ff0bb023700 1 --2- >> [v2:172.21.15.92:3300/0,v1:172.21.15.92:6789/0] conn(0x7ff0b4108340 0x7ff0b4108760 unknown :-1 s=NONE pgs=0 cs=0 l=0 rev1=0 crypto rx=0 tx=0 comp rx=0 tx=0).connect
2024-04-23T18:06:00.827 INFO:teuthology.orchestra.run.smithi092.stdout:/usr/bin/ceph: stderr
2024-04-23T18:05:59.991+0000 7ff0bb023700 1 -- --> [v2:172.21.15.92:3300/0,v1:172.21.15.92:6789/0] -- mon_getmap magic: 0 -- 0x7ff0b4108d30 con 0x7ff0b4108340
2024-04-23T18:06:00.827 INFO:teuthology.orchestra.run.smithi092.stdout:/usr/bin/ceph: stderr
2024-04-23T18:05:59.992+0000 7ff0b8dbf700 1 --2- >> [v2:172.21.15.92:3300/0,v1:172.21.15.92:6789/0] conn(0x7ff0b4108340 0x7ff0b4108760 unknown :-1 s=BANNER_CONNECTING pgs=0 cs=0 l=0 rev1=0 crypto rx=0 tx=0 comp rx=0 tx=0)._handle_peer_banner_payload supported=3 required=0
2024-04-23T18:06:00.827 INFO:teuthology.orchestra.run.smithi092.stdout:/usr/bin/ceph: stderr
2024-04-23T18:05:59.992+0000 7ff0b8dbf700 1 --2- >> [v2:172.21.15.92:3300/0,v1:172.21.15.92:6789/0] conn(0x7ff0b4108340 0x7ff0b4108760 unknown :-1 s=HELLO_CONNECTING pgs=0 cs=0 l=0 rev1=1 crypto rx=0 tx=0 comp rx=0 tx=0).handle_hello peer v2:172.21.15.92:3300/0 says I am v2:172.21.15.92:46438/0 (socket says 172.21.15.92:46438)
2024-04-23T18:06:00.827 INFO:teuthology.orchestra.run.smithi092.stdout:/usr/bin/ceph: stderr
2024-04-23T18:05:59.992+0000 7ff0b8dbf700 1 -- 172.21.15.92:0/3956318338 learned_addr learned my addr 172.21.15.92:0/3956318338 (peer_addr_for_me v2:172.21.15.92:0/0)
2024-04-23T18:06:00.827 INFO:teuthology.orchestra.run.smithi092.stdout:/usr/bin/ceph: stderr
2024-04-23T18:05:59.992+0000 7ff0b8dbf700 1 -- 172.21.15.92:0/3956318338 --> [v2:172.21.15.92:3300/0,v1:172.21.15.92:6789/0] -- mon_subscribe({config=0+,monmap=0+}) -- 0x7ff0b4109540 con 0x7ff0b4108340
2024-04-23T18:06:00.827 INFO:teuthology.orchestra.run.smithi092.stdout:/usr/bin/ceph: stderr
2024-04-23T18:05:59.992+0000 7ff0b8dbf700 1 --2- 172.21.15.92:0/3956318338 >> [v2:172.21.15.92:3300/0,v1:172.21.15.92:6789/0] conn(0x7ff0b4108340 0x7ff0b4108760 secure :-1 s=READY pgs=53 cs=0 l=1 rev1=1 crypto rx=0x7ff0a80098a0 tx=0x7ff0a8009bb0 comp rx=0 tx=0).ready entity=mon.0 client_cookie=9e4a4f7148247938 server_cookie=0 in_seq=0 out_seq=0
2024-04-23T18:06:00.827 INFO:teuthology.orchestra.run.smithi092.stdout:/usr/bin/ceph: stderr
2024-04-23T18:05:59.992+0000 7ff0b37fe700 1 -- 172.21.15.92:0/3956318338 <== mon.0 v2:172.21.15.92:3300/0 1 ==== mon_map magic: 0 ==== 205+0+0 (secure 0 0 0) 0x7ff0a8004160 con 0x7ff0b4108340
2024-04-23T18:06:00.827 INFO:teuthology.orchestra.run.smithi092.stdout:/usr/bin/ceph: stderr
2024-04-23T18:05:59.992+0000 7ff0b37fe700 1 -- 172.21.15.92:0/3956318338 <== mon.0 v2:172.21.15.92:3300/0 2 ==== config(26 keys) ==== 1101+0+0 (secure 0 0 0) 0x7ff0a8004300 con 0x7ff0b4108340
2024-04-23T18:06:00.828 INFO:teuthology.orchestra.run.smithi092.stdout:/usr/bin/ceph: stderr
2024-04-23T18:05:59.992+0000 7ff0b37fe700 1 -- 172.21.15.92:0/3956318338 <== mon.0 v2:172.21.15.92:3300/0 3 ==== mon_map magic: 0 ==== 205+0+0 (secure 0 0 0) 0x7ff0a8011a20 con 0x7ff0b4108340
2024-04-23T18:06:00.828 INFO:teuthology.orchestra.run.smithi092.stdout:/usr/bin/ceph: stderr
2024-04-23T18:05:59.993+0000 7ff0bb023700 1 -- 172.21.15.92:0/3956318338 >> [v2:172.21.15.92:3300/0,v1:172.21.15.92:6789/0] conn(0x7ff0b4108340 msgr2=0x7ff0b4108760 secure :-1 s=STATE_CONNECTION_ESTABLISHED l=1).mark_down
2024-04-23T18:06:00.828 INFO:teuthology.orchestra.run.smithi092.stdout:/usr/bin/ceph: stderr
2024-04-23T18:05:59.993+0000 7ff0bb023700 1 --2- 172.21.15.92:0/3956318338 >> [v2:172.21.15.92:3300/0,v1:172.21.15.92:6789/0] conn(0x7ff0b4108340 0x7ff0b4108760 secure :-1 s=READY pgs=53 cs=0 l=1 rev1=1 crypto rx=0x7ff0a80098a0 tx=0x7ff0a8009bb0 comp rx=0 tx=0).stop
2024-04-23T18:06:00.828 INFO:teuthology.orchestra.run.smithi092.stdout:/usr/bin/ceph: stderr
2024-04-23T18:05:59.993+0000 7ff0bb023700 1 -- 172.21.15.92:0/3956318338 shutdown_connections
2024-04-23T18:06:00.828 INFO:teuthology.orchestra.run.smithi092.stdout:/usr/bin/ceph: stderr
2024-04-23T18:05:59.993+0000 7ff0bb023700 1 --2- 172.21.15.92:0/3956318338 >> [v2:172.21.15.92:3300/0,v1:172.21.15.92:6789/0] conn(0x7ff0b4108340 0x7ff0b4108760 unknown :-1 s=CLOSED pgs=53 cs=0 l=1 rev1=1 crypto rx=0 tx=0 comp rx=0 tx=0).stop
2024-04-23T18:06:00.828 INFO:teuthology.orchestra.run.smithi092.stdout:/usr/bin/ceph: stderr
2024-04-23T18:05:59.993+0000 7ff0bb023700 1 -- 172.21.15.92:0/3956318338 >> 172.21.15.92:0/3956318338 conn(0x7ff0b41038c0 msgr2=0x7ff0b4105d20 unknown :-1 s=STATE_NONE l=0).mark_down
2024-04-23T18:06:00.828 INFO:teuthology.orchestra.run.smithi092.stdout:/usr/bin/ceph: stderr
2024-04-23T18:05:59.993+0000 7ff0bb023700 1 -- 172.21.15.92:0/3956318338 shutdown_connections
2024-04-23T18:06:00.828 INFO:teuthology.orchestra.run.smithi092.stdout:/usr/bin/ceph: stderr
2024-04-23T18:05:59.993+0000 7ff0bb023700 1 -- 172.21.15.92:0/3956318338 wait complete.
2024-04-23T18:06:00.828 INFO:teuthology.orchestra.run.smithi092.stdout:/usr/bin/ceph: stderr
2024-04-23T18:05:59.994+0000 7ff0bb023700 1 Processor -- start
2024-04-23T18:06:00.828 INFO:teuthology.orchestra.run.smithi092.stdout:/usr/bin/ceph: stderr
2024-04-23T18:05:59.994+0000 7ff0bb023700 1 -- start start
2024-04-23T18:06:00.828 INFO:teuthology.orchestra.run.smithi092.stdout:/usr/bin/ceph: stderr
2024-04-23T18:05:59.994+0000 7ff0bb023700 1 --2- >> [v2:172.21.15.92:3300/0,v1:172.21.15.92:6789/0] conn(0x7ff0b4108340 0x7ff0b419c1d0 unknown :-1 s=NONE pgs=0 cs=0 l=1 rev1=0 crypto rx=0 tx=0 comp rx=0 tx=0).connect
2024-04-23T18:06:00.828 INFO:teuthology.orchestra.run.smithi092.stdout:/usr/bin/ceph: stderr
2024-04-23T18:05:59.994+0000 7ff0bb023700 1 -- --> [v2:172.21.15.92:3300/0,v1:172.21.15.92:6789/0] -- mon_getmap magic: 0 -- 0x7ff0b410c8f0 con 0x7ff0b4108340
