2024-04-23T18:05:21.101+0000 7fb2d4127700 1 -- 172.21.15.92:0/598461347 --> [v2:172.21.15.92:3300/0,v1:172.21.15.92:6789/0] -- mon_command({"prefix": "status", "format": "json-pretty"} v 0) -- 0x7fb2cc19f890 con 0x7fb2cc108db0
2024-04-23T18:05:26.648 INFO:teuthology.orchestra.run.smithi092.stdout:/usr/bin/ceph: stderr
2024-04-23T18:05:21.101+0000 7fb2c2ffd700 1 -- 172.21.15.92:0/598461347 <== mon.0 v2:172.21.15.92:3300/0 7 ==== mon_command_ack([{"prefix": "status", "format": "json-pretty"}]=0 v0) ==== 79+0+1239 (secure 0 0 0) 0x7fb2c80199e0 con 0x7fb2cc108db0
2024-04-23T18:05:26.648 INFO:teuthology.orchestra.run.smithi092.stdout:/usr/bin/ceph: stderr
2024-04-23T18:05:21.102+0000 7fb2d4127700 1 -- 172.21.15.92:0/598461347 >> [v2:172.21.15.92:3300/0,v1:172.21.15.92:6789/0] conn(0x7fb2cc108db0 msgr2=0x7fb2cc19c200 secure :-1 s=STATE_CONNECTION_ESTABLISHED l=1).mark_down
2024-04-23T18:05:26.648 INFO:teuthology.orchestra.run.smithi092.stdout:/usr/bin/ceph: stderr
2024-04-23T18:05:21.102+0000 7fb2d4127700 1 --2- 172.21.15.92:0/598461347 >> [v2:172.21.15.92:3300/0,v1:172.21.15.92:6789/0] conn(0x7fb2cc108db0 0x7fb2cc19c200 secure :-1 s=READY pgs=17 cs=0 l=1 rev1=1 crypto rx=0x7fb2c8003f40 tx=0x7fb2c8011890 comp rx=0 tx=0).stop
2024-04-23T18:05:26.648 INFO:teuthology.orchestra.run.smithi092.stdout:/usr/bin/ceph: stderr
2024-04-23T18:05:21.102+0000 7fb2d4127700 1 -- 172.21.15.92:0/598461347 shutdown_connections
2024-04-23T18:05:26.648 INFO:teuthology.orchestra.run.smithi092.stdout:/usr/bin/ceph: stderr
2024-04-23T18:05:21.102+0000 7fb2d4127700 1 --2- 172.21.15.92:0/598461347 >> [v2:172.21.15.92:3300/0,v1:172.21.15.92:6789/0] conn(0x7fb2cc108db0 0x7fb2cc19c200 unknown :-1 s=CLOSED pgs=17 cs=0 l=1 rev1=1 crypto rx=0 tx=0 comp rx=0 tx=0).stop
2024-04-23T18:05:26.648 INFO:teuthology.orchestra.run.smithi092.stdout:/usr/bin/ceph: stderr
2024-04-23T18:05:21.102+0000 7fb2d4127700 1 -- 172.21.15.92:0/598461347 >> 172.21.15.92:0/598461347 conn(0x7fb2cc102820 msgr2=0x7fb2cc103290 unknown :-1 s=STATE_NONE l=0).mark_down
2024-04-23T18:05:26.648 INFO:teuthology.orchestra.run.smithi092.stdout:/usr/bin/ceph: stderr
2024-04-23T18:05:21.102+0000 7fb2d4127700 1 -- 172.21.15.92:0/598461347 shutdown_connections
2024-04-23T18:05:26.648 INFO:teuthology.orchestra.run.smithi092.stdout:/usr/bin/ceph: stderr
2024-04-23T18:05:21.102+0000 7fb2d4127700 1 -- 172.21.15.92:0/598461347 wait complete.
2024-04-23T18:05:26.648 INFO:teuthology.orchestra.run.smithi092.stdout:mgr not available, waiting (3/15)...
2024-04-23T18:05:32.785 INFO:journalctl@ceph.mon.a.smithi092.stdout:Apr 23 18:05:32 smithi092 ceph-mon[29200]: from='client.? 172.21.15.92:0/758448551' entity='client.admin' cmd=[{"prefix": "status", "format": "json-pretty"}]: dispatch
2024-04-23T18:05:33.091 INFO:teuthology.orchestra.run.smithi092.stdout:/usr/bin/ceph: stdout
2024-04-23T18:05:33.091 INFO:teuthology.orchestra.run.smithi092.stdout:/usr/bin/ceph: stdout {
2024-04-23T18:05:33.091 INFO:teuthology.orchestra.run.smithi092.stdout:/usr/bin/ceph: stdout "fsid": "df65a852-019b-11ef-bc93-c7b262605968",
2024-04-23T18:05:33.091 INFO:teuthology.orchestra.run.smithi092.stdout:/usr/bin/ceph: stdout "health": {
2024-04-23T18:05:33.091 INFO:teuthology.orchestra.run.smithi092.stdout:/usr/bin/ceph: stdout "status": "HEALTH_OK",
2024-04-23T18:05:33.091 INFO:teuthology.orchestra.run.smithi092.stdout:/usr/bin/ceph: stdout "checks": {},
2024-04-23T18:05:33.092 INFO:teuthology.orchestra.run.smithi092.stdout:/usr/bin/ceph: stdout "mutes": []
2024-04-23T18:05:33.092 INFO:teuthology.orchestra.run.smithi092.stdout:/usr/bin/ceph: stdout },
2024-04-23T18:05:33.092 INFO:teuthology.orchestra.run.smithi092.stdout:/usr/bin/ceph: stdout "election_epoch": 5,
2024-04-23T18:05:33.092 INFO:teuthology.orchestra.run.smithi092.stdout:/usr/bin/ceph: stdout "quorum": [
2024-04-23T18:05:33.092 INFO:teuthology.orchestra.run.smithi092.stdout:/usr/bin/ceph: stdout 0
2024-04-23T18:05:33.092 INFO:teuthology.orchestra.run.smithi092.stdout:/usr/bin/ceph: stdout ],
2024-04-23T18:05:33.092 INFO:teuthology.orchestra.run.smithi092.stdout:/usr/bin/ceph: stdout "quorum_names": [
2024-04-23T18:05:33.092 INFO:teuthology.orchestra.run.smithi092.stdout:/usr/bin/ceph: stdout "a"
2024-04-23T18:05:33.092 INFO:teuthology.orchestra.run.smithi092.stdout:/usr/bin/ceph: stdout ],
2024-04-23T18:05:33.092 INFO:teuthology.orchestra.run.smithi092.stdout:/usr/bin/ceph: stdout "quorum_age": 20,
2024-04-23T18:05:33.092 INFO:teuthology.orchestra.run.smithi092.stdout:/usr/bin/ceph: stdout "monmap": {
2024-04-23T18:05:33.092 INFO:teuthology.orchestra.run.smithi092.stdout:/usr/bin/ceph: stdout "epoch": 1,
2024-04-23T18:05:33.092 INFO:teuthology.orchestra.run.smithi092.stdout:/usr/bin/ceph: stdout "min_mon_release_name": "squid",
2024-04-23T18:05:33.092 INFO:teuthology.orchestra.run.smithi092.stdout:/usr/bin/ceph: stdout "num_mons": 1
2024-04-23T18:05:33.092 INFO:teuthology.orchestra.run.smithi092.stdout:/usr/bin/ceph: stdout },
2024-04-23T18:05:33.093 INFO:teuthology.orchestra.run.smithi092.stdout:/usr/bin/ceph: stdout "osdmap": {
2024-04-23T18:05:33.093 INFO:teuthology.orchestra.run.smithi092.stdout:/usr/bin/ceph: stdout "epoch": 1,
2024-04-23T18:05:33.093 INFO:teuthology.orchestra.run.smithi092.stdout:/usr/bin/ceph: stdout "num_osds": 0,
2024-04-23T18:05:33.093 INFO:teuthology.orchestra.run.smithi092.stdout:/usr/bin/ceph: stdout "num_up_osds": 0,
2024-04-23T18:05:33.093 INFO:teuthology.orchestra.run.smithi092.stdout:/usr/bin/ceph: stdout "osd_up_since": 0,
2024-04-23T18:05:33.101 INFO:teuthology.orchestra.run.smithi092.stdout:/usr/bin/ceph: stdout "num_in_osds": 0,
2024-04-23T18:05:33.101 INFO:teuthology.orchestra.run.smithi092.stdout:/usr/bin/ceph: stdout "osd_in_since": 0,
2024-04-23T18:05:33.102 INFO:teuthology.orchestra.run.smithi092.stdout:/usr/bin/ceph: stdout "num_remapped_pgs": 0
2024-04-23T18:05:33.102 INFO:teuthology.orchestra.run.smithi092.stdout:/usr/bin/ceph: stdout },
2024-04-23T18:05:33.102 INFO:teuthology.orchestra.run.smithi092.stdout:/usr/bin/ceph: stdout "pgmap": {
2024-04-23T18:05:33.102 INFO:teuthology.orchestra.run.smithi092.stdout:/usr/bin/ceph: stdout "pgs_by_state": [],
2024-04-23T18:05:33.102 INFO:teuthology.orchestra.run.smithi092.stdout:/usr/bin/ceph: stdout "num_pgs": 0,
2024-04-23T18:05:33.102 INFO:teuthology.orchestra.run.smithi092.stdout:/usr/bin/ceph: stdout "num_pools": 0,
2024-04-23T18:05:33.102 INFO:teuthology.orchestra.run.smithi092.stdout:/usr/bin/ceph: stdout "num_objects": 0,
2024-04-23T18:05:33.102 INFO:teuthology.orchestra.run.smithi092.stdout:/usr/bin/ceph: stdout "data_bytes": 0,
2024-04-23T18:05:33.102 INFO:teuthology.orchestra.run.smithi092.stdout:/usr/bin/ceph: stdout "bytes_used": 0,
2024-04-23T18:05:33.102 INFO:teuthology.orchestra.run.smithi092.stdout:/usr/bin/ceph: stdout "bytes_avail": 0,
2024-04-23T18:05:33.102 INFO:teuthology.orchestra.run.smithi092.stdout:/usr/bin/ceph: stdout "bytes_total": 0
2024-04-23T18:05:33.102 INFO:teuthology.orchestra.run.smithi092.stdout:/usr/bin/ceph: stdout },
2024-04-23T18:05:33.102 INFO:teuthology.orchestra.run.smithi092.stdout:/usr/bin/ceph: stdout "fsmap": {
2024-04-23T18:05:33.102 INFO:teuthology.orchestra.run.smithi092.stdout:/usr/bin/ceph: stdout "epoch": 1,
2024-04-23T18:05:33.103 INFO:teuthology.orchestra.run.smithi092.stdout:/usr/bin/ceph: stdout "by_rank": [],
2024-04-23T18:05:33.103 INFO:teuthology.orchestra.run.smithi092.stdout:/usr/bin/ceph: stdout "up:standby": 0
2024-04-23T18:05:33.103 INFO:teuthology.orchestra.run.smithi092.stdout:/usr/bin/ceph: stdout },
2024-04-23T18:05:33.103 INFO:teuthology.orchestra.run.smithi092.stdout:/usr/bin/ceph: stdout "mgrmap": {
2024-04-23T18:05:33.103 INFO:teuthology.orchestra.run.smithi092.stdout:/usr/bin/ceph: stdout "available": true,
2024-04-23T18:05:33.103 INFO:teuthology.orchestra.run.smithi092.stdout:/usr/bin/ceph: stdout "num_standbys": 0,
2024-04-23T18:05:33.103 INFO:teuthology.orchestra.run.smithi092.stdout:/usr/bin/ceph: stdout "modules": [
2024-04-23T18:05:33.103 INFO:teuthology.orchestra.run.smithi092.stdout:/usr/bin/ceph: stdout "iostat",
2024-04-23T18:05:33.103 INFO:teuthology.orchestra.run.smithi092.stdout:/usr/bin/ceph: stdout "nfs",
2024-04-23T18:05:33.103 INFO:teuthology.orchestra.run.smithi092.stdout:/usr/bin/ceph: stdout "restful"
2024-04-23T18:05:33.103 INFO:teuthology.orchestra.run.smithi092.stdout:/usr/bin/ceph: stdout ],
2024-04-23T18:05:33.103 INFO:teuthology.orchestra.run.smithi092.stdout:/usr/bin/ceph: stdout "services": {}
2024-04-23T18:05:33.103 INFO:teuthology.orchestra.run.smithi092.stdout:/usr/bin/ceph: stdout },
2024-04-23T18:05:33.103 INFO:teuthology.orchestra.run.smithi092.stdout:/usr/bin/ceph: stdout "servicemap": {
2024-04-23T18:05:33.104 INFO:teuthology.orchestra.run.smithi092.stdout:/usr/bin/ceph: stdout "epoch": 1,
2024-04-23T18:05:33.104 INFO:teuthology.orchestra.run.smithi092.stdout:/usr/bin/ceph: stdout "modified": "2024-04-23T18:05:06.913785+0000",
2024-04-23T18:05:33.104 INFO:teuthology.orchestra.run.smithi092.stdout:/usr/bin/ceph: stdout "services": {}
2024-04-23T18:05:33.104 INFO:teuthology.orchestra.run.smithi092.stdout:/usr/bin/ceph: stdout },
2024-04-23T18:05:33.104 INFO:teuthology.orchestra.run.smithi092.stdout:/usr/bin/ceph: stdout "progress_events": {}
2024-04-23T18:05:33.104 INFO:teuthology.orchestra.run.smithi092.stdout:/usr/bin/ceph: stdout }
2024-04-23T18:05:33.104 INFO:teuthology.orchestra.run.smithi092.stdout:/usr/bin/ceph: stderr
2024-04-23T18:05:32.196+0000 7fba2fadf700 1 Processor -- start
2024-04-23T18:05:33.104 INFO:teuthology.orchestra.run.smithi092.stdout:/usr/bin/ceph: stderr
2024-04-23T18:05:32.196+0000 7fba2fadf700 1 -- start start
2024-04-23T18:05:33.104 INFO:teuthology.orchestra.run.smithi092.stdout:/usr/bin/ceph: stderr
2024-04-23T18:05:32.196+0000 7fba2fadf700 1 --2- >> [v2:172.21.15.92:3300/0,v1:172.21.15.92:6789/0] conn(0x7fba2807de60 0x7fba2807c310 unknown :-1 s=NONE pgs=0 cs=0 l=0 rev1=0 crypto rx=0 tx=0 comp rx=0 tx=0).connect
2024-04-23T18:05:33.104 INFO:teuthology.orchestra.run.smithi092.stdout:/usr/bin/ceph: stderr
2024-04-23T18:05:32.196+0000 7fba2fadf700 1 -- --> [v2:172.21.15.92:3300/0,v1:172.21.15.92:6789/0] -- mon_getmap magic: 0 -- 0x7fba2807c8e0 con 0x7fba2807de60
2024-04-23T18:05:33.104 INFO:teuthology.orchestra.run.smithi092.stdout:/usr/bin/ceph: stderr
2024-04-23T18:05:32.197+0000 7fba2d87b700 1 --2- >> [v2:172.21.15.92:3300/0,v1:172.21.15.92:6789/0] conn(0x7fba2807de60 0x7fba2807c310 unknown :-1 s=BANNER_CONNECTING pgs=0 cs=0 l=0 rev1=0 crypto rx=0 tx=0 comp rx=0 tx=0)._handle_peer_banner_payload supported=3 required=0
2024-04-23T18:05:33.104 INFO:teuthology.orchestra.run.smithi092.stdout:/usr/bin/ceph: stderr
2024-04-23T18:05:32.197+0000 7fba2d87b700 1 --2- >> [v2:172.21.15.92:3300/0,v1:172.21.15.92:6789/0] conn(0x7fba2807de60 0x7fba2807c310 unknown :-1 s=HELLO_CONNECTING pgs=0 cs=0 l=0 rev1=1 crypto rx=0 tx=0 comp rx=0 tx=0).handle_hello peer v2:172.21.15.92:3300/0 says I am v2:172.21.15.92:38052/0 (socket says 172.21.15.92:38052)
2024-04-23T18:05:33.104 INFO:teuthology.orchestra.run.smithi092.stdout:/usr/bin/ceph: stderr
2024-04-23T18:05:32.197+0000 7fba2d87b700 1 -- 172.21.15.92:0/874623343 learned_addr learned my addr 172.21.15.92:0/874623343 (peer_addr_for_me v2:172.21.15.92:0/0)
2024-04-23T18:05:33.104 INFO:teuthology.orchestra.run.smithi092.stdout:/usr/bin/ceph: stderr
2024-04-23T18:05:32.197+0000 7fba2d87b700 1 -- 172.21.15.92:0/874623343 --> [v2:172.21.15.92:3300/0,v1:172.21.15.92:6789/0] -- mon_subscribe({config=0+,monmap=0+}) -- 0x7fba2807ca60 con 0x7fba2807de60
2024-04-23T18:05:33.105 INFO:teuthology.orchestra.run.smithi092.stdout:/usr/bin/ceph: stderr
2024-04-23T18:05:32.197+0000 7fba2d87b700 1 --2- 172.21.15.92:0/874623343 >> [v2:172.21.15.92:3300/0,v1:172.21.15.92:6789/0] conn(0x7fba2807de60 0x7fba2807c310 secure :-1 s=READY pgs=18 cs=0 l=1 rev1=1 crypto rx=0x7fba20009e80 tx=0x7fba2000b330 comp rx=0 tx=0).ready entity=mon.0 client_cookie=784ac12c06771e5a server_cookie=0 in_seq=0 out_seq=0
2024-04-23T18:05:33.105 INFO:teuthology.orchestra.run.smithi092.stdout:/usr/bin/ceph: stderr
2024-04-23T18:05:32.197+0000 7fba2c879700 1 -- 172.21.15.92:0/874623343 <== mon.0 v2:172.21.15.92:3300/0 1 ==== mon_map magic: 0 ==== 205+0+0 (secure 0 0 0) 0x7fba20017070 con 0x7fba2807de60
2024-04-23T18:05:33.105 INFO:teuthology.orchestra.run.smithi092.stdout:/usr/bin/ceph: stderr
2024-04-23T18:05:32.197+0000 7fba2c879700 1 -- 172.21.15.92:0/874623343 <== mon.0 v2:172.21.15.92:3300/0 2 ==== config(26 keys) ==== 1070+0+0 (secure 0 0 0) 0x7fba2000b8c0 con 0x7fba2807de60
2024-04-23T18:05:33.105 INFO:teuthology.orchestra.run.smithi092.stdout:/usr/bin/ceph: stderr
2024-04-23T18:05:32.197+0000 7fba2c879700 1 -- 172.21.15.92:0/874623343 <== mon.0 v2:172.21.15.92:3300/0 3 ==== mon_map magic: 0 ==== 205+0+0 (secure 0 0 0) 0x7fba20004490 con 0x7fba2807de60
2024-04-23T18:05:33.105 INFO:teuthology.orchestra.run.smithi092.stdout:/usr/bin/ceph: stderr
2024-04-23T18:05:32.198+0000 7fba2fadf700 1 -- 172.21.15.92:0/874623343 >> [v2:172.21.15.92:3300/0,v1:172.21.15.92:6789/0] conn(0x7fba2807de60 msgr2=0x7fba2807c310 secure :-1 s=STATE_CONNECTION_ESTABLISHED l=1).mark_down
2024-04-23T18:05:33.105 INFO:teuthology.orchestra.run.smithi092.stdout:/usr/bin/ceph: stderr
2024-04-23T18:05:32.198+0000 7fba2fadf700 1 --2- 172.21.15.92:0/874623343 >> [v2:172.21.15.92:3300/0,v1:172.21.15.92:6789/0] conn(0x7fba2807de60 0x7fba2807c310 secure :-1 s=READY pgs=18 cs=0 l=1 rev1=1 crypto rx=0x7fba20009e80 tx=0x7fba2000b330 comp rx=0 tx=0).stop
2024-04-23T18:05:33.105 INFO:teuthology.orchestra.run.smithi092.stdout:/usr/bin/ceph: stderr
2024-04-23T18:05:32.198+0000 7fba2fadf700 1 -- 172.21.15.92:0/874623343 shutdown_connections
2024-04-23T18:05:33.105 INFO:teuthology.orchestra.run.smithi092.stdout:/usr/bin/ceph: stderr
2024-04-23T18:05:32.198+0000 7fba2fadf700 1 --2- 172.21.15.92:0/874623343 >> [v2:172.21.15.92:3300/0,v1:172.21.15.92:6789/0] conn(0x7fba2807de60 0x7fba2807c310 unknown :-1 s=CLOSED pgs=18 cs=0 l=1 rev1=1 crypto rx=0 tx=0 comp rx=0 tx=0).stop
2024-04-23T18:05:33.105 INFO:teuthology.orchestra.run.smithi092.stdout:/usr/bin/ceph: stderr
2024-04-23T18:05:32.198+0000 7fba2fadf700 1 -- 172.21.15.92:0/874623343 >> 172.21.15.92:0/874623343 conn(0x7fba281039b0 msgr2=0x7fba28105dd0 unknown :-1 s=STATE_NONE l=0).mark_down
2024-04-23T18:05:33.105 INFO:teuthology.orchestra.run.smithi092.stdout:/usr/bin/ceph: stderr
2024-04-23T18:05:32.198+0000 7fba2fadf700 1 -- 172.21.15.92:0/874623343 shutdown_connections
2024-04-23T18:05:33.105 INFO:teuthology.orchestra.run.smithi092.stdout:/usr/bin/ceph: stderr
2024-04-23T18:05:32.198+0000 7fba2fadf700 1 -- 172.21.15.92:0/874623343 wait complete.
2024-04-23T18:05:33.105 INFO:teuthology.orchestra.run.smithi092.stdout:/usr/bin/ceph: stderr
2024-04-23T18:05:32.198+0000 7fba2fadf700 1 Processor -- start
2024-04-23T18:05:33.105 INFO:teuthology.orchestra.run.smithi092.stdout:/usr/bin/ceph: stderr
2024-04-23T18:05:32.199+0000 7fba2fadf700 1 -- start start
2024-04-23T18:05:33.105 INFO:teuthology.orchestra.run.smithi092.stdout:/usr/bin/ceph: stderr
2024-04-23T18:05:32.199+0000 7fba2fadf700 1 --2- >> [v2:172.21.15.92:3300/0,v1:172.21.15.92:6789/0] conn(0x7fba2807de60 0x7fba2819e360 unknown :-1 s=NONE pgs=0 cs=0 l=1 rev1=0 crypto rx=0 tx=0 comp rx=0 tx=0).connect
2024-04-23T18:05:33.105 INFO:teuthology.orchestra.run.smithi092.stdout:/usr/bin/ceph: stderr
2024-04-23T18:05:32.199+0000 7fba2fadf700 1 -- --> [v2:172.21.15.92:3300/0,v1:172.21.15.92:6789/0] -- mon_getmap magic: 0 -- 0x7fba2810e8e0 con 0x7fba2807de60
2024-04-23T18:05:33.106 INFO:teuthology.orchestra.run.smithi092.stdout:/usr/bin/ceph: stderr
2024-04-23T18:05:32.199+0000 7fba2d87b700 1 --2- >> [v2:172.21.15.92:3300/0,v1:172.21.15.92:6789/0] conn(0x7fba2807de60 0x7fba2819e360 unknown :-1 s=BANNER_CONNECTING pgs=0 cs=0 l=1 rev1=0 crypto rx=0 tx=0 comp rx=0 tx=0)._handle_peer_banner_payload supported=3 required=0
2024-04-23T18:05:33.106 INFO:teuthology.orchestra.run.smithi092.stdout:/usr/bin/ceph: stderr
2024-04-23T18:05:32.199+0000 7fba2d87b700 1 --2- >> [v2:172.21.15.92:3300/0,v1:172.21.15.92:6789/0] conn(0x7fba2807de60 0x7fba2819e360 unknown :-1 s=HELLO_CONNECTING pgs=0 cs=0 l=1 rev1=1 crypto rx=0 tx=0 comp rx=0 tx=0).handle_hello peer v2:172.21.15.92:3300/0 says I am v2:172.21.15.92:38060/0 (socket says 172.21.15.92:38060)
2024-04-23T18:05:33.106 INFO:teuthology.orchestra.run.smithi092.stdout:/usr/bin/ceph: stderr
2024-04-23T18:05:32.199+0000 7fba2d87b700 1 -- 172.21.15.92:0/758448551 learned_addr learned my addr 172.21.15.92:0/758448551 (peer_addr_for_me v2:172.21.15.92:0/0)
2024-04-23T18:05:33.106 INFO:teuthology.orchestra.run.smithi092.stdout:/usr/bin/ceph: stderr
2024-04-23T18:05:32.199+0000 7fba2d87b700 1 -- 172.21.15.92:0/758448551 --> [v2:172.21.15.92:3300/0,v1:172.21.15.92:6789/0] -- mon_subscribe({config=0+,monmap=0+}) -- 0x7fba2819e8a0 con 0x7fba2807de60
2024-04-23T18:05:33.106 INFO:teuthology.orchestra.run.smithi092.stdout:/usr/bin/ceph: stderr
2024-04-23T18:05:32.199+0000 7fba2d87b700 1 --2- 172.21.15.92:0/758448551 >> [v2:172.21.15.92:3300/0,v1:172.21.15.92:6789/0] conn(0x7fba2807de60 0x7fba2819e360 secure :-1 s=READY pgs=19 cs=0 l=1 rev1=1 crypto rx=0x7fba2000b7b0 tx=0x7fba2000be90 comp rx=0 tx=0).ready entity=mon.0 client_cookie=0 server_cookie=0 in_seq=0 out_seq=0
2024-04-23T18:05:33.106 INFO:teuthology.orchestra.run.smithi092.stdout:/usr/bin/ceph: stderr
2024-04-23T18:05:32.199+0000 7fba1effd700 1 -- 172.21.15.92:0/758448551 <== mon.0 v2:172.21.15.92:3300/0 1 ==== mon_map magic: 0 ==== 205+0+0 (secure 0 0 0) 0x7fba20020020 con 0x7fba2807de60
2024-04-23T18:05:33.106 INFO:teuthology.orchestra.run.smithi092.stdout:/usr/bin/ceph: stderr
2024-04-23T18:05:32.199+0000 7fba1effd700 1 -- 172.21.15.92:0/758448551 <== mon.0 v2:172.21.15.92:3300/0 2 ==== config(26 keys) ==== 1070+0+0 (secure 0 0 0) 0x7fba20003d10 con 0x7fba2807de60
2024-04-23T18:05:33.106 INFO:teuthology.orchestra.run.smithi092.stdout:/usr/bin/ceph: stderr
2024-04-23T18:05:32.199+0000 7fba2fadf700 1 -- 172.21.15.92:0/758448551 --> [v2:172.21.15.92:3300/0,v1:172.21.15.92:6789/0] -- mon_subscribe({mgrmap=0+}) -- 0x7fba2819eb30 con 0x7fba2807de60
2024-04-23T18:05:33.106 INFO:teuthology.orchestra.run.smithi092.stdout:/usr/bin/ceph: stderr
2024-04-23T18:05:32.199+0000 7fba1effd700 1 -- 172.21.15.92:0/758448551 <== mon.0 v2:172.21.15.92:3300/0 3 ==== mon_map magic: 0 ==== 205+0+0 (secure 0 0 0) 0x7fba20017040 con 0x7fba2807de60
2024-04-23T18:05:33.106 INFO:teuthology.orchestra.run.smithi092.stdout:/usr/bin/ceph: stderr
2024-04-23T18:05:32.199+0000 7fba2fadf700 1 -- 172.21.15.92:0/758448551 --> [v2:172.21.15.92:3300/0,v1:172.21.15.92:6789/0] -- mon_subscribe({osdmap=0}) -- 0x7fba281a1820 con 0x7fba2807de60
2024-04-23T18:05:33.106 INFO:teuthology.orchestra.run.smithi092.stdout:/usr/bin/ceph: stderr
2024-04-23T18:05:32.200+0000 7fba1effd700 1 -- 172.21.15.92:0/758448551 <== mon.0 v2:172.21.15.92:3300/0 4 ==== mgrmap(e 4) ==== 46547+0+0 (secure 0 0 0) 0x7fba20023020 con 0x7fba2807de60
2024-04-23T18:05:33.106 INFO:teuthology.orchestra.run.smithi092.stdout:/usr/bin/ceph: stderr
2024-04-23T18:05:32.200+0000 7fba2fadf700 1 -- 172.21.15.92:0/758448551 --> [v2:172.21.15.92:3300/0,v1:172.21.15.92:6789/0] -- mon_command({"prefix": "get_command_descriptions"} v 0) -- 0x7fba280640a0 con 0x7fba2807de60
2024-04-23T18:05:33.106 INFO:teuthology.orchestra.run.smithi092.stdout:/usr/bin/ceph: stderr
2024-04-23T18:05:32.200+0000 7fba1effd700 1 --2- 172.21.15.92:0/758448551 >> [v2:172.21.15.92:6800/2040842187,v1:172.21.15.92:6801/2040842187] conn(0x7fba14039670 0x7fba1403bb30 unknown :-1 s=NONE pgs=0 cs=0 l=1 rev1=0 crypto rx=0 tx=0 comp rx=0 tx=0).connect
2024-04-23T18:05:33.107 INFO:teuthology.orchestra.run.smithi092.stdout:/usr/bin/ceph: stderr
2024-04-23T18:05:32.201+0000 7fba1effd700 1 -- 172.21.15.92:0/758448551 <== mon.0 v2:172.21.15.92:3300/0 5 ==== osd_map(1..1 src has 1..1) ==== 725+0+0 (secure 0 0 0) 0x7fba2000f050 con 0x7fba2807de60
2024-04-23T18:05:33.107 INFO:teuthology.orchestra.run.smithi092.stdout:/usr/bin/ceph: stderr
2024-04-23T18:05:32.201+0000 7fba2d07a700 1 --2- 172.21.15.92:0/758448551 >> [v2:172.21.15.92:6800/2040842187,v1:172.21.15.92:6801/2040842187] conn(0x7fba14039670 0x7fba1403bb30 unknown :-1 s=BANNER_CONNECTING pgs=0 cs=0 l=1 rev1=0 crypto rx=0 tx=0 comp rx=0 tx=0)._handle_peer_banner_payload supported=3 required=0
2024-04-23T18:05:33.107 INFO:teuthology.orchestra.run.smithi092.stdout:/usr/bin/ceph: stderr
2024-04-23T18:05:32.201+0000 7fba2d07a700 1 --2- 172.21.15.92:0/758448551 >> [v2:172.21.15.92:6800/2040842187,v1:172.21.15.92:6801/2040842187] conn(0x7fba14039670 0x7fba1403bb30 secure :-1 s=READY pgs=6 cs=0 l=1 rev1=1 crypto rx=0x7fba18006fd0 tx=0x7fba18006e40 comp rx=0 tx=0).ready entity=mgr.14100 client_cookie=0 server_cookie=0 in_seq=0 out_seq=0
2024-04-23T18:05:33.107 INFO:teuthology.orchestra.run.smithi092.stdout:/usr/bin/ceph: stderr
2024-04-23T18:05:32.206+0000 7fba1effd700 1 -- 172.21.15.92:0/758448551 <== mon.0 v2:172.21.15.92:3300/0 6 ==== mon_command_ack([{"prefix": "get_command_descriptions"}]=0 v0) ==== 72+0+188370 (secure 0 0 0) 0x7fba2002a020 con 0x7fba2807de60
2024-04-23T18:05:33.107 INFO:teuthology.orchestra.run.smithi092.stdout:/usr/bin/ceph: stderr
2024-04-23T18:05:32.490+0000 7fba2fadf700 1 -- 172.21.15.92:0/758448551 --> [v2:172.21.15.92:3300/0,v1:172.21.15.92:6789/0] -- mon_command({"prefix": "status", "format": "json-pretty"} v 0) -- 0x7fba281a19f0 con 0x7fba2807de60
2024-04-23T18:05:33.107 INFO:teuthology.orchestra.run.smithi092.stdout:/usr/bin/ceph: stderr
2024-04-23T18:05:32.491+0000 7fba1effd700 1 -- 172.21.15.92:0/758448551 <== mon.0 v2:172.21.15.92:3300/0 7 ==== mon_command_ack([{"prefix": "status", "format": "json-pretty"}]=0 v0) ==== 79+0+1239 (secure 0 0 0) 0x7fba281a19f0 con 0x7fba2807de60
2024-04-23T18:05:33.107 INFO:teuthology.orchestra.run.smithi092.stdout:/usr/bin/ceph: stderr
2024-04-23T18:05:32.493+0000 7fba2fadf700 1 -- 172.21.15.92:0/758448551 >> [v2:172.21.15.92:6800/2040842187,v1:172.21.15.92:6801/2040842187] conn(0x7fba14039670 msgr2=0x7fba1403bb30 secure :-1 s=STATE_CONNECTION_ESTABLISHED l=1).mark_down
2024-04-23T18:05:33.107 INFO:teuthology.orchestra.run.smithi092.stdout:/usr/bin/ceph: stderr
2024-04-23T18:05:32.493+0000 7fba2fadf700 1 --2- 172.21.15.92:0/758448551 >> [v2:172.21.15.92:6800/2040842187,v1:172.21.15.92:6801/2040842187] conn(0x7fba14039670 0x7fba1403bb30 secure :-1 s=READY pgs=6 cs=0 l=1 rev1=1 crypto rx=0x7fba18006fd0 tx=0x7fba18006e40 comp rx=0 tx=0).stop
2024-04-23T18:05:33.107 INFO:teuthology.orchestra.run.smithi092.stdout:/usr/bin/ceph: stderr
2024-04-23T18:05:32.493+0000 7fba2fadf700 1 -- 172.21.15.92:0/758448551 >> [v2:172.21.15.92:3300/0,v1:172.21.15.92:6789/0] conn(0x7fba2807de60 msgr2=0x7fba2819e360 secure :-1 s=STATE_CONNECTION_ESTABLISHED l=1).mark_down
2024-04-23T18:05:33.107 INFO:teuthology.orchestra.run.smithi092.stdout:/usr/bin/ceph: stderr
2024-04-23T18:05:32.493+0000 7fba2fadf700 1 --2- 172.21.15.92:0/758448551 >> [v2:172.21.15.92:3300/0,v1:172.21.15.92:6789/0] conn(0x7fba2807de60 0x7fba2819e360 secure :-1 s=READY pgs=19 cs=0 l=1 rev1=1 crypto rx=0x7fba2000b7b0 tx=0x7fba2000be90 comp rx=0 tx=0).stop
2024-04-23T18:05:33.107 INFO:teuthology.orchestra.run.smithi092.stdout:/usr/bin/ceph: stderr
2024-04-23T18:05:32.493+0000 7fba2fadf700 1 -- 172.21.15.92:0/758448551 shutdown_connections
2024-04-23T18:05:33.107 INFO:teuthology.orchestra.run.smithi092.stdout:/usr/bin/ceph: stderr
2024-04-23T18:05:32.493+0000 7fba2fadf700 1 --2- 172.21.15.92:0/758448551 >> [v2:172.21.15.92:6800/2040842187,v1:172.21.15.92:6801/2040842187] conn(0x7fba14039670 0x7fba1403bb30 unknown :-1 s=CLOSED pgs=6 cs=0 l=1 rev1=1 crypto rx=0 tx=0 comp rx=0 tx=0).stop
2024-04-23T18:05:33.107 INFO:teuthology.orchestra.run.smithi092.stdout:/usr/bin/ceph: stderr
2024-04-23T18:05:32.493+0000 7fba2fadf700 1 --2- 172.21.15.92:0/758448551 >> [v2:172.21.15.92:3300/0,v1:172.21.15.92:6789/0] conn(0x7fba2807de60 0x7fba2819e360 unknown :-1 s=CLOSED pgs=19 cs=0 l=1 rev1=1 crypto rx=0 tx=0 comp rx=0 tx=0).stop
2024-04-23T18:05:33.107 INFO:teuthology.orchestra.run.smithi092.stdout:/usr/bin/ceph: stderr
2024-04-23T18:05:32.493+0000 7fba2fadf700 1 -- 172.21.15.92:0/758448551 >> 172.21.15.92:0/758448551 conn(0x7fba281039b0 msgr2=0x7fba281043c0 unknown :-1 s=STATE_NONE l=0).mark_down
2024-04-23T18:05:33.108 INFO:teuthology.orchestra.run.smithi092.stdout:/usr/bin/ceph: stderr
2024-04-23T18:05:32.493+0000 7fba2fadf700 1 -- 172.21.15.92:0/758448551 shutdown_connections
2024-04-23T18:05:33.108 INFO:teuthology.orchestra.run.smithi092.stdout:/usr/bin/ceph: stderr
2024-04-23T18:05:32.493+0000 7fba2fadf700 1 -- 172.21.15.92:0/758448551 wait complete.
2024-04-23T18:05:33.108 INFO:teuthology.orchestra.run.smithi092.stdout:mgr is available
2024-04-23T18:05:34.194 INFO:journalctl@ceph.mon.a.smithi092.stdout:Apr 23 18:05:33 smithi092 ceph-mon[29200]: from='client.? 172.21.15.92:0/2714192093' entity='client.admin' cmd=[{"prefix": "config assimilate-conf"}]: dispatch
2024-04-23T18:05:34.251 INFO:teuthology.orchestra.run.smithi092.stdout:/usr/bin/ceph: stdout
2024-04-23T18:05:34.251 INFO:teuthology.orchestra.run.smithi092.stdout:/usr/bin/ceph: stdout [global]
2024-04-23T18:05:34.251 INFO:teuthology.orchestra.run.smithi092.stdout:/usr/bin/ceph: stdout fsid = df65a852-019b-11ef-bc93-c7b262605968
2024-04-23T18:05:34.251 INFO:teuthology.orchestra.run.smithi092.stdout:/usr/bin/ceph: stdout mon_cluster_log_file_level = debug
2024-04-23T18:05:34.251 INFO:teuthology.orchestra.run.smithi092.stdout:/usr/bin/ceph: stdout mon_osd_allow_pg_remap = true
2024-04-23T18:05:34.251 INFO:teuthology.orchestra.run.smithi092.stdout:/usr/bin/ceph: stdout mon_osd_allow_primary_affinity = true
2024-04-23T18:05:34.251 INFO:teuthology.orchestra.run.smithi092.stdout:/usr/bin/ceph: stdout mon_warn_on_no_sortbitwise = false
2024-04-23T18:05:34.251 INFO:teuthology.orchestra.run.smithi092.stdout:/usr/bin/ceph: stdout osd_crush_chooseleaf_type = 0
2024-04-23T18:05:34.252 INFO:teuthology.orchestra.run.smithi092.stdout:/usr/bin/ceph: stdout
2024-04-23T18:05:34.252 INFO:teuthology.orchestra.run.smithi092.stdout:/usr/bin/ceph: stdout [mgr]
2024-04-23T18:05:34.252 INFO:teuthology.orchestra.run.smithi092.stdout:/usr/bin/ceph: stdout mgr/telemetry/nag = false
2024-04-23T18:05:34.252 INFO:teuthology.orchestra.run.smithi092.stdout:/usr/bin/ceph: stdout
2024-04-23T18:05:34.252 INFO:teuthology.orchestra.run.smithi092.stdout:/usr/bin/ceph: stdout [osd]
2024-04-23T18:05:34.252 INFO:teuthology.orchestra.run.smithi092.stdout:/usr/bin/ceph: stdout mon_osd_backfillfull_ratio = 0.85
2024-04-23T18:05:34.252 INFO:teuthology.orchestra.run.smithi092.stdout:/usr/bin/ceph: stdout mon_osd_full_ratio = 0.9
2024-04-23T18:05:34.252 INFO:teuthology.orchestra.run.smithi092.stdout:/usr/bin/ceph: stdout mon_osd_nearfull_ratio = 0.8
2024-04-23T18:05:34.253 INFO:teuthology.orchestra.run.smithi092.stdout:/usr/bin/ceph: stdout osd_map_max_advance = 10
2024-04-23T18:05:34.253 INFO:teuthology.orchestra.run.smithi092.stdout:/usr/bin/ceph: stdout osd_sloppy_crc = true
2024-04-23T18:05:34.253 INFO:teuthology.orchestra.run.smithi092.stdout:/usr/bin/ceph: stderr
2024-04-23T18:05:33.551+0000 7fbe205d8700 1 Processor -- start
2024-04-23T18:05:34.253 INFO:teuthology.orchestra.run.smithi092.stdout:/usr/bin/ceph: stderr
2024-04-23T18:05:33.551+0000 7fbe205d8700 1 -- start start
2024-04-23T18:05:34.253 INFO:teuthology.orchestra.run.smithi092.stdout:/usr/bin/ceph: stderr
2024-04-23T18:05:33.551+0000 7fbe205d8700 1 --2- >> [v2:172.21.15.92:3300/0,v1:172.21.15.92:6789/0] conn(0x7fbe18108350 0x7fbe18108770 unknown :-1 s=NONE pgs=0 cs=0 l=0 rev1=0 crypto rx=0 tx=0 comp rx=0 tx=0).connect
2024-04-23T18:05:34.253 INFO:teuthology.orchestra.run.smithi092.stdout:/usr/bin/ceph: stderr
2024-04-23T18:05:33.551+0000 7fbe205d8700 1 -- --> [v2:172.21.15.92:3300/0,v1:172.21.15.92:6789/0] -- mon_getmap magic: 0 -- 0x7fbe18108d40 con 0x7fbe18108350
2024-04-23T18:05:34.253 INFO:teuthology.orchestra.run.smithi092.stdout:/usr/bin/ceph: stderr
2024-04-23T18:05:33.552+0000 7fbe1e374700 1 --2- >> [v2:172.21.15.92:3300/0,v1:172.21.15.92:6789/0] conn(0x7fbe18108350 0x7fbe18108770 unknown :-1 s=BANNER_CONNECTING pgs=0 cs=0 l=0 rev1=0 crypto rx=0 tx=0 comp rx=0 tx=0)._handle_peer_banner_payload supported=3 required=0
2024-04-23T18:05:34.253 INFO:teuthology.orchestra.run.smithi092.stdout:/usr/bin/ceph: stderr
2024-04-23T18:05:33.552+0000 7fbe1e374700 1 --2- >> [v2:172.21.15.92:3300/0,v1:172.21.15.92:6789/0] conn(0x7fbe18108350 0x7fbe18108770 unknown :-1 s=HELLO_CONNECTING pgs=0 cs=0 l=0 rev1=1 crypto rx=0 tx=0 comp rx=0 tx=0).handle_hello peer v2:172.21.15.92:3300/0 says I am v2:172.21.15.92:38068/0 (socket says 172.21.15.92:38068)
2024-04-23T18:05:34.253 INFO:teuthology.orchestra.run.smithi092.stdout:/usr/bin/ceph: stderr
2024-04-23T18:05:33.552+0000 7fbe1e374700 1 -- 172.21.15.92:0/2556629745 learned_addr learned my addr 172.21.15.92:0/2556629745 (peer_addr_for_me v2:172.21.15.92:0/0)
2024-04-23T18:05:34.253 INFO:teuthology.orchestra.run.smithi092.stdout:/usr/bin/ceph: stderr
2024-04-23T18:05:33.552+0000 7fbe1e374700 1 -- 172.21.15.92:0/2556629745 --> [v2:172.21.15.92:3300/0,v1:172.21.15.92:6789/0] -- mon_subscribe({config=0+,monmap=0+}) -- 0x7fbe18109550 con 0x7fbe18108350
2024-04-23T18:05:34.253 INFO:teuthology.orchestra.run.smithi092.stdout:/usr/bin/ceph: stderr
2024-04-23T18:05:33.552+0000 7fbe1e374700 1 --2- 172.21.15.92:0/2556629745 >> [v2:172.21.15.92:3300/0,v1:172.21.15.92:6789/0] conn(0x7fbe18108350 0x7fbe18108770 secure :-1 s=READY pgs=20 cs=0 l=1 rev1=1 crypto rx=0x7fbe10009e80 tx=0x7fbe1000b330 comp rx=0 tx=0).ready entity=mon.0 client_cookie=da139ffe948eeb3f server_cookie=0 in_seq=0 out_seq=0
2024-04-23T18:05:34.253 INFO:teuthology.orchestra.run.smithi092.stdout:/usr/bin/ceph: stderr
2024-04-23T18:05:33.552+0000 7fbe1d372700 1 -- 172.21.15.92:0/2556629745 <== mon.0 v2:172.21.15.92:3300/0 1 ==== mon_map magic: 0 ==== 205+0+0 (secure 0 0 0) 0x7fbe10017070 con 0x7fbe18108350
2024-04-23T18:05:34.253 INFO:teuthology.orchestra.run.smithi092.stdout:/usr/bin/ceph: stderr
2024-04-23T18:05:33.552+0000 7fbe1d372700 1 -- 172.21.15.92:0/2556629745 <== mon.0 v2:172.21.15.92:3300/0 2 ==== config(26 keys) ==== 1070+0+0 (secure 0 0 0) 0x7fbe1000b8c0 con 0x7fbe18108350
2024-04-23T18:05:34.253 INFO:teuthology.orchestra.run.smithi092.stdout:/usr/bin/ceph: stderr
2024-04-23T18:05:33.552+0000 7fbe1d372700 1 -- 172.21.15.92:0/2556629745 <== mon.0 v2:172.21.15.92:3300/0 3 ==== mon_map magic: 0 ==== 205+0+0 (secure 0 0 0) 0x7fbe10004490 con 0x7fbe18108350
2024-04-23T18:05:34.254 INFO:teuthology.orchestra.run.smithi092.stdout:/usr/bin/ceph: stderr
2024-04-23T18:05:33.553+0000 7fbe205d8700 1 -- 172.21.15.92:0/2556629745 >> [v2:172.21.15.92:3300/0,v1:172.21.15.92:6789/0] conn(0x7fbe18108350 msgr2=0x7fbe18108770 secure :-1 s=STATE_CONNECTION_ESTABLISHED l=1).mark_down
2024-04-23T18:05:34.254 INFO:teuthology.orchestra.run.smithi092.stdout:/usr/bin/ceph: stderr
2024-04-23T18:05:33.553+0000 7fbe205d8700 1 --2- 172.21.15.92:0/2556629745 >> [v2:172.21.15.92:3300/0,v1:172.21.15.92:6789/0] conn(0x7fbe18108350 0x7fbe18108770 secure :-1 s=READY pgs=20 cs=0 l=1 rev1=1 crypto rx=0x7fbe10009e80 tx=0x7fbe1000b330 comp rx=0 tx=0).stop
2024-04-23T18:05:34.254 INFO:teuthology.orchestra.run.smithi092.stdout:/usr/bin/ceph: stderr
2024-04-23T18:05:33.553+0000 7fbe205d8700 1 -- 172.21.15.92:0/2556629745 shutdown_connections
2024-04-23T18:05:34.254 INFO:teuthology.orchestra.run.smithi092.stdout:/usr/bin/ceph: stderr
2024-04-23T18:05:33.553+0000 7fbe205d8700 1 --2- 172.21.15.92:0/2556629745 >> [v2:172.21.15.92:3300/0,v1:172.21.15.92:6789/0] conn(0x7fbe18108350 0x7fbe18108770 unknown :-1 s=CLOSED pgs=20 cs=0 l=1 rev1=1 crypto rx=0 tx=0 comp rx=0 tx=0).stop
2024-04-23T18:05:34.254 INFO:teuthology.orchestra.run.smithi092.stdout:/usr/bin/ceph: stderr
2024-04-23T18:05:33.553+0000 7fbe205d8700 1 -- 172.21.15.92:0/2556629745 >> 172.21.15.92:0/2556629745 conn(0x7fbe181039d0 msgr2=0x7fbe18105df0 unknown :-1 s=STATE_NONE l=0).mark_down
2024-04-23T18:05:34.254 INFO:teuthology.orchestra.run.smithi092.stdout:/usr/bin/ceph: stderr
2024-04-23T18:05:33.553+0000 7fbe205d8700 1 -- 172.21.15.92:0/2556629745 shutdown_connections
2024-04-23T18:05:34.254 INFO:teuthology.orchestra.run.smithi092.stdout:/usr/bin/ceph: stderr
2024-04-23T18:05:33.553+0000 7fbe205d8700 1 -- 172.21.15.92:0/2556629745 wait complete.
2024-04-23T18:05:34.254 INFO:teuthology.orchestra.run.smithi092.stdout:/usr/bin/ceph: stderr
2024-04-23T18:05:33.554+0000 7fbe205d8700 1 Processor -- start
2024-04-23T18:05:34.254 INFO:teuthology.orchestra.run.smithi092.stdout:/usr/bin/ceph: stderr
2024-04-23T18:05:33.554+0000 7fbe205d8700 1 -- start start
2024-04-23T18:05:34.254 INFO:teuthology.orchestra.run.smithi092.stdout:/usr/bin/ceph: stderr
2024-04-23T18:05:33.554+0000 7fbe205d8700 1 --2- >> [v2:172.21.15.92:3300/0,v1:172.21.15.92:6789/0] conn(0x7fbe18108350 0x7fbe1819c1b0 unknown :-1 s=NONE pgs=0 cs=0 l=1 rev1=0 crypto rx=0 tx=0 comp rx=0 tx=0).connect
2024-04-23T18:05:34.254 INFO:teuthology.orchestra.run.smithi092.stdout:/usr/bin/ceph: stderr
2024-04-23T18:05:33.554+0000 7fbe205d8700 1 -- --> [v2:172.21.15.92:3300/0,v1:172.21.15.92:6789/0] -- mon_getmap magic: 0 -- 0x7fbe1810c900 con 0x7fbe18108350
2024-04-23T18:05:34.254 INFO:teuthology.orchestra.run.smithi092.stdout:/usr/bin/ceph: stderr
2024-04-23T18:05:33.554+0000 7fbe1e374700 1 --2- >> [v2:172.21.15.92:3300/0,v1:172.21.15.92:6789/0] conn(0x7fbe18108350 0x7fbe1819c1b0 unknown :-1 s=BANNER_CONNECTING pgs=0 cs=0 l=1 rev1=0 crypto rx=0 tx=0 comp rx=0 tx=0)._handle_peer_banner_payload supported=3 required=0
2024-04-23T18:05:34.254 INFO:teuthology.orchestra.run.smithi092.stdout:/usr/bin/ceph: stderr
2024-04-23T18:05:33.554+0000 7fbe1e374700 1 --2- >> [v2:172.21.15.92:3300/0,v1:172.21.15.92:6789/0] conn(0x7fbe18108350 0x7fbe1819c1b0 unknown :-1 s=HELLO_CONNECTING pgs=0 cs=0 l=1 rev1=1 crypto rx=0 tx=0 comp rx=0 tx=0).handle_hello peer v2:172.21.15.92:3300/0 says I am v2:172.21.15.92:38074/0 (socket says 172.21.15.92:38074)
2024-04-23T18:05:34.254 INFO:teuthology.orchestra.run.smithi092.stdout:/usr/bin/ceph: stderr
2024-04-23T18:05:33.554+0000 7fbe1e374700 1 -- 172.21.15.92:0/2714192093 learned_addr learned my addr 172.21.15.92:0/2714192093 (peer_addr_for_me v2:172.21.15.92:0/0)
2024-04-23T18:05:34.255 INFO:teuthology.orchestra.run.smithi092.stdout:/usr/bin/ceph: stderr
2024-04-23T18:05:33.554+0000 7fbe1e374700 1 -- 172.21.15.92:0/2714192093 --> [v2:172.21.15.92:3300/0,v1:172.21.15.92:6789/0] -- mon_subscribe({config=0+,monmap=0+}) -- 0x7fbe1819c6f0 con 0x7fbe18108350
2024-04-23T18:05:34.255 INFO:teuthology.orchestra.run.smithi092.stdout:/usr/bin/ceph: stderr
2024-04-23T18:05:33.554+0000 7fbe1e374700 1 --2- 172.21.15.92:0/2714192093 >> [v2:172.21.15.92:3300/0,v1:172.21.15.92:6789/0] conn(0x7fbe18108350 0x7fbe1819c1b0 secure :-1 s=READY pgs=21 cs=0 l=1 rev1=1 crypto rx=0x7fbe10004a60 tx=0x7fbe1000bd50 comp rx=0 tx=0).ready entity=mon.0 client_cookie=0 server_cookie=0 in_seq=0 out_seq=0
2024-04-23T18:05:34.255 INFO:teuthology.orchestra.run.smithi092.stdout:/usr/bin/ceph: stderr
2024-04-23T18:05:33.554+0000 7fbe0f7fe700 1 -- 172.21.15.92:0/2714192093 <== mon.0 v2:172.21.15.92:3300/0 1 ==== mon_map magic: 0 ==== 205+0+0 (secure 0 0 0) 0x7fbe10020020 con 0x7fbe18108350
2024-04-23T18:05:34.255 INFO:teuthology.orchestra.run.smithi092.stdout:/usr/bin/ceph: stderr
2024-04-23T18:05:33.554+0000 7fbe0f7fe700 1 -- 172.21.15.92:0/2714192093 <== mon.0 v2:172.21.15.92:3300/0 2 ==== config(26 keys) ==== 1070+0+0 (secure 0 0 0) 0x7fbe10003c60 con 0x7fbe18108350
2024-04-23T18:05:34.255 INFO:teuthology.orchestra.run.smithi092.stdout:/usr/bin/ceph: stderr
2024-04-23T18:05:33.554+0000 7fbe205d8700 1 -- 172.21.15.92:0/2714192093 --> [v2:172.21.15.92:3300/0,v1:172.21.15.92:6789/0] -- mon_subscribe({mgrmap=0+}) -- 0x7fbe1819c980 con 0x7fbe18108350
2024-04-23T18:05:34.255 INFO:teuthology.orchestra.run.smithi092.stdout:/usr/bin/ceph: stderr
2024-04-23T18:05:33.554+0000 7fbe0f7fe700 1 -- 172.21.15.92:0/2714192093 <== mon.0 v2:172.21.15.92:3300/0 3 ==== mon_map magic: 0 ==== 205+0+0 (secure 0 0 0) 0x7fbe10017040 con 0x7fbe18108350
2024-04-23T18:05:34.255 INFO:teuthology.orchestra.run.smithi092.stdout:/usr/bin/ceph: stderr
2024-04-23T18:05:33.554+0000 7fbe205d8700 1 -- 172.21.15.92:0/2714192093 --> [v2:172.21.15.92:3300/0,v1:172.21.15.92:6789/0] -- mon_subscribe({osdmap=0}) -- 0x7fbe1819f670 con 0x7fbe18108350
2024-04-23T18:05:34.255 INFO:teuthology.orchestra.run.smithi092.stdout:/usr/bin/ceph: stderr
2024-04-23T18:05:33.555+0000 7fbe0f7fe700 1 -- 172.21.15.92:0/2714192093 <== mon.0 v2:172.21.15.92:3300/0 4 ==== mgrmap(e 4) ==== 46547+0+0 (secure 0 0 0) 0x7fbe10023020 con 0x7fbe18108350
2024-04-23T18:05:34.255 INFO:teuthology.orchestra.run.smithi092.stdout:/usr/bin/ceph: stderr
2024-04-23T18:05:33.555+0000 7fbe0f7fe700 1 --2- 172.21.15.92:0/2714192093 >> [v2:172.21.15.92:6800/2040842187,v1:172.21.15.92:6801/2040842187] conn(0x7fbe04039670 0x7fbe0403bb30 unknown :-1 s=NONE pgs=0 cs=0 l=1 rev1=0 crypto rx=0 tx=0 comp rx=0 tx=0).connect
2024-04-23T18:05:34.255 INFO:teuthology.orchestra.run.smithi092.stdout:/usr/bin/ceph: stderr
2024-04-23T18:05:33.555+0000 7fbe205d8700 1 -- 172.21.15.92:0/2714192093 --> [v2:172.21.15.92:3300/0,v1:172.21.15.92:6789/0] -- mon_command({"prefix": "get_command_descriptions"} v 0) -- 0x7fbe180640a0 con 0x7fbe18108350
2024-04-23T18:05:34.255 INFO:teuthology.orchestra.run.smithi092.stdout:/usr/bin/ceph: stderr
2024-04-23T18:05:33.555+0000 7fbe0f7fe700 1 -- 172.21.15.92:0/2714192093 <== mon.0 v2:172.21.15.92:3300/0 5 ==== osd_map(1..1 src has 1..1) ==== 725+0+0 (secure 0 0 0) 0x7fbe1000f050 con 0x7fbe18108350
2024-04-23T18:05:34.255 INFO:teuthology.orchestra.run.smithi092.stdout:/usr/bin/ceph: stderr
2024-04-23T18:05:33.556+0000 7fbe1db73700 1 --2- 172.21.15.92:0/2714192093 >> [v2:172.21.15.92:6800/2040842187,v1:172.21.15.92:6801/2040842187] conn(0x7fbe04039670 0x7fbe0403bb30 unknown :-1 s=BANNER_CONNECTING pgs=0 cs=0 l=1 rev1=0 crypto rx=0 tx=0 comp rx=0 tx=0)._handle_peer_banner_payload supported=3 required=0
2024-04-23T18:05:34.255 INFO:teuthology.orchestra.run.smithi092.stdout:/usr/bin/ceph: stderr
2024-04-23T18:05:33.556+0000 7fbe1db73700 1 --2- 172.21.15.92:0/2714192093 >> [v2:172.21.15.92:6800/2040842187,v1:172.21.15.92:6801/2040842187] conn(0x7fbe04039670 0x7fbe0403bb30 secure :-1 s=READY pgs=7 cs=0 l=1 rev1=1 crypto rx=0x7fbe08006fd0 tx=0x7fbe08006e40 comp rx=0 tx=0).ready entity=mgr.14100 client_cookie=0 server_cookie=0 in_seq=0 out_seq=0
2024-04-23T18:05:34.255 INFO:teuthology.orchestra.run.smithi092.stdout:/usr/bin/ceph: stderr
2024-04-23T18:05:33.561+0000 7fbe0f7fe700 1 -- 172.21.15.92:0/2714192093 <== mon.0 v2:172.21.15.92:3300/0 6 ==== mon_command_ack([{"prefix": "get_command_descriptions"}]=0 v0) ==== 72+0+188370 (secure 0 0 0) 0x7fbe1002a020 con 0x7fbe18108350
2024-04-23T18:05:34.256 INFO:teuthology.orchestra.run.smithi092.stdout:/usr/bin/ceph: stderr
2024-04-23T18:05:33.760+0000 7fbe205d8700 1 -- 172.21.15.92:0/2714192093 --> [v2:172.21.15.92:3300/0,v1:172.21.15.92:6789/0] -- mon_command({"prefix": "config assimilate-conf"} v 0) -- 0x7fbe1819f840 con 0x7fbe18108350
2024-04-23T18:05:34.256 INFO:teuthology.orchestra.run.smithi092.stdout:/usr/bin/ceph: stderr
2024-04-23T18:05:33.761+0000 7fbe0f7fe700 1 -- 172.21.15.92:0/2714192093 <== mon.0 v2:172.21.15.92:3300/0 7 ==== mon_command_ack([{"prefix": "config assimilate-conf"}]=0 v3) ==== 70+0+409 (secure 0 0 0) 0x7fbe1819f840 con 0x7fbe18108350
2024-04-23T18:05:34.256 INFO:teuthology.orchestra.run.smithi092.stdout:/usr/bin/ceph: stderr
2024-04-23T18:05:33.763+0000 7fbe205d8700 1 -- 172.21.15.92:0/2714192093 >> [v2:172.21.15.92:6800/2040842187,v1:172.21.15.92:6801/2040842187] conn(0x7fbe04039670 msgr2=0x7fbe0403bb30 secure :-1 s=STATE_CONNECTION_ESTABLISHED l=1).mark_down
2024-04-23T18:05:34.256 INFO:teuthology.orchestra.run.smithi092.stdout:/usr/bin/ceph: stderr
2024-04-23T18:05:33.763+0000 7fbe205d8700 1 --2- 172.21.15.92:0/2714192093 >> [v2:172.21.15.92:6800/2040842187,v1:172.21.15.92:6801/2040842187] conn(0x7fbe04039670 0x7fbe0403bb30 secure :-1 s=READY pgs=7 cs=0 l=1 rev1=1 crypto rx=0x7fbe08006fd0 tx=0x7fbe08006e40 comp rx=0 tx=0).stop
2024-04-23T18:05:34.256 INFO:teuthology.orchestra.run.smithi092.stdout:/usr/bin/ceph: stderr
2024-04-23T18:05:33.763+0000 7fbe205d8700 1 -- 172.21.15.92:0/2714192093 >> [v2:172.21.15.92:3300/0,v1:172.21.15.92:6789/0] conn(0x7fbe18108350 msgr2=0x7fbe1819c1b0 secure :-1 s=STATE_CONNECTION_ESTABLISHED l=1).mark_down
2024-04-23T18:05:34.256 INFO:teuthology.orchestra.run.smithi092.stdout:/usr/bin/ceph: stderr
2024-04-23T18:05:33.763+0000 7fbe205d8700 1 --2- 172.21.15.92:0/2714192093 >> [v2:172.21.15.92:3300/0,v1:172.21.15.92:6789/0] conn(0x7fbe18108350 0x7fbe1819c1b0 secure :-1 s=READY pgs=21 cs=0 l=1 rev1=1 crypto rx=0x7fbe10004a60 tx=0x7fbe1000bd50 comp rx=0 tx=0).stop
2024-04-23T18:05:34.256 INFO:teuthology.orchestra.run.smithi092.stdout:/usr/bin/ceph: stderr
2024-04-23T18:05:33.763+0000 7fbe205d8700 1 -- 172.21.15.92:0/2714192093 shutdown_connections
2024-04-23T18:05:34.256 INFO:teuthology.orchestra.run.smithi092.stdout:/usr/bin/ceph: stderr
2024-04-23T18:05:33.763+0000 7fbe205d8700 1 --2- 172.21.15.92:0/2714192093 >> [v2:172.21.15.92:6800/2040842187,v1:172.21.15.92:6801/2040842187] conn(0x7fbe04039670 0x7fbe0403bb30 unknown :-1 s=CLOSED pgs=7 cs=0 l=1 rev1=1 crypto rx=0 tx=0 comp rx=0 tx=0).stop
2024-04-23T18:05:34.256 INFO:teuthology.orchestra.run.smithi092.stdout:/usr/bin/ceph: stderr
2024-04-23T18:05:33.763+0000 7fbe205d8700 1 --2- 172.21.15.92:0/2714192093 >> [v2:172.21.15.92:3300/0,v1:172.21.15.92:6789/0] conn(0x7fbe18108350 0x7fbe1819c1b0 unknown :-1 s=CLOSED pgs=21 cs=0 l=1 rev1=1 crypto rx=0 tx=0 comp rx=0 tx=0).stop
2024-04-23T18:05:34.256 INFO:teuthology.orchestra.run.smithi092.stdout:/usr/bin/ceph: stderr
2024-04-23T18:05:33.763+0000 7fbe205d8700 1 -- 172.21.15.92:0/2714192093 >> 172.21.15.92:0/2714192093 conn(0x7fbe181039d0 msgr2=0x7fbe181043f0 unknown :-1 s=STATE_NONE l=0).mark_down
2024-04-23T18:05:34.256 INFO:teuthology.orchestra.run.smithi092.stdout:/usr/bin/ceph: stderr
2024-04-23T18:05:33.763+0000 7fbe205d8700 1 -- 172.21.15.92:0/2714192093 shutdown_connections
2024-04-23T18:05:34.256 INFO:teuthology.orchestra.run.smithi092.stdout:/usr/bin/ceph: stderr
2024-04-23T18:05:33.763+0000 7fbe205d8700 1 -- 172.21.15.92:0/2714192093 wait complete.
2024-04-23T18:05:34.256 INFO:teuthology.orchestra.run.smithi092.stdout:Enabling cephadm module...
2024-04-23T18:05:35.194 INFO:journalctl@ceph.mon.a.smithi092.stdout:Apr 23 18:05:34 smithi092 ceph-mon[29200]: from='client.? 172.21.15.92:0/4004323280' entity='client.admin' cmd=[{"prefix": "mgr module enable", "module": "cephadm"}]: dispatch
2024-04-23T18:05:35.194 INFO:journalctl@ceph.mgr.x.smithi092.stdout:Apr 23 18:05:35 smithi092 ceph-df65a852-019b-11ef-bc93-c7b262605968-mgr-x[29431]: ignoring --setuser ceph since I am not root
2024-04-23T18:05:35.195 INFO:journalctl@ceph.mgr.x.smithi092.stdout:Apr 23 18:05:35 smithi092 ceph-df65a852-019b-11ef-bc93-c7b262605968-mgr-x[29431]: ignoring --setgroup ceph since I am not root
2024-04-23T18:05:35.195 INFO:journalctl@ceph.mgr.x.smithi092.stdout:Apr 23 18:05:35 smithi092 ceph-df65a852-019b-11ef-bc93-c7b262605968-mgr-x[29431]:
2024-04-23T18:05:35.134+0000 7ff683406200 -1 mgr[py] Module balancer has missing NOTIFY_TYPES member
2024-04-23T18:05:35.473 INFO:teuthology.orchestra.run.smithi092.stdout:/usr/bin/ceph: stderr
2024-04-23T18:05:34.650+0000 7f459c01c700 1 Processor -- start
2024-04-23T18:05:35.473 INFO:teuthology.orchestra.run.smithi092.stdout:/usr/bin/ceph: stderr
2024-04-23T18:05:34.650+0000 7f459c01c700 1 -- start start
2024-04-23T18:05:35.473 INFO:teuthology.orchestra.run.smithi092.stdout:/usr/bin/ceph: stderr
2024-04-23T18:05:34.650+0000 7f459c01c700 1 --2- >> [v2:172.21.15.92:3300/0,v1:172.21.15.92:6789/0] conn(0x7f45941083b0 0x7f45941087d0 unknown :-1 s=NONE pgs=0 cs=0 l=0 rev1=0 crypto rx=0 tx=0 comp rx=0 tx=0).connect
2024-04-23T18:05:35.473 INFO:teuthology.orchestra.run.smithi092.stdout:/usr/bin/ceph: stderr
2024-04-23T18:05:34.650+0000 7f459c01c700 1 -- --> [v2:172.21.15.92:3300/0,v1:172.21.15.92:6789/0] -- mon_getmap magic: 0 -- 0x7f4594108da0 con 0x7f45941083b0
2024-04-23T18:05:35.473 INFO:teuthology.orchestra.run.smithi092.stdout:/usr/bin/ceph: stderr
2024-04-23T18:05:34.650+0000 7f4599db8700 1 --2- >> [v2:172.21.15.92:3300/0,v1:172.21.15.92:6789/0] conn(0x7f45941083b0 0x7f45941087d0 unknown :-1 s=BANNER_CONNECTING pgs=0 cs=0 l=0 rev1=0 crypto rx=0 tx=0 comp rx=0 tx=0)._handle_peer_banner_payload supported=3 required=0
2024-04-23T18:05:35.473 INFO:teuthology.orchestra.run.smithi092.stdout:/usr/bin/ceph: stderr
2024-04-23T18:05:34.650+0000 7f4599db8700 1 --2- >> [v2:172.21.15.92:3300/0,v1:172.21.15.92:6789/0] conn(0x7f45941083b0 0x7f45941087d0 unknown :-1 s=HELLO_CONNECTING pgs=0 cs=0 l=0 rev1=1 crypto rx=0 tx=0 comp rx=0 tx=0).handle_hello peer v2:172.21.15.92:3300/0 says I am v2:172.21.15.92:38084/0 (socket says 172.21.15.92:38084)
2024-04-23T18:05:35.473 INFO:teuthology.orchestra.run.smithi092.stdout:/usr/bin/ceph: stderr
2024-04-23T18:05:34.650+0000 7f4599db8700 1 -- 172.21.15.92:0/264932029 learned_addr learned my addr 172.21.15.92:0/264932029 (peer_addr_for_me v2:172.21.15.92:0/0)
2024-04-23T18:05:35.473 INFO:teuthology.orchestra.run.smithi092.stdout:/usr/bin/ceph: stderr
2024-04-23T18:05:34.651+0000 7f4599db8700 1 -- 172.21.15.92:0/264932029 --> [v2:172.21.15.92:3300/0,v1:172.21.15.92:6789/0] -- mon_subscribe({config=0+,monmap=0+}) -- 0x7f4594109560 con 0x7f45941083b0
2024-04-23T18:05:35.473 INFO:teuthology.orchestra.run.smithi092.stdout:/usr/bin/ceph: stderr
2024-04-23T18:05:34.651+0000 7f4599db8700 1 --2- 172.21.15.92:0/264932029 >> [v2:172.21.15.92:3300/0,v1:172.21.15.92:6789/0] conn(0x7f45941083b0 0x7f45941087d0 secure :-1 s=READY pgs=22 cs=0 l=1 rev1=1 crypto rx=0x7f45900098a0 tx=0x7f4590009bb0 comp rx=0 tx=0).ready entity=mon.0 client_cookie=e5a709335c017f71 server_cookie=0 in_seq=0 out_seq=0
2024-04-23T18:05:35.474 INFO:teuthology.orchestra.run.smithi092.stdout:/usr/bin/ceph: stderr
2024-04-23T18:05:34.651+0000 7f4598db6700 1 -- 172.21.15.92:0/264932029 <== mon.0 v2:172.21.15.92:3300/0 1 ==== mon_map magic: 0 ==== 205+0+0 (secure 0 0 0) 0x7f4590004160 con 0x7f45941083b0
2024-04-23T18:05:35.474 INFO:teuthology.orchestra.run.smithi092.stdout:/usr/bin/ceph: stderr
2024-04-23T18:05:34.651+0000 7f4598db6700 1 -- 172.21.15.92:0/264932029 <== mon.0 v2:172.21.15.92:3300/0 2 ==== config(26 keys) ==== 1070+0+0 (secure 0 0 0) 0x7f4590004300 con 0x7f45941083b0
2024-04-23T18:05:35.474 INFO:teuthology.orchestra.run.smithi092.stdout:/usr/bin/ceph: stderr
2024-04-23T18:05:34.651+0000 7f4598db6700 1 -- 172.21.15.92:0/264932029 <== mon.0 v2:172.21.15.92:3300/0 3 ==== mon_map magic: 0 ==== 205+0+0 (secure 0 0 0) 0x7f4590011af0 con 0x7f45941083b0
2024-04-23T18:05:35.474 INFO:teuthology.orchestra.run.smithi092.stdout:/usr/bin/ceph: stderr
2024-04-23T18:05:34.652+0000 7f459c01c700 1 -- 172.21.15.92:0/264932029 >> [v2:172.21.15.92:3300/0,v1:172.21.15.92:6789/0] conn(0x7f45941083b0 msgr2=0x7f45941087d0 secure :-1 s=STATE_CONNECTION_ESTABLISHED l=1).mark_down
2024-04-23T18:05:35.474 INFO:teuthology.orchestra.run.smithi092.stdout:/usr/bin/ceph: stderr
2024-04-23T18:05:34.652+0000 7f459c01c700 1 --2- 172.21.15.92:0/264932029 >> [v2:172.21.15.92:3300/0,v1:172.21.15.92:6789/0] conn(0x7f45941083b0 0x7f45941087d0 secure :-1 s=READY pgs=22 cs=0 l=1 rev1=1 crypto rx=0x7f45900098a0 tx=0x7f4590009bb0 comp rx=0 tx=0).stop
2024-04-23T18:05:35.474 INFO:teuthology.orchestra.run.smithi092.stdout:/usr/bin/ceph: stderr
2024-04-23T18:05:34.652+0000 7f459c01c700 1 -- 172.21.15.92:0/264932029 shutdown_connections
2024-04-23T18:05:35.474 INFO:teuthology.orchestra.run.smithi092.stdout:/usr/bin/ceph: stderr
2024-04-23T18:05:34.652+0000 7f459c01c700 1 --2- 172.21.15.92:0/264932029 >> [v2:172.21.15.92:3300/0,v1:172.21.15.92:6789/0] conn(0x7f45941083b0 0x7f45941087d0 unknown :-1 s=CLOSED pgs=22 cs=0 l=1 rev1=1 crypto rx=0 tx=0 comp rx=0 tx=0).stop
2024-04-23T18:05:35.474 INFO:teuthology.orchestra.run.smithi092.stdout:/usr/bin/ceph: stderr
2024-04-23T18:05:34.652+0000 7f459c01c700 1 -- 172.21.15.92:0/264932029 >> 172.21.15.92:0/264932029 conn(0x7f45941039b0 msgr2=0x7f4594105dd0 unknown :-1 s=STATE_NONE l=0).mark_down
2024-04-23T18:05:35.474 INFO:teuthology.orchestra.run.smithi092.stdout:/usr/bin/ceph: stderr
2024-04-23T18:05:34.652+0000 7f459c01c700 1 -- 172.21.15.92:0/264932029 shutdown_connections
2024-04-23T18:05:35.474 INFO:teuthology.orchestra.run.smithi092.stdout:/usr/bin/ceph: stderr
2024-04-23T18:05:34.652+0000 7f459c01c700 1 -- 172.21.15.92:0/264932029 wait complete.
2024-04-23T18:05:35.474 INFO:teuthology.orchestra.run.smithi092.stdout:/usr/bin/ceph: stderr
2024-04-23T18:05:34.652+0000 7f459c01c700 1 Processor -- start
2024-04-23T18:05:35.474 INFO:teuthology.orchestra.run.smithi092.stdout:/usr/bin/ceph: stderr
2024-04-23T18:05:34.652+0000 7f459c01c700 1 -- start start
2024-04-23T18:05:35.474 INFO:teuthology.orchestra.run.smithi092.stdout:/usr/bin/ceph: stderr
2024-04-23T18:05:34.652+0000 7f459c01c700 1 --2- >> [v2:172.21.15.92:3300/0,v1:172.21.15.92:6789/0] conn(0x7f45941083b0 0x7f459419c1f0 unknown :-1 s=NONE pgs=0 cs=0 l=1 rev1=0 crypto rx=0 tx=0 comp rx=0 tx=0).connect
2024-04-23T18:05:35.475 INFO:teuthology.orchestra.run.smithi092.stdout:/usr/bin/ceph: stderr
2024-04-23T18:05:34.652+0000 7f459c01c700 1 -- --> [v2:172.21.15.92:3300/0,v1:172.21.15.92:6789/0] -- mon_getmap magic: 0 -- 0x7f459410c910 con 0x7f45941083b0
2024-04-23T18:05:35.475 INFO:teuthology.orchestra.run.smithi092.stdout:/usr/bin/ceph: stderr
