2024-04-23T18:09:38.874 INFO:teuthology.orchestra.run.smithi050.stdout:/usr/bin/ceph: stderr
2024-04-23T18:09:37.918+0000 7f46192c2700 1 -- 172.21.15.50:0/4153604354 --> [v2:172.21.15.50:3300/0,v1:172.21.15.50:6789/0] -- mon_subscribe({config=0+,monmap=0+}) -- 0x7f461419eb40 con 0x7f4614106e30
2024-04-23T18:09:38.874 INFO:teuthology.orchestra.run.smithi050.stdout:/usr/bin/ceph: stderr
2024-04-23T18:09:37.918+0000 7f46192c2700 1 --2- 172.21.15.50:0/4153604354 >> [v2:172.21.15.50:3300/0,v1:172.21.15.50:6789/0] conn(0x7f4614106e30 0x7f461419e600 secure :-1 s=READY pgs=73 cs=0 l=1 rev1=1 crypto rx=0x7f46100116e0 tx=0x7f4610011aa0 comp rx=0 tx=0).ready entity=mon.0 client_cookie=0 server_cookie=0 in_seq=0 out_seq=0
2024-04-23T18:09:38.874 INFO:teuthology.orchestra.run.smithi050.stdout:/usr/bin/ceph: stderr
2024-04-23T18:09:37.918+0000 7f46067fc700 1 -- 172.21.15.50:0/4153604354 <== mon.0 v2:172.21.15.50:3300/0 1 ==== mon_map magic: 0 ==== 205+0+0 (secure 0 0 0) 0x7f4610003b20 con 0x7f4614106e30
2024-04-23T18:09:38.875 INFO:teuthology.orchestra.run.smithi050.stdout:/usr/bin/ceph: stderr
2024-04-23T18:09:37.918+0000 7f46067fc700 1 -- 172.21.15.50:0/4153604354 <== mon.0 v2:172.21.15.50:3300/0 2 ==== config(26 keys) ==== 1101+0+0 (secure 0 0 0) 0x7f461001b8f0 con 0x7f4614106e30
2024-04-23T18:09:38.875 INFO:teuthology.orchestra.run.smithi050.stdout:/usr/bin/ceph: stderr
2024-04-23T18:09:37.918+0000 7f461b526700 1 -- 172.21.15.50:0/4153604354 --> [v2:172.21.15.50:3300/0,v1:172.21.15.50:6789/0] -- mon_subscribe({mgrmap=0+}) -- 0x7f461419edd0 con 0x7f4614106e30
2024-04-23T18:09:38.875 INFO:teuthology.orchestra.run.smithi050.stdout:/usr/bin/ceph: stderr
2024-04-23T18:09:37.918+0000 7f46067fc700 1 -- 172.21.15.50:0/4153604354 <== mon.0 v2:172.21.15.50:3300/0 3 ==== mon_map magic: 0 ==== 205+0+0 (secure 0 0 0) 0x7f46100238c0 con 0x7f4614106e30
2024-04-23T18:09:38.875 INFO:teuthology.orchestra.run.smithi050.stdout:/usr/bin/ceph: stderr
2024-04-23T18:09:37.918+0000 7f461b526700 1 -- 172.21.15.50:0/4153604354 --> [v2:172.21.15.50:3300/0,v1:172.21.15.50:6789/0] -- mon_subscribe({osdmap=0}) -- 0x7f46141a1ac0 con 0x7f4614106e30
2024-04-23T18:09:38.875 INFO:teuthology.orchestra.run.smithi050.stdout:/usr/bin/ceph: stderr
2024-04-23T18:09:37.919+0000 7f46067fc700 1 -- 172.21.15.50:0/4153604354 <== mon.0 v2:172.21.15.50:3300/0 4 ==== mgrmap(e 12) ==== 46571+0+0 (secure 0 0 0) 0x7f4610023a60 con 0x7f4614106e30
2024-04-23T18:09:38.875 INFO:teuthology.orchestra.run.smithi050.stdout:/usr/bin/ceph: stderr
2024-04-23T18:09:37.919+0000 7f46067fc700 1 --2- 172.21.15.50:0/4153604354 >> [v2:172.21.15.50:6800/1004018784,v1:172.21.15.50:6801/1004018784] conn(0x7f4600039610 0x7f460003bad0 unknown :-1 s=NONE pgs=0 cs=0 l=1 rev1=0 crypto rx=0 tx=0 comp rx=0 tx=0).connect
2024-04-23T18:09:38.876 INFO:teuthology.orchestra.run.smithi050.stdout:/usr/bin/ceph: stderr
2024-04-23T18:09:37.919+0000 7f461b526700 1 -- 172.21.15.50:0/4153604354 --> [v2:172.21.15.50:3300/0,v1:172.21.15.50:6789/0] -- mon_command({"prefix": "get_command_descriptions"} v 0) -- 0x7f46140640a0 con 0x7f4614106e30
2024-04-23T18:09:38.876 INFO:teuthology.orchestra.run.smithi050.stdout:/usr/bin/ceph: stderr
2024-04-23T18:09:37.919+0000 7f46067fc700 1 -- 172.21.15.50:0/4153604354 <== mon.0 v2:172.21.15.50:3300/0 5 ==== osd_map(3..3 src has 1..3) ==== 1155+0+0 (secure 0 0 0) 0x7f461004e150 con 0x7f4614106e30
2024-04-23T18:09:38.876 INFO:teuthology.orchestra.run.smithi050.stdout:/usr/bin/ceph: stderr
2024-04-23T18:09:37.919+0000 7f4618ac1700 1 --2- 172.21.15.50:0/4153604354 >> [v2:172.21.15.50:6800/1004018784,v1:172.21.15.50:6801/1004018784] conn(0x7f4600039610 0x7f460003bad0 unknown :-1 s=BANNER_CONNECTING pgs=0 cs=0 l=1 rev1=0 crypto rx=0 tx=0 comp rx=0 tx=0)._handle_peer_banner_payload supported=3 required=0
2024-04-23T18:09:38.876 INFO:teuthology.orchestra.run.smithi050.stdout:/usr/bin/ceph: stderr
2024-04-23T18:09:37.920+0000 7f4618ac1700 1 --2- 172.21.15.50:0/4153604354 >> [v2:172.21.15.50:6800/1004018784,v1:172.21.15.50:6801/1004018784] conn(0x7f4600039610 0x7f460003bad0 secure :-1 s=READY pgs=8 cs=0 l=1 rev1=1 crypto rx=0x7f4608006fd0 tx=0x7f4608006e40 comp rx=0 tx=0).ready entity=mgr.14152 client_cookie=0 server_cookie=0 in_seq=0 out_seq=0
2024-04-23T18:09:38.876 INFO:teuthology.orchestra.run.smithi050.stdout:/usr/bin/ceph: stderr
2024-04-23T18:09:37.925+0000 7f46067fc700 1 -- 172.21.15.50:0/4153604354 <== mon.0 v2:172.21.15.50:3300/0 6 ==== mon_command_ack([{"prefix": "get_command_descriptions"}]=0 v0) ==== 72+0+188370 (secure 0 0 0) 0x7f461001f030 con 0x7f4614106e30
2024-04-23T18:09:38.877 INFO:teuthology.orchestra.run.smithi050.stdout:/usr/bin/ceph: stderr
2024-04-23T18:09:38.150+0000 7f461b526700 1 -- 172.21.15.50:0/4153604354 --> [v2:172.21.15.50:6800/1004018784,v1:172.21.15.50:6801/1004018784] -- mgr_command(tid 0: {"prefix": "dashboard ac-user-create", "username": "admin", "rolename": "administrator", "force_password": true, "pwd_update_required": true, "target": ["mon-mgr", ""]}) -- 0x7f4614198160 con 0x7f4600039610
2024-04-23T18:09:38.877 INFO:teuthology.orchestra.run.smithi050.stdout:/usr/bin/ceph: stderr
2024-04-23T18:09:38.396+0000 7f46067fc700 1 -- 172.21.15.50:0/4153604354 <== mgr.14152 v2:172.21.15.50:6800/1004018784 1 ==== mgr_command_reply(tid 0: 0 ) ==== 8+0+252 (secure 0 0 0) 0x7f4614198160 con 0x7f4600039610
2024-04-23T18:09:38.877 INFO:teuthology.orchestra.run.smithi050.stdout:/usr/bin/ceph: stderr
2024-04-23T18:09:38.398+0000 7f461b526700 1 -- 172.21.15.50:0/4153604354 >> [v2:172.21.15.50:6800/1004018784,v1:172.21.15.50:6801/1004018784] conn(0x7f4600039610 msgr2=0x7f460003bad0 secure :-1 s=STATE_CONNECTION_ESTABLISHED l=1).mark_down
2024-04-23T18:09:38.877 INFO:teuthology.orchestra.run.smithi050.stdout:/usr/bin/ceph: stderr
2024-04-23T18:09:38.398+0000 7f461b526700 1 --2- 172.21.15.50:0/4153604354 >> [v2:172.21.15.50:6800/1004018784,v1:172.21.15.50:6801/1004018784] conn(0x7f4600039610 0x7f460003bad0 secure :-1 s=READY pgs=8 cs=0 l=1 rev1=1 crypto rx=0x7f4608006fd0 tx=0x7f4608006e40 comp rx=0 tx=0).stop
2024-04-23T18:09:38.877 INFO:teuthology.orchestra.run.smithi050.stdout:/usr/bin/ceph: stderr
2024-04-23T18:09:38.398+0000 7f461b526700 1 -- 172.21.15.50:0/4153604354 >> [v2:172.21.15.50:3300/0,v1:172.21.15.50:6789/0] conn(0x7f4614106e30 msgr2=0x7f461419e600 secure :-1 s=STATE_CONNECTION_ESTABLISHED l=1).mark_down
2024-04-23T18:09:38.877 INFO:teuthology.orchestra.run.smithi050.stdout:/usr/bin/ceph: stderr
2024-04-23T18:09:38.398+0000 7f461b526700 1 --2- 172.21.15.50:0/4153604354 >> [v2:172.21.15.50:3300/0,v1:172.21.15.50:6789/0] conn(0x7f4614106e30 0x7f461419e600 secure :-1 s=READY pgs=73 cs=0 l=1 rev1=1 crypto rx=0x7f46100116e0 tx=0x7f4610011aa0 comp rx=0 tx=0).stop
2024-04-23T18:09:38.878 INFO:teuthology.orchestra.run.smithi050.stdout:/usr/bin/ceph: stderr
2024-04-23T18:09:38.398+0000 7f461b526700 1 -- 172.21.15.50:0/4153604354 shutdown_connections
2024-04-23T18:09:38.878 INFO:teuthology.orchestra.run.smithi050.stdout:/usr/bin/ceph: stderr
2024-04-23T18:09:38.398+0000 7f461b526700 1 --2- 172.21.15.50:0/4153604354 >> [v2:172.21.15.50:6800/1004018784,v1:172.21.15.50:6801/1004018784] conn(0x7f4600039610 0x7f460003bad0 unknown :-1 s=CLOSED pgs=8 cs=0 l=1 rev1=1 crypto rx=0 tx=0 comp rx=0 tx=0).stop
2024-04-23T18:09:38.878 INFO:teuthology.orchestra.run.smithi050.stdout:/usr/bin/ceph: stderr
2024-04-23T18:09:38.398+0000 7f461b526700 1 --2- 172.21.15.50:0/4153604354 >> [v2:172.21.15.50:3300/0,v1:172.21.15.50:6789/0] conn(0x7f4614106e30 0x7f461419e600 unknown :-1 s=CLOSED pgs=73 cs=0 l=1 rev1=1 crypto rx=0 tx=0 comp rx=0 tx=0).stop
2024-04-23T18:09:38.878 INFO:teuthology.orchestra.run.smithi050.stdout:/usr/bin/ceph: stderr
2024-04-23T18:09:38.398+0000 7f461b526700 1 -- 172.21.15.50:0/4153604354 >> 172.21.15.50:0/4153604354 conn(0x7f4614102a50 msgr2=0x7f46141952a0 unknown :-1 s=STATE_NONE l=0).mark_down
2024-04-23T18:09:38.878 INFO:teuthology.orchestra.run.smithi050.stdout:/usr/bin/ceph: stderr
2024-04-23T18:09:38.399+0000 7f461b526700 1 -- 172.21.15.50:0/4153604354 shutdown_connections
2024-04-23T18:09:38.879 INFO:teuthology.orchestra.run.smithi050.stdout:/usr/bin/ceph: stderr
2024-04-23T18:09:38.399+0000 7f461b526700 1 -- 172.21.15.50:0/4153604354 wait complete.
2024-04-23T18:09:38.879 INFO:teuthology.orchestra.run.smithi050.stdout:Fetching dashboard port number...
2024-04-23T18:09:39.254 INFO:journalctl@ceph.mon.a.smithi050.stdout:Apr 23 18:09:39 smithi050 ceph-mon[29187]: from='client.14166 -' entity='client.admin' cmd=[{"prefix": "dashboard ac-user-create", "username": "admin", "rolename": "administrator", "force_password": true, "pwd_update_required": true, "target": ["mon-mgr", ""]}]: dispatch
2024-04-23T18:09:39.254 INFO:journalctl@ceph.mon.a.smithi050.stdout:Apr 23 18:09:39 smithi050 ceph-mon[29187]: from='mgr.14152 172.21.15.50:0/3285015640' entity='mgr.x'
2024-04-23T18:09:39.254 INFO:journalctl@ceph.mon.a.smithi050.stdout:Apr 23 18:09:39 smithi050 ceph-mon[29187]: from='mgr.14152 172.21.15.50:0/3285015640' entity='mgr.x'
2024-04-23T18:09:40.189 INFO:teuthology.orchestra.run.smithi050.stdout:/usr/bin/ceph: stdout 8443
2024-04-23T18:09:40.189 INFO:teuthology.orchestra.run.smithi050.stdout:/usr/bin/ceph: stderr
2024-04-23T18:09:39.259+0000 7f6c1a0e7700 1 Processor -- start
2024-04-23T18:09:40.189 INFO:teuthology.orchestra.run.smithi050.stdout:/usr/bin/ceph: stderr
2024-04-23T18:09:39.259+0000 7f6c1a0e7700 1 -- start start
2024-04-23T18:09:40.189 INFO:teuthology.orchestra.run.smithi050.stdout:/usr/bin/ceph: stderr
2024-04-23T18:09:39.259+0000 7f6c1a0e7700 1 --2- >> [v2:172.21.15.50:3300/0,v1:172.21.15.50:6789/0] conn(0x7f6c14106df0 0x7f6c14107210 unknown :-1 s=NONE pgs=0 cs=0 l=0 rev1=0 crypto rx=0 tx=0 comp rx=0 tx=0).connect
2024-04-23T18:09:40.189 INFO:teuthology.orchestra.run.smithi050.stdout:/usr/bin/ceph: stderr
2024-04-23T18:09:39.259+0000 7f6c1a0e7700 1 -- --> [v2:172.21.15.50:3300/0,v1:172.21.15.50:6789/0] -- mon_getmap magic: 0 -- 0x7f6c1407be80 con 0x7f6c14106df0
2024-04-23T18:09:40.189 INFO:teuthology.orchestra.run.smithi050.stdout:/usr/bin/ceph: stderr
2024-04-23T18:09:39.259+0000 7f6c137fe700 1 --2- >> [v2:172.21.15.50:3300/0,v1:172.21.15.50:6789/0] conn(0x7f6c14106df0 0x7f6c14107210 unknown :-1 s=BANNER_CONNECTING pgs=0 cs=0 l=0 rev1=0 crypto rx=0 tx=0 comp rx=0 tx=0)._handle_peer_banner_payload supported=3 required=0
2024-04-23T18:09:40.189 INFO:teuthology.orchestra.run.smithi050.stdout:/usr/bin/ceph: stderr
2024-04-23T18:09:39.259+0000 7f6c137fe700 1 --2- >> [v2:172.21.15.50:3300/0,v1:172.21.15.50:6789/0] conn(0x7f6c14106df0 0x7f6c14107210 unknown :-1 s=HELLO_CONNECTING pgs=0 cs=0 l=0 rev1=1 crypto rx=0 tx=0 comp rx=0 tx=0).handle_hello peer v2:172.21.15.50:3300/0 says I am v2:172.21.15.50:34336/0 (socket says 172.21.15.50:34336)
2024-04-23T18:09:40.190 INFO:teuthology.orchestra.run.smithi050.stdout:/usr/bin/ceph: stderr
2024-04-23T18:09:39.259+0000 7f6c137fe700 1 -- 172.21.15.50:0/2708352370 learned_addr learned my addr 172.21.15.50:0/2708352370 (peer_addr_for_me v2:172.21.15.50:0/0)
2024-04-23T18:09:40.190 INFO:teuthology.orchestra.run.smithi050.stdout:/usr/bin/ceph: stderr
2024-04-23T18:09:39.259+0000 7f6c137fe700 1 -- 172.21.15.50:0/2708352370 --> [v2:172.21.15.50:3300/0,v1:172.21.15.50:6789/0] -- mon_subscribe({config=0+,monmap=0+}) -- 0x7f6c14107750 con 0x7f6c14106df0
2024-04-23T18:09:40.190 INFO:teuthology.orchestra.run.smithi050.stdout:/usr/bin/ceph: stderr
2024-04-23T18:09:39.260+0000 7f6c137fe700 1 --2- 172.21.15.50:0/2708352370 >> [v2:172.21.15.50:3300/0,v1:172.21.15.50:6789/0] conn(0x7f6c14106df0 0x7f6c14107210 secure :-1 s=READY pgs=74 cs=0 l=1 rev1=1 crypto rx=0x7f6c040098a0 tx=0x7f6c04009bb0 comp rx=0 tx=0).ready entity=mon.0 client_cookie=2929cc6cc9b14a62 server_cookie=0 in_seq=0 out_seq=0
2024-04-23T18:09:40.190 INFO:teuthology.orchestra.run.smithi050.stdout:/usr/bin/ceph: stderr
2024-04-23T18:09:39.260+0000 7f6c127fc700 1 -- 172.21.15.50:0/2708352370 <== mon.0 v2:172.21.15.50:3300/0 1 ==== mon_map magic: 0 ==== 205+0+0 (secure 0 0 0) 0x7f6c04004160 con 0x7f6c14106df0
2024-04-23T18:09:40.190 INFO:teuthology.orchestra.run.smithi050.stdout:/usr/bin/ceph: stderr
2024-04-23T18:09:39.260+0000 7f6c127fc700 1 -- 172.21.15.50:0/2708352370 <== mon.0 v2:172.21.15.50:3300/0 2 ==== config(26 keys) ==== 1101+0+0 (secure 0 0 0) 0x7f6c04004300 con 0x7f6c14106df0
2024-04-23T18:09:40.190 INFO:teuthology.orchestra.run.smithi050.stdout:/usr/bin/ceph: stderr
2024-04-23T18:09:39.260+0000 7f6c127fc700 1 -- 172.21.15.50:0/2708352370 <== mon.0 v2:172.21.15.50:3300/0 3 ==== mon_map magic: 0 ==== 205+0+0 (secure 0 0 0) 0x7f6c04011a20 con 0x7f6c14106df0
2024-04-23T18:09:40.190 INFO:teuthology.orchestra.run.smithi050.stdout:/usr/bin/ceph: stderr
2024-04-23T18:09:39.260+0000 7f6c1a0e7700 1 -- 172.21.15.50:0/2708352370 >> [v2:172.21.15.50:3300/0,v1:172.21.15.50:6789/0] conn(0x7f6c14106df0 msgr2=0x7f6c14107210 secure :-1 s=STATE_CONNECTION_ESTABLISHED l=1).mark_down
2024-04-23T18:09:40.190 INFO:teuthology.orchestra.run.smithi050.stdout:/usr/bin/ceph: stderr
2024-04-23T18:09:39.260+0000 7f6c1a0e7700 1 --2- 172.21.15.50:0/2708352370 >> [v2:172.21.15.50:3300/0,v1:172.21.15.50:6789/0] conn(0x7f6c14106df0 0x7f6c14107210 secure :-1 s=READY pgs=74 cs=0 l=1 rev1=1 crypto rx=0x7f6c040098a0 tx=0x7f6c04009bb0 comp rx=0 tx=0).stop
2024-04-23T18:09:40.190 INFO:teuthology.orchestra.run.smithi050.stdout:/usr/bin/ceph: stderr
2024-04-23T18:09:39.260+0000 7f6c1a0e7700 1 -- 172.21.15.50:0/2708352370 shutdown_connections
2024-04-23T18:09:40.190 INFO:teuthology.orchestra.run.smithi050.stdout:/usr/bin/ceph: stderr
2024-04-23T18:09:39.260+0000 7f6c1a0e7700 1 --2- 172.21.15.50:0/2708352370 >> [v2:172.21.15.50:3300/0,v1:172.21.15.50:6789/0] conn(0x7f6c14106df0 0x7f6c14107210 unknown :-1 s=CLOSED pgs=74 cs=0 l=1 rev1=1 crypto rx=0 tx=0 comp rx=0 tx=0).stop
2024-04-23T18:09:40.190 INFO:teuthology.orchestra.run.smithi050.stdout:/usr/bin/ceph: stderr
2024-04-23T18:09:39.260+0000 7f6c1a0e7700 1 -- 172.21.15.50:0/2708352370 >> 172.21.15.50:0/2708352370 conn(0x7f6c14102a50 msgr2=0x7f6c14104e70 unknown :-1 s=STATE_NONE l=0).mark_down
2024-04-23T18:09:40.190 INFO:teuthology.orchestra.run.smithi050.stdout:/usr/bin/ceph: stderr
2024-04-23T18:09:39.260+0000 7f6c1a0e7700 1 -- 172.21.15.50:0/2708352370 shutdown_connections
2024-04-23T18:09:40.191 INFO:teuthology.orchestra.run.smithi050.stdout:/usr/bin/ceph: stderr
2024-04-23T18:09:39.261+0000 7f6c1a0e7700 1 -- 172.21.15.50:0/2708352370 wait complete.
2024-04-23T18:09:40.191 INFO:teuthology.orchestra.run.smithi050.stdout:/usr/bin/ceph: stderr
2024-04-23T18:09:39.261+0000 7f6c1a0e7700 1 Processor -- start
2024-04-23T18:09:40.191 INFO:teuthology.orchestra.run.smithi050.stdout:/usr/bin/ceph: stderr
2024-04-23T18:09:39.261+0000 7f6c1a0e7700 1 -- start start
2024-04-23T18:09:40.191 INFO:teuthology.orchestra.run.smithi050.stdout:/usr/bin/ceph: stderr
2024-04-23T18:09:39.261+0000 7f6c1a0e7700 1 --2- >> [v2:172.21.15.50:3300/0,v1:172.21.15.50:6789/0] conn(0x7f6c14106df0 0x7f6c1419e630 unknown :-1 s=NONE pgs=0 cs=0 l=1 rev1=0 crypto rx=0 tx=0 comp rx=0 tx=0).connect
2024-04-23T18:09:40.191 INFO:teuthology.orchestra.run.smithi050.stdout:/usr/bin/ceph: stderr
2024-04-23T18:09:39.262+0000 7f6c1a0e7700 1 -- --> [v2:172.21.15.50:3300/0,v1:172.21.15.50:6789/0] -- mon_getmap magic: 0 -- 0x7f6c141087c0 con 0x7f6c14106df0
2024-04-23T18:09:40.191 INFO:teuthology.orchestra.run.smithi050.stdout:/usr/bin/ceph: stderr
2024-04-23T18:09:39.262+0000 7f6c137fe700 1 --2- >> [v2:172.21.15.50:3300/0,v1:172.21.15.50:6789/0] conn(0x7f6c14106df0 0x7f6c1419e630 unknown :-1 s=BANNER_CONNECTING pgs=0 cs=0 l=1 rev1=0 crypto rx=0 tx=0 comp rx=0 tx=0)._handle_peer_banner_payload supported=3 required=0
2024-04-23T18:09:40.191 INFO:teuthology.orchestra.run.smithi050.stdout:/usr/bin/ceph: stderr
2024-04-23T18:09:39.262+0000 7f6c137fe700 1 --2- >> [v2:172.21.15.50:3300/0,v1:172.21.15.50:6789/0] conn(0x7f6c14106df0 0x7f6c1419e630 unknown :-1 s=HELLO_CONNECTING pgs=0 cs=0 l=1 rev1=1 crypto rx=0 tx=0 comp rx=0 tx=0).handle_hello peer v2:172.21.15.50:3300/0 says I am v2:172.21.15.50:34338/0 (socket says 172.21.15.50:34338)
2024-04-23T18:09:40.191 INFO:teuthology.orchestra.run.smithi050.stdout:/usr/bin/ceph: stderr
2024-04-23T18:09:39.262+0000 7f6c137fe700 1 -- 172.21.15.50:0/1525560214 learned_addr learned my addr 172.21.15.50:0/1525560214 (peer_addr_for_me v2:172.21.15.50:0/0)
2024-04-23T18:09:40.191 INFO:teuthology.orchestra.run.smithi050.stdout:/usr/bin/ceph: stderr
2024-04-23T18:09:39.262+0000 7f6c137fe700 1 -- 172.21.15.50:0/1525560214 --> [v2:172.21.15.50:3300/0,v1:172.21.15.50:6789/0] -- mon_subscribe({config=0+,monmap=0+}) -- 0x7f6c1419eb70 con 0x7f6c14106df0
2024-04-23T18:09:40.191 INFO:teuthology.orchestra.run.smithi050.stdout:/usr/bin/ceph: stderr
2024-04-23T18:09:39.262+0000 7f6c137fe700 1 --2- 172.21.15.50:0/1525560214 >> [v2:172.21.15.50:3300/0,v1:172.21.15.50:6789/0] conn(0x7f6c14106df0 0x7f6c1419e630 secure :-1 s=READY pgs=75 cs=0 l=1 rev1=1 crypto rx=0x7f6c040116e0 tx=0x7f6c04011aa0 comp rx=0 tx=0).ready entity=mon.0 client_cookie=0 server_cookie=0 in_seq=0 out_seq=0
2024-04-23T18:09:40.191 INFO:teuthology.orchestra.run.smithi050.stdout:/usr/bin/ceph: stderr
2024-04-23T18:09:39.262+0000 7f6c10ff9700 1 -- 172.21.15.50:0/1525560214 <== mon.0 v2:172.21.15.50:3300/0 1 ==== mon_map magic: 0 ==== 205+0+0 (secure 0 0 0) 0x7f6c04003b20 con 0x7f6c14106df0
2024-04-23T18:09:40.191 INFO:teuthology.orchestra.run.smithi050.stdout:/usr/bin/ceph: stderr
2024-04-23T18:09:39.262+0000 7f6c10ff9700 1 -- 172.21.15.50:0/1525560214 <== mon.0 v2:172.21.15.50:3300/0 2 ==== config(26 keys) ==== 1101+0+0 (secure 0 0 0) 0x7f6c0401b8f0 con 0x7f6c14106df0
2024-04-23T18:09:40.191 INFO:teuthology.orchestra.run.smithi050.stdout:/usr/bin/ceph: stderr
2024-04-23T18:09:39.262+0000 7f6c1a0e7700 1 -- 172.21.15.50:0/1525560214 --> [v2:172.21.15.50:3300/0,v1:172.21.15.50:6789/0] -- mon_subscribe({mgrmap=0+}) -- 0x7f6c1419ee00 con 0x7f6c14106df0
2024-04-23T18:09:40.191 INFO:teuthology.orchestra.run.smithi050.stdout:/usr/bin/ceph: stderr
2024-04-23T18:09:39.262+0000 7f6c10ff9700 1 -- 172.21.15.50:0/1525560214 <== mon.0 v2:172.21.15.50:3300/0 3 ==== mon_map magic: 0 ==== 205+0+0 (secure 0 0 0) 0x7f6c040238c0 con 0x7f6c14106df0
2024-04-23T18:09:40.191 INFO:teuthology.orchestra.run.smithi050.stdout:/usr/bin/ceph: stderr
2024-04-23T18:09:39.262+0000 7f6c1a0e7700 1 -- 172.21.15.50:0/1525560214 --> [v2:172.21.15.50:3300/0,v1:172.21.15.50:6789/0] -- mon_subscribe({osdmap=0}) -- 0x7f6c141a1af0 con 0x7f6c14106df0
2024-04-23T18:09:40.192 INFO:teuthology.orchestra.run.smithi050.stdout:/usr/bin/ceph: stderr
2024-04-23T18:09:39.263+0000 7f6c10ff9700 1 -- 172.21.15.50:0/1525560214 <== mon.0 v2:172.21.15.50:3300/0 4 ==== mgrmap(e 12) ==== 46571+0+0 (secure 0 0 0) 0x7f6c0401baa0 con 0x7f6c14106df0
2024-04-23T18:09:40.192 INFO:teuthology.orchestra.run.smithi050.stdout:/usr/bin/ceph: stderr
2024-04-23T18:09:39.264+0000 7f6c1a0e7700 1 -- 172.21.15.50:0/1525560214 --> [v2:172.21.15.50:3300/0,v1:172.21.15.50:6789/0] -- mon_command({"prefix": "get_command_descriptions"} v 0) -- 0x7f6c140640a0 con 0x7f6c14106df0
2024-04-23T18:09:40.192 INFO:teuthology.orchestra.run.smithi050.stdout:/usr/bin/ceph: stderr
2024-04-23T18:09:39.264+0000 7f6c10ff9700 1 --2- 172.21.15.50:0/1525560214 >> [v2:172.21.15.50:6800/1004018784,v1:172.21.15.50:6801/1004018784] conn(0x7f6bfc039610 0x7f6bfc03bad0 unknown :-1 s=NONE pgs=0 cs=0 l=1 rev1=0 crypto rx=0 tx=0 comp rx=0 tx=0).connect
2024-04-23T18:09:40.192 INFO:teuthology.orchestra.run.smithi050.stdout:/usr/bin/ceph: stderr
2024-04-23T18:09:39.264+0000 7f6c10ff9700 1 -- 172.21.15.50:0/1525560214 <== mon.0 v2:172.21.15.50:3300/0 5 ==== osd_map(3..3 src has 1..3) ==== 1155+0+0 (secure 0 0 0) 0x7f6c0404e1a0 con 0x7f6c14106df0
2024-04-23T18:09:40.192 INFO:teuthology.orchestra.run.smithi050.stdout:/usr/bin/ceph: stderr
2024-04-23T18:09:39.264+0000 7f6c12ffd700 1 --2- 172.21.15.50:0/1525560214 >> [v2:172.21.15.50:6800/1004018784,v1:172.21.15.50:6801/1004018784] conn(0x7f6bfc039610 0x7f6bfc03bad0 unknown :-1 s=BANNER_CONNECTING pgs=0 cs=0 l=1 rev1=0 crypto rx=0 tx=0 comp rx=0 tx=0)._handle_peer_banner_payload supported=3 required=0
2024-04-23T18:09:40.192 INFO:teuthology.orchestra.run.smithi050.stdout:/usr/bin/ceph: stderr
2024-04-23T18:09:39.264+0000 7f6c12ffd700 1 --2- 172.21.15.50:0/1525560214 >> [v2:172.21.15.50:6800/1004018784,v1:172.21.15.50:6801/1004018784] conn(0x7f6bfc039610 0x7f6bfc03bad0 secure :-1 s=READY pgs=9 cs=0 l=1 rev1=1 crypto rx=0x7f6c08006fd0 tx=0x7f6c08006e40 comp rx=0 tx=0).ready entity=mgr.14152 client_cookie=0 server_cookie=0 in_seq=0 out_seq=0
2024-04-23T18:09:40.192 INFO:teuthology.orchestra.run.smithi050.stdout:/usr/bin/ceph: stderr
2024-04-23T18:09:39.269+0000 7f6c10ff9700 1 -- 172.21.15.50:0/1525560214 <== mon.0 v2:172.21.15.50:3300/0 6 ==== mon_command_ack([{"prefix": "get_command_descriptions"}]=0 v0) ==== 72+0+188370 (secure 0 0 0) 0x7f6c0401f030 con 0x7f6c14106df0
2024-04-23T18:09:40.192 INFO:teuthology.orchestra.run.smithi050.stdout:/usr/bin/ceph: stderr
2024-04-23T18:09:39.497+0000 7f6c1a0e7700 1 -- 172.21.15.50:0/1525560214 --> [v2:172.21.15.50:3300/0,v1:172.21.15.50:6789/0] -- mon_command({"prefix": "config get", "who": "mgr", "key": "mgr/dashboard/ssl_server_port"} v 0) -- 0x7f6c1402e1d0 con 0x7f6c14106df0
2024-04-23T18:09:40.192 INFO:teuthology.orchestra.run.smithi050.stdout:/usr/bin/ceph: stderr
2024-04-23T18:09:39.497+0000 7f6c10ff9700 1 -- 172.21.15.50:0/1525560214 <== mon.0 v2:172.21.15.50:3300/0 7 ==== mon_command_ack([{"prefix": "config get", "who": "mgr", "key": "mgr/dashboard/ssl_server_port"}]=0 v8) ==== 112+0+5 (secure 0 0 0) 0x7f6c0401a3d0 con 0x7f6c14106df0
2024-04-23T18:09:40.192 INFO:teuthology.orchestra.run.smithi050.stdout:/usr/bin/ceph: stderr
2024-04-23T18:09:39.500+0000 7f6c1a0e7700 1 -- 172.21.15.50:0/1525560214 >> [v2:172.21.15.50:6800/1004018784,v1:172.21.15.50:6801/1004018784] conn(0x7f6bfc039610 msgr2=0x7f6bfc03bad0 secure :-1 s=STATE_CONNECTION_ESTABLISHED l=1).mark_down
2024-04-23T18:09:40.192 INFO:teuthology.orchestra.run.smithi050.stdout:/usr/bin/ceph: stderr
2024-04-23T18:09:39.500+0000 7f6c1a0e7700 1 --2- 172.21.15.50:0/1525560214 >> [v2:172.21.15.50:6800/1004018784,v1:172.21.15.50:6801/1004018784] conn(0x7f6bfc039610 0x7f6bfc03bad0 secure :-1 s=READY pgs=9 cs=0 l=1 rev1=1 crypto rx=0x7f6c08006fd0 tx=0x7f6c08006e40 comp rx=0 tx=0).stop
2024-04-23T18:09:40.192 INFO:teuthology.orchestra.run.smithi050.stdout:/usr/bin/ceph: stderr
2024-04-23T18:09:39.500+0000 7f6c1a0e7700 1 -- 172.21.15.50:0/1525560214 >> [v2:172.21.15.50:3300/0,v1:172.21.15.50:6789/0] conn(0x7f6c14106df0 msgr2=0x7f6c1419e630 secure :-1 s=STATE_CONNECTION_ESTABLISHED l=1).mark_down
2024-04-23T18:09:40.192 INFO:teuthology.orchestra.run.smithi050.stdout:/usr/bin/ceph: stderr
2024-04-23T18:09:39.500+0000 7f6c1a0e7700 1 --2- 172.21.15.50:0/1525560214 >> [v2:172.21.15.50:3300/0,v1:172.21.15.50:6789/0] conn(0x7f6c14106df0 0x7f6c1419e630 secure :-1 s=READY pgs=75 cs=0 l=1 rev1=1 crypto rx=0x7f6c040116e0 tx=0x7f6c04011aa0 comp rx=0 tx=0).stop
2024-04-23T18:09:40.193 INFO:teuthology.orchestra.run.smithi050.stdout:/usr/bin/ceph: stderr
2024-04-23T18:09:39.500+0000 7f6c1a0e7700 1 -- 172.21.15.50:0/1525560214 shutdown_connections
2024-04-23T18:09:40.193 INFO:teuthology.orchestra.run.smithi050.stdout:/usr/bin/ceph: stderr
2024-04-23T18:09:39.500+0000 7f6c1a0e7700 1 --2- 172.21.15.50:0/1525560214 >> [v2:172.21.15.50:6800/1004018784,v1:172.21.15.50:6801/1004018784] conn(0x7f6bfc039610 0x7f6bfc03bad0 unknown :-1 s=CLOSED pgs=9 cs=0 l=1 rev1=1 crypto rx=0 tx=0 comp rx=0 tx=0).stop
2024-04-23T18:09:40.193 INFO:teuthology.orchestra.run.smithi050.stdout:/usr/bin/ceph: stderr
2024-04-23T18:09:39.500+0000 7f6c1a0e7700 1 --2- 172.21.15.50:0/1525560214 >> [v2:172.21.15.50:3300/0,v1:172.21.15.50:6789/0] conn(0x7f6c14106df0 0x7f6c1419e630 unknown :-1 s=CLOSED pgs=75 cs=0 l=1 rev1=1 crypto rx=0 tx=0 comp rx=0 tx=0).stop
2024-04-23T18:09:40.193 INFO:teuthology.orchestra.run.smithi050.stdout:/usr/bin/ceph: stderr
2024-04-23T18:09:39.500+0000 7f6c1a0e7700 1 -- 172.21.15.50:0/1525560214 >> 172.21.15.50:0/1525560214 conn(0x7f6c14102a50 msgr2=0x7f6c14195250 unknown :-1 s=STATE_NONE l=0).mark_down
2024-04-23T18:09:40.193 INFO:teuthology.orchestra.run.smithi050.stdout:/usr/bin/ceph: stderr
2024-04-23T18:09:39.501+0000 7f6c1a0e7700 1 -- 172.21.15.50:0/1525560214 shutdown_connections
2024-04-23T18:09:40.193 INFO:teuthology.orchestra.run.smithi050.stdout:/usr/bin/ceph: stderr
2024-04-23T18:09:39.501+0000 7f6c1a0e7700 1 -- 172.21.15.50:0/1525560214 wait complete.
2024-04-23T18:09:40.197 INFO:teuthology.orchestra.run.smithi050.stdout:Non-zero exit code 1 from systemctl is-enabled firewalld.service
2024-04-23T18:09:40.197 INFO:teuthology.orchestra.run.smithi050.stdout:systemctl: stdout disabled
2024-04-23T18:09:40.205 INFO:teuthology.orchestra.run.smithi050.stdout:Non-zero exit code 3 from systemctl is-active firewalld.service
2024-04-23T18:09:40.205 INFO:teuthology.orchestra.run.smithi050.stdout:systemctl: stdout inactive
2024-04-23T18:09:40.205 INFO:teuthology.orchestra.run.smithi050.stdout:firewalld.service is not enabled
2024-04-23T18:09:40.205 INFO:teuthology.orchestra.run.smithi050.stdout:Not possible to open ports <[8443]>. firewalld.service is not available
2024-04-23T18:09:40.207 INFO:teuthology.orchestra.run.smithi050.stdout:Ceph Dashboard is now available at:
2024-04-23T18:09:40.207 INFO:teuthology.orchestra.run.smithi050.stdout:
2024-04-23T18:09:40.207 INFO:teuthology.orchestra.run.smithi050.stdout: URL: https://smithi050:8443/
2024-04-23T18:09:40.207 INFO:teuthology.orchestra.run.smithi050.stdout: User: admin
2024-04-23T18:09:40.207 INFO:teuthology.orchestra.run.smithi050.stdout: Password: 6jpjuvvl6i
2024-04-23T18:09:40.207 INFO:teuthology.orchestra.run.smithi050.stdout:
2024-04-23T18:09:40.208 INFO:teuthology.orchestra.run.smithi050.stdout:Saving cluster configuration to /var/lib/ceph/5d677974-019c-11ef-bc93-c7b262605968/config directory
2024-04-23T18:09:40.208 INFO:teuthology.orchestra.run.smithi050.stdout:Enabling autotune for osd_memory_target
2024-04-23T18:09:40.323 INFO:journalctl@ceph.mon.a.smithi050.stdout:Apr 23 18:09:40 smithi050 ceph-mon[29187]: from='client.? 172.21.15.50:0/1525560214' entity='client.admin' cmd=[{"prefix": "config get", "who": "mgr", "key": "mgr/dashboard/ssl_server_port"}]: dispatch
2024-04-23T18:09:41.540 INFO:teuthology.orchestra.run.smithi050.stdout:/usr/bin/ceph: stderr
2024-04-23T18:09:40.659+0000 7fe5f562f700 1 Processor -- start
2024-04-23T18:09:41.540 INFO:teuthology.orchestra.run.smithi050.stdout:/usr/bin/ceph: stderr
2024-04-23T18:09:40.659+0000 7fe5f562f700 1 -- start start
2024-04-23T18:09:41.540 INFO:teuthology.orchestra.run.smithi050.stdout:/usr/bin/ceph: stderr
2024-04-23T18:09:40.659+0000 7fe5f562f700 1 --2- >> [v2:172.21.15.50:3300/0,v1:172.21.15.50:6789/0] conn(0x7fe5f0109010 0x7fe5f010b400 unknown :-1 s=NONE pgs=0 cs=0 l=0 rev1=0 crypto rx=0 tx=0 comp rx=0 tx=0).connect
2024-04-23T18:09:41.540 INFO:teuthology.orchestra.run.smithi050.stdout:/usr/bin/ceph: stderr
2024-04-23T18:09:40.659+0000 7fe5f562f700 1 -- --> [v2:172.21.15.50:3300/0,v1:172.21.15.50:6789/0] -- mon_getmap magic: 0 -- 0x7fe5f0063d00 con 0x7fe5f0109010
2024-04-23T18:09:41.540 INFO:teuthology.orchestra.run.smithi050.stdout:/usr/bin/ceph: stderr
2024-04-23T18:09:40.659+0000 7fe5eeffd700 1 --2- >> [v2:172.21.15.50:3300/0,v1:172.21.15.50:6789/0] conn(0x7fe5f0109010 0x7fe5f010b400 unknown :-1 s=BANNER_CONNECTING pgs=0 cs=0 l=0 rev1=0 crypto rx=0 tx=0 comp rx=0 tx=0)._handle_peer_banner_payload supported=3 required=0
2024-04-23T18:09:41.540 INFO:teuthology.orchestra.run.smithi050.stdout:/usr/bin/ceph: stderr
2024-04-23T18:09:40.659+0000 7fe5eeffd700 1 --2- >> [v2:172.21.15.50:3300/0,v1:172.21.15.50:6789/0] conn(0x7fe5f0109010 0x7fe5f010b400 unknown :-1 s=HELLO_CONNECTING pgs=0 cs=0 l=0 rev1=1 crypto rx=0 tx=0 comp rx=0 tx=0).handle_hello peer v2:172.21.15.50:3300/0 says I am v2:172.21.15.50:34342/0 (socket says 172.21.15.50:34342)
2024-04-23T18:09:41.540 INFO:teuthology.orchestra.run.smithi050.stdout:/usr/bin/ceph: stderr
2024-04-23T18:09:40.659+0000 7fe5eeffd700 1 -- 172.21.15.50:0/436059035 learned_addr learned my addr 172.21.15.50:0/436059035 (peer_addr_for_me v2:172.21.15.50:0/0)
2024-04-23T18:09:41.540 INFO:teuthology.orchestra.run.smithi050.stdout:/usr/bin/ceph: stderr
2024-04-23T18:09:40.660+0000 7fe5eeffd700 1 -- 172.21.15.50:0/436059035 --> [v2:172.21.15.50:3300/0,v1:172.21.15.50:6789/0] -- mon_subscribe({config=0+,monmap=0+}) -- 0x7fe5f010b940 con 0x7fe5f0109010
2024-04-23T18:09:41.540 INFO:teuthology.orchestra.run.smithi050.stdout:/usr/bin/ceph: stderr
2024-04-23T18:09:40.660+0000 7fe5eeffd700 1 --2- 172.21.15.50:0/436059035 >> [v2:172.21.15.50:3300/0,v1:172.21.15.50:6789/0] conn(0x7fe5f0109010 0x7fe5f010b400 secure :-1 s=READY pgs=76 cs=0 l=1 rev1=1 crypto rx=0x7fe5e40098a0 tx=0x7fe5e4009bb0 comp rx=0 tx=0).ready entity=mon.0 client_cookie=43fe8389e4e2ae96 server_cookie=0 in_seq=0 out_seq=0
2024-04-23T18:09:41.540 INFO:teuthology.orchestra.run.smithi050.stdout:/usr/bin/ceph: stderr
2024-04-23T18:09:40.660+0000 7fe5edffb700 1 -- 172.21.15.50:0/436059035 <== mon.0 v2:172.21.15.50:3300/0 1 ==== mon_map magic: 0 ==== 205+0+0 (secure 0 0 0) 0x7fe5e4004160 con 0x7fe5f0109010
2024-04-23T18:09:41.540 INFO:teuthology.orchestra.run.smithi050.stdout:/usr/bin/ceph: stderr
2024-04-23T18:09:40.660+0000 7fe5edffb700 1 -- 172.21.15.50:0/436059035 <== mon.0 v2:172.21.15.50:3300/0 2 ==== config(26 keys) ==== 1101+0+0 (secure 0 0 0) 0x7fe5e4004300 con 0x7fe5f0109010
2024-04-23T18:09:41.540 INFO:teuthology.orchestra.run.smithi050.stdout:/usr/bin/ceph: stderr
2024-04-23T18:09:40.660+0000 7fe5edffb700 1 -- 172.21.15.50:0/436059035 <== mon.0 v2:172.21.15.50:3300/0 3 ==== mon_map magic: 0 ==== 205+0+0 (secure 0 0 0) 0x7fe5e4011a20 con 0x7fe5f0109010
2024-04-23T18:09:41.541 INFO:teuthology.orchestra.run.smithi050.stdout:/usr/bin/ceph: stderr
2024-04-23T18:09:40.661+0000 7fe5f562f700 1 -- 172.21.15.50:0/436059035 >> [v2:172.21.15.50:3300/0,v1:172.21.15.50:6789/0] conn(0x7fe5f0109010 msgr2=0x7fe5f010b400 secure :-1 s=STATE_CONNECTION_ESTABLISHED l=1).mark_down
2024-04-23T18:09:41.541 INFO:teuthology.orchestra.run.smithi050.stdout:/usr/bin/ceph: stderr
2024-04-23T18:09:40.661+0000 7fe5f562f700 1 --2- 172.21.15.50:0/436059035 >> [v2:172.21.15.50:3300/0,v1:172.21.15.50:6789/0] conn(0x7fe5f0109010 0x7fe5f010b400 secure :-1 s=READY pgs=76 cs=0 l=1 rev1=1 crypto rx=0x7fe5e40098a0 tx=0x7fe5e4009bb0 comp rx=0 tx=0).stop
2024-04-23T18:09:41.541 INFO:teuthology.orchestra.run.smithi050.stdout:/usr/bin/ceph: stderr
2024-04-23T18:09:40.661+0000 7fe5f562f700 1 -- 172.21.15.50:0/436059035 shutdown_connections
2024-04-23T18:09:41.541 INFO:teuthology.orchestra.run.smithi050.stdout:/usr/bin/ceph: stderr
2024-04-23T18:09:40.661+0000 7fe5f562f700 1 --2- 172.21.15.50:0/436059035 >> [v2:172.21.15.50:3300/0,v1:172.21.15.50:6789/0] conn(0x7fe5f0109010 0x7fe5f010b400 unknown :-1 s=CLOSED pgs=76 cs=0 l=1 rev1=1 crypto rx=0 tx=0 comp rx=0 tx=0).stop
2024-04-23T18:09:41.541 INFO:teuthology.orchestra.run.smithi050.stdout:/usr/bin/ceph: stderr
2024-04-23T18:09:40.661+0000 7fe5f562f700 1 -- 172.21.15.50:0/436059035 >> 172.21.15.50:0/436059035 conn(0x7fe5f0102a40 msgr2=0x7fe5f0104e60 unknown :-1 s=STATE_NONE l=0).mark_down
2024-04-23T18:09:41.541 INFO:teuthology.orchestra.run.smithi050.stdout:/usr/bin/ceph: stderr
2024-04-23T18:09:40.661+0000 7fe5f562f700 1 -- 172.21.15.50:0/436059035 shutdown_connections
2024-04-23T18:09:41.541 INFO:teuthology.orchestra.run.smithi050.stdout:/usr/bin/ceph: stderr
2024-04-23T18:09:40.661+0000 7fe5f562f700 1 -- 172.21.15.50:0/436059035 wait complete.
2024-04-23T18:09:41.541 INFO:teuthology.orchestra.run.smithi050.stdout:/usr/bin/ceph: stderr
2024-04-23T18:09:40.661+0000 7fe5f562f700 1 Processor -- start
2024-04-23T18:09:41.541 INFO:teuthology.orchestra.run.smithi050.stdout:/usr/bin/ceph: stderr
2024-04-23T18:09:40.662+0000 7fe5f562f700 1 -- start start
2024-04-23T18:09:41.541 INFO:teuthology.orchestra.run.smithi050.stdout:/usr/bin/ceph: stderr
2024-04-23T18:09:40.662+0000 7fe5f562f700 1 --2- >> [v2:172.21.15.50:3300/0,v1:172.21.15.50:6789/0] conn(0x7fe5f0109010 0x7fe5f019c3f0 unknown :-1 s=NONE pgs=0 cs=0 l=1 rev1=0 crypto rx=0 tx=0 comp rx=0 tx=0).connect
2024-04-23T18:09:41.541 INFO:teuthology.orchestra.run.smithi050.stdout:/usr/bin/ceph: stderr
2024-04-23T18:09:40.662+0000 7fe5f562f700 1 -- --> [v2:172.21.15.50:3300/0,v1:172.21.15.50:6789/0] -- mon_getmap magic: 0 -- 0x7fe5f010c8f0 con 0x7fe5f0109010
2024-04-23T18:09:41.541 INFO:teuthology.orchestra.run.smithi050.stdout:/usr/bin/ceph: stderr
2024-04-23T18:09:40.662+0000 7fe5eeffd700 1 --2- >> [v2:172.21.15.50:3300/0,v1:172.21.15.50:6789/0] conn(0x7fe5f0109010 0x7fe5f019c3f0 unknown :-1 s=BANNER_CONNECTING pgs=0 cs=0 l=1 rev1=0 crypto rx=0 tx=0 comp rx=0 tx=0)._handle_peer_banner_payload supported=3 required=0
2024-04-23T18:09:41.541 INFO:teuthology.orchestra.run.smithi050.stdout:/usr/bin/ceph: stderr
2024-04-23T18:09:40.662+0000 7fe5eeffd700 1 --2- >> [v2:172.21.15.50:3300/0,v1:172.21.15.50:6789/0] conn(0x7fe5f0109010 0x7fe5f019c3f0 unknown :-1 s=HELLO_CONNECTING pgs=0 cs=0 l=1 rev1=1 crypto rx=0 tx=0 comp rx=0 tx=0).handle_hello peer v2:172.21.15.50:3300/0 says I am v2:172.21.15.50:34352/0 (socket says 172.21.15.50:34352)
2024-04-23T18:09:41.542 INFO:teuthology.orchestra.run.smithi050.stdout:/usr/bin/ceph: stderr
2024-04-23T18:09:40.662+0000 7fe5eeffd700 1 -- 172.21.15.50:0/1635803195 learned_addr learned my addr 172.21.15.50:0/1635803195 (peer_addr_for_me v2:172.21.15.50:0/0)
2024-04-23T18:09:41.542 INFO:teuthology.orchestra.run.smithi050.stdout:/usr/bin/ceph: stderr
2024-04-23T18:09:40.662+0000 7fe5eeffd700 1 -- 172.21.15.50:0/1635803195 --> [v2:172.21.15.50:3300/0,v1:172.21.15.50:6789/0] -- mon_subscribe({config=0+,monmap=0+}) -- 0x7fe5f019c930 con 0x7fe5f0109010
2024-04-23T18:09:41.542 INFO:teuthology.orchestra.run.smithi050.stdout:/usr/bin/ceph: stderr
2024-04-23T18:09:40.662+0000 7fe5eeffd700 1 --2- 172.21.15.50:0/1635803195 >> [v2:172.21.15.50:3300/0,v1:172.21.15.50:6789/0] conn(0x7fe5f0109010 0x7fe5f019c3f0 secure :-1 s=READY pgs=77 cs=0 l=1 rev1=1 crypto rx=0x7fe5e4000c00 tx=0x7fe5e4011aa0 comp rx=0 tx=0).ready entity=mon.0 client_cookie=0 server_cookie=0 in_seq=0 out_seq=0
2024-04-23T18:09:41.542 INFO:teuthology.orchestra.run.smithi050.stdout:/usr/bin/ceph: stderr
2024-04-23T18:09:40.663+0000 7fe5d7fff700 1 -- 172.21.15.50:0/1635803195 <== mon.0 v2:172.21.15.50:3300/0 1 ==== mon_map magic: 0 ==== 205+0+0 (secure 0 0 0) 0x7fe5e4003aa0 con 0x7fe5f0109010
2024-04-23T18:09:41.542 INFO:teuthology.orchestra.run.smithi050.stdout:/usr/bin/ceph: stderr
2024-04-23T18:09:40.663+0000 7fe5d7fff700 1 -- 172.21.15.50:0/1635803195 <== mon.0 v2:172.21.15.50:3300/0 2 ==== config(26 keys) ==== 1101+0+0 (secure 0 0 0) 0x7fe5e401b8f0 con 0x7fe5f0109010
2024-04-23T18:09:41.542 INFO:teuthology.orchestra.run.smithi050.stdout:/usr/bin/ceph: stderr
2024-04-23T18:09:40.663+0000 7fe5f562f700 1 -- 172.21.15.50:0/1635803195 --> [v2:172.21.15.50:3300/0,v1:172.21.15.50:6789/0] -- mon_subscribe({mgrmap=0+}) -- 0x7fe5f019cbc0 con 0x7fe5f0109010
2024-04-23T18:09:41.542 INFO:teuthology.orchestra.run.smithi050.stdout:/usr/bin/ceph: stderr
2024-04-23T18:09:40.663+0000 7fe5d7fff700 1 -- 172.21.15.50:0/1635803195 <== mon.0 v2:172.21.15.50:3300/0 3 ==== mon_map magic: 0 ==== 205+0+0 (secure 0 0 0) 0x7fe5e4023870 con 0x7fe5f0109010
2024-04-23T18:09:41.542 INFO:teuthology.orchestra.run.smithi050.stdout:/usr/bin/ceph: stderr
2024-04-23T18:09:40.663+0000 7fe5f562f700 1 -- 172.21.15.50:0/1635803195 --> [v2:172.21.15.50:3300/0,v1:172.21.15.50:6789/0] -- mon_subscribe({osdmap=0}) -- 0x7fe5f019f8b0 con 0x7fe5f0109010
2024-04-23T18:09:41.542 INFO:teuthology.orchestra.run.smithi050.stdout:/usr/bin/ceph: stderr
2024-04-23T18:09:40.664+0000 7fe5d7fff700 1 -- 172.21.15.50:0/1635803195 <== mon.0 v2:172.21.15.50:3300/0 4 ==== mgrmap(e 12) ==== 46571+0+0 (secure 0 0 0) 0x7fe5e4023b70 con 0x7fe5f0109010
2024-04-23T18:09:41.542 INFO:teuthology.orchestra.run.smithi050.stdout:/usr/bin/ceph: stderr
2024-04-23T18:09:40.664+0000 7fe5f562f700 1 -- 172.21.15.50:0/1635803195 --> [v2:172.21.15.50:3300/0,v1:172.21.15.50:6789/0] -- mon_command({"prefix": "get_command_descriptions"} v 0) -- 0x7fe5f00640a0 con 0x7fe5f0109010
2024-04-23T18:09:41.542 INFO:teuthology.orchestra.run.smithi050.stdout:/usr/bin/ceph: stderr
2024-04-23T18:09:40.664+0000 7fe5d7fff700 1 --2- 172.21.15.50:0/1635803195 >> [v2:172.21.15.50:6800/1004018784,v1:172.21.15.50:6801/1004018784] conn(0x7fe5d8039600 0x7fe5d803bac0 unknown :-1 s=NONE pgs=0 cs=0 l=1 rev1=0 crypto rx=0 tx=0 comp rx=0 tx=0).connect
2024-04-23T18:09:41.542 INFO:teuthology.orchestra.run.smithi050.stdout:/usr/bin/ceph: stderr
2024-04-23T18:09:40.664+0000 7fe5d7fff700 1 -- 172.21.15.50:0/1635803195 <== mon.0 v2:172.21.15.50:3300/0 5 ==== osd_map(3..3 src has 1..3) ==== 1155+0+0 (secure 0 0 0) 0x7fe5e404e240 con 0x7fe5f0109010
2024-04-23T18:09:41.542 INFO:teuthology.orchestra.run.smithi050.stdout:/usr/bin/ceph: stderr
2024-04-23T18:09:40.664+0000 7fe5ee7fc700 1 --2- 172.21.15.50:0/1635803195 >> [v2:172.21.15.50:6800/1004018784,v1:172.21.15.50:6801/1004018784] conn(0x7fe5d8039600 0x7fe5d803bac0 unknown :-1 s=BANNER_CONNECTING pgs=0 cs=0 l=1 rev1=0 crypto rx=0 tx=0 comp rx=0 tx=0)._handle_peer_banner_payload supported=3 required=0
2024-04-23T18:09:41.543 INFO:teuthology.orchestra.run.smithi050.stdout:/usr/bin/ceph: stderr
2024-04-23T18:09:40.664+0000 7fe5ee7fc700 1 --2- 172.21.15.50:0/1635803195 >> [v2:172.21.15.50:6800/1004018784,v1:172.21.15.50:6801/1004018784] conn(0x7fe5d8039600 0x7fe5d803bac0 secure :-1 s=READY pgs=10 cs=0 l=1 rev1=1 crypto rx=0x7fe5e0006fd0 tx=0x7fe5e0006e40 comp rx=0 tx=0).ready entity=mgr.14152 client_cookie=0 server_cookie=0 in_seq=0 out_seq=0
2024-04-23T18:09:41.543 INFO:teuthology.orchestra.run.smithi050.stdout:/usr/bin/ceph: stderr
2024-04-23T18:09:40.669+0000 7fe5d7fff700 1 -- 172.21.15.50:0/1635803195 <== mon.0 v2:172.21.15.50:3300/0 6 ==== mon_command_ack([{"prefix": "get_command_descriptions"}]=0 v0) ==== 72+0+188370 (secure 0 0 0) 0x7fe5e401f030 con 0x7fe5f0109010
2024-04-23T18:09:41.543 INFO:teuthology.orchestra.run.smithi050.stdout:/usr/bin/ceph: stderr
2024-04-23T18:09:40.878+0000 7fe5f562f700 1 -- 172.21.15.50:0/1635803195 --> [v2:172.21.15.50:3300/0,v1:172.21.15.50:6789/0] -- mon_command([{prefix=config set, name=osd_memory_target_autotune}] v 0) -- 0x7fe5f019ff10 con 0x7fe5f0109010
2024-04-23T18:09:41.543 INFO:teuthology.orchestra.run.smithi050.stdout:/usr/bin/ceph: stderr
2024-04-23T18:09:40.878+0000 7fe5d7fff700 1 -- 172.21.15.50:0/1635803195 <== mon.0 v2:172.21.15.50:3300/0 7 ==== mon_command_ack([{prefix=config set, name=osd_memory_target_autotune}]=0 v8)=0 v8) ==== 127+0+0 (secure 0 0 0) 0x7fe5e4018e30 con 0x7fe5f0109010
2024-04-23T18:09:41.543 INFO:teuthology.orchestra.run.smithi050.stdout:/usr/bin/ceph: stderr
2024-04-23T18:09:40.880+0000 7fe5f562f700 1 -- 172.21.15.50:0/1635803195 >> [v2:172.21.15.50:6800/1004018784,v1:172.21.15.50:6801/1004018784] conn(0x7fe5d8039600 msgr2=0x7fe5d803bac0 secure :-1 s=STATE_CONNECTION_ESTABLISHED l=1).mark_down
2024-04-23T18:09:41.543 INFO:teuthology.orchestra.run.smithi050.stdout:/usr/bin/ceph: stderr
2024-04-23T18:09:40.880+0000 7fe5f562f700 1 --2- 172.21.15.50:0/1635803195 >> [v2:172.21.15.50:6800/1004018784,v1:172.21.15.50:6801/1004018784] conn(0x7fe5d8039600 0x7fe5d803bac0 secure :-1 s=READY pgs=10 cs=0 l=1 rev1=1 crypto rx=0x7fe5e0006fd0 tx=0x7fe5e0006e40 comp rx=0 tx=0).stop
2024-04-23T18:09:41.543 INFO:teuthology.orchestra.run.smithi050.stdout:/usr/bin/ceph: stderr
2024-04-23T18:09:40.880+0000 7fe5f562f700 1 -- 172.21.15.50:0/1635803195 >> [v2:172.21.15.50:3300/0,v1:172.21.15.50:6789/0] conn(0x7fe5f0109010 msgr2=0x7fe5f019c3f0 secure :-1 s=STATE_CONNECTION_ESTABLISHED l=1).mark_down
2024-04-23T18:09:41.543 INFO:teuthology.orchestra.run.smithi050.stdout:/usr/bin/ceph: stderr
2024-04-23T18:09:40.880+0000 7fe5f562f700 1 --2- 172.21.15.50:0/1635803195 >> [v2:172.21.15.50:3300/0,v1:172.21.15.50:6789/0] conn(0x7fe5f0109010 0x7fe5f019c3f0 secure :-1 s=READY pgs=77 cs=0 l=1 rev1=1 crypto rx=0x7fe5e4000c00 tx=0x7fe5e4011aa0 comp rx=0 tx=0).stop
2024-04-23T18:09:41.543 INFO:teuthology.orchestra.run.smithi050.stdout:/usr/bin/ceph: stderr
2024-04-23T18:09:40.880+0000 7fe5f562f700 1 -- 172.21.15.50:0/1635803195 shutdown_connections
2024-04-23T18:09:41.543 INFO:teuthology.orchestra.run.smithi050.stdout:/usr/bin/ceph: stderr
2024-04-23T18:09:40.880+0000 7fe5f562f700 1 --2- 172.21.15.50:0/1635803195 >> [v2:172.21.15.50:6800/1004018784,v1:172.21.15.50:6801/1004018784] conn(0x7fe5d8039600 0x7fe5d803bac0 unknown :-1 s=CLOSED pgs=10 cs=0 l=1 rev1=1 crypto rx=0 tx=0 comp rx=0 tx=0).stop
2024-04-23T18:09:41.543 INFO:teuthology.orchestra.run.smithi050.stdout:/usr/bin/ceph: stderr
2024-04-23T18:09:40.880+0000 7fe5f562f700 1 --2- 172.21.15.50:0/1635803195 >> [v2:172.21.15.50:3300/0,v1:172.21.15.50:6789/0] conn(0x7fe5f0109010 0x7fe5f019c3f0 unknown :-1 s=CLOSED pgs=77 cs=0 l=1 rev1=1 crypto rx=0 tx=0 comp rx=0 tx=0).stop
2024-04-23T18:09:41.543 INFO:teuthology.orchestra.run.smithi050.stdout:/usr/bin/ceph: stderr
2024-04-23T18:09:40.880+0000 7fe5f562f700 1 -- 172.21.15.50:0/1635803195 >> 172.21.15.50:0/1635803195 conn(0x7fe5f0102a40 msgr2=0x7fe5f0103490 unknown :-1 s=STATE_NONE l=0).mark_down
2024-04-23T18:09:41.543 INFO:teuthology.orchestra.run.smithi050.stdout:/usr/bin/ceph: stderr
2024-04-23T18:09:40.880+0000 7fe5f562f700 1 -- 172.21.15.50:0/1635803195 shutdown_connections
2024-04-23T18:09:41.543 INFO:teuthology.orchestra.run.smithi050.stdout:/usr/bin/ceph: stderr
2024-04-23T18:09:40.880+0000 7fe5f562f700 1 -- 172.21.15.50:0/1635803195 wait complete.
2024-04-23T18:09:42.445 INFO:journalctl@ceph.mon.a.smithi050.stdout:Apr 23 18:09:42 smithi050 ceph-mon[29187]: mgrmap e13: x(active, since 6s)
2024-04-23T18:09:43.198 INFO:teuthology.orchestra.run.smithi050.stdout:/usr/bin/ceph: stderr
2024-04-23T18:09:42.268+0000 7fc2535e6700 1 Processor -- start
2024-04-23T18:09:43.199 INFO:teuthology.orchestra.run.smithi050.stdout:/usr/bin/ceph: stderr
2024-04-23T18:09:42.268+0000 7fc2535e6700 1 -- start start
2024-04-23T18:09:43.199 INFO:teuthology.orchestra.run.smithi050.stdout:/usr/bin/ceph: stderr
2024-04-23T18:09:42.268+0000 7fc2535e6700 1 --2- >> [v2:172.21.15.50:3300/0,v1:172.21.15.50:6789/0] conn(0x7fc24c108fb0 0x7fc24c10b3a0 unknown :-1 s=NONE pgs=0 cs=0 l=0 rev1=0 crypto rx=0 tx=0 comp rx=0 tx=0).connect
2024-04-23T18:09:43.199 INFO:teuthology.orchestra.run.smithi050.stdout:/usr/bin/ceph: stderr
2024-04-23T18:09:42.268+0000 7fc2535e6700 1 -- --> [v2:172.21.15.50:3300/0,v1:172.21.15.50:6789/0] -- mon_getmap magic: 0 -- 0x7fc24c10b8e0 con 0x7fc24c108fb0
2024-04-23T18:09:43.199 INFO:teuthology.orchestra.run.smithi050.stdout:/usr/bin/ceph: stderr
2024-04-23T18:09:42.268+0000 7fc251382700 1 --2- >> [v2:172.21.15.50:3300/0,v1:172.21.15.50:6789/0] conn(0x7fc24c108fb0 0x7fc24c10b3a0 unknown :-1 s=BANNER_CONNECTING pgs=0 cs=0 l=0 rev1=0 crypto rx=0 tx=0 comp rx=0 tx=0)._handle_peer_banner_payload supported=3 required=0
2024-04-23T18:09:43.199 INFO:teuthology.orchestra.run.smithi050.stdout:/usr/bin/ceph: stderr
2024-04-23T18:09:42.268+0000 7fc251382700 1 --2- >> [v2:172.21.15.50:3300/0,v1:172.21.15.50:6789/0] conn(0x7fc24c108fb0 0x7fc24c10b3a0 unknown :-1 s=HELLO_CONNECTING pgs=0 cs=0 l=0 rev1=1 crypto rx=0 tx=0 comp rx=0 tx=0).handle_hello peer v2:172.21.15.50:3300/0 says I am v2:172.21.15.50:60294/0 (socket says 172.21.15.50:60294)
2024-04-23T18:09:43.199 INFO:teuthology.orchestra.run.smithi050.stdout:/usr/bin/ceph: stderr
2024-04-23T18:09:42.268+0000 7fc251382700 1 -- 172.21.15.50:0/535314090 learned_addr learned my addr 172.21.15.50:0/535314090 (peer_addr_for_me v2:172.21.15.50:0/0)
2024-04-23T18:09:43.199 INFO:teuthology.orchestra.run.smithi050.stdout:/usr/bin/ceph: stderr
2024-04-23T18:09:42.269+0000 7fc251382700 1 -- 172.21.15.50:0/535314090 --> [v2:172.21.15.50:3300/0,v1:172.21.15.50:6789/0] -- mon_subscribe({config=0+,monmap=0+}) -- 0x7fc24c10ba60 con 0x7fc24c108fb0
2024-04-23T18:09:43.199 INFO:teuthology.orchestra.run.smithi050.stdout:/usr/bin/ceph: stderr
2024-04-23T18:09:42.269+0000 7fc251382700 1 --2- 172.21.15.50:0/535314090 >> [v2:172.21.15.50:3300/0,v1:172.21.15.50:6789/0] conn(0x7fc24c108fb0 0x7fc24c10b3a0 secure :-1 s=READY pgs=78 cs=0 l=1 rev1=1 crypto rx=0x7fc2400098a0 tx=0x7fc240009bb0 comp rx=0 tx=0).ready entity=mon.0 client_cookie=d2c03dd34b38824e server_cookie=0 in_seq=0 out_seq=0
2024-04-23T18:09:43.199 INFO:teuthology.orchestra.run.smithi050.stdout:/usr/bin/ceph: stderr
2024-04-23T18:09:42.269+0000 7fc23ffff700 1 -- 172.21.15.50:0/535314090 <== mon.0 v2:172.21.15.50:3300/0 1 ==== mon_map magic: 0 ==== 205+0+0 (secure 0 0 0) 0x7fc240004160 con 0x7fc24c108fb0
2024-04-23T18:09:43.199 INFO:teuthology.orchestra.run.smithi050.stdout:/usr/bin/ceph: stderr
2024-04-23T18:09:42.269+0000 7fc23ffff700 1 -- 172.21.15.50:0/535314090 <== mon.0 v2:172.21.15.50:3300/0 2 ==== config(26 keys) ==== 1101+0+0 (secure 0 0 0) 0x7fc240004300 con 0x7fc24c108fb0
2024-04-23T18:09:43.199 INFO:teuthology.orchestra.run.smithi050.stdout:/usr/bin/ceph: stderr
2024-04-23T18:09:42.269+0000 7fc23ffff700 1 -- 172.21.15.50:0/535314090 <== mon.0 v2:172.21.15.50:3300/0 3 ==== mon_map magic: 0 ==== 205+0+0 (secure 0 0 0) 0x7fc240011a20 con 0x7fc24c108fb0
2024-04-23T18:09:43.199 INFO:teuthology.orchestra.run.smithi050.stdout:/usr/bin/ceph: stderr
2024-04-23T18:09:42.270+0000 7fc2535e6700 1 -- 172.21.15.50:0/535314090 >> [v2:172.21.15.50:3300/0,v1:172.21.15.50:6789/0] conn(0x7fc24c108fb0 msgr2=0x7fc24c10b3a0 secure :-1 s=STATE_CONNECTION_ESTABLISHED l=1).mark_down
2024-04-23T18:09:43.200 INFO:teuthology.orchestra.run.smithi050.stdout:/usr/bin/ceph: stderr
2024-04-23T18:09:42.270+0000 7fc2535e6700 1 --2- 172.21.15.50:0/535314090 >> [v2:172.21.15.50:3300/0,v1:172.21.15.50:6789/0] conn(0x7fc24c108fb0 0x7fc24c10b3a0 secure :-1 s=READY pgs=78 cs=0 l=1 rev1=1 crypto rx=0x7fc2400098a0 tx=0x7fc240009bb0 comp rx=0 tx=0).stop
2024-04-23T18:09:43.200 INFO:teuthology.orchestra.run.smithi050.stdout:/usr/bin/ceph: stderr
2024-04-23T18:09:42.270+0000 7fc2535e6700 1 -- 172.21.15.50:0/535314090 shutdown_connections
2024-04-23T18:09:43.200 INFO:teuthology.orchestra.run.smithi050.stdout:/usr/bin/ceph: stderr
2024-04-23T18:09:42.270+0000 7fc2535e6700 1 --2- 172.21.15.50:0/535314090 >> [v2:172.21.15.50:3300/0,v1:172.21.15.50:6789/0] conn(0x7fc24c108fb0 0x7fc24c10b3a0 unknown :-1 s=CLOSED pgs=78 cs=0 l=1 rev1=1 crypto rx=0 tx=0 comp rx=0 tx=0).stop
2024-04-23T18:09:43.200 INFO:teuthology.orchestra.run.smithi050.stdout:/usr/bin/ceph: stderr
2024-04-23T18:09:42.270+0000 7fc2535e6700 1 -- 172.21.15.50:0/535314090 >> 172.21.15.50:0/535314090 conn(0x7fc24c102a60 msgr2=0x7fc24c104e80 unknown :-1 s=STATE_NONE l=0).mark_down
2024-04-23T18:09:43.200 INFO:teuthology.orchestra.run.smithi050.stdout:/usr/bin/ceph: stderr
2024-04-23T18:09:42.270+0000 7fc2535e6700 1 -- 172.21.15.50:0/535314090 shutdown_connections
2024-04-23T18:09:43.200 INFO:teuthology.orchestra.run.smithi050.stdout:/usr/bin/ceph: stderr
2024-04-23T18:09:42.270+0000 7fc2535e6700 1 -- 172.21.15.50:0/535314090 wait complete.
2024-04-23T18:09:43.200 INFO:teuthology.orchestra.run.smithi050.stdout:/usr/bin/ceph: stderr
2024-04-23T18:09:42.270+0000 7fc2535e6700 1 Processor -- start
2024-04-23T18:09:43.200 INFO:teuthology.orchestra.run.smithi050.stdout:/usr/bin/ceph: stderr
2024-04-23T18:09:42.270+0000 7fc2535e6700 1 -- start start
2024-04-23T18:09:43.200 INFO:teuthology.orchestra.run.smithi050.stdout:/usr/bin/ceph: stderr
2024-04-23T18:09:42.271+0000 7fc2535e6700 1 --2- >> [v2:172.21.15.50:3300/0,v1:172.21.15.50:6789/0] conn(0x7fc24c108fb0 0x7fc24c108830 unknown :-1 s=NONE pgs=0 cs=0 l=1 rev1=0 crypto rx=0 tx=0 comp rx=0 tx=0).connect
2024-04-23T18:09:43.200 INFO:teuthology.orchestra.run.smithi050.stdout:/usr/bin/ceph: stderr
2024-04-23T18:09:42.271+0000 7fc2535e6700 1 -- --> [v2:172.21.15.50:3300/0,v1:172.21.15.50:6789/0] -- mon_getmap magic: 0 -- 0x7fc24c10ca00 con 0x7fc24c108fb0
2024-04-23T18:09:43.200 INFO:teuthology.orchestra.run.smithi050.stdout:/usr/bin/ceph: stderr
2024-04-23T18:09:42.271+0000 7fc251382700 1 --2- >> [v2:172.21.15.50:3300/0,v1:172.21.15.50:6789/0] conn(0x7fc24c108fb0 0x7fc24c108830 unknown :-1 s=BANNER_CONNECTING pgs=0 cs=0 l=1 rev1=0 crypto rx=0 tx=0 comp rx=0 tx=0)._handle_peer_banner_payload supported=3 required=0
2024-04-23T18:09:43.200 INFO:teuthology.orchestra.run.smithi050.stdout:/usr/bin/ceph: stderr
2024-04-23T18:09:42.271+0000 7fc251382700 1 --2- >> [v2:172.21.15.50:3300/0,v1:172.21.15.50:6789/0] conn(0x7fc24c108fb0 0x7fc24c108830 unknown :-1 s=HELLO_CONNECTING pgs=0 cs=0 l=1 rev1=1 crypto rx=0 tx=0 comp rx=0 tx=0).handle_hello peer v2:172.21.15.50:3300/0 says I am v2:172.21.15.50:60300/0 (socket says 172.21.15.50:60300)
2024-04-23T18:09:43.200 INFO:teuthology.orchestra.run.smithi050.stdout:/usr/bin/ceph: stderr
2024-04-23T18:09:42.271+0000 7fc251382700 1 -- 172.21.15.50:0/3494217517 learned_addr learned my addr 172.21.15.50:0/3494217517 (peer_addr_for_me v2:172.21.15.50:0/0)
2024-04-23T18:09:43.201 INFO:teuthology.orchestra.run.smithi050.stdout:/usr/bin/ceph: stderr
2024-04-23T18:09:42.271+0000 7fc251382700 1 -- 172.21.15.50:0/3494217517 --> [v2:172.21.15.50:3300/0,v1:172.21.15.50:6789/0] -- mon_subscribe({config=0+,monmap=0+}) -- 0x7fc24c108d70 con 0x7fc24c108fb0
2024-04-23T18:09:43.201 INFO:teuthology.orchestra.run.smithi050.stdout:/usr/bin/ceph: stderr
2024-04-23T18:09:42.271+0000 7fc251382700 1 --2- 172.21.15.50:0/3494217517 >> [v2:172.21.15.50:3300/0,v1:172.21.15.50:6789/0] conn(0x7fc24c108fb0 0x7fc24c108830 secure :-1 s=READY pgs=79 cs=0 l=1 rev1=1 crypto rx=0x7fc240004660 tx=0x7fc240011aa0 comp rx=0 tx=0).ready entity=mon.0 client_cookie=0 server_cookie=0 in_seq=0 out_seq=0
