2024-04-23T18:09:03.368+0000 7f171b7fe700 1 -- 172.21.15.50:0/68905482 >> [v2:172.21.15.50:6800/1300452320,v1:172.21.15.50:6801/1300452320] conn(0x7f1704039600 msgr2=0x7f170403bac0 unknown :-1 s=STATE_CONNECTING_RE l=1).process reconnect failed to v2:172.21.15.50:6800/1300452320
2024-04-23T18:09:09.147 INFO:teuthology.orchestra.run.smithi050.stdout:/usr/bin/ceph: stderr
2024-04-23T18:09:03.368+0000 7f171b7fe700 1 --2- 172.21.15.50:0/68905482 >> [v2:172.21.15.50:6800/1300452320,v1:172.21.15.50:6801/1300452320] conn(0x7f1704039600 0x7f170403bac0 unknown :-1 s=START_CONNECT pgs=0 cs=0 l=1 rev1=0 crypto rx=0 tx=0 comp rx=0 tx=0)._fault waiting 0.800000
2024-04-23T18:09:09.147 INFO:teuthology.orchestra.run.smithi050.stdout:/usr/bin/ceph: stderr
2024-04-23T18:09:04.169+0000 7f171b7fe700 1 -- 172.21.15.50:0/68905482 >> [v2:172.21.15.50:6800/1300452320,v1:172.21.15.50:6801/1300452320] conn(0x7f1704039600 msgr2=0x7f170403bac0 unknown :-1 s=STATE_CONNECTING_RE l=1).process reconnect failed to v2:172.21.15.50:6800/1300452320
2024-04-23T18:09:09.147 INFO:teuthology.orchestra.run.smithi050.stdout:/usr/bin/ceph: stderr
2024-04-23T18:09:04.169+0000 7f171b7fe700 1 --2- 172.21.15.50:0/68905482 >> [v2:172.21.15.50:6800/1300452320,v1:172.21.15.50:6801/1300452320] conn(0x7f1704039600 0x7f170403bac0 unknown :-1 s=START_CONNECT pgs=0 cs=0 l=1 rev1=0 crypto rx=0 tx=0 comp rx=0 tx=0)._fault waiting 1.600000
2024-04-23T18:09:09.147 INFO:teuthology.orchestra.run.smithi050.stdout:/usr/bin/ceph: stderr
2024-04-23T18:09:05.769+0000 7f171b7fe700 1 -- 172.21.15.50:0/68905482 >> [v2:172.21.15.50:6800/1300452320,v1:172.21.15.50:6801/1300452320] conn(0x7f1704039600 msgr2=0x7f170403bac0 unknown :-1 s=STATE_CONNECTING_RE l=1).process reconnect failed to v2:172.21.15.50:6800/1300452320
2024-04-23T18:09:09.147 INFO:teuthology.orchestra.run.smithi050.stdout:/usr/bin/ceph: stderr
2024-04-23T18:09:05.769+0000 7f171b7fe700 1 --2- 172.21.15.50:0/68905482 >> [v2:172.21.15.50:6800/1300452320,v1:172.21.15.50:6801/1300452320] conn(0x7f1704039600 0x7f170403bac0 unknown :-1 s=START_CONNECT pgs=0 cs=0 l=1 rev1=0 crypto rx=0 tx=0 comp rx=0 tx=0)._fault waiting 3.200000
2024-04-23T18:09:09.147 INFO:teuthology.orchestra.run.smithi050.stdout:/usr/bin/ceph: stderr
2024-04-23T18:09:07.549+0000 7f17197fa700 1 -- 172.21.15.50:0/68905482 <== mon.0 v2:172.21.15.50:3300/0 6 ==== mgrmap(e 6) ==== 46325+0+0 (secure 0 0 0) 0x7f170c00b480 con 0x7f171c108570
2024-04-23T18:09:09.147 INFO:teuthology.orchestra.run.smithi050.stdout:/usr/bin/ceph: stderr
2024-04-23T18:09:07.549+0000 7f17197fa700 1 -- 172.21.15.50:0/68905482 >> [v2:172.21.15.50:6800/1300452320,v1:172.21.15.50:6801/1300452320] conn(0x7f1704039600 msgr2=0x7f170403bac0 unknown :-1 s=STATE_CONNECTING l=1).mark_down
2024-04-23T18:09:09.147 INFO:teuthology.orchestra.run.smithi050.stdout:/usr/bin/ceph: stderr
2024-04-23T18:09:07.549+0000 7f17197fa700 1 --2- 172.21.15.50:0/68905482 >> [v2:172.21.15.50:6800/1300452320,v1:172.21.15.50:6801/1300452320] conn(0x7f1704039600 0x7f170403bac0 unknown :-1 s=START_CONNECT pgs=0 cs=0 l=1 rev1=0 crypto rx=0 tx=0 comp rx=0 tx=0).stop
2024-04-23T18:09:09.147 INFO:teuthology.orchestra.run.smithi050.stdout:/usr/bin/ceph: stderr
2024-04-23T18:09:08.550+0000 7f17197fa700 1 -- 172.21.15.50:0/68905482 <== mon.0 v2:172.21.15.50:3300/0 7 ==== mgrmap(e 7) ==== 46452+0+0 (secure 0 0 0) 0x7f170c04ef30 con 0x7f171c108570
2024-04-23T18:09:09.147 INFO:teuthology.orchestra.run.smithi050.stdout:/usr/bin/ceph: stderr
2024-04-23T18:09:08.551+0000 7f17197fa700 1 --2- 172.21.15.50:0/68905482 >> [v2:172.21.15.50:6800/103327972,v1:172.21.15.50:6801/103327972] conn(0x7f170403cef0 0x7f170403f2e0 unknown :-1 s=NONE pgs=0 cs=0 l=1 rev1=0 crypto rx=0 tx=0 comp rx=0 tx=0).connect
2024-04-23T18:09:09.147 INFO:teuthology.orchestra.run.smithi050.stdout:/usr/bin/ceph: stderr
2024-04-23T18:09:08.551+0000 7f17197fa700 1 -- 172.21.15.50:0/68905482 --> [v2:172.21.15.50:6800/103327972,v1:172.21.15.50:6801/103327972] -- command(tid 0: {"prefix": "get_command_descriptions"}) -- 0x7f170c01fec0 con 0x7f170403cef0
2024-04-23T18:09:09.147 INFO:teuthology.orchestra.run.smithi050.stdout:/usr/bin/ceph: stderr
2024-04-23T18:09:08.551+0000 7f171b7fe700 1 --2- 172.21.15.50:0/68905482 >> [v2:172.21.15.50:6800/103327972,v1:172.21.15.50:6801/103327972] conn(0x7f170403cef0 0x7f170403f2e0 unknown :-1 s=BANNER_CONNECTING pgs=0 cs=0 l=1 rev1=0 crypto rx=0 tx=0 comp rx=0 tx=0)._handle_peer_banner_payload supported=3 required=0
2024-04-23T18:09:09.147 INFO:teuthology.orchestra.run.smithi050.stdout:/usr/bin/ceph: stderr
2024-04-23T18:09:08.552+0000 7f171b7fe700 1 --2- 172.21.15.50:0/68905482 >> [v2:172.21.15.50:6800/103327972,v1:172.21.15.50:6801/103327972] conn(0x7f170403cef0 0x7f170403f2e0 secure :-1 s=READY pgs=1 cs=0 l=1 rev1=1 crypto rx=0x7f1710003a10 tx=0x7f17100092b0 comp rx=0 tx=0).ready entity=mgr.14120 client_cookie=0 server_cookie=0 in_seq=0 out_seq=0
2024-04-23T18:09:09.148 INFO:teuthology.orchestra.run.smithi050.stdout:/usr/bin/ceph: stderr
2024-04-23T18:09:08.553+0000 7f17197fa700 1 -- 172.21.15.50:0/68905482 <== mgr.14120 v2:172.21.15.50:6800/103327972 1 ==== command_reply(tid 0: 0 ) ==== 8+0+7774 (secure 0 0 0) 0x7f170c01fec0 con 0x7f170403cef0
2024-04-23T18:09:09.148 INFO:teuthology.orchestra.run.smithi050.stdout:/usr/bin/ceph: stderr
2024-04-23T18:09:08.559+0000 7f172235c700 1 -- 172.21.15.50:0/68905482 --> [v2:172.21.15.50:6800/103327972,v1:172.21.15.50:6801/103327972] -- command(tid 1: {"prefix": "mgr_status"}) -- 0x7f171c069ba0 con 0x7f170403cef0
2024-04-23T18:09:09.148 INFO:teuthology.orchestra.run.smithi050.stdout:/usr/bin/ceph: stderr
2024-04-23T18:09:08.559+0000 7f17197fa700 1 -- 172.21.15.50:0/68905482 <== mgr.14120 v2:172.21.15.50:6800/103327972 2 ==== command_reply(tid 1: 0 ) ==== 8+0+51 (secure 0 0 0) 0x7f171c069ba0 con 0x7f170403cef0
2024-04-23T18:09:09.148 INFO:teuthology.orchestra.run.smithi050.stdout:/usr/bin/ceph: stderr
2024-04-23T18:09:08.560+0000 7f172235c700 1 -- 172.21.15.50:0/68905482 >> [v2:172.21.15.50:6800/103327972,v1:172.21.15.50:6801/103327972] conn(0x7f170403cef0 msgr2=0x7f170403f2e0 secure :-1 s=STATE_CONNECTION_ESTABLISHED l=1).mark_down
2024-04-23T18:09:09.148 INFO:teuthology.orchestra.run.smithi050.stdout:/usr/bin/ceph: stderr
2024-04-23T18:09:08.560+0000 7f172235c700 1 --2- 172.21.15.50:0/68905482 >> [v2:172.21.15.50:6800/103327972,v1:172.21.15.50:6801/103327972] conn(0x7f170403cef0 0x7f170403f2e0 secure :-1 s=READY pgs=1 cs=0 l=1 rev1=1 crypto rx=0x7f1710003a10 tx=0x7f17100092b0 comp rx=0 tx=0).stop
2024-04-23T18:09:09.148 INFO:teuthology.orchestra.run.smithi050.stdout:/usr/bin/ceph: stderr
2024-04-23T18:09:08.560+0000 7f172235c700 1 -- 172.21.15.50:0/68905482 >> [v2:172.21.15.50:3300/0,v1:172.21.15.50:6789/0] conn(0x7f171c108570 msgr2=0x7f171c07db80 secure :-1 s=STATE_CONNECTION_ESTABLISHED l=1).mark_down
2024-04-23T18:09:09.148 INFO:teuthology.orchestra.run.smithi050.stdout:/usr/bin/ceph: stderr
2024-04-23T18:09:08.560+0000 7f172235c700 1 --2- 172.21.15.50:0/68905482 >> [v2:172.21.15.50:3300/0,v1:172.21.15.50:6789/0] conn(0x7f171c108570 0x7f171c07db80 secure :-1 s=READY pgs=29 cs=0 l=1 rev1=1 crypto rx=0x7f170c0117b0 tx=0x7f170c011b70 comp rx=0 tx=0).stop
2024-04-23T18:09:09.148 INFO:teuthology.orchestra.run.smithi050.stdout:/usr/bin/ceph: stderr
2024-04-23T18:09:08.560+0000 7f172235c700 1 -- 172.21.15.50:0/68905482 shutdown_connections
2024-04-23T18:09:09.148 INFO:teuthology.orchestra.run.smithi050.stdout:/usr/bin/ceph: stderr
2024-04-23T18:09:08.560+0000 7f172235c700 1 --2- 172.21.15.50:0/68905482 >> [v2:172.21.15.50:6800/103327972,v1:172.21.15.50:6801/103327972] conn(0x7f170403cef0 0x7f170403f2e0 unknown :-1 s=CLOSED pgs=1 cs=0 l=1 rev1=1 crypto rx=0 tx=0 comp rx=0 tx=0).stop
2024-04-23T18:09:09.148 INFO:teuthology.orchestra.run.smithi050.stdout:/usr/bin/ceph: stderr
2024-04-23T18:09:08.560+0000 7f172235c700 1 --2- 172.21.15.50:0/68905482 >> [v2:172.21.15.50:3300/0,v1:172.21.15.50:6789/0] conn(0x7f171c108570 0x7f171c07db80 unknown :-1 s=CLOSED pgs=29 cs=0 l=1 rev1=1 crypto rx=0 tx=0 comp rx=0 tx=0).stop
2024-04-23T18:09:09.148 INFO:teuthology.orchestra.run.smithi050.stdout:/usr/bin/ceph: stderr
2024-04-23T18:09:08.560+0000 7f172235c700 1 --2- 172.21.15.50:0/68905482 >> [v2:172.21.15.50:6800/1300452320,v1:172.21.15.50:6801/1300452320] conn(0x7f1704039600 0x7f170403bac0 unknown :-1 s=CLOSED pgs=0 cs=0 l=1 rev1=0 crypto rx=0 tx=0 comp rx=0 tx=0).stop
2024-04-23T18:09:09.148 INFO:teuthology.orchestra.run.smithi050.stdout:/usr/bin/ceph: stderr
2024-04-23T18:09:08.560+0000 7f172235c700 1 -- 172.21.15.50:0/68905482 >> 172.21.15.50:0/68905482 conn(0x7f171c103b70 msgr2=0x7f171c104720 unknown :-1 s=STATE_NONE l=0).mark_down
2024-04-23T18:09:09.148 INFO:teuthology.orchestra.run.smithi050.stdout:/usr/bin/ceph: stderr
2024-04-23T18:09:08.560+0000 7f172235c700 1 -- 172.21.15.50:0/68905482 shutdown_connections
2024-04-23T18:09:09.149 INFO:teuthology.orchestra.run.smithi050.stdout:/usr/bin/ceph: stderr
2024-04-23T18:09:08.560+0000 7f172235c700 1 -- 172.21.15.50:0/68905482 wait complete.
2024-04-23T18:09:09.149 INFO:teuthology.orchestra.run.smithi050.stdout:mgr epoch 5 is available
2024-04-23T18:09:09.149 INFO:teuthology.orchestra.run.smithi050.stdout:Setting orchestrator backend to cephadm...
2024-04-23T18:09:09.807 INFO:journalctl@ceph.mon.a.smithi050.stdout:Apr 23 18:09:09 smithi050 ceph-mon[29187]: from='client.14124 -' entity='client.admin' cmd=[{"prefix": "get_command_descriptions"}]: dispatch
2024-04-23T18:09:09.807 INFO:journalctl@ceph.mon.a.smithi050.stdout:Apr 23 18:09:09 smithi050 ceph-mon[29187]: from='client.14124 -' entity='client.admin' cmd=[{"prefix": "mgr_status"}]: dispatch
2024-04-23T18:09:10.343 INFO:teuthology.orchestra.run.smithi050.stdout:/usr/bin/ceph: stderr
2024-04-23T18:09:09.575+0000 7fc46912d700 1 Processor -- start
2024-04-23T18:09:10.343 INFO:teuthology.orchestra.run.smithi050.stdout:/usr/bin/ceph: stderr
2024-04-23T18:09:09.575+0000 7fc46912d700 1 -- start start
2024-04-23T18:09:10.343 INFO:teuthology.orchestra.run.smithi050.stdout:/usr/bin/ceph: stderr
2024-04-23T18:09:09.575+0000 7fc46912d700 1 --2- >> [v2:172.21.15.50:3300/0,v1:172.21.15.50:6789/0] conn(0x7fc464107440 0x7fc464107860 unknown :-1 s=NONE pgs=0 cs=0 l=0 rev1=0 crypto rx=0 tx=0 comp rx=0 tx=0).connect
2024-04-23T18:09:10.344 INFO:teuthology.orchestra.run.smithi050.stdout:/usr/bin/ceph: stderr
2024-04-23T18:09:09.575+0000 7fc46912d700 1 -- --> [v2:172.21.15.50:3300/0,v1:172.21.15.50:6789/0] -- mon_getmap magic: 0 -- 0x7fc464107e30 con 0x7fc464107440
2024-04-23T18:09:10.344 INFO:teuthology.orchestra.run.smithi050.stdout:/usr/bin/ceph: stderr
2024-04-23T18:09:09.575+0000 7fc462d9d700 1 --2- >> [v2:172.21.15.50:3300/0,v1:172.21.15.50:6789/0] conn(0x7fc464107440 0x7fc464107860 unknown :-1 s=BANNER_CONNECTING pgs=0 cs=0 l=0 rev1=0 crypto rx=0 tx=0 comp rx=0 tx=0)._handle_peer_banner_payload supported=3 required=0
2024-04-23T18:09:10.344 INFO:teuthology.orchestra.run.smithi050.stdout:/usr/bin/ceph: stderr
2024-04-23T18:09:09.575+0000 7fc462d9d700 1 --2- >> [v2:172.21.15.50:3300/0,v1:172.21.15.50:6789/0] conn(0x7fc464107440 0x7fc464107860 unknown :-1 s=HELLO_CONNECTING pgs=0 cs=0 l=0 rev1=1 crypto rx=0 tx=0 comp rx=0 tx=0).handle_hello peer v2:172.21.15.50:3300/0 says I am v2:172.21.15.50:45562/0 (socket says 172.21.15.50:45562)
2024-04-23T18:09:10.344 INFO:teuthology.orchestra.run.smithi050.stdout:/usr/bin/ceph: stderr
2024-04-23T18:09:09.575+0000 7fc462d9d700 1 -- 172.21.15.50:0/2592968845 learned_addr learned my addr 172.21.15.50:0/2592968845 (peer_addr_for_me v2:172.21.15.50:0/0)
2024-04-23T18:09:10.344 INFO:teuthology.orchestra.run.smithi050.stdout:/usr/bin/ceph: stderr
2024-04-23T18:09:09.575+0000 7fc462d9d700 1 -- 172.21.15.50:0/2592968845 --> [v2:172.21.15.50:3300/0,v1:172.21.15.50:6789/0] -- mon_subscribe({config=0+,monmap=0+}) -- 0x7fc464108640 con 0x7fc464107440
2024-04-23T18:09:10.344 INFO:teuthology.orchestra.run.smithi050.stdout:/usr/bin/ceph: stderr
2024-04-23T18:09:09.576+0000 7fc462d9d700 1 --2- 172.21.15.50:0/2592968845 >> [v2:172.21.15.50:3300/0,v1:172.21.15.50:6789/0] conn(0x7fc464107440 0x7fc464107860 secure :-1 s=READY pgs=37 cs=0 l=1 rev1=1 crypto rx=0x7fc454009e80 tx=0x7fc45400b330 comp rx=0 tx=0).ready entity=mon.0 client_cookie=42bec25a68998713 server_cookie=0 in_seq=0 out_seq=0
2024-04-23T18:09:10.344 INFO:teuthology.orchestra.run.smithi050.stdout:/usr/bin/ceph: stderr
2024-04-23T18:09:09.576+0000 7fc461d9b700 1 -- 172.21.15.50:0/2592968845 <== mon.0 v2:172.21.15.50:3300/0 1 ==== mon_map magic: 0 ==== 205+0+0 (secure 0 0 0) 0x7fc454017070 con 0x7fc464107440
2024-04-23T18:09:10.344 INFO:teuthology.orchestra.run.smithi050.stdout:/usr/bin/ceph: stderr
2024-04-23T18:09:09.576+0000 7fc461d9b700 1 -- 172.21.15.50:0/2592968845 <== mon.0 v2:172.21.15.50:3300/0 2 ==== config(26 keys) ==== 1070+0+0 (secure 0 0 0) 0x7fc45400b8c0 con 0x7fc464107440
2024-04-23T18:09:10.344 INFO:teuthology.orchestra.run.smithi050.stdout:/usr/bin/ceph: stderr
2024-04-23T18:09:09.576+0000 7fc461d9b700 1 -- 172.21.15.50:0/2592968845 <== mon.0 v2:172.21.15.50:3300/0 3 ==== mon_map magic: 0 ==== 205+0+0 (secure 0 0 0) 0x7fc454004490 con 0x7fc464107440
2024-04-23T18:09:10.344 INFO:teuthology.orchestra.run.smithi050.stdout:/usr/bin/ceph: stderr
2024-04-23T18:09:09.576+0000 7fc46912d700 1 -- 172.21.15.50:0/2592968845 >> [v2:172.21.15.50:3300/0,v1:172.21.15.50:6789/0] conn(0x7fc464107440 msgr2=0x7fc464107860 secure :-1 s=STATE_CONNECTION_ESTABLISHED l=1).mark_down
2024-04-23T18:09:10.344 INFO:teuthology.orchestra.run.smithi050.stdout:/usr/bin/ceph: stderr
2024-04-23T18:09:09.576+0000 7fc46912d700 1 --2- 172.21.15.50:0/2592968845 >> [v2:172.21.15.50:3300/0,v1:172.21.15.50:6789/0] conn(0x7fc464107440 0x7fc464107860 secure :-1 s=READY pgs=37 cs=0 l=1 rev1=1 crypto rx=0x7fc454009e80 tx=0x7fc45400b330 comp rx=0 tx=0).stop
2024-04-23T18:09:10.344 INFO:teuthology.orchestra.run.smithi050.stdout:/usr/bin/ceph: stderr
2024-04-23T18:09:09.576+0000 7fc46912d700 1 -- 172.21.15.50:0/2592968845 shutdown_connections
2024-04-23T18:09:10.344 INFO:teuthology.orchestra.run.smithi050.stdout:/usr/bin/ceph: stderr
2024-04-23T18:09:09.576+0000 7fc46912d700 1 --2- 172.21.15.50:0/2592968845 >> [v2:172.21.15.50:3300/0,v1:172.21.15.50:6789/0] conn(0x7fc464107440 0x7fc464107860 unknown :-1 s=CLOSED pgs=37 cs=0 l=1 rev1=1 crypto rx=0 tx=0 comp rx=0 tx=0).stop
2024-04-23T18:09:10.344 INFO:teuthology.orchestra.run.smithi050.stdout:/usr/bin/ceph: stderr
2024-04-23T18:09:09.576+0000 7fc46912d700 1 -- 172.21.15.50:0/2592968845 >> 172.21.15.50:0/2592968845 conn(0x7fc464102a40 msgr2=0x7fc464104e60 unknown :-1 s=STATE_NONE l=0).mark_down
2024-04-23T18:09:10.345 INFO:teuthology.orchestra.run.smithi050.stdout:/usr/bin/ceph: stderr
2024-04-23T18:09:09.576+0000 7fc46912d700 1 -- 172.21.15.50:0/2592968845 shutdown_connections
2024-04-23T18:09:10.345 INFO:teuthology.orchestra.run.smithi050.stdout:/usr/bin/ceph: stderr
2024-04-23T18:09:09.576+0000 7fc46912d700 1 -- 172.21.15.50:0/2592968845 wait complete.
2024-04-23T18:09:10.345 INFO:teuthology.orchestra.run.smithi050.stdout:/usr/bin/ceph: stderr
2024-04-23T18:09:09.577+0000 7fc46912d700 1 Processor -- start
2024-04-23T18:09:10.345 INFO:teuthology.orchestra.run.smithi050.stdout:/usr/bin/ceph: stderr
2024-04-23T18:09:09.577+0000 7fc46912d700 1 -- start start
2024-04-23T18:09:10.345 INFO:teuthology.orchestra.run.smithi050.stdout:/usr/bin/ceph: stderr
2024-04-23T18:09:09.577+0000 7fc46912d700 1 --2- >> [v2:172.21.15.50:3300/0,v1:172.21.15.50:6789/0] conn(0x7fc464107440 0x7fc46419c520 unknown :-1 s=NONE pgs=0 cs=0 l=1 rev1=0 crypto rx=0 tx=0 comp rx=0 tx=0).connect
2024-04-23T18:09:10.345 INFO:teuthology.orchestra.run.smithi050.stdout:/usr/bin/ceph: stderr
2024-04-23T18:09:09.577+0000 7fc46912d700 1 -- --> [v2:172.21.15.50:3300/0,v1:172.21.15.50:6789/0] -- mon_getmap magic: 0 -- 0x7fc46410b9f0 con 0x7fc464107440
2024-04-23T18:09:10.345 INFO:teuthology.orchestra.run.smithi050.stdout:/usr/bin/ceph: stderr
2024-04-23T18:09:09.578+0000 7fc462d9d700 1 --2- >> [v2:172.21.15.50:3300/0,v1:172.21.15.50:6789/0] conn(0x7fc464107440 0x7fc46419c520 unknown :-1 s=BANNER_CONNECTING pgs=0 cs=0 l=1 rev1=0 crypto rx=0 tx=0 comp rx=0 tx=0)._handle_peer_banner_payload supported=3 required=0
2024-04-23T18:09:10.345 INFO:teuthology.orchestra.run.smithi050.stdout:/usr/bin/ceph: stderr
2024-04-23T18:09:09.578+0000 7fc462d9d700 1 --2- >> [v2:172.21.15.50:3300/0,v1:172.21.15.50:6789/0] conn(0x7fc464107440 0x7fc46419c520 unknown :-1 s=HELLO_CONNECTING pgs=0 cs=0 l=1 rev1=1 crypto rx=0 tx=0 comp rx=0 tx=0).handle_hello peer v2:172.21.15.50:3300/0 says I am v2:172.21.15.50:45566/0 (socket says 172.21.15.50:45566)
2024-04-23T18:09:10.345 INFO:teuthology.orchestra.run.smithi050.stdout:/usr/bin/ceph: stderr
2024-04-23T18:09:09.578+0000 7fc462d9d700 1 -- 172.21.15.50:0/1096332790 learned_addr learned my addr 172.21.15.50:0/1096332790 (peer_addr_for_me v2:172.21.15.50:0/0)
2024-04-23T18:09:10.345 INFO:teuthology.orchestra.run.smithi050.stdout:/usr/bin/ceph: stderr
2024-04-23T18:09:09.578+0000 7fc462d9d700 1 -- 172.21.15.50:0/1096332790 --> [v2:172.21.15.50:3300/0,v1:172.21.15.50:6789/0] -- mon_subscribe({config=0+,monmap=0+}) -- 0x7fc46419ca60 con 0x7fc464107440
2024-04-23T18:09:10.345 INFO:teuthology.orchestra.run.smithi050.stdout:/usr/bin/ceph: stderr
2024-04-23T18:09:09.578+0000 7fc462d9d700 1 --2- 172.21.15.50:0/1096332790 >> [v2:172.21.15.50:3300/0,v1:172.21.15.50:6789/0] conn(0x7fc464107440 0x7fc46419c520 secure :-1 s=READY pgs=38 cs=0 l=1 rev1=1 crypto rx=0x7fc454004a60 tx=0x7fc45400bd50 comp rx=0 tx=0).ready entity=mon.0 client_cookie=0 server_cookie=0 in_seq=0 out_seq=0
2024-04-23T18:09:10.345 INFO:teuthology.orchestra.run.smithi050.stdout:/usr/bin/ceph: stderr
2024-04-23T18:09:09.578+0000 7fc45bfff700 1 -- 172.21.15.50:0/1096332790 <== mon.0 v2:172.21.15.50:3300/0 1 ==== mon_map magic: 0 ==== 205+0+0 (secure 0 0 0) 0x7fc454020020 con 0x7fc464107440
2024-04-23T18:09:10.345 INFO:teuthology.orchestra.run.smithi050.stdout:/usr/bin/ceph: stderr
2024-04-23T18:09:09.578+0000 7fc45bfff700 1 -- 172.21.15.50:0/1096332790 <== mon.0 v2:172.21.15.50:3300/0 2 ==== config(26 keys) ==== 1070+0+0 (secure 0 0 0) 0x7fc454012430 con 0x7fc464107440
2024-04-23T18:09:10.345 INFO:teuthology.orchestra.run.smithi050.stdout:/usr/bin/ceph: stderr
2024-04-23T18:09:09.578+0000 7fc46912d700 1 -- 172.21.15.50:0/1096332790 --> [v2:172.21.15.50:3300/0,v1:172.21.15.50:6789/0] -- mon_subscribe({mgrmap=0+}) -- 0x7fc46419ccf0 con 0x7fc464107440
2024-04-23T18:09:10.345 INFO:teuthology.orchestra.run.smithi050.stdout:/usr/bin/ceph: stderr
2024-04-23T18:09:09.578+0000 7fc45bfff700 1 -- 172.21.15.50:0/1096332790 <== mon.0 v2:172.21.15.50:3300/0 3 ==== mon_map magic: 0 ==== 205+0+0 (secure 0 0 0) 0x7fc454017040 con 0x7fc464107440
2024-04-23T18:09:10.345 INFO:teuthology.orchestra.run.smithi050.stdout:/usr/bin/ceph: stderr
2024-04-23T18:09:09.578+0000 7fc46912d700 1 -- 172.21.15.50:0/1096332790 --> [v2:172.21.15.50:3300/0,v1:172.21.15.50:6789/0] -- mon_subscribe({osdmap=0}) -- 0x7fc46419f990 con 0x7fc464107440
2024-04-23T18:09:10.346 INFO:teuthology.orchestra.run.smithi050.stdout:/usr/bin/ceph: stderr
2024-04-23T18:09:09.579+0000 7fc45bfff700 1 -- 172.21.15.50:0/1096332790 <== mon.0 v2:172.21.15.50:3300/0 4 ==== mgrmap(e 7) ==== 46452+0+0 (secure 0 0 0) 0x7fc454023020 con 0x7fc464107440
2024-04-23T18:09:10.346 INFO:teuthology.orchestra.run.smithi050.stdout:/usr/bin/ceph: stderr
2024-04-23T18:09:09.579+0000 7fc45bfff700 1 --2- 172.21.15.50:0/1096332790 >> [v2:172.21.15.50:6800/103327972,v1:172.21.15.50:6801/103327972] conn(0x7fc450039490 0x7fc45003b950 unknown :-1 s=NONE pgs=0 cs=0 l=1 rev1=0 crypto rx=0 tx=0 comp rx=0 tx=0).connect
2024-04-23T18:09:10.346 INFO:teuthology.orchestra.run.smithi050.stdout:/usr/bin/ceph: stderr
2024-04-23T18:09:09.579+0000 7fc45bfff700 1 -- 172.21.15.50:0/1096332790 <== mon.0 v2:172.21.15.50:3300/0 5 ==== osd_map(2..2 src has 1..2) ==== 940+0+0 (secure 0 0 0) 0x7fc45400f050 con 0x7fc464107440
2024-04-23T18:09:10.346 INFO:teuthology.orchestra.run.smithi050.stdout:/usr/bin/ceph: stderr
2024-04-23T18:09:09.579+0000 7fc46912d700 1 -- 172.21.15.50:0/1096332790 --> [v2:172.21.15.50:3300/0,v1:172.21.15.50:6789/0] -- mon_command({"prefix": "get_command_descriptions"} v 0) -- 0x7fc4640640a0 con 0x7fc464107440
2024-04-23T18:09:10.346 INFO:teuthology.orchestra.run.smithi050.stdout:/usr/bin/ceph: stderr
2024-04-23T18:09:09.579+0000 7fc46259c700 1 --2- 172.21.15.50:0/1096332790 >> [v2:172.21.15.50:6800/103327972,v1:172.21.15.50:6801/103327972] conn(0x7fc450039490 0x7fc45003b950 unknown :-1 s=BANNER_CONNECTING pgs=0 cs=0 l=1 rev1=0 crypto rx=0 tx=0 comp rx=0 tx=0)._handle_peer_banner_payload supported=3 required=0
2024-04-23T18:09:10.346 INFO:teuthology.orchestra.run.smithi050.stdout:/usr/bin/ceph: stderr
2024-04-23T18:09:09.580+0000 7fc46259c700 1 --2- 172.21.15.50:0/1096332790 >> [v2:172.21.15.50:6800/103327972,v1:172.21.15.50:6801/103327972] conn(0x7fc450039490 0x7fc45003b950 secure :-1 s=READY pgs=7 cs=0 l=1 rev1=1 crypto rx=0x7fc44c006fd0 tx=0x7fc44c006e40 comp rx=0 tx=0).ready entity=mgr.14120 client_cookie=0 server_cookie=0 in_seq=0 out_seq=0
2024-04-23T18:09:10.346 INFO:teuthology.orchestra.run.smithi050.stdout:/usr/bin/ceph: stderr
2024-04-23T18:09:09.585+0000 7fc45bfff700 1 -- 172.21.15.50:0/1096332790 <== mon.0 v2:172.21.15.50:3300/0 6 ==== mon_command_ack([{"prefix": "get_command_descriptions"}]=0 v0) ==== 72+0+188370 (secure 0 0 0) 0x7fc45402a020 con 0x7fc464107440
2024-04-23T18:09:10.346 INFO:teuthology.orchestra.run.smithi050.stdout:/usr/bin/ceph: stderr
2024-04-23T18:09:09.603+0000 7fc45bfff700 1 -- 172.21.15.50:0/1096332790 <== mon.0 v2:172.21.15.50:3300/0 7 ==== mgrmap(e 8) ==== 46558+0+0 (secure 0 0 0) 0x7fc4540125e0 con 0x7fc464107440
2024-04-23T18:09:10.346 INFO:teuthology.orchestra.run.smithi050.stdout:/usr/bin/ceph: stderr
2024-04-23T18:09:09.812+0000 7fc46912d700 1 -- 172.21.15.50:0/1096332790 --> [v2:172.21.15.50:6800/103327972,v1:172.21.15.50:6801/103327972] -- mgr_command(tid 0: {"prefix": "orch set backend", "module_name": "cephadm", "target": ["mon-mgr", ""]}) -- 0x7fc46402e320 con 0x7fc450039490
2024-04-23T18:09:10.346 INFO:teuthology.orchestra.run.smithi050.stdout:/usr/bin/ceph: stderr
2024-04-23T18:09:09.817+0000 7fc45bfff700 1 -- 172.21.15.50:0/1096332790 <== mgr.14120 v2:172.21.15.50:6800/103327972 1 ==== mgr_command_reply(tid 0: 0 ) ==== 8+0+0 (secure 0 0 0) 0x7fc46402e320 con 0x7fc450039490
2024-04-23T18:09:10.346 INFO:teuthology.orchestra.run.smithi050.stdout:/usr/bin/ceph: stderr
2024-04-23T18:09:09.819+0000 7fc46912d700 1 -- 172.21.15.50:0/1096332790 >> [v2:172.21.15.50:6800/103327972,v1:172.21.15.50:6801/103327972] conn(0x7fc450039490 msgr2=0x7fc45003b950 secure :-1 s=STATE_CONNECTION_ESTABLISHED l=1).mark_down
2024-04-23T18:09:10.347 INFO:teuthology.orchestra.run.smithi050.stdout:/usr/bin/ceph: stderr
2024-04-23T18:09:09.819+0000 7fc46912d700 1 --2- 172.21.15.50:0/1096332790 >> [v2:172.21.15.50:6800/103327972,v1:172.21.15.50:6801/103327972] conn(0x7fc450039490 0x7fc45003b950 secure :-1 s=READY pgs=7 cs=0 l=1 rev1=1 crypto rx=0x7fc44c006fd0 tx=0x7fc44c006e40 comp rx=0 tx=0).stop
2024-04-23T18:09:10.347 INFO:teuthology.orchestra.run.smithi050.stdout:/usr/bin/ceph: stderr
2024-04-23T18:09:09.819+0000 7fc46912d700 1 -- 172.21.15.50:0/1096332790 >> [v2:172.21.15.50:3300/0,v1:172.21.15.50:6789/0] conn(0x7fc464107440 msgr2=0x7fc46419c520 secure :-1 s=STATE_CONNECTION_ESTABLISHED l=1).mark_down
2024-04-23T18:09:10.347 INFO:teuthology.orchestra.run.smithi050.stdout:/usr/bin/ceph: stderr
2024-04-23T18:09:09.819+0000 7fc46912d700 1 --2- 172.21.15.50:0/1096332790 >> [v2:172.21.15.50:3300/0,v1:172.21.15.50:6789/0] conn(0x7fc464107440 0x7fc46419c520 secure :-1 s=READY pgs=38 cs=0 l=1 rev1=1 crypto rx=0x7fc454004a60 tx=0x7fc45400bd50 comp rx=0 tx=0).stop
2024-04-23T18:09:10.347 INFO:teuthology.orchestra.run.smithi050.stdout:/usr/bin/ceph: stderr
2024-04-23T18:09:09.819+0000 7fc46912d700 1 -- 172.21.15.50:0/1096332790 shutdown_connections
2024-04-23T18:09:10.347 INFO:teuthology.orchestra.run.smithi050.stdout:/usr/bin/ceph: stderr
2024-04-23T18:09:09.819+0000 7fc46912d700 1 --2- 172.21.15.50:0/1096332790 >> [v2:172.21.15.50:6800/103327972,v1:172.21.15.50:6801/103327972] conn(0x7fc450039490 0x7fc45003b950 unknown :-1 s=CLOSED pgs=7 cs=0 l=1 rev1=1 crypto rx=0 tx=0 comp rx=0 tx=0).stop
2024-04-23T18:09:10.347 INFO:teuthology.orchestra.run.smithi050.stdout:/usr/bin/ceph: stderr
2024-04-23T18:09:09.819+0000 7fc46912d700 1 --2- 172.21.15.50:0/1096332790 >> [v2:172.21.15.50:3300/0,v1:172.21.15.50:6789/0] conn(0x7fc464107440 0x7fc46419c520 unknown :-1 s=CLOSED pgs=38 cs=0 l=1 rev1=1 crypto rx=0 tx=0 comp rx=0 tx=0).stop
2024-04-23T18:09:10.347 INFO:teuthology.orchestra.run.smithi050.stdout:/usr/bin/ceph: stderr
2024-04-23T18:09:09.819+0000 7fc46912d700 1 -- 172.21.15.50:0/1096332790 >> 172.21.15.50:0/1096332790 conn(0x7fc464102a40 msgr2=0x7fc4641038e0 unknown :-1 s=STATE_NONE l=0).mark_down
2024-04-23T18:09:10.347 INFO:teuthology.orchestra.run.smithi050.stdout:/usr/bin/ceph: stderr
2024-04-23T18:09:09.819+0000 7fc46912d700 1 -- 172.21.15.50:0/1096332790 shutdown_connections
2024-04-23T18:09:10.347 INFO:teuthology.orchestra.run.smithi050.stdout:/usr/bin/ceph: stderr
2024-04-23T18:09:09.819+0000 7fc46912d700 1 -- 172.21.15.50:0/1096332790 wait complete.
2024-04-23T18:09:10.695 INFO:journalctl@ceph.mon.a.smithi050.stdout:Apr 23 18:09:10 smithi050 ceph-mon[29187]: [23/Apr/2024:18:09:09] ENGINE Bus STARTING
2024-04-23T18:09:10.696 INFO:journalctl@ceph.mon.a.smithi050.stdout:Apr 23 18:09:10 smithi050 ceph-mon[29187]: mgrmap e8: x(active, since 2s)
2024-04-23T18:09:10.696 INFO:journalctl@ceph.mon.a.smithi050.stdout:Apr 23 18:09:10 smithi050 ceph-mon[29187]: [23/Apr/2024:18:09:09] ENGINE Serving on https://172.21.15.50:7150
2024-04-23T18:09:10.696 INFO:journalctl@ceph.mon.a.smithi050.stdout:Apr 23 18:09:10 smithi050 ceph-mon[29187]: [23/Apr/2024:18:09:09] ENGINE Serving on http://172.21.15.50:8765
2024-04-23T18:09:10.696 INFO:journalctl@ceph.mon.a.smithi050.stdout:Apr 23 18:09:10 smithi050 ceph-mon[29187]: [23/Apr/2024:18:09:09] ENGINE Bus STARTED
2024-04-23T18:09:10.696 INFO:journalctl@ceph.mon.a.smithi050.stdout:Apr 23 18:09:10 smithi050 ceph-mon[29187]: from='mgr.14120 172.21.15.50:0/3052049018' entity='mgr.x' cmd=[{"prefix": "config dump", "format": "json"}]: dispatch
2024-04-23T18:09:10.696 INFO:journalctl@ceph.mon.a.smithi050.stdout:Apr 23 18:09:10 smithi050 ceph-mon[29187]: from='client.14132 -' entity='client.admin' cmd=[{"prefix": "orch set backend", "module_name": "cephadm", "target": ["mon-mgr", ""]}]: dispatch
2024-04-23T18:09:10.696 INFO:journalctl@ceph.mon.a.smithi050.stdout:Apr 23 18:09:10 smithi050 ceph-mon[29187]: from='mgr.14120 172.21.15.50:0/3052049018' entity='mgr.x'
2024-04-23T18:09:10.696 INFO:journalctl@ceph.mon.a.smithi050.stdout:Apr 23 18:09:10 smithi050 ceph-mon[29187]: from='mgr.14120 172.21.15.50:0/3052049018' entity='mgr.x' cmd=[{"prefix": "config dump", "format": "json"}]: dispatch
2024-04-23T18:09:11.525 INFO:teuthology.orchestra.run.smithi050.stdout:/usr/bin/ceph: stdout value unchanged
2024-04-23T18:09:11.525 INFO:teuthology.orchestra.run.smithi050.stdout:/usr/bin/ceph: stderr
2024-04-23T18:09:10.756+0000 7f3195d0e700 1 Processor -- start
2024-04-23T18:09:11.525 INFO:teuthology.orchestra.run.smithi050.stdout:/usr/bin/ceph: stderr
2024-04-23T18:09:10.756+0000 7f3195d0e700 1 -- start start
2024-04-23T18:09:11.525 INFO:teuthology.orchestra.run.smithi050.stdout:/usr/bin/ceph: stderr
2024-04-23T18:09:10.756+0000 7f3195d0e700 1 --2- >> [v2:172.21.15.50:3300/0,v1:172.21.15.50:6789/0] conn(0x7f3190107440 0x7f3190107860 unknown :-1 s=NONE pgs=0 cs=0 l=0 rev1=0 crypto rx=0 tx=0 comp rx=0 tx=0).connect
2024-04-23T18:09:11.525 INFO:teuthology.orchestra.run.smithi050.stdout:/usr/bin/ceph: stderr
2024-04-23T18:09:10.756+0000 7f3195d0e700 1 -- --> [v2:172.21.15.50:3300/0,v1:172.21.15.50:6789/0] -- mon_getmap magic: 0 -- 0x7f3190107e30 con 0x7f3190107440
2024-04-23T18:09:11.525 INFO:teuthology.orchestra.run.smithi050.stdout:/usr/bin/ceph: stderr
2024-04-23T18:09:10.756+0000 7f318f7fe700 1 --2- >> [v2:172.21.15.50:3300/0,v1:172.21.15.50:6789/0] conn(0x7f3190107440 0x7f3190107860 unknown :-1 s=BANNER_CONNECTING pgs=0 cs=0 l=0 rev1=0 crypto rx=0 tx=0 comp rx=0 tx=0)._handle_peer_banner_payload supported=3 required=0
2024-04-23T18:09:11.525 INFO:teuthology.orchestra.run.smithi050.stdout:/usr/bin/ceph: stderr
2024-04-23T18:09:10.756+0000 7f318f7fe700 1 --2- >> [v2:172.21.15.50:3300/0,v1:172.21.15.50:6789/0] conn(0x7f3190107440 0x7f3190107860 unknown :-1 s=HELLO_CONNECTING pgs=0 cs=0 l=0 rev1=1 crypto rx=0 tx=0 comp rx=0 tx=0).handle_hello peer v2:172.21.15.50:3300/0 says I am v2:172.21.15.50:45572/0 (socket says 172.21.15.50:45572)
2024-04-23T18:09:11.525 INFO:teuthology.orchestra.run.smithi050.stdout:/usr/bin/ceph: stderr
2024-04-23T18:09:10.756+0000 7f318f7fe700 1 -- 172.21.15.50:0/2687165634 learned_addr learned my addr 172.21.15.50:0/2687165634 (peer_addr_for_me v2:172.21.15.50:0/0)
2024-04-23T18:09:11.526 INFO:teuthology.orchestra.run.smithi050.stdout:/usr/bin/ceph: stderr
2024-04-23T18:09:10.757+0000 7f318f7fe700 1 -- 172.21.15.50:0/2687165634 --> [v2:172.21.15.50:3300/0,v1:172.21.15.50:6789/0] -- mon_subscribe({config=0+,monmap=0+}) -- 0x7f3190108640 con 0x7f3190107440
2024-04-23T18:09:11.526 INFO:teuthology.orchestra.run.smithi050.stdout:/usr/bin/ceph: stderr
2024-04-23T18:09:10.757+0000 7f318f7fe700 1 --2- 172.21.15.50:0/2687165634 >> [v2:172.21.15.50:3300/0,v1:172.21.15.50:6789/0] conn(0x7f3190107440 0x7f3190107860 secure :-1 s=READY pgs=39 cs=0 l=1 rev1=1 crypto rx=0x7f318000bb40 tx=0x7f318000be50 comp rx=0 tx=0).ready entity=mon.0 client_cookie=a681944df05b8088 server_cookie=0 in_seq=0 out_seq=0
2024-04-23T18:09:11.526 INFO:teuthology.orchestra.run.smithi050.stdout:/usr/bin/ceph: stderr
2024-04-23T18:09:10.757+0000 7f318e7fc700 1 -- 172.21.15.50:0/2687165634 <== mon.0 v2:172.21.15.50:3300/0 1 ==== mon_map magic: 0 ==== 205+0+0 (secure 0 0 0) 0x7f318000dbe0 con 0x7f3190107440
2024-04-23T18:09:11.526 INFO:teuthology.orchestra.run.smithi050.stdout:/usr/bin/ceph: stderr
2024-04-23T18:09:10.757+0000 7f318e7fc700 1 -- 172.21.15.50:0/2687165634 <== mon.0 v2:172.21.15.50:3300/0 2 ==== config(26 keys) ==== 1070+0+0 (secure 0 0 0) 0x7f31800044c0 con 0x7f3190107440
2024-04-23T18:09:11.526 INFO:teuthology.orchestra.run.smithi050.stdout:/usr/bin/ceph: stderr
2024-04-23T18:09:10.757+0000 7f318e7fc700 1 -- 172.21.15.50:0/2687165634 <== mon.0 v2:172.21.15.50:3300/0 3 ==== mon_map magic: 0 ==== 205+0+0 (secure 0 0 0) 0x7f3180010470 con 0x7f3190107440
2024-04-23T18:09:11.526 INFO:teuthology.orchestra.run.smithi050.stdout:/usr/bin/ceph: stderr
2024-04-23T18:09:10.757+0000 7f3195d0e700 1 -- 172.21.15.50:0/2687165634 >> [v2:172.21.15.50:3300/0,v1:172.21.15.50:6789/0] conn(0x7f3190107440 msgr2=0x7f3190107860 secure :-1 s=STATE_CONNECTION_ESTABLISHED l=1).mark_down
2024-04-23T18:09:11.526 INFO:teuthology.orchestra.run.smithi050.stdout:/usr/bin/ceph: stderr
2024-04-23T18:09:10.758+0000 7f3195d0e700 1 --2- 172.21.15.50:0/2687165634 >> [v2:172.21.15.50:3300/0,v1:172.21.15.50:6789/0] conn(0x7f3190107440 0x7f3190107860 secure :-1 s=READY pgs=39 cs=0 l=1 rev1=1 crypto rx=0x7f318000bb40 tx=0x7f318000be50 comp rx=0 tx=0).stop
2024-04-23T18:09:11.526 INFO:teuthology.orchestra.run.smithi050.stdout:/usr/bin/ceph: stderr
2024-04-23T18:09:10.758+0000 7f3195d0e700 1 -- 172.21.15.50:0/2687165634 shutdown_connections
2024-04-23T18:09:11.526 INFO:teuthology.orchestra.run.smithi050.stdout:/usr/bin/ceph: stderr
2024-04-23T18:09:10.758+0000 7f3195d0e700 1 --2- 172.21.15.50:0/2687165634 >> [v2:172.21.15.50:3300/0,v1:172.21.15.50:6789/0] conn(0x7f3190107440 0x7f3190107860 unknown :-1 s=CLOSED pgs=39 cs=0 l=1 rev1=1 crypto rx=0 tx=0 comp rx=0 tx=0).stop
2024-04-23T18:09:11.526 INFO:teuthology.orchestra.run.smithi050.stdout:/usr/bin/ceph: stderr
2024-04-23T18:09:10.758+0000 7f3195d0e700 1 -- 172.21.15.50:0/2687165634 >> 172.21.15.50:0/2687165634 conn(0x7f3190102a40 msgr2=0x7f3190104e60 unknown :-1 s=STATE_NONE l=0).mark_down
2024-04-23T18:09:11.526 INFO:teuthology.orchestra.run.smithi050.stdout:/usr/bin/ceph: stderr
2024-04-23T18:09:10.758+0000 7f3195d0e700 1 -- 172.21.15.50:0/2687165634 shutdown_connections
2024-04-23T18:09:11.526 INFO:teuthology.orchestra.run.smithi050.stdout:/usr/bin/ceph: stderr
2024-04-23T18:09:10.758+0000 7f3195d0e700 1 -- 172.21.15.50:0/2687165634 wait complete.
2024-04-23T18:09:11.526 INFO:teuthology.orchestra.run.smithi050.stdout:/usr/bin/ceph: stderr
2024-04-23T18:09:10.758+0000 7f3195d0e700 1 Processor -- start
2024-04-23T18:09:11.527 INFO:teuthology.orchestra.run.smithi050.stdout:/usr/bin/ceph: stderr
2024-04-23T18:09:10.758+0000 7f3195d0e700 1 -- start start
2024-04-23T18:09:11.527 INFO:teuthology.orchestra.run.smithi050.stdout:/usr/bin/ceph: stderr
2024-04-23T18:09:10.759+0000 7f3195d0e700 1 --2- >> [v2:172.21.15.50:3300/0,v1:172.21.15.50:6789/0] conn(0x7f3190107440 0x7f319019e6b0 unknown :-1 s=NONE pgs=0 cs=0 l=1 rev1=0 crypto rx=0 tx=0 comp rx=0 tx=0).connect
2024-04-23T18:09:11.527 INFO:teuthology.orchestra.run.smithi050.stdout:/usr/bin/ceph: stderr
2024-04-23T18:09:10.759+0000 7f3195d0e700 1 -- --> [v2:172.21.15.50:3300/0,v1:172.21.15.50:6789/0] -- mon_getmap magic: 0 -- 0x7f319007afe0 con 0x7f3190107440
2024-04-23T18:09:11.527 INFO:teuthology.orchestra.run.smithi050.stdout:/usr/bin/ceph: stderr
2024-04-23T18:09:10.759+0000 7f318f7fe700 1 --2- >> [v2:172.21.15.50:3300/0,v1:172.21.15.50:6789/0] conn(0x7f3190107440 0x7f319019e6b0 unknown :-1 s=BANNER_CONNECTING pgs=0 cs=0 l=1 rev1=0 crypto rx=0 tx=0 comp rx=0 tx=0)._handle_peer_banner_payload supported=3 required=0
2024-04-23T18:09:11.527 INFO:teuthology.orchestra.run.smithi050.stdout:/usr/bin/ceph: stderr
2024-04-23T18:09:10.759+0000 7f318f7fe700 1 --2- >> [v2:172.21.15.50:3300/0,v1:172.21.15.50:6789/0] conn(0x7f3190107440 0x7f319019e6b0 unknown :-1 s=HELLO_CONNECTING pgs=0 cs=0 l=1 rev1=1 crypto rx=0 tx=0 comp rx=0 tx=0).handle_hello peer v2:172.21.15.50:3300/0 says I am v2:172.21.15.50:45576/0 (socket says 172.21.15.50:45576)
2024-04-23T18:09:11.527 INFO:teuthology.orchestra.run.smithi050.stdout:/usr/bin/ceph: stderr
2024-04-23T18:09:10.759+0000 7f318f7fe700 1 -- 172.21.15.50:0/817661877 learned_addr learned my addr 172.21.15.50:0/817661877 (peer_addr_for_me v2:172.21.15.50:0/0)
2024-04-23T18:09:11.527 INFO:teuthology.orchestra.run.smithi050.stdout:/usr/bin/ceph: stderr
2024-04-23T18:09:10.759+0000 7f318f7fe700 1 -- 172.21.15.50:0/817661877 --> [v2:172.21.15.50:3300/0,v1:172.21.15.50:6789/0] -- mon_subscribe({config=0+,monmap=0+}) -- 0x7f319019ebf0 con 0x7f3190107440
2024-04-23T18:09:11.527 INFO:teuthology.orchestra.run.smithi050.stdout:/usr/bin/ceph: stderr
2024-04-23T18:09:10.759+0000 7f318f7fe700 1 --2- 172.21.15.50:0/817661877 >> [v2:172.21.15.50:3300/0,v1:172.21.15.50:6789/0] conn(0x7f3190107440 0x7f319019e6b0 secure :-1 s=READY pgs=40 cs=0 l=1 rev1=1 crypto rx=0x7f318000d650 tx=0x7f3180003ff0 comp rx=0 tx=0).ready entity=mon.0 client_cookie=0 server_cookie=0 in_seq=0 out_seq=0
2024-04-23T18:09:11.527 INFO:teuthology.orchestra.run.smithi050.stdout:/usr/bin/ceph: stderr
2024-04-23T18:09:10.759+0000 7f318cff9700 1 -- 172.21.15.50:0/817661877 <== mon.0 v2:172.21.15.50:3300/0 1 ==== mon_map magic: 0 ==== 205+0+0 (secure 0 0 0) 0x7f3180010770 con 0x7f3190107440
2024-04-23T18:09:11.527 INFO:teuthology.orchestra.run.smithi050.stdout:/usr/bin/ceph: stderr
2024-04-23T18:09:10.759+0000 7f318cff9700 1 -- 172.21.15.50:0/817661877 <== mon.0 v2:172.21.15.50:3300/0 2 ==== config(26 keys) ==== 1070+0+0 (secure 0 0 0) 0x7f318001d070 con 0x7f3190107440
2024-04-23T18:09:11.527 INFO:teuthology.orchestra.run.smithi050.stdout:/usr/bin/ceph: stderr
2024-04-23T18:09:10.759+0000 7f3195d0e700 1 -- 172.21.15.50:0/817661877 --> [v2:172.21.15.50:3300/0,v1:172.21.15.50:6789/0] -- mon_subscribe({mgrmap=0+}) -- 0x7f319019ee80 con 0x7f3190107440
2024-04-23T18:09:11.527 INFO:teuthology.orchestra.run.smithi050.stdout:/usr/bin/ceph: stderr
2024-04-23T18:09:10.759+0000 7f318cff9700 1 -- 172.21.15.50:0/817661877 <== mon.0 v2:172.21.15.50:3300/0 3 ==== mon_map magic: 0 ==== 205+0+0 (secure 0 0 0) 0x7f3180019c10 con 0x7f3190107440
2024-04-23T18:09:11.527 INFO:teuthology.orchestra.run.smithi050.stdout:/usr/bin/ceph: stderr
2024-04-23T18:09:10.759+0000 7f3195d0e700 1 -- 172.21.15.50:0/817661877 --> [v2:172.21.15.50:3300/0,v1:172.21.15.50:6789/0] -- mon_subscribe({osdmap=0}) -- 0x7f31901a1b20 con 0x7f3190107440
2024-04-23T18:09:11.528 INFO:teuthology.orchestra.run.smithi050.stdout:/usr/bin/ceph: stderr
2024-04-23T18:09:10.760+0000 7f318cff9700 1 -- 172.21.15.50:0/817661877 <== mon.0 v2:172.21.15.50:3300/0 4 ==== mgrmap(e 8) ==== 46558+0+0 (secure 0 0 0) 0x7f3180028060 con 0x7f3190107440
2024-04-23T18:09:11.528 INFO:teuthology.orchestra.run.smithi050.stdout:/usr/bin/ceph: stderr
2024-04-23T18:09:10.760+0000 7f3195d0e700 1 -- 172.21.15.50:0/817661877 --> [v2:172.21.15.50:3300/0,v1:172.21.15.50:6789/0] -- mon_command({"prefix": "get_command_descriptions"} v 0) -- 0x7f3190069ba0 con 0x7f3190107440
2024-04-23T18:09:11.528 INFO:teuthology.orchestra.run.smithi050.stdout:/usr/bin/ceph: stderr
2024-04-23T18:09:10.760+0000 7f318cff9700 1 --2- 172.21.15.50:0/817661877 >> [v2:172.21.15.50:6800/103327972,v1:172.21.15.50:6801/103327972] conn(0x7f31780395b0 0x7f317803ba70 unknown :-1 s=NONE pgs=0 cs=0 l=1 rev1=0 crypto rx=0 tx=0 comp rx=0 tx=0).connect
2024-04-23T18:09:11.528 INFO:teuthology.orchestra.run.smithi050.stdout:/usr/bin/ceph: stderr
2024-04-23T18:09:10.761+0000 7f318effd700 1 --2- 172.21.15.50:0/817661877 >> [v2:172.21.15.50:6800/103327972,v1:172.21.15.50:6801/103327972] conn(0x7f31780395b0 0x7f317803ba70 unknown :-1 s=BANNER_CONNECTING pgs=0 cs=0 l=1 rev1=0 crypto rx=0 tx=0 comp rx=0 tx=0)._handle_peer_banner_payload supported=3 required=0
2024-04-23T18:09:11.528 INFO:teuthology.orchestra.run.smithi050.stdout:/usr/bin/ceph: stderr
2024-04-23T18:09:10.761+0000 7f318cff9700 1 -- 172.21.15.50:0/817661877 <== mon.0 v2:172.21.15.50:3300/0 5 ==== osd_map(2..2 src has 1..2) ==== 940+0+0 (secure 0 0 0) 0x7f318004db50 con 0x7f3190107440
2024-04-23T18:09:11.528 INFO:teuthology.orchestra.run.smithi050.stdout:/usr/bin/ceph: stderr
2024-04-23T18:09:10.761+0000 7f318effd700 1 --2- 172.21.15.50:0/817661877 >> [v2:172.21.15.50:6800/103327972,v1:172.21.15.50:6801/103327972] conn(0x7f31780395b0 0x7f317803ba70 secure :-1 s=READY pgs=8 cs=0 l=1 rev1=1 crypto rx=0x7f3184006fd0 tx=0x7f3184006e40 comp rx=0 tx=0).ready entity=mgr.14120 client_cookie=0 server_cookie=0 in_seq=0 out_seq=0
2024-04-23T18:09:11.528 INFO:teuthology.orchestra.run.smithi050.stdout:/usr/bin/ceph: stderr
2024-04-23T18:09:10.766+0000 7f318cff9700 1 -- 172.21.15.50:0/817661877 <== mon.0 v2:172.21.15.50:3300/0 6 ==== mon_command_ack([{"prefix": "get_command_descriptions"}]=0 v0) ==== 72+0+188370 (secure 0 0 0) 0x7f3180015070 con 0x7f3190107440
2024-04-23T18:09:11.528 INFO:teuthology.orchestra.run.smithi050.stdout:/usr/bin/ceph: stderr
2024-04-23T18:09:10.975+0000 7f3195d0e700 1 -- 172.21.15.50:0/817661877 --> [v2:172.21.15.50:6800/103327972,v1:172.21.15.50:6801/103327972] -- mgr_command(tid 0: {"prefix": "cephadm set-user", "user": "root", "target": ["mon-mgr", ""]}) -- 0x7f3190075460 con 0x7f31780395b0
2024-04-23T18:09:11.528 INFO:teuthology.orchestra.run.smithi050.stdout:/usr/bin/ceph: stderr
2024-04-23T18:09:10.975+0000 7f318cff9700 1 -- 172.21.15.50:0/817661877 <== mgr.14120 v2:172.21.15.50:6800/103327972 1 ==== mgr_command_reply(tid 0: 0 ) ==== 8+0+16 (secure 0 0 0) 0x7f3190075460 con 0x7f31780395b0
2024-04-23T18:09:11.528 INFO:teuthology.orchestra.run.smithi050.stdout:/usr/bin/ceph: stderr
2024-04-23T18:09:10.977+0000 7f3195d0e700 1 -- 172.21.15.50:0/817661877 >> [v2:172.21.15.50:6800/103327972,v1:172.21.15.50:6801/103327972] conn(0x7f31780395b0 msgr2=0x7f317803ba70 secure :-1 s=STATE_CONNECTION_ESTABLISHED l=1).mark_down
2024-04-23T18:09:11.528 INFO:teuthology.orchestra.run.smithi050.stdout:/usr/bin/ceph: stderr
2024-04-23T18:09:10.977+0000 7f3195d0e700 1 --2- 172.21.15.50:0/817661877 >> [v2:172.21.15.50:6800/103327972,v1:172.21.15.50:6801/103327972] conn(0x7f31780395b0 0x7f317803ba70 secure :-1 s=READY pgs=8 cs=0 l=1 rev1=1 crypto rx=0x7f3184006fd0 tx=0x7f3184006e40 comp rx=0 tx=0).stop
2024-04-23T18:09:11.528 INFO:teuthology.orchestra.run.smithi050.stdout:/usr/bin/ceph: stderr
2024-04-23T18:09:10.977+0000 7f3195d0e700 1 -- 172.21.15.50:0/817661877 >> [v2:172.21.15.50:3300/0,v1:172.21.15.50:6789/0] conn(0x7f3190107440 msgr2=0x7f319019e6b0 secure :-1 s=STATE_CONNECTION_ESTABLISHED l=1).mark_down
2024-04-23T18:09:11.528 INFO:teuthology.orchestra.run.smithi050.stdout:/usr/bin/ceph: stderr
2024-04-23T18:09:10.977+0000 7f3195d0e700 1 --2- 172.21.15.50:0/817661877 >> [v2:172.21.15.50:3300/0,v1:172.21.15.50:6789/0] conn(0x7f3190107440 0x7f319019e6b0 secure :-1 s=READY pgs=40 cs=0 l=1 rev1=1 crypto rx=0x7f318000d650 tx=0x7f3180003ff0 comp rx=0 tx=0).stop
2024-04-23T18:09:11.529 INFO:teuthology.orchestra.run.smithi050.stdout:/usr/bin/ceph: stderr
2024-04-23T18:09:10.977+0000 7f3195d0e700 1 -- 172.21.15.50:0/817661877 shutdown_connections
2024-04-23T18:09:11.529 INFO:teuthology.orchestra.run.smithi050.stdout:/usr/bin/ceph: stderr
2024-04-23T18:09:10.977+0000 7f3195d0e700 1 --2- 172.21.15.50:0/817661877 >> [v2:172.21.15.50:6800/103327972,v1:172.21.15.50:6801/103327972] conn(0x7f31780395b0 0x7f317803ba70 unknown :-1 s=CLOSED pgs=8 cs=0 l=1 rev1=1 crypto rx=0 tx=0 comp rx=0 tx=0).stop
2024-04-23T18:09:11.529 INFO:teuthology.orchestra.run.smithi050.stdout:/usr/bin/ceph: stderr
2024-04-23T18:09:10.977+0000 7f3195d0e700 1 --2- 172.21.15.50:0/817661877 >> [v2:172.21.15.50:3300/0,v1:172.21.15.50:6789/0] conn(0x7f3190107440 0x7f319019e6b0 unknown :-1 s=CLOSED pgs=40 cs=0 l=1 rev1=1 crypto rx=0 tx=0 comp rx=0 tx=0).stop
2024-04-23T18:09:11.529 INFO:teuthology.orchestra.run.smithi050.stdout:/usr/bin/ceph: stderr
2024-04-23T18:09:10.977+0000 7f3195d0e700 1 -- 172.21.15.50:0/817661877 >> 172.21.15.50:0/817661877 conn(0x7f3190102a40 msgr2=0x7f31901908c0 unknown :-1 s=STATE_NONE l=0).mark_down
2024-04-23T18:09:11.529 INFO:teuthology.orchestra.run.smithi050.stdout:/usr/bin/ceph: stderr
2024-04-23T18:09:10.978+0000 7f3195d0e700 1 -- 172.21.15.50:0/817661877 shutdown_connections
2024-04-23T18:09:11.529 INFO:teuthology.orchestra.run.smithi050.stdout:/usr/bin/ceph: stderr
2024-04-23T18:09:10.978+0000 7f3195d0e700 1 -- 172.21.15.50:0/817661877 wait complete.
2024-04-23T18:09:11.529 INFO:teuthology.orchestra.run.smithi050.stdout:Generating ssh key...
2024-04-23T18:09:11.903 INFO:journalctl@ceph.mon.a.smithi050.stdout:Apr 23 18:09:11 smithi050 ceph-mon[29187]: from='client.14134 -' entity='client.admin' cmd=[{"prefix": "cephadm set-user", "user": "root", "target": ["mon-mgr", ""]}]: dispatch
2024-04-23T18:09:12.614 INFO:journalctl@ceph.mgr.x.smithi050.stdout:Apr 23 18:09:12 smithi050 ceph-5d677974-019c-11ef-bc93-c7b262605968-mgr-x[29419]: Generating public/private rsa key pair.
2024-04-23T18:09:12.614 INFO:journalctl@ceph.mgr.x.smithi050.stdout:Apr 23 18:09:12 smithi050 ceph-5d677974-019c-11ef-bc93-c7b262605968-mgr-x[29419]: Your identification has been saved in /tmp/tmpu9jzp667/key.
2024-04-23T18:09:12.615 INFO:journalctl@ceph.mgr.x.smithi050.stdout:Apr 23 18:09:12 smithi050 ceph-5d677974-019c-11ef-bc93-c7b262605968-mgr-x[29419]: Your public key has been saved in /tmp/tmpu9jzp667/key.pub.
2024-04-23T18:09:12.615 INFO:journalctl@ceph.mgr.x.smithi050.stdout:Apr 23 18:09:12 smithi050 ceph-5d677974-019c-11ef-bc93-c7b262605968-mgr-x[29419]: The key fingerprint is:
2024-04-23T18:09:12.615 INFO:journalctl@ceph.mgr.x.smithi050.stdout:Apr 23 18:09:12 smithi050 ceph-5d677974-019c-11ef-bc93-c7b262605968-mgr-x[29419]: SHA256:DRV0GysgucF+qcYh/180SEgDLEqqTkr9LABNR5BdjaM ceph-5d677974-019c-11ef-bc93-c7b262605968
2024-04-23T18:09:12.615 INFO:journalctl@ceph.mgr.x.smithi050.stdout:Apr 23 18:09:12 smithi050 ceph-5d677974-019c-11ef-bc93-c7b262605968-mgr-x[29419]: The key's randomart image is:
2024-04-23T18:09:12.615 INFO:journalctl@ceph.mgr.x.smithi050.stdout:Apr 23 18:09:12 smithi050 ceph-5d677974-019c-11ef-bc93-c7b262605968-mgr-x[29419]: +---[RSA 3072]----+
2024-04-23T18:09:12.615 INFO:journalctl@ceph.mgr.x.smithi050.stdout:Apr 23 18:09:12 smithi050 ceph-5d677974-019c-11ef-bc93-c7b262605968-mgr-x[29419]: | .=.++=+.+.o |
2024-04-23T18:09:12.615 INFO:journalctl@ceph.mgr.x.smithi050.stdout:Apr 23 18:09:12 smithi050 ceph-5d677974-019c-11ef-bc93-c7b262605968-mgr-x[29419]: | + + Bo.= . + |
2024-04-23T18:09:12.615 INFO:journalctl@ceph.mgr.x.smithi050.stdout:Apr 23 18:09:12 smithi050 ceph-5d677974-019c-11ef-bc93-c7b262605968-mgr-x[29419]: | = o + +o.o o |
2024-04-23T18:09:12.615 INFO:journalctl@ceph.mgr.x.smithi050.stdout:Apr 23 18:09:12 smithi050 ceph-5d677974-019c-11ef-bc93-c7b262605968-mgr-x[29419]: |o o E + o+ o |
2024-04-23T18:09:12.615 INFO:journalctl@ceph.mgr.x.smithi050.stdout:Apr 23 18:09:12 smithi050 ceph-5d677974-019c-11ef-bc93-c7b262605968-mgr-x[29419]: |o . + +S o o |
2024-04-23T18:09:12.615 INFO:journalctl@ceph.mgr.x.smithi050.stdout:Apr 23 18:09:12 smithi050 ceph-5d677974-019c-11ef-bc93-c7b262605968-mgr-x[29419]: |.+ . = . . |
2024-04-23T18:09:12.615 INFO:journalctl@ceph.mgr.x.smithi050.stdout:Apr 23 18:09:12 smithi050 ceph-5d677974-019c-11ef-bc93-c7b262605968-mgr-x[29419]: |= . o. . . |
2024-04-23T18:09:12.615 INFO:journalctl@ceph.mgr.x.smithi050.stdout:Apr 23 18:09:12 smithi050 ceph-5d677974-019c-11ef-bc93-c7b262605968-mgr-x[29419]: |.. . o . . |
2024-04-23T18:09:12.615 INFO:journalctl@ceph.mgr.x.smithi050.stdout:Apr 23 18:09:12 smithi050 ceph-5d677974-019c-11ef-bc93-c7b262605968-mgr-x[29419]: | . .. |
2024-04-23T18:09:12.615 INFO:journalctl@ceph.mgr.x.smithi050.stdout:Apr 23 18:09:12 smithi050 ceph-5d677974-019c-11ef-bc93-c7b262605968-mgr-x[29419]: +----[SHA256]-----+
2024-04-23T18:09:12.856 INFO:teuthology.orchestra.run.smithi050.stdout:/usr/bin/ceph: stderr
2024-04-23T18:09:11.932+0000 7fba9c307700 1 Processor -- start
2024-04-23T18:09:12.856 INFO:teuthology.orchestra.run.smithi050.stdout:/usr/bin/ceph: stderr
2024-04-23T18:09:11.932+0000 7fba9c307700 1 -- start start
2024-04-23T18:09:12.857 INFO:teuthology.orchestra.run.smithi050.stdout:/usr/bin/ceph: stderr
2024-04-23T18:09:11.932+0000 7fba9c307700 1 --2- >> [v2:172.21.15.50:3300/0,v1:172.21.15.50:6789/0] conn(0x7fba94108fb0 0x7fba9410b3a0 unknown :-1 s=NONE pgs=0 cs=0 l=0 rev1=0 crypto rx=0 tx=0 comp rx=0 tx=0).connect
2024-04-23T18:09:12.857 INFO:teuthology.orchestra.run.smithi050.stdout:/usr/bin/ceph: stderr
2024-04-23T18:09:11.932+0000 7fba9c307700 1 -- --> [v2:172.21.15.50:3300/0,v1:172.21.15.50:6789/0] -- mon_getmap magic: 0 -- 0x7fba9410b8e0 con 0x7fba94108fb0
2024-04-23T18:09:12.857 INFO:teuthology.orchestra.run.smithi050.stdout:/usr/bin/ceph: stderr
2024-04-23T18:09:11.932+0000 7fba9a0a3700 1 --2- >> [v2:172.21.15.50:3300/0,v1:172.21.15.50:6789/0] conn(0x7fba94108fb0 0x7fba9410b3a0 unknown :-1 s=BANNER_CONNECTING pgs=0 cs=0 l=0 rev1=0 crypto rx=0 tx=0 comp rx=0 tx=0)._handle_peer_banner_payload supported=3 required=0
2024-04-23T18:09:12.857 INFO:teuthology.orchestra.run.smithi050.stdout:/usr/bin/ceph: stderr
2024-04-23T18:09:11.932+0000 7fba9a0a3700 1 --2- >> [v2:172.21.15.50:3300/0,v1:172.21.15.50:6789/0] conn(0x7fba94108fb0 0x7fba9410b3a0 unknown :-1 s=HELLO_CONNECTING pgs=0 cs=0 l=0 rev1=1 crypto rx=0 tx=0 comp rx=0 tx=0).handle_hello peer v2:172.21.15.50:3300/0 says I am v2:172.21.15.50:57214/0 (socket says 172.21.15.50:57214)
2024-04-23T18:09:12.857 INFO:teuthology.orchestra.run.smithi050.stdout:/usr/bin/ceph: stderr
2024-04-23T18:09:11.932+0000 7fba9a0a3700 1 -- 172.21.15.50:0/2784534035 learned_addr learned my addr 172.21.15.50:0/2784534035 (peer_addr_for_me v2:172.21.15.50:0/0)
2024-04-23T18:09:12.857 INFO:teuthology.orchestra.run.smithi050.stdout:/usr/bin/ceph: stderr
2024-04-23T18:09:11.933+0000 7fba9a0a3700 1 -- 172.21.15.50:0/2784534035 --> [v2:172.21.15.50:3300/0,v1:172.21.15.50:6789/0] -- mon_subscribe({config=0+,monmap=0+}) -- 0x7fba9410ba60 con 0x7fba94108fb0
2024-04-23T18:09:12.857 INFO:teuthology.orchestra.run.smithi050.stdout:/usr/bin/ceph: stderr
2024-04-23T18:09:11.933+0000 7fba9a0a3700 1 --2- 172.21.15.50:0/2784534035 >> [v2:172.21.15.50:3300/0,v1:172.21.15.50:6789/0] conn(0x7fba94108fb0 0x7fba9410b3a0 secure :-1 s=READY pgs=41 cs=0 l=1 rev1=1 crypto rx=0x7fba900098a0 tx=0x7fba90009bb0 comp rx=0 tx=0).ready entity=mon.0 client_cookie=1ab56c440ed874b4 server_cookie=0 in_seq=0 out_seq=0
2024-04-23T18:09:12.857 INFO:teuthology.orchestra.run.smithi050.stdout:/usr/bin/ceph: stderr
2024-04-23T18:09:11.933+0000 7fba990a1700 1 -- 172.21.15.50:0/2784534035 <== mon.0 v2:172.21.15.50:3300/0 1 ==== mon_map magic: 0 ==== 205+0+0 (secure 0 0 0) 0x7fba90004160 con 0x7fba94108fb0
2024-04-23T18:09:12.857 INFO:teuthology.orchestra.run.smithi050.stdout:/usr/bin/ceph: stderr
2024-04-23T18:09:11.933+0000 7fba990a1700 1 -- 172.21.15.50:0/2784534035 <== mon.0 v2:172.21.15.50:3300/0 2 ==== config(26 keys) ==== 1070+0+0 (secure 0 0 0) 0x7fba90004300 con 0x7fba94108fb0
2024-04-23T18:09:12.857 INFO:teuthology.orchestra.run.smithi050.stdout:/usr/bin/ceph: stderr
2024-04-23T18:09:11.933+0000 7fba990a1700 1 -- 172.21.15.50:0/2784534035 <== mon.0 v2:172.21.15.50:3300/0 3 ==== mon_map magic: 0 ==== 205+0+0 (secure 0 0 0) 0x7fba90011af0 con 0x7fba94108fb0
2024-04-23T18:09:12.857 INFO:teuthology.orchestra.run.smithi050.stdout:/usr/bin/ceph: stderr
2024-04-23T18:09:11.934+0000 7fba9c307700 1 -- 172.21.15.50:0/2784534035 >> [v2:172.21.15.50:3300/0,v1:172.21.15.50:6789/0] conn(0x7fba94108fb0 msgr2=0x7fba9410b3a0 secure :-1 s=STATE_CONNECTION_ESTABLISHED l=1).mark_down
2024-04-23T18:09:12.857 INFO:teuthology.orchestra.run.smithi050.stdout:/usr/bin/ceph: stderr
