2024-04-23T18:11:07.261+0000 7fa5a0de9700 1 --2- 172.21.15.37:0/2725571254 >> [v2:172.21.15.37:6800/1641631132,v1:172.21.15.37:6801/1641631132] conn(0x7fa588039560 0x7fa58803ba20 unknown :-1 s=START_CONNECT pgs=0 cs=0 l=1 rev1=0 crypto rx=0 tx=0 comp rx=0 tx=0)._fault waiting 0.200000
2024-04-23T18:11:08.131 INFO:teuthology.orchestra.run.smithi037.stdout:/usr/bin/ceph: stderr
2024-04-23T18:11:07.266+0000 7fa5927fc700 1 -- 172.21.15.37:0/2725571254 <== mon.0 v2:172.21.15.37:3300/0 6 ==== mon_command_ack([{"prefix": "get_command_descriptions"}]=0 v0) ==== 72+0+188370 (secure 0 0 0) 0x7fa58c019c70 con 0x7fa59c106820
2024-04-23T18:11:08.131 INFO:teuthology.orchestra.run.smithi037.stdout:/usr/bin/ceph: stderr
2024-04-23T18:11:07.462+0000 7fa5a0de9700 1 -- 172.21.15.37:0/2725571254 >> [v2:172.21.15.37:6800/1641631132,v1:172.21.15.37:6801/1641631132] conn(0x7fa588039560 msgr2=0x7fa58803ba20 unknown :-1 s=STATE_CONNECTING_RE l=1).process reconnect failed to v2:172.21.15.37:6800/1641631132
2024-04-23T18:11:08.131 INFO:teuthology.orchestra.run.smithi037.stdout:/usr/bin/ceph: stderr
2024-04-23T18:11:07.462+0000 7fa5a0de9700 1 --2- 172.21.15.37:0/2725571254 >> [v2:172.21.15.37:6800/1641631132,v1:172.21.15.37:6801/1641631132] conn(0x7fa588039560 0x7fa58803ba20 unknown :-1 s=START_CONNECT pgs=0 cs=0 l=1 rev1=0 crypto rx=0 tx=0 comp rx=0 tx=0)._fault waiting 0.400000
2024-04-23T18:11:08.131 INFO:teuthology.orchestra.run.smithi037.stdout:/usr/bin/ceph: stderr
2024-04-23T18:11:07.584+0000 7fa5a384e700 1 -- 172.21.15.37:0/2725571254 --> [v2:172.21.15.37:3300/0,v1:172.21.15.37:6789/0] -- mon_command({"prefix": "mgr stat"} v 0) -- 0x7fa59c1a1cf0 con 0x7fa59c106820
2024-04-23T18:11:08.131 INFO:teuthology.orchestra.run.smithi037.stdout:/usr/bin/ceph: stderr
2024-04-23T18:11:07.584+0000 7fa5927fc700 1 -- 172.21.15.37:0/2725571254 <== mon.0 v2:172.21.15.37:3300/0 7 ==== mon_command_ack([{"prefix": "mgr stat"}]=0 v5) ==== 56+0+88 (secure 0 0 0) 0x7fa59c1a1cf0 con 0x7fa59c106820
2024-04-23T18:11:08.131 INFO:teuthology.orchestra.run.smithi037.stdout:/usr/bin/ceph: stderr
2024-04-23T18:11:07.586+0000 7fa5a384e700 1 -- 172.21.15.37:0/2725571254 >> [v2:172.21.15.37:6800/1641631132,v1:172.21.15.37:6801/1641631132] conn(0x7fa588039560 msgr2=0x7fa58803ba20 unknown :-1 s=STATE_CONNECTING l=1).mark_down
2024-04-23T18:11:08.131 INFO:teuthology.orchestra.run.smithi037.stdout:/usr/bin/ceph: stderr
2024-04-23T18:11:07.586+0000 7fa5a384e700 1 --2- 172.21.15.37:0/2725571254 >> [v2:172.21.15.37:6800/1641631132,v1:172.21.15.37:6801/1641631132] conn(0x7fa588039560 0x7fa58803ba20 unknown :-1 s=START_CONNECT pgs=0 cs=0 l=1 rev1=0 crypto rx=0 tx=0 comp rx=0 tx=0).stop
2024-04-23T18:11:08.131 INFO:teuthology.orchestra.run.smithi037.stdout:/usr/bin/ceph: stderr
2024-04-23T18:11:07.586+0000 7fa5a384e700 1 -- 172.21.15.37:0/2725571254 >> [v2:172.21.15.37:3300/0,v1:172.21.15.37:6789/0] conn(0x7fa59c106820 msgr2=0x7fa59c19e6b0 secure :-1 s=STATE_CONNECTION_ESTABLISHED l=1).mark_down
2024-04-23T18:11:08.132 INFO:teuthology.orchestra.run.smithi037.stdout:/usr/bin/ceph: stderr
2024-04-23T18:11:07.586+0000 7fa5a384e700 1 --2- 172.21.15.37:0/2725571254 >> [v2:172.21.15.37:3300/0,v1:172.21.15.37:6789/0] conn(0x7fa59c106820 0x7fa59c19e6b0 secure :-1 s=READY pgs=25 cs=0 l=1 rev1=1 crypto rx=0x7fa58c003f40 tx=0x7fa58c011890 comp rx=0 tx=0).stop
2024-04-23T18:11:08.132 INFO:teuthology.orchestra.run.smithi037.stdout:/usr/bin/ceph: stderr
2024-04-23T18:11:07.586+0000 7fa5a384e700 1 -- 172.21.15.37:0/2725571254 shutdown_connections
2024-04-23T18:11:08.132 INFO:teuthology.orchestra.run.smithi037.stdout:/usr/bin/ceph: stderr
2024-04-23T18:11:07.586+0000 7fa5a384e700 1 --2- 172.21.15.37:0/2725571254 >> [v2:172.21.15.37:6800/1641631132,v1:172.21.15.37:6801/1641631132] conn(0x7fa588039560 0x7fa58803ba20 unknown :-1 s=CLOSED pgs=0 cs=0 l=1 rev1=0 crypto rx=0 tx=0 comp rx=0 tx=0).stop
2024-04-23T18:11:08.132 INFO:teuthology.orchestra.run.smithi037.stdout:/usr/bin/ceph: stderr
2024-04-23T18:11:07.586+0000 7fa5a384e700 1 --2- 172.21.15.37:0/2725571254 >> [v2:172.21.15.37:3300/0,v1:172.21.15.37:6789/0] conn(0x7fa59c106820 0x7fa59c19e6b0 unknown :-1 s=CLOSED pgs=25 cs=0 l=1 rev1=1 crypto rx=0 tx=0 comp rx=0 tx=0).stop
2024-04-23T18:11:08.132 INFO:teuthology.orchestra.run.smithi037.stdout:/usr/bin/ceph: stderr
2024-04-23T18:11:07.586+0000 7fa5a384e700 1 -- 172.21.15.37:0/2725571254 >> 172.21.15.37:0/2725571254 conn(0x7fa59c1021a0 msgr2=0x7fa59c194cd0 unknown :-1 s=STATE_NONE l=0).mark_down
2024-04-23T18:11:08.132 INFO:teuthology.orchestra.run.smithi037.stdout:/usr/bin/ceph: stderr
2024-04-23T18:11:07.586+0000 7fa5a384e700 1 -- 172.21.15.37:0/2725571254 shutdown_connections
2024-04-23T18:11:08.132 INFO:teuthology.orchestra.run.smithi037.stdout:/usr/bin/ceph: stderr
2024-04-23T18:11:07.586+0000 7fa5a384e700 1 -- 172.21.15.37:0/2725571254 wait complete.
2024-04-23T18:11:08.132 INFO:teuthology.orchestra.run.smithi037.stdout:Waiting for the mgr to restart...
2024-04-23T18:11:08.132 INFO:teuthology.orchestra.run.smithi037.stdout:Waiting for mgr epoch 5...
2024-04-23T18:11:08.471 INFO:journalctl@ceph.mon.a.smithi037.stdout:Apr 23 18:11:08 smithi037 ceph-mon[29404]: from='client.? 172.21.15.37:0/2725571254' entity='client.admin' cmd=[{"prefix": "mgr stat"}]: dispatch
2024-04-23T18:11:08.471 INFO:journalctl@ceph.mgr.x.smithi037.stdout:Apr 23 18:11:08 smithi037 ceph-af48a038-019c-11ef-bc93-c7b262605968-mgr-x[29632]:
2024-04-23T18:11:08.359+0000 7fb7619ef200 -1 mgr[py] Module telegraf has missing NOTIFY_TYPES member
2024-04-23T18:11:08.781 INFO:journalctl@ceph.mgr.x.smithi037.stdout:Apr 23 18:11:08 smithi037 ceph-af48a038-019c-11ef-bc93-c7b262605968-mgr-x[29632]:
2024-04-23T18:11:08.544+0000 7fb7619ef200 -1 mgr[py] Module osd_support has missing NOTIFY_TYPES member
2024-04-23T18:11:08.781 INFO:journalctl@ceph.mgr.x.smithi037.stdout:Apr 23 18:11:08 smithi037 ceph-af48a038-019c-11ef-bc93-c7b262605968-mgr-x[29632]:
2024-04-23T18:11:08.723+0000 7fb7619ef200 -1 mgr[py] Module iostat has missing NOTIFY_TYPES member
2024-04-23T18:11:09.114 INFO:journalctl@ceph.mgr.x.smithi037.stdout:Apr 23 18:11:09 smithi037 ceph-af48a038-019c-11ef-bc93-c7b262605968-mgr-x[29632]:
2024-04-23T18:11:09.024+0000 7fb7619ef200 -1 mgr[py] Module alerts has missing NOTIFY_TYPES member
2024-04-23T18:11:09.114 INFO:journalctl@ceph.mgr.x.smithi037.stdout:Apr 23 18:11:09 smithi037 ceph-af48a038-019c-11ef-bc93-c7b262605968-mgr-x[29632]:
2024-04-23T18:11:09.120+0000 7fb7619ef200 -1 mgr[py] Module selftest has missing NOTIFY_TYPES member
2024-04-23T18:11:09.371 INFO:journalctl@ceph.mgr.x.smithi037.stdout:Apr 23 18:11:09 smithi037 ceph-af48a038-019c-11ef-bc93-c7b262605968-mgr-x[29632]:
2024-04-23T18:11:09.330+0000 7fb7619ef200 -1 mgr[py] Module pg_autoscaler has missing NOTIFY_TYPES member
2024-04-23T18:11:09.871 INFO:journalctl@ceph.mgr.x.smithi037.stdout:Apr 23 18:11:09 smithi037 ceph-af48a038-019c-11ef-bc93-c7b262605968-mgr-x[29632]:
2024-04-23T18:11:09.531+0000 7fb7619ef200 -1 mgr[py] Module test_orchestrator has missing NOTIFY_TYPES member
2024-04-23T18:11:10.371 INFO:journalctl@ceph.mgr.x.smithi037.stdout:Apr 23 18:11:10 smithi037 ceph-af48a038-019c-11ef-bc93-c7b262605968-mgr-x[29632]:
2024-04-23T18:11:10.154+0000 7fb7619ef200 -1 mgr[py] Module rook has missing NOTIFY_TYPES member
2024-04-23T18:11:10.871 INFO:journalctl@ceph.mgr.x.smithi037.stdout:Apr 23 18:11:10 smithi037 ceph-af48a038-019c-11ef-bc93-c7b262605968-mgr-x[29632]:
2024-04-23T18:11:10.593+0000 7fb7619ef200 -1 mgr[py] Module volumes has missing NOTIFY_TYPES member
2024-04-23T18:11:10.871 INFO:journalctl@ceph.mgr.x.smithi037.stdout:Apr 23 18:11:10 smithi037 ceph-af48a038-019c-11ef-bc93-c7b262605968-mgr-x[29632]:
2024-04-23T18:11:10.693+0000 7fb7619ef200 -1 mgr[py] Module crash has missing NOTIFY_TYPES member
2024-04-23T18:11:11.371 INFO:journalctl@ceph.mgr.x.smithi037.stdout:Apr 23 18:11:10 smithi037 ceph-af48a038-019c-11ef-bc93-c7b262605968-mgr-x[29632]:
2024-04-23T18:11:10.902+0000 7fb7619ef200 -1 mgr[py] Module rgw has missing NOTIFY_TYPES member
2024-04-23T18:11:11.788 INFO:journalctl@ceph.mgr.x.smithi037.stdout:Apr 23 18:11:11 smithi037 ceph-af48a038-019c-11ef-bc93-c7b262605968-mgr-x[29632]:
2024-04-23T18:11:11.445+0000 7fb7619ef200 -1 mgr[py] Module prometheus has missing NOTIFY_TYPES member
2024-04-23T18:11:11.788 INFO:journalctl@ceph.mgr.x.smithi037.stdout:Apr 23 18:11:11 smithi037 ceph-af48a038-019c-11ef-bc93-c7b262605968-mgr-x[29632]:
2024-04-23T18:11:11.541+0000 7fb7619ef200 -1 mgr[py] Module devicehealth has missing NOTIFY_TYPES member
2024-04-23T18:11:12.121 INFO:journalctl@ceph.mgr.x.smithi037.stdout:Apr 23 18:11:11 smithi037 ceph-af48a038-019c-11ef-bc93-c7b262605968-mgr-x[29632]:
2024-04-23T18:11:11.794+0000 7fb7619ef200 -1 mgr[py] Module telemetry has missing NOTIFY_TYPES member
2024-04-23T18:11:12.122 INFO:journalctl@ceph.mgr.x.smithi037.stdout:Apr 23 18:11:11 smithi037 ceph-af48a038-019c-11ef-bc93-c7b262605968-mgr-x[29632]:
2024-04-23T18:11:11.932+0000 7fb7619ef200 -1 mgr[py] Module diskprediction_local has missing NOTIFY_TYPES member
2024-04-23T18:11:12.122 INFO:journalctl@ceph.mgr.x.smithi037.stdout:Apr 23 18:11:12 smithi037 ceph-af48a038-019c-11ef-bc93-c7b262605968-mgr-x[29632]:
2024-04-23T18:11:12.031+0000 7fb7619ef200 -1 mgr[py] Module osd_perf_query has missing NOTIFY_TYPES member
2024-04-23T18:11:12.456 INFO:journalctl@ceph.mgr.x.smithi037.stdout:Apr 23 18:11:12 smithi037 ceph-af48a038-019c-11ef-bc93-c7b262605968-mgr-x[29632]:
2024-04-23T18:11:12.151+0000 7fb7619ef200 -1 mgr[py] Module rbd_support has missing NOTIFY_TYPES member
2024-04-23T18:11:12.456 INFO:journalctl@ceph.mgr.x.smithi037.stdout:Apr 23 18:11:12 smithi037 ceph-af48a038-019c-11ef-bc93-c7b262605968-mgr-x[29632]:
2024-04-23T18:11:12.461+0000 7fb7619ef200 -1 mgr[py] Module zabbix has missing NOTIFY_TYPES member
2024-04-23T18:11:13.360 INFO:journalctl@ceph.mgr.x.smithi037.stdout:Apr 23 18:11:13 smithi037 ceph-af48a038-019c-11ef-bc93-c7b262605968-mgr-x[29632]:
2024-04-23T18:11:13.088+0000 7fb7619ef200 -1 mgr[py] Module status has missing NOTIFY_TYPES member
2024-04-23T18:11:13.360 INFO:journalctl@ceph.mgr.x.smithi037.stdout:Apr 23 18:11:13 smithi037 ceph-af48a038-019c-11ef-bc93-c7b262605968-mgr-x[29632]:
2024-04-23T18:11:13.313+0000 7fb7619ef200 -1 mgr[py] Module nfs has missing NOTIFY_TYPES member
2024-04-23T18:11:13.621 INFO:journalctl@ceph.mon.a.smithi037.stdout:Apr 23 18:11:13 smithi037 ceph-mon[29404]: Active manager daemon x restarted
2024-04-23T18:11:13.622 INFO:journalctl@ceph.mon.a.smithi037.stdout:Apr 23 18:11:13 smithi037 ceph-mon[29404]: Activating manager daemon x
2024-04-23T18:11:13.622 INFO:journalctl@ceph.mon.a.smithi037.stdout:Apr 23 18:11:13 smithi037 ceph-mon[29404]: osdmap e2: 0 total, 0 up, 0 in
2024-04-23T18:11:13.622 INFO:journalctl@ceph.mon.a.smithi037.stdout:Apr 23 18:11:13 smithi037 ceph-mon[29404]: mgrmap e6: x(active, starting, since 0.00341891s)
2024-04-23T18:11:13.622 INFO:journalctl@ceph.mon.a.smithi037.stdout:Apr 23 18:11:13 smithi037 ceph-mon[29404]: from='mgr.14118 172.21.15.37:0/2060125792' entity='mgr.x' cmd=[{"prefix": "mon metadata", "id": "a"}]: dispatch
2024-04-23T18:11:13.622 INFO:journalctl@ceph.mon.a.smithi037.stdout:Apr 23 18:11:13 smithi037 ceph-mon[29404]: from='mgr.14118 172.21.15.37:0/2060125792' entity='mgr.x' cmd=[{"prefix": "mgr metadata", "who": "x", "id": "x"}]: dispatch
2024-04-23T18:11:13.622 INFO:journalctl@ceph.mon.a.smithi037.stdout:Apr 23 18:11:13 smithi037 ceph-mon[29404]: from='mgr.14118 172.21.15.37:0/2060125792' entity='mgr.x' cmd=[{"prefix": "mds metadata"}]: dispatch
2024-04-23T18:11:13.622 INFO:journalctl@ceph.mon.a.smithi037.stdout:Apr 23 18:11:13 smithi037 ceph-mon[29404]: from='mgr.14118 172.21.15.37:0/2060125792' entity='mgr.x' cmd=[{"prefix": "osd metadata"}]: dispatch
2024-04-23T18:11:13.622 INFO:journalctl@ceph.mon.a.smithi037.stdout:Apr 23 18:11:13 smithi037 ceph-mon[29404]: from='mgr.14118 172.21.15.37:0/2060125792' entity='mgr.x' cmd=[{"prefix": "mon metadata"}]: dispatch
2024-04-23T18:11:13.622 INFO:journalctl@ceph.mon.a.smithi037.stdout:Apr 23 18:11:13 smithi037 ceph-mon[29404]: Manager daemon x is now available
2024-04-23T18:11:13.622 INFO:journalctl@ceph.mon.a.smithi037.stdout:Apr 23 18:11:13 smithi037 ceph-mon[29404]: from='mgr.14118 172.21.15.37:0/2060125792' entity='mgr.x'
2024-04-23T18:11:13.622 INFO:journalctl@ceph.mon.a.smithi037.stdout:Apr 23 18:11:13 smithi037 ceph-mon[29404]: from='mgr.14118 172.21.15.37:0/2060125792' entity='mgr.x'
2024-04-23T18:11:13.622 INFO:journalctl@ceph.mon.a.smithi037.stdout:Apr 23 18:11:13 smithi037 ceph-mon[29404]: from='mgr.14118 172.21.15.37:0/2060125792' entity='mgr.x' cmd=[{"prefix": "config dump", "format": "json"}]: dispatch
2024-04-23T18:11:13.622 INFO:journalctl@ceph.mon.a.smithi037.stdout:Apr 23 18:11:13 smithi037 ceph-mon[29404]: from='mgr.14118 172.21.15.37:0/2060125792' entity='mgr.x' cmd=[{"prefix": "config dump", "format": "json"}]: dispatch
2024-04-23T18:11:13.623 INFO:journalctl@ceph.mon.a.smithi037.stdout:Apr 23 18:11:13 smithi037 ceph-mon[29404]: from='mgr.14118 172.21.15.37:0/2060125792' entity='mgr.x' cmd=[{"prefix":"config rm","who":"mgr","name":"mgr/rbd_support/x/mirror_snapshot_schedule"}]: dispatch
2024-04-23T18:11:14.599 INFO:journalctl@ceph.mon.a.smithi037.stdout:Apr 23 18:11:14 smithi037 ceph-mon[29404]: Found migration_current of "None". Setting to last migration.
2024-04-23T18:11:14.600 INFO:journalctl@ceph.mon.a.smithi037.stdout:Apr 23 18:11:14 smithi037 ceph-mon[29404]: from='mgr.14118 172.21.15.37:0/2060125792' entity='mgr.x' cmd=[{"prefix":"config rm","who":"mgr","name":"mgr/rbd_support/x/trash_purge_schedule"}]: dispatch
2024-04-23T18:11:14.600 INFO:journalctl@ceph.mon.a.smithi037.stdout:Apr 23 18:11:14 smithi037 ceph-mon[29404]: from='mgr.14118 172.21.15.37:0/2060125792' entity='mgr.x'
2024-04-23T18:11:14.600 INFO:journalctl@ceph.mon.a.smithi037.stdout:Apr 23 18:11:14 smithi037 ceph-mon[29404]: from='mgr.14118 172.21.15.37:0/2060125792' entity='mgr.x'
2024-04-23T18:11:14.600 INFO:journalctl@ceph.mon.a.smithi037.stdout:Apr 23 18:11:14 smithi037 ceph-mon[29404]: mgrmap e7: x(active, since 1.0078s)
2024-04-23T18:11:14.792 INFO:teuthology.orchestra.run.smithi037.stdout:/usr/bin/ceph: stdout {
2024-04-23T18:11:14.792 INFO:teuthology.orchestra.run.smithi037.stdout:/usr/bin/ceph: stdout "mgrmap_epoch": 7,
2024-04-23T18:11:14.793 INFO:teuthology.orchestra.run.smithi037.stdout:/usr/bin/ceph: stdout "initialized": true
2024-04-23T18:11:14.793 INFO:teuthology.orchestra.run.smithi037.stdout:/usr/bin/ceph: stdout }
2024-04-23T18:11:14.793 INFO:teuthology.orchestra.run.smithi037.stdout:/usr/bin/ceph: stderr
2024-04-23T18:11:08.581+0000 7f987e836700 1 Processor -- start
2024-04-23T18:11:14.793 INFO:teuthology.orchestra.run.smithi037.stdout:/usr/bin/ceph: stderr
2024-04-23T18:11:08.581+0000 7f987e836700 1 -- start start
2024-04-23T18:11:14.793 INFO:teuthology.orchestra.run.smithi037.stdout:/usr/bin/ceph: stderr
2024-04-23T18:11:08.582+0000 7f987e836700 1 --2- >> [v2:172.21.15.37:3300/0,v1:172.21.15.37:6789/0] conn(0x7f9878108570 0x7f9878108990 unknown :-1 s=NONE pgs=0 cs=0 l=0 rev1=0 crypto rx=0 tx=0 comp rx=0 tx=0).connect
2024-04-23T18:11:14.793 INFO:teuthology.orchestra.run.smithi037.stdout:/usr/bin/ceph: stderr
2024-04-23T18:11:08.582+0000 7f987e836700 1 -- --> [v2:172.21.15.37:3300/0,v1:172.21.15.37:6789/0] -- mon_getmap magic: 0 -- 0x7f9878108f60 con 0x7f9878108570
2024-04-23T18:11:14.793 INFO:teuthology.orchestra.run.smithi037.stdout:/usr/bin/ceph: stderr
2024-04-23T18:11:08.582+0000 7f9877fff700 1 --2- >> [v2:172.21.15.37:3300/0,v1:172.21.15.37:6789/0] conn(0x7f9878108570 0x7f9878108990 unknown :-1 s=BANNER_CONNECTING pgs=0 cs=0 l=0 rev1=0 crypto rx=0 tx=0 comp rx=0 tx=0)._handle_peer_banner_payload supported=3 required=0
2024-04-23T18:11:14.793 INFO:teuthology.orchestra.run.smithi037.stdout:/usr/bin/ceph: stderr
2024-04-23T18:11:08.582+0000 7f9877fff700 1 --2- >> [v2:172.21.15.37:3300/0,v1:172.21.15.37:6789/0] conn(0x7f9878108570 0x7f9878108990 unknown :-1 s=HELLO_CONNECTING pgs=0 cs=0 l=0 rev1=1 crypto rx=0 tx=0 comp rx=0 tx=0).handle_hello peer v2:172.21.15.37:3300/0 says I am v2:172.21.15.37:40400/0 (socket says 172.21.15.37:40400)
2024-04-23T18:11:14.793 INFO:teuthology.orchestra.run.smithi037.stdout:/usr/bin/ceph: stderr
2024-04-23T18:11:08.582+0000 7f9877fff700 1 -- 172.21.15.37:0/802150567 learned_addr learned my addr 172.21.15.37:0/802150567 (peer_addr_for_me v2:172.21.15.37:0/0)
2024-04-23T18:11:14.793 INFO:teuthology.orchestra.run.smithi037.stdout:/usr/bin/ceph: stderr
2024-04-23T18:11:08.582+0000 7f9877fff700 1 -- 172.21.15.37:0/802150567 --> [v2:172.21.15.37:3300/0,v1:172.21.15.37:6789/0] -- mon_subscribe({config=0+,monmap=0+}) -- 0x7f9878109720 con 0x7f9878108570
2024-04-23T18:11:14.793 INFO:teuthology.orchestra.run.smithi037.stdout:/usr/bin/ceph: stderr
2024-04-23T18:11:08.582+0000 7f9877fff700 1 --2- 172.21.15.37:0/802150567 >> [v2:172.21.15.37:3300/0,v1:172.21.15.37:6789/0] conn(0x7f9878108570 0x7f9878108990 secure :-1 s=READY pgs=26 cs=0 l=1 rev1=1 crypto rx=0x7f98680098a0 tx=0x7f9868009bb0 comp rx=0 tx=0).ready entity=mon.0 client_cookie=3ffb16907b213c32 server_cookie=0 in_seq=0 out_seq=0
2024-04-23T18:11:14.794 INFO:teuthology.orchestra.run.smithi037.stdout:/usr/bin/ceph: stderr
2024-04-23T18:11:08.582+0000 7f9876ffd700 1 -- 172.21.15.37:0/802150567 <== mon.0 v2:172.21.15.37:3300/0 1 ==== mon_map magic: 0 ==== 205+0+0 (secure 0 0 0) 0x7f9868004160 con 0x7f9878108570
2024-04-23T18:11:14.794 INFO:teuthology.orchestra.run.smithi037.stdout:/usr/bin/ceph: stderr
2024-04-23T18:11:08.583+0000 7f9876ffd700 1 -- 172.21.15.37:0/802150567 <== mon.0 v2:172.21.15.37:3300/0 2 ==== config(26 keys) ==== 1070+0+0 (secure 0 0 0) 0x7f9868004300 con 0x7f9878108570
2024-04-23T18:11:14.794 INFO:teuthology.orchestra.run.smithi037.stdout:/usr/bin/ceph: stderr
2024-04-23T18:11:08.583+0000 7f9876ffd700 1 -- 172.21.15.37:0/802150567 <== mon.0 v2:172.21.15.37:3300/0 3 ==== mon_map magic: 0 ==== 205+0+0 (secure 0 0 0) 0x7f9868011af0 con 0x7f9878108570
2024-04-23T18:11:14.794 INFO:teuthology.orchestra.run.smithi037.stdout:/usr/bin/ceph: stderr
2024-04-23T18:11:08.583+0000 7f987e836700 1 -- 172.21.15.37:0/802150567 >> [v2:172.21.15.37:3300/0,v1:172.21.15.37:6789/0] conn(0x7f9878108570 msgr2=0x7f9878108990 secure :-1 s=STATE_CONNECTION_ESTABLISHED l=1).mark_down
2024-04-23T18:11:14.794 INFO:teuthology.orchestra.run.smithi037.stdout:/usr/bin/ceph: stderr
2024-04-23T18:11:08.583+0000 7f987e836700 1 --2- 172.21.15.37:0/802150567 >> [v2:172.21.15.37:3300/0,v1:172.21.15.37:6789/0] conn(0x7f9878108570 0x7f9878108990 secure :-1 s=READY pgs=26 cs=0 l=1 rev1=1 crypto rx=0x7f98680098a0 tx=0x7f9868009bb0 comp rx=0 tx=0).stop
2024-04-23T18:11:14.794 INFO:teuthology.orchestra.run.smithi037.stdout:/usr/bin/ceph: stderr
2024-04-23T18:11:08.583+0000 7f987e836700 1 -- 172.21.15.37:0/802150567 shutdown_connections
2024-04-23T18:11:14.794 INFO:teuthology.orchestra.run.smithi037.stdout:/usr/bin/ceph: stderr
2024-04-23T18:11:08.583+0000 7f987e836700 1 --2- 172.21.15.37:0/802150567 >> [v2:172.21.15.37:3300/0,v1:172.21.15.37:6789/0] conn(0x7f9878108570 0x7f9878108990 unknown :-1 s=CLOSED pgs=26 cs=0 l=1 rev1=1 crypto rx=0 tx=0 comp rx=0 tx=0).stop
2024-04-23T18:11:14.794 INFO:teuthology.orchestra.run.smithi037.stdout:/usr/bin/ceph: stderr
2024-04-23T18:11:08.583+0000 7f987e836700 1 -- 172.21.15.37:0/802150567 >> 172.21.15.37:0/802150567 conn(0x7f9878103b70 msgr2=0x7f9878105f90 unknown :-1 s=STATE_NONE l=0).mark_down
2024-04-23T18:11:14.794 INFO:teuthology.orchestra.run.smithi037.stdout:/usr/bin/ceph: stderr
2024-04-23T18:11:08.583+0000 7f987e836700 1 -- 172.21.15.37:0/802150567 shutdown_connections
2024-04-23T18:11:14.794 INFO:teuthology.orchestra.run.smithi037.stdout:/usr/bin/ceph: stderr
2024-04-23T18:11:08.583+0000 7f987e836700 1 -- 172.21.15.37:0/802150567 wait complete.
2024-04-23T18:11:14.794 INFO:teuthology.orchestra.run.smithi037.stdout:/usr/bin/ceph: stderr
2024-04-23T18:11:08.584+0000 7f987e836700 1 Processor -- start
2024-04-23T18:11:14.794 INFO:teuthology.orchestra.run.smithi037.stdout:/usr/bin/ceph: stderr
2024-04-23T18:11:08.584+0000 7f987e836700 1 -- start start
2024-04-23T18:11:14.794 INFO:teuthology.orchestra.run.smithi037.stdout:/usr/bin/ceph: stderr
2024-04-23T18:11:08.584+0000 7f987e836700 1 --2- >> [v2:172.21.15.37:3300/0,v1:172.21.15.37:6789/0] conn(0x7f9878108570 0x7f987819c4d0 unknown :-1 s=NONE pgs=0 cs=0 l=1 rev1=0 crypto rx=0 tx=0 comp rx=0 tx=0).connect
2024-04-23T18:11:14.795 INFO:teuthology.orchestra.run.smithi037.stdout:/usr/bin/ceph: stderr
2024-04-23T18:11:08.584+0000 7f987e836700 1 -- --> [v2:172.21.15.37:3300/0,v1:172.21.15.37:6789/0] -- mon_getmap magic: 0 -- 0x7f987810cad0 con 0x7f9878108570
2024-04-23T18:11:14.795 INFO:teuthology.orchestra.run.smithi037.stdout:/usr/bin/ceph: stderr
2024-04-23T18:11:08.584+0000 7f9877fff700 1 --2- >> [v2:172.21.15.37:3300/0,v1:172.21.15.37:6789/0] conn(0x7f9878108570 0x7f987819c4d0 unknown :-1 s=BANNER_CONNECTING pgs=0 cs=0 l=1 rev1=0 crypto rx=0 tx=0 comp rx=0 tx=0)._handle_peer_banner_payload supported=3 required=0
2024-04-23T18:11:14.795 INFO:teuthology.orchestra.run.smithi037.stdout:/usr/bin/ceph: stderr
2024-04-23T18:11:08.584+0000 7f9877fff700 1 --2- >> [v2:172.21.15.37:3300/0,v1:172.21.15.37:6789/0] conn(0x7f9878108570 0x7f987819c4d0 unknown :-1 s=HELLO_CONNECTING pgs=0 cs=0 l=1 rev1=1 crypto rx=0 tx=0 comp rx=0 tx=0).handle_hello peer v2:172.21.15.37:3300/0 says I am v2:172.21.15.37:40404/0 (socket says 172.21.15.37:40404)
2024-04-23T18:11:14.795 INFO:teuthology.orchestra.run.smithi037.stdout:/usr/bin/ceph: stderr
2024-04-23T18:11:08.584+0000 7f9877fff700 1 -- 172.21.15.37:0/2396061202 learned_addr learned my addr 172.21.15.37:0/2396061202 (peer_addr_for_me v2:172.21.15.37:0/0)
2024-04-23T18:11:14.795 INFO:teuthology.orchestra.run.smithi037.stdout:/usr/bin/ceph: stderr
2024-04-23T18:11:08.585+0000 7f9877fff700 1 -- 172.21.15.37:0/2396061202 --> [v2:172.21.15.37:3300/0,v1:172.21.15.37:6789/0] -- mon_subscribe({config=0+,monmap=0+}) -- 0x7f987819ca10 con 0x7f9878108570
2024-04-23T18:11:14.795 INFO:teuthology.orchestra.run.smithi037.stdout:/usr/bin/ceph: stderr
2024-04-23T18:11:08.585+0000 7f9877fff700 1 --2- 172.21.15.37:0/2396061202 >> [v2:172.21.15.37:3300/0,v1:172.21.15.37:6789/0] conn(0x7f9878108570 0x7f987819c4d0 secure :-1 s=READY pgs=27 cs=0 l=1 rev1=1 crypto rx=0x7f9868009fb0 tx=0x7f9868011940 comp rx=0 tx=0).ready entity=mon.0 client_cookie=0 server_cookie=0 in_seq=0 out_seq=0
2024-04-23T18:11:14.795 INFO:teuthology.orchestra.run.smithi037.stdout:/usr/bin/ceph: stderr
2024-04-23T18:11:08.585+0000 7f98757fa700 1 -- 172.21.15.37:0/2396061202 <== mon.0 v2:172.21.15.37:3300/0 1 ==== mon_map magic: 0 ==== 205+0+0 (secure 0 0 0) 0x7f98680036a0 con 0x7f9878108570
2024-04-23T18:11:14.795 INFO:teuthology.orchestra.run.smithi037.stdout:/usr/bin/ceph: stderr
2024-04-23T18:11:08.585+0000 7f98757fa700 1 -- 172.21.15.37:0/2396061202 <== mon.0 v2:172.21.15.37:3300/0 2 ==== config(26 keys) ==== 1070+0+0 (secure 0 0 0) 0x7f986801a430 con 0x7f9878108570
2024-04-23T18:11:14.795 INFO:teuthology.orchestra.run.smithi037.stdout:/usr/bin/ceph: stderr
2024-04-23T18:11:08.585+0000 7f987e836700 1 -- 172.21.15.37:0/2396061202 --> [v2:172.21.15.37:3300/0,v1:172.21.15.37:6789/0] -- mon_subscribe({mgrmap=0+}) -- 0x7f987819cca0 con 0x7f9878108570
2024-04-23T18:11:14.795 INFO:teuthology.orchestra.run.smithi037.stdout:/usr/bin/ceph: stderr
2024-04-23T18:11:08.585+0000 7f98757fa700 1 -- 172.21.15.37:0/2396061202 <== mon.0 v2:172.21.15.37:3300/0 3 ==== mon_map magic: 0 ==== 205+0+0 (secure 0 0 0) 0x7f9868019550 con 0x7f9878108570
2024-04-23T18:11:14.795 INFO:teuthology.orchestra.run.smithi037.stdout:/usr/bin/ceph: stderr
2024-04-23T18:11:08.585+0000 7f987e836700 1 -- 172.21.15.37:0/2396061202 --> [v2:172.21.15.37:3300/0,v1:172.21.15.37:6789/0] -- mon_subscribe({osdmap=0}) -- 0x7f987819f990 con 0x7f9878108570
2024-04-23T18:11:14.795 INFO:teuthology.orchestra.run.smithi037.stdout:/usr/bin/ceph: stderr
2024-04-23T18:11:08.586+0000 7f98757fa700 1 -- 172.21.15.37:0/2396061202 <== mon.0 v2:172.21.15.37:3300/0 4 ==== mgrmap(e 5) ==== 46558+0+0 (secure 0 0 0) 0x7f9868019800 con 0x7f9878108570
2024-04-23T18:11:14.795 INFO:teuthology.orchestra.run.smithi037.stdout:/usr/bin/ceph: stderr
2024-04-23T18:11:08.586+0000 7f98757fa700 1 --2- 172.21.15.37:0/2396061202 >> [v2:172.21.15.37:6800/1641631132,v1:172.21.15.37:6801/1641631132] conn(0x7f98600395b0 0x7f986003ba70 unknown :-1 s=NONE pgs=0 cs=0 l=1 rev1=0 crypto rx=0 tx=0 comp rx=0 tx=0).connect
2024-04-23T18:11:14.796 INFO:teuthology.orchestra.run.smithi037.stdout:/usr/bin/ceph: stderr
2024-04-23T18:11:08.586+0000 7f98757fa700 1 -- 172.21.15.37:0/2396061202 --> [v2:172.21.15.37:6800/1641631132,v1:172.21.15.37:6801/1641631132] -- command(tid 0: {"prefix": "get_command_descriptions"}) -- 0x7f986003c180 con 0x7f98600395b0
2024-04-23T18:11:14.796 INFO:teuthology.orchestra.run.smithi037.stdout:/usr/bin/ceph: stderr
2024-04-23T18:11:08.586+0000 7f98757fa700 1 -- 172.21.15.37:0/2396061202 <== mon.0 v2:172.21.15.37:3300/0 5 ==== osd_map(1..1 src has 1..1) ==== 725+0+0 (secure 0 0 0) 0x7f986804d870 con 0x7f9878108570
2024-04-23T18:11:14.796 INFO:teuthology.orchestra.run.smithi037.stdout:/usr/bin/ceph: stderr
2024-04-23T18:11:08.586+0000 7f98777fe700 1 -- 172.21.15.37:0/2396061202 >> [v2:172.21.15.37:6800/1641631132,v1:172.21.15.37:6801/1641631132] conn(0x7f98600395b0 msgr2=0x7f986003ba70 unknown :-1 s=STATE_CONNECTING_RE l=1).process reconnect failed to v2:172.21.15.37:6800/1641631132
2024-04-23T18:11:14.796 INFO:teuthology.orchestra.run.smithi037.stdout:/usr/bin/ceph: stderr
2024-04-23T18:11:08.586+0000 7f98777fe700 1 --2- 172.21.15.37:0/2396061202 >> [v2:172.21.15.37:6800/1641631132,v1:172.21.15.37:6801/1641631132] conn(0x7f98600395b0 0x7f986003ba70 unknown :-1 s=START_CONNECT pgs=0 cs=0 l=1 rev1=0 crypto rx=0 tx=0 comp rx=0 tx=0)._fault waiting 0.200000
2024-04-23T18:11:14.796 INFO:teuthology.orchestra.run.smithi037.stdout:/usr/bin/ceph: stderr
2024-04-23T18:11:08.787+0000 7f98777fe700 1 -- 172.21.15.37:0/2396061202 >> [v2:172.21.15.37:6800/1641631132,v1:172.21.15.37:6801/1641631132] conn(0x7f98600395b0 msgr2=0x7f986003ba70 unknown :-1 s=STATE_CONNECTING_RE l=1).process reconnect failed to v2:172.21.15.37:6800/1641631132
2024-04-23T18:11:14.796 INFO:teuthology.orchestra.run.smithi037.stdout:/usr/bin/ceph: stderr
2024-04-23T18:11:08.787+0000 7f98777fe700 1 --2- 172.21.15.37:0/2396061202 >> [v2:172.21.15.37:6800/1641631132,v1:172.21.15.37:6801/1641631132] conn(0x7f98600395b0 0x7f986003ba70 unknown :-1 s=START_CONNECT pgs=0 cs=0 l=1 rev1=0 crypto rx=0 tx=0 comp rx=0 tx=0)._fault waiting 0.400000
2024-04-23T18:11:14.796 INFO:teuthology.orchestra.run.smithi037.stdout:/usr/bin/ceph: stderr
2024-04-23T18:11:09.188+0000 7f98777fe700 1 -- 172.21.15.37:0/2396061202 >> [v2:172.21.15.37:6800/1641631132,v1:172.21.15.37:6801/1641631132] conn(0x7f98600395b0 msgr2=0x7f986003ba70 unknown :-1 s=STATE_CONNECTING_RE l=1).process reconnect failed to v2:172.21.15.37:6800/1641631132
2024-04-23T18:11:14.796 INFO:teuthology.orchestra.run.smithi037.stdout:/usr/bin/ceph: stderr
2024-04-23T18:11:09.188+0000 7f98777fe700 1 --2- 172.21.15.37:0/2396061202 >> [v2:172.21.15.37:6800/1641631132,v1:172.21.15.37:6801/1641631132] conn(0x7f98600395b0 0x7f986003ba70 unknown :-1 s=START_CONNECT pgs=0 cs=0 l=1 rev1=0 crypto rx=0 tx=0 comp rx=0 tx=0)._fault waiting 0.800000
2024-04-23T18:11:14.796 INFO:teuthology.orchestra.run.smithi037.stdout:/usr/bin/ceph: stderr
2024-04-23T18:11:09.989+0000 7f98777fe700 1 -- 172.21.15.37:0/2396061202 >> [v2:172.21.15.37:6800/1641631132,v1:172.21.15.37:6801/1641631132] conn(0x7f98600395b0 msgr2=0x7f986003ba70 unknown :-1 s=STATE_CONNECTING_RE l=1).process reconnect failed to v2:172.21.15.37:6800/1641631132
2024-04-23T18:11:14.796 INFO:teuthology.orchestra.run.smithi037.stdout:/usr/bin/ceph: stderr
2024-04-23T18:11:09.989+0000 7f98777fe700 1 --2- 172.21.15.37:0/2396061202 >> [v2:172.21.15.37:6800/1641631132,v1:172.21.15.37:6801/1641631132] conn(0x7f98600395b0 0x7f986003ba70 unknown :-1 s=START_CONNECT pgs=0 cs=0 l=1 rev1=0 crypto rx=0 tx=0 comp rx=0 tx=0)._fault waiting 1.600000
2024-04-23T18:11:14.796 INFO:teuthology.orchestra.run.smithi037.stdout:/usr/bin/ceph: stderr
2024-04-23T18:11:11.590+0000 7f98777fe700 1 -- 172.21.15.37:0/2396061202 >> [v2:172.21.15.37:6800/1641631132,v1:172.21.15.37:6801/1641631132] conn(0x7f98600395b0 msgr2=0x7f986003ba70 unknown :-1 s=STATE_CONNECTING_RE l=1).process reconnect failed to v2:172.21.15.37:6800/1641631132
2024-04-23T18:11:14.796 INFO:teuthology.orchestra.run.smithi037.stdout:/usr/bin/ceph: stderr
2024-04-23T18:11:11.590+0000 7f98777fe700 1 --2- 172.21.15.37:0/2396061202 >> [v2:172.21.15.37:6800/1641631132,v1:172.21.15.37:6801/1641631132] conn(0x7f98600395b0 0x7f986003ba70 unknown :-1 s=START_CONNECT pgs=0 cs=0 l=1 rev1=0 crypto rx=0 tx=0 comp rx=0 tx=0)._fault waiting 3.200000
2024-04-23T18:11:14.797 INFO:teuthology.orchestra.run.smithi037.stdout:/usr/bin/ceph: stderr
2024-04-23T18:11:13.317+0000 7f98757fa700 1 -- 172.21.15.37:0/2396061202 <== mon.0 v2:172.21.15.37:3300/0 6 ==== mgrmap(e 6) ==== 46325+0+0 (secure 0 0 0) 0x7f9868019b40 con 0x7f9878108570
2024-04-23T18:11:14.797 INFO:teuthology.orchestra.run.smithi037.stdout:/usr/bin/ceph: stderr
2024-04-23T18:11:13.317+0000 7f98757fa700 1 -- 172.21.15.37:0/2396061202 >> [v2:172.21.15.37:6800/1641631132,v1:172.21.15.37:6801/1641631132] conn(0x7f98600395b0 msgr2=0x7f986003ba70 unknown :-1 s=STATE_CONNECTING l=1).mark_down
2024-04-23T18:11:14.797 INFO:teuthology.orchestra.run.smithi037.stdout:/usr/bin/ceph: stderr
2024-04-23T18:11:13.317+0000 7f98757fa700 1 --2- 172.21.15.37:0/2396061202 >> [v2:172.21.15.37:6800/1641631132,v1:172.21.15.37:6801/1641631132] conn(0x7f98600395b0 0x7f986003ba70 unknown :-1 s=START_CONNECT pgs=0 cs=0 l=1 rev1=0 crypto rx=0 tx=0 comp rx=0 tx=0).stop
2024-04-23T18:11:14.797 INFO:teuthology.orchestra.run.smithi037.stdout:/usr/bin/ceph: stderr
2024-04-23T18:11:14.320+0000 7f98757fa700 1 -- 172.21.15.37:0/2396061202 <== mon.0 v2:172.21.15.37:3300/0 7 ==== mgrmap(e 7) ==== 46452+0+0 (secure 0 0 0) 0x7f9868018350 con 0x7f9878108570
2024-04-23T18:11:14.797 INFO:teuthology.orchestra.run.smithi037.stdout:/usr/bin/ceph: stderr
2024-04-23T18:11:14.320+0000 7f98757fa700 1 --2- 172.21.15.37:0/2396061202 >> [v2:172.21.15.37:6800/4000629980,v1:172.21.15.37:6801/4000629980] conn(0x7f986003cea0 0x7f986003f290 unknown :-1 s=NONE pgs=0 cs=0 l=1 rev1=0 crypto rx=0 tx=0 comp rx=0 tx=0).connect
2024-04-23T18:11:14.797 INFO:teuthology.orchestra.run.smithi037.stdout:/usr/bin/ceph: stderr
2024-04-23T18:11:14.320+0000 7f98757fa700 1 -- 172.21.15.37:0/2396061202 --> [v2:172.21.15.37:6800/4000629980,v1:172.21.15.37:6801/4000629980] -- command(tid 0: {"prefix": "get_command_descriptions"}) -- 0x7f986003c180 con 0x7f986003cea0
2024-04-23T18:11:14.797 INFO:teuthology.orchestra.run.smithi037.stdout:/usr/bin/ceph: stderr
2024-04-23T18:11:14.320+0000 7f98777fe700 1 --2- 172.21.15.37:0/2396061202 >> [v2:172.21.15.37:6800/4000629980,v1:172.21.15.37:6801/4000629980] conn(0x7f986003cea0 0x7f986003f290 unknown :-1 s=BANNER_CONNECTING pgs=0 cs=0 l=1 rev1=0 crypto rx=0 tx=0 comp rx=0 tx=0)._handle_peer_banner_payload supported=3 required=0
2024-04-23T18:11:14.797 INFO:teuthology.orchestra.run.smithi037.stdout:/usr/bin/ceph: stderr
2024-04-23T18:11:14.321+0000 7f98777fe700 1 --2- 172.21.15.37:0/2396061202 >> [v2:172.21.15.37:6800/4000629980,v1:172.21.15.37:6801/4000629980] conn(0x7f986003cea0 0x7f986003f290 secure :-1 s=READY pgs=1 cs=0 l=1 rev1=1 crypto rx=0x7f986c003a10 tx=0x7f986c0092b0 comp rx=0 tx=0).ready entity=mgr.14118 client_cookie=0 server_cookie=0 in_seq=0 out_seq=0
2024-04-23T18:11:14.797 INFO:teuthology.orchestra.run.smithi037.stdout:/usr/bin/ceph: stderr
2024-04-23T18:11:14.322+0000 7f98757fa700 1 -- 172.21.15.37:0/2396061202 <== mgr.14118 v2:172.21.15.37:6800/4000629980 1 ==== command_reply(tid 0: 0 ) ==== 8+0+7774 (secure 0 0 0) 0x7f986003c180 con 0x7f986003cea0
2024-04-23T18:11:14.797 INFO:teuthology.orchestra.run.smithi037.stdout:/usr/bin/ceph: stderr
2024-04-23T18:11:14.328+0000 7f987e836700 1 -- 172.21.15.37:0/2396061202 --> [v2:172.21.15.37:6800/4000629980,v1:172.21.15.37:6801/4000629980] -- command(tid 1: {"prefix": "mgr_status"}) -- 0x7f9878069ba0 con 0x7f986003cea0
2024-04-23T18:11:14.797 INFO:teuthology.orchestra.run.smithi037.stdout:/usr/bin/ceph: stderr
2024-04-23T18:11:14.329+0000 7f98757fa700 1 -- 172.21.15.37:0/2396061202 <== mgr.14118 v2:172.21.15.37:6800/4000629980 2 ==== command_reply(tid 1: 0 ) ==== 8+0+51 (secure 0 0 0) 0x7f9878069ba0 con 0x7f986003cea0
2024-04-23T18:11:14.797 INFO:teuthology.orchestra.run.smithi037.stdout:/usr/bin/ceph: stderr
2024-04-23T18:11:14.329+0000 7f987e836700 1 -- 172.21.15.37:0/2396061202 >> [v2:172.21.15.37:6800/4000629980,v1:172.21.15.37:6801/4000629980] conn(0x7f986003cea0 msgr2=0x7f986003f290 secure :-1 s=STATE_CONNECTION_ESTABLISHED l=1).mark_down
2024-04-23T18:11:14.797 INFO:teuthology.orchestra.run.smithi037.stdout:/usr/bin/ceph: stderr
2024-04-23T18:11:14.329+0000 7f987e836700 1 --2- 172.21.15.37:0/2396061202 >> [v2:172.21.15.37:6800/4000629980,v1:172.21.15.37:6801/4000629980] conn(0x7f986003cea0 0x7f986003f290 secure :-1 s=READY pgs=1 cs=0 l=1 rev1=1 crypto rx=0x7f986c003a10 tx=0x7f986c0092b0 comp rx=0 tx=0).stop
2024-04-23T18:11:14.797 INFO:teuthology.orchestra.run.smithi037.stdout:/usr/bin/ceph: stderr
2024-04-23T18:11:14.329+0000 7f987e836700 1 -- 172.21.15.37:0/2396061202 >> [v2:172.21.15.37:3300/0,v1:172.21.15.37:6789/0] conn(0x7f9878108570 msgr2=0x7f987819c4d0 secure :-1 s=STATE_CONNECTION_ESTABLISHED l=1).mark_down
2024-04-23T18:11:14.797 INFO:teuthology.orchestra.run.smithi037.stdout:/usr/bin/ceph: stderr
2024-04-23T18:11:14.329+0000 7f987e836700 1 --2- 172.21.15.37:0/2396061202 >> [v2:172.21.15.37:3300/0,v1:172.21.15.37:6789/0] conn(0x7f9878108570 0x7f987819c4d0 secure :-1 s=READY pgs=27 cs=0 l=1 rev1=1 crypto rx=0x7f9868009fb0 tx=0x7f9868011940 comp rx=0 tx=0).stop
2024-04-23T18:11:14.798 INFO:teuthology.orchestra.run.smithi037.stdout:/usr/bin/ceph: stderr
2024-04-23T18:11:14.329+0000 7f987e836700 1 -- 172.21.15.37:0/2396061202 shutdown_connections
2024-04-23T18:11:14.798 INFO:teuthology.orchestra.run.smithi037.stdout:/usr/bin/ceph: stderr
2024-04-23T18:11:14.329+0000 7f987e836700 1 --2- 172.21.15.37:0/2396061202 >> [v2:172.21.15.37:3300/0,v1:172.21.15.37:6789/0] conn(0x7f9878108570 0x7f987819c4d0 unknown :-1 s=CLOSED pgs=27 cs=0 l=1 rev1=1 crypto rx=0 tx=0 comp rx=0 tx=0).stop
2024-04-23T18:11:14.798 INFO:teuthology.orchestra.run.smithi037.stdout:/usr/bin/ceph: stderr
2024-04-23T18:11:14.329+0000 7f987e836700 1 --2- 172.21.15.37:0/2396061202 >> [v2:172.21.15.37:6800/4000629980,v1:172.21.15.37:6801/4000629980] conn(0x7f986003cea0 0x7f986003f290 unknown :-1 s=CLOSED pgs=1 cs=0 l=1 rev1=1 crypto rx=0 tx=0 comp rx=0 tx=0).stop
2024-04-23T18:11:14.798 INFO:teuthology.orchestra.run.smithi037.stdout:/usr/bin/ceph: stderr
2024-04-23T18:11:14.329+0000 7f987e836700 1 --2- 172.21.15.37:0/2396061202 >> [v2:172.21.15.37:6800/1641631132,v1:172.21.15.37:6801/1641631132] conn(0x7f98600395b0 0x7f986003ba70 unknown :-1 s=CLOSED pgs=0 cs=0 l=1 rev1=0 crypto rx=0 tx=0 comp rx=0 tx=0).stop
2024-04-23T18:11:14.798 INFO:teuthology.orchestra.run.smithi037.stdout:/usr/bin/ceph: stderr
2024-04-23T18:11:14.329+0000 7f987e836700 1 -- 172.21.15.37:0/2396061202 >> 172.21.15.37:0/2396061202 conn(0x7f9878103b70 msgr2=0x7f9878104720 unknown :-1 s=STATE_NONE l=0).mark_down
2024-04-23T18:11:14.798 INFO:teuthology.orchestra.run.smithi037.stdout:/usr/bin/ceph: stderr
2024-04-23T18:11:14.329+0000 7f987e836700 1 -- 172.21.15.37:0/2396061202 shutdown_connections
2024-04-23T18:11:14.798 INFO:teuthology.orchestra.run.smithi037.stdout:/usr/bin/ceph: stderr
2024-04-23T18:11:14.329+0000 7f987e836700 1 -- 172.21.15.37:0/2396061202 wait complete.
2024-04-23T18:11:14.798 INFO:teuthology.orchestra.run.smithi037.stdout:mgr epoch 5 is available
2024-04-23T18:11:14.798 INFO:teuthology.orchestra.run.smithi037.stdout:Setting orchestrator backend to cephadm...
2024-04-23T18:11:15.444 INFO:journalctl@ceph.mon.a.smithi037.stdout:Apr 23 18:11:15 smithi037 ceph-mon[29404]: from='client.14122 -' entity='client.admin' cmd=[{"prefix": "get_command_descriptions"}]: dispatch
2024-04-23T18:11:15.444 INFO:journalctl@ceph.mon.a.smithi037.stdout:Apr 23 18:11:15 smithi037 ceph-mon[29404]: from='client.14122 -' entity='client.admin' cmd=[{"prefix": "mgr_status"}]: dispatch
2024-04-23T18:11:15.444 INFO:journalctl@ceph.mon.a.smithi037.stdout:Apr 23 18:11:15 smithi037 ceph-mon[29404]: [23/Apr/2024:18:11:14] ENGINE Bus STARTING
2024-04-23T18:11:15.445 INFO:journalctl@ceph.mon.a.smithi037.stdout:Apr 23 18:11:15 smithi037 ceph-mon[29404]: [23/Apr/2024:18:11:14] ENGINE Serving on https://172.21.15.37:7150
2024-04-23T18:11:15.445 INFO:journalctl@ceph.mon.a.smithi037.stdout:Apr 23 18:11:15 smithi037 ceph-mon[29404]: [23/Apr/2024:18:11:15] ENGINE Serving on http://172.21.15.37:8765
2024-04-23T18:11:15.445 INFO:journalctl@ceph.mon.a.smithi037.stdout:Apr 23 18:11:15 smithi037 ceph-mon[29404]: [23/Apr/2024:18:11:15] ENGINE Bus STARTED
2024-04-23T18:11:15.445 INFO:journalctl@ceph.mon.a.smithi037.stdout:Apr 23 18:11:15 smithi037 ceph-mon[29404]: from='mgr.14118 172.21.15.37:0/2060125792' entity='mgr.x' cmd=[{"prefix": "config dump", "format": "json"}]: dispatch
2024-04-23T18:11:15.951 INFO:teuthology.orchestra.run.smithi037.stdout:/usr/bin/ceph: stderr
2024-04-23T18:11:15.211+0000 7fa05c014700 1 Processor -- start
2024-04-23T18:11:15.952 INFO:teuthology.orchestra.run.smithi037.stdout:/usr/bin/ceph: stderr
2024-04-23T18:11:15.211+0000 7fa05c014700 1 -- start start
2024-04-23T18:11:15.952 INFO:teuthology.orchestra.run.smithi037.stdout:/usr/bin/ceph: stderr
2024-04-23T18:11:15.211+0000 7fa05c014700 1 --2- >> [v2:172.21.15.37:3300/0,v1:172.21.15.37:6789/0] conn(0x7fa05407de40 0x7fa05407c2f0 unknown :-1 s=NONE pgs=0 cs=0 l=0 rev1=0 crypto rx=0 tx=0 comp rx=0 tx=0).connect
2024-04-23T18:11:15.952 INFO:teuthology.orchestra.run.smithi037.stdout:/usr/bin/ceph: stderr
2024-04-23T18:11:15.211+0000 7fa05c014700 1 -- --> [v2:172.21.15.37:3300/0,v1:172.21.15.37:6789/0] -- mon_getmap magic: 0 -- 0x7fa05407c830 con 0x7fa05407de40
2024-04-23T18:11:15.952 INFO:teuthology.orchestra.run.smithi037.stdout:/usr/bin/ceph: stderr
2024-04-23T18:11:15.211+0000 7fa059db0700 1 --2- >> [v2:172.21.15.37:3300/0,v1:172.21.15.37:6789/0] conn(0x7fa05407de40 0x7fa05407c2f0 unknown :-1 s=BANNER_CONNECTING pgs=0 cs=0 l=0 rev1=0 crypto rx=0 tx=0 comp rx=0 tx=0)._handle_peer_banner_payload supported=3 required=0
2024-04-23T18:11:15.952 INFO:teuthology.orchestra.run.smithi037.stdout:/usr/bin/ceph: stderr
2024-04-23T18:11:15.211+0000 7fa059db0700 1 --2- >> [v2:172.21.15.37:3300/0,v1:172.21.15.37:6789/0] conn(0x7fa05407de40 0x7fa05407c2f0 unknown :-1 s=HELLO_CONNECTING pgs=0 cs=0 l=0 rev1=1 crypto rx=0 tx=0 comp rx=0 tx=0).handle_hello peer v2:172.21.15.37:3300/0 says I am v2:172.21.15.37:53506/0 (socket says 172.21.15.37:53506)
2024-04-23T18:11:15.952 INFO:teuthology.orchestra.run.smithi037.stdout:/usr/bin/ceph: stderr
2024-04-23T18:11:15.211+0000 7fa059db0700 1 -- 172.21.15.37:0/2169296808 learned_addr learned my addr 172.21.15.37:0/2169296808 (peer_addr_for_me v2:172.21.15.37:0/0)
2024-04-23T18:11:15.952 INFO:teuthology.orchestra.run.smithi037.stdout:/usr/bin/ceph: stderr
2024-04-23T18:11:15.212+0000 7fa059db0700 1 -- 172.21.15.37:0/2169296808 --> [v2:172.21.15.37:3300/0,v1:172.21.15.37:6789/0] -- mon_subscribe({config=0+,monmap=0+}) -- 0x7fa05407c9b0 con 0x7fa05407de40
2024-04-23T18:11:15.952 INFO:teuthology.orchestra.run.smithi037.stdout:/usr/bin/ceph: stderr
2024-04-23T18:11:15.212+0000 7fa059db0700 1 --2- 172.21.15.37:0/2169296808 >> [v2:172.21.15.37:3300/0,v1:172.21.15.37:6789/0] conn(0x7fa05407de40 0x7fa05407c2f0 secure :-1 s=READY pgs=35 cs=0 l=1 rev1=1 crypto rx=0x7fa0500098a0 tx=0x7fa050009bb0 comp rx=0 tx=0).ready entity=mon.0 client_cookie=edf48005e633d9f4 server_cookie=0 in_seq=0 out_seq=0
2024-04-23T18:11:15.952 INFO:teuthology.orchestra.run.smithi037.stdout:/usr/bin/ceph: stderr
2024-04-23T18:11:15.212+0000 7fa058dae700 1 -- 172.21.15.37:0/2169296808 <== mon.0 v2:172.21.15.37:3300/0 1 ==== mon_map magic: 0 ==== 205+0+0 (secure 0 0 0) 0x7fa050004160 con 0x7fa05407de40
2024-04-23T18:11:15.952 INFO:teuthology.orchestra.run.smithi037.stdout:/usr/bin/ceph: stderr
2024-04-23T18:11:15.212+0000 7fa058dae700 1 -- 172.21.15.37:0/2169296808 <== mon.0 v2:172.21.15.37:3300/0 2 ==== config(26 keys) ==== 1070+0+0 (secure 0 0 0) 0x7fa050004300 con 0x7fa05407de40
2024-04-23T18:11:15.953 INFO:teuthology.orchestra.run.smithi037.stdout:/usr/bin/ceph: stderr
2024-04-23T18:11:15.212+0000 7fa058dae700 1 -- 172.21.15.37:0/2169296808 <== mon.0 v2:172.21.15.37:3300/0 3 ==== mon_map magic: 0 ==== 205+0+0 (secure 0 0 0) 0x7fa050011af0 con 0x7fa05407de40
2024-04-23T18:11:15.953 INFO:teuthology.orchestra.run.smithi037.stdout:/usr/bin/ceph: stderr
2024-04-23T18:11:15.212+0000 7fa05c014700 1 -- 172.21.15.37:0/2169296808 >> [v2:172.21.15.37:3300/0,v1:172.21.15.37:6789/0] conn(0x7fa05407de40 msgr2=0x7fa05407c2f0 secure :-1 s=STATE_CONNECTION_ESTABLISHED l=1).mark_down
2024-04-23T18:11:15.953 INFO:teuthology.orchestra.run.smithi037.stdout:/usr/bin/ceph: stderr
2024-04-23T18:11:15.212+0000 7fa05c014700 1 --2- 172.21.15.37:0/2169296808 >> [v2:172.21.15.37:3300/0,v1:172.21.15.37:6789/0] conn(0x7fa05407de40 0x7fa05407c2f0 secure :-1 s=READY pgs=35 cs=0 l=1 rev1=1 crypto rx=0x7fa0500098a0 tx=0x7fa050009bb0 comp rx=0 tx=0).stop
2024-04-23T18:11:15.953 INFO:teuthology.orchestra.run.smithi037.stdout:/usr/bin/ceph: stderr
2024-04-23T18:11:15.213+0000 7fa05c014700 1 -- 172.21.15.37:0/2169296808 shutdown_connections
2024-04-23T18:11:15.953 INFO:teuthology.orchestra.run.smithi037.stdout:/usr/bin/ceph: stderr
2024-04-23T18:11:15.213+0000 7fa05c014700 1 --2- 172.21.15.37:0/2169296808 >> [v2:172.21.15.37:3300/0,v1:172.21.15.37:6789/0] conn(0x7fa05407de40 0x7fa05407c2f0 unknown :-1 s=CLOSED pgs=35 cs=0 l=1 rev1=1 crypto rx=0 tx=0 comp rx=0 tx=0).stop
2024-04-23T18:11:15.953 INFO:teuthology.orchestra.run.smithi037.stdout:/usr/bin/ceph: stderr
2024-04-23T18:11:15.213+0000 7fa05c014700 1 -- 172.21.15.37:0/2169296808 >> 172.21.15.37:0/2169296808 conn(0x7fa054103b40 msgr2=0x7fa054105f60 unknown :-1 s=STATE_NONE l=0).mark_down
2024-04-23T18:11:15.953 INFO:teuthology.orchestra.run.smithi037.stdout:/usr/bin/ceph: stderr
2024-04-23T18:11:15.213+0000 7fa05c014700 1 -- 172.21.15.37:0/2169296808 shutdown_connections
2024-04-23T18:11:15.953 INFO:teuthology.orchestra.run.smithi037.stdout:/usr/bin/ceph: stderr
2024-04-23T18:11:15.213+0000 7fa05c014700 1 -- 172.21.15.37:0/2169296808 wait complete.
2024-04-23T18:11:15.953 INFO:teuthology.orchestra.run.smithi037.stdout:/usr/bin/ceph: stderr
2024-04-23T18:11:15.213+0000 7fa05c014700 1 Processor -- start
2024-04-23T18:11:15.953 INFO:teuthology.orchestra.run.smithi037.stdout:/usr/bin/ceph: stderr
2024-04-23T18:11:15.213+0000 7fa05c014700 1 -- start start
2024-04-23T18:11:15.957 INFO:teuthology.orchestra.run.smithi037.stdout:/usr/bin/ceph: stderr
2024-04-23T18:11:15.213+0000 7fa05c014700 1 --2- >> [v2:172.21.15.37:3300/0,v1:172.21.15.37:6789/0] conn(0x7fa05407de40 0x7fa05419e6d0 unknown :-1 s=NONE pgs=0 cs=0 l=1 rev1=0 crypto rx=0 tx=0 comp rx=0 tx=0).connect
2024-04-23T18:11:15.957 INFO:teuthology.orchestra.run.smithi037.stdout:/usr/bin/ceph: stderr
2024-04-23T18:11:15.213+0000 7fa05c014700 1 -- --> [v2:172.21.15.37:3300/0,v1:172.21.15.37:6789/0] -- mon_getmap magic: 0 -- 0x7fa05410ead0 con 0x7fa05407de40
2024-04-23T18:11:15.957 INFO:teuthology.orchestra.run.smithi037.stdout:/usr/bin/ceph: stderr
2024-04-23T18:11:15.214+0000 7fa059db0700 1 --2- >> [v2:172.21.15.37:3300/0,v1:172.21.15.37:6789/0] conn(0x7fa05407de40 0x7fa05419e6d0 unknown :-1 s=BANNER_CONNECTING pgs=0 cs=0 l=1 rev1=0 crypto rx=0 tx=0 comp rx=0 tx=0)._handle_peer_banner_payload supported=3 required=0
2024-04-23T18:11:15.957 INFO:teuthology.orchestra.run.smithi037.stdout:/usr/bin/ceph: stderr
2024-04-23T18:11:15.214+0000 7fa059db0700 1 --2- >> [v2:172.21.15.37:3300/0,v1:172.21.15.37:6789/0] conn(0x7fa05407de40 0x7fa05419e6d0 unknown :-1 s=HELLO_CONNECTING pgs=0 cs=0 l=1 rev1=1 crypto rx=0 tx=0 comp rx=0 tx=0).handle_hello peer v2:172.21.15.37:3300/0 says I am v2:172.21.15.37:53520/0 (socket says 172.21.15.37:53520)
2024-04-23T18:11:15.957 INFO:teuthology.orchestra.run.smithi037.stdout:/usr/bin/ceph: stderr
2024-04-23T18:11:15.214+0000 7fa059db0700 1 -- 172.21.15.37:0/4272298273 learned_addr learned my addr 172.21.15.37:0/4272298273 (peer_addr_for_me v2:172.21.15.37:0/0)
2024-04-23T18:11:15.958 INFO:teuthology.orchestra.run.smithi037.stdout:/usr/bin/ceph: stderr
2024-04-23T18:11:15.214+0000 7fa059db0700 1 -- 172.21.15.37:0/4272298273 --> [v2:172.21.15.37:3300/0,v1:172.21.15.37:6789/0] -- mon_subscribe({config=0+,monmap=0+}) -- 0x7fa05419ec10 con 0x7fa05407de40
2024-04-23T18:11:15.958 INFO:teuthology.orchestra.run.smithi037.stdout:/usr/bin/ceph: stderr
2024-04-23T18:11:15.214+0000 7fa059db0700 1 --2- 172.21.15.37:0/4272298273 >> [v2:172.21.15.37:3300/0,v1:172.21.15.37:6789/0] conn(0x7fa05407de40 0x7fa05419e6d0 secure :-1 s=READY pgs=36 cs=0 l=1 rev1=1 crypto rx=0x7fa050009fb0 tx=0x7fa050011940 comp rx=0 tx=0).ready entity=mon.0 client_cookie=0 server_cookie=0 in_seq=0 out_seq=0
2024-04-23T18:11:15.958 INFO:teuthology.orchestra.run.smithi037.stdout:/usr/bin/ceph: stderr
2024-04-23T18:11:15.214+0000 7fa04affd700 1 -- 172.21.15.37:0/4272298273 <== mon.0 v2:172.21.15.37:3300/0 1 ==== mon_map magic: 0 ==== 205+0+0 (secure 0 0 0) 0x7fa0500036a0 con 0x7fa05407de40
2024-04-23T18:11:15.958 INFO:teuthology.orchestra.run.smithi037.stdout:/usr/bin/ceph: stderr
2024-04-23T18:11:15.214+0000 7fa04affd700 1 -- 172.21.15.37:0/4272298273 <== mon.0 v2:172.21.15.37:3300/0 2 ==== config(26 keys) ==== 1070+0+0 (secure 0 0 0) 0x7fa05001a430 con 0x7fa05407de40
2024-04-23T18:11:15.958 INFO:teuthology.orchestra.run.smithi037.stdout:/usr/bin/ceph: stderr
2024-04-23T18:11:15.214+0000 7fa05c014700 1 -- 172.21.15.37:0/4272298273 --> [v2:172.21.15.37:3300/0,v1:172.21.15.37:6789/0] -- mon_subscribe({mgrmap=0+}) -- 0x7fa05419eea0 con 0x7fa05407de40
2024-04-23T18:11:15.958 INFO:teuthology.orchestra.run.smithi037.stdout:/usr/bin/ceph: stderr
2024-04-23T18:11:15.214+0000 7fa04affd700 1 -- 172.21.15.37:0/4272298273 <== mon.0 v2:172.21.15.37:3300/0 3 ==== mon_map magic: 0 ==== 205+0+0 (secure 0 0 0) 0x7fa050019550 con 0x7fa05407de40
2024-04-23T18:11:15.958 INFO:teuthology.orchestra.run.smithi037.stdout:/usr/bin/ceph: stderr
2024-04-23T18:11:15.214+0000 7fa05c014700 1 -- 172.21.15.37:0/4272298273 --> [v2:172.21.15.37:3300/0,v1:172.21.15.37:6789/0] -- mon_subscribe({osdmap=0}) -- 0x7fa0541a1b90 con 0x7fa05407de40
2024-04-23T18:11:15.958 INFO:teuthology.orchestra.run.smithi037.stdout:/usr/bin/ceph: stderr
2024-04-23T18:11:15.215+0000 7fa04affd700 1 -- 172.21.15.37:0/4272298273 <== mon.0 v2:172.21.15.37:3300/0 4 ==== mgrmap(e 7) ==== 46452+0+0 (secure 0 0 0) 0x7fa050019850 con 0x7fa05407de40
2024-04-23T18:11:15.958 INFO:teuthology.orchestra.run.smithi037.stdout:/usr/bin/ceph: stderr
2024-04-23T18:11:15.215+0000 7fa05c014700 1 -- 172.21.15.37:0/4272298273 --> [v2:172.21.15.37:3300/0,v1:172.21.15.37:6789/0] -- mon_command({"prefix": "get_command_descriptions"} v 0) -- 0x7fa0540640a0 con 0x7fa05407de40
2024-04-23T18:11:15.958 INFO:teuthology.orchestra.run.smithi037.stdout:/usr/bin/ceph: stderr
2024-04-23T18:11:15.215+0000 7fa04affd700 1 --2- 172.21.15.37:0/4272298273 >> [v2:172.21.15.37:6800/4000629980,v1:172.21.15.37:6801/4000629980] conn(0x7fa040039430 0x7fa04003b8f0 unknown :-1 s=NONE pgs=0 cs=0 l=1 rev1=0 crypto rx=0 tx=0 comp rx=0 tx=0).connect
2024-04-23T18:11:15.958 INFO:teuthology.orchestra.run.smithi037.stdout:/usr/bin/ceph: stderr
2024-04-23T18:11:15.215+0000 7fa04affd700 1 -- 172.21.15.37:0/4272298273 <== mon.0 v2:172.21.15.37:3300/0 5 ==== osd_map(2..2 src has 1..2) ==== 940+0+0 (secure 0 0 0) 0x7fa05004d720 con 0x7fa05407de40
2024-04-23T18:11:15.959 INFO:teuthology.orchestra.run.smithi037.stdout:/usr/bin/ceph: stderr
2024-04-23T18:11:15.215+0000 7fa0595af700 1 --2- 172.21.15.37:0/4272298273 >> [v2:172.21.15.37:6800/4000629980,v1:172.21.15.37:6801/4000629980] conn(0x7fa040039430 0x7fa04003b8f0 unknown :-1 s=BANNER_CONNECTING pgs=0 cs=0 l=1 rev1=0 crypto rx=0 tx=0 comp rx=0 tx=0)._handle_peer_banner_payload supported=3 required=0
2024-04-23T18:11:15.959 INFO:teuthology.orchestra.run.smithi037.stdout:/usr/bin/ceph: stderr
2024-04-23T18:11:15.216+0000 7fa0595af700 1 --2- 172.21.15.37:0/4272298273 >> [v2:172.21.15.37:6800/4000629980,v1:172.21.15.37:6801/4000629980] conn(0x7fa040039430 0x7fa04003b8f0 secure :-1 s=READY pgs=7 cs=0 l=1 rev1=1 crypto rx=0x7fa044006fd0 tx=0x7fa044006e40 comp rx=0 tx=0).ready entity=mgr.14118 client_cookie=0 server_cookie=0 in_seq=0 out_seq=0
2024-04-23T18:11:15.959 INFO:teuthology.orchestra.run.smithi037.stdout:/usr/bin/ceph: stderr
2024-04-23T18:11:15.221+0000 7fa04affd700 1 -- 172.21.15.37:0/4272298273 <== mon.0 v2:172.21.15.37:3300/0 6 ==== mon_command_ack([{"prefix": "get_command_descriptions"}]=0 v0) ==== 72+0+188370 (secure 0 0 0) 0x7fa05001a690 con 0x7fa05407de40
2024-04-23T18:11:15.959 INFO:teuthology.orchestra.run.smithi037.stdout:/usr/bin/ceph: stderr
2024-04-23T18:11:15.377+0000 7fa04affd700 1 -- 172.21.15.37:0/4272298273 <== mon.0 v2:172.21.15.37:3300/0 7 ==== mgrmap(e 8) ==== 46558+0+0 (secure 0 0 0) 0x7fa050023390 con 0x7fa05407de40
2024-04-23T18:11:15.959 INFO:teuthology.orchestra.run.smithi037.stdout:/usr/bin/ceph: stderr
2024-04-23T18:11:15.450+0000 7fa05c014700 1 -- 172.21.15.37:0/4272298273 --> [v2:172.21.15.37:6800/4000629980,v1:172.21.15.37:6801/4000629980] -- mgr_command(tid 0: {"prefix": "orch set backend", "module_name": "cephadm", "target": ["mon-mgr", ""]}) -- 0x7fa054104dc0 con 0x7fa040039430
