2024-04-23T18:13:40.889 INFO:teuthology.orchestra.run.smithi038.stdout:/usr/bin/ceph: stderr
2024-04-23T18:13:40.087+0000 7f2aa1479700 1 -- 172.21.15.38:0/3564457759 shutdown_connections
2024-04-23T18:13:40.889 INFO:teuthology.orchestra.run.smithi038.stdout:/usr/bin/ceph: stderr
2024-04-23T18:13:40.087+0000 7f2aa1479700 1 --2- 172.21.15.38:0/3564457759 >> [v2:172.21.15.38:3300/0,v1:172.21.15.38:6789/0] conn(0x7f2a9c108650 0x7f2a9c108a70 unknown :-1 s=CLOSED pgs=47 cs=0 l=1 rev1=1 crypto rx=0 tx=0 comp rx=0 tx=0).stop
2024-04-23T18:13:40.889 INFO:teuthology.orchestra.run.smithi038.stdout:/usr/bin/ceph: stderr
2024-04-23T18:13:40.087+0000 7f2aa1479700 1 -- 172.21.15.38:0/3564457759 >> 172.21.15.38:0/3564457759 conn(0x7f2a9c103cb0 msgr2=0x7f2a9c1060d0 unknown :-1 s=STATE_NONE l=0).mark_down
2024-04-23T18:13:40.889 INFO:teuthology.orchestra.run.smithi038.stdout:/usr/bin/ceph: stderr
2024-04-23T18:13:40.087+0000 7f2aa1479700 1 -- 172.21.15.38:0/3564457759 shutdown_connections
2024-04-23T18:13:40.889 INFO:teuthology.orchestra.run.smithi038.stdout:/usr/bin/ceph: stderr
2024-04-23T18:13:40.087+0000 7f2aa1479700 1 -- 172.21.15.38:0/3564457759 wait complete.
2024-04-23T18:13:40.890 INFO:teuthology.orchestra.run.smithi038.stdout:/usr/bin/ceph: stderr
2024-04-23T18:13:40.088+0000 7f2aa1479700 1 Processor -- start
2024-04-23T18:13:40.890 INFO:teuthology.orchestra.run.smithi038.stdout:/usr/bin/ceph: stderr
2024-04-23T18:13:40.088+0000 7f2aa1479700 1 -- start start
2024-04-23T18:13:40.890 INFO:teuthology.orchestra.run.smithi038.stdout:/usr/bin/ceph: stderr
2024-04-23T18:13:40.088+0000 7f2aa1479700 1 --2- >> [v2:172.21.15.38:3300/0,v1:172.21.15.38:6789/0] conn(0x7f2a9c108650 0x7f2a9c19c420 unknown :-1 s=NONE pgs=0 cs=0 l=1 rev1=0 crypto rx=0 tx=0 comp rx=0 tx=0).connect
2024-04-23T18:13:40.890 INFO:teuthology.orchestra.run.smithi038.stdout:/usr/bin/ceph: stderr
2024-04-23T18:13:40.088+0000 7f2aa1479700 1 -- --> [v2:172.21.15.38:3300/0,v1:172.21.15.38:6789/0] -- mon_getmap magic: 0 -- 0x7f2a9c10cbb0 con 0x7f2a9c108650
2024-04-23T18:13:40.890 INFO:teuthology.orchestra.run.smithi038.stdout:/usr/bin/ceph: stderr
2024-04-23T18:13:40.088+0000 7f2a9affd700 1 --2- >> [v2:172.21.15.38:3300/0,v1:172.21.15.38:6789/0] conn(0x7f2a9c108650 0x7f2a9c19c420 unknown :-1 s=BANNER_CONNECTING pgs=0 cs=0 l=1 rev1=0 crypto rx=0 tx=0 comp rx=0 tx=0)._handle_peer_banner_payload supported=3 required=0
2024-04-23T18:13:40.890 INFO:teuthology.orchestra.run.smithi038.stdout:/usr/bin/ceph: stderr
2024-04-23T18:13:40.088+0000 7f2a9affd700 1 --2- >> [v2:172.21.15.38:3300/0,v1:172.21.15.38:6789/0] conn(0x7f2a9c108650 0x7f2a9c19c420 unknown :-1 s=HELLO_CONNECTING pgs=0 cs=0 l=1 rev1=1 crypto rx=0 tx=0 comp rx=0 tx=0).handle_hello peer v2:172.21.15.38:3300/0 says I am v2:172.21.15.38:40630/0 (socket says 172.21.15.38:40630)
2024-04-23T18:13:40.890 INFO:teuthology.orchestra.run.smithi038.stdout:/usr/bin/ceph: stderr
2024-04-23T18:13:40.088+0000 7f2a9affd700 1 -- 172.21.15.38:0/226991751 learned_addr learned my addr 172.21.15.38:0/226991751 (peer_addr_for_me v2:172.21.15.38:0/0)
2024-04-23T18:13:40.890 INFO:teuthology.orchestra.run.smithi038.stdout:/usr/bin/ceph: stderr
2024-04-23T18:13:40.089+0000 7f2a9affd700 1 -- 172.21.15.38:0/226991751 --> [v2:172.21.15.38:3300/0,v1:172.21.15.38:6789/0] -- mon_subscribe({config=0+,monmap=0+}) -- 0x7f2a9c19c960 con 0x7f2a9c108650
2024-04-23T18:13:40.890 INFO:teuthology.orchestra.run.smithi038.stdout:/usr/bin/ceph: stderr
2024-04-23T18:13:40.089+0000 7f2a9affd700 1 --2- 172.21.15.38:0/226991751 >> [v2:172.21.15.38:3300/0,v1:172.21.15.38:6789/0] conn(0x7f2a9c108650 0x7f2a9c19c420 secure :-1 s=READY pgs=48 cs=0 l=1 rev1=1 crypto rx=0x7f2a8c006af0 tx=0x7f2a8c011c10 comp rx=0 tx=0).ready entity=mon.0 client_cookie=0 server_cookie=0 in_seq=0 out_seq=0
2024-04-23T18:13:40.890 INFO:teuthology.orchestra.run.smithi038.stdout:/usr/bin/ceph: stderr
2024-04-23T18:13:40.089+0000 7f2a83fff700 1 -- 172.21.15.38:0/226991751 <== mon.0 v2:172.21.15.38:3300/0 1 ==== mon_map magic: 0 ==== 205+0+0 (secure 0 0 0) 0x7f2a8c003930 con 0x7f2a9c108650
2024-04-23T18:13:40.890 INFO:teuthology.orchestra.run.smithi038.stdout:/usr/bin/ceph: stderr
2024-04-23T18:13:40.089+0000 7f2aa1479700 1 -- 172.21.15.38:0/226991751 --> [v2:172.21.15.38:3300/0,v1:172.21.15.38:6789/0] -- mon_subscribe({mgrmap=0+}) -- 0x7f2a9c19cbf0 con 0x7f2a9c108650
2024-04-23T18:13:40.890 INFO:teuthology.orchestra.run.smithi038.stdout:/usr/bin/ceph: stderr
2024-04-23T18:13:40.089+0000 7f2a83fff700 1 -- 172.21.15.38:0/226991751 <== mon.0 v2:172.21.15.38:3300/0 2 ==== config(27 keys) ==== 1104+0+0 (secure 0 0 0) 0x7f2a8c003ad0 con 0x7f2a9c108650
2024-04-23T18:13:40.890 INFO:teuthology.orchestra.run.smithi038.stdout:/usr/bin/ceph: stderr
2024-04-23T18:13:40.089+0000 7f2a83fff700 1 -- 172.21.15.38:0/226991751 <== mon.0 v2:172.21.15.38:3300/0 3 ==== mon_map magic: 0 ==== 205+0+0 (secure 0 0 0) 0x7f2a8c019610 con 0x7f2a9c108650
2024-04-23T18:13:40.891 INFO:teuthology.orchestra.run.smithi038.stdout:/usr/bin/ceph: stderr
2024-04-23T18:13:40.089+0000 7f2aa1479700 1 -- 172.21.15.38:0/226991751 --> [v2:172.21.15.38:3300/0,v1:172.21.15.38:6789/0] -- mon_subscribe({osdmap=0}) -- 0x7f2a9c19d050 con 0x7f2a9c108650
2024-04-23T18:13:40.891 INFO:teuthology.orchestra.run.smithi038.stdout:/usr/bin/ceph: stderr
2024-04-23T18:13:40.090+0000 7f2a83fff700 1 -- 172.21.15.38:0/226991751 <== mon.0 v2:172.21.15.38:3300/0 4 ==== mgrmap(e 8) ==== 46558+0+0 (secure 0 0 0) 0x7f2a8c019910 con 0x7f2a9c108650
2024-04-23T18:13:40.891 INFO:teuthology.orchestra.run.smithi038.stdout:/usr/bin/ceph: stderr
2024-04-23T18:13:40.090+0000 7f2a83fff700 1 --2- 172.21.15.38:0/226991751 >> [v2:172.21.15.38:6800/2665135878,v1:172.21.15.38:6801/2665135878] conn(0x7f2a84039620 0x7f2a8403bae0 unknown :-1 s=NONE pgs=0 cs=0 l=1 rev1=0 crypto rx=0 tx=0 comp rx=0 tx=0).connect
2024-04-23T18:13:40.891 INFO:teuthology.orchestra.run.smithi038.stdout:/usr/bin/ceph: stderr
2024-04-23T18:13:40.090+0000 7f2aa1479700 1 -- 172.21.15.38:0/226991751 --> [v2:172.21.15.38:3300/0,v1:172.21.15.38:6789/0] -- mon_command({"prefix": "get_command_descriptions"} v 0) -- 0x7f2a9c0640a0 con 0x7f2a9c108650
2024-04-23T18:13:40.891 INFO:teuthology.orchestra.run.smithi038.stdout:/usr/bin/ceph: stderr
2024-04-23T18:13:40.090+0000 7f2a83fff700 1 -- 172.21.15.38:0/226991751 <== mon.0 v2:172.21.15.38:3300/0 5 ==== osd_map(2..2 src has 1..2) ==== 940+0+0 (secure 0 0 0) 0x7f2a8c04db20 con 0x7f2a9c108650
2024-04-23T18:13:40.891 INFO:teuthology.orchestra.run.smithi038.stdout:/usr/bin/ceph: stderr
2024-04-23T18:13:40.090+0000 7f2a9a7fc700 1 --2- 172.21.15.38:0/226991751 >> [v2:172.21.15.38:6800/2665135878,v1:172.21.15.38:6801/2665135878] conn(0x7f2a84039620 0x7f2a8403bae0 unknown :-1 s=BANNER_CONNECTING pgs=0 cs=0 l=1 rev1=0 crypto rx=0 tx=0 comp rx=0 tx=0)._handle_peer_banner_payload supported=3 required=0
2024-04-23T18:13:40.891 INFO:teuthology.orchestra.run.smithi038.stdout:/usr/bin/ceph: stderr
2024-04-23T18:13:40.091+0000 7f2a9a7fc700 1 --2- 172.21.15.38:0/226991751 >> [v2:172.21.15.38:6800/2665135878,v1:172.21.15.38:6801/2665135878] conn(0x7f2a84039620 0x7f2a8403bae0 secure :-1 s=READY pgs=12 cs=0 l=1 rev1=1 crypto rx=0x7f2a90006fd0 tx=0x7f2a90006e40 comp rx=0 tx=0).ready entity=mgr.14120 client_cookie=0 server_cookie=0 in_seq=0 out_seq=0
2024-04-23T18:13:40.891 INFO:teuthology.orchestra.run.smithi038.stdout:/usr/bin/ceph: stderr
2024-04-23T18:13:40.095+0000 7f2a83fff700 1 -- 172.21.15.38:0/226991751 <== mon.0 v2:172.21.15.38:3300/0 6 ==== mon_command_ack([{"prefix": "get_command_descriptions"}]=0 v0) ==== 72+0+188370 (secure 0 0 0) 0x7f2a8c011e20 con 0x7f2a9c108650
2024-04-23T18:13:40.891 INFO:teuthology.orchestra.run.smithi038.stdout:/usr/bin/ceph: stderr
2024-04-23T18:13:40.317+0000 7f2aa1479700 1 -- 172.21.15.38:0/226991751 --> [v2:172.21.15.38:6800/2665135878,v1:172.21.15.38:6801/2665135878] -- mgr_command(tid 0: {"prefix": "orch apply", "service_type": "mon", "unmanaged": true, "target": ["mon-mgr", ""]}) -- 0x7f2a9c19f9a0 con 0x7f2a84039620
2024-04-23T18:13:40.891 INFO:teuthology.orchestra.run.smithi038.stdout:/usr/bin/ceph: stderr
2024-04-23T18:13:40.322+0000 7f2a83fff700 1 -- 172.21.15.38:0/226991751 <== mgr.14120 v2:172.21.15.38:6800/2665135878 1 ==== mgr_command_reply(tid 0: 0 ) ==== 8+0+24 (secure 0 0 0) 0x7f2a9c19f9a0 con 0x7f2a84039620
2024-04-23T18:13:40.891 INFO:teuthology.orchestra.run.smithi038.stdout:/usr/bin/ceph: stderr
2024-04-23T18:13:40.324+0000 7f2aa1479700 1 -- 172.21.15.38:0/226991751 >> [v2:172.21.15.38:6800/2665135878,v1:172.21.15.38:6801/2665135878] conn(0x7f2a84039620 msgr2=0x7f2a8403bae0 secure :-1 s=STATE_CONNECTION_ESTABLISHED l=1).mark_down
2024-04-23T18:13:40.892 INFO:teuthology.orchestra.run.smithi038.stdout:/usr/bin/ceph: stderr
2024-04-23T18:13:40.324+0000 7f2aa1479700 1 --2- 172.21.15.38:0/226991751 >> [v2:172.21.15.38:6800/2665135878,v1:172.21.15.38:6801/2665135878] conn(0x7f2a84039620 0x7f2a8403bae0 secure :-1 s=READY pgs=12 cs=0 l=1 rev1=1 crypto rx=0x7f2a90006fd0 tx=0x7f2a90006e40 comp rx=0 tx=0).stop
2024-04-23T18:13:40.892 INFO:teuthology.orchestra.run.smithi038.stdout:/usr/bin/ceph: stderr
2024-04-23T18:13:40.324+0000 7f2aa1479700 1 -- 172.21.15.38:0/226991751 >> [v2:172.21.15.38:3300/0,v1:172.21.15.38:6789/0] conn(0x7f2a9c108650 msgr2=0x7f2a9c19c420 secure :-1 s=STATE_CONNECTION_ESTABLISHED l=1).mark_down
2024-04-23T18:13:40.892 INFO:teuthology.orchestra.run.smithi038.stdout:/usr/bin/ceph: stderr
2024-04-23T18:13:40.324+0000 7f2aa1479700 1 --2- 172.21.15.38:0/226991751 >> [v2:172.21.15.38:3300/0,v1:172.21.15.38:6789/0] conn(0x7f2a9c108650 0x7f2a9c19c420 secure :-1 s=READY pgs=48 cs=0 l=1 rev1=1 crypto rx=0x7f2a8c006af0 tx=0x7f2a8c011c10 comp rx=0 tx=0).stop
2024-04-23T18:13:40.892 INFO:teuthology.orchestra.run.smithi038.stdout:/usr/bin/ceph: stderr
2024-04-23T18:13:40.324+0000 7f2aa1479700 1 -- 172.21.15.38:0/226991751 shutdown_connections
2024-04-23T18:13:40.892 INFO:teuthology.orchestra.run.smithi038.stdout:/usr/bin/ceph: stderr
2024-04-23T18:13:40.324+0000 7f2aa1479700 1 --2- 172.21.15.38:0/226991751 >> [v2:172.21.15.38:6800/2665135878,v1:172.21.15.38:6801/2665135878] conn(0x7f2a84039620 0x7f2a8403bae0 unknown :-1 s=CLOSED pgs=12 cs=0 l=1 rev1=1 crypto rx=0 tx=0 comp rx=0 tx=0).stop
2024-04-23T18:13:40.892 INFO:teuthology.orchestra.run.smithi038.stdout:/usr/bin/ceph: stderr
2024-04-23T18:13:40.324+0000 7f2aa1479700 1 --2- 172.21.15.38:0/226991751 >> [v2:172.21.15.38:3300/0,v1:172.21.15.38:6789/0] conn(0x7f2a9c108650 0x7f2a9c19c420 unknown :-1 s=CLOSED pgs=48 cs=0 l=1 rev1=1 crypto rx=0 tx=0 comp rx=0 tx=0).stop
2024-04-23T18:13:40.892 INFO:teuthology.orchestra.run.smithi038.stdout:/usr/bin/ceph: stderr
2024-04-23T18:13:40.324+0000 7f2aa1479700 1 -- 172.21.15.38:0/226991751 >> 172.21.15.38:0/226991751 conn(0x7f2a9c103cb0 msgr2=0x7f2a9c1046b0 unknown :-1 s=STATE_NONE l=0).mark_down
2024-04-23T18:13:40.892 INFO:teuthology.orchestra.run.smithi038.stdout:/usr/bin/ceph: stderr
2024-04-23T18:13:40.325+0000 7f2aa1479700 1 -- 172.21.15.38:0/226991751 shutdown_connections
2024-04-23T18:13:40.892 INFO:teuthology.orchestra.run.smithi038.stdout:/usr/bin/ceph: stderr
2024-04-23T18:13:40.325+0000 7f2aa1479700 1 -- 172.21.15.38:0/226991751 wait complete.
2024-04-23T18:13:40.892 INFO:teuthology.orchestra.run.smithi038.stdout:Deploying unmanaged mgr service...
2024-04-23T18:13:41.409 INFO:journalctl@ceph.mon.a.smithi038.stdout:Apr 23 18:13:41 smithi038 ceph-mon[29217]: from='client.14142 -' entity='client.admin' cmd=[{"prefix": "orch apply", "service_type": "mon", "unmanaged": true, "target": ["mon-mgr", ""]}]: dispatch
2024-04-23T18:13:41.409 INFO:journalctl@ceph.mon.a.smithi038.stdout:Apr 23 18:13:41 smithi038 ceph-mon[29217]: Saving service mon spec with placement count:5
2024-04-23T18:13:41.409 INFO:journalctl@ceph.mon.a.smithi038.stdout:Apr 23 18:13:41 smithi038 ceph-mon[29217]: from='mgr.14120 172.21.15.38:0/3818849755' entity='mgr.x'
2024-04-23T18:13:43.112 INFO:journalctl@ceph.mon.a.smithi038.stdout:Apr 23 18:13:42 smithi038 ceph-mon[29217]: from='mgr.14120 172.21.15.38:0/3818849755' entity='mgr.x'
2024-04-23T18:13:43.112 INFO:journalctl@ceph.mon.a.smithi038.stdout:Apr 23 18:13:42 smithi038 ceph-mon[29217]: from='mgr.14120 172.21.15.38:0/3818849755' entity='mgr.x'
2024-04-23T18:13:43.112 INFO:journalctl@ceph.mon.a.smithi038.stdout:Apr 23 18:13:42 smithi038 ceph-mon[29217]: from='mgr.14120 172.21.15.38:0/3818849755' entity='mgr.x'
2024-04-23T18:13:43.120 INFO:teuthology.orchestra.run.smithi038.stdout:/usr/bin/ceph: stdout Scheduled mgr update...
2024-04-23T18:13:43.120 INFO:teuthology.orchestra.run.smithi038.stdout:/usr/bin/ceph: stderr
2024-04-23T18:13:42.289+0000 7f5e68137700 1 Processor -- start
2024-04-23T18:13:43.120 INFO:teuthology.orchestra.run.smithi038.stdout:/usr/bin/ceph: stderr
2024-04-23T18:13:42.289+0000 7f5e68137700 1 -- start start
2024-04-23T18:13:43.121 INFO:teuthology.orchestra.run.smithi038.stdout:/usr/bin/ceph: stderr
2024-04-23T18:13:42.289+0000 7f5e68137700 1 --2- >> [v2:172.21.15.38:3300/0,v1:172.21.15.38:6789/0] conn(0x7f5e60106880 0x7f5e60106ca0 unknown :-1 s=NONE pgs=0 cs=0 l=0 rev1=0 crypto rx=0 tx=0 comp rx=0 tx=0).connect
2024-04-23T18:13:43.121 INFO:teuthology.orchestra.run.smithi038.stdout:/usr/bin/ceph: stderr
2024-04-23T18:13:42.289+0000 7f5e68137700 1 -- --> [v2:172.21.15.38:3300/0,v1:172.21.15.38:6789/0] -- mon_getmap magic: 0 -- 0x7f5e60107270 con 0x7f5e60106880
2024-04-23T18:13:43.121 INFO:teuthology.orchestra.run.smithi038.stdout:/usr/bin/ceph: stderr
2024-04-23T18:13:42.290+0000 7f5e65ed3700 1 --2- >> [v2:172.21.15.38:3300/0,v1:172.21.15.38:6789/0] conn(0x7f5e60106880 0x7f5e60106ca0 unknown :-1 s=BANNER_CONNECTING pgs=0 cs=0 l=0 rev1=0 crypto rx=0 tx=0 comp rx=0 tx=0)._handle_peer_banner_payload supported=3 required=0
2024-04-23T18:13:43.121 INFO:teuthology.orchestra.run.smithi038.stdout:/usr/bin/ceph: stderr
2024-04-23T18:13:42.290+0000 7f5e65ed3700 1 --2- >> [v2:172.21.15.38:3300/0,v1:172.21.15.38:6789/0] conn(0x7f5e60106880 0x7f5e60106ca0 unknown :-1 s=HELLO_CONNECTING pgs=0 cs=0 l=0 rev1=1 crypto rx=0 tx=0 comp rx=0 tx=0).handle_hello peer v2:172.21.15.38:3300/0 says I am v2:172.21.15.38:40646/0 (socket says 172.21.15.38:40646)
2024-04-23T18:13:43.121 INFO:teuthology.orchestra.run.smithi038.stdout:/usr/bin/ceph: stderr
2024-04-23T18:13:42.290+0000 7f5e65ed3700 1 -- 172.21.15.38:0/4110091764 learned_addr learned my addr 172.21.15.38:0/4110091764 (peer_addr_for_me v2:172.21.15.38:0/0)
2024-04-23T18:13:43.121 INFO:teuthology.orchestra.run.smithi038.stdout:/usr/bin/ceph: stderr
2024-04-23T18:13:42.290+0000 7f5e65ed3700 1 -- 172.21.15.38:0/4110091764 --> [v2:172.21.15.38:3300/0,v1:172.21.15.38:6789/0] -- mon_subscribe({config=0+,monmap=0+}) -- 0x7f5e601098b0 con 0x7f5e60106880
2024-04-23T18:13:43.121 INFO:teuthology.orchestra.run.smithi038.stdout:/usr/bin/ceph: stderr
2024-04-23T18:13:42.290+0000 7f5e65ed3700 1 --2- 172.21.15.38:0/4110091764 >> [v2:172.21.15.38:3300/0,v1:172.21.15.38:6789/0] conn(0x7f5e60106880 0x7f5e60106ca0 secure :-1 s=READY pgs=49 cs=0 l=1 rev1=1 crypto rx=0x7f5e5c0098a0 tx=0x7f5e5c009bb0 comp rx=0 tx=0).ready entity=mon.0 client_cookie=307bc0935751da2b server_cookie=0 in_seq=0 out_seq=0
2024-04-23T18:13:43.121 INFO:teuthology.orchestra.run.smithi038.stdout:/usr/bin/ceph: stderr
2024-04-23T18:13:42.290+0000 7f5e64ed1700 1 -- 172.21.15.38:0/4110091764 <== mon.0 v2:172.21.15.38:3300/0 1 ==== mon_map magic: 0 ==== 205+0+0 (secure 0 0 0) 0x7f5e5c004160 con 0x7f5e60106880
2024-04-23T18:13:43.121 INFO:teuthology.orchestra.run.smithi038.stdout:/usr/bin/ceph: stderr
2024-04-23T18:13:42.290+0000 7f5e64ed1700 1 -- 172.21.15.38:0/4110091764 <== mon.0 v2:172.21.15.38:3300/0 2 ==== config(27 keys) ==== 1135+0+0 (secure 0 0 0) 0x7f5e5c004300 con 0x7f5e60106880
2024-04-23T18:13:43.121 INFO:teuthology.orchestra.run.smithi038.stdout:/usr/bin/ceph: stderr
2024-04-23T18:13:42.290+0000 7f5e64ed1700 1 -- 172.21.15.38:0/4110091764 <== mon.0 v2:172.21.15.38:3300/0 3 ==== mon_map magic: 0 ==== 205+0+0 (secure 0 0 0) 0x7f5e5c011af0 con 0x7f5e60106880
2024-04-23T18:13:43.122 INFO:teuthology.orchestra.run.smithi038.stdout:/usr/bin/ceph: stderr
2024-04-23T18:13:42.291+0000 7f5e68137700 1 -- 172.21.15.38:0/4110091764 >> [v2:172.21.15.38:3300/0,v1:172.21.15.38:6789/0] conn(0x7f5e60106880 msgr2=0x7f5e60106ca0 secure :-1 s=STATE_CONNECTION_ESTABLISHED l=1).mark_down
2024-04-23T18:13:43.122 INFO:teuthology.orchestra.run.smithi038.stdout:/usr/bin/ceph: stderr
2024-04-23T18:13:42.291+0000 7f5e68137700 1 --2- 172.21.15.38:0/4110091764 >> [v2:172.21.15.38:3300/0,v1:172.21.15.38:6789/0] conn(0x7f5e60106880 0x7f5e60106ca0 secure :-1 s=READY pgs=49 cs=0 l=1 rev1=1 crypto rx=0x7f5e5c0098a0 tx=0x7f5e5c009bb0 comp rx=0 tx=0).stop
2024-04-23T18:13:43.122 INFO:teuthology.orchestra.run.smithi038.stdout:/usr/bin/ceph: stderr
2024-04-23T18:13:42.291+0000 7f5e68137700 1 -- 172.21.15.38:0/4110091764 shutdown_connections
2024-04-23T18:13:43.122 INFO:teuthology.orchestra.run.smithi038.stdout:/usr/bin/ceph: stderr
2024-04-23T18:13:42.291+0000 7f5e68137700 1 --2- 172.21.15.38:0/4110091764 >> [v2:172.21.15.38:3300/0,v1:172.21.15.38:6789/0] conn(0x7f5e60106880 0x7f5e60106ca0 unknown :-1 s=CLOSED pgs=49 cs=0 l=1 rev1=1 crypto rx=0 tx=0 comp rx=0 tx=0).stop
2024-04-23T18:13:43.122 INFO:teuthology.orchestra.run.smithi038.stdout:/usr/bin/ceph: stderr
2024-04-23T18:13:42.291+0000 7f5e68137700 1 -- 172.21.15.38:0/4110091764 >> 172.21.15.38:0/4110091764 conn(0x7f5e601021b0 msgr2=0x7f5e601045f0 unknown :-1 s=STATE_NONE l=0).mark_down
2024-04-23T18:13:43.122 INFO:teuthology.orchestra.run.smithi038.stdout:/usr/bin/ceph: stderr
2024-04-23T18:13:42.291+0000 7f5e68137700 1 -- 172.21.15.38:0/4110091764 shutdown_connections
2024-04-23T18:13:43.122 INFO:teuthology.orchestra.run.smithi038.stdout:/usr/bin/ceph: stderr
2024-04-23T18:13:42.291+0000 7f5e68137700 1 -- 172.21.15.38:0/4110091764 wait complete.
2024-04-23T18:13:43.122 INFO:teuthology.orchestra.run.smithi038.stdout:/usr/bin/ceph: stderr
2024-04-23T18:13:42.292+0000 7f5e68137700 1 Processor -- start
2024-04-23T18:13:43.122 INFO:teuthology.orchestra.run.smithi038.stdout:/usr/bin/ceph: stderr
2024-04-23T18:13:42.292+0000 7f5e68137700 1 -- start start
2024-04-23T18:13:43.122 INFO:teuthology.orchestra.run.smithi038.stdout:/usr/bin/ceph: stderr
2024-04-23T18:13:42.292+0000 7f5e68137700 1 --2- >> [v2:172.21.15.38:3300/0,v1:172.21.15.38:6789/0] conn(0x7f5e60106880 0x7f5e6019c450 unknown :-1 s=NONE pgs=0 cs=0 l=1 rev1=0 crypto rx=0 tx=0 comp rx=0 tx=0).connect
2024-04-23T18:13:43.122 INFO:teuthology.orchestra.run.smithi038.stdout:/usr/bin/ceph: stderr
2024-04-23T18:13:42.292+0000 7f5e68137700 1 -- --> [v2:172.21.15.38:3300/0,v1:172.21.15.38:6789/0] -- mon_getmap magic: 0 -- 0x7f5e6010cae0 con 0x7f5e60106880
2024-04-23T18:13:43.122 INFO:teuthology.orchestra.run.smithi038.stdout:/usr/bin/ceph: stderr
2024-04-23T18:13:42.292+0000 7f5e65ed3700 1 --2- >> [v2:172.21.15.38:3300/0,v1:172.21.15.38:6789/0] conn(0x7f5e60106880 0x7f5e6019c450 unknown :-1 s=BANNER_CONNECTING pgs=0 cs=0 l=1 rev1=0 crypto rx=0 tx=0 comp rx=0 tx=0)._handle_peer_banner_payload supported=3 required=0
2024-04-23T18:13:43.122 INFO:teuthology.orchestra.run.smithi038.stdout:/usr/bin/ceph: stderr
2024-04-23T18:13:42.292+0000 7f5e65ed3700 1 --2- >> [v2:172.21.15.38:3300/0,v1:172.21.15.38:6789/0] conn(0x7f5e60106880 0x7f5e6019c450 unknown :-1 s=HELLO_CONNECTING pgs=0 cs=0 l=1 rev1=1 crypto rx=0 tx=0 comp rx=0 tx=0).handle_hello peer v2:172.21.15.38:3300/0 says I am v2:172.21.15.38:40658/0 (socket says 172.21.15.38:40658)
2024-04-23T18:13:43.123 INFO:teuthology.orchestra.run.smithi038.stdout:/usr/bin/ceph: stderr
2024-04-23T18:13:42.292+0000 7f5e65ed3700 1 -- 172.21.15.38:0/4053200854 learned_addr learned my addr 172.21.15.38:0/4053200854 (peer_addr_for_me v2:172.21.15.38:0/0)
2024-04-23T18:13:43.123 INFO:teuthology.orchestra.run.smithi038.stdout:/usr/bin/ceph: stderr
2024-04-23T18:13:42.292+0000 7f5e65ed3700 1 -- 172.21.15.38:0/4053200854 --> [v2:172.21.15.38:3300/0,v1:172.21.15.38:6789/0] -- mon_subscribe({config=0+,monmap=0+}) -- 0x7f5e6019c990 con 0x7f5e60106880
2024-04-23T18:13:43.123 INFO:teuthology.orchestra.run.smithi038.stdout:/usr/bin/ceph: stderr
2024-04-23T18:13:42.292+0000 7f5e65ed3700 1 --2- 172.21.15.38:0/4053200854 >> [v2:172.21.15.38:3300/0,v1:172.21.15.38:6789/0] conn(0x7f5e60106880 0x7f5e6019c450 secure :-1 s=READY pgs=50 cs=0 l=1 rev1=1 crypto rx=0x7f5e5c009520 tx=0x7f5e5c003eb0 comp rx=0 tx=0).ready entity=mon.0 client_cookie=0 server_cookie=0 in_seq=0 out_seq=0
2024-04-23T18:13:43.123 INFO:teuthology.orchestra.run.smithi038.stdout:/usr/bin/ceph: stderr
2024-04-23T18:13:42.293+0000 7f5e52ffd700 1 -- 172.21.15.38:0/4053200854 <== mon.0 v2:172.21.15.38:3300/0 1 ==== mon_map magic: 0 ==== 205+0+0 (secure 0 0 0) 0x7f5e5c0036a0 con 0x7f5e60106880
2024-04-23T18:13:43.123 INFO:teuthology.orchestra.run.smithi038.stdout:/usr/bin/ceph: stderr
2024-04-23T18:13:42.293+0000 7f5e52ffd700 1 -- 172.21.15.38:0/4053200854 <== mon.0 v2:172.21.15.38:3300/0 2 ==== config(27 keys) ==== 1135+0+0 (secure 0 0 0) 0x7f5e5c01a430 con 0x7f5e60106880
2024-04-23T18:13:43.123 INFO:teuthology.orchestra.run.smithi038.stdout:/usr/bin/ceph: stderr
2024-04-23T18:13:42.293+0000 7f5e68137700 1 -- 172.21.15.38:0/4053200854 --> [v2:172.21.15.38:3300/0,v1:172.21.15.38:6789/0] -- mon_subscribe({mgrmap=0+}) -- 0x7f5e6019cc20 con 0x7f5e60106880
2024-04-23T18:13:43.123 INFO:teuthology.orchestra.run.smithi038.stdout:/usr/bin/ceph: stderr
2024-04-23T18:13:42.293+0000 7f5e52ffd700 1 -- 172.21.15.38:0/4053200854 <== mon.0 v2:172.21.15.38:3300/0 3 ==== mon_map magic: 0 ==== 205+0+0 (secure 0 0 0) 0x7f5e5c0193c0 con 0x7f5e60106880
2024-04-23T18:13:43.123 INFO:teuthology.orchestra.run.smithi038.stdout:/usr/bin/ceph: stderr
2024-04-23T18:13:42.293+0000 7f5e68137700 1 -- 172.21.15.38:0/4053200854 --> [v2:172.21.15.38:3300/0,v1:172.21.15.38:6789/0] -- mon_subscribe({osdmap=0}) -- 0x7f5e6019f910 con 0x7f5e60106880
2024-04-23T18:13:43.123 INFO:teuthology.orchestra.run.smithi038.stdout:/usr/bin/ceph: stderr
2024-04-23T18:13:42.294+0000 7f5e68137700 1 -- 172.21.15.38:0/4053200854 --> [v2:172.21.15.38:3300/0,v1:172.21.15.38:6789/0] -- mon_command({"prefix": "get_command_descriptions"} v 0) -- 0x7f5e6010cc60 con 0x7f5e60106880
2024-04-23T18:13:43.123 INFO:teuthology.orchestra.run.smithi038.stdout:/usr/bin/ceph: stderr
2024-04-23T18:13:42.294+0000 7f5e52ffd700 1 -- 172.21.15.38:0/4053200854 <== mon.0 v2:172.21.15.38:3300/0 4 ==== mgrmap(e 8) ==== 46558+0+0 (secure 0 0 0) 0x7f5e5c019560 con 0x7f5e60106880
2024-04-23T18:13:43.123 INFO:teuthology.orchestra.run.smithi038.stdout:/usr/bin/ceph: stderr
2024-04-23T18:13:42.294+0000 7f5e52ffd700 1 --2- 172.21.15.38:0/4053200854 >> [v2:172.21.15.38:6800/2665135878,v1:172.21.15.38:6801/2665135878] conn(0x7f5e4c039670 0x7f5e4c03bb30 unknown :-1 s=NONE pgs=0 cs=0 l=1 rev1=0 crypto rx=0 tx=0 comp rx=0 tx=0).connect
2024-04-23T18:13:43.123 INFO:teuthology.orchestra.run.smithi038.stdout:/usr/bin/ceph: stderr
2024-04-23T18:13:42.294+0000 7f5e52ffd700 1 -- 172.21.15.38:0/4053200854 <== mon.0 v2:172.21.15.38:3300/0 5 ==== osd_map(2..2 src has 1..2) ==== 940+0+0 (secure 0 0 0) 0x7f5e5c04d7c0 con 0x7f5e60106880
2024-04-23T18:13:43.123 INFO:teuthology.orchestra.run.smithi038.stdout:/usr/bin/ceph: stderr
2024-04-23T18:13:42.294+0000 7f5e656d2700 1 --2- 172.21.15.38:0/4053200854 >> [v2:172.21.15.38:6800/2665135878,v1:172.21.15.38:6801/2665135878] conn(0x7f5e4c039670 0x7f5e4c03bb30 unknown :-1 s=BANNER_CONNECTING pgs=0 cs=0 l=1 rev1=0 crypto rx=0 tx=0 comp rx=0 tx=0)._handle_peer_banner_payload supported=3 required=0
2024-04-23T18:13:43.123 INFO:teuthology.orchestra.run.smithi038.stdout:/usr/bin/ceph: stderr
2024-04-23T18:13:42.295+0000 7f5e656d2700 1 --2- 172.21.15.38:0/4053200854 >> [v2:172.21.15.38:6800/2665135878,v1:172.21.15.38:6801/2665135878] conn(0x7f5e4c039670 0x7f5e4c03bb30 secure :-1 s=READY pgs=13 cs=0 l=1 rev1=1 crypto rx=0x7f5e54006fd0 tx=0x7f5e54006e40 comp rx=0 tx=0).ready entity=mgr.14120 client_cookie=0 server_cookie=0 in_seq=0 out_seq=0
2024-04-23T18:13:43.124 INFO:teuthology.orchestra.run.smithi038.stdout:/usr/bin/ceph: stderr
2024-04-23T18:13:42.299+0000 7f5e52ffd700 1 -- 172.21.15.38:0/4053200854 <== mon.0 v2:172.21.15.38:3300/0 6 ==== mon_command_ack([{"prefix": "get_command_descriptions"}]=0 v0) ==== 72+0+188370 (secure 0 0 0) 0x7f5e5c00f2e0 con 0x7f5e60106880
2024-04-23T18:13:43.124 INFO:teuthology.orchestra.run.smithi038.stdout:/usr/bin/ceph: stderr
2024-04-23T18:13:42.526+0000 7f5e68137700 1 -- 172.21.15.38:0/4053200854 --> [v2:172.21.15.38:6800/2665135878,v1:172.21.15.38:6801/2665135878] -- mgr_command(tid 0: {"prefix": "orch apply", "service_type": "mgr", "unmanaged": true, "target": ["mon-mgr", ""]}) -- 0x7f5e601032d0 con 0x7f5e4c039670
2024-04-23T18:13:43.124 INFO:teuthology.orchestra.run.smithi038.stdout:/usr/bin/ceph: stderr
2024-04-23T18:13:42.536+0000 7f5e52ffd700 1 -- 172.21.15.38:0/4053200854 <== mgr.14120 v2:172.21.15.38:6800/2665135878 1 ==== mgr_command_reply(tid 0: 0 ) ==== 8+0+24 (secure 0 0 0) 0x7f5e601032d0 con 0x7f5e4c039670
2024-04-23T18:13:43.124 INFO:teuthology.orchestra.run.smithi038.stdout:/usr/bin/ceph: stderr
2024-04-23T18:13:42.538+0000 7f5e68137700 1 -- 172.21.15.38:0/4053200854 >> [v2:172.21.15.38:6800/2665135878,v1:172.21.15.38:6801/2665135878] conn(0x7f5e4c039670 msgr2=0x7f5e4c03bb30 secure :-1 s=STATE_CONNECTION_ESTABLISHED l=1).mark_down
2024-04-23T18:13:43.124 INFO:teuthology.orchestra.run.smithi038.stdout:/usr/bin/ceph: stderr
2024-04-23T18:13:42.538+0000 7f5e68137700 1 --2- 172.21.15.38:0/4053200854 >> [v2:172.21.15.38:6800/2665135878,v1:172.21.15.38:6801/2665135878] conn(0x7f5e4c039670 0x7f5e4c03bb30 secure :-1 s=READY pgs=13 cs=0 l=1 rev1=1 crypto rx=0x7f5e54006fd0 tx=0x7f5e54006e40 comp rx=0 tx=0).stop
2024-04-23T18:13:43.124 INFO:teuthology.orchestra.run.smithi038.stdout:/usr/bin/ceph: stderr
2024-04-23T18:13:42.538+0000 7f5e68137700 1 -- 172.21.15.38:0/4053200854 >> [v2:172.21.15.38:3300/0,v1:172.21.15.38:6789/0] conn(0x7f5e60106880 msgr2=0x7f5e6019c450 secure :-1 s=STATE_CONNECTION_ESTABLISHED l=1).mark_down
2024-04-23T18:13:43.124 INFO:teuthology.orchestra.run.smithi038.stdout:/usr/bin/ceph: stderr
2024-04-23T18:13:42.538+0000 7f5e68137700 1 --2- 172.21.15.38:0/4053200854 >> [v2:172.21.15.38:3300/0,v1:172.21.15.38:6789/0] conn(0x7f5e60106880 0x7f5e6019c450 secure :-1 s=READY pgs=50 cs=0 l=1 rev1=1 crypto rx=0x7f5e5c009520 tx=0x7f5e5c003eb0 comp rx=0 tx=0).stop
2024-04-23T18:13:43.124 INFO:teuthology.orchestra.run.smithi038.stdout:/usr/bin/ceph: stderr
2024-04-23T18:13:42.538+0000 7f5e68137700 1 -- 172.21.15.38:0/4053200854 shutdown_connections
2024-04-23T18:13:43.124 INFO:teuthology.orchestra.run.smithi038.stdout:/usr/bin/ceph: stderr
2024-04-23T18:13:42.538+0000 7f5e68137700 1 --2- 172.21.15.38:0/4053200854 >> [v2:172.21.15.38:6800/2665135878,v1:172.21.15.38:6801/2665135878] conn(0x7f5e4c039670 0x7f5e4c03bb30 unknown :-1 s=CLOSED pgs=13 cs=0 l=1 rev1=1 crypto rx=0 tx=0 comp rx=0 tx=0).stop
2024-04-23T18:13:43.124 INFO:teuthology.orchestra.run.smithi038.stdout:/usr/bin/ceph: stderr
2024-04-23T18:13:42.538+0000 7f5e68137700 1 --2- 172.21.15.38:0/4053200854 >> [v2:172.21.15.38:3300/0,v1:172.21.15.38:6789/0] conn(0x7f5e60106880 0x7f5e6019c450 unknown :-1 s=CLOSED pgs=50 cs=0 l=1 rev1=1 crypto rx=0 tx=0 comp rx=0 tx=0).stop
2024-04-23T18:13:43.124 INFO:teuthology.orchestra.run.smithi038.stdout:/usr/bin/ceph: stderr
2024-04-23T18:13:42.538+0000 7f5e68137700 1 -- 172.21.15.38:0/4053200854 >> 172.21.15.38:0/4053200854 conn(0x7f5e601021b0 msgr2=0x7f5e60102bc0 unknown :-1 s=STATE_NONE l=0).mark_down
2024-04-23T18:13:43.125 INFO:teuthology.orchestra.run.smithi038.stdout:/usr/bin/ceph: stderr
2024-04-23T18:13:42.538+0000 7f5e68137700 1 -- 172.21.15.38:0/4053200854 shutdown_connections
2024-04-23T18:13:43.125 INFO:teuthology.orchestra.run.smithi038.stdout:/usr/bin/ceph: stderr
2024-04-23T18:13:42.538+0000 7f5e68137700 1 -- 172.21.15.38:0/4053200854 wait complete.
2024-04-23T18:13:44.123 INFO:journalctl@ceph.mon.a.smithi038.stdout:Apr 23 18:13:43 smithi038 ceph-mon[29217]: from='client.14144 -' entity='client.admin' cmd=[{"prefix": "orch apply", "service_type": "mgr", "unmanaged": true, "target": ["mon-mgr", ""]}]: dispatch
2024-04-23T18:13:44.123 INFO:journalctl@ceph.mon.a.smithi038.stdout:Apr 23 18:13:43 smithi038 ceph-mon[29217]: Saving service mgr spec with placement count:2
2024-04-23T18:13:44.123 INFO:journalctl@ceph.mon.a.smithi038.stdout:Apr 23 18:13:43 smithi038 ceph-mon[29217]: from='client.? 172.21.15.38:0/3524577961' entity='client.admin'
2024-04-23T18:13:44.834 INFO:teuthology.orchestra.run.smithi038.stdout:/usr/bin/ceph: stderr
2024-04-23T18:13:43.523+0000 7f03527bd700 1 Processor -- start
2024-04-23T18:13:44.834 INFO:teuthology.orchestra.run.smithi038.stdout:/usr/bin/ceph: stderr
2024-04-23T18:13:43.523+0000 7f03527bd700 1 -- start start
2024-04-23T18:13:44.834 INFO:teuthology.orchestra.run.smithi038.stdout:/usr/bin/ceph: stderr
2024-04-23T18:13:43.523+0000 7f03527bd700 1 --2- >> [v2:172.21.15.38:3300/0,v1:172.21.15.38:6789/0] conn(0x7f034c1074a0 0x7f034c1078c0 unknown :-1 s=NONE pgs=0 cs=0 l=0 rev1=0 crypto rx=0 tx=0 comp rx=0 tx=0).connect
2024-04-23T18:13:44.834 INFO:teuthology.orchestra.run.smithi038.stdout:/usr/bin/ceph: stderr
2024-04-23T18:13:43.523+0000 7f03527bd700 1 -- --> [v2:172.21.15.38:3300/0,v1:172.21.15.38:6789/0] -- mon_getmap magic: 0 -- 0x7f034c107e90 con 0x7f034c1074a0
2024-04-23T18:13:44.834 INFO:teuthology.orchestra.run.smithi038.stdout:/usr/bin/ceph: stderr
2024-04-23T18:13:43.523+0000 7f034bfff700 1 --2- >> [v2:172.21.15.38:3300/0,v1:172.21.15.38:6789/0] conn(0x7f034c1074a0 0x7f034c1078c0 unknown :-1 s=BANNER_CONNECTING pgs=0 cs=0 l=0 rev1=0 crypto rx=0 tx=0 comp rx=0 tx=0)._handle_peer_banner_payload supported=3 required=0
2024-04-23T18:13:44.835 INFO:teuthology.orchestra.run.smithi038.stdout:/usr/bin/ceph: stderr
2024-04-23T18:13:43.523+0000 7f034bfff700 1 --2- >> [v2:172.21.15.38:3300/0,v1:172.21.15.38:6789/0] conn(0x7f034c1074a0 0x7f034c1078c0 unknown :-1 s=HELLO_CONNECTING pgs=0 cs=0 l=0 rev1=1 crypto rx=0 tx=0 comp rx=0 tx=0).handle_hello peer v2:172.21.15.38:3300/0 says I am v2:172.21.15.38:40668/0 (socket says 172.21.15.38:40668)
2024-04-23T18:13:44.835 INFO:teuthology.orchestra.run.smithi038.stdout:/usr/bin/ceph: stderr
2024-04-23T18:13:43.523+0000 7f034bfff700 1 -- 172.21.15.38:0/3021777577 learned_addr learned my addr 172.21.15.38:0/3021777577 (peer_addr_for_me v2:172.21.15.38:0/0)
2024-04-23T18:13:44.835 INFO:teuthology.orchestra.run.smithi038.stdout:/usr/bin/ceph: stderr
2024-04-23T18:13:43.524+0000 7f034bfff700 1 -- 172.21.15.38:0/3021777577 --> [v2:172.21.15.38:3300/0,v1:172.21.15.38:6789/0] -- mon_subscribe({config=0+,monmap=0+}) -- 0x7f034c1086a0 con 0x7f034c1074a0
2024-04-23T18:13:44.835 INFO:teuthology.orchestra.run.smithi038.stdout:/usr/bin/ceph: stderr
2024-04-23T18:13:43.524+0000 7f034bfff700 1 --2- 172.21.15.38:0/3021777577 >> [v2:172.21.15.38:3300/0,v1:172.21.15.38:6789/0] conn(0x7f034c1074a0 0x7f034c1078c0 secure :-1 s=READY pgs=51 cs=0 l=1 rev1=1 crypto rx=0x7f033c0098a0 tx=0x7f033c009bb0 comp rx=0 tx=0).ready entity=mon.0 client_cookie=8f5582ceb0a9d9c2 server_cookie=0 in_seq=0 out_seq=0
2024-04-23T18:13:44.835 INFO:teuthology.orchestra.run.smithi038.stdout:/usr/bin/ceph: stderr
2024-04-23T18:13:43.524+0000 7f034affd700 1 -- 172.21.15.38:0/3021777577 <== mon.0 v2:172.21.15.38:3300/0 1 ==== mon_map magic: 0 ==== 205+0+0 (secure 0 0 0) 0x7f033c004160 con 0x7f034c1074a0
2024-04-23T18:13:44.835 INFO:teuthology.orchestra.run.smithi038.stdout:/usr/bin/ceph: stderr
2024-04-23T18:13:43.524+0000 7f034affd700 1 -- 172.21.15.38:0/3021777577 <== mon.0 v2:172.21.15.38:3300/0 2 ==== config(27 keys) ==== 1135+0+0 (secure 0 0 0) 0x7f033c004300 con 0x7f034c1074a0
2024-04-23T18:13:44.835 INFO:teuthology.orchestra.run.smithi038.stdout:/usr/bin/ceph: stderr
2024-04-23T18:13:43.524+0000 7f034affd700 1 -- 172.21.15.38:0/3021777577 <== mon.0 v2:172.21.15.38:3300/0 3 ==== mon_map magic: 0 ==== 205+0+0 (secure 0 0 0) 0x7f033c011af0 con 0x7f034c1074a0
2024-04-23T18:13:44.835 INFO:teuthology.orchestra.run.smithi038.stdout:/usr/bin/ceph: stderr
2024-04-23T18:13:43.525+0000 7f03527bd700 1 -- 172.21.15.38:0/3021777577 >> [v2:172.21.15.38:3300/0,v1:172.21.15.38:6789/0] conn(0x7f034c1074a0 msgr2=0x7f034c1078c0 secure :-1 s=STATE_CONNECTION_ESTABLISHED l=1).mark_down
2024-04-23T18:13:44.835 INFO:teuthology.orchestra.run.smithi038.stdout:/usr/bin/ceph: stderr
2024-04-23T18:13:43.525+0000 7f03527bd700 1 --2- 172.21.15.38:0/3021777577 >> [v2:172.21.15.38:3300/0,v1:172.21.15.38:6789/0] conn(0x7f034c1074a0 0x7f034c1078c0 secure :-1 s=READY pgs=51 cs=0 l=1 rev1=1 crypto rx=0x7f033c0098a0 tx=0x7f033c009bb0 comp rx=0 tx=0).stop
2024-04-23T18:13:44.835 INFO:teuthology.orchestra.run.smithi038.stdout:/usr/bin/ceph: stderr
2024-04-23T18:13:43.525+0000 7f03527bd700 1 -- 172.21.15.38:0/3021777577 shutdown_connections
2024-04-23T18:13:44.835 INFO:teuthology.orchestra.run.smithi038.stdout:/usr/bin/ceph: stderr
2024-04-23T18:13:43.525+0000 7f03527bd700 1 --2- 172.21.15.38:0/3021777577 >> [v2:172.21.15.38:3300/0,v1:172.21.15.38:6789/0] conn(0x7f034c1074a0 0x7f034c1078c0 unknown :-1 s=CLOSED pgs=51 cs=0 l=1 rev1=1 crypto rx=0 tx=0 comp rx=0 tx=0).stop
2024-04-23T18:13:44.835 INFO:teuthology.orchestra.run.smithi038.stdout:/usr/bin/ceph: stderr
2024-04-23T18:13:43.525+0000 7f03527bd700 1 -- 172.21.15.38:0/3021777577 >> 172.21.15.38:0/3021777577 conn(0x7f034c102a40 msgr2=0x7f034c104e80 unknown :-1 s=STATE_NONE l=0).mark_down
2024-04-23T18:13:44.835 INFO:teuthology.orchestra.run.smithi038.stdout:/usr/bin/ceph: stderr
2024-04-23T18:13:43.525+0000 7f03527bd700 1 -- 172.21.15.38:0/3021777577 shutdown_connections
2024-04-23T18:13:44.835 INFO:teuthology.orchestra.run.smithi038.stdout:/usr/bin/ceph: stderr
2024-04-23T18:13:43.525+0000 7f03527bd700 1 -- 172.21.15.38:0/3021777577 wait complete.
2024-04-23T18:13:44.835 INFO:teuthology.orchestra.run.smithi038.stdout:/usr/bin/ceph: stderr
2024-04-23T18:13:43.525+0000 7f03527bd700 1 Processor -- start
2024-04-23T18:13:44.836 INFO:teuthology.orchestra.run.smithi038.stdout:/usr/bin/ceph: stderr
2024-04-23T18:13:43.525+0000 7f03527bd700 1 -- start start
2024-04-23T18:13:44.836 INFO:teuthology.orchestra.run.smithi038.stdout:/usr/bin/ceph: stderr
2024-04-23T18:13:43.526+0000 7f03527bd700 1 --2- >> [v2:172.21.15.38:3300/0,v1:172.21.15.38:6789/0] conn(0x7f034c1074a0 0x7f034c07ba40 unknown :-1 s=NONE pgs=0 cs=0 l=1 rev1=0 crypto rx=0 tx=0 comp rx=0 tx=0).connect
2024-04-23T18:13:44.836 INFO:teuthology.orchestra.run.smithi038.stdout:/usr/bin/ceph: stderr
2024-04-23T18:13:43.526+0000 7f03527bd700 1 -- --> [v2:172.21.15.38:3300/0,v1:172.21.15.38:6789/0] -- mon_getmap magic: 0 -- 0x7f034c10ba50 con 0x7f034c1074a0
2024-04-23T18:13:44.836 INFO:teuthology.orchestra.run.smithi038.stdout:/usr/bin/ceph: stderr
2024-04-23T18:13:43.526+0000 7f034bfff700 1 --2- >> [v2:172.21.15.38:3300/0,v1:172.21.15.38:6789/0] conn(0x7f034c1074a0 0x7f034c07ba40 unknown :-1 s=BANNER_CONNECTING pgs=0 cs=0 l=1 rev1=0 crypto rx=0 tx=0 comp rx=0 tx=0)._handle_peer_banner_payload supported=3 required=0
2024-04-23T18:13:44.836 INFO:teuthology.orchestra.run.smithi038.stdout:/usr/bin/ceph: stderr
2024-04-23T18:13:43.526+0000 7f034bfff700 1 --2- >> [v2:172.21.15.38:3300/0,v1:172.21.15.38:6789/0] conn(0x7f034c1074a0 0x7f034c07ba40 unknown :-1 s=HELLO_CONNECTING pgs=0 cs=0 l=1 rev1=1 crypto rx=0 tx=0 comp rx=0 tx=0).handle_hello peer v2:172.21.15.38:3300/0 says I am v2:172.21.15.38:40676/0 (socket says 172.21.15.38:40676)
2024-04-23T18:13:44.836 INFO:teuthology.orchestra.run.smithi038.stdout:/usr/bin/ceph: stderr
2024-04-23T18:13:43.526+0000 7f034bfff700 1 -- 172.21.15.38:0/3524577961 learned_addr learned my addr 172.21.15.38:0/3524577961 (peer_addr_for_me v2:172.21.15.38:0/0)
2024-04-23T18:13:44.836 INFO:teuthology.orchestra.run.smithi038.stdout:/usr/bin/ceph: stderr
2024-04-23T18:13:43.526+0000 7f034bfff700 1 -- 172.21.15.38:0/3524577961 --> [v2:172.21.15.38:3300/0,v1:172.21.15.38:6789/0] -- mon_subscribe({config=0+,monmap=0+}) -- 0x7f034c19cfb0 con 0x7f034c1074a0
2024-04-23T18:13:44.836 INFO:teuthology.orchestra.run.smithi038.stdout:/usr/bin/ceph: stderr
2024-04-23T18:13:43.526+0000 7f034bfff700 1 --2- 172.21.15.38:0/3524577961 >> [v2:172.21.15.38:3300/0,v1:172.21.15.38:6789/0] conn(0x7f034c1074a0 0x7f034c07ba40 secure :-1 s=READY pgs=52 cs=0 l=1 rev1=1 crypto rx=0x7f033c009520 tx=0x7f033c003eb0 comp rx=0 tx=0).ready entity=mon.0 client_cookie=0 server_cookie=0 in_seq=0 out_seq=0
2024-04-23T18:13:44.836 INFO:teuthology.orchestra.run.smithi038.stdout:/usr/bin/ceph: stderr
2024-04-23T18:13:43.527+0000 7f03497fa700 1 -- 172.21.15.38:0/3524577961 <== mon.0 v2:172.21.15.38:3300/0 1 ==== mon_map magic: 0 ==== 205+0+0 (secure 0 0 0) 0x7f033c0036a0 con 0x7f034c1074a0
2024-04-23T18:13:44.836 INFO:teuthology.orchestra.run.smithi038.stdout:/usr/bin/ceph: stderr
2024-04-23T18:13:43.527+0000 7f03497fa700 1 -- 172.21.15.38:0/3524577961 <== mon.0 v2:172.21.15.38:3300/0 2 ==== config(27 keys) ==== 1135+0+0 (secure 0 0 0) 0x7f033c01a430 con 0x7f034c1074a0
2024-04-23T18:13:44.836 INFO:teuthology.orchestra.run.smithi038.stdout:/usr/bin/ceph: stderr
2024-04-23T18:13:43.527+0000 7f03527bd700 1 -- 172.21.15.38:0/3524577961 --> [v2:172.21.15.38:3300/0,v1:172.21.15.38:6789/0] -- mon_subscribe({mgrmap=0+}) -- 0x7f034c1a15c0 con 0x7f034c1074a0
2024-04-23T18:13:44.836 INFO:teuthology.orchestra.run.smithi038.stdout:/usr/bin/ceph: stderr
2024-04-23T18:13:43.527+0000 7f03497fa700 1 -- 172.21.15.38:0/3524577961 <== mon.0 v2:172.21.15.38:3300/0 3 ==== mon_map magic: 0 ==== 205+0+0 (secure 0 0 0) 0x7f033c0193c0 con 0x7f034c1074a0
2024-04-23T18:13:44.836 INFO:teuthology.orchestra.run.smithi038.stdout:/usr/bin/ceph: stderr
2024-04-23T18:13:43.527+0000 7f03527bd700 1 -- 172.21.15.38:0/3524577961 --> [v2:172.21.15.38:3300/0,v1:172.21.15.38:6789/0] -- mon_subscribe({osdmap=0}) -- 0x7f034c1a1960 con 0x7f034c1074a0
2024-04-23T18:13:44.836 INFO:teuthology.orchestra.run.smithi038.stdout:/usr/bin/ceph: stderr
2024-04-23T18:13:43.528+0000 7f03497fa700 1 -- 172.21.15.38:0/3524577961 <== mon.0 v2:172.21.15.38:3300/0 4 ==== mgrmap(e 8) ==== 46558+0+0 (secure 0 0 0) 0x7f033c019670 con 0x7f034c1074a0
2024-04-23T18:13:44.836 INFO:teuthology.orchestra.run.smithi038.stdout:/usr/bin/ceph: stderr
2024-04-23T18:13:43.528+0000 7f03497fa700 1 --2- 172.21.15.38:0/3524577961 >> [v2:172.21.15.38:6800/2665135878,v1:172.21.15.38:6801/2665135878] conn(0x7f0334039620 0x7f033403bae0 unknown :-1 s=NONE pgs=0 cs=0 l=1 rev1=0 crypto rx=0 tx=0 comp rx=0 tx=0).connect
2024-04-23T18:13:44.837 INFO:teuthology.orchestra.run.smithi038.stdout:/usr/bin/ceph: stderr
2024-04-23T18:13:43.528+0000 7f03497fa700 1 -- 172.21.15.38:0/3524577961 <== mon.0 v2:172.21.15.38:3300/0 5 ==== osd_map(2..2 src has 1..2) ==== 940+0+0 (secure 0 0 0) 0x7f033c04dc00 con 0x7f034c1074a0
2024-04-23T18:13:44.837 INFO:teuthology.orchestra.run.smithi038.stdout:/usr/bin/ceph: stderr
2024-04-23T18:13:43.528+0000 7f034b7fe700 1 --2- 172.21.15.38:0/3524577961 >> [v2:172.21.15.38:6800/2665135878,v1:172.21.15.38:6801/2665135878] conn(0x7f0334039620 0x7f033403bae0 unknown :-1 s=BANNER_CONNECTING pgs=0 cs=0 l=1 rev1=0 crypto rx=0 tx=0 comp rx=0 tx=0)._handle_peer_banner_payload supported=3 required=0
2024-04-23T18:13:44.837 INFO:teuthology.orchestra.run.smithi038.stdout:/usr/bin/ceph: stderr
2024-04-23T18:13:43.529+0000 7f034b7fe700 1 --2- 172.21.15.38:0/3524577961 >> [v2:172.21.15.38:6800/2665135878,v1:172.21.15.38:6801/2665135878] conn(0x7f0334039620 0x7f033403bae0 secure :-1 s=READY pgs=14 cs=0 l=1 rev1=1 crypto rx=0x7f0340006fd0 tx=0x7f0340006e40 comp rx=0 tx=0).ready entity=mgr.14120 client_cookie=0 server_cookie=0 in_seq=0 out_seq=0
2024-04-23T18:13:44.837 INFO:teuthology.orchestra.run.smithi038.stdout:/usr/bin/ceph: stderr
2024-04-23T18:13:43.529+0000 7f03527bd700 1 -- 172.21.15.38:0/3524577961 --> [v2:172.21.15.38:3300/0,v1:172.21.15.38:6789/0] -- mon_command({"prefix": "get_command_descriptions"} v 0) -- 0x7f034c0640a0 con 0x7f034c1074a0
2024-04-23T18:13:44.837 INFO:teuthology.orchestra.run.smithi038.stdout:/usr/bin/ceph: stderr
2024-04-23T18:13:43.534+0000 7f03497fa700 1 -- 172.21.15.38:0/3524577961 <== mon.0 v2:172.21.15.38:3300/0 6 ==== mon_command_ack([{"prefix": "get_command_descriptions"}]=0 v0) ==== 72+0+188370 (secure 0 0 0) 0x7f033c016dd0 con 0x7f034c1074a0
2024-04-23T18:13:44.837 INFO:teuthology.orchestra.run.smithi038.stdout:/usr/bin/ceph: stderr
2024-04-23T18:13:43.757+0000 7f03527bd700 1 -- 172.21.15.38:0/3524577961 --> [v2:172.21.15.38:3300/0,v1:172.21.15.38:6789/0] -- mon_command([{prefix=config set, name=mgr/cephadm/container_init}] v 0) -- 0x7f034c1a2030 con 0x7f034c1074a0
2024-04-23T18:13:44.837 INFO:teuthology.orchestra.run.smithi038.stdout:/usr/bin/ceph: stderr
2024-04-23T18:13:43.760+0000 7f03497fa700 1 -- 172.21.15.38:0/3524577961 <== mon.0 v2:172.21.15.38:3300/0 7 ==== mon_command_ack([{prefix=config set, name=mgr/cephadm/container_init}]=0 v7)=0 v7) ==== 142+0+0 (secure 0 0 0) 0x7f033c032020 con 0x7f034c1074a0
2024-04-23T18:13:44.837 INFO:teuthology.orchestra.run.smithi038.stdout:/usr/bin/ceph: stderr
2024-04-23T18:13:43.762+0000 7f03527bd700 1 -- 172.21.15.38:0/3524577961 >> [v2:172.21.15.38:6800/2665135878,v1:172.21.15.38:6801/2665135878] conn(0x7f0334039620 msgr2=0x7f033403bae0 secure :-1 s=STATE_CONNECTION_ESTABLISHED l=1).mark_down
2024-04-23T18:13:44.837 INFO:teuthology.orchestra.run.smithi038.stdout:/usr/bin/ceph: stderr
2024-04-23T18:13:43.762+0000 7f03527bd700 1 --2- 172.21.15.38:0/3524577961 >> [v2:172.21.15.38:6800/2665135878,v1:172.21.15.38:6801/2665135878] conn(0x7f0334039620 0x7f033403bae0 secure :-1 s=READY pgs=14 cs=0 l=1 rev1=1 crypto rx=0x7f0340006fd0 tx=0x7f0340006e40 comp rx=0 tx=0).stop
2024-04-23T18:13:44.837 INFO:teuthology.orchestra.run.smithi038.stdout:/usr/bin/ceph: stderr
2024-04-23T18:13:43.762+0000 7f03527bd700 1 -- 172.21.15.38:0/3524577961 >> [v2:172.21.15.38:3300/0,v1:172.21.15.38:6789/0] conn(0x7f034c1074a0 msgr2=0x7f034c07ba40 secure :-1 s=STATE_CONNECTION_ESTABLISHED l=1).mark_down
2024-04-23T18:13:44.837 INFO:teuthology.orchestra.run.smithi038.stdout:/usr/bin/ceph: stderr
2024-04-23T18:13:43.762+0000 7f03527bd700 1 --2- 172.21.15.38:0/3524577961 >> [v2:172.21.15.38:3300/0,v1:172.21.15.38:6789/0] conn(0x7f034c1074a0 0x7f034c07ba40 secure :-1 s=READY pgs=52 cs=0 l=1 rev1=1 crypto rx=0x7f033c009520 tx=0x7f033c003eb0 comp rx=0 tx=0).stop
2024-04-23T18:13:44.837 INFO:teuthology.orchestra.run.smithi038.stdout:/usr/bin/ceph: stderr
2024-04-23T18:13:43.762+0000 7f03527bd700 1 -- 172.21.15.38:0/3524577961 shutdown_connections
2024-04-23T18:13:44.837 INFO:teuthology.orchestra.run.smithi038.stdout:/usr/bin/ceph: stderr
2024-04-23T18:13:43.762+0000 7f03527bd700 1 --2- 172.21.15.38:0/3524577961 >> [v2:172.21.15.38:6800/2665135878,v1:172.21.15.38:6801/2665135878] conn(0x7f0334039620 0x7f033403bae0 unknown :-1 s=CLOSED pgs=14 cs=0 l=1 rev1=1 crypto rx=0 tx=0 comp rx=0 tx=0).stop
2024-04-23T18:13:44.837 INFO:teuthology.orchestra.run.smithi038.stdout:/usr/bin/ceph: stderr
2024-04-23T18:13:43.762+0000 7f03527bd700 1 --2- 172.21.15.38:0/3524577961 >> [v2:172.21.15.38:3300/0,v1:172.21.15.38:6789/0] conn(0x7f034c1074a0 0x7f034c07ba40 unknown :-1 s=CLOSED pgs=52 cs=0 l=1 rev1=1 crypto rx=0 tx=0 comp rx=0 tx=0).stop
2024-04-23T18:13:44.838 INFO:teuthology.orchestra.run.smithi038.stdout:/usr/bin/ceph: stderr
2024-04-23T18:13:43.762+0000 7f03527bd700 1 -- 172.21.15.38:0/3524577961 >> 172.21.15.38:0/3524577961 conn(0x7f034c102a40 msgr2=0x7f034c1034f0 unknown :-1 s=STATE_NONE l=0).mark_down
2024-04-23T18:13:44.838 INFO:teuthology.orchestra.run.smithi038.stdout:/usr/bin/ceph: stderr
2024-04-23T18:13:43.762+0000 7f03527bd700 1 -- 172.21.15.38:0/3524577961 shutdown_connections
2024-04-23T18:13:44.838 INFO:teuthology.orchestra.run.smithi038.stdout:/usr/bin/ceph: stderr
2024-04-23T18:13:43.762+0000 7f03527bd700 1 -- 172.21.15.38:0/3524577961 wait complete.
2024-04-23T18:13:45.840 INFO:journalctl@ceph.mon.a.smithi038.stdout:Apr 23 18:13:45 smithi038 ceph-mon[29217]: from='mgr.14120 172.21.15.38:0/3818849755' entity='mgr.x'
2024-04-23T18:13:46.099 INFO:teuthology.orchestra.run.smithi038.stdout:/usr/bin/ceph: stderr
2024-04-23T18:13:45.304+0000 7f0aef813700 1 Processor -- start
2024-04-23T18:13:46.099 INFO:teuthology.orchestra.run.smithi038.stdout:/usr/bin/ceph: stderr
2024-04-23T18:13:45.304+0000 7f0aef813700 1 -- start start
2024-04-23T18:13:46.099 INFO:teuthology.orchestra.run.smithi038.stdout:/usr/bin/ceph: stderr
2024-04-23T18:13:45.304+0000 7f0aef813700 1 --2- >> [v2:172.21.15.38:3300/0,v1:172.21.15.38:6789/0] conn(0x7f0ae8108a40 0x7f0ae8108e40 unknown :-1 s=NONE pgs=0 cs=0 l=0 rev1=0 crypto rx=0 tx=0 comp rx=0 tx=0).connect
2024-04-23T18:13:46.099 INFO:teuthology.orchestra.run.smithi038.stdout:/usr/bin/ceph: stderr
2024-04-23T18:13:45.304+0000 7f0aef813700 1 -- --> [v2:172.21.15.38:3300/0,v1:172.21.15.38:6789/0] -- mon_getmap magic: 0 -- 0x7f0ae8109410 con 0x7f0ae8108a40
2024-04-23T18:13:46.099 INFO:teuthology.orchestra.run.smithi038.stdout:/usr/bin/ceph: stderr
2024-04-23T18:13:45.304+0000 7f0aed5af700 1 --2- >> [v2:172.21.15.38:3300/0,v1:172.21.15.38:6789/0] conn(0x7f0ae8108a40 0x7f0ae8108e40 unknown :-1 s=BANNER_CONNECTING pgs=0 cs=0 l=0 rev1=0 crypto rx=0 tx=0 comp rx=0 tx=0)._handle_peer_banner_payload supported=3 required=0
2024-04-23T18:13:46.099 INFO:teuthology.orchestra.run.smithi038.stdout:/usr/bin/ceph: stderr
2024-04-23T18:13:45.304+0000 7f0aed5af700 1 --2- >> [v2:172.21.15.38:3300/0,v1:172.21.15.38:6789/0] conn(0x7f0ae8108a40 0x7f0ae8108e40 unknown :-1 s=HELLO_CONNECTING pgs=0 cs=0 l=0 rev1=1 crypto rx=0 tx=0 comp rx=0 tx=0).handle_hello peer v2:172.21.15.38:3300/0 says I am v2:172.21.15.38:40690/0 (socket says 172.21.15.38:40690)
2024-04-23T18:13:46.100 INFO:teuthology.orchestra.run.smithi038.stdout:/usr/bin/ceph: stderr
2024-04-23T18:13:45.305+0000 7f0aed5af700 1 -- 172.21.15.38:0/3257181341 learned_addr learned my addr 172.21.15.38:0/3257181341 (peer_addr_for_me v2:172.21.15.38:0/0)
2024-04-23T18:13:46.100 INFO:teuthology.orchestra.run.smithi038.stdout:/usr/bin/ceph: stderr
2024-04-23T18:13:45.305+0000 7f0aed5af700 1 -- 172.21.15.38:0/3257181341 --> [v2:172.21.15.38:3300/0,v1:172.21.15.38:6789/0] -- mon_subscribe({config=0+,monmap=0+}) -- 0x7f0ae8109590 con 0x7f0ae8108a40
2024-04-23T18:13:46.100 INFO:teuthology.orchestra.run.smithi038.stdout:/usr/bin/ceph: stderr
2024-04-23T18:13:45.305+0000 7f0aed5af700 1 --2- 172.21.15.38:0/3257181341 >> [v2:172.21.15.38:3300/0,v1:172.21.15.38:6789/0] conn(0x7f0ae8108a40 0x7f0ae8108e40 secure :-1 s=READY pgs=53 cs=0 l=1 rev1=1 crypto rx=0x7f0ae40098a0 tx=0x7f0ae4009bb0 comp rx=0 tx=0).ready entity=mon.0 client_cookie=729efa8efc2d5827 server_cookie=0 in_seq=0 out_seq=0
2024-04-23T18:13:46.100 INFO:teuthology.orchestra.run.smithi038.stdout:/usr/bin/ceph: stderr
2024-04-23T18:13:45.305+0000 7f0adffff700 1 -- 172.21.15.38:0/3257181341 <== mon.0 v2:172.21.15.38:3300/0 1 ==== mon_map magic: 0 ==== 205+0+0 (secure 0 0 0) 0x7f0ae4004160 con 0x7f0ae8108a40
2024-04-23T18:13:46.100 INFO:teuthology.orchestra.run.smithi038.stdout:/usr/bin/ceph: stderr
2024-04-23T18:13:45.305+0000 7f0adffff700 1 -- 172.21.15.38:0/3257181341 <== mon.0 v2:172.21.15.38:3300/0 2 ==== config(27 keys) ==== 1135+0+0 (secure 0 0 0) 0x7f0ae4004300 con 0x7f0ae8108a40
2024-04-23T18:13:46.100 INFO:teuthology.orchestra.run.smithi038.stdout:/usr/bin/ceph: stderr
2024-04-23T18:13:45.305+0000 7f0adffff700 1 -- 172.21.15.38:0/3257181341 <== mon.0 v2:172.21.15.38:3300/0 3 ==== mon_map magic: 0 ==== 205+0+0 (secure 0 0 0) 0x7f0ae4011af0 con 0x7f0ae8108a40
2024-04-23T18:13:46.100 INFO:teuthology.orchestra.run.smithi038.stdout:/usr/bin/ceph: stderr
2024-04-23T18:13:45.306+0000 7f0aef813700 1 -- 172.21.15.38:0/3257181341 >> [v2:172.21.15.38:3300/0,v1:172.21.15.38:6789/0] conn(0x7f0ae8108a40 msgr2=0x7f0ae8108e40 secure :-1 s=STATE_CONNECTION_ESTABLISHED l=1).mark_down
2024-04-23T18:13:46.100 INFO:teuthology.orchestra.run.smithi038.stdout:/usr/bin/ceph: stderr
2024-04-23T18:13:45.306+0000 7f0aef813700 1 --2- 172.21.15.38:0/3257181341 >> [v2:172.21.15.38:3300/0,v1:172.21.15.38:6789/0] conn(0x7f0ae8108a40 0x7f0ae8108e40 secure :-1 s=READY pgs=53 cs=0 l=1 rev1=1 crypto rx=0x7f0ae40098a0 tx=0x7f0ae4009bb0 comp rx=0 tx=0).stop
2024-04-23T18:13:46.100 INFO:teuthology.orchestra.run.smithi038.stdout:/usr/bin/ceph: stderr
2024-04-23T18:13:45.306+0000 7f0aef813700 1 -- 172.21.15.38:0/3257181341 shutdown_connections
2024-04-23T18:13:46.100 INFO:teuthology.orchestra.run.smithi038.stdout:/usr/bin/ceph: stderr
2024-04-23T18:13:45.306+0000 7f0aef813700 1 --2- 172.21.15.38:0/3257181341 >> [v2:172.21.15.38:3300/0,v1:172.21.15.38:6789/0] conn(0x7f0ae8108a40 0x7f0ae8108e40 unknown :-1 s=CLOSED pgs=53 cs=0 l=1 rev1=1 crypto rx=0 tx=0 comp rx=0 tx=0).stop
2024-04-23T18:13:46.100 INFO:teuthology.orchestra.run.smithi038.stdout:/usr/bin/ceph: stderr
2024-04-23T18:13:45.306+0000 7f0aef813700 1 -- 172.21.15.38:0/3257181341 >> 172.21.15.38:0/3257181341 conn(0x7f0ae81021b0 msgr2=0x7f0ae81045f0 unknown :-1 s=STATE_NONE l=0).mark_down
2024-04-23T18:13:46.100 INFO:teuthology.orchestra.run.smithi038.stdout:/usr/bin/ceph: stderr
2024-04-23T18:13:45.306+0000 7f0aef813700 1 -- 172.21.15.38:0/3257181341 shutdown_connections
2024-04-23T18:13:46.100 INFO:teuthology.orchestra.run.smithi038.stdout:/usr/bin/ceph: stderr
2024-04-23T18:13:45.306+0000 7f0aef813700 1 -- 172.21.15.38:0/3257181341 wait complete.
2024-04-23T18:13:46.100 INFO:teuthology.orchestra.run.smithi038.stdout:/usr/bin/ceph: stderr
2024-04-23T18:13:45.307+0000 7f0aef813700 1 Processor -- start
2024-04-23T18:13:46.100 INFO:teuthology.orchestra.run.smithi038.stdout:/usr/bin/ceph: stderr
2024-04-23T18:13:45.307+0000 7f0aef813700 1 -- start start
2024-04-23T18:13:46.101 INFO:teuthology.orchestra.run.smithi038.stdout:/usr/bin/ceph: stderr
