2024-04-23T18:13:29.177 INFO:teuthology.orchestra.run.smithi038.stdout:/usr/bin/ceph: stderr
2024-04-23T18:13:23.524+0000 7f50f1d9b700 1 -- 172.21.15.38:0/4190970080 >> [v2:172.21.15.38:6800/1780941116,v1:172.21.15.38:6801/1780941116] conn(0x7f50dc0396c0 msgr2=0x7f50dc03bb80 unknown :-1 s=STATE_CONNECTING_RE l=1).process reconnect failed to v2:172.21.15.38:6800/1780941116
2024-04-23T18:13:29.178 INFO:teuthology.orchestra.run.smithi038.stdout:/usr/bin/ceph: stderr
2024-04-23T18:13:23.524+0000 7f50f1d9b700 1 --2- 172.21.15.38:0/4190970080 >> [v2:172.21.15.38:6800/1780941116,v1:172.21.15.38:6801/1780941116] conn(0x7f50dc0396c0 0x7f50dc03bb80 unknown :-1 s=START_CONNECT pgs=0 cs=0 l=1 rev1=0 crypto rx=0 tx=0 comp rx=0 tx=0)._fault waiting 0.800000
2024-04-23T18:13:29.178 INFO:teuthology.orchestra.run.smithi038.stdout:/usr/bin/ceph: stderr
2024-04-23T18:13:24.325+0000 7f50f1d9b700 1 -- 172.21.15.38:0/4190970080 >> [v2:172.21.15.38:6800/1780941116,v1:172.21.15.38:6801/1780941116] conn(0x7f50dc0396c0 msgr2=0x7f50dc03bb80 unknown :-1 s=STATE_CONNECTING_RE l=1).process reconnect failed to v2:172.21.15.38:6800/1780941116
2024-04-23T18:13:29.178 INFO:teuthology.orchestra.run.smithi038.stdout:/usr/bin/ceph: stderr
2024-04-23T18:13:24.325+0000 7f50f1d9b700 1 --2- 172.21.15.38:0/4190970080 >> [v2:172.21.15.38:6800/1780941116,v1:172.21.15.38:6801/1780941116] conn(0x7f50dc0396c0 0x7f50dc03bb80 unknown :-1 s=START_CONNECT pgs=0 cs=0 l=1 rev1=0 crypto rx=0 tx=0 comp rx=0 tx=0)._fault waiting 1.600000
2024-04-23T18:13:29.178 INFO:teuthology.orchestra.run.smithi038.stdout:/usr/bin/ceph: stderr
2024-04-23T18:13:25.926+0000 7f50f1d9b700 1 -- 172.21.15.38:0/4190970080 >> [v2:172.21.15.38:6800/1780941116,v1:172.21.15.38:6801/1780941116] conn(0x7f50dc0396c0 msgr2=0x7f50dc03bb80 unknown :-1 s=STATE_CONNECTING_RE l=1).process reconnect failed to v2:172.21.15.38:6800/1780941116
2024-04-23T18:13:29.178 INFO:teuthology.orchestra.run.smithi038.stdout:/usr/bin/ceph: stderr
2024-04-23T18:13:25.926+0000 7f50f1d9b700 1 --2- 172.21.15.38:0/4190970080 >> [v2:172.21.15.38:6800/1780941116,v1:172.21.15.38:6801/1780941116] conn(0x7f50dc0396c0 0x7f50dc03bb80 unknown :-1 s=START_CONNECT pgs=0 cs=0 l=1 rev1=0 crypto rx=0 tx=0 comp rx=0 tx=0)._fault waiting 3.200000
2024-04-23T18:13:29.178 INFO:teuthology.orchestra.run.smithi038.stdout:/usr/bin/ceph: stderr
2024-04-23T18:13:27.599+0000 7f50e37fe700 1 -- 172.21.15.38:0/4190970080 <== mon.0 v2:172.21.15.38:3300/0 6 ==== mgrmap(e 6) ==== 46325+0+0 (secure 0 0 0) 0x7f50e402da50 con 0x7f50f4109140
2024-04-23T18:13:29.178 INFO:teuthology.orchestra.run.smithi038.stdout:/usr/bin/ceph: stderr
2024-04-23T18:13:27.599+0000 7f50e37fe700 1 -- 172.21.15.38:0/4190970080 >> [v2:172.21.15.38:6800/1780941116,v1:172.21.15.38:6801/1780941116] conn(0x7f50dc0396c0 msgr2=0x7f50dc03bb80 unknown :-1 s=STATE_CONNECTING l=1).mark_down
2024-04-23T18:13:29.178 INFO:teuthology.orchestra.run.smithi038.stdout:/usr/bin/ceph: stderr
2024-04-23T18:13:27.599+0000 7f50e37fe700 1 --2- 172.21.15.38:0/4190970080 >> [v2:172.21.15.38:6800/1780941116,v1:172.21.15.38:6801/1780941116] conn(0x7f50dc0396c0 0x7f50dc03bb80 unknown :-1 s=START_CONNECT pgs=0 cs=0 l=1 rev1=0 crypto rx=0 tx=0 comp rx=0 tx=0).stop
2024-04-23T18:13:29.178 INFO:teuthology.orchestra.run.smithi038.stdout:/usr/bin/ceph: stderr
2024-04-23T18:13:28.600+0000 7f50e37fe700 1 -- 172.21.15.38:0/4190970080 <== mon.0 v2:172.21.15.38:3300/0 7 ==== mgrmap(e 7) ==== 46452+0+0 (secure 0 0 0) 0x7f50e404f9d0 con 0x7f50f4109140
2024-04-23T18:13:29.178 INFO:teuthology.orchestra.run.smithi038.stdout:/usr/bin/ceph: stderr
2024-04-23T18:13:28.601+0000 7f50e37fe700 1 --2- 172.21.15.38:0/4190970080 >> [v2:172.21.15.38:6800/2665135878,v1:172.21.15.38:6801/2665135878] conn(0x7f50dc03cdc0 0x7f50dc03f1b0 unknown :-1 s=NONE pgs=0 cs=0 l=1 rev1=0 crypto rx=0 tx=0 comp rx=0 tx=0).connect
2024-04-23T18:13:29.178 INFO:teuthology.orchestra.run.smithi038.stdout:/usr/bin/ceph: stderr
2024-04-23T18:13:28.601+0000 7f50e37fe700 1 -- 172.21.15.38:0/4190970080 --> [v2:172.21.15.38:6800/2665135878,v1:172.21.15.38:6801/2665135878] -- command(tid 0: {"prefix": "get_command_descriptions"}) -- 0x7f50e400be90 con 0x7f50dc03cdc0
2024-04-23T18:13:29.178 INFO:teuthology.orchestra.run.smithi038.stdout:/usr/bin/ceph: stderr
2024-04-23T18:13:28.601+0000 7f50f1d9b700 1 --2- 172.21.15.38:0/4190970080 >> [v2:172.21.15.38:6800/2665135878,v1:172.21.15.38:6801/2665135878] conn(0x7f50dc03cdc0 0x7f50dc03f1b0 unknown :-1 s=BANNER_CONNECTING pgs=0 cs=0 l=1 rev1=0 crypto rx=0 tx=0 comp rx=0 tx=0)._handle_peer_banner_payload supported=3 required=0
2024-04-23T18:13:29.178 INFO:teuthology.orchestra.run.smithi038.stdout:/usr/bin/ceph: stderr
2024-04-23T18:13:28.602+0000 7f50f1d9b700 1 --2- 172.21.15.38:0/4190970080 >> [v2:172.21.15.38:6800/2665135878,v1:172.21.15.38:6801/2665135878] conn(0x7f50dc03cdc0 0x7f50dc03f1b0 secure :-1 s=READY pgs=1 cs=0 l=1 rev1=1 crypto rx=0x7f50e8003a10 tx=0x7f50e80092b0 comp rx=0 tx=0).ready entity=mgr.14120 client_cookie=0 server_cookie=0 in_seq=0 out_seq=0
2024-04-23T18:13:29.178 INFO:teuthology.orchestra.run.smithi038.stdout:/usr/bin/ceph: stderr
2024-04-23T18:13:28.602+0000 7f50e37fe700 1 -- 172.21.15.38:0/4190970080 <== mgr.14120 v2:172.21.15.38:6800/2665135878 1 ==== command_reply(tid 0: 0 ) ==== 8+0+7774 (secure 0 0 0) 0x7f50e400be90 con 0x7f50dc03cdc0
2024-04-23T18:13:29.179 INFO:teuthology.orchestra.run.smithi038.stdout:/usr/bin/ceph: stderr
2024-04-23T18:13:28.609+0000 7f50f8c5c700 1 -- 172.21.15.38:0/4190970080 --> [v2:172.21.15.38:6800/2665135878,v1:172.21.15.38:6801/2665135878] -- command(tid 1: {"prefix": "mgr_status"}) -- 0x7f50f4103bc0 con 0x7f50dc03cdc0
2024-04-23T18:13:29.179 INFO:teuthology.orchestra.run.smithi038.stdout:/usr/bin/ceph: stderr
2024-04-23T18:13:28.609+0000 7f50e37fe700 1 -- 172.21.15.38:0/4190970080 <== mgr.14120 v2:172.21.15.38:6800/2665135878 2 ==== command_reply(tid 1: 0 ) ==== 8+0+51 (secure 0 0 0) 0x7f50f4103bc0 con 0x7f50dc03cdc0
2024-04-23T18:13:29.179 INFO:teuthology.orchestra.run.smithi038.stdout:/usr/bin/ceph: stderr
2024-04-23T18:13:28.609+0000 7f50f8c5c700 1 -- 172.21.15.38:0/4190970080 >> [v2:172.21.15.38:6800/2665135878,v1:172.21.15.38:6801/2665135878] conn(0x7f50dc03cdc0 msgr2=0x7f50dc03f1b0 secure :-1 s=STATE_CONNECTION_ESTABLISHED l=1).mark_down
2024-04-23T18:13:29.179 INFO:teuthology.orchestra.run.smithi038.stdout:/usr/bin/ceph: stderr
2024-04-23T18:13:28.609+0000 7f50f8c5c700 1 --2- 172.21.15.38:0/4190970080 >> [v2:172.21.15.38:6800/2665135878,v1:172.21.15.38:6801/2665135878] conn(0x7f50dc03cdc0 0x7f50dc03f1b0 secure :-1 s=READY pgs=1 cs=0 l=1 rev1=1 crypto rx=0x7f50e8003a10 tx=0x7f50e80092b0 comp rx=0 tx=0).stop
2024-04-23T18:13:29.179 INFO:teuthology.orchestra.run.smithi038.stdout:/usr/bin/ceph: stderr
2024-04-23T18:13:28.609+0000 7f50f8c5c700 1 -- 172.21.15.38:0/4190970080 >> [v2:172.21.15.38:3300/0,v1:172.21.15.38:6789/0] conn(0x7f50f4109140 msgr2=0x7f50f419c3f0 secure :-1 s=STATE_CONNECTION_ESTABLISHED l=1).mark_down
2024-04-23T18:13:29.179 INFO:teuthology.orchestra.run.smithi038.stdout:/usr/bin/ceph: stderr
2024-04-23T18:13:28.609+0000 7f50f8c5c700 1 --2- 172.21.15.38:0/4190970080 >> [v2:172.21.15.38:3300/0,v1:172.21.15.38:6789/0] conn(0x7f50f4109140 0x7f50f419c3f0 secure :-1 s=READY pgs=29 cs=0 l=1 rev1=1 crypto rx=0x7f50e40117e0 tx=0x7f50e4011ce0 comp rx=0 tx=0).stop
2024-04-23T18:13:29.179 INFO:teuthology.orchestra.run.smithi038.stdout:/usr/bin/ceph: stderr
2024-04-23T18:13:28.609+0000 7f50f8c5c700 1 -- 172.21.15.38:0/4190970080 shutdown_connections
2024-04-23T18:13:29.179 INFO:teuthology.orchestra.run.smithi038.stdout:/usr/bin/ceph: stderr
2024-04-23T18:13:28.609+0000 7f50f8c5c700 1 --2- 172.21.15.38:0/4190970080 >> [v2:172.21.15.38:6800/2665135878,v1:172.21.15.38:6801/2665135878] conn(0x7f50dc03cdc0 0x7f50dc03f1b0 unknown :-1 s=CLOSED pgs=1 cs=0 l=1 rev1=1 crypto rx=0 tx=0 comp rx=0 tx=0).stop
2024-04-23T18:13:29.179 INFO:teuthology.orchestra.run.smithi038.stdout:/usr/bin/ceph: stderr
2024-04-23T18:13:28.609+0000 7f50f8c5c700 1 --2- 172.21.15.38:0/4190970080 >> [v2:172.21.15.38:3300/0,v1:172.21.15.38:6789/0] conn(0x7f50f4109140 0x7f50f419c3f0 unknown :-1 s=CLOSED pgs=29 cs=0 l=1 rev1=1 crypto rx=0 tx=0 comp rx=0 tx=0).stop
2024-04-23T18:13:29.179 INFO:teuthology.orchestra.run.smithi038.stdout:/usr/bin/ceph: stderr
2024-04-23T18:13:28.609+0000 7f50f8c5c700 1 --2- 172.21.15.38:0/4190970080 >> [v2:172.21.15.38:6800/1780941116,v1:172.21.15.38:6801/1780941116] conn(0x7f50dc0396c0 0x7f50dc03bb80 unknown :-1 s=CLOSED pgs=0 cs=0 l=1 rev1=0 crypto rx=0 tx=0 comp rx=0 tx=0).stop
2024-04-23T18:13:29.179 INFO:teuthology.orchestra.run.smithi038.stdout:/usr/bin/ceph: stderr
2024-04-23T18:13:28.609+0000 7f50f8c5c700 1 -- 172.21.15.38:0/4190970080 >> 172.21.15.38:0/4190970080 conn(0x7f50f4102ad0 msgr2=0x7f50f41034b0 unknown :-1 s=STATE_NONE l=0).mark_down
2024-04-23T18:13:29.179 INFO:teuthology.orchestra.run.smithi038.stdout:/usr/bin/ceph: stderr
2024-04-23T18:13:28.610+0000 7f50f8c5c700 1 -- 172.21.15.38:0/4190970080 shutdown_connections
2024-04-23T18:13:29.179 INFO:teuthology.orchestra.run.smithi038.stdout:/usr/bin/ceph: stderr
2024-04-23T18:13:28.610+0000 7f50f8c5c700 1 -- 172.21.15.38:0/4190970080 wait complete.
2024-04-23T18:13:29.179 INFO:teuthology.orchestra.run.smithi038.stdout:mgr epoch 5 is available
2024-04-23T18:13:29.179 INFO:teuthology.orchestra.run.smithi038.stdout:Setting orchestrator backend to cephadm...
2024-04-23T18:13:29.844 INFO:journalctl@ceph.mon.a.smithi038.stdout:Apr 23 18:13:29 smithi038 ceph-mon[29217]: from='client.14124 -' entity='client.admin' cmd=[{"prefix": "get_command_descriptions"}]: dispatch
2024-04-23T18:13:29.844 INFO:journalctl@ceph.mon.a.smithi038.stdout:Apr 23 18:13:29 smithi038 ceph-mon[29217]: from='client.14124 -' entity='client.admin' cmd=[{"prefix": "mgr_status"}]: dispatch
2024-04-23T18:13:30.395 INFO:teuthology.orchestra.run.smithi038.stdout:/usr/bin/ceph: stderr
2024-04-23T18:13:29.608+0000 7f6fa7efd700 1 Processor -- start
2024-04-23T18:13:30.395 INFO:teuthology.orchestra.run.smithi038.stdout:/usr/bin/ceph: stderr
2024-04-23T18:13:29.608+0000 7f6fa7efd700 1 -- start start
2024-04-23T18:13:30.395 INFO:teuthology.orchestra.run.smithi038.stdout:/usr/bin/ceph: stderr
2024-04-23T18:13:29.609+0000 7f6fa7efd700 1 --2- >> [v2:172.21.15.38:3300/0,v1:172.21.15.38:6789/0] conn(0x7f6fa0109030 0x7f6fa010b420 unknown :-1 s=NONE pgs=0 cs=0 l=0 rev1=0 crypto rx=0 tx=0 comp rx=0 tx=0).connect
2024-04-23T18:13:30.395 INFO:teuthology.orchestra.run.smithi038.stdout:/usr/bin/ceph: stderr
2024-04-23T18:13:29.609+0000 7f6fa7efd700 1 -- --> [v2:172.21.15.38:3300/0,v1:172.21.15.38:6789/0] -- mon_getmap magic: 0 -- 0x7f6fa007be80 con 0x7f6fa0109030
2024-04-23T18:13:30.395 INFO:teuthology.orchestra.run.smithi038.stdout:/usr/bin/ceph: stderr
2024-04-23T18:13:29.609+0000 7f6fa5c99700 1 --2- >> [v2:172.21.15.38:3300/0,v1:172.21.15.38:6789/0] conn(0x7f6fa0109030 0x7f6fa010b420 unknown :-1 s=BANNER_CONNECTING pgs=0 cs=0 l=0 rev1=0 crypto rx=0 tx=0 comp rx=0 tx=0)._handle_peer_banner_payload supported=3 required=0
2024-04-23T18:13:30.395 INFO:teuthology.orchestra.run.smithi038.stdout:/usr/bin/ceph: stderr
2024-04-23T18:13:29.609+0000 7f6fa5c99700 1 --2- >> [v2:172.21.15.38:3300/0,v1:172.21.15.38:6789/0] conn(0x7f6fa0109030 0x7f6fa010b420 unknown :-1 s=HELLO_CONNECTING pgs=0 cs=0 l=0 rev1=1 crypto rx=0 tx=0 comp rx=0 tx=0).handle_hello peer v2:172.21.15.38:3300/0 says I am v2:172.21.15.38:42946/0 (socket says 172.21.15.38:42946)
2024-04-23T18:13:30.395 INFO:teuthology.orchestra.run.smithi038.stdout:/usr/bin/ceph: stderr
2024-04-23T18:13:29.609+0000 7f6fa5c99700 1 -- 172.21.15.38:0/3116547028 learned_addr learned my addr 172.21.15.38:0/3116547028 (peer_addr_for_me v2:172.21.15.38:0/0)
2024-04-23T18:13:30.395 INFO:teuthology.orchestra.run.smithi038.stdout:/usr/bin/ceph: stderr
2024-04-23T18:13:29.609+0000 7f6fa5c99700 1 -- 172.21.15.38:0/3116547028 --> [v2:172.21.15.38:3300/0,v1:172.21.15.38:6789/0] -- mon_subscribe({config=0+,monmap=0+}) -- 0x7f6fa010b960 con 0x7f6fa0109030
2024-04-23T18:13:30.395 INFO:teuthology.orchestra.run.smithi038.stdout:/usr/bin/ceph: stderr
2024-04-23T18:13:29.609+0000 7f6fa5c99700 1 --2- 172.21.15.38:0/3116547028 >> [v2:172.21.15.38:3300/0,v1:172.21.15.38:6789/0] conn(0x7f6fa0109030 0x7f6fa010b420 secure :-1 s=READY pgs=37 cs=0 l=1 rev1=1 crypto rx=0x7f6f9c0098a0 tx=0x7f6f9c009bb0 comp rx=0 tx=0).ready entity=mon.0 client_cookie=9b4543a053a318b5 server_cookie=0 in_seq=0 out_seq=0
2024-04-23T18:13:30.395 INFO:teuthology.orchestra.run.smithi038.stdout:/usr/bin/ceph: stderr
2024-04-23T18:13:29.609+0000 7f6fa4c97700 1 -- 172.21.15.38:0/3116547028 <== mon.0 v2:172.21.15.38:3300/0 1 ==== mon_map magic: 0 ==== 205+0+0 (secure 0 0 0) 0x7f6f9c004160 con 0x7f6fa0109030
2024-04-23T18:13:30.395 INFO:teuthology.orchestra.run.smithi038.stdout:/usr/bin/ceph: stderr
2024-04-23T18:13:29.609+0000 7f6fa4c97700 1 -- 172.21.15.38:0/3116547028 <== mon.0 v2:172.21.15.38:3300/0 2 ==== config(27 keys) ==== 1104+0+0 (secure 0 0 0) 0x7f6f9c004300 con 0x7f6fa0109030
2024-04-23T18:13:30.396 INFO:teuthology.orchestra.run.smithi038.stdout:/usr/bin/ceph: stderr
2024-04-23T18:13:29.609+0000 7f6fa4c97700 1 -- 172.21.15.38:0/3116547028 <== mon.0 v2:172.21.15.38:3300/0 3 ==== mon_map magic: 0 ==== 205+0+0 (secure 0 0 0) 0x7f6f9c011b20 con 0x7f6fa0109030
2024-04-23T18:13:30.396 INFO:teuthology.orchestra.run.smithi038.stdout:/usr/bin/ceph: stderr
2024-04-23T18:13:29.610+0000 7f6fa7efd700 1 -- 172.21.15.38:0/3116547028 >> [v2:172.21.15.38:3300/0,v1:172.21.15.38:6789/0] conn(0x7f6fa0109030 msgr2=0x7f6fa010b420 secure :-1 s=STATE_CONNECTION_ESTABLISHED l=1).mark_down
2024-04-23T18:13:30.396 INFO:teuthology.orchestra.run.smithi038.stdout:/usr/bin/ceph: stderr
2024-04-23T18:13:29.610+0000 7f6fa7efd700 1 --2- 172.21.15.38:0/3116547028 >> [v2:172.21.15.38:3300/0,v1:172.21.15.38:6789/0] conn(0x7f6fa0109030 0x7f6fa010b420 secure :-1 s=READY pgs=37 cs=0 l=1 rev1=1 crypto rx=0x7f6f9c0098a0 tx=0x7f6f9c009bb0 comp rx=0 tx=0).stop
2024-04-23T18:13:30.396 INFO:teuthology.orchestra.run.smithi038.stdout:/usr/bin/ceph: stderr
2024-04-23T18:13:29.610+0000 7f6fa7efd700 1 -- 172.21.15.38:0/3116547028 shutdown_connections
2024-04-23T18:13:30.396 INFO:teuthology.orchestra.run.smithi038.stdout:/usr/bin/ceph: stderr
2024-04-23T18:13:29.610+0000 7f6fa7efd700 1 --2- 172.21.15.38:0/3116547028 >> [v2:172.21.15.38:3300/0,v1:172.21.15.38:6789/0] conn(0x7f6fa0109030 0x7f6fa010b420 unknown :-1 s=CLOSED pgs=37 cs=0 l=1 rev1=1 crypto rx=0 tx=0 comp rx=0 tx=0).stop
2024-04-23T18:13:30.396 INFO:teuthology.orchestra.run.smithi038.stdout:/usr/bin/ceph: stderr
2024-04-23T18:13:29.610+0000 7f6fa7efd700 1 -- 172.21.15.38:0/3116547028 >> 172.21.15.38:0/3116547028 conn(0x7f6fa0102a40 msgr2=0x7f6fa0104e80 unknown :-1 s=STATE_NONE l=0).mark_down
2024-04-23T18:13:30.396 INFO:teuthology.orchestra.run.smithi038.stdout:/usr/bin/ceph: stderr
2024-04-23T18:13:29.610+0000 7f6fa7efd700 1 -- 172.21.15.38:0/3116547028 shutdown_connections
2024-04-23T18:13:30.396 INFO:teuthology.orchestra.run.smithi038.stdout:/usr/bin/ceph: stderr
2024-04-23T18:13:29.610+0000 7f6fa7efd700 1 -- 172.21.15.38:0/3116547028 wait complete.
2024-04-23T18:13:30.396 INFO:teuthology.orchestra.run.smithi038.stdout:/usr/bin/ceph: stderr
2024-04-23T18:13:29.611+0000 7f6fa7efd700 1 Processor -- start
2024-04-23T18:13:30.396 INFO:teuthology.orchestra.run.smithi038.stdout:/usr/bin/ceph: stderr
2024-04-23T18:13:29.611+0000 7f6fa7efd700 1 -- start start
2024-04-23T18:13:30.397 INFO:teuthology.orchestra.run.smithi038.stdout:/usr/bin/ceph: stderr
2024-04-23T18:13:29.611+0000 7f6fa7efd700 1 --2- >> [v2:172.21.15.38:3300/0,v1:172.21.15.38:6789/0] conn(0x7f6fa0109030 0x7f6fa019c3a0 unknown :-1 s=NONE pgs=0 cs=0 l=1 rev1=0 crypto rx=0 tx=0 comp rx=0 tx=0).connect
2024-04-23T18:13:30.397 INFO:teuthology.orchestra.run.smithi038.stdout:/usr/bin/ceph: stderr
2024-04-23T18:13:29.611+0000 7f6fa7efd700 1 -- --> [v2:172.21.15.38:3300/0,v1:172.21.15.38:6789/0] -- mon_getmap magic: 0 -- 0x7f6fa010c910 con 0x7f6fa0109030
2024-04-23T18:13:30.397 INFO:teuthology.orchestra.run.smithi038.stdout:/usr/bin/ceph: stderr
2024-04-23T18:13:29.611+0000 7f6fa5c99700 1 --2- >> [v2:172.21.15.38:3300/0,v1:172.21.15.38:6789/0] conn(0x7f6fa0109030 0x7f6fa019c3a0 unknown :-1 s=BANNER_CONNECTING pgs=0 cs=0 l=1 rev1=0 crypto rx=0 tx=0 comp rx=0 tx=0)._handle_peer_banner_payload supported=3 required=0
2024-04-23T18:13:30.397 INFO:teuthology.orchestra.run.smithi038.stdout:/usr/bin/ceph: stderr
2024-04-23T18:13:29.611+0000 7f6fa5c99700 1 --2- >> [v2:172.21.15.38:3300/0,v1:172.21.15.38:6789/0] conn(0x7f6fa0109030 0x7f6fa019c3a0 unknown :-1 s=HELLO_CONNECTING pgs=0 cs=0 l=1 rev1=1 crypto rx=0 tx=0 comp rx=0 tx=0).handle_hello peer v2:172.21.15.38:3300/0 says I am v2:172.21.15.38:42954/0 (socket says 172.21.15.38:42954)
2024-04-23T18:13:30.397 INFO:teuthology.orchestra.run.smithi038.stdout:/usr/bin/ceph: stderr
2024-04-23T18:13:29.611+0000 7f6fa5c99700 1 -- 172.21.15.38:0/2015791342 learned_addr learned my addr 172.21.15.38:0/2015791342 (peer_addr_for_me v2:172.21.15.38:0/0)
2024-04-23T18:13:30.397 INFO:teuthology.orchestra.run.smithi038.stdout:/usr/bin/ceph: stderr
2024-04-23T18:13:29.611+0000 7f6fa5c99700 1 -- 172.21.15.38:0/2015791342 --> [v2:172.21.15.38:3300/0,v1:172.21.15.38:6789/0] -- mon_subscribe({config=0+,monmap=0+}) -- 0x7f6fa019c8e0 con 0x7f6fa0109030
2024-04-23T18:13:30.397 INFO:teuthology.orchestra.run.smithi038.stdout:/usr/bin/ceph: stderr
2024-04-23T18:13:29.611+0000 7f6fa5c99700 1 --2- 172.21.15.38:0/2015791342 >> [v2:172.21.15.38:3300/0,v1:172.21.15.38:6789/0] conn(0x7f6fa0109030 0x7f6fa019c3a0 secure :-1 s=READY pgs=38 cs=0 l=1 rev1=1 crypto rx=0x7f6f9c006af0 tx=0x7f6f9c011ce0 comp rx=0 tx=0).ready entity=mon.0 client_cookie=0 server_cookie=0 in_seq=0 out_seq=0
2024-04-23T18:13:30.397 INFO:teuthology.orchestra.run.smithi038.stdout:/usr/bin/ceph: stderr
2024-04-23T18:13:29.611+0000 7f6f92ffd700 1 -- 172.21.15.38:0/2015791342 <== mon.0 v2:172.21.15.38:3300/0 1 ==== mon_map magic: 0 ==== 205+0+0 (secure 0 0 0) 0x7f6f9c0039a0 con 0x7f6fa0109030
2024-04-23T18:13:30.398 INFO:teuthology.orchestra.run.smithi038.stdout:/usr/bin/ceph: stderr
2024-04-23T18:13:29.611+0000 7f6f92ffd700 1 -- 172.21.15.38:0/2015791342 <== mon.0 v2:172.21.15.38:3300/0 2 ==== config(27 keys) ==== 1104+0+0 (secure 0 0 0) 0x7f6f9c003b40 con 0x7f6fa0109030
2024-04-23T18:13:30.398 INFO:teuthology.orchestra.run.smithi038.stdout:/usr/bin/ceph: stderr
2024-04-23T18:13:29.611+0000 7f6fa7efd700 1 -- 172.21.15.38:0/2015791342 --> [v2:172.21.15.38:3300/0,v1:172.21.15.38:6789/0] -- mon_subscribe({mgrmap=0+}) -- 0x7f6fa019cbd0 con 0x7f6fa0109030
2024-04-23T18:13:30.398 INFO:teuthology.orchestra.run.smithi038.stdout:/usr/bin/ceph: stderr
2024-04-23T18:13:29.612+0000 7f6f92ffd700 1 -- 172.21.15.38:0/2015791342 <== mon.0 v2:172.21.15.38:3300/0 3 ==== mon_map magic: 0 ==== 205+0+0 (secure 0 0 0) 0x7f6f9c019670 con 0x7f6fa0109030
2024-04-23T18:13:30.398 INFO:teuthology.orchestra.run.smithi038.stdout:/usr/bin/ceph: stderr
2024-04-23T18:13:29.612+0000 7f6fa7efd700 1 -- 172.21.15.38:0/2015791342 --> [v2:172.21.15.38:3300/0,v1:172.21.15.38:6789/0] -- mon_subscribe({osdmap=0}) -- 0x7f6fa019f860 con 0x7f6fa0109030
2024-04-23T18:13:30.398 INFO:teuthology.orchestra.run.smithi038.stdout:/usr/bin/ceph: stderr
2024-04-23T18:13:29.612+0000 7f6f92ffd700 1 -- 172.21.15.38:0/2015791342 <== mon.0 v2:172.21.15.38:3300/0 4 ==== mgrmap(e 7) ==== 46452+0+0 (secure 0 0 0) 0x7f6f9c0198e0 con 0x7f6fa0109030
2024-04-23T18:13:30.398 INFO:teuthology.orchestra.run.smithi038.stdout:/usr/bin/ceph: stderr
2024-04-23T18:13:29.612+0000 7f6fa7efd700 1 -- 172.21.15.38:0/2015791342 --> [v2:172.21.15.38:3300/0,v1:172.21.15.38:6789/0] -- mon_command({"prefix": "get_command_descriptions"} v 0) -- 0x7f6fa00640a0 con 0x7f6fa0109030
2024-04-23T18:13:30.398 INFO:teuthology.orchestra.run.smithi038.stdout:/usr/bin/ceph: stderr
2024-04-23T18:13:29.613+0000 7f6f92ffd700 1 --2- 172.21.15.38:0/2015791342 >> [v2:172.21.15.38:6800/2665135878,v1:172.21.15.38:6801/2665135878] conn(0x7f6f8c039560 0x7f6f8c03ba20 unknown :-1 s=NONE pgs=0 cs=0 l=1 rev1=0 crypto rx=0 tx=0 comp rx=0 tx=0).connect
2024-04-23T18:13:30.398 INFO:teuthology.orchestra.run.smithi038.stdout:/usr/bin/ceph: stderr
2024-04-23T18:13:29.613+0000 7f6f92ffd700 1 -- 172.21.15.38:0/2015791342 <== mon.0 v2:172.21.15.38:3300/0 5 ==== osd_map(2..2 src has 1..2) ==== 940+0+0 (secure 0 0 0) 0x7f6f9c04d900 con 0x7f6fa0109030
2024-04-23T18:13:30.398 INFO:teuthology.orchestra.run.smithi038.stdout:/usr/bin/ceph: stderr
2024-04-23T18:13:29.613+0000 7f6fa5498700 1 --2- 172.21.15.38:0/2015791342 >> [v2:172.21.15.38:6800/2665135878,v1:172.21.15.38:6801/2665135878] conn(0x7f6f8c039560 0x7f6f8c03ba20 unknown :-1 s=BANNER_CONNECTING pgs=0 cs=0 l=1 rev1=0 crypto rx=0 tx=0 comp rx=0 tx=0)._handle_peer_banner_payload supported=3 required=0
2024-04-23T18:13:30.398 INFO:teuthology.orchestra.run.smithi038.stdout:/usr/bin/ceph: stderr
2024-04-23T18:13:29.613+0000 7f6fa5498700 1 --2- 172.21.15.38:0/2015791342 >> [v2:172.21.15.38:6800/2665135878,v1:172.21.15.38:6801/2665135878] conn(0x7f6f8c039560 0x7f6f8c03ba20 secure :-1 s=READY pgs=7 cs=0 l=1 rev1=1 crypto rx=0x7f6f94006fd0 tx=0x7f6f94006e40 comp rx=0 tx=0).ready entity=mgr.14120 client_cookie=0 server_cookie=0 in_seq=0 out_seq=0
2024-04-23T18:13:30.398 INFO:teuthology.orchestra.run.smithi038.stdout:/usr/bin/ceph: stderr
2024-04-23T18:13:29.622+0000 7f6f92ffd700 1 -- 172.21.15.38:0/2015791342 <== mon.0 v2:172.21.15.38:3300/0 6 ==== mon_command_ack([{"prefix": "get_command_descriptions"}]=0 v0) ==== 72+0+188370 (secure 0 0 0) 0x7f6f9c011e20 con 0x7f6fa0109030
2024-04-23T18:13:30.398 INFO:teuthology.orchestra.run.smithi038.stdout:/usr/bin/ceph: stderr
2024-04-23T18:13:29.661+0000 7f6f92ffd700 1 -- 172.21.15.38:0/2015791342 <== mon.0 v2:172.21.15.38:3300/0 7 ==== mgrmap(e 8) ==== 46558+0+0 (secure 0 0 0) 0x7f6f9c02d440 con 0x7f6fa0109030
2024-04-23T18:13:30.398 INFO:teuthology.orchestra.run.smithi038.stdout:/usr/bin/ceph: stderr
2024-04-23T18:13:29.849+0000 7f6fa7efd700 1 -- 172.21.15.38:0/2015791342 --> [v2:172.21.15.38:6800/2665135878,v1:172.21.15.38:6801/2665135878] -- mgr_command(tid 0: {"prefix": "orch set backend", "module_name": "cephadm", "target": ["mon-mgr", ""]}) -- 0x7f6fa0103b20 con 0x7f6f8c039560
2024-04-23T18:13:30.399 INFO:teuthology.orchestra.run.smithi038.stdout:/usr/bin/ceph: stderr
2024-04-23T18:13:29.856+0000 7f6f92ffd700 1 -- 172.21.15.38:0/2015791342 <== mgr.14120 v2:172.21.15.38:6800/2665135878 1 ==== mgr_command_reply(tid 0: 0 ) ==== 8+0+0 (secure 0 0 0) 0x7f6fa0103b20 con 0x7f6f8c039560
2024-04-23T18:13:30.399 INFO:teuthology.orchestra.run.smithi038.stdout:/usr/bin/ceph: stderr
2024-04-23T18:13:29.859+0000 7f6fa7efd700 1 -- 172.21.15.38:0/2015791342 >> [v2:172.21.15.38:6800/2665135878,v1:172.21.15.38:6801/2665135878] conn(0x7f6f8c039560 msgr2=0x7f6f8c03ba20 secure :-1 s=STATE_CONNECTION_ESTABLISHED l=1).mark_down
2024-04-23T18:13:30.399 INFO:teuthology.orchestra.run.smithi038.stdout:/usr/bin/ceph: stderr
2024-04-23T18:13:29.859+0000 7f6fa7efd700 1 --2- 172.21.15.38:0/2015791342 >> [v2:172.21.15.38:6800/2665135878,v1:172.21.15.38:6801/2665135878] conn(0x7f6f8c039560 0x7f6f8c03ba20 secure :-1 s=READY pgs=7 cs=0 l=1 rev1=1 crypto rx=0x7f6f94006fd0 tx=0x7f6f94006e40 comp rx=0 tx=0).stop
2024-04-23T18:13:30.399 INFO:teuthology.orchestra.run.smithi038.stdout:/usr/bin/ceph: stderr
2024-04-23T18:13:29.859+0000 7f6fa7efd700 1 -- 172.21.15.38:0/2015791342 >> [v2:172.21.15.38:3300/0,v1:172.21.15.38:6789/0] conn(0x7f6fa0109030 msgr2=0x7f6fa019c3a0 secure :-1 s=STATE_CONNECTION_ESTABLISHED l=1).mark_down
2024-04-23T18:13:30.399 INFO:teuthology.orchestra.run.smithi038.stdout:/usr/bin/ceph: stderr
2024-04-23T18:13:29.859+0000 7f6fa7efd700 1 --2- 172.21.15.38:0/2015791342 >> [v2:172.21.15.38:3300/0,v1:172.21.15.38:6789/0] conn(0x7f6fa0109030 0x7f6fa019c3a0 secure :-1 s=READY pgs=38 cs=0 l=1 rev1=1 crypto rx=0x7f6f9c006af0 tx=0x7f6f9c011ce0 comp rx=0 tx=0).stop
2024-04-23T18:13:30.399 INFO:teuthology.orchestra.run.smithi038.stdout:/usr/bin/ceph: stderr
2024-04-23T18:13:29.859+0000 7f6fa7efd700 1 -- 172.21.15.38:0/2015791342 shutdown_connections
2024-04-23T18:13:30.399 INFO:teuthology.orchestra.run.smithi038.stdout:/usr/bin/ceph: stderr
2024-04-23T18:13:29.859+0000 7f6fa7efd700 1 --2- 172.21.15.38:0/2015791342 >> [v2:172.21.15.38:6800/2665135878,v1:172.21.15.38:6801/2665135878] conn(0x7f6f8c039560 0x7f6f8c03ba20 unknown :-1 s=CLOSED pgs=7 cs=0 l=1 rev1=1 crypto rx=0 tx=0 comp rx=0 tx=0).stop
2024-04-23T18:13:30.399 INFO:teuthology.orchestra.run.smithi038.stdout:/usr/bin/ceph: stderr
2024-04-23T18:13:29.859+0000 7f6fa7efd700 1 --2- 172.21.15.38:0/2015791342 >> [v2:172.21.15.38:3300/0,v1:172.21.15.38:6789/0] conn(0x7f6fa0109030 0x7f6fa019c3a0 unknown :-1 s=CLOSED pgs=38 cs=0 l=1 rev1=1 crypto rx=0 tx=0 comp rx=0 tx=0).stop
2024-04-23T18:13:30.399 INFO:teuthology.orchestra.run.smithi038.stdout:/usr/bin/ceph: stderr
2024-04-23T18:13:29.859+0000 7f6fa7efd700 1 -- 172.21.15.38:0/2015791342 >> 172.21.15.38:0/2015791342 conn(0x7f6fa0102a40 msgr2=0x7f6fa0103410 unknown :-1 s=STATE_NONE l=0).mark_down
2024-04-23T18:13:30.399 INFO:teuthology.orchestra.run.smithi038.stdout:/usr/bin/ceph: stderr
2024-04-23T18:13:29.859+0000 7f6fa7efd700 1 -- 172.21.15.38:0/2015791342 shutdown_connections
2024-04-23T18:13:30.399 INFO:teuthology.orchestra.run.smithi038.stdout:/usr/bin/ceph: stderr
2024-04-23T18:13:29.859+0000 7f6fa7efd700 1 -- 172.21.15.38:0/2015791342 wait complete.
2024-04-23T18:13:30.825 INFO:journalctl@ceph.mon.a.smithi038.stdout:Apr 23 18:13:30 smithi038 ceph-mon[29217]: mgrmap e8: x(active, since 2s)
2024-04-23T18:13:30.825 INFO:journalctl@ceph.mon.a.smithi038.stdout:Apr 23 18:13:30 smithi038 ceph-mon[29217]: [23/Apr/2024:18:13:29] ENGINE Bus STARTING
2024-04-23T18:13:30.825 INFO:journalctl@ceph.mon.a.smithi038.stdout:Apr 23 18:13:30 smithi038 ceph-mon[29217]: from='client.14132 -' entity='client.admin' cmd=[{"prefix": "orch set backend", "module_name": "cephadm", "target": ["mon-mgr", ""]}]: dispatch
2024-04-23T18:13:30.826 INFO:journalctl@ceph.mon.a.smithi038.stdout:Apr 23 18:13:30 smithi038 ceph-mon[29217]: from='mgr.14120 172.21.15.38:0/3818849755' entity='mgr.x'
2024-04-23T18:13:30.826 INFO:journalctl@ceph.mon.a.smithi038.stdout:Apr 23 18:13:30 smithi038 ceph-mon[29217]: [23/Apr/2024:18:13:29] ENGINE Serving on https://172.21.15.38:7150
2024-04-23T18:13:30.826 INFO:journalctl@ceph.mon.a.smithi038.stdout:Apr 23 18:13:30 smithi038 ceph-mon[29217]: from='mgr.14120 172.21.15.38:0/3818849755' entity='mgr.x' cmd=[{"prefix": "config dump", "format": "json"}]: dispatch
2024-04-23T18:13:30.826 INFO:journalctl@ceph.mon.a.smithi038.stdout:Apr 23 18:13:30 smithi038 ceph-mon[29217]: [23/Apr/2024:18:13:29] ENGINE Serving on http://172.21.15.38:8765
2024-04-23T18:13:30.826 INFO:journalctl@ceph.mon.a.smithi038.stdout:Apr 23 18:13:30 smithi038 ceph-mon[29217]: [23/Apr/2024:18:13:29] ENGINE Bus STARTED
2024-04-23T18:13:30.826 INFO:journalctl@ceph.mon.a.smithi038.stdout:Apr 23 18:13:30 smithi038 ceph-mon[29217]: from='mgr.14120 172.21.15.38:0/3818849755' entity='mgr.x' cmd=[{"prefix": "config dump", "format": "json"}]: dispatch
2024-04-23T18:13:31.610 INFO:teuthology.orchestra.run.smithi038.stdout:/usr/bin/ceph: stdout value unchanged
2024-04-23T18:13:31.611 INFO:teuthology.orchestra.run.smithi038.stdout:/usr/bin/ceph: stderr
2024-04-23T18:13:30.851+0000 7fe1eecec700 1 Processor -- start
2024-04-23T18:13:31.611 INFO:teuthology.orchestra.run.smithi038.stdout:/usr/bin/ceph: stderr
2024-04-23T18:13:30.851+0000 7fe1eecec700 1 -- start start
2024-04-23T18:13:31.611 INFO:teuthology.orchestra.run.smithi038.stdout:/usr/bin/ceph: stderr
2024-04-23T18:13:30.851+0000 7fe1eecec700 1 --2- >> [v2:172.21.15.38:3300/0,v1:172.21.15.38:6789/0] conn(0x7fe1e81079d0 0x7fe1e8107df0 unknown :-1 s=NONE pgs=0 cs=0 l=0 rev1=0 crypto rx=0 tx=0 comp rx=0 tx=0).connect
2024-04-23T18:13:31.611 INFO:teuthology.orchestra.run.smithi038.stdout:/usr/bin/ceph: stderr
2024-04-23T18:13:30.851+0000 7fe1eecec700 1 -- --> [v2:172.21.15.38:3300/0,v1:172.21.15.38:6789/0] -- mon_getmap magic: 0 -- 0x7fe1e81083c0 con 0x7fe1e81079d0
2024-04-23T18:13:31.611 INFO:teuthology.orchestra.run.smithi038.stdout:/usr/bin/ceph: stderr
2024-04-23T18:13:30.852+0000 7fe1eca88700 1 --2- >> [v2:172.21.15.38:3300/0,v1:172.21.15.38:6789/0] conn(0x7fe1e81079d0 0x7fe1e8107df0 unknown :-1 s=BANNER_CONNECTING pgs=0 cs=0 l=0 rev1=0 crypto rx=0 tx=0 comp rx=0 tx=0)._handle_peer_banner_payload supported=3 required=0
2024-04-23T18:13:31.611 INFO:teuthology.orchestra.run.smithi038.stdout:/usr/bin/ceph: stderr
2024-04-23T18:13:30.852+0000 7fe1eca88700 1 --2- >> [v2:172.21.15.38:3300/0,v1:172.21.15.38:6789/0] conn(0x7fe1e81079d0 0x7fe1e8107df0 unknown :-1 s=HELLO_CONNECTING pgs=0 cs=0 l=0 rev1=1 crypto rx=0 tx=0 comp rx=0 tx=0).handle_hello peer v2:172.21.15.38:3300/0 says I am v2:172.21.15.38:53442/0 (socket says 172.21.15.38:53442)
2024-04-23T18:13:31.611 INFO:teuthology.orchestra.run.smithi038.stdout:/usr/bin/ceph: stderr
2024-04-23T18:13:30.852+0000 7fe1eca88700 1 -- 172.21.15.38:0/1648838090 learned_addr learned my addr 172.21.15.38:0/1648838090 (peer_addr_for_me v2:172.21.15.38:0/0)
2024-04-23T18:13:31.611 INFO:teuthology.orchestra.run.smithi038.stdout:/usr/bin/ceph: stderr
2024-04-23T18:13:30.852+0000 7fe1eca88700 1 -- 172.21.15.38:0/1648838090 --> [v2:172.21.15.38:3300/0,v1:172.21.15.38:6789/0] -- mon_subscribe({config=0+,monmap=0+}) -- 0x7fe1e81086f0 con 0x7fe1e81079d0
2024-04-23T18:13:31.611 INFO:teuthology.orchestra.run.smithi038.stdout:/usr/bin/ceph: stderr
2024-04-23T18:13:30.852+0000 7fe1eca88700 1 --2- 172.21.15.38:0/1648838090 >> [v2:172.21.15.38:3300/0,v1:172.21.15.38:6789/0] conn(0x7fe1e81079d0 0x7fe1e8107df0 secure :-1 s=READY pgs=39 cs=0 l=1 rev1=1 crypto rx=0x7fe1dc0098a0 tx=0x7fe1dc009bb0 comp rx=0 tx=0).ready entity=mon.0 client_cookie=74d5d90233dec250 server_cookie=0 in_seq=0 out_seq=0
2024-04-23T18:13:31.611 INFO:teuthology.orchestra.run.smithi038.stdout:/usr/bin/ceph: stderr
2024-04-23T18:13:30.852+0000 7fe1e77fe700 1 -- 172.21.15.38:0/1648838090 <== mon.0 v2:172.21.15.38:3300/0 1 ==== mon_map magic: 0 ==== 205+0+0 (secure 0 0 0) 0x7fe1dc004160 con 0x7fe1e81079d0
2024-04-23T18:13:31.611 INFO:teuthology.orchestra.run.smithi038.stdout:/usr/bin/ceph: stderr
2024-04-23T18:13:30.852+0000 7fe1e77fe700 1 -- 172.21.15.38:0/1648838090 <== mon.0 v2:172.21.15.38:3300/0 2 ==== config(27 keys) ==== 1104+0+0 (secure 0 0 0) 0x7fe1dc004300 con 0x7fe1e81079d0
2024-04-23T18:13:31.612 INFO:teuthology.orchestra.run.smithi038.stdout:/usr/bin/ceph: stderr
2024-04-23T18:13:30.852+0000 7fe1e77fe700 1 -- 172.21.15.38:0/1648838090 <== mon.0 v2:172.21.15.38:3300/0 3 ==== mon_map magic: 0 ==== 205+0+0 (secure 0 0 0) 0x7fe1dc011b20 con 0x7fe1e81079d0
2024-04-23T18:13:31.612 INFO:teuthology.orchestra.run.smithi038.stdout:/usr/bin/ceph: stderr
2024-04-23T18:13:30.853+0000 7fe1eecec700 1 -- 172.21.15.38:0/1648838090 >> [v2:172.21.15.38:3300/0,v1:172.21.15.38:6789/0] conn(0x7fe1e81079d0 msgr2=0x7fe1e8107df0 secure :-1 s=STATE_CONNECTION_ESTABLISHED l=1).mark_down
2024-04-23T18:13:31.612 INFO:teuthology.orchestra.run.smithi038.stdout:/usr/bin/ceph: stderr
2024-04-23T18:13:30.853+0000 7fe1eecec700 1 --2- 172.21.15.38:0/1648838090 >> [v2:172.21.15.38:3300/0,v1:172.21.15.38:6789/0] conn(0x7fe1e81079d0 0x7fe1e8107df0 secure :-1 s=READY pgs=39 cs=0 l=1 rev1=1 crypto rx=0x7fe1dc0098a0 tx=0x7fe1dc009bb0 comp rx=0 tx=0).stop
2024-04-23T18:13:31.612 INFO:teuthology.orchestra.run.smithi038.stdout:/usr/bin/ceph: stderr
2024-04-23T18:13:30.853+0000 7fe1eecec700 1 -- 172.21.15.38:0/1648838090 shutdown_connections
2024-04-23T18:13:31.612 INFO:teuthology.orchestra.run.smithi038.stdout:/usr/bin/ceph: stderr
2024-04-23T18:13:30.853+0000 7fe1eecec700 1 --2- 172.21.15.38:0/1648838090 >> [v2:172.21.15.38:3300/0,v1:172.21.15.38:6789/0] conn(0x7fe1e81079d0 0x7fe1e8107df0 unknown :-1 s=CLOSED pgs=39 cs=0 l=1 rev1=1 crypto rx=0 tx=0 comp rx=0 tx=0).stop
2024-04-23T18:13:31.612 INFO:teuthology.orchestra.run.smithi038.stdout:/usr/bin/ceph: stderr
2024-04-23T18:13:30.853+0000 7fe1eecec700 1 -- 172.21.15.38:0/1648838090 >> 172.21.15.38:0/1648838090 conn(0x7fe1e8102210 msgr2=0x7fe1e8104630 unknown :-1 s=STATE_NONE l=0).mark_down
2024-04-23T18:13:31.612 INFO:teuthology.orchestra.run.smithi038.stdout:/usr/bin/ceph: stderr
2024-04-23T18:13:30.853+0000 7fe1eecec700 1 -- 172.21.15.38:0/1648838090 shutdown_connections
2024-04-23T18:13:31.612 INFO:teuthology.orchestra.run.smithi038.stdout:/usr/bin/ceph: stderr
2024-04-23T18:13:30.853+0000 7fe1eecec700 1 -- 172.21.15.38:0/1648838090 wait complete.
2024-04-23T18:13:31.612 INFO:teuthology.orchestra.run.smithi038.stdout:/usr/bin/ceph: stderr
2024-04-23T18:13:30.853+0000 7fe1eecec700 1 Processor -- start
2024-04-23T18:13:31.612 INFO:teuthology.orchestra.run.smithi038.stdout:/usr/bin/ceph: stderr
2024-04-23T18:13:30.854+0000 7fe1eecec700 1 -- start start
2024-04-23T18:13:31.612 INFO:teuthology.orchestra.run.smithi038.stdout:/usr/bin/ceph: stderr
2024-04-23T18:13:30.854+0000 7fe1eecec700 1 --2- >> [v2:172.21.15.38:3300/0,v1:172.21.15.38:6789/0] conn(0x7fe1e81079d0 0x7fe1e819c440 unknown :-1 s=NONE pgs=0 cs=0 l=1 rev1=0 crypto rx=0 tx=0 comp rx=0 tx=0).connect
2024-04-23T18:13:31.612 INFO:teuthology.orchestra.run.smithi038.stdout:/usr/bin/ceph: stderr
2024-04-23T18:13:30.854+0000 7fe1eecec700 1 -- --> [v2:172.21.15.38:3300/0,v1:172.21.15.38:6789/0] -- mon_getmap magic: 0 -- 0x7fe1e810baa0 con 0x7fe1e81079d0
2024-04-23T18:13:31.612 INFO:teuthology.orchestra.run.smithi038.stdout:/usr/bin/ceph: stderr
2024-04-23T18:13:30.854+0000 7fe1eca88700 1 --2- >> [v2:172.21.15.38:3300/0,v1:172.21.15.38:6789/0] conn(0x7fe1e81079d0 0x7fe1e819c440 unknown :-1 s=BANNER_CONNECTING pgs=0 cs=0 l=1 rev1=0 crypto rx=0 tx=0 comp rx=0 tx=0)._handle_peer_banner_payload supported=3 required=0
2024-04-23T18:13:31.612 INFO:teuthology.orchestra.run.smithi038.stdout:/usr/bin/ceph: stderr
2024-04-23T18:13:30.854+0000 7fe1eca88700 1 --2- >> [v2:172.21.15.38:3300/0,v1:172.21.15.38:6789/0] conn(0x7fe1e81079d0 0x7fe1e819c440 unknown :-1 s=HELLO_CONNECTING pgs=0 cs=0 l=1 rev1=1 crypto rx=0 tx=0 comp rx=0 tx=0).handle_hello peer v2:172.21.15.38:3300/0 says I am v2:172.21.15.38:53448/0 (socket says 172.21.15.38:53448)
2024-04-23T18:13:31.613 INFO:teuthology.orchestra.run.smithi038.stdout:/usr/bin/ceph: stderr
2024-04-23T18:13:30.854+0000 7fe1eca88700 1 -- 172.21.15.38:0/899847204 learned_addr learned my addr 172.21.15.38:0/899847204 (peer_addr_for_me v2:172.21.15.38:0/0)
2024-04-23T18:13:31.613 INFO:teuthology.orchestra.run.smithi038.stdout:/usr/bin/ceph: stderr
2024-04-23T18:13:30.854+0000 7fe1eca88700 1 -- 172.21.15.38:0/899847204 --> [v2:172.21.15.38:3300/0,v1:172.21.15.38:6789/0] -- mon_subscribe({config=0+,monmap=0+}) -- 0x7fe1e819c980 con 0x7fe1e81079d0
2024-04-23T18:13:31.613 INFO:teuthology.orchestra.run.smithi038.stdout:/usr/bin/ceph: stderr
2024-04-23T18:13:30.854+0000 7fe1eca88700 1 --2- 172.21.15.38:0/899847204 >> [v2:172.21.15.38:3300/0,v1:172.21.15.38:6789/0] conn(0x7fe1e81079d0 0x7fe1e819c440 secure :-1 s=READY pgs=40 cs=0 l=1 rev1=1 crypto rx=0x7fe1dc0117e0 tx=0x7fe1dc011ce0 comp rx=0 tx=0).ready entity=mon.0 client_cookie=0 server_cookie=0 in_seq=0 out_seq=0
2024-04-23T18:13:31.613 INFO:teuthology.orchestra.run.smithi038.stdout:/usr/bin/ceph: stderr
2024-04-23T18:13:30.854+0000 7fe1e5ffb700 1 -- 172.21.15.38:0/899847204 <== mon.0 v2:172.21.15.38:3300/0 1 ==== mon_map magic: 0 ==== 205+0+0 (secure 0 0 0) 0x7fe1dc003b20 con 0x7fe1e81079d0
2024-04-23T18:13:31.613 INFO:teuthology.orchestra.run.smithi038.stdout:/usr/bin/ceph: stderr
2024-04-23T18:13:30.854+0000 7fe1e5ffb700 1 -- 172.21.15.38:0/899847204 <== mon.0 v2:172.21.15.38:3300/0 2 ==== config(27 keys) ==== 1104+0+0 (secure 0 0 0) 0x7fe1dc003cc0 con 0x7fe1e81079d0
2024-04-23T18:13:31.613 INFO:teuthology.orchestra.run.smithi038.stdout:/usr/bin/ceph: stderr
2024-04-23T18:13:30.854+0000 7fe1e5ffb700 1 -- 172.21.15.38:0/899847204 <== mon.0 v2:172.21.15.38:3300/0 3 ==== mon_map magic: 0 ==== 205+0+0 (secure 0 0 0) 0x7fe1dc019870 con 0x7fe1e81079d0
2024-04-23T18:13:31.613 INFO:teuthology.orchestra.run.smithi038.stdout:/usr/bin/ceph: stderr
2024-04-23T18:13:30.855+0000 7fe1eecec700 1 -- 172.21.15.38:0/899847204 --> [v2:172.21.15.38:3300/0,v1:172.21.15.38:6789/0] -- mon_subscribe({mgrmap=0+}) -- 0x7fe1e819cc10 con 0x7fe1e81079d0
2024-04-23T18:13:31.613 INFO:teuthology.orchestra.run.smithi038.stdout:/usr/bin/ceph: stderr
2024-04-23T18:13:30.855+0000 7fe1eecec700 1 -- 172.21.15.38:0/899847204 --> [v2:172.21.15.38:3300/0,v1:172.21.15.38:6789/0] -- mon_subscribe({osdmap=0}) -- 0x7fe1e819d070 con 0x7fe1e81079d0
2024-04-23T18:13:31.613 INFO:teuthology.orchestra.run.smithi038.stdout:/usr/bin/ceph: stderr
2024-04-23T18:13:30.856+0000 7fe1e5ffb700 1 -- 172.21.15.38:0/899847204 <== mon.0 v2:172.21.15.38:3300/0 4 ==== mgrmap(e 8) ==== 46558+0+0 (secure 0 0 0) 0x7fe1dc01ac70 con 0x7fe1e81079d0
2024-04-23T18:13:31.613 INFO:teuthology.orchestra.run.smithi038.stdout:/usr/bin/ceph: stderr
2024-04-23T18:13:30.856+0000 7fe1e5ffb700 1 --2- 172.21.15.38:0/899847204 >> [v2:172.21.15.38:6800/2665135878,v1:172.21.15.38:6801/2665135878] conn(0x7fe1d8039670 0x7fe1d803bb30 unknown :-1 s=NONE pgs=0 cs=0 l=1 rev1=0 crypto rx=0 tx=0 comp rx=0 tx=0).connect
2024-04-23T18:13:31.613 INFO:teuthology.orchestra.run.smithi038.stdout:/usr/bin/ceph: stderr
2024-04-23T18:13:30.856+0000 7fe1e5ffb700 1 -- 172.21.15.38:0/899847204 <== mon.0 v2:172.21.15.38:3300/0 5 ==== osd_map(2..2 src has 1..2) ==== 940+0+0 (secure 0 0 0) 0x7fe1dc04d970 con 0x7fe1e81079d0
2024-04-23T18:13:31.613 INFO:teuthology.orchestra.run.smithi038.stdout:/usr/bin/ceph: stderr
2024-04-23T18:13:30.856+0000 7fe1eecec700 1 -- 172.21.15.38:0/899847204 --> [v2:172.21.15.38:3300/0,v1:172.21.15.38:6789/0] -- mon_command({"prefix": "get_command_descriptions"} v 0) -- 0x7fe1e80640a0 con 0x7fe1e81079d0
2024-04-23T18:13:31.613 INFO:teuthology.orchestra.run.smithi038.stdout:/usr/bin/ceph: stderr
2024-04-23T18:13:30.856+0000 7fe1e7fff700 1 --2- 172.21.15.38:0/899847204 >> [v2:172.21.15.38:6800/2665135878,v1:172.21.15.38:6801/2665135878] conn(0x7fe1d8039670 0x7fe1d803bb30 unknown :-1 s=BANNER_CONNECTING pgs=0 cs=0 l=1 rev1=0 crypto rx=0 tx=0 comp rx=0 tx=0)._handle_peer_banner_payload supported=3 required=0
2024-04-23T18:13:31.614 INFO:teuthology.orchestra.run.smithi038.stdout:/usr/bin/ceph: stderr
2024-04-23T18:13:30.856+0000 7fe1e7fff700 1 --2- 172.21.15.38:0/899847204 >> [v2:172.21.15.38:6800/2665135878,v1:172.21.15.38:6801/2665135878] conn(0x7fe1d8039670 0x7fe1d803bb30 secure :-1 s=READY pgs=8 cs=0 l=1 rev1=1 crypto rx=0x7fe1d4006fd0 tx=0x7fe1d4006e40 comp rx=0 tx=0).ready entity=mgr.14120 client_cookie=0 server_cookie=0 in_seq=0 out_seq=0
2024-04-23T18:13:31.614 INFO:teuthology.orchestra.run.smithi038.stdout:/usr/bin/ceph: stderr
2024-04-23T18:13:30.861+0000 7fe1e5ffb700 1 -- 172.21.15.38:0/899847204 <== mon.0 v2:172.21.15.38:3300/0 6 ==== mon_command_ack([{"prefix": "get_command_descriptions"}]=0 v0) ==== 72+0+188370 (secure 0 0 0) 0x7fe1dc011e20 con 0x7fe1e81079d0
2024-04-23T18:13:31.614 INFO:teuthology.orchestra.run.smithi038.stdout:/usr/bin/ceph: stderr
2024-04-23T18:13:31.069+0000 7fe1eecec700 1 -- 172.21.15.38:0/899847204 --> [v2:172.21.15.38:6800/2665135878,v1:172.21.15.38:6801/2665135878] -- mgr_command(tid 0: {"prefix": "cephadm set-user", "user": "root", "target": ["mon-mgr", ""]}) -- 0x7fe1e8062e80 con 0x7fe1d8039670
2024-04-23T18:13:31.614 INFO:teuthology.orchestra.run.smithi038.stdout:/usr/bin/ceph: stderr
2024-04-23T18:13:31.070+0000 7fe1e5ffb700 1 -- 172.21.15.38:0/899847204 <== mgr.14120 v2:172.21.15.38:6800/2665135878 1 ==== mgr_command_reply(tid 0: 0 ) ==== 8+0+16 (secure 0 0 0) 0x7fe1e8062e80 con 0x7fe1d8039670
2024-04-23T18:13:31.614 INFO:teuthology.orchestra.run.smithi038.stdout:/usr/bin/ceph: stderr
2024-04-23T18:13:31.072+0000 7fe1eecec700 1 -- 172.21.15.38:0/899847204 >> [v2:172.21.15.38:6800/2665135878,v1:172.21.15.38:6801/2665135878] conn(0x7fe1d8039670 msgr2=0x7fe1d803bb30 secure :-1 s=STATE_CONNECTION_ESTABLISHED l=1).mark_down
2024-04-23T18:13:31.614 INFO:teuthology.orchestra.run.smithi038.stdout:/usr/bin/ceph: stderr
2024-04-23T18:13:31.072+0000 7fe1eecec700 1 --2- 172.21.15.38:0/899847204 >> [v2:172.21.15.38:6800/2665135878,v1:172.21.15.38:6801/2665135878] conn(0x7fe1d8039670 0x7fe1d803bb30 secure :-1 s=READY pgs=8 cs=0 l=1 rev1=1 crypto rx=0x7fe1d4006fd0 tx=0x7fe1d4006e40 comp rx=0 tx=0).stop
2024-04-23T18:13:31.614 INFO:teuthology.orchestra.run.smithi038.stdout:/usr/bin/ceph: stderr
2024-04-23T18:13:31.072+0000 7fe1eecec700 1 -- 172.21.15.38:0/899847204 >> [v2:172.21.15.38:3300/0,v1:172.21.15.38:6789/0] conn(0x7fe1e81079d0 msgr2=0x7fe1e819c440 secure :-1 s=STATE_CONNECTION_ESTABLISHED l=1).mark_down
2024-04-23T18:13:31.614 INFO:teuthology.orchestra.run.smithi038.stdout:/usr/bin/ceph: stderr
2024-04-23T18:13:31.072+0000 7fe1eecec700 1 --2- 172.21.15.38:0/899847204 >> [v2:172.21.15.38:3300/0,v1:172.21.15.38:6789/0] conn(0x7fe1e81079d0 0x7fe1e819c440 secure :-1 s=READY pgs=40 cs=0 l=1 rev1=1 crypto rx=0x7fe1dc0117e0 tx=0x7fe1dc011ce0 comp rx=0 tx=0).stop
2024-04-23T18:13:31.614 INFO:teuthology.orchestra.run.smithi038.stdout:/usr/bin/ceph: stderr
2024-04-23T18:13:31.072+0000 7fe1eecec700 1 -- 172.21.15.38:0/899847204 shutdown_connections
2024-04-23T18:13:31.614 INFO:teuthology.orchestra.run.smithi038.stdout:/usr/bin/ceph: stderr
2024-04-23T18:13:31.072+0000 7fe1eecec700 1 --2- 172.21.15.38:0/899847204 >> [v2:172.21.15.38:6800/2665135878,v1:172.21.15.38:6801/2665135878] conn(0x7fe1d8039670 0x7fe1d803bb30 unknown :-1 s=CLOSED pgs=8 cs=0 l=1 rev1=1 crypto rx=0 tx=0 comp rx=0 tx=0).stop
2024-04-23T18:13:31.614 INFO:teuthology.orchestra.run.smithi038.stdout:/usr/bin/ceph: stderr
2024-04-23T18:13:31.072+0000 7fe1eecec700 1 --2- 172.21.15.38:0/899847204 >> [v2:172.21.15.38:3300/0,v1:172.21.15.38:6789/0] conn(0x7fe1e81079d0 0x7fe1e819c440 unknown :-1 s=CLOSED pgs=40 cs=0 l=1 rev1=1 crypto rx=0 tx=0 comp rx=0 tx=0).stop
2024-04-23T18:13:31.614 INFO:teuthology.orchestra.run.smithi038.stdout:/usr/bin/ceph: stderr
2024-04-23T18:13:31.072+0000 7fe1eecec700 1 -- 172.21.15.38:0/899847204 >> 172.21.15.38:0/899847204 conn(0x7fe1e8102210 msgr2=0x7fe1e8102fc0 unknown :-1 s=STATE_NONE l=0).mark_down
2024-04-23T18:13:31.614 INFO:teuthology.orchestra.run.smithi038.stdout:/usr/bin/ceph: stderr
2024-04-23T18:13:31.072+0000 7fe1eecec700 1 -- 172.21.15.38:0/899847204 shutdown_connections
2024-04-23T18:13:31.614 INFO:teuthology.orchestra.run.smithi038.stdout:/usr/bin/ceph: stderr
2024-04-23T18:13:31.072+0000 7fe1eecec700 1 -- 172.21.15.38:0/899847204 wait complete.
2024-04-23T18:13:31.615 INFO:teuthology.orchestra.run.smithi038.stdout:Generating ssh key...
2024-04-23T18:13:31.853 INFO:journalctl@ceph.mon.a.smithi038.stdout:Apr 23 18:13:31 smithi038 ceph-mon[29217]: from='client.14134 -' entity='client.admin' cmd=[{"prefix": "cephadm set-user", "user": "root", "target": ["mon-mgr", ""]}]: dispatch
2024-04-23T18:13:32.641 INFO:journalctl@ceph.mgr.x.smithi038.stdout:Apr 23 18:13:32 smithi038 ceph-e0b71514-019c-11ef-bc93-c7b262605968-mgr-x[29451]: Generating public/private rsa key pair.
2024-04-23T18:13:32.641 INFO:journalctl@ceph.mgr.x.smithi038.stdout:Apr 23 18:13:32 smithi038 ceph-e0b71514-019c-11ef-bc93-c7b262605968-mgr-x[29451]: Your identification has been saved in /tmp/tmpvpz3wan0/key.
2024-04-23T18:13:32.642 INFO:journalctl@ceph.mgr.x.smithi038.stdout:Apr 23 18:13:32 smithi038 ceph-e0b71514-019c-11ef-bc93-c7b262605968-mgr-x[29451]: Your public key has been saved in /tmp/tmpvpz3wan0/key.pub.
2024-04-23T18:13:32.642 INFO:journalctl@ceph.mgr.x.smithi038.stdout:Apr 23 18:13:32 smithi038 ceph-e0b71514-019c-11ef-bc93-c7b262605968-mgr-x[29451]: The key fingerprint is:
2024-04-23T18:13:32.642 INFO:journalctl@ceph.mgr.x.smithi038.stdout:Apr 23 18:13:32 smithi038 ceph-e0b71514-019c-11ef-bc93-c7b262605968-mgr-x[29451]: SHA256:Gx2bxnLgxNcASkLN8jeNEvESH/+CujAx5ECYEbEyodo ceph-e0b71514-019c-11ef-bc93-c7b262605968
2024-04-23T18:13:32.642 INFO:journalctl@ceph.mgr.x.smithi038.stdout:Apr 23 18:13:32 smithi038 ceph-e0b71514-019c-11ef-bc93-c7b262605968-mgr-x[29451]: The key's randomart image is:
2024-04-23T18:13:32.642 INFO:journalctl@ceph.mgr.x.smithi038.stdout:Apr 23 18:13:32 smithi038 ceph-e0b71514-019c-11ef-bc93-c7b262605968-mgr-x[29451]: +---[RSA 3072]----+
2024-04-23T18:13:32.642 INFO:journalctl@ceph.mgr.x.smithi038.stdout:Apr 23 18:13:32 smithi038 ceph-e0b71514-019c-11ef-bc93-c7b262605968-mgr-x[29451]: |=*..oo+.o.. |
2024-04-23T18:13:32.642 INFO:journalctl@ceph.mgr.x.smithi038.stdout:Apr 23 18:13:32 smithi038 ceph-e0b71514-019c-11ef-bc93-c7b262605968-mgr-x[29451]: |++ .o+* o o |
2024-04-23T18:13:32.642 INFO:journalctl@ceph.mgr.x.smithi038.stdout:Apr 23 18:13:32 smithi038 ceph-e0b71514-019c-11ef-bc93-c7b262605968-mgr-x[29451]: |= . .oo.*o+ . |
2024-04-23T18:13:32.642 INFO:journalctl@ceph.mgr.x.smithi038.stdout:Apr 23 18:13:32 smithi038 ceph-e0b71514-019c-11ef-bc93-c7b262605968-mgr-x[29451]: |oo + o++*.= |
2024-04-23T18:13:32.642 INFO:journalctl@ceph.mgr.x.smithi038.stdout:Apr 23 18:13:32 smithi038 ceph-e0b71514-019c-11ef-bc93-c7b262605968-mgr-x[29451]: |. E + oS.O . |
2024-04-23T18:13:32.642 INFO:journalctl@ceph.mgr.x.smithi038.stdout:Apr 23 18:13:32 smithi038 ceph-e0b71514-019c-11ef-bc93-c7b262605968-mgr-x[29451]: | o . * . |
2024-04-23T18:13:32.642 INFO:journalctl@ceph.mgr.x.smithi038.stdout:Apr 23 18:13:32 smithi038 ceph-e0b71514-019c-11ef-bc93-c7b262605968-mgr-x[29451]: | o . . |
2024-04-23T18:13:32.642 INFO:journalctl@ceph.mgr.x.smithi038.stdout:Apr 23 18:13:32 smithi038 ceph-e0b71514-019c-11ef-bc93-c7b262605968-mgr-x[29451]: | o . |
2024-04-23T18:13:32.642 INFO:journalctl@ceph.mgr.x.smithi038.stdout:Apr 23 18:13:32 smithi038 ceph-e0b71514-019c-11ef-bc93-c7b262605968-mgr-x[29451]: | . |
2024-04-23T18:13:32.643 INFO:journalctl@ceph.mgr.x.smithi038.stdout:Apr 23 18:13:32 smithi038 ceph-e0b71514-019c-11ef-bc93-c7b262605968-mgr-x[29451]: +----[SHA256]-----+
2024-04-23T18:13:32.950 INFO:teuthology.orchestra.run.smithi038.stdout:/usr/bin/ceph: stderr
2024-04-23T18:13:32.042+0000 7fab20360700 1 Processor -- start
2024-04-23T18:13:32.950 INFO:teuthology.orchestra.run.smithi038.stdout:/usr/bin/ceph: stderr
2024-04-23T18:13:32.042+0000 7fab20360700 1 -- start start
2024-04-23T18:13:32.950 INFO:teuthology.orchestra.run.smithi038.stdout:/usr/bin/ceph: stderr
2024-04-23T18:13:32.042+0000 7fab20360700 1 --2- >> [v2:172.21.15.38:3300/0,v1:172.21.15.38:6789/0] conn(0x7fab18108650 0x7fab18108a70 unknown :-1 s=NONE pgs=0 cs=0 l=0 rev1=0 crypto rx=0 tx=0 comp rx=0 tx=0).connect
2024-04-23T18:13:32.950 INFO:teuthology.orchestra.run.smithi038.stdout:/usr/bin/ceph: stderr
2024-04-23T18:13:32.042+0000 7fab20360700 1 -- --> [v2:172.21.15.38:3300/0,v1:172.21.15.38:6789/0] -- mon_getmap magic: 0 -- 0x7fab18109040 con 0x7fab18108650
2024-04-23T18:13:32.950 INFO:teuthology.orchestra.run.smithi038.stdout:/usr/bin/ceph: stderr
2024-04-23T18:13:32.042+0000 7fab1e0fc700 1 --2- >> [v2:172.21.15.38:3300/0,v1:172.21.15.38:6789/0] conn(0x7fab18108650 0x7fab18108a70 unknown :-1 s=BANNER_CONNECTING pgs=0 cs=0 l=0 rev1=0 crypto rx=0 tx=0 comp rx=0 tx=0)._handle_peer_banner_payload supported=3 required=0
2024-04-23T18:13:32.950 INFO:teuthology.orchestra.run.smithi038.stdout:/usr/bin/ceph: stderr
2024-04-23T18:13:32.042+0000 7fab1e0fc700 1 --2- >> [v2:172.21.15.38:3300/0,v1:172.21.15.38:6789/0] conn(0x7fab18108650 0x7fab18108a70 unknown :-1 s=HELLO_CONNECTING pgs=0 cs=0 l=0 rev1=1 crypto rx=0 tx=0 comp rx=0 tx=0).handle_hello peer v2:172.21.15.38:3300/0 says I am v2:172.21.15.38:53458/0 (socket says 172.21.15.38:53458)
2024-04-23T18:13:32.950 INFO:teuthology.orchestra.run.smithi038.stdout:/usr/bin/ceph: stderr
2024-04-23T18:13:32.042+0000 7fab1e0fc700 1 -- 172.21.15.38:0/2048657315 learned_addr learned my addr 172.21.15.38:0/2048657315 (peer_addr_for_me v2:172.21.15.38:0/0)
2024-04-23T18:13:32.951 INFO:teuthology.orchestra.run.smithi038.stdout:/usr/bin/ceph: stderr
2024-04-23T18:13:32.043+0000 7fab1e0fc700 1 -- 172.21.15.38:0/2048657315 --> [v2:172.21.15.38:3300/0,v1:172.21.15.38:6789/0] -- mon_subscribe({config=0+,monmap=0+}) -- 0x7fab18109800 con 0x7fab18108650
2024-04-23T18:13:32.951 INFO:teuthology.orchestra.run.smithi038.stdout:/usr/bin/ceph: stderr
2024-04-23T18:13:32.043+0000 7fab1e0fc700 1 --2- 172.21.15.38:0/2048657315 >> [v2:172.21.15.38:3300/0,v1:172.21.15.38:6789/0] conn(0x7fab18108650 0x7fab18108a70 secure :-1 s=READY pgs=41 cs=0 l=1 rev1=1 crypto rx=0x7fab140098a0 tx=0x7fab14009bb0 comp rx=0 tx=0).ready entity=mon.0 client_cookie=daf2e92597894810 server_cookie=0 in_seq=0 out_seq=0
2024-04-23T18:13:32.951 INFO:teuthology.orchestra.run.smithi038.stdout:/usr/bin/ceph: stderr
2024-04-23T18:13:32.043+0000 7fab1d0fa700 1 -- 172.21.15.38:0/2048657315 <== mon.0 v2:172.21.15.38:3300/0 1 ==== mon_map magic: 0 ==== 205+0+0 (secure 0 0 0) 0x7fab14004160 con 0x7fab18108650
2024-04-23T18:13:32.951 INFO:teuthology.orchestra.run.smithi038.stdout:/usr/bin/ceph: stderr
2024-04-23T18:13:32.043+0000 7fab1d0fa700 1 -- 172.21.15.38:0/2048657315 <== mon.0 v2:172.21.15.38:3300/0 2 ==== config(27 keys) ==== 1104+0+0 (secure 0 0 0) 0x7fab14004300 con 0x7fab18108650
2024-04-23T18:13:32.951 INFO:teuthology.orchestra.run.smithi038.stdout:/usr/bin/ceph: stderr
2024-04-23T18:13:32.043+0000 7fab1d0fa700 1 -- 172.21.15.38:0/2048657315 <== mon.0 v2:172.21.15.38:3300/0 3 ==== mon_map magic: 0 ==== 205+0+0 (secure 0 0 0) 0x7fab14011b20 con 0x7fab18108650
2024-04-23T18:13:32.951 INFO:teuthology.orchestra.run.smithi038.stdout:/usr/bin/ceph: stderr
2024-04-23T18:13:32.043+0000 7fab20360700 1 -- 172.21.15.38:0/2048657315 >> [v2:172.21.15.38:3300/0,v1:172.21.15.38:6789/0] conn(0x7fab18108650 msgr2=0x7fab18108a70 secure :-1 s=STATE_CONNECTION_ESTABLISHED l=1).mark_down
