2024-04-23T18:13:14.970 INFO:teuthology.orchestra.run.smithi038.stdout:/usr/bin/ceph: stderr
2024-04-23T18:13:14.396+0000 7fd3eb2b2700 1 -- 172.21.15.38:0/2712307109 >> [v2:172.21.15.38:3300/0,v1:172.21.15.38:6789/0] conn(0x7fd3e4108610 msgr2=0x7fd3e419c3c0 secure :-1 s=STATE_CONNECTION_ESTABLISHED l=1).mark_down
2024-04-23T18:13:14.970 INFO:teuthology.orchestra.run.smithi038.stdout:/usr/bin/ceph: stderr
2024-04-23T18:13:14.396+0000 7fd3eb2b2700 1 --2- 172.21.15.38:0/2712307109 >> [v2:172.21.15.38:3300/0,v1:172.21.15.38:6789/0] conn(0x7fd3e4108610 0x7fd3e419c3c0 secure :-1 s=READY pgs=10 cs=0 l=1 rev1=1 crypto rx=0x7fd3e00117e0 tx=0x7fd3e0011ce0 comp rx=0 tx=0).stop
2024-04-23T18:13:14.970 INFO:teuthology.orchestra.run.smithi038.stdout:/usr/bin/ceph: stderr
2024-04-23T18:13:14.396+0000 7fd3eb2b2700 1 -- 172.21.15.38:0/2712307109 shutdown_connections
2024-04-23T18:13:14.970 INFO:teuthology.orchestra.run.smithi038.stdout:/usr/bin/ceph: stderr
2024-04-23T18:13:14.396+0000 7fd3eb2b2700 1 --2- 172.21.15.38:0/2712307109 >> [v2:172.21.15.38:3300/0,v1:172.21.15.38:6789/0] conn(0x7fd3e4108610 0x7fd3e419c3c0 unknown :-1 s=CLOSED pgs=10 cs=0 l=1 rev1=1 crypto rx=0 tx=0 comp rx=0 tx=0).stop
2024-04-23T18:13:14.970 INFO:teuthology.orchestra.run.smithi038.stdout:/usr/bin/ceph: stderr
2024-04-23T18:13:14.396+0000 7fd3eb2b2700 1 -- 172.21.15.38:0/2712307109 >> 172.21.15.38:0/2712307109 conn(0x7fd3e4103c10 msgr2=0x7fd3e4104620 unknown :-1 s=STATE_NONE l=0).mark_down
2024-04-23T18:13:14.970 INFO:teuthology.orchestra.run.smithi038.stdout:/usr/bin/ceph: stderr
2024-04-23T18:13:14.396+0000 7fd3eb2b2700 1 -- 172.21.15.38:0/2712307109 shutdown_connections
2024-04-23T18:13:14.970 INFO:teuthology.orchestra.run.smithi038.stdout:/usr/bin/ceph: stderr
2024-04-23T18:13:14.396+0000 7fd3eb2b2700 1 -- 172.21.15.38:0/2712307109 wait complete.
2024-04-23T18:13:14.970 INFO:teuthology.orchestra.run.smithi038.stdout:mgr not available, waiting (3/15)...
2024-04-23T18:13:15.909 INFO:journalctl@ceph.mon.a.smithi038.stdout:Apr 23 18:13:15 smithi038 ceph-mon[29217]: from='mgr.14100 172.21.15.38:0/1203711104' entity='mgr.x' cmd=[{"prefix":"config rm","who":"mgr","name":"mgr/rbd_support/x/mirror_snapshot_schedule"}]: dispatch
2024-04-23T18:13:15.909 INFO:journalctl@ceph.mon.a.smithi038.stdout:Apr 23 18:13:15 smithi038 ceph-mon[29217]: from='mgr.14100 172.21.15.38:0/1203711104' entity='mgr.x'
2024-04-23T18:13:15.909 INFO:journalctl@ceph.mon.a.smithi038.stdout:Apr 23 18:13:15 smithi038 ceph-mon[29217]: from='mgr.14100 172.21.15.38:0/1203711104' entity='mgr.x' cmd=[{"prefix":"config rm","who":"mgr","name":"mgr/rbd_support/x/trash_purge_schedule"}]: dispatch
2024-04-23T18:13:15.909 INFO:journalctl@ceph.mon.a.smithi038.stdout:Apr 23 18:13:15 smithi038 ceph-mon[29217]: from='mgr.14100 172.21.15.38:0/1203711104' entity='mgr.x'
2024-04-23T18:13:15.909 INFO:journalctl@ceph.mon.a.smithi038.stdout:Apr 23 18:13:15 smithi038 ceph-mon[29217]: from='mgr.14100 172.21.15.38:0/1203711104' entity='mgr.x'
2024-04-23T18:13:15.910 INFO:journalctl@ceph.mon.a.smithi038.stdout:Apr 23 18:13:15 smithi038 ceph-mon[29217]: mgrmap e3: x(active, since 1.00906s)
2024-04-23T18:13:17.659 INFO:journalctl@ceph.mon.a.smithi038.stdout:Apr 23 18:13:17 smithi038 ceph-mon[29217]: mgrmap e4: x(active, since 2s)
2024-04-23T18:13:18.312 INFO:teuthology.orchestra.run.smithi038.stdout:/usr/bin/ceph: stdout
2024-04-23T18:13:18.312 INFO:teuthology.orchestra.run.smithi038.stdout:/usr/bin/ceph: stdout {
2024-04-23T18:13:18.312 INFO:teuthology.orchestra.run.smithi038.stdout:/usr/bin/ceph: stdout "fsid": "e0b71514-019c-11ef-bc93-c7b262605968",
2024-04-23T18:13:18.312 INFO:teuthology.orchestra.run.smithi038.stdout:/usr/bin/ceph: stdout "health": {
2024-04-23T18:13:18.312 INFO:teuthology.orchestra.run.smithi038.stdout:/usr/bin/ceph: stdout "status": "HEALTH_OK",
2024-04-23T18:13:18.312 INFO:teuthology.orchestra.run.smithi038.stdout:/usr/bin/ceph: stdout "checks": {},
2024-04-23T18:13:18.313 INFO:teuthology.orchestra.run.smithi038.stdout:/usr/bin/ceph: stdout "mutes": []
2024-04-23T18:13:18.313 INFO:teuthology.orchestra.run.smithi038.stdout:/usr/bin/ceph: stdout },
2024-04-23T18:13:18.313 INFO:teuthology.orchestra.run.smithi038.stdout:/usr/bin/ceph: stdout "election_epoch": 5,
2024-04-23T18:13:18.313 INFO:teuthology.orchestra.run.smithi038.stdout:/usr/bin/ceph: stdout "quorum": [
2024-04-23T18:13:18.313 INFO:teuthology.orchestra.run.smithi038.stdout:/usr/bin/ceph: stdout 0
2024-04-23T18:13:18.313 INFO:teuthology.orchestra.run.smithi038.stdout:/usr/bin/ceph: stdout ],
2024-04-23T18:13:18.313 INFO:teuthology.orchestra.run.smithi038.stdout:/usr/bin/ceph: stdout "quorum_names": [
2024-04-23T18:13:18.313 INFO:teuthology.orchestra.run.smithi038.stdout:/usr/bin/ceph: stdout "a"
2024-04-23T18:13:18.313 INFO:teuthology.orchestra.run.smithi038.stdout:/usr/bin/ceph: stdout ],
2024-04-23T18:13:18.313 INFO:teuthology.orchestra.run.smithi038.stdout:/usr/bin/ceph: stdout "quorum_age": 12,
2024-04-23T18:13:18.313 INFO:teuthology.orchestra.run.smithi038.stdout:/usr/bin/ceph: stdout "monmap": {
2024-04-23T18:13:18.313 INFO:teuthology.orchestra.run.smithi038.stdout:/usr/bin/ceph: stdout "epoch": 1,
2024-04-23T18:13:18.313 INFO:teuthology.orchestra.run.smithi038.stdout:/usr/bin/ceph: stdout "min_mon_release_name": "squid",
2024-04-23T18:13:18.313 INFO:teuthology.orchestra.run.smithi038.stdout:/usr/bin/ceph: stdout "num_mons": 1
2024-04-23T18:13:18.313 INFO:teuthology.orchestra.run.smithi038.stdout:/usr/bin/ceph: stdout },
2024-04-23T18:13:18.314 INFO:teuthology.orchestra.run.smithi038.stdout:/usr/bin/ceph: stdout "osdmap": {
2024-04-23T18:13:18.314 INFO:teuthology.orchestra.run.smithi038.stdout:/usr/bin/ceph: stdout "epoch": 1,
2024-04-23T18:13:18.314 INFO:teuthology.orchestra.run.smithi038.stdout:/usr/bin/ceph: stdout "num_osds": 0,
2024-04-23T18:13:18.314 INFO:teuthology.orchestra.run.smithi038.stdout:/usr/bin/ceph: stdout "num_up_osds": 0,
2024-04-23T18:13:18.314 INFO:teuthology.orchestra.run.smithi038.stdout:/usr/bin/ceph: stdout "osd_up_since": 0,
2024-04-23T18:13:18.314 INFO:teuthology.orchestra.run.smithi038.stdout:/usr/bin/ceph: stdout "num_in_osds": 0,
2024-04-23T18:13:18.314 INFO:teuthology.orchestra.run.smithi038.stdout:/usr/bin/ceph: stdout "osd_in_since": 0,
2024-04-23T18:13:18.314 INFO:teuthology.orchestra.run.smithi038.stdout:/usr/bin/ceph: stdout "num_remapped_pgs": 0
2024-04-23T18:13:18.314 INFO:teuthology.orchestra.run.smithi038.stdout:/usr/bin/ceph: stdout },
2024-04-23T18:13:18.314 INFO:teuthology.orchestra.run.smithi038.stdout:/usr/bin/ceph: stdout "pgmap": {
2024-04-23T18:13:18.314 INFO:teuthology.orchestra.run.smithi038.stdout:/usr/bin/ceph: stdout "pgs_by_state": [],
2024-04-23T18:13:18.314 INFO:teuthology.orchestra.run.smithi038.stdout:/usr/bin/ceph: stdout "num_pgs": 0,
2024-04-23T18:13:18.314 INFO:teuthology.orchestra.run.smithi038.stdout:/usr/bin/ceph: stdout "num_pools": 0,
2024-04-23T18:13:18.314 INFO:teuthology.orchestra.run.smithi038.stdout:/usr/bin/ceph: stdout "num_objects": 0,
2024-04-23T18:13:18.315 INFO:teuthology.orchestra.run.smithi038.stdout:/usr/bin/ceph: stdout "data_bytes": 0,
2024-04-23T18:13:18.315 INFO:teuthology.orchestra.run.smithi038.stdout:/usr/bin/ceph: stdout "bytes_used": 0,
2024-04-23T18:13:18.315 INFO:teuthology.orchestra.run.smithi038.stdout:/usr/bin/ceph: stdout "bytes_avail": 0,
2024-04-23T18:13:18.315 INFO:teuthology.orchestra.run.smithi038.stdout:/usr/bin/ceph: stdout "bytes_total": 0
2024-04-23T18:13:18.315 INFO:teuthology.orchestra.run.smithi038.stdout:/usr/bin/ceph: stdout },
2024-04-23T18:13:18.315 INFO:teuthology.orchestra.run.smithi038.stdout:/usr/bin/ceph: stdout "fsmap": {
2024-04-23T18:13:18.315 INFO:teuthology.orchestra.run.smithi038.stdout:/usr/bin/ceph: stdout "epoch": 1,
2024-04-23T18:13:18.315 INFO:teuthology.orchestra.run.smithi038.stdout:/usr/bin/ceph: stdout "by_rank": [],
2024-04-23T18:13:18.315 INFO:teuthology.orchestra.run.smithi038.stdout:/usr/bin/ceph: stdout "up:standby": 0
2024-04-23T18:13:18.315 INFO:teuthology.orchestra.run.smithi038.stdout:/usr/bin/ceph: stdout },
2024-04-23T18:13:18.315 INFO:teuthology.orchestra.run.smithi038.stdout:/usr/bin/ceph: stdout "mgrmap": {
2024-04-23T18:13:18.315 INFO:teuthology.orchestra.run.smithi038.stdout:/usr/bin/ceph: stdout "available": true,
2024-04-23T18:13:18.315 INFO:teuthology.orchestra.run.smithi038.stdout:/usr/bin/ceph: stdout "num_standbys": 0,
2024-04-23T18:13:18.315 INFO:teuthology.orchestra.run.smithi038.stdout:/usr/bin/ceph: stdout "modules": [
2024-04-23T18:13:18.315 INFO:teuthology.orchestra.run.smithi038.stdout:/usr/bin/ceph: stdout "iostat",
2024-04-23T18:13:18.316 INFO:teuthology.orchestra.run.smithi038.stdout:/usr/bin/ceph: stdout "nfs",
2024-04-23T18:13:18.316 INFO:teuthology.orchestra.run.smithi038.stdout:/usr/bin/ceph: stdout "restful"
2024-04-23T18:13:18.316 INFO:teuthology.orchestra.run.smithi038.stdout:/usr/bin/ceph: stdout ],
2024-04-23T18:13:18.316 INFO:teuthology.orchestra.run.smithi038.stdout:/usr/bin/ceph: stdout "services": {}
2024-04-23T18:13:18.316 INFO:teuthology.orchestra.run.smithi038.stdout:/usr/bin/ceph: stdout },
2024-04-23T18:13:18.316 INFO:teuthology.orchestra.run.smithi038.stdout:/usr/bin/ceph: stdout "servicemap": {
2024-04-23T18:13:18.316 INFO:teuthology.orchestra.run.smithi038.stdout:/usr/bin/ceph: stdout "epoch": 1,
2024-04-23T18:13:18.316 INFO:teuthology.orchestra.run.smithi038.stdout:/usr/bin/ceph: stdout "modified": "2024-04-23T18:13:00.223637+0000",
2024-04-23T18:13:18.316 INFO:teuthology.orchestra.run.smithi038.stdout:/usr/bin/ceph: stdout "services": {}
2024-04-23T18:13:18.316 INFO:teuthology.orchestra.run.smithi038.stdout:/usr/bin/ceph: stdout },
2024-04-23T18:13:18.316 INFO:teuthology.orchestra.run.smithi038.stdout:/usr/bin/ceph: stdout "progress_events": {}
2024-04-23T18:13:18.316 INFO:teuthology.orchestra.run.smithi038.stdout:/usr/bin/ceph: stdout }
2024-04-23T18:13:18.316 INFO:teuthology.orchestra.run.smithi038.stdout:/usr/bin/ceph: stderr
2024-04-23T18:13:17.400+0000 7f8c9bd14700 1 Processor -- start
2024-04-23T18:13:18.316 INFO:teuthology.orchestra.run.smithi038.stdout:/usr/bin/ceph: stderr
2024-04-23T18:13:17.400+0000 7f8c9bd14700 1 -- start start
2024-04-23T18:13:18.317 INFO:teuthology.orchestra.run.smithi038.stdout:/usr/bin/ceph: stderr
2024-04-23T18:13:17.400+0000 7f8c9bd14700 1 --2- >> [v2:172.21.15.38:3300/0,v1:172.21.15.38:6789/0] conn(0x7f8c941074c0 0x7f8c941078e0 unknown :-1 s=NONE pgs=0 cs=0 l=0 rev1=0 crypto rx=0 tx=0 comp rx=0 tx=0).connect
2024-04-23T18:13:18.317 INFO:teuthology.orchestra.run.smithi038.stdout:/usr/bin/ceph: stderr
2024-04-23T18:13:17.400+0000 7f8c9bd14700 1 -- --> [v2:172.21.15.38:3300/0,v1:172.21.15.38:6789/0] -- mon_getmap magic: 0 -- 0x7f8c94107eb0 con 0x7f8c941074c0
2024-04-23T18:13:18.317 INFO:teuthology.orchestra.run.smithi038.stdout:/usr/bin/ceph: stderr
2024-04-23T18:13:17.400+0000 7f8c99ab0700 1 --2- >> [v2:172.21.15.38:3300/0,v1:172.21.15.38:6789/0] conn(0x7f8c941074c0 0x7f8c941078e0 unknown :-1 s=BANNER_CONNECTING pgs=0 cs=0 l=0 rev1=0 crypto rx=0 tx=0 comp rx=0 tx=0)._handle_peer_banner_payload supported=3 required=0
2024-04-23T18:13:18.317 INFO:teuthology.orchestra.run.smithi038.stdout:/usr/bin/ceph: stderr
2024-04-23T18:13:17.400+0000 7f8c99ab0700 1 --2- >> [v2:172.21.15.38:3300/0,v1:172.21.15.38:6789/0] conn(0x7f8c941074c0 0x7f8c941078e0 unknown :-1 s=HELLO_CONNECTING pgs=0 cs=0 l=0 rev1=1 crypto rx=0 tx=0 comp rx=0 tx=0).handle_hello peer v2:172.21.15.38:3300/0 says I am v2:172.21.15.38:60444/0 (socket says 172.21.15.38:60444)
2024-04-23T18:13:18.317 INFO:teuthology.orchestra.run.smithi038.stdout:/usr/bin/ceph: stderr
2024-04-23T18:13:17.400+0000 7f8c99ab0700 1 -- 172.21.15.38:0/1809866586 learned_addr learned my addr 172.21.15.38:0/1809866586 (peer_addr_for_me v2:172.21.15.38:0/0)
2024-04-23T18:13:18.317 INFO:teuthology.orchestra.run.smithi038.stdout:/usr/bin/ceph: stderr
2024-04-23T18:13:17.401+0000 7f8c99ab0700 1 -- 172.21.15.38:0/1809866586 --> [v2:172.21.15.38:3300/0,v1:172.21.15.38:6789/0] -- mon_subscribe({config=0+,monmap=0+}) -- 0x7f8c941086c0 con 0x7f8c941074c0
2024-04-23T18:13:18.317 INFO:teuthology.orchestra.run.smithi038.stdout:/usr/bin/ceph: stderr
2024-04-23T18:13:17.401+0000 7f8c99ab0700 1 --2- 172.21.15.38:0/1809866586 >> [v2:172.21.15.38:3300/0,v1:172.21.15.38:6789/0] conn(0x7f8c941074c0 0x7f8c941078e0 secure :-1 s=READY pgs=18 cs=0 l=1 rev1=1 crypto rx=0x7f8c900098a0 tx=0x7f8c90009bb0 comp rx=0 tx=0).ready entity=mon.0 client_cookie=cb0758cf72953b3a server_cookie=0 in_seq=0 out_seq=0
2024-04-23T18:13:18.317 INFO:teuthology.orchestra.run.smithi038.stdout:/usr/bin/ceph: stderr
2024-04-23T18:13:17.401+0000 7f8c98aae700 1 -- 172.21.15.38:0/1809866586 <== mon.0 v2:172.21.15.38:3300/0 1 ==== mon_map magic: 0 ==== 205+0+0 (secure 0 0 0) 0x7f8c90004160 con 0x7f8c941074c0
2024-04-23T18:13:18.317 INFO:teuthology.orchestra.run.smithi038.stdout:/usr/bin/ceph: stderr
2024-04-23T18:13:17.401+0000 7f8c98aae700 1 -- 172.21.15.38:0/1809866586 <== mon.0 v2:172.21.15.38:3300/0 2 ==== config(27 keys) ==== 1104+0+0 (secure 0 0 0) 0x7f8c90004300 con 0x7f8c941074c0
2024-04-23T18:13:18.317 INFO:teuthology.orchestra.run.smithi038.stdout:/usr/bin/ceph: stderr
2024-04-23T18:13:17.401+0000 7f8c98aae700 1 -- 172.21.15.38:0/1809866586 <== mon.0 v2:172.21.15.38:3300/0 3 ==== mon_map magic: 0 ==== 205+0+0 (secure 0 0 0) 0x7f8c90011b20 con 0x7f8c941074c0
2024-04-23T18:13:18.317 INFO:teuthology.orchestra.run.smithi038.stdout:/usr/bin/ceph: stderr
2024-04-23T18:13:17.402+0000 7f8c9bd14700 1 -- 172.21.15.38:0/1809866586 >> [v2:172.21.15.38:3300/0,v1:172.21.15.38:6789/0] conn(0x7f8c941074c0 msgr2=0x7f8c941078e0 secure :-1 s=STATE_CONNECTION_ESTABLISHED l=1).mark_down
2024-04-23T18:13:18.317 INFO:teuthology.orchestra.run.smithi038.stdout:/usr/bin/ceph: stderr
2024-04-23T18:13:17.402+0000 7f8c9bd14700 1 --2- 172.21.15.38:0/1809866586 >> [v2:172.21.15.38:3300/0,v1:172.21.15.38:6789/0] conn(0x7f8c941074c0 0x7f8c941078e0 secure :-1 s=READY pgs=18 cs=0 l=1 rev1=1 crypto rx=0x7f8c900098a0 tx=0x7f8c90009bb0 comp rx=0 tx=0).stop
2024-04-23T18:13:18.317 INFO:teuthology.orchestra.run.smithi038.stdout:/usr/bin/ceph: stderr
2024-04-23T18:13:17.402+0000 7f8c9bd14700 1 -- 172.21.15.38:0/1809866586 shutdown_connections
2024-04-23T18:13:18.318 INFO:teuthology.orchestra.run.smithi038.stdout:/usr/bin/ceph: stderr
2024-04-23T18:13:17.402+0000 7f8c9bd14700 1 --2- 172.21.15.38:0/1809866586 >> [v2:172.21.15.38:3300/0,v1:172.21.15.38:6789/0] conn(0x7f8c941074c0 0x7f8c941078e0 unknown :-1 s=CLOSED pgs=18 cs=0 l=1 rev1=1 crypto rx=0 tx=0 comp rx=0 tx=0).stop
2024-04-23T18:13:18.318 INFO:teuthology.orchestra.run.smithi038.stdout:/usr/bin/ceph: stderr
2024-04-23T18:13:17.402+0000 7f8c9bd14700 1 -- 172.21.15.38:0/1809866586 >> 172.21.15.38:0/1809866586 conn(0x7f8c94102a80 msgr2=0x7f8c94104ea0 unknown :-1 s=STATE_NONE l=0).mark_down
2024-04-23T18:13:18.318 INFO:teuthology.orchestra.run.smithi038.stdout:/usr/bin/ceph: stderr
2024-04-23T18:13:17.402+0000 7f8c9bd14700 1 -- 172.21.15.38:0/1809866586 shutdown_connections
2024-04-23T18:13:18.318 INFO:teuthology.orchestra.run.smithi038.stdout:/usr/bin/ceph: stderr
2024-04-23T18:13:17.402+0000 7f8c9bd14700 1 -- 172.21.15.38:0/1809866586 wait complete.
2024-04-23T18:13:18.318 INFO:teuthology.orchestra.run.smithi038.stdout:/usr/bin/ceph: stderr
2024-04-23T18:13:17.402+0000 7f8c9bd14700 1 Processor -- start
2024-04-23T18:13:18.318 INFO:teuthology.orchestra.run.smithi038.stdout:/usr/bin/ceph: stderr
2024-04-23T18:13:17.403+0000 7f8c9bd14700 1 -- start start
2024-04-23T18:13:18.318 INFO:teuthology.orchestra.run.smithi038.stdout:/usr/bin/ceph: stderr
2024-04-23T18:13:17.403+0000 7f8c9bd14700 1 --2- >> [v2:172.21.15.38:3300/0,v1:172.21.15.38:6789/0] conn(0x7f8c941074c0 0x7f8c9419c470 unknown :-1 s=NONE pgs=0 cs=0 l=1 rev1=0 crypto rx=0 tx=0 comp rx=0 tx=0).connect
2024-04-23T18:13:18.318 INFO:teuthology.orchestra.run.smithi038.stdout:/usr/bin/ceph: stderr
2024-04-23T18:13:17.403+0000 7f8c9bd14700 1 -- --> [v2:172.21.15.38:3300/0,v1:172.21.15.38:6789/0] -- mon_getmap magic: 0 -- 0x7f8c9410ba70 con 0x7f8c941074c0
2024-04-23T18:13:18.318 INFO:teuthology.orchestra.run.smithi038.stdout:/usr/bin/ceph: stderr
2024-04-23T18:13:17.403+0000 7f8c99ab0700 1 --2- >> [v2:172.21.15.38:3300/0,v1:172.21.15.38:6789/0] conn(0x7f8c941074c0 0x7f8c9419c470 unknown :-1 s=BANNER_CONNECTING pgs=0 cs=0 l=1 rev1=0 crypto rx=0 tx=0 comp rx=0 tx=0)._handle_peer_banner_payload supported=3 required=0
2024-04-23T18:13:18.318 INFO:teuthology.orchestra.run.smithi038.stdout:/usr/bin/ceph: stderr
2024-04-23T18:13:17.403+0000 7f8c99ab0700 1 --2- >> [v2:172.21.15.38:3300/0,v1:172.21.15.38:6789/0] conn(0x7f8c941074c0 0x7f8c9419c470 unknown :-1 s=HELLO_CONNECTING pgs=0 cs=0 l=1 rev1=1 crypto rx=0 tx=0 comp rx=0 tx=0).handle_hello peer v2:172.21.15.38:3300/0 says I am v2:172.21.15.38:60454/0 (socket says 172.21.15.38:60454)
2024-04-23T18:13:18.318 INFO:teuthology.orchestra.run.smithi038.stdout:/usr/bin/ceph: stderr
2024-04-23T18:13:17.403+0000 7f8c99ab0700 1 -- 172.21.15.38:0/2863334808 learned_addr learned my addr 172.21.15.38:0/2863334808 (peer_addr_for_me v2:172.21.15.38:0/0)
2024-04-23T18:13:18.318 INFO:teuthology.orchestra.run.smithi038.stdout:/usr/bin/ceph: stderr
2024-04-23T18:13:17.403+0000 7f8c99ab0700 1 -- 172.21.15.38:0/2863334808 --> [v2:172.21.15.38:3300/0,v1:172.21.15.38:6789/0] -- mon_subscribe({config=0+,monmap=0+}) -- 0x7f8c9419c9b0 con 0x7f8c941074c0
2024-04-23T18:13:18.318 INFO:teuthology.orchestra.run.smithi038.stdout:/usr/bin/ceph: stderr
2024-04-23T18:13:17.403+0000 7f8c99ab0700 1 --2- 172.21.15.38:0/2863334808 >> [v2:172.21.15.38:3300/0,v1:172.21.15.38:6789/0] conn(0x7f8c941074c0 0x7f8c9419c470 secure :-1 s=READY pgs=19 cs=0 l=1 rev1=1 crypto rx=0x7f8c900117e0 tx=0x7f8c90011ce0 comp rx=0 tx=0).ready entity=mon.0 client_cookie=0 server_cookie=0 in_seq=0 out_seq=0
2024-04-23T18:13:18.318 INFO:teuthology.orchestra.run.smithi038.stdout:/usr/bin/ceph: stderr
2024-04-23T18:13:17.403+0000 7f8c8affd700 1 -- 172.21.15.38:0/2863334808 <== mon.0 v2:172.21.15.38:3300/0 1 ==== mon_map magic: 0 ==== 205+0+0 (secure 0 0 0) 0x7f8c90003b20 con 0x7f8c941074c0
2024-04-23T18:13:18.319 INFO:teuthology.orchestra.run.smithi038.stdout:/usr/bin/ceph: stderr
2024-04-23T18:13:17.404+0000 7f8c9bd14700 1 -- 172.21.15.38:0/2863334808 --> [v2:172.21.15.38:3300/0,v1:172.21.15.38:6789/0] -- mon_subscribe({mgrmap=0+}) -- 0x7f8c9419cc40 con 0x7f8c941074c0
2024-04-23T18:13:18.319 INFO:teuthology.orchestra.run.smithi038.stdout:/usr/bin/ceph: stderr
2024-04-23T18:13:17.404+0000 7f8c8affd700 1 -- 172.21.15.38:0/2863334808 <== mon.0 v2:172.21.15.38:3300/0 2 ==== config(27 keys) ==== 1104+0+0 (secure 0 0 0) 0x7f8c90003cc0 con 0x7f8c941074c0
2024-04-23T18:13:18.319 INFO:teuthology.orchestra.run.smithi038.stdout:/usr/bin/ceph: stderr
2024-04-23T18:13:17.404+0000 7f8c8affd700 1 -- 172.21.15.38:0/2863334808 <== mon.0 v2:172.21.15.38:3300/0 3 ==== mon_map magic: 0 ==== 205+0+0 (secure 0 0 0) 0x7f8c90019870 con 0x7f8c941074c0
2024-04-23T18:13:18.319 INFO:teuthology.orchestra.run.smithi038.stdout:/usr/bin/ceph: stderr
2024-04-23T18:13:17.404+0000 7f8c9bd14700 1 -- 172.21.15.38:0/2863334808 --> [v2:172.21.15.38:3300/0,v1:172.21.15.38:6789/0] -- mon_subscribe({osdmap=0}) -- 0x7f8c9419d0a0 con 0x7f8c941074c0
2024-04-23T18:13:18.319 INFO:teuthology.orchestra.run.smithi038.stdout:/usr/bin/ceph: stderr
2024-04-23T18:13:17.404+0000 7f8c8affd700 1 -- 172.21.15.38:0/2863334808 <== mon.0 v2:172.21.15.38:3300/0 4 ==== mgrmap(e 4) ==== 46547+0+0 (secure 0 0 0) 0x7f8c90019af0 con 0x7f8c941074c0
2024-04-23T18:13:18.319 INFO:teuthology.orchestra.run.smithi038.stdout:/usr/bin/ceph: stderr
2024-04-23T18:13:17.404+0000 7f8c8affd700 1 --2- 172.21.15.38:0/2863334808 >> [v2:172.21.15.38:6800/1780941116,v1:172.21.15.38:6801/1780941116] conn(0x7f8c800395d0 0x7f8c8003ba90 unknown :-1 s=NONE pgs=0 cs=0 l=1 rev1=0 crypto rx=0 tx=0 comp rx=0 tx=0).connect
2024-04-23T18:13:18.319 INFO:teuthology.orchestra.run.smithi038.stdout:/usr/bin/ceph: stderr
2024-04-23T18:13:17.405+0000 7f8c8affd700 1 -- 172.21.15.38:0/2863334808 <== mon.0 v2:172.21.15.38:3300/0 5 ==== osd_map(1..1 src has 1..1) ==== 725+0+0 (secure 0 0 0) 0x7f8c9004dcd0 con 0x7f8c941074c0
2024-04-23T18:13:18.319 INFO:teuthology.orchestra.run.smithi038.stdout:/usr/bin/ceph: stderr
2024-04-23T18:13:17.405+0000 7f8c992af700 1 --2- 172.21.15.38:0/2863334808 >> [v2:172.21.15.38:6800/1780941116,v1:172.21.15.38:6801/1780941116] conn(0x7f8c800395d0 0x7f8c8003ba90 unknown :-1 s=BANNER_CONNECTING pgs=0 cs=0 l=1 rev1=0 crypto rx=0 tx=0 comp rx=0 tx=0)._handle_peer_banner_payload supported=3 required=0
2024-04-23T18:13:18.319 INFO:teuthology.orchestra.run.smithi038.stdout:/usr/bin/ceph: stderr
2024-04-23T18:13:17.405+0000 7f8c9bd14700 1 -- 172.21.15.38:0/2863334808 --> [v2:172.21.15.38:3300/0,v1:172.21.15.38:6789/0] -- mon_command({"prefix": "get_command_descriptions"} v 0) -- 0x7f8c940640a0 con 0x7f8c941074c0
2024-04-23T18:13:18.319 INFO:teuthology.orchestra.run.smithi038.stdout:/usr/bin/ceph: stderr
2024-04-23T18:13:17.405+0000 7f8c992af700 1 --2- 172.21.15.38:0/2863334808 >> [v2:172.21.15.38:6800/1780941116,v1:172.21.15.38:6801/1780941116] conn(0x7f8c800395d0 0x7f8c8003ba90 secure :-1 s=READY pgs=6 cs=0 l=1 rev1=1 crypto rx=0x7f8c84006fd0 tx=0x7f8c84006e40 comp rx=0 tx=0).ready entity=mgr.14100 client_cookie=0 server_cookie=0 in_seq=0 out_seq=0
2024-04-23T18:13:18.319 INFO:teuthology.orchestra.run.smithi038.stdout:/usr/bin/ceph: stderr
2024-04-23T18:13:17.410+0000 7f8c8affd700 1 -- 172.21.15.38:0/2863334808 <== mon.0 v2:172.21.15.38:3300/0 6 ==== mon_command_ack([{"prefix": "get_command_descriptions"}]=0 v0) ==== 72+0+188370 (secure 0 0 0) 0x7f8c90011e20 con 0x7f8c941074c0
2024-04-23T18:13:18.319 INFO:teuthology.orchestra.run.smithi038.stdout:/usr/bin/ceph: stderr
2024-04-23T18:13:17.706+0000 7f8c9bd14700 1 -- 172.21.15.38:0/2863334808 --> [v2:172.21.15.38:3300/0,v1:172.21.15.38:6789/0] -- mon_command({"prefix": "status", "format": "json-pretty"} v 0) -- 0x7f8c9402e310 con 0x7f8c941074c0
2024-04-23T18:13:18.319 INFO:teuthology.orchestra.run.smithi038.stdout:/usr/bin/ceph: stderr
2024-04-23T18:13:17.707+0000 7f8c8affd700 1 -- 172.21.15.38:0/2863334808 <== mon.0 v2:172.21.15.38:3300/0 7 ==== mon_command_ack([{"prefix": "status", "format": "json-pretty"}]=0 v0) ==== 79+0+1239 (secure 0 0 0) 0x7f8c90029260 con 0x7f8c941074c0
2024-04-23T18:13:18.319 INFO:teuthology.orchestra.run.smithi038.stdout:/usr/bin/ceph: stderr
2024-04-23T18:13:17.709+0000 7f8c9bd14700 1 -- 172.21.15.38:0/2863334808 >> [v2:172.21.15.38:6800/1780941116,v1:172.21.15.38:6801/1780941116] conn(0x7f8c800395d0 msgr2=0x7f8c8003ba90 secure :-1 s=STATE_CONNECTION_ESTABLISHED l=1).mark_down
2024-04-23T18:13:18.319 INFO:teuthology.orchestra.run.smithi038.stdout:/usr/bin/ceph: stderr
2024-04-23T18:13:17.709+0000 7f8c9bd14700 1 --2- 172.21.15.38:0/2863334808 >> [v2:172.21.15.38:6800/1780941116,v1:172.21.15.38:6801/1780941116] conn(0x7f8c800395d0 0x7f8c8003ba90 secure :-1 s=READY pgs=6 cs=0 l=1 rev1=1 crypto rx=0x7f8c84006fd0 tx=0x7f8c84006e40 comp rx=0 tx=0).stop
2024-04-23T18:13:18.320 INFO:teuthology.orchestra.run.smithi038.stdout:/usr/bin/ceph: stderr
2024-04-23T18:13:17.709+0000 7f8c9bd14700 1 -- 172.21.15.38:0/2863334808 >> [v2:172.21.15.38:3300/0,v1:172.21.15.38:6789/0] conn(0x7f8c941074c0 msgr2=0x7f8c9419c470 secure :-1 s=STATE_CONNECTION_ESTABLISHED l=1).mark_down
2024-04-23T18:13:18.320 INFO:teuthology.orchestra.run.smithi038.stdout:/usr/bin/ceph: stderr
2024-04-23T18:13:17.709+0000 7f8c9bd14700 1 --2- 172.21.15.38:0/2863334808 >> [v2:172.21.15.38:3300/0,v1:172.21.15.38:6789/0] conn(0x7f8c941074c0 0x7f8c9419c470 secure :-1 s=READY pgs=19 cs=0 l=1 rev1=1 crypto rx=0x7f8c900117e0 tx=0x7f8c90011ce0 comp rx=0 tx=0).stop
2024-04-23T18:13:18.320 INFO:teuthology.orchestra.run.smithi038.stdout:/usr/bin/ceph: stderr
2024-04-23T18:13:17.709+0000 7f8c9bd14700 1 -- 172.21.15.38:0/2863334808 shutdown_connections
2024-04-23T18:13:18.320 INFO:teuthology.orchestra.run.smithi038.stdout:/usr/bin/ceph: stderr
2024-04-23T18:13:17.709+0000 7f8c9bd14700 1 --2- 172.21.15.38:0/2863334808 >> [v2:172.21.15.38:6800/1780941116,v1:172.21.15.38:6801/1780941116] conn(0x7f8c800395d0 0x7f8c8003ba90 unknown :-1 s=CLOSED pgs=6 cs=0 l=1 rev1=1 crypto rx=0 tx=0 comp rx=0 tx=0).stop
2024-04-23T18:13:18.320 INFO:teuthology.orchestra.run.smithi038.stdout:/usr/bin/ceph: stderr
2024-04-23T18:13:17.709+0000 7f8c9bd14700 1 --2- 172.21.15.38:0/2863334808 >> [v2:172.21.15.38:3300/0,v1:172.21.15.38:6789/0] conn(0x7f8c941074c0 0x7f8c9419c470 unknown :-1 s=CLOSED pgs=19 cs=0 l=1 rev1=1 crypto rx=0 tx=0 comp rx=0 tx=0).stop
2024-04-23T18:13:18.320 INFO:teuthology.orchestra.run.smithi038.stdout:/usr/bin/ceph: stderr
2024-04-23T18:13:17.709+0000 7f8c9bd14700 1 -- 172.21.15.38:0/2863334808 >> 172.21.15.38:0/2863334808 conn(0x7f8c94102a80 msgr2=0x7f8c94192fd0 unknown :-1 s=STATE_NONE l=0).mark_down
2024-04-23T18:13:18.320 INFO:teuthology.orchestra.run.smithi038.stdout:/usr/bin/ceph: stderr
2024-04-23T18:13:17.709+0000 7f8c9bd14700 1 -- 172.21.15.38:0/2863334808 shutdown_connections
2024-04-23T18:13:18.320 INFO:teuthology.orchestra.run.smithi038.stdout:/usr/bin/ceph: stderr
2024-04-23T18:13:17.709+0000 7f8c9bd14700 1 -- 172.21.15.38:0/2863334808 wait complete.
2024-04-23T18:13:18.320 INFO:teuthology.orchestra.run.smithi038.stdout:mgr is available
2024-04-23T18:13:18.625 INFO:journalctl@ceph.mon.a.smithi038.stdout:Apr 23 18:13:18 smithi038 ceph-mon[29217]: from='client.? 172.21.15.38:0/2863334808' entity='client.admin' cmd=[{"prefix": "status", "format": "json-pretty"}]: dispatch
2024-04-23T18:13:19.531 INFO:teuthology.orchestra.run.smithi038.stdout:/usr/bin/ceph: stdout
2024-04-23T18:13:19.531 INFO:teuthology.orchestra.run.smithi038.stdout:/usr/bin/ceph: stdout [global]
2024-04-23T18:13:19.531 INFO:teuthology.orchestra.run.smithi038.stdout:/usr/bin/ceph: stdout fsid = e0b71514-019c-11ef-bc93-c7b262605968
2024-04-23T18:13:19.531 INFO:teuthology.orchestra.run.smithi038.stdout:/usr/bin/ceph: stdout mon_cluster_log_file_level = debug
2024-04-23T18:13:19.531 INFO:teuthology.orchestra.run.smithi038.stdout:/usr/bin/ceph: stdout mon_osd_allow_pg_remap = true
2024-04-23T18:13:19.531 INFO:teuthology.orchestra.run.smithi038.stdout:/usr/bin/ceph: stdout mon_osd_allow_primary_affinity = true
2024-04-23T18:13:19.531 INFO:teuthology.orchestra.run.smithi038.stdout:/usr/bin/ceph: stdout mon_warn_on_no_sortbitwise = false
2024-04-23T18:13:19.531 INFO:teuthology.orchestra.run.smithi038.stdout:/usr/bin/ceph: stdout osd_crush_chooseleaf_type = 0
2024-04-23T18:13:19.531 INFO:teuthology.orchestra.run.smithi038.stdout:/usr/bin/ceph: stdout
2024-04-23T18:13:19.531 INFO:teuthology.orchestra.run.smithi038.stdout:/usr/bin/ceph: stdout [mgr]
2024-04-23T18:13:19.531 INFO:teuthology.orchestra.run.smithi038.stdout:/usr/bin/ceph: stdout mgr/telemetry/nag = false
2024-04-23T18:13:19.532 INFO:teuthology.orchestra.run.smithi038.stdout:/usr/bin/ceph: stdout
2024-04-23T18:13:19.532 INFO:teuthology.orchestra.run.smithi038.stdout:/usr/bin/ceph: stdout [osd]
2024-04-23T18:13:19.532 INFO:teuthology.orchestra.run.smithi038.stdout:/usr/bin/ceph: stdout mon_osd_backfillfull_ratio = 0.85
2024-04-23T18:13:19.532 INFO:teuthology.orchestra.run.smithi038.stdout:/usr/bin/ceph: stdout mon_osd_full_ratio = 0.9
2024-04-23T18:13:19.532 INFO:teuthology.orchestra.run.smithi038.stdout:/usr/bin/ceph: stdout mon_osd_nearfull_ratio = 0.8
2024-04-23T18:13:19.532 INFO:teuthology.orchestra.run.smithi038.stdout:/usr/bin/ceph: stdout osd_map_max_advance = 10
2024-04-23T18:13:19.532 INFO:teuthology.orchestra.run.smithi038.stdout:/usr/bin/ceph: stdout osd_sloppy_crc = true
2024-04-23T18:13:19.532 INFO:teuthology.orchestra.run.smithi038.stdout:/usr/bin/ceph: stderr
2024-04-23T18:13:18.738+0000 7ff26e745700 1 Processor -- start
2024-04-23T18:13:19.532 INFO:teuthology.orchestra.run.smithi038.stdout:/usr/bin/ceph: stderr
2024-04-23T18:13:18.738+0000 7ff26e745700 1 -- start start
2024-04-23T18:13:19.532 INFO:teuthology.orchestra.run.smithi038.stdout:/usr/bin/ceph: stderr
2024-04-23T18:13:18.738+0000 7ff26e745700 1 --2- >> [v2:172.21.15.38:3300/0,v1:172.21.15.38:6789/0] conn(0x7ff268106e90 0x7ff2681072b0 unknown :-1 s=NONE pgs=0 cs=0 l=0 rev1=0 crypto rx=0 tx=0 comp rx=0 tx=0).connect
2024-04-23T18:13:19.532 INFO:teuthology.orchestra.run.smithi038.stdout:/usr/bin/ceph: stderr
2024-04-23T18:13:18.738+0000 7ff26e745700 1 -- --> [v2:172.21.15.38:3300/0,v1:172.21.15.38:6789/0] -- mon_getmap magic: 0 -- 0x7ff26807be00 con 0x7ff268106e90
2024-04-23T18:13:19.532 INFO:teuthology.orchestra.run.smithi038.stdout:/usr/bin/ceph: stderr
2024-04-23T18:13:18.738+0000 7ff267fff700 1 --2- >> [v2:172.21.15.38:3300/0,v1:172.21.15.38:6789/0] conn(0x7ff268106e90 0x7ff2681072b0 unknown :-1 s=BANNER_CONNECTING pgs=0 cs=0 l=0 rev1=0 crypto rx=0 tx=0 comp rx=0 tx=0)._handle_peer_banner_payload supported=3 required=0
2024-04-23T18:13:19.532 INFO:teuthology.orchestra.run.smithi038.stdout:/usr/bin/ceph: stderr
2024-04-23T18:13:18.738+0000 7ff267fff700 1 --2- >> [v2:172.21.15.38:3300/0,v1:172.21.15.38:6789/0] conn(0x7ff268106e90 0x7ff2681072b0 unknown :-1 s=HELLO_CONNECTING pgs=0 cs=0 l=0 rev1=1 crypto rx=0 tx=0 comp rx=0 tx=0).handle_hello peer v2:172.21.15.38:3300/0 says I am v2:172.21.15.38:60470/0 (socket says 172.21.15.38:60470)
2024-04-23T18:13:19.532 INFO:teuthology.orchestra.run.smithi038.stdout:/usr/bin/ceph: stderr
2024-04-23T18:13:18.738+0000 7ff267fff700 1 -- 172.21.15.38:0/100271615 learned_addr learned my addr 172.21.15.38:0/100271615 (peer_addr_for_me v2:172.21.15.38:0/0)
2024-04-23T18:13:19.533 INFO:teuthology.orchestra.run.smithi038.stdout:/usr/bin/ceph: stderr
2024-04-23T18:13:18.739+0000 7ff267fff700 1 -- 172.21.15.38:0/100271615 --> [v2:172.21.15.38:3300/0,v1:172.21.15.38:6789/0] -- mon_subscribe({config=0+,monmap=0+}) -- 0x7ff2681077f0 con 0x7ff268106e90
2024-04-23T18:13:19.533 INFO:teuthology.orchestra.run.smithi038.stdout:/usr/bin/ceph: stderr
2024-04-23T18:13:18.739+0000 7ff267fff700 1 --2- 172.21.15.38:0/100271615 >> [v2:172.21.15.38:3300/0,v1:172.21.15.38:6789/0] conn(0x7ff268106e90 0x7ff2681072b0 secure :-1 s=READY pgs=20 cs=0 l=1 rev1=1 crypto rx=0x7ff2580098a0 tx=0x7ff258009bb0 comp rx=0 tx=0).ready entity=mon.0 client_cookie=5327d7d36cf6f988 server_cookie=0 in_seq=0 out_seq=0
2024-04-23T18:13:19.533 INFO:teuthology.orchestra.run.smithi038.stdout:/usr/bin/ceph: stderr
2024-04-23T18:13:18.739+0000 7ff266ffd700 1 -- 172.21.15.38:0/100271615 <== mon.0 v2:172.21.15.38:3300/0 1 ==== mon_map magic: 0 ==== 205+0+0 (secure 0 0 0) 0x7ff258004160 con 0x7ff268106e90
2024-04-23T18:13:19.533 INFO:teuthology.orchestra.run.smithi038.stdout:/usr/bin/ceph: stderr
2024-04-23T18:13:18.739+0000 7ff266ffd700 1 -- 172.21.15.38:0/100271615 <== mon.0 v2:172.21.15.38:3300/0 2 ==== config(27 keys) ==== 1104+0+0 (secure 0 0 0) 0x7ff258004300 con 0x7ff268106e90
2024-04-23T18:13:19.533 INFO:teuthology.orchestra.run.smithi038.stdout:/usr/bin/ceph: stderr
2024-04-23T18:13:18.739+0000 7ff266ffd700 1 -- 172.21.15.38:0/100271615 <== mon.0 v2:172.21.15.38:3300/0 3 ==== mon_map magic: 0 ==== 205+0+0 (secure 0 0 0) 0x7ff258011b20 con 0x7ff268106e90
2024-04-23T18:13:19.533 INFO:teuthology.orchestra.run.smithi038.stdout:/usr/bin/ceph: stderr
2024-04-23T18:13:18.740+0000 7ff26e745700 1 -- 172.21.15.38:0/100271615 >> [v2:172.21.15.38:3300/0,v1:172.21.15.38:6789/0] conn(0x7ff268106e90 msgr2=0x7ff2681072b0 secure :-1 s=STATE_CONNECTION_ESTABLISHED l=1).mark_down
2024-04-23T18:13:19.533 INFO:teuthology.orchestra.run.smithi038.stdout:/usr/bin/ceph: stderr
2024-04-23T18:13:18.740+0000 7ff26e745700 1 --2- 172.21.15.38:0/100271615 >> [v2:172.21.15.38:3300/0,v1:172.21.15.38:6789/0] conn(0x7ff268106e90 0x7ff2681072b0 secure :-1 s=READY pgs=20 cs=0 l=1 rev1=1 crypto rx=0x7ff2580098a0 tx=0x7ff258009bb0 comp rx=0 tx=0).stop
2024-04-23T18:13:19.533 INFO:teuthology.orchestra.run.smithi038.stdout:/usr/bin/ceph: stderr
2024-04-23T18:13:18.740+0000 7ff26e745700 1 -- 172.21.15.38:0/100271615 shutdown_connections
2024-04-23T18:13:19.533 INFO:teuthology.orchestra.run.smithi038.stdout:/usr/bin/ceph: stderr
2024-04-23T18:13:18.740+0000 7ff26e745700 1 --2- 172.21.15.38:0/100271615 >> [v2:172.21.15.38:3300/0,v1:172.21.15.38:6789/0] conn(0x7ff268106e90 0x7ff2681072b0 unknown :-1 s=CLOSED pgs=20 cs=0 l=1 rev1=1 crypto rx=0 tx=0 comp rx=0 tx=0).stop
2024-04-23T18:13:19.533 INFO:teuthology.orchestra.run.smithi038.stdout:/usr/bin/ceph: stderr
2024-04-23T18:13:18.740+0000 7ff26e745700 1 -- 172.21.15.38:0/100271615 >> 172.21.15.38:0/100271615 conn(0x7ff268102a10 msgr2=0x7ff268104e70 unknown :-1 s=STATE_NONE l=0).mark_down
2024-04-23T18:13:19.533 INFO:teuthology.orchestra.run.smithi038.stdout:/usr/bin/ceph: stderr
2024-04-23T18:13:18.740+0000 7ff26e745700 1 -- 172.21.15.38:0/100271615 shutdown_connections
2024-04-23T18:13:19.533 INFO:teuthology.orchestra.run.smithi038.stdout:/usr/bin/ceph: stderr
2024-04-23T18:13:18.740+0000 7ff26e745700 1 -- 172.21.15.38:0/100271615 wait complete.
2024-04-23T18:13:19.533 INFO:teuthology.orchestra.run.smithi038.stdout:/usr/bin/ceph: stderr
2024-04-23T18:13:18.740+0000 7ff26e745700 1 Processor -- start
2024-04-23T18:13:19.533 INFO:teuthology.orchestra.run.smithi038.stdout:/usr/bin/ceph: stderr
2024-04-23T18:13:18.740+0000 7ff26e745700 1 -- start start
2024-04-23T18:13:19.533 INFO:teuthology.orchestra.run.smithi038.stdout:/usr/bin/ceph: stderr
2024-04-23T18:13:18.741+0000 7ff26e745700 1 --2- >> [v2:172.21.15.38:3300/0,v1:172.21.15.38:6789/0] conn(0x7ff268106e90 0x7ff26819e5f0 unknown :-1 s=NONE pgs=0 cs=0 l=1 rev1=0 crypto rx=0 tx=0 comp rx=0 tx=0).connect
2024-04-23T18:13:19.534 INFO:teuthology.orchestra.run.smithi038.stdout:/usr/bin/ceph: stderr
2024-04-23T18:13:18.741+0000 7ff26e745700 1 -- --> [v2:172.21.15.38:3300/0,v1:172.21.15.38:6789/0] -- mon_getmap magic: 0 -- 0x7ff268108880 con 0x7ff268106e90
2024-04-23T18:13:19.534 INFO:teuthology.orchestra.run.smithi038.stdout:/usr/bin/ceph: stderr
2024-04-23T18:13:18.741+0000 7ff267fff700 1 --2- >> [v2:172.21.15.38:3300/0,v1:172.21.15.38:6789/0] conn(0x7ff268106e90 0x7ff26819e5f0 unknown :-1 s=BANNER_CONNECTING pgs=0 cs=0 l=1 rev1=0 crypto rx=0 tx=0 comp rx=0 tx=0)._handle_peer_banner_payload supported=3 required=0
2024-04-23T18:13:19.534 INFO:teuthology.orchestra.run.smithi038.stdout:/usr/bin/ceph: stderr
2024-04-23T18:13:18.741+0000 7ff267fff700 1 --2- >> [v2:172.21.15.38:3300/0,v1:172.21.15.38:6789/0] conn(0x7ff268106e90 0x7ff26819e5f0 unknown :-1 s=HELLO_CONNECTING pgs=0 cs=0 l=1 rev1=1 crypto rx=0 tx=0 comp rx=0 tx=0).handle_hello peer v2:172.21.15.38:3300/0 says I am v2:172.21.15.38:60480/0 (socket says 172.21.15.38:60480)
2024-04-23T18:13:19.534 INFO:teuthology.orchestra.run.smithi038.stdout:/usr/bin/ceph: stderr
2024-04-23T18:13:18.741+0000 7ff267fff700 1 -- 172.21.15.38:0/4266479329 learned_addr learned my addr 172.21.15.38:0/4266479329 (peer_addr_for_me v2:172.21.15.38:0/0)
2024-04-23T18:13:19.534 INFO:teuthology.orchestra.run.smithi038.stdout:/usr/bin/ceph: stderr
2024-04-23T18:13:18.741+0000 7ff267fff700 1 -- 172.21.15.38:0/4266479329 --> [v2:172.21.15.38:3300/0,v1:172.21.15.38:6789/0] -- mon_subscribe({config=0+,monmap=0+}) -- 0x7ff26819eb30 con 0x7ff268106e90
2024-04-23T18:13:19.534 INFO:teuthology.orchestra.run.smithi038.stdout:/usr/bin/ceph: stderr
2024-04-23T18:13:18.741+0000 7ff267fff700 1 --2- 172.21.15.38:0/4266479329 >> [v2:172.21.15.38:3300/0,v1:172.21.15.38:6789/0] conn(0x7ff268106e90 0x7ff26819e5f0 secure :-1 s=READY pgs=21 cs=0 l=1 rev1=1 crypto rx=0x7ff2580117e0 tx=0x7ff258011ce0 comp rx=0 tx=0).ready entity=mon.0 client_cookie=0 server_cookie=0 in_seq=0 out_seq=0
2024-04-23T18:13:19.534 INFO:teuthology.orchestra.run.smithi038.stdout:/usr/bin/ceph: stderr
2024-04-23T18:13:18.741+0000 7ff2657fa700 1 -- 172.21.15.38:0/4266479329 <== mon.0 v2:172.21.15.38:3300/0 1 ==== mon_map magic: 0 ==== 205+0+0 (secure 0 0 0) 0x7ff258003b30 con 0x7ff268106e90
2024-04-23T18:13:19.534 INFO:teuthology.orchestra.run.smithi038.stdout:/usr/bin/ceph: stderr
2024-04-23T18:13:18.741+0000 7ff26e745700 1 -- 172.21.15.38:0/4266479329 --> [v2:172.21.15.38:3300/0,v1:172.21.15.38:6789/0] -- mon_subscribe({mgrmap=0+}) -- 0x7ff26819edc0 con 0x7ff268106e90
2024-04-23T18:13:19.534 INFO:teuthology.orchestra.run.smithi038.stdout:/usr/bin/ceph: stderr
2024-04-23T18:13:18.741+0000 7ff2657fa700 1 -- 172.21.15.38:0/4266479329 <== mon.0 v2:172.21.15.38:3300/0 2 ==== config(27 keys) ==== 1104+0+0 (secure 0 0 0) 0x7ff258003cd0 con 0x7ff268106e90
2024-04-23T18:13:19.534 INFO:teuthology.orchestra.run.smithi038.stdout:/usr/bin/ceph: stderr
2024-04-23T18:13:18.741+0000 7ff2657fa700 1 -- 172.21.15.38:0/4266479329 <== mon.0 v2:172.21.15.38:3300/0 3 ==== mon_map magic: 0 ==== 205+0+0 (secure 0 0 0) 0x7ff25801a7c0 con 0x7ff268106e90
2024-04-23T18:13:19.534 INFO:teuthology.orchestra.run.smithi038.stdout:/usr/bin/ceph: stderr
2024-04-23T18:13:18.742+0000 7ff26e745700 1 -- 172.21.15.38:0/4266479329 --> [v2:172.21.15.38:3300/0,v1:172.21.15.38:6789/0] -- mon_subscribe({osdmap=0}) -- 0x7ff26819f220 con 0x7ff268106e90
2024-04-23T18:13:19.534 INFO:teuthology.orchestra.run.smithi038.stdout:/usr/bin/ceph: stderr
2024-04-23T18:13:18.742+0000 7ff2657fa700 1 -- 172.21.15.38:0/4266479329 <== mon.0 v2:172.21.15.38:3300/0 4 ==== mgrmap(e 4) ==== 46547+0+0 (secure 0 0 0) 0x7ff25801aa70 con 0x7ff268106e90
2024-04-23T18:13:19.534 INFO:teuthology.orchestra.run.smithi038.stdout:/usr/bin/ceph: stderr
2024-04-23T18:13:18.742+0000 7ff26e745700 1 -- 172.21.15.38:0/4266479329 --> [v2:172.21.15.38:3300/0,v1:172.21.15.38:6789/0] -- mon_command({"prefix": "get_command_descriptions"} v 0) -- 0x7ff2680640a0 con 0x7ff268106e90
2024-04-23T18:13:19.534 INFO:teuthology.orchestra.run.smithi038.stdout:/usr/bin/ceph: stderr
2024-04-23T18:13:18.743+0000 7ff2657fa700 1 --2- 172.21.15.38:0/4266479329 >> [v2:172.21.15.38:6800/1780941116,v1:172.21.15.38:6801/1780941116] conn(0x7ff254039620 0x7ff25403bae0 unknown :-1 s=NONE pgs=0 cs=0 l=1 rev1=0 crypto rx=0 tx=0 comp rx=0 tx=0).connect
2024-04-23T18:13:19.535 INFO:teuthology.orchestra.run.smithi038.stdout:/usr/bin/ceph: stderr
2024-04-23T18:13:18.743+0000 7ff2657fa700 1 -- 172.21.15.38:0/4266479329 <== mon.0 v2:172.21.15.38:3300/0 5 ==== osd_map(1..1 src has 1..1) ==== 725+0+0 (secure 0 0 0) 0x7ff25804d9a0 con 0x7ff268106e90
2024-04-23T18:13:19.535 INFO:teuthology.orchestra.run.smithi038.stdout:/usr/bin/ceph: stderr
2024-04-23T18:13:18.743+0000 7ff2677fe700 1 --2- 172.21.15.38:0/4266479329 >> [v2:172.21.15.38:6800/1780941116,v1:172.21.15.38:6801/1780941116] conn(0x7ff254039620 0x7ff25403bae0 unknown :-1 s=BANNER_CONNECTING pgs=0 cs=0 l=1 rev1=0 crypto rx=0 tx=0 comp rx=0 tx=0)._handle_peer_banner_payload supported=3 required=0
2024-04-23T18:13:19.535 INFO:teuthology.orchestra.run.smithi038.stdout:/usr/bin/ceph: stderr
2024-04-23T18:13:18.743+0000 7ff2677fe700 1 --2- 172.21.15.38:0/4266479329 >> [v2:172.21.15.38:6800/1780941116,v1:172.21.15.38:6801/1780941116] conn(0x7ff254039620 0x7ff25403bae0 secure :-1 s=READY pgs=7 cs=0 l=1 rev1=1 crypto rx=0x7ff250006fd0 tx=0x7ff250006e40 comp rx=0 tx=0).ready entity=mgr.14100 client_cookie=0 server_cookie=0 in_seq=0 out_seq=0
2024-04-23T18:13:19.535 INFO:teuthology.orchestra.run.smithi038.stdout:/usr/bin/ceph: stderr
2024-04-23T18:13:18.748+0000 7ff2657fa700 1 -- 172.21.15.38:0/4266479329 <== mon.0 v2:172.21.15.38:3300/0 6 ==== mon_command_ack([{"prefix": "get_command_descriptions"}]=0 v0) ==== 72+0+188370 (secure 0 0 0) 0x7ff258019c70 con 0x7ff268106e90
2024-04-23T18:13:19.535 INFO:teuthology.orchestra.run.smithi038.stdout:/usr/bin/ceph: stderr
2024-04-23T18:13:18.955+0000 7ff26e745700 1 -- 172.21.15.38:0/4266479329 --> [v2:172.21.15.38:3300/0,v1:172.21.15.38:6789/0] -- mon_command({"prefix": "config assimilate-conf"} v 0) -- 0x7ff26802d5d0 con 0x7ff268106e90
2024-04-23T18:13:19.535 INFO:teuthology.orchestra.run.smithi038.stdout:/usr/bin/ceph: stderr
2024-04-23T18:13:18.956+0000 7ff2657fa700 1 -- 172.21.15.38:0/4266479329 <== mon.0 v2:172.21.15.38:3300/0 7 ==== mon_command_ack([{"prefix": "config assimilate-conf"}]=0 v3) ==== 70+0+409 (secure 0 0 0) 0x7ff258020240 con 0x7ff268106e90
2024-04-23T18:13:19.535 INFO:teuthology.orchestra.run.smithi038.stdout:/usr/bin/ceph: stderr
2024-04-23T18:13:18.958+0000 7ff26e745700 1 -- 172.21.15.38:0/4266479329 >> [v2:172.21.15.38:6800/1780941116,v1:172.21.15.38:6801/1780941116] conn(0x7ff254039620 msgr2=0x7ff25403bae0 secure :-1 s=STATE_CONNECTION_ESTABLISHED l=1).mark_down
2024-04-23T18:13:19.535 INFO:teuthology.orchestra.run.smithi038.stdout:/usr/bin/ceph: stderr
2024-04-23T18:13:18.958+0000 7ff26e745700 1 --2- 172.21.15.38:0/4266479329 >> [v2:172.21.15.38:6800/1780941116,v1:172.21.15.38:6801/1780941116] conn(0x7ff254039620 0x7ff25403bae0 secure :-1 s=READY pgs=7 cs=0 l=1 rev1=1 crypto rx=0x7ff250006fd0 tx=0x7ff250006e40 comp rx=0 tx=0).stop
2024-04-23T18:13:19.535 INFO:teuthology.orchestra.run.smithi038.stdout:/usr/bin/ceph: stderr
2024-04-23T18:13:18.958+0000 7ff26e745700 1 -- 172.21.15.38:0/4266479329 >> [v2:172.21.15.38:3300/0,v1:172.21.15.38:6789/0] conn(0x7ff268106e90 msgr2=0x7ff26819e5f0 secure :-1 s=STATE_CONNECTION_ESTABLISHED l=1).mark_down
2024-04-23T18:13:19.535 INFO:teuthology.orchestra.run.smithi038.stdout:/usr/bin/ceph: stderr
2024-04-23T18:13:18.958+0000 7ff26e745700 1 --2- 172.21.15.38:0/4266479329 >> [v2:172.21.15.38:3300/0,v1:172.21.15.38:6789/0] conn(0x7ff268106e90 0x7ff26819e5f0 secure :-1 s=READY pgs=21 cs=0 l=1 rev1=1 crypto rx=0x7ff2580117e0 tx=0x7ff258011ce0 comp rx=0 tx=0).stop
2024-04-23T18:13:19.535 INFO:teuthology.orchestra.run.smithi038.stdout:/usr/bin/ceph: stderr
2024-04-23T18:13:18.958+0000 7ff26e745700 1 -- 172.21.15.38:0/4266479329 shutdown_connections
2024-04-23T18:13:19.535 INFO:teuthology.orchestra.run.smithi038.stdout:/usr/bin/ceph: stderr
2024-04-23T18:13:18.958+0000 7ff26e745700 1 --2- 172.21.15.38:0/4266479329 >> [v2:172.21.15.38:6800/1780941116,v1:172.21.15.38:6801/1780941116] conn(0x7ff254039620 0x7ff25403bae0 unknown :-1 s=CLOSED pgs=7 cs=0 l=1 rev1=1 crypto rx=0 tx=0 comp rx=0 tx=0).stop
2024-04-23T18:13:19.535 INFO:teuthology.orchestra.run.smithi038.stdout:/usr/bin/ceph: stderr
2024-04-23T18:13:18.958+0000 7ff26e745700 1 --2- 172.21.15.38:0/4266479329 >> [v2:172.21.15.38:3300/0,v1:172.21.15.38:6789/0] conn(0x7ff268106e90 0x7ff26819e5f0 unknown :-1 s=CLOSED pgs=21 cs=0 l=1 rev1=1 crypto rx=0 tx=0 comp rx=0 tx=0).stop
2024-04-23T18:13:19.535 INFO:teuthology.orchestra.run.smithi038.stdout:/usr/bin/ceph: stderr
2024-04-23T18:13:18.958+0000 7ff26e745700 1 -- 172.21.15.38:0/4266479329 >> 172.21.15.38:0/4266479329 conn(0x7ff268102a10 msgr2=0x7ff2681952b0 unknown :-1 s=STATE_NONE l=0).mark_down
2024-04-23T18:13:19.535 INFO:teuthology.orchestra.run.smithi038.stdout:/usr/bin/ceph: stderr
2024-04-23T18:13:18.958+0000 7ff26e745700 1 -- 172.21.15.38:0/4266479329 shutdown_connections
2024-04-23T18:13:19.536 INFO:teuthology.orchestra.run.smithi038.stdout:/usr/bin/ceph: stderr
2024-04-23T18:13:18.958+0000 7ff26e745700 1 -- 172.21.15.38:0/4266479329 wait complete.
2024-04-23T18:13:19.536 INFO:teuthology.orchestra.run.smithi038.stdout:Enabling cephadm module...
2024-04-23T18:13:19.740 INFO:journalctl@ceph.mon.a.smithi038.stdout:Apr 23 18:13:19 smithi038 ceph-mon[29217]: from='client.? 172.21.15.38:0/4266479329' entity='client.admin' cmd=[{"prefix": "config assimilate-conf"}]: dispatch
2024-04-23T18:13:20.474 INFO:journalctl@ceph.mon.a.smithi038.stdout:Apr 23 18:13:20 smithi038 ceph-mon[29217]: from='client.? 172.21.15.38:0/4058676357' entity='client.admin' cmd=[{"prefix": "mgr module enable", "module": "cephadm"}]: dispatch
2024-04-23T18:13:20.822 INFO:journalctl@ceph.mgr.x.smithi038.stdout:Apr 23 18:13:20 smithi038 ceph-e0b71514-019c-11ef-bc93-c7b262605968-mgr-x[29451]: ignoring --setuser ceph since I am not root
2024-04-23T18:13:20.822 INFO:journalctl@ceph.mgr.x.smithi038.stdout:Apr 23 18:13:20 smithi038 ceph-e0b71514-019c-11ef-bc93-c7b262605968-mgr-x[29451]: ignoring --setgroup ceph since I am not root
2024-04-23T18:13:20.822 INFO:journalctl@ceph.mgr.x.smithi038.stdout:Apr 23 18:13:20 smithi038 ceph-e0b71514-019c-11ef-bc93-c7b262605968-mgr-x[29451]:
2024-04-23T18:13:20.636+0000 7f57ffe32200 -1 mgr[py] Module balancer has missing NOTIFY_TYPES member
2024-04-23T18:13:20.822 INFO:journalctl@ceph.mgr.x.smithi038.stdout:Apr 23 18:13:20 smithi038 ceph-e0b71514-019c-11ef-bc93-c7b262605968-mgr-x[29451]:
2024-04-23T18:13:20.827+0000 7f57ffe32200 -1 mgr[py] Module orchestrator has missing NOTIFY_TYPES member
2024-04-23T18:13:21.102 INFO:journalctl@ceph.mgr.x.smithi038.stdout:Apr 23 18:13:20 smithi038 ceph-e0b71514-019c-11ef-bc93-c7b262605968-mgr-x[29451]:
2024-04-23T18:13:20.934+0000 7f57ffe32200 -1 mgr[py] Module snap_schedule has missing NOTIFY_TYPES member
2024-04-23T18:13:21.104 INFO:teuthology.orchestra.run.smithi038.stdout:/usr/bin/ceph: stderr
2024-04-23T18:13:19.944+0000 7fa331ac3700 1 Processor -- start
2024-04-23T18:13:21.110 INFO:teuthology.orchestra.run.smithi038.stdout:/usr/bin/ceph: stderr
2024-04-23T18:13:19.944+0000 7fa331ac3700 1 -- start start
2024-04-23T18:13:21.110 INFO:teuthology.orchestra.run.smithi038.stdout:/usr/bin/ceph: stderr
2024-04-23T18:13:19.944+0000 7fa331ac3700 1 --2- >> [v2:172.21.15.38:3300/0,v1:172.21.15.38:6789/0] conn(0x7fa32c108650 0x7fa32c108a70 unknown :-1 s=NONE pgs=0 cs=0 l=0 rev1=0 crypto rx=0 tx=0 comp rx=0 tx=0).connect
2024-04-23T18:13:21.110 INFO:teuthology.orchestra.run.smithi038.stdout:/usr/bin/ceph: stderr
2024-04-23T18:13:19.944+0000 7fa331ac3700 1 -- --> [v2:172.21.15.38:3300/0,v1:172.21.15.38:6789/0] -- mon_getmap magic: 0 -- 0x7fa32c109040 con 0x7fa32c108650
2024-04-23T18:13:21.110 INFO:teuthology.orchestra.run.smithi038.stdout:/usr/bin/ceph: stderr
2024-04-23T18:13:19.944+0000 7fa32b7fe700 1 --2- >> [v2:172.21.15.38:3300/0,v1:172.21.15.38:6789/0] conn(0x7fa32c108650 0x7fa32c108a70 unknown :-1 s=BANNER_CONNECTING pgs=0 cs=0 l=0 rev1=0 crypto rx=0 tx=0 comp rx=0 tx=0)._handle_peer_banner_payload supported=3 required=0
2024-04-23T18:13:21.110 INFO:teuthology.orchestra.run.smithi038.stdout:/usr/bin/ceph: stderr
2024-04-23T18:13:19.944+0000 7fa32b7fe700 1 --2- >> [v2:172.21.15.38:3300/0,v1:172.21.15.38:6789/0] conn(0x7fa32c108650 0x7fa32c108a70 unknown :-1 s=HELLO_CONNECTING pgs=0 cs=0 l=0 rev1=1 crypto rx=0 tx=0 comp rx=0 tx=0).handle_hello peer v2:172.21.15.38:3300/0 says I am v2:172.21.15.38:42816/0 (socket says 172.21.15.38:42816)
2024-04-23T18:13:21.110 INFO:teuthology.orchestra.run.smithi038.stdout:/usr/bin/ceph: stderr
2024-04-23T18:13:19.944+0000 7fa32b7fe700 1 -- 172.21.15.38:0/3791643534 learned_addr learned my addr 172.21.15.38:0/3791643534 (peer_addr_for_me v2:172.21.15.38:0/0)
2024-04-23T18:13:21.110 INFO:teuthology.orchestra.run.smithi038.stdout:/usr/bin/ceph: stderr
2024-04-23T18:13:19.944+0000 7fa32b7fe700 1 -- 172.21.15.38:0/3791643534 --> [v2:172.21.15.38:3300/0,v1:172.21.15.38:6789/0] -- mon_subscribe({config=0+,monmap=0+}) -- 0x7fa32c109800 con 0x7fa32c108650
2024-04-23T18:13:21.110 INFO:teuthology.orchestra.run.smithi038.stdout:/usr/bin/ceph: stderr
2024-04-23T18:13:19.944+0000 7fa32b7fe700 1 --2- 172.21.15.38:0/3791643534 >> [v2:172.21.15.38:3300/0,v1:172.21.15.38:6789/0] conn(0x7fa32c108650 0x7fa32c108a70 secure :-1 s=READY pgs=22 cs=0 l=1 rev1=1 crypto rx=0x7fa31c0098a0 tx=0x7fa31c009bb0 comp rx=0 tx=0).ready entity=mon.0 client_cookie=e9b23a1e4145e885 server_cookie=0 in_seq=0 out_seq=0
2024-04-23T18:13:21.110 INFO:teuthology.orchestra.run.smithi038.stdout:/usr/bin/ceph: stderr
2024-04-23T18:13:19.945+0000 7fa32a7fc700 1 -- 172.21.15.38:0/3791643534 <== mon.0 v2:172.21.15.38:3300/0 1 ==== mon_map magic: 0 ==== 205+0+0 (secure 0 0 0) 0x7fa31c004160 con 0x7fa32c108650
2024-04-23T18:13:21.111 INFO:teuthology.orchestra.run.smithi038.stdout:/usr/bin/ceph: stderr
2024-04-23T18:13:19.945+0000 7fa32a7fc700 1 -- 172.21.15.38:0/3791643534 <== mon.0 v2:172.21.15.38:3300/0 2 ==== config(27 keys) ==== 1104+0+0 (secure 0 0 0) 0x7fa31c004300 con 0x7fa32c108650
2024-04-23T18:13:21.111 INFO:teuthology.orchestra.run.smithi038.stdout:/usr/bin/ceph: stderr
2024-04-23T18:13:19.945+0000 7fa32a7fc700 1 -- 172.21.15.38:0/3791643534 <== mon.0 v2:172.21.15.38:3300/0 3 ==== mon_map magic: 0 ==== 205+0+0 (secure 0 0 0) 0x7fa31c011b20 con 0x7fa32c108650
2024-04-23T18:13:21.111 INFO:teuthology.orchestra.run.smithi038.stdout:/usr/bin/ceph: stderr
2024-04-23T18:13:19.945+0000 7fa331ac3700 1 -- 172.21.15.38:0/3791643534 >> [v2:172.21.15.38:3300/0,v1:172.21.15.38:6789/0] conn(0x7fa32c108650 msgr2=0x7fa32c108a70 secure :-1 s=STATE_CONNECTION_ESTABLISHED l=1).mark_down
2024-04-23T18:13:21.111 INFO:teuthology.orchestra.run.smithi038.stdout:/usr/bin/ceph: stderr
2024-04-23T18:13:19.945+0000 7fa331ac3700 1 --2- 172.21.15.38:0/3791643534 >> [v2:172.21.15.38:3300/0,v1:172.21.15.38:6789/0] conn(0x7fa32c108650 0x7fa32c108a70 secure :-1 s=READY pgs=22 cs=0 l=1 rev1=1 crypto rx=0x7fa31c0098a0 tx=0x7fa31c009bb0 comp rx=0 tx=0).stop
2024-04-23T18:13:21.111 INFO:teuthology.orchestra.run.smithi038.stdout:/usr/bin/ceph: stderr
2024-04-23T18:13:19.945+0000 7fa331ac3700 1 -- 172.21.15.38:0/3791643534 shutdown_connections
2024-04-23T18:13:21.111 INFO:teuthology.orchestra.run.smithi038.stdout:/usr/bin/ceph: stderr
2024-04-23T18:13:19.945+0000 7fa331ac3700 1 --2- 172.21.15.38:0/3791643534 >> [v2:172.21.15.38:3300/0,v1:172.21.15.38:6789/0] conn(0x7fa32c108650 0x7fa32c108a70 unknown :-1 s=CLOSED pgs=22 cs=0 l=1 rev1=1 crypto rx=0 tx=0 comp rx=0 tx=0).stop
2024-04-23T18:13:21.111 INFO:teuthology.orchestra.run.smithi038.stdout:/usr/bin/ceph: stderr
2024-04-23T18:13:19.945+0000 7fa331ac3700 1 -- 172.21.15.38:0/3791643534 >> 172.21.15.38:0/3791643534 conn(0x7fa32c103cb0 msgr2=0x7fa32c1060d0 unknown :-1 s=STATE_NONE l=0).mark_down
2024-04-23T18:13:21.111 INFO:teuthology.orchestra.run.smithi038.stdout:/usr/bin/ceph: stderr
2024-04-23T18:13:19.945+0000 7fa331ac3700 1 -- 172.21.15.38:0/3791643534 shutdown_connections
