2024-04-23T18:13:33.543+0000 7fbc88d0e700 1 --2- 172.21.15.55:0/3530922715 >> [v2:172.21.15.55:3300/0,v1:172.21.15.55:6789/0] conn(0x7fbc84109030 0x7fbc8410b420 unknown :-1 s=CLOSED pgs=41 cs=0 l=1 rev1=1 crypto rx=0 tx=0 comp rx=0 tx=0).stop
2024-04-23T18:13:34.466 INFO:teuthology.orchestra.run.smithi055.stdout:/usr/bin/ceph: stderr
2024-04-23T18:13:33.543+0000 7fbc88d0e700 1 -- 172.21.15.55:0/3530922715 >> 172.21.15.55:0/3530922715 conn(0x7fbc84102a40 msgr2=0x7fbc84104e80 unknown :-1 s=STATE_NONE l=0).mark_down
2024-04-23T18:13:34.466 INFO:teuthology.orchestra.run.smithi055.stdout:/usr/bin/ceph: stderr
2024-04-23T18:13:33.543+0000 7fbc88d0e700 1 -- 172.21.15.55:0/3530922715 shutdown_connections
2024-04-23T18:13:34.466 INFO:teuthology.orchestra.run.smithi055.stdout:/usr/bin/ceph: stderr
2024-04-23T18:13:33.543+0000 7fbc88d0e700 1 -- 172.21.15.55:0/3530922715 wait complete.
2024-04-23T18:13:34.466 INFO:teuthology.orchestra.run.smithi055.stdout:/usr/bin/ceph: stderr
2024-04-23T18:13:33.544+0000 7fbc88d0e700 1 Processor -- start
2024-04-23T18:13:34.466 INFO:teuthology.orchestra.run.smithi055.stdout:/usr/bin/ceph: stderr
2024-04-23T18:13:33.544+0000 7fbc88d0e700 1 -- start start
2024-04-23T18:13:34.466 INFO:teuthology.orchestra.run.smithi055.stdout:/usr/bin/ceph: stderr
2024-04-23T18:13:33.544+0000 7fbc88d0e700 1 --2- >> [v2:172.21.15.55:3300/0,v1:172.21.15.55:6789/0] conn(0x7fbc84109030 0x7fbc8419e600 unknown :-1 s=NONE pgs=0 cs=0 l=1 rev1=0 crypto rx=0 tx=0 comp rx=0 tx=0).connect
2024-04-23T18:13:34.466 INFO:teuthology.orchestra.run.smithi055.stdout:/usr/bin/ceph: stderr
2024-04-23T18:13:33.544+0000 7fbc88d0e700 1 -- --> [v2:172.21.15.55:3300/0,v1:172.21.15.55:6789/0] -- mon_getmap magic: 0 -- 0x7fbc8410c910 con 0x7fbc84109030
2024-04-23T18:13:34.466 INFO:teuthology.orchestra.run.smithi055.stdout:/usr/bin/ceph: stderr
2024-04-23T18:13:33.544+0000 7fbc8259c700 1 --2- >> [v2:172.21.15.55:3300/0,v1:172.21.15.55:6789/0] conn(0x7fbc84109030 0x7fbc8419e600 unknown :-1 s=BANNER_CONNECTING pgs=0 cs=0 l=1 rev1=0 crypto rx=0 tx=0 comp rx=0 tx=0)._handle_peer_banner_payload supported=3 required=0
2024-04-23T18:13:34.466 INFO:teuthology.orchestra.run.smithi055.stdout:/usr/bin/ceph: stderr
2024-04-23T18:13:33.544+0000 7fbc8259c700 1 --2- >> [v2:172.21.15.55:3300/0,v1:172.21.15.55:6789/0] conn(0x7fbc84109030 0x7fbc8419e600 unknown :-1 s=HELLO_CONNECTING pgs=0 cs=0 l=1 rev1=1 crypto rx=0 tx=0 comp rx=0 tx=0).handle_hello peer v2:172.21.15.55:3300/0 says I am v2:172.21.15.55:45682/0 (socket says 172.21.15.55:45682)
2024-04-23T18:13:34.466 INFO:teuthology.orchestra.run.smithi055.stdout:/usr/bin/ceph: stderr
2024-04-23T18:13:33.544+0000 7fbc8259c700 1 -- 172.21.15.55:0/862596818 learned_addr learned my addr 172.21.15.55:0/862596818 (peer_addr_for_me v2:172.21.15.55:0/0)
2024-04-23T18:13:34.467 INFO:teuthology.orchestra.run.smithi055.stdout:/usr/bin/ceph: stderr
2024-04-23T18:13:33.544+0000 7fbc8259c700 1 -- 172.21.15.55:0/862596818 --> [v2:172.21.15.55:3300/0,v1:172.21.15.55:6789/0] -- mon_subscribe({config=0+,monmap=0+}) -- 0x7fbc8419eb40 con 0x7fbc84109030
2024-04-23T18:13:34.467 INFO:teuthology.orchestra.run.smithi055.stdout:/usr/bin/ceph: stderr
2024-04-23T18:13:33.545+0000 7fbc8259c700 1 --2- 172.21.15.55:0/862596818 >> [v2:172.21.15.55:3300/0,v1:172.21.15.55:6789/0] conn(0x7fbc84109030 0x7fbc8419e600 secure :-1 s=READY pgs=42 cs=0 l=1 rev1=1 crypto rx=0x7fbc7c009e50 tx=0x7fbc7c00be90 comp rx=0 tx=0).ready entity=mon.0 client_cookie=0 server_cookie=0 in_seq=0 out_seq=0
2024-04-23T18:13:34.467 INFO:teuthology.orchestra.run.smithi055.stdout:/usr/bin/ceph: stderr
2024-04-23T18:13:33.545+0000 7fbc7b7fe700 1 -- 172.21.15.55:0/862596818 <== mon.0 v2:172.21.15.55:3300/0 1 ==== mon_map magic: 0 ==== 205+0+0 (secure 0 0 0) 0x7fbc7c017070 con 0x7fbc84109030
2024-04-23T18:13:34.467 INFO:teuthology.orchestra.run.smithi055.stdout:/usr/bin/ceph: stderr
2024-04-23T18:13:33.545+0000 7fbc7b7fe700 1 -- 172.21.15.55:0/862596818 <== mon.0 v2:172.21.15.55:3300/0 2 ==== config(27 keys) ==== 1104+0+0 (secure 0 0 0) 0x7fbc7c022070 con 0x7fbc84109030
2024-04-23T18:13:34.467 INFO:teuthology.orchestra.run.smithi055.stdout:/usr/bin/ceph: stderr
2024-04-23T18:13:33.545+0000 7fbc88d0e700 1 -- 172.21.15.55:0/862596818 --> [v2:172.21.15.55:3300/0,v1:172.21.15.55:6789/0] -- mon_subscribe({mgrmap=0+}) -- 0x7fbc8419edd0 con 0x7fbc84109030
2024-04-23T18:13:34.467 INFO:teuthology.orchestra.run.smithi055.stdout:/usr/bin/ceph: stderr
2024-04-23T18:13:33.545+0000 7fbc7b7fe700 1 -- 172.21.15.55:0/862596818 <== mon.0 v2:172.21.15.55:3300/0 3 ==== mon_map magic: 0 ==== 205+0+0 (secure 0 0 0) 0x7fbc7c01d720 con 0x7fbc84109030
2024-04-23T18:13:34.467 INFO:teuthology.orchestra.run.smithi055.stdout:/usr/bin/ceph: stderr
2024-04-23T18:13:33.545+0000 7fbc88d0e700 1 -- 172.21.15.55:0/862596818 --> [v2:172.21.15.55:3300/0,v1:172.21.15.55:6789/0] -- mon_subscribe({osdmap=0}) -- 0x7fbc841a1ac0 con 0x7fbc84109030
2024-04-23T18:13:34.467 INFO:teuthology.orchestra.run.smithi055.stdout:/usr/bin/ceph: stderr
2024-04-23T18:13:33.546+0000 7fbc7b7fe700 1 -- 172.21.15.55:0/862596818 <== mon.0 v2:172.21.15.55:3300/0 4 ==== mgrmap(e 8) ==== 46558+0+0 (secure 0 0 0) 0x7fbc7c01da20 con 0x7fbc84109030
2024-04-23T18:13:34.467 INFO:teuthology.orchestra.run.smithi055.stdout:/usr/bin/ceph: stderr
2024-04-23T18:13:33.546+0000 7fbc7b7fe700 1 --2- 172.21.15.55:0/862596818 >> [v2:172.21.15.55:6800/1940840354,v1:172.21.15.55:6801/1940840354] conn(0x7fbc70039620 0x7fbc7003bae0 unknown :-1 s=NONE pgs=0 cs=0 l=1 rev1=0 crypto rx=0 tx=0 comp rx=0 tx=0).connect
2024-04-23T18:13:34.467 INFO:teuthology.orchestra.run.smithi055.stdout:/usr/bin/ceph: stderr
2024-04-23T18:13:33.546+0000 7fbc88d0e700 1 -- 172.21.15.55:0/862596818 --> [v2:172.21.15.55:3300/0,v1:172.21.15.55:6789/0] -- mon_command({"prefix": "get_command_descriptions"} v 0) -- 0x7fbc840640a0 con 0x7fbc84109030
2024-04-23T18:13:34.467 INFO:teuthology.orchestra.run.smithi055.stdout:/usr/bin/ceph: stderr
2024-04-23T18:13:33.546+0000 7fbc7b7fe700 1 -- 172.21.15.55:0/862596818 <== mon.0 v2:172.21.15.55:3300/0 5 ==== osd_map(2..2 src has 1..2) ==== 940+0+0 (secure 0 0 0) 0x7fbc7c00f050 con 0x7fbc84109030
2024-04-23T18:13:34.467 INFO:teuthology.orchestra.run.smithi055.stdout:/usr/bin/ceph: stderr
2024-04-23T18:13:33.546+0000 7fbc81d9b700 1 --2- 172.21.15.55:0/862596818 >> [v2:172.21.15.55:6800/1940840354,v1:172.21.15.55:6801/1940840354] conn(0x7fbc70039620 0x7fbc7003bae0 unknown :-1 s=BANNER_CONNECTING pgs=0 cs=0 l=1 rev1=0 crypto rx=0 tx=0 comp rx=0 tx=0)._handle_peer_banner_payload supported=3 required=0
2024-04-23T18:13:34.467 INFO:teuthology.orchestra.run.smithi055.stdout:/usr/bin/ceph: stderr
2024-04-23T18:13:33.547+0000 7fbc81d9b700 1 --2- 172.21.15.55:0/862596818 >> [v2:172.21.15.55:6800/1940840354,v1:172.21.15.55:6801/1940840354] conn(0x7fbc70039620 0x7fbc7003bae0 secure :-1 s=READY pgs=9 cs=0 l=1 rev1=1 crypto rx=0x7fbc6c006fd0 tx=0x7fbc6c006e40 comp rx=0 tx=0).ready entity=mgr.14120 client_cookie=0 server_cookie=0 in_seq=0 out_seq=0
2024-04-23T18:13:34.468 INFO:teuthology.orchestra.run.smithi055.stdout:/usr/bin/ceph: stderr
2024-04-23T18:13:33.551+0000 7fbc7b7fe700 1 -- 172.21.15.55:0/862596818 <== mon.0 v2:172.21.15.55:3300/0 6 ==== mon_command_ack([{"prefix": "get_command_descriptions"}]=0 v0) ==== 72+0+188370 (secure 0 0 0) 0x7fbc7c022220 con 0x7fbc84109030
2024-04-23T18:13:34.468 INFO:teuthology.orchestra.run.smithi055.stdout:/usr/bin/ceph: stderr
2024-04-23T18:13:33.759+0000 7fbc88d0e700 1 -- 172.21.15.55:0/862596818 --> [v2:172.21.15.55:6800/1940840354,v1:172.21.15.55:6801/1940840354] -- mgr_command(tid 0: {"prefix": "cephadm generate-key", "target": ["mon-mgr", ""]}) -- 0x7fbc84103ae0 con 0x7fbc70039620
2024-04-23T18:13:34.468 INFO:teuthology.orchestra.run.smithi055.stdout:/usr/bin/ceph: stderr
2024-04-23T18:13:33.834+0000 7fbc7b7fe700 1 -- 172.21.15.55:0/862596818 <== mgr.14120 v2:172.21.15.55:6800/1940840354 1 ==== mgr_command_reply(tid 0: 0 ) ==== 8+0+0 (secure 0 0 0) 0x7fbc84103ae0 con 0x7fbc70039620
2024-04-23T18:13:34.468 INFO:teuthology.orchestra.run.smithi055.stdout:/usr/bin/ceph: stderr
2024-04-23T18:13:33.836+0000 7fbc88d0e700 1 -- 172.21.15.55:0/862596818 >> [v2:172.21.15.55:6800/1940840354,v1:172.21.15.55:6801/1940840354] conn(0x7fbc70039620 msgr2=0x7fbc7003bae0 secure :-1 s=STATE_CONNECTION_ESTABLISHED l=1).mark_down
2024-04-23T18:13:34.468 INFO:teuthology.orchestra.run.smithi055.stdout:/usr/bin/ceph: stderr
2024-04-23T18:13:33.836+0000 7fbc88d0e700 1 --2- 172.21.15.55:0/862596818 >> [v2:172.21.15.55:6800/1940840354,v1:172.21.15.55:6801/1940840354] conn(0x7fbc70039620 0x7fbc7003bae0 secure :-1 s=READY pgs=9 cs=0 l=1 rev1=1 crypto rx=0x7fbc6c006fd0 tx=0x7fbc6c006e40 comp rx=0 tx=0).stop
2024-04-23T18:13:34.468 INFO:teuthology.orchestra.run.smithi055.stdout:/usr/bin/ceph: stderr
2024-04-23T18:13:33.836+0000 7fbc88d0e700 1 -- 172.21.15.55:0/862596818 >> [v2:172.21.15.55:3300/0,v1:172.21.15.55:6789/0] conn(0x7fbc84109030 msgr2=0x7fbc8419e600 secure :-1 s=STATE_CONNECTION_ESTABLISHED l=1).mark_down
2024-04-23T18:13:34.468 INFO:teuthology.orchestra.run.smithi055.stdout:/usr/bin/ceph: stderr
2024-04-23T18:13:33.836+0000 7fbc88d0e700 1 --2- 172.21.15.55:0/862596818 >> [v2:172.21.15.55:3300/0,v1:172.21.15.55:6789/0] conn(0x7fbc84109030 0x7fbc8419e600 secure :-1 s=READY pgs=42 cs=0 l=1 rev1=1 crypto rx=0x7fbc7c009e50 tx=0x7fbc7c00be90 comp rx=0 tx=0).stop
2024-04-23T18:13:34.468 INFO:teuthology.orchestra.run.smithi055.stdout:/usr/bin/ceph: stderr
2024-04-23T18:13:33.836+0000 7fbc88d0e700 1 -- 172.21.15.55:0/862596818 shutdown_connections
2024-04-23T18:13:34.468 INFO:teuthology.orchestra.run.smithi055.stdout:/usr/bin/ceph: stderr
2024-04-23T18:13:33.836+0000 7fbc88d0e700 1 --2- 172.21.15.55:0/862596818 >> [v2:172.21.15.55:6800/1940840354,v1:172.21.15.55:6801/1940840354] conn(0x7fbc70039620 0x7fbc7003bae0 unknown :-1 s=CLOSED pgs=9 cs=0 l=1 rev1=1 crypto rx=0 tx=0 comp rx=0 tx=0).stop
2024-04-23T18:13:34.468 INFO:teuthology.orchestra.run.smithi055.stdout:/usr/bin/ceph: stderr
2024-04-23T18:13:33.836+0000 7fbc88d0e700 1 --2- 172.21.15.55:0/862596818 >> [v2:172.21.15.55:3300/0,v1:172.21.15.55:6789/0] conn(0x7fbc84109030 0x7fbc8419e600 unknown :-1 s=CLOSED pgs=42 cs=0 l=1 rev1=1 crypto rx=0 tx=0 comp rx=0 tx=0).stop
2024-04-23T18:13:34.468 INFO:teuthology.orchestra.run.smithi055.stdout:/usr/bin/ceph: stderr
2024-04-23T18:13:33.836+0000 7fbc88d0e700 1 -- 172.21.15.55:0/862596818 >> 172.21.15.55:0/862596818 conn(0x7fbc84102a40 msgr2=0x7fbc841033d0 unknown :-1 s=STATE_NONE l=0).mark_down
2024-04-23T18:13:34.468 INFO:teuthology.orchestra.run.smithi055.stdout:/usr/bin/ceph: stderr
2024-04-23T18:13:33.836+0000 7fbc88d0e700 1 -- 172.21.15.55:0/862596818 shutdown_connections
2024-04-23T18:13:34.468 INFO:teuthology.orchestra.run.smithi055.stdout:/usr/bin/ceph: stderr
2024-04-23T18:13:33.836+0000 7fbc88d0e700 1 -- 172.21.15.55:0/862596818 wait complete.
2024-04-23T18:13:35.730 INFO:teuthology.orchestra.run.smithi055.stdout:/usr/bin/ceph: stdout ssh-rsa AAAAB3NzaC1yc2EAAAADAQABAAABgQC7GrMoFGt6Yc7U1cT2QF9EvF0MO+JUv9wckjRcsPGHaYAkXuBA8P3N9gBBQJq4azGcxNVtBrwE4Sl2VbVRZGYqc9nODKihvxaNlt9XPLIRCNZ+GTm2DmmuJfixABzhUSZ/YULa/iKHJrEIAbIwNGea+bLeoWt4Ul9QWj5qPAcbO2Bw+WMO/cy5DmRjIbcy2LPA7AXwuIFJmwRc3qPpnAJ3/TnRSK7LRuml+jshCEEg90+IOfsLESkHMVAyVvoIyIZjKz9j59T7ATGY4ZwGRBkfGgDGPApnhPFE3tK7uLz4ubzg1G823pk1lD7Ce02cW6HkfRItRuGyC0iE2I7qkt6R+mQt8MfsRgNBrCg0PidD3HyvDcJiXcYjEgvzDjkk+f26BAJ/FziqhV1o5nOaGc7x1HibIHcZ3kQeJOBvKnhhVanwbZgFRkzycunyTD3Aj61/2plQYdd4aBbLKYWZz4ACMNWenAEPjHYUbSMkV84Pev7L9V+Itw0Mp/ZVofuj028= ceph-e5804afc-019c-11ef-bc93-c7b262605968
2024-04-23T18:13:35.730 INFO:teuthology.orchestra.run.smithi055.stdout:/usr/bin/ceph: stderr
2024-04-23T18:13:34.893+0000 7fbf3fa72700 1 Processor -- start
2024-04-23T18:13:35.730 INFO:teuthology.orchestra.run.smithi055.stdout:/usr/bin/ceph: stderr
2024-04-23T18:13:34.894+0000 7fbf3fa72700 1 -- start start
2024-04-23T18:13:35.730 INFO:teuthology.orchestra.run.smithi055.stdout:/usr/bin/ceph: stderr
2024-04-23T18:13:34.894+0000 7fbf3fa72700 1 --2- >> [v2:172.21.15.55:3300/0,v1:172.21.15.55:6789/0] conn(0x7fbf381085b0 0x7fbf381089d0 unknown :-1 s=NONE pgs=0 cs=0 l=0 rev1=0 crypto rx=0 tx=0 comp rx=0 tx=0).connect
2024-04-23T18:13:35.730 INFO:teuthology.orchestra.run.smithi055.stdout:/usr/bin/ceph: stderr
2024-04-23T18:13:34.894+0000 7fbf3fa72700 1 -- --> [v2:172.21.15.55:3300/0,v1:172.21.15.55:6789/0] -- mon_getmap magic: 0 -- 0x7fbf38108fa0 con 0x7fbf381085b0
2024-04-23T18:13:35.730 INFO:teuthology.orchestra.run.smithi055.stdout:/usr/bin/ceph: stderr
2024-04-23T18:13:34.894+0000 7fbf3d80e700 1 --2- >> [v2:172.21.15.55:3300/0,v1:172.21.15.55:6789/0] conn(0x7fbf381085b0 0x7fbf381089d0 unknown :-1 s=BANNER_CONNECTING pgs=0 cs=0 l=0 rev1=0 crypto rx=0 tx=0 comp rx=0 tx=0)._handle_peer_banner_payload supported=3 required=0
2024-04-23T18:13:35.730 INFO:teuthology.orchestra.run.smithi055.stdout:/usr/bin/ceph: stderr
2024-04-23T18:13:34.894+0000 7fbf3d80e700 1 --2- >> [v2:172.21.15.55:3300/0,v1:172.21.15.55:6789/0] conn(0x7fbf381085b0 0x7fbf381089d0 unknown :-1 s=HELLO_CONNECTING pgs=0 cs=0 l=0 rev1=1 crypto rx=0 tx=0 comp rx=0 tx=0).handle_hello peer v2:172.21.15.55:3300/0 says I am v2:172.21.15.55:45694/0 (socket says 172.21.15.55:45694)
2024-04-23T18:13:35.731 INFO:teuthology.orchestra.run.smithi055.stdout:/usr/bin/ceph: stderr
2024-04-23T18:13:34.894+0000 7fbf3d80e700 1 -- 172.21.15.55:0/2673792391 learned_addr learned my addr 172.21.15.55:0/2673792391 (peer_addr_for_me v2:172.21.15.55:0/0)
2024-04-23T18:13:35.731 INFO:teuthology.orchestra.run.smithi055.stdout:/usr/bin/ceph: stderr
2024-04-23T18:13:34.894+0000 7fbf3d80e700 1 -- 172.21.15.55:0/2673792391 --> [v2:172.21.15.55:3300/0,v1:172.21.15.55:6789/0] -- mon_subscribe({config=0+,monmap=0+}) -- 0x7fbf38109760 con 0x7fbf381085b0
2024-04-23T18:13:35.731 INFO:teuthology.orchestra.run.smithi055.stdout:/usr/bin/ceph: stderr
2024-04-23T18:13:34.894+0000 7fbf3d80e700 1 --2- 172.21.15.55:0/2673792391 >> [v2:172.21.15.55:3300/0,v1:172.21.15.55:6789/0] conn(0x7fbf381085b0 0x7fbf381089d0 secure :-1 s=READY pgs=43 cs=0 l=1 rev1=1 crypto rx=0x7fbf280098a0 tx=0x7fbf28009bb0 comp rx=0 tx=0).ready entity=mon.0 client_cookie=61006f0542f15230 server_cookie=0 in_seq=0 out_seq=0
2024-04-23T18:13:35.731 INFO:teuthology.orchestra.run.smithi055.stdout:/usr/bin/ceph: stderr
2024-04-23T18:13:34.895+0000 7fbf3c80c700 1 -- 172.21.15.55:0/2673792391 <== mon.0 v2:172.21.15.55:3300/0 1 ==== mon_map magic: 0 ==== 205+0+0 (secure 0 0 0) 0x7fbf28004160 con 0x7fbf381085b0
2024-04-23T18:13:35.731 INFO:teuthology.orchestra.run.smithi055.stdout:/usr/bin/ceph: stderr
2024-04-23T18:13:34.895+0000 7fbf3c80c700 1 -- 172.21.15.55:0/2673792391 <== mon.0 v2:172.21.15.55:3300/0 2 ==== config(27 keys) ==== 1104+0+0 (secure 0 0 0) 0x7fbf28004300 con 0x7fbf381085b0
2024-04-23T18:13:35.731 INFO:teuthology.orchestra.run.smithi055.stdout:/usr/bin/ceph: stderr
2024-04-23T18:13:34.895+0000 7fbf3c80c700 1 -- 172.21.15.55:0/2673792391 <== mon.0 v2:172.21.15.55:3300/0 3 ==== mon_map magic: 0 ==== 205+0+0 (secure 0 0 0) 0x7fbf28011b20 con 0x7fbf381085b0
2024-04-23T18:13:35.731 INFO:teuthology.orchestra.run.smithi055.stdout:/usr/bin/ceph: stderr
2024-04-23T18:13:34.895+0000 7fbf3fa72700 1 -- 172.21.15.55:0/2673792391 >> [v2:172.21.15.55:3300/0,v1:172.21.15.55:6789/0] conn(0x7fbf381085b0 msgr2=0x7fbf381089d0 secure :-1 s=STATE_CONNECTION_ESTABLISHED l=1).mark_down
2024-04-23T18:13:35.731 INFO:teuthology.orchestra.run.smithi055.stdout:/usr/bin/ceph: stderr
2024-04-23T18:13:34.895+0000 7fbf3fa72700 1 --2- 172.21.15.55:0/2673792391 >> [v2:172.21.15.55:3300/0,v1:172.21.15.55:6789/0] conn(0x7fbf381085b0 0x7fbf381089d0 secure :-1 s=READY pgs=43 cs=0 l=1 rev1=1 crypto rx=0x7fbf280098a0 tx=0x7fbf28009bb0 comp rx=0 tx=0).stop
2024-04-23T18:13:35.731 INFO:teuthology.orchestra.run.smithi055.stdout:/usr/bin/ceph: stderr
2024-04-23T18:13:34.895+0000 7fbf3fa72700 1 -- 172.21.15.55:0/2673792391 shutdown_connections
2024-04-23T18:13:35.731 INFO:teuthology.orchestra.run.smithi055.stdout:/usr/bin/ceph: stderr
2024-04-23T18:13:34.895+0000 7fbf3fa72700 1 --2- 172.21.15.55:0/2673792391 >> [v2:172.21.15.55:3300/0,v1:172.21.15.55:6789/0] conn(0x7fbf381085b0 0x7fbf381089d0 unknown :-1 s=CLOSED pgs=43 cs=0 l=1 rev1=1 crypto rx=0 tx=0 comp rx=0 tx=0).stop
2024-04-23T18:13:35.731 INFO:teuthology.orchestra.run.smithi055.stdout:/usr/bin/ceph: stderr
2024-04-23T18:13:34.895+0000 7fbf3fa72700 1 -- 172.21.15.55:0/2673792391 >> 172.21.15.55:0/2673792391 conn(0x7fbf38103bb0 msgr2=0x7fbf38105fd0 unknown :-1 s=STATE_NONE l=0).mark_down
2024-04-23T18:13:35.731 INFO:teuthology.orchestra.run.smithi055.stdout:/usr/bin/ceph: stderr
2024-04-23T18:13:34.895+0000 7fbf3fa72700 1 -- 172.21.15.55:0/2673792391 shutdown_connections
2024-04-23T18:13:35.731 INFO:teuthology.orchestra.run.smithi055.stdout:/usr/bin/ceph: stderr
2024-04-23T18:13:34.895+0000 7fbf3fa72700 1 -- 172.21.15.55:0/2673792391 wait complete.
2024-04-23T18:13:35.731 INFO:teuthology.orchestra.run.smithi055.stdout:/usr/bin/ceph: stderr
2024-04-23T18:13:34.896+0000 7fbf3fa72700 1 Processor -- start
2024-04-23T18:13:35.732 INFO:teuthology.orchestra.run.smithi055.stdout:/usr/bin/ceph: stderr
2024-04-23T18:13:34.896+0000 7fbf3fa72700 1 -- start start
2024-04-23T18:13:35.732 INFO:teuthology.orchestra.run.smithi055.stdout:/usr/bin/ceph: stderr
2024-04-23T18:13:34.896+0000 7fbf3fa72700 1 --2- >> [v2:172.21.15.55:3300/0,v1:172.21.15.55:6789/0] conn(0x7fbf381085b0 0x7fbf3819c460 unknown :-1 s=NONE pgs=0 cs=0 l=1 rev1=0 crypto rx=0 tx=0 comp rx=0 tx=0).connect
2024-04-23T18:13:35.732 INFO:teuthology.orchestra.run.smithi055.stdout:/usr/bin/ceph: stderr
2024-04-23T18:13:34.896+0000 7fbf3fa72700 1 -- --> [v2:172.21.15.55:3300/0,v1:172.21.15.55:6789/0] -- mon_getmap magic: 0 -- 0x7fbf3810cb10 con 0x7fbf381085b0
2024-04-23T18:13:35.732 INFO:teuthology.orchestra.run.smithi055.stdout:/usr/bin/ceph: stderr
2024-04-23T18:13:34.896+0000 7fbf3d80e700 1 --2- >> [v2:172.21.15.55:3300/0,v1:172.21.15.55:6789/0] conn(0x7fbf381085b0 0x7fbf3819c460 unknown :-1 s=BANNER_CONNECTING pgs=0 cs=0 l=1 rev1=0 crypto rx=0 tx=0 comp rx=0 tx=0)._handle_peer_banner_payload supported=3 required=0
2024-04-23T18:13:35.732 INFO:teuthology.orchestra.run.smithi055.stdout:/usr/bin/ceph: stderr
2024-04-23T18:13:34.897+0000 7fbf3d80e700 1 --2- >> [v2:172.21.15.55:3300/0,v1:172.21.15.55:6789/0] conn(0x7fbf381085b0 0x7fbf3819c460 unknown :-1 s=HELLO_CONNECTING pgs=0 cs=0 l=1 rev1=1 crypto rx=0 tx=0 comp rx=0 tx=0).handle_hello peer v2:172.21.15.55:3300/0 says I am v2:172.21.15.55:45708/0 (socket says 172.21.15.55:45708)
2024-04-23T18:13:35.732 INFO:teuthology.orchestra.run.smithi055.stdout:/usr/bin/ceph: stderr
2024-04-23T18:13:34.897+0000 7fbf3d80e700 1 -- 172.21.15.55:0/1707133556 learned_addr learned my addr 172.21.15.55:0/1707133556 (peer_addr_for_me v2:172.21.15.55:0/0)
2024-04-23T18:13:35.732 INFO:teuthology.orchestra.run.smithi055.stdout:/usr/bin/ceph: stderr
2024-04-23T18:13:34.897+0000 7fbf3d80e700 1 -- 172.21.15.55:0/1707133556 --> [v2:172.21.15.55:3300/0,v1:172.21.15.55:6789/0] -- mon_subscribe({config=0+,monmap=0+}) -- 0x7fbf3819c9a0 con 0x7fbf381085b0
2024-04-23T18:13:35.732 INFO:teuthology.orchestra.run.smithi055.stdout:/usr/bin/ceph: stderr
2024-04-23T18:13:34.897+0000 7fbf3d80e700 1 --2- 172.21.15.55:0/1707133556 >> [v2:172.21.15.55:3300/0,v1:172.21.15.55:6789/0] conn(0x7fbf381085b0 0x7fbf3819c460 secure :-1 s=READY pgs=44 cs=0 l=1 rev1=1 crypto rx=0x7fbf28006af0 tx=0x7fbf28011ce0 comp rx=0 tx=0).ready entity=mon.0 client_cookie=0 server_cookie=0 in_seq=0 out_seq=0
2024-04-23T18:13:35.732 INFO:teuthology.orchestra.run.smithi055.stdout:/usr/bin/ceph: stderr
2024-04-23T18:13:34.897+0000 7fbf2effd700 1 -- 172.21.15.55:0/1707133556 <== mon.0 v2:172.21.15.55:3300/0 1 ==== mon_map magic: 0 ==== 205+0+0 (secure 0 0 0) 0x7fbf28003b90 con 0x7fbf381085b0
2024-04-23T18:13:35.732 INFO:teuthology.orchestra.run.smithi055.stdout:/usr/bin/ceph: stderr
2024-04-23T18:13:34.897+0000 7fbf2effd700 1 -- 172.21.15.55:0/1707133556 <== mon.0 v2:172.21.15.55:3300/0 2 ==== config(27 keys) ==== 1104+0+0 (secure 0 0 0) 0x7fbf28003d30 con 0x7fbf381085b0
2024-04-23T18:13:35.732 INFO:teuthology.orchestra.run.smithi055.stdout:/usr/bin/ceph: stderr
2024-04-23T18:13:34.897+0000 7fbf3fa72700 1 -- 172.21.15.55:0/1707133556 --> [v2:172.21.15.55:3300/0,v1:172.21.15.55:6789/0] -- mon_subscribe({mgrmap=0+}) -- 0x7fbf3819cc30 con 0x7fbf381085b0
2024-04-23T18:13:35.732 INFO:teuthology.orchestra.run.smithi055.stdout:/usr/bin/ceph: stderr
2024-04-23T18:13:34.897+0000 7fbf2effd700 1 -- 172.21.15.55:0/1707133556 <== mon.0 v2:172.21.15.55:3300/0 3 ==== mon_map magic: 0 ==== 205+0+0 (secure 0 0 0) 0x7fbf280197c0 con 0x7fbf381085b0
2024-04-23T18:13:35.732 INFO:teuthology.orchestra.run.smithi055.stdout:/usr/bin/ceph: stderr
2024-04-23T18:13:34.897+0000 7fbf3fa72700 1 -- 172.21.15.55:0/1707133556 --> [v2:172.21.15.55:3300/0,v1:172.21.15.55:6789/0] -- mon_subscribe({osdmap=0}) -- 0x7fbf3819d090 con 0x7fbf381085b0
2024-04-23T18:13:35.732 INFO:teuthology.orchestra.run.smithi055.stdout:/usr/bin/ceph: stderr
2024-04-23T18:13:34.898+0000 7fbf2effd700 1 -- 172.21.15.55:0/1707133556 <== mon.0 v2:172.21.15.55:3300/0 4 ==== mgrmap(e 8) ==== 46558+0+0 (secure 0 0 0) 0x7fbf28022020 con 0x7fbf381085b0
2024-04-23T18:13:35.733 INFO:teuthology.orchestra.run.smithi055.stdout:/usr/bin/ceph: stderr
2024-04-23T18:13:34.898+0000 7fbf2effd700 1 --2- 172.21.15.55:0/1707133556 >> [v2:172.21.15.55:6800/1940840354,v1:172.21.15.55:6801/1940840354] conn(0x7fbf240396c0 0x7fbf2403bb80 unknown :-1 s=NONE pgs=0 cs=0 l=1 rev1=0 crypto rx=0 tx=0 comp rx=0 tx=0).connect
2024-04-23T18:13:35.733 INFO:teuthology.orchestra.run.smithi055.stdout:/usr/bin/ceph: stderr
2024-04-23T18:13:34.898+0000 7fbf3fa72700 1 -- 172.21.15.55:0/1707133556 --> [v2:172.21.15.55:3300/0,v1:172.21.15.55:6789/0] -- mon_command({"prefix": "get_command_descriptions"} v 0) -- 0x7fbf380640a0 con 0x7fbf381085b0
2024-04-23T18:13:35.733 INFO:teuthology.orchestra.run.smithi055.stdout:/usr/bin/ceph: stderr
2024-04-23T18:13:34.898+0000 7fbf2effd700 1 -- 172.21.15.55:0/1707133556 <== mon.0 v2:172.21.15.55:3300/0 5 ==== osd_map(2..2 src has 1..2) ==== 940+0+0 (secure 0 0 0) 0x7fbf2804d930 con 0x7fbf381085b0
2024-04-23T18:13:35.733 INFO:teuthology.orchestra.run.smithi055.stdout:/usr/bin/ceph: stderr
2024-04-23T18:13:34.899+0000 7fbf3d00d700 1 --2- 172.21.15.55:0/1707133556 >> [v2:172.21.15.55:6800/1940840354,v1:172.21.15.55:6801/1940840354] conn(0x7fbf240396c0 0x7fbf2403bb80 unknown :-1 s=BANNER_CONNECTING pgs=0 cs=0 l=1 rev1=0 crypto rx=0 tx=0 comp rx=0 tx=0)._handle_peer_banner_payload supported=3 required=0
2024-04-23T18:13:35.733 INFO:teuthology.orchestra.run.smithi055.stdout:/usr/bin/ceph: stderr
2024-04-23T18:13:34.899+0000 7fbf3d00d700 1 --2- 172.21.15.55:0/1707133556 >> [v2:172.21.15.55:6800/1940840354,v1:172.21.15.55:6801/1940840354] conn(0x7fbf240396c0 0x7fbf2403bb80 secure :-1 s=READY pgs=10 cs=0 l=1 rev1=1 crypto rx=0x7fbf34006fd0 tx=0x7fbf34006e40 comp rx=0 tx=0).ready entity=mgr.14120 client_cookie=0 server_cookie=0 in_seq=0 out_seq=0
2024-04-23T18:13:35.733 INFO:teuthology.orchestra.run.smithi055.stdout:/usr/bin/ceph: stderr
2024-04-23T18:13:34.904+0000 7fbf2effd700 1 -- 172.21.15.55:0/1707133556 <== mon.0 v2:172.21.15.55:3300/0 6 ==== mon_command_ack([{"prefix": "get_command_descriptions"}]=0 v0) ==== 72+0+188370 (secure 0 0 0) 0x7fbf2802bbe0 con 0x7fbf381085b0
2024-04-23T18:13:35.733 INFO:teuthology.orchestra.run.smithi055.stdout:/usr/bin/ceph: stderr
2024-04-23T18:13:35.113+0000 7fbf3fa72700 1 -- 172.21.15.55:0/1707133556 --> [v2:172.21.15.55:6800/1940840354,v1:172.21.15.55:6801/1940840354] -- mgr_command(tid 0: {"prefix": "cephadm get-pub-key", "target": ["mon-mgr", ""]}) -- 0x7fbf38104d10 con 0x7fbf240396c0
2024-04-23T18:13:35.733 INFO:teuthology.orchestra.run.smithi055.stdout:/usr/bin/ceph: stderr
2024-04-23T18:13:35.113+0000 7fbf2effd700 1 -- 172.21.15.55:0/1707133556 <== mgr.14120 v2:172.21.15.55:6800/1940840354 1 ==== mgr_command_reply(tid 0: 0 ) ==== 8+0+595 (secure 0 0 0) 0x7fbf38104d10 con 0x7fbf240396c0
2024-04-23T18:13:35.733 INFO:teuthology.orchestra.run.smithi055.stdout:/usr/bin/ceph: stderr
2024-04-23T18:13:35.115+0000 7fbf3fa72700 1 -- 172.21.15.55:0/1707133556 >> [v2:172.21.15.55:6800/1940840354,v1:172.21.15.55:6801/1940840354] conn(0x7fbf240396c0 msgr2=0x7fbf2403bb80 secure :-1 s=STATE_CONNECTION_ESTABLISHED l=1).mark_down
2024-04-23T18:13:35.733 INFO:teuthology.orchestra.run.smithi055.stdout:/usr/bin/ceph: stderr
2024-04-23T18:13:35.115+0000 7fbf3fa72700 1 --2- 172.21.15.55:0/1707133556 >> [v2:172.21.15.55:6800/1940840354,v1:172.21.15.55:6801/1940840354] conn(0x7fbf240396c0 0x7fbf2403bb80 secure :-1 s=READY pgs=10 cs=0 l=1 rev1=1 crypto rx=0x7fbf34006fd0 tx=0x7fbf34006e40 comp rx=0 tx=0).stop
2024-04-23T18:13:35.733 INFO:teuthology.orchestra.run.smithi055.stdout:/usr/bin/ceph: stderr
2024-04-23T18:13:35.115+0000 7fbf3fa72700 1 -- 172.21.15.55:0/1707133556 >> [v2:172.21.15.55:3300/0,v1:172.21.15.55:6789/0] conn(0x7fbf381085b0 msgr2=0x7fbf3819c460 secure :-1 s=STATE_CONNECTION_ESTABLISHED l=1).mark_down
2024-04-23T18:13:35.733 INFO:teuthology.orchestra.run.smithi055.stdout:/usr/bin/ceph: stderr
2024-04-23T18:13:35.115+0000 7fbf3fa72700 1 --2- 172.21.15.55:0/1707133556 >> [v2:172.21.15.55:3300/0,v1:172.21.15.55:6789/0] conn(0x7fbf381085b0 0x7fbf3819c460 secure :-1 s=READY pgs=44 cs=0 l=1 rev1=1 crypto rx=0x7fbf28006af0 tx=0x7fbf28011ce0 comp rx=0 tx=0).stop
2024-04-23T18:13:35.733 INFO:teuthology.orchestra.run.smithi055.stdout:/usr/bin/ceph: stderr
2024-04-23T18:13:35.115+0000 7fbf3fa72700 1 -- 172.21.15.55:0/1707133556 shutdown_connections
2024-04-23T18:13:35.733 INFO:teuthology.orchestra.run.smithi055.stdout:/usr/bin/ceph: stderr
2024-04-23T18:13:35.115+0000 7fbf3fa72700 1 --2- 172.21.15.55:0/1707133556 >> [v2:172.21.15.55:6800/1940840354,v1:172.21.15.55:6801/1940840354] conn(0x7fbf240396c0 0x7fbf2403bb80 unknown :-1 s=CLOSED pgs=10 cs=0 l=1 rev1=1 crypto rx=0 tx=0 comp rx=0 tx=0).stop
2024-04-23T18:13:35.734 INFO:teuthology.orchestra.run.smithi055.stdout:/usr/bin/ceph: stderr
2024-04-23T18:13:35.115+0000 7fbf3fa72700 1 --2- 172.21.15.55:0/1707133556 >> [v2:172.21.15.55:3300/0,v1:172.21.15.55:6789/0] conn(0x7fbf381085b0 0x7fbf3819c460 unknown :-1 s=CLOSED pgs=44 cs=0 l=1 rev1=1 crypto rx=0 tx=0 comp rx=0 tx=0).stop
2024-04-23T18:13:35.734 INFO:teuthology.orchestra.run.smithi055.stdout:/usr/bin/ceph: stderr
2024-04-23T18:13:35.115+0000 7fbf3fa72700 1 -- 172.21.15.55:0/1707133556 >> 172.21.15.55:0/1707133556 conn(0x7fbf38103bb0 msgr2=0x7fbf38104600 unknown :-1 s=STATE_NONE l=0).mark_down
2024-04-23T18:13:35.734 INFO:teuthology.orchestra.run.smithi055.stdout:/usr/bin/ceph: stderr
2024-04-23T18:13:35.116+0000 7fbf3fa72700 1 -- 172.21.15.55:0/1707133556 shutdown_connections
2024-04-23T18:13:35.734 INFO:teuthology.orchestra.run.smithi055.stdout:/usr/bin/ceph: stderr
2024-04-23T18:13:35.116+0000 7fbf3fa72700 1 -- 172.21.15.55:0/1707133556 wait complete.
2024-04-23T18:13:35.734 INFO:teuthology.orchestra.run.smithi055.stdout:Wrote public SSH key to /home/ubuntu/cephtest/ceph.pub
2024-04-23T18:13:35.734 INFO:teuthology.orchestra.run.smithi055.stdout:Adding key to root@localhost authorized_keys...
2024-04-23T18:13:35.734 INFO:teuthology.orchestra.run.smithi055.stdout:Adding host smithi055...
2024-04-23T18:13:35.980 INFO:journalctl@ceph.mon.a.smithi055.stdout:Apr 23 18:13:35 smithi055 ceph-mon[29189]: from='client.14138 -' entity='client.admin' cmd=[{"prefix": "cephadm get-pub-key", "target": ["mon-mgr", ""]}]: dispatch
2024-04-23T18:13:36.987 INFO:journalctl@ceph.mon.a.smithi055.stdout:Apr 23 18:13:36 smithi055 ceph-mon[29189]: from='client.14140 -' entity='client.admin' cmd=[{"prefix": "orch host add", "hostname": "smithi055", "addr": "172.21.15.55", "target": ["mon-mgr", ""]}]: dispatch
2024-04-23T18:13:38.237 INFO:journalctl@ceph.mon.a.smithi055.stdout:Apr 23 18:13:37 smithi055 ceph-mon[29189]: Deploying cephadm binary to smithi055
2024-04-23T18:13:41.269 INFO:teuthology.orchestra.run.smithi055.stdout:/usr/bin/ceph: stdout Added host 'smithi055' with addr '172.21.15.55'
2024-04-23T18:13:41.269 INFO:teuthology.orchestra.run.smithi055.stdout:/usr/bin/ceph: stderr
2024-04-23T18:13:36.198+0000 7f7bac90b700 1 Processor -- start
2024-04-23T18:13:41.269 INFO:teuthology.orchestra.run.smithi055.stdout:/usr/bin/ceph: stderr
2024-04-23T18:13:36.198+0000 7f7bac90b700 1 -- start start
2024-04-23T18:13:41.269 INFO:teuthology.orchestra.run.smithi055.stdout:/usr/bin/ceph: stderr
2024-04-23T18:13:36.198+0000 7f7bac90b700 1 --2- >> [v2:172.21.15.55:3300/0,v1:172.21.15.55:6789/0] conn(0x7f7ba81074a0 0x7f7ba81078c0 unknown :-1 s=NONE pgs=0 cs=0 l=0 rev1=0 crypto rx=0 tx=0 comp rx=0 tx=0).connect
2024-04-23T18:13:41.269 INFO:teuthology.orchestra.run.smithi055.stdout:/usr/bin/ceph: stderr
2024-04-23T18:13:36.198+0000 7f7bac90b700 1 -- --> [v2:172.21.15.55:3300/0,v1:172.21.15.55:6789/0] -- mon_getmap magic: 0 -- 0x7f7ba8107e90 con 0x7f7ba81074a0
2024-04-23T18:13:41.269 INFO:teuthology.orchestra.run.smithi055.stdout:/usr/bin/ceph: stderr
2024-04-23T18:13:36.198+0000 7f7ba659c700 1 --2- >> [v2:172.21.15.55:3300/0,v1:172.21.15.55:6789/0] conn(0x7f7ba81074a0 0x7f7ba81078c0 unknown :-1 s=BANNER_CONNECTING pgs=0 cs=0 l=0 rev1=0 crypto rx=0 tx=0 comp rx=0 tx=0)._handle_peer_banner_payload supported=3 required=0
2024-04-23T18:13:41.269 INFO:teuthology.orchestra.run.smithi055.stdout:/usr/bin/ceph: stderr
2024-04-23T18:13:36.199+0000 7f7ba659c700 1 --2- >> [v2:172.21.15.55:3300/0,v1:172.21.15.55:6789/0] conn(0x7f7ba81074a0 0x7f7ba81078c0 unknown :-1 s=HELLO_CONNECTING pgs=0 cs=0 l=0 rev1=1 crypto rx=0 tx=0 comp rx=0 tx=0).handle_hello peer v2:172.21.15.55:3300/0 says I am v2:172.21.15.55:45722/0 (socket says 172.21.15.55:45722)
2024-04-23T18:13:41.270 INFO:teuthology.orchestra.run.smithi055.stdout:/usr/bin/ceph: stderr
2024-04-23T18:13:36.199+0000 7f7ba659c700 1 -- 172.21.15.55:0/1716840773 learned_addr learned my addr 172.21.15.55:0/1716840773 (peer_addr_for_me v2:172.21.15.55:0/0)
2024-04-23T18:13:41.270 INFO:teuthology.orchestra.run.smithi055.stdout:/usr/bin/ceph: stderr
2024-04-23T18:13:36.199+0000 7f7ba659c700 1 -- 172.21.15.55:0/1716840773 --> [v2:172.21.15.55:3300/0,v1:172.21.15.55:6789/0] -- mon_subscribe({config=0+,monmap=0+}) -- 0x7f7ba81086a0 con 0x7f7ba81074a0
2024-04-23T18:13:41.270 INFO:teuthology.orchestra.run.smithi055.stdout:/usr/bin/ceph: stderr
2024-04-23T18:13:36.199+0000 7f7ba659c700 1 --2- 172.21.15.55:0/1716840773 >> [v2:172.21.15.55:3300/0,v1:172.21.15.55:6789/0] conn(0x7f7ba81074a0 0x7f7ba81078c0 secure :-1 s=READY pgs=45 cs=0 l=1 rev1=1 crypto rx=0x7f7b980098a0 tx=0x7f7b98009bb0 comp rx=0 tx=0).ready entity=mon.0 client_cookie=f6089f5e880f3b52 server_cookie=0 in_seq=0 out_seq=0
2024-04-23T18:13:41.270 INFO:teuthology.orchestra.run.smithi055.stdout:/usr/bin/ceph: stderr
2024-04-23T18:13:36.199+0000 7f7ba559a700 1 -- 172.21.15.55:0/1716840773 <== mon.0 v2:172.21.15.55:3300/0 1 ==== mon_map magic: 0 ==== 205+0+0 (secure 0 0 0) 0x7f7b98004160 con 0x7f7ba81074a0
2024-04-23T18:13:41.270 INFO:teuthology.orchestra.run.smithi055.stdout:/usr/bin/ceph: stderr
2024-04-23T18:13:36.199+0000 7f7ba559a700 1 -- 172.21.15.55:0/1716840773 <== mon.0 v2:172.21.15.55:3300/0 2 ==== config(27 keys) ==== 1104+0+0 (secure 0 0 0) 0x7f7b98004300 con 0x7f7ba81074a0
2024-04-23T18:13:41.270 INFO:teuthology.orchestra.run.smithi055.stdout:/usr/bin/ceph: stderr
2024-04-23T18:13:36.199+0000 7f7ba559a700 1 -- 172.21.15.55:0/1716840773 <== mon.0 v2:172.21.15.55:3300/0 3 ==== mon_map magic: 0 ==== 205+0+0 (secure 0 0 0) 0x7f7b98011b20 con 0x7f7ba81074a0
2024-04-23T18:13:41.270 INFO:teuthology.orchestra.run.smithi055.stdout:/usr/bin/ceph: stderr
2024-04-23T18:13:36.200+0000 7f7bac90b700 1 -- 172.21.15.55:0/1716840773 >> [v2:172.21.15.55:3300/0,v1:172.21.15.55:6789/0] conn(0x7f7ba81074a0 msgr2=0x7f7ba81078c0 secure :-1 s=STATE_CONNECTION_ESTABLISHED l=1).mark_down
2024-04-23T18:13:41.270 INFO:teuthology.orchestra.run.smithi055.stdout:/usr/bin/ceph: stderr
2024-04-23T18:13:36.200+0000 7f7bac90b700 1 --2- 172.21.15.55:0/1716840773 >> [v2:172.21.15.55:3300/0,v1:172.21.15.55:6789/0] conn(0x7f7ba81074a0 0x7f7ba81078c0 secure :-1 s=READY pgs=45 cs=0 l=1 rev1=1 crypto rx=0x7f7b980098a0 tx=0x7f7b98009bb0 comp rx=0 tx=0).stop
2024-04-23T18:13:41.270 INFO:teuthology.orchestra.run.smithi055.stdout:/usr/bin/ceph: stderr
2024-04-23T18:13:36.200+0000 7f7bac90b700 1 -- 172.21.15.55:0/1716840773 shutdown_connections
2024-04-23T18:13:41.270 INFO:teuthology.orchestra.run.smithi055.stdout:/usr/bin/ceph: stderr
2024-04-23T18:13:36.200+0000 7f7bac90b700 1 --2- 172.21.15.55:0/1716840773 >> [v2:172.21.15.55:3300/0,v1:172.21.15.55:6789/0] conn(0x7f7ba81074a0 0x7f7ba81078c0 unknown :-1 s=CLOSED pgs=45 cs=0 l=1 rev1=1 crypto rx=0 tx=0 comp rx=0 tx=0).stop
2024-04-23T18:13:41.270 INFO:teuthology.orchestra.run.smithi055.stdout:/usr/bin/ceph: stderr
2024-04-23T18:13:36.200+0000 7f7bac90b700 1 -- 172.21.15.55:0/1716840773 >> 172.21.15.55:0/1716840773 conn(0x7f7ba8102a40 msgr2=0x7f7ba8104e80 unknown :-1 s=STATE_NONE l=0).mark_down
2024-04-23T18:13:41.270 INFO:teuthology.orchestra.run.smithi055.stdout:/usr/bin/ceph: stderr
2024-04-23T18:13:36.200+0000 7f7bac90b700 1 -- 172.21.15.55:0/1716840773 shutdown_connections
2024-04-23T18:13:41.271 INFO:teuthology.orchestra.run.smithi055.stdout:/usr/bin/ceph: stderr
2024-04-23T18:13:36.200+0000 7f7bac90b700 1 -- 172.21.15.55:0/1716840773 wait complete.
2024-04-23T18:13:41.271 INFO:teuthology.orchestra.run.smithi055.stdout:/usr/bin/ceph: stderr
2024-04-23T18:13:36.201+0000 7f7bac90b700 1 Processor -- start
2024-04-23T18:13:41.271 INFO:teuthology.orchestra.run.smithi055.stdout:/usr/bin/ceph: stderr
2024-04-23T18:13:36.201+0000 7f7bac90b700 1 -- start start
2024-04-23T18:13:41.271 INFO:teuthology.orchestra.run.smithi055.stdout:/usr/bin/ceph: stderr
2024-04-23T18:13:36.201+0000 7f7bac90b700 1 --2- >> [v2:172.21.15.55:3300/0,v1:172.21.15.55:6789/0] conn(0x7f7ba81074a0 0x7f7ba8192650 unknown :-1 s=NONE pgs=0 cs=0 l=1 rev1=0 crypto rx=0 tx=0 comp rx=0 tx=0).connect
2024-04-23T18:13:41.271 INFO:teuthology.orchestra.run.smithi055.stdout:/usr/bin/ceph: stderr
2024-04-23T18:13:36.201+0000 7f7bac90b700 1 -- --> [v2:172.21.15.55:3300/0,v1:172.21.15.55:6789/0] -- mon_getmap magic: 0 -- 0x7f7ba810ba50 con 0x7f7ba81074a0
2024-04-23T18:13:41.271 INFO:teuthology.orchestra.run.smithi055.stdout:/usr/bin/ceph: stderr
2024-04-23T18:13:36.201+0000 7f7ba659c700 1 --2- >> [v2:172.21.15.55:3300/0,v1:172.21.15.55:6789/0] conn(0x7f7ba81074a0 0x7f7ba8192650 unknown :-1 s=BANNER_CONNECTING pgs=0 cs=0 l=1 rev1=0 crypto rx=0 tx=0 comp rx=0 tx=0)._handle_peer_banner_payload supported=3 required=0
2024-04-23T18:13:41.271 INFO:teuthology.orchestra.run.smithi055.stdout:/usr/bin/ceph: stderr
2024-04-23T18:13:36.201+0000 7f7ba659c700 1 --2- >> [v2:172.21.15.55:3300/0,v1:172.21.15.55:6789/0] conn(0x7f7ba81074a0 0x7f7ba8192650 unknown :-1 s=HELLO_CONNECTING pgs=0 cs=0 l=1 rev1=1 crypto rx=0 tx=0 comp rx=0 tx=0).handle_hello peer v2:172.21.15.55:3300/0 says I am v2:172.21.15.55:45730/0 (socket says 172.21.15.55:45730)
2024-04-23T18:13:41.271 INFO:teuthology.orchestra.run.smithi055.stdout:/usr/bin/ceph: stderr
2024-04-23T18:13:36.201+0000 7f7ba659c700 1 -- 172.21.15.55:0/4142548053 learned_addr learned my addr 172.21.15.55:0/4142548053 (peer_addr_for_me v2:172.21.15.55:0/0)
2024-04-23T18:13:41.271 INFO:teuthology.orchestra.run.smithi055.stdout:/usr/bin/ceph: stderr
2024-04-23T18:13:36.201+0000 7f7ba659c700 1 -- 172.21.15.55:0/4142548053 --> [v2:172.21.15.55:3300/0,v1:172.21.15.55:6789/0] -- mon_subscribe({config=0+,monmap=0+}) -- 0x7f7ba8192b90 con 0x7f7ba81074a0
2024-04-23T18:13:41.271 INFO:teuthology.orchestra.run.smithi055.stdout:/usr/bin/ceph: stderr
2024-04-23T18:13:36.201+0000 7f7ba659c700 1 --2- 172.21.15.55:0/4142548053 >> [v2:172.21.15.55:3300/0,v1:172.21.15.55:6789/0] conn(0x7f7ba81074a0 0x7f7ba8192650 secure :-1 s=READY pgs=46 cs=0 l=1 rev1=1 crypto rx=0x7f7b980117e0 tx=0x7f7b98011ce0 comp rx=0 tx=0).ready entity=mon.0 client_cookie=0 server_cookie=0 in_seq=0 out_seq=0
2024-04-23T18:13:41.271 INFO:teuthology.orchestra.run.smithi055.stdout:/usr/bin/ceph: stderr
2024-04-23T18:13:36.202+0000 7f7b977fe700 1 -- 172.21.15.55:0/4142548053 <== mon.0 v2:172.21.15.55:3300/0 1 ==== mon_map magic: 0 ==== 205+0+0 (secure 0 0 0) 0x7f7b98003b20 con 0x7f7ba81074a0
2024-04-23T18:13:41.271 INFO:teuthology.orchestra.run.smithi055.stdout:/usr/bin/ceph: stderr
2024-04-23T18:13:36.202+0000 7f7b977fe700 1 -- 172.21.15.55:0/4142548053 <== mon.0 v2:172.21.15.55:3300/0 2 ==== config(27 keys) ==== 1104+0+0 (secure 0 0 0) 0x7f7b98003cc0 con 0x7f7ba81074a0
2024-04-23T18:13:41.271 INFO:teuthology.orchestra.run.smithi055.stdout:/usr/bin/ceph: stderr
2024-04-23T18:13:36.202+0000 7f7bac90b700 1 -- 172.21.15.55:0/4142548053 --> [v2:172.21.15.55:3300/0,v1:172.21.15.55:6789/0] -- mon_subscribe({mgrmap=0+}) -- 0x7f7ba8190d80 con 0x7f7ba81074a0
2024-04-23T18:13:41.272 INFO:teuthology.orchestra.run.smithi055.stdout:/usr/bin/ceph: stderr
2024-04-23T18:13:36.202+0000 7f7b977fe700 1 -- 172.21.15.55:0/4142548053 <== mon.0 v2:172.21.15.55:3300/0 3 ==== mon_map magic: 0 ==== 205+0+0 (secure 0 0 0) 0x7f7b98019870 con 0x7f7ba81074a0
2024-04-23T18:13:41.272 INFO:teuthology.orchestra.run.smithi055.stdout:/usr/bin/ceph: stderr
2024-04-23T18:13:36.202+0000 7f7bac90b700 1 -- 172.21.15.55:0/4142548053 --> [v2:172.21.15.55:3300/0,v1:172.21.15.55:6789/0] -- mon_subscribe({osdmap=0}) -- 0x7f7ba8191240 con 0x7f7ba81074a0
2024-04-23T18:13:41.272 INFO:teuthology.orchestra.run.smithi055.stdout:/usr/bin/ceph: stderr
2024-04-23T18:13:36.203+0000 7f7b977fe700 1 -- 172.21.15.55:0/4142548053 <== mon.0 v2:172.21.15.55:3300/0 4 ==== mgrmap(e 8) ==== 46558+0+0 (secure 0 0 0) 0x7f7b9801a430 con 0x7f7ba81074a0
2024-04-23T18:13:41.272 INFO:teuthology.orchestra.run.smithi055.stdout:/usr/bin/ceph: stderr
2024-04-23T18:13:36.203+0000 7f7bac90b700 1 -- 172.21.15.55:0/4142548053 --> [v2:172.21.15.55:3300/0,v1:172.21.15.55:6789/0] -- mon_command({"prefix": "get_command_descriptions"} v 0) -- 0x7f7ba80640a0 con 0x7f7ba81074a0
2024-04-23T18:13:41.272 INFO:teuthology.orchestra.run.smithi055.stdout:/usr/bin/ceph: stderr
2024-04-23T18:13:36.203+0000 7f7b977fe700 1 --2- 172.21.15.55:0/4142548053 >> [v2:172.21.15.55:6800/1940840354,v1:172.21.15.55:6801/1940840354] conn(0x7f7b90039670 0x7f7b9003bb30 unknown :-1 s=NONE pgs=0 cs=0 l=1 rev1=0 crypto rx=0 tx=0 comp rx=0 tx=0).connect
2024-04-23T18:13:41.272 INFO:teuthology.orchestra.run.smithi055.stdout:/usr/bin/ceph: stderr
2024-04-23T18:13:36.203+0000 7f7b977fe700 1 -- 172.21.15.55:0/4142548053 <== mon.0 v2:172.21.15.55:3300/0 5 ==== osd_map(2..2 src has 1..2) ==== 940+0+0 (secure 0 0 0) 0x7f7b9804d970 con 0x7f7ba81074a0
2024-04-23T18:13:41.272 INFO:teuthology.orchestra.run.smithi055.stdout:/usr/bin/ceph: stderr
2024-04-23T18:13:36.203+0000 7f7ba5d9b700 1 --2- 172.21.15.55:0/4142548053 >> [v2:172.21.15.55:6800/1940840354,v1:172.21.15.55:6801/1940840354] conn(0x7f7b90039670 0x7f7b9003bb30 unknown :-1 s=BANNER_CONNECTING pgs=0 cs=0 l=1 rev1=0 crypto rx=0 tx=0 comp rx=0 tx=0)._handle_peer_banner_payload supported=3 required=0
2024-04-23T18:13:41.272 INFO:teuthology.orchestra.run.smithi055.stdout:/usr/bin/ceph: stderr
2024-04-23T18:13:36.204+0000 7f7ba5d9b700 1 --2- 172.21.15.55:0/4142548053 >> [v2:172.21.15.55:6800/1940840354,v1:172.21.15.55:6801/1940840354] conn(0x7f7b90039670 0x7f7b9003bb30 secure :-1 s=READY pgs=11 cs=0 l=1 rev1=1 crypto rx=0x7f7b9c006fd0 tx=0x7f7b9c006e40 comp rx=0 tx=0).ready entity=mgr.14120 client_cookie=0 server_cookie=0 in_seq=0 out_seq=0
2024-04-23T18:13:41.272 INFO:teuthology.orchestra.run.smithi055.stdout:/usr/bin/ceph: stderr
2024-04-23T18:13:36.208+0000 7f7b977fe700 1 -- 172.21.15.55:0/4142548053 <== mon.0 v2:172.21.15.55:3300/0 6 ==== mon_command_ack([{"prefix": "get_command_descriptions"}]=0 v0) ==== 72+0+188370 (secure 0 0 0) 0x7f7b98011e20 con 0x7f7ba81074a0
2024-04-23T18:13:41.272 INFO:teuthology.orchestra.run.smithi055.stdout:/usr/bin/ceph: stderr
2024-04-23T18:13:36.419+0000 7f7bac90b700 1 -- 172.21.15.55:0/4142548053 --> [v2:172.21.15.55:6800/1940840354,v1:172.21.15.55:6801/1940840354] -- mgr_command(tid 0: {"prefix": "orch host add", "hostname": "smithi055", "addr": "172.21.15.55", "target": ["mon-mgr", ""]}) -- 0x7f7ba81963f0 con 0x7f7b90039670
2024-04-23T18:13:41.272 INFO:teuthology.orchestra.run.smithi055.stdout:/usr/bin/ceph: stderr
2024-04-23T18:13:40.647+0000 7f7b977fe700 1 -- 172.21.15.55:0/4142548053 <== mgr.14120 v2:172.21.15.55:6800/1940840354 1 ==== mgr_command_reply(tid 0: 0 ) ==== 8+0+48 (secure 0 0 0) 0x7f7ba81963f0 con 0x7f7b90039670
2024-04-23T18:13:41.272 INFO:teuthology.orchestra.run.smithi055.stdout:/usr/bin/ceph: stderr
2024-04-23T18:13:40.649+0000 7f7bac90b700 1 -- 172.21.15.55:0/4142548053 >> [v2:172.21.15.55:6800/1940840354,v1:172.21.15.55:6801/1940840354] conn(0x7f7b90039670 msgr2=0x7f7b9003bb30 secure :-1 s=STATE_CONNECTION_ESTABLISHED l=1).mark_down
2024-04-23T18:13:41.272 INFO:teuthology.orchestra.run.smithi055.stdout:/usr/bin/ceph: stderr
2024-04-23T18:13:40.649+0000 7f7bac90b700 1 --2- 172.21.15.55:0/4142548053 >> [v2:172.21.15.55:6800/1940840354,v1:172.21.15.55:6801/1940840354] conn(0x7f7b90039670 0x7f7b9003bb30 secure :-1 s=READY pgs=11 cs=0 l=1 rev1=1 crypto rx=0x7f7b9c006fd0 tx=0x7f7b9c006e40 comp rx=0 tx=0).stop
2024-04-23T18:13:41.273 INFO:teuthology.orchestra.run.smithi055.stdout:/usr/bin/ceph: stderr
2024-04-23T18:13:40.649+0000 7f7bac90b700 1 -- 172.21.15.55:0/4142548053 >> [v2:172.21.15.55:3300/0,v1:172.21.15.55:6789/0] conn(0x7f7ba81074a0 msgr2=0x7f7ba8192650 secure :-1 s=STATE_CONNECTION_ESTABLISHED l=1).mark_down
2024-04-23T18:13:41.273 INFO:teuthology.orchestra.run.smithi055.stdout:/usr/bin/ceph: stderr
2024-04-23T18:13:40.649+0000 7f7bac90b700 1 --2- 172.21.15.55:0/4142548053 >> [v2:172.21.15.55:3300/0,v1:172.21.15.55:6789/0] conn(0x7f7ba81074a0 0x7f7ba8192650 secure :-1 s=READY pgs=46 cs=0 l=1 rev1=1 crypto rx=0x7f7b980117e0 tx=0x7f7b98011ce0 comp rx=0 tx=0).stop
2024-04-23T18:13:41.273 INFO:teuthology.orchestra.run.smithi055.stdout:/usr/bin/ceph: stderr
2024-04-23T18:13:40.649+0000 7f7bac90b700 1 -- 172.21.15.55:0/4142548053 shutdown_connections
2024-04-23T18:13:41.273 INFO:teuthology.orchestra.run.smithi055.stdout:/usr/bin/ceph: stderr
2024-04-23T18:13:40.649+0000 7f7bac90b700 1 --2- 172.21.15.55:0/4142548053 >> [v2:172.21.15.55:6800/1940840354,v1:172.21.15.55:6801/1940840354] conn(0x7f7b90039670 0x7f7b9003bb30 unknown :-1 s=CLOSED pgs=11 cs=0 l=1 rev1=1 crypto rx=0 tx=0 comp rx=0 tx=0).stop
2024-04-23T18:13:41.273 INFO:teuthology.orchestra.run.smithi055.stdout:/usr/bin/ceph: stderr
2024-04-23T18:13:40.649+0000 7f7bac90b700 1 --2- 172.21.15.55:0/4142548053 >> [v2:172.21.15.55:3300/0,v1:172.21.15.55:6789/0] conn(0x7f7ba81074a0 0x7f7ba8192650 unknown :-1 s=CLOSED pgs=46 cs=0 l=1 rev1=1 crypto rx=0 tx=0 comp rx=0 tx=0).stop
2024-04-23T18:13:41.273 INFO:teuthology.orchestra.run.smithi055.stdout:/usr/bin/ceph: stderr
2024-04-23T18:13:40.649+0000 7f7bac90b700 1 -- 172.21.15.55:0/4142548053 >> 172.21.15.55:0/4142548053 conn(0x7f7ba8102a40 msgr2=0x7f7ba8103820 unknown :-1 s=STATE_NONE l=0).mark_down
2024-04-23T18:13:41.273 INFO:teuthology.orchestra.run.smithi055.stdout:/usr/bin/ceph: stderr
2024-04-23T18:13:40.649+0000 7f7bac90b700 1 -- 172.21.15.55:0/4142548053 shutdown_connections
2024-04-23T18:13:41.273 INFO:teuthology.orchestra.run.smithi055.stdout:/usr/bin/ceph: stderr
2024-04-23T18:13:40.649+0000 7f7bac90b700 1 -- 172.21.15.55:0/4142548053 wait complete.
2024-04-23T18:13:41.273 INFO:teuthology.orchestra.run.smithi055.stdout:Deploying unmanaged mon service...
2024-04-23T18:13:41.906 INFO:journalctl@ceph.mon.a.smithi055.stdout:Apr 23 18:13:41 smithi055 ceph-mon[29189]: from='mgr.14120 172.21.15.55:0/734672783' entity='mgr.x'
2024-04-23T18:13:41.906 INFO:journalctl@ceph.mon.a.smithi055.stdout:Apr 23 18:13:41 smithi055 ceph-mon[29189]: Added host smithi055
2024-04-23T18:13:41.907 INFO:journalctl@ceph.mon.a.smithi055.stdout:Apr 23 18:13:41 smithi055 ceph-mon[29189]: from='mgr.14120 172.21.15.55:0/734672783' entity='mgr.x' cmd=[{"prefix": "config dump", "format": "json"}]: dispatch
2024-04-23T18:13:42.587 INFO:teuthology.orchestra.run.smithi055.stdout:/usr/bin/ceph: stdout Scheduled mon update...
2024-04-23T18:13:42.587 INFO:teuthology.orchestra.run.smithi055.stdout:/usr/bin/ceph: stderr
2024-04-23T18:13:41.673+0000 7f8142f3f700 1 Processor -- start
2024-04-23T18:13:42.587 INFO:teuthology.orchestra.run.smithi055.stdout:/usr/bin/ceph: stderr
2024-04-23T18:13:41.673+0000 7f8142f3f700 1 -- start start
2024-04-23T18:13:42.587 INFO:teuthology.orchestra.run.smithi055.stdout:/usr/bin/ceph: stderr
2024-04-23T18:13:41.673+0000 7f8142f3f700 1 --2- >> [v2:172.21.15.55:3300/0,v1:172.21.15.55:6789/0] conn(0x7f813c073d20 0x7f813c074140 unknown :-1 s=NONE pgs=0 cs=0 l=0 rev1=0 crypto rx=0 tx=0 comp rx=0 tx=0).connect
2024-04-23T18:13:42.587 INFO:teuthology.orchestra.run.smithi055.stdout:/usr/bin/ceph: stderr
2024-04-23T18:13:41.673+0000 7f8142f3f700 1 -- --> [v2:172.21.15.55:3300/0,v1:172.21.15.55:6789/0] -- mon_getmap magic: 0 -- 0x7f813c074710 con 0x7f813c073d20
2024-04-23T18:13:42.587 INFO:teuthology.orchestra.run.smithi055.stdout:/usr/bin/ceph: stderr
2024-04-23T18:13:41.673+0000 7f8140cdb700 1 --2- >> [v2:172.21.15.55:3300/0,v1:172.21.15.55:6789/0] conn(0x7f813c073d20 0x7f813c074140 unknown :-1 s=BANNER_CONNECTING pgs=0 cs=0 l=0 rev1=0 crypto rx=0 tx=0 comp rx=0 tx=0)._handle_peer_banner_payload supported=3 required=0
2024-04-23T18:13:42.587 INFO:teuthology.orchestra.run.smithi055.stdout:/usr/bin/ceph: stderr
2024-04-23T18:13:41.673+0000 7f8140cdb700 1 --2- >> [v2:172.21.15.55:3300/0,v1:172.21.15.55:6789/0] conn(0x7f813c073d20 0x7f813c074140 unknown :-1 s=HELLO_CONNECTING pgs=0 cs=0 l=0 rev1=1 crypto rx=0 tx=0 comp rx=0 tx=0).handle_hello peer v2:172.21.15.55:3300/0 says I am v2:172.21.15.55:40900/0 (socket says 172.21.15.55:40900)
2024-04-23T18:13:42.587 INFO:teuthology.orchestra.run.smithi055.stdout:/usr/bin/ceph: stderr
2024-04-23T18:13:41.673+0000 7f8140cdb700 1 -- 172.21.15.55:0/3472633430 learned_addr learned my addr 172.21.15.55:0/3472633430 (peer_addr_for_me v2:172.21.15.55:0/0)
2024-04-23T18:13:42.587 INFO:teuthology.orchestra.run.smithi055.stdout:/usr/bin/ceph: stderr
2024-04-23T18:13:41.673+0000 7f8140cdb700 1 -- 172.21.15.55:0/3472633430 --> [v2:172.21.15.55:3300/0,v1:172.21.15.55:6789/0] -- mon_subscribe({config=0+,monmap=0+}) -- 0x7f813c110ea0 con 0x7f813c073d20
2024-04-23T18:13:42.587 INFO:teuthology.orchestra.run.smithi055.stdout:/usr/bin/ceph: stderr
2024-04-23T18:13:41.674+0000 7f8140cdb700 1 --2- 172.21.15.55:0/3472633430 >> [v2:172.21.15.55:3300/0,v1:172.21.15.55:6789/0] conn(0x7f813c073d20 0x7f813c074140 secure :-1 s=READY pgs=47 cs=0 l=1 rev1=1 crypto rx=0x7f81300098a0 tx=0x7f8130009bb0 comp rx=0 tx=0).ready entity=mon.0 client_cookie=2a65491c15b124e1 server_cookie=0 in_seq=0 out_seq=0
2024-04-23T18:13:42.587 INFO:teuthology.orchestra.run.smithi055.stdout:/usr/bin/ceph: stderr
2024-04-23T18:13:41.674+0000 7f813b7fe700 1 -- 172.21.15.55:0/3472633430 <== mon.0 v2:172.21.15.55:3300/0 1 ==== mon_map magic: 0 ==== 205+0+0 (secure 0 0 0) 0x7f8130004160 con 0x7f813c073d20
2024-04-23T18:13:42.588 INFO:teuthology.orchestra.run.smithi055.stdout:/usr/bin/ceph: stderr
2024-04-23T18:13:41.674+0000 7f813b7fe700 1 -- 172.21.15.55:0/3472633430 <== mon.0 v2:172.21.15.55:3300/0 2 ==== config(27 keys) ==== 1104+0+0 (secure 0 0 0) 0x7f8130004300 con 0x7f813c073d20
2024-04-23T18:13:42.588 INFO:teuthology.orchestra.run.smithi055.stdout:/usr/bin/ceph: stderr
2024-04-23T18:13:41.674+0000 7f813b7fe700 1 -- 172.21.15.55:0/3472633430 <== mon.0 v2:172.21.15.55:3300/0 3 ==== mon_map magic: 0 ==== 205+0+0 (secure 0 0 0) 0x7f8130011b20 con 0x7f813c073d20
2024-04-23T18:13:42.588 INFO:teuthology.orchestra.run.smithi055.stdout:/usr/bin/ceph: stderr
2024-04-23T18:13:41.674+0000 7f8142f3f700 1 -- 172.21.15.55:0/3472633430 >> [v2:172.21.15.55:3300/0,v1:172.21.15.55:6789/0] conn(0x7f813c073d20 msgr2=0x7f813c074140 secure :-1 s=STATE_CONNECTION_ESTABLISHED l=1).mark_down
2024-04-23T18:13:42.588 INFO:teuthology.orchestra.run.smithi055.stdout:/usr/bin/ceph: stderr
2024-04-23T18:13:41.674+0000 7f8142f3f700 1 --2- 172.21.15.55:0/3472633430 >> [v2:172.21.15.55:3300/0,v1:172.21.15.55:6789/0] conn(0x7f813c073d20 0x7f813c074140 secure :-1 s=READY pgs=47 cs=0 l=1 rev1=1 crypto rx=0x7f81300098a0 tx=0x7f8130009bb0 comp rx=0 tx=0).stop
2024-04-23T18:13:42.588 INFO:teuthology.orchestra.run.smithi055.stdout:/usr/bin/ceph: stderr
2024-04-23T18:13:41.675+0000 7f8142f3f700 1 -- 172.21.15.55:0/3472633430 shutdown_connections
2024-04-23T18:13:42.588 INFO:teuthology.orchestra.run.smithi055.stdout:/usr/bin/ceph: stderr
2024-04-23T18:13:41.675+0000 7f8142f3f700 1 --2- 172.21.15.55:0/3472633430 >> [v2:172.21.15.55:3300/0,v1:172.21.15.55:6789/0] conn(0x7f813c073d20 0x7f813c074140 unknown :-1 s=CLOSED pgs=47 cs=0 l=1 rev1=1 crypto rx=0 tx=0 comp rx=0 tx=0).stop
2024-04-23T18:13:42.588 INFO:teuthology.orchestra.run.smithi055.stdout:/usr/bin/ceph: stderr
2024-04-23T18:13:41.675+0000 7f8142f3f700 1 -- 172.21.15.55:0/3472633430 >> 172.21.15.55:0/3472633430 conn(0x7f813c06f260 msgr2=0x7f813c071680 unknown :-1 s=STATE_NONE l=0).mark_down
2024-04-23T18:13:42.588 INFO:teuthology.orchestra.run.smithi055.stdout:/usr/bin/ceph: stderr
2024-04-23T18:13:41.675+0000 7f8142f3f700 1 -- 172.21.15.55:0/3472633430 shutdown_connections
2024-04-23T18:13:42.588 INFO:teuthology.orchestra.run.smithi055.stdout:/usr/bin/ceph: stderr
2024-04-23T18:13:41.675+0000 7f8142f3f700 1 -- 172.21.15.55:0/3472633430 wait complete.
2024-04-23T18:13:42.588 INFO:teuthology.orchestra.run.smithi055.stdout:/usr/bin/ceph: stderr
2024-04-23T18:13:41.675+0000 7f8142f3f700 1 Processor -- start
2024-04-23T18:13:42.588 INFO:teuthology.orchestra.run.smithi055.stdout:/usr/bin/ceph: stderr
