2024-04-23T18:14:55.361+0000 7f8c137fe700 1 --2- 172.21.15.67:0/2434616433 >> [v2:172.21.15.67:6800/2643681411,v1:172.21.15.67:6801/2643681411] conn(0x7f8c0c0395b0 0x7f8c0c03ba70 unknown :-1 s=NONE pgs=0 cs=0 l=1 rev1=0 crypto rx=0 tx=0 comp rx=0 tx=0).connect
2024-04-23T18:14:56.304 INFO:teuthology.orchestra.run.smithi067.stdout:/usr/bin/ceph: stderr
2024-04-23T18:14:55.361+0000 7f8c137fe700 1 -- 172.21.15.67:0/2434616433 <== mon.0 v2:172.21.15.67:3300/0 5 ==== osd_map(2..2 src has 1..2) ==== 940+0+0 (secure 0 0 0) 0x7f8c1404de40 con 0x7f8c24108670
2024-04-23T18:14:56.304 INFO:teuthology.orchestra.run.smithi067.stdout:/usr/bin/ceph: stderr
2024-04-23T18:14:55.361+0000 7f8c21d9b700 1 --2- 172.21.15.67:0/2434616433 >> [v2:172.21.15.67:6800/2643681411,v1:172.21.15.67:6801/2643681411] conn(0x7f8c0c0395b0 0x7f8c0c03ba70 unknown :-1 s=BANNER_CONNECTING pgs=0 cs=0 l=1 rev1=0 crypto rx=0 tx=0 comp rx=0 tx=0)._handle_peer_banner_payload supported=3 required=0
2024-04-23T18:14:56.304 INFO:teuthology.orchestra.run.smithi067.stdout:/usr/bin/ceph: stderr
2024-04-23T18:14:55.362+0000 7f8c21d9b700 1 --2- 172.21.15.67:0/2434616433 >> [v2:172.21.15.67:6800/2643681411,v1:172.21.15.67:6801/2643681411] conn(0x7f8c0c0395b0 0x7f8c0c03ba70 secure :-1 s=READY pgs=16 cs=0 l=1 rev1=1 crypto rx=0x7f8c18006fd0 tx=0x7f8c18006e40 comp rx=0 tx=0).ready entity=mgr.14118 client_cookie=0 server_cookie=0 in_seq=0 out_seq=0
2024-04-23T18:14:56.304 INFO:teuthology.orchestra.run.smithi067.stdout:/usr/bin/ceph: stderr
2024-04-23T18:14:55.366+0000 7f8c137fe700 1 -- 172.21.15.67:0/2434616433 <== mon.0 v2:172.21.15.67:3300/0 6 ==== mon_command_ack([{"prefix": "get_command_descriptions"}]=0 v0) ==== 72+0+188370 (secure 0 0 0) 0x7f8c1401f030 con 0x7f8c24108670
2024-04-23T18:14:56.304 INFO:teuthology.orchestra.run.smithi067.stdout:/usr/bin/ceph: stderr
2024-04-23T18:14:55.642+0000 7f8c28d02700 1 -- 172.21.15.67:0/2434616433 --> [v2:172.21.15.67:3300/0,v1:172.21.15.67:6789/0] -- mon_command({"prefix": "mgr module enable", "module": "dashboard"} v 0) -- 0x7f8c2419ff50 con 0x7f8c24108670
2024-04-23T18:14:56.304 INFO:teuthology.orchestra.run.smithi067.stdout:/usr/bin/ceph: stderr
2024-04-23T18:14:55.693+0000 7f8c137fe700 1 -- 172.21.15.67:0/2434616433 <== mon.0 v2:172.21.15.67:3300/0 7 ==== mon_command_ack([{"prefix": "mgr module enable", "module": "dashboard"}]=0 v9) ==== 88+0+0 (secure 0 0 0) 0x7f8c14023df0 con 0x7f8c24108670
2024-04-23T18:14:56.304 INFO:teuthology.orchestra.run.smithi067.stdout:/usr/bin/ceph: stderr
2024-04-23T18:14:55.695+0000 7f8c137fe700 1 -- 172.21.15.67:0/2434616433 <== mon.0 v2:172.21.15.67:3300/0 8 ==== mgrmap(e 9) ==== 46571+0+0 (secure 0 0 0) 0x7f8c1402c910 con 0x7f8c24108670
2024-04-23T18:14:56.304 INFO:teuthology.orchestra.run.smithi067.stdout:/usr/bin/ceph: stderr
2024-04-23T18:14:55.697+0000 7f8c28d02700 1 -- 172.21.15.67:0/2434616433 >> [v2:172.21.15.67:6800/2643681411,v1:172.21.15.67:6801/2643681411] conn(0x7f8c0c0395b0 msgr2=0x7f8c0c03ba70 secure :-1 s=STATE_CONNECTION_ESTABLISHED l=1).mark_down
2024-04-23T18:14:56.304 INFO:teuthology.orchestra.run.smithi067.stdout:/usr/bin/ceph: stderr
2024-04-23T18:14:55.697+0000 7f8c28d02700 1 --2- 172.21.15.67:0/2434616433 >> [v2:172.21.15.67:6800/2643681411,v1:172.21.15.67:6801/2643681411] conn(0x7f8c0c0395b0 0x7f8c0c03ba70 secure :-1 s=READY pgs=16 cs=0 l=1 rev1=1 crypto rx=0x7f8c18006fd0 tx=0x7f8c18006e40 comp rx=0 tx=0).stop
2024-04-23T18:14:56.304 INFO:teuthology.orchestra.run.smithi067.stdout:/usr/bin/ceph: stderr
2024-04-23T18:14:55.697+0000 7f8c28d02700 1 -- 172.21.15.67:0/2434616433 >> [v2:172.21.15.67:3300/0,v1:172.21.15.67:6789/0] conn(0x7f8c24108670 msgr2=0x7f8c2419c4e0 secure :-1 s=STATE_CONNECTION_ESTABLISHED l=1).mark_down
2024-04-23T18:14:56.304 INFO:teuthology.orchestra.run.smithi067.stdout:/usr/bin/ceph: stderr
2024-04-23T18:14:55.697+0000 7f8c28d02700 1 --2- 172.21.15.67:0/2434616433 >> [v2:172.21.15.67:3300/0,v1:172.21.15.67:6789/0] conn(0x7f8c24108670 0x7f8c2419c4e0 secure :-1 s=READY pgs=54 cs=0 l=1 rev1=1 crypto rx=0x7f8c140119f0 tx=0x7f8c14011ad0 comp rx=0 tx=0).stop
2024-04-23T18:14:56.304 INFO:teuthology.orchestra.run.smithi067.stdout:/usr/bin/ceph: stderr
2024-04-23T18:14:55.697+0000 7f8c28d02700 1 -- 172.21.15.67:0/2434616433 shutdown_connections
2024-04-23T18:14:56.305 INFO:teuthology.orchestra.run.smithi067.stdout:/usr/bin/ceph: stderr
2024-04-23T18:14:55.697+0000 7f8c28d02700 1 --2- 172.21.15.67:0/2434616433 >> [v2:172.21.15.67:6800/2643681411,v1:172.21.15.67:6801/2643681411] conn(0x7f8c0c0395b0 0x7f8c0c03ba70 unknown :-1 s=CLOSED pgs=16 cs=0 l=1 rev1=1 crypto rx=0 tx=0 comp rx=0 tx=0).stop
2024-04-23T18:14:56.305 INFO:teuthology.orchestra.run.smithi067.stdout:/usr/bin/ceph: stderr
2024-04-23T18:14:55.697+0000 7f8c28d02700 1 --2- 172.21.15.67:0/2434616433 >> [v2:172.21.15.67:3300/0,v1:172.21.15.67:6789/0] conn(0x7f8c24108670 0x7f8c2419c4e0 unknown :-1 s=CLOSED pgs=54 cs=0 l=1 rev1=1 crypto rx=0 tx=0 comp rx=0 tx=0).stop
2024-04-23T18:14:56.305 INFO:teuthology.orchestra.run.smithi067.stdout:/usr/bin/ceph: stderr
2024-04-23T18:14:55.697+0000 7f8c28d02700 1 -- 172.21.15.67:0/2434616433 >> 172.21.15.67:0/2434616433 conn(0x7f8c24103c30 msgr2=0x7f8c24104740 unknown :-1 s=STATE_NONE l=0).mark_down
2024-04-23T18:14:56.305 INFO:teuthology.orchestra.run.smithi067.stdout:/usr/bin/ceph: stderr
2024-04-23T18:14:55.697+0000 7f8c28d02700 1 -- 172.21.15.67:0/2434616433 shutdown_connections
2024-04-23T18:14:56.305 INFO:teuthology.orchestra.run.smithi067.stdout:/usr/bin/ceph: stderr
2024-04-23T18:14:55.697+0000 7f8c28d02700 1 -- 172.21.15.67:0/2434616433 wait complete.
2024-04-23T18:14:56.420 INFO:journalctl@ceph.mgr.x.smithi067.stdout:Apr 23 18:14:56 smithi067 ceph-27995690-019d-11ef-bc93-c7b262605968-mgr-x[29462]:
2024-04-23T18:14:56.079+0000 7f4fb0ae8200 -1 mgr[py] Module orchestrator has missing NOTIFY_TYPES member
2024-04-23T18:14:56.420 INFO:journalctl@ceph.mgr.x.smithi067.stdout:Apr 23 18:14:56 smithi067 ceph-27995690-019d-11ef-bc93-c7b262605968-mgr-x[29462]:
2024-04-23T18:14:56.185+0000 7f4fb0ae8200 -1 mgr[py] Module snap_schedule has missing NOTIFY_TYPES member
2024-04-23T18:14:56.692 INFO:journalctl@ceph.mgr.x.smithi067.stdout:Apr 23 18:14:56 smithi067 ceph-27995690-019d-11ef-bc93-c7b262605968-mgr-x[29462]:
2024-04-23T18:14:56.511+0000 7f4fb0ae8200 -1 mgr[py] Module progress has missing NOTIFY_TYPES member
2024-04-23T18:14:56.692 INFO:journalctl@ceph.mgr.x.smithi067.stdout:Apr 23 18:14:56 smithi067 ceph-27995690-019d-11ef-bc93-c7b262605968-mgr-x[29462]:
2024-04-23T18:14:56.600+0000 7f4fb0ae8200 -1 mgr[py] Module influx has missing NOTIFY_TYPES member
2024-04-23T18:14:57.014 INFO:journalctl@ceph.mon.a.smithi067.stdout:Apr 23 18:14:56 smithi067 ceph-mon[29230]: from='client.? 172.21.15.67:0/2434616433' entity='client.admin' cmd='[{"prefix": "mgr module enable", "module": "dashboard"}]': finished
2024-04-23T18:14:57.014 INFO:journalctl@ceph.mon.a.smithi067.stdout:Apr 23 18:14:56 smithi067 ceph-mon[29230]: mgrmap e9: x(active, since 19s)
2024-04-23T18:14:57.705 INFO:teuthology.orchestra.run.smithi067.stdout:/usr/bin/ceph: stdout {
2024-04-23T18:14:57.706 INFO:teuthology.orchestra.run.smithi067.stdout:/usr/bin/ceph: stdout "epoch": 9,
2024-04-23T18:14:57.706 INFO:teuthology.orchestra.run.smithi067.stdout:/usr/bin/ceph: stdout "available": true,
2024-04-23T18:14:57.706 INFO:teuthology.orchestra.run.smithi067.stdout:/usr/bin/ceph: stdout "active_name": "x",
2024-04-23T18:14:57.706 INFO:teuthology.orchestra.run.smithi067.stdout:/usr/bin/ceph: stdout "num_standby": 0
2024-04-23T18:14:57.706 INFO:teuthology.orchestra.run.smithi067.stdout:/usr/bin/ceph: stdout }
2024-04-23T18:14:57.706 INFO:teuthology.orchestra.run.smithi067.stdout:/usr/bin/ceph: stderr
2024-04-23T18:14:56.814+0000 7f7e06f05700 1 Processor -- start
2024-04-23T18:14:57.706 INFO:teuthology.orchestra.run.smithi067.stdout:/usr/bin/ceph: stderr
2024-04-23T18:14:56.814+0000 7f7e06f05700 1 -- start start
2024-04-23T18:14:57.706 INFO:teuthology.orchestra.run.smithi067.stdout:/usr/bin/ceph: stderr
2024-04-23T18:14:56.814+0000 7f7e06f05700 1 --2- >> [v2:172.21.15.67:3300/0,v1:172.21.15.67:6789/0] conn(0x7f7e00108660 0x7f7e00108a80 unknown :-1 s=NONE pgs=0 cs=0 l=0 rev1=0 crypto rx=0 tx=0 comp rx=0 tx=0).connect
2024-04-23T18:14:57.706 INFO:teuthology.orchestra.run.smithi067.stdout:/usr/bin/ceph: stderr
2024-04-23T18:14:56.814+0000 7f7e06f05700 1 -- --> [v2:172.21.15.67:3300/0,v1:172.21.15.67:6789/0] -- mon_getmap magic: 0 -- 0x7f7e00109050 con 0x7f7e00108660
2024-04-23T18:14:57.706 INFO:teuthology.orchestra.run.smithi067.stdout:/usr/bin/ceph: stderr
2024-04-23T18:14:56.814+0000 7f7e04ca1700 1 --2- >> [v2:172.21.15.67:3300/0,v1:172.21.15.67:6789/0] conn(0x7f7e00108660 0x7f7e00108a80 unknown :-1 s=BANNER_CONNECTING pgs=0 cs=0 l=0 rev1=0 crypto rx=0 tx=0 comp rx=0 tx=0)._handle_peer_banner_payload supported=3 required=0
2024-04-23T18:14:57.706 INFO:teuthology.orchestra.run.smithi067.stdout:/usr/bin/ceph: stderr
2024-04-23T18:14:56.815+0000 7f7e04ca1700 1 --2- >> [v2:172.21.15.67:3300/0,v1:172.21.15.67:6789/0] conn(0x7f7e00108660 0x7f7e00108a80 unknown :-1 s=HELLO_CONNECTING pgs=0 cs=0 l=0 rev1=1 crypto rx=0 tx=0 comp rx=0 tx=0).handle_hello peer v2:172.21.15.67:3300/0 says I am v2:172.21.15.67:53884/0 (socket says 172.21.15.67:53884)
2024-04-23T18:14:57.706 INFO:teuthology.orchestra.run.smithi067.stdout:/usr/bin/ceph: stderr
2024-04-23T18:14:56.815+0000 7f7e04ca1700 1 -- 172.21.15.67:0/191577182 learned_addr learned my addr 172.21.15.67:0/191577182 (peer_addr_for_me v2:172.21.15.67:0/0)
2024-04-23T18:14:57.707 INFO:teuthology.orchestra.run.smithi067.stdout:/usr/bin/ceph: stderr
2024-04-23T18:14:56.815+0000 7f7e04ca1700 1 -- 172.21.15.67:0/191577182 --> [v2:172.21.15.67:3300/0,v1:172.21.15.67:6789/0] -- mon_subscribe({config=0+,monmap=0+}) -- 0x7f7e00109810 con 0x7f7e00108660
2024-04-23T18:14:57.707 INFO:teuthology.orchestra.run.smithi067.stdout:/usr/bin/ceph: stderr
2024-04-23T18:14:56.815+0000 7f7e04ca1700 1 --2- 172.21.15.67:0/191577182 >> [v2:172.21.15.67:3300/0,v1:172.21.15.67:6789/0] conn(0x7f7e00108660 0x7f7e00108a80 secure :-1 s=READY pgs=57 cs=0 l=1 rev1=1 crypto rx=0x7f7df40098a0 tx=0x7f7df4009bb0 comp rx=0 tx=0).ready entity=mon.0 client_cookie=13ba71f99c37f482 server_cookie=0 in_seq=0 out_seq=0
2024-04-23T18:14:57.707 INFO:teuthology.orchestra.run.smithi067.stdout:/usr/bin/ceph: stderr
2024-04-23T18:14:56.815+0000 7f7dff7fe700 1 -- 172.21.15.67:0/191577182 <== mon.0 v2:172.21.15.67:3300/0 1 ==== mon_map magic: 0 ==== 205+0+0 (secure 0 0 0) 0x7f7df4004160 con 0x7f7e00108660
2024-04-23T18:14:57.707 INFO:teuthology.orchestra.run.smithi067.stdout:/usr/bin/ceph: stderr
2024-04-23T18:14:56.815+0000 7f7dff7fe700 1 -- 172.21.15.67:0/191577182 <== mon.0 v2:172.21.15.67:3300/0 2 ==== config(26 keys) ==== 1101+0+0 (secure 0 0 0) 0x7f7df4004300 con 0x7f7e00108660
2024-04-23T18:14:57.707 INFO:teuthology.orchestra.run.smithi067.stdout:/usr/bin/ceph: stderr
2024-04-23T18:14:56.815+0000 7f7dff7fe700 1 -- 172.21.15.67:0/191577182 <== mon.0 v2:172.21.15.67:3300/0 3 ==== mon_map magic: 0 ==== 205+0+0 (secure 0 0 0) 0x7f7df4011a20 con 0x7f7e00108660
2024-04-23T18:14:57.707 INFO:teuthology.orchestra.run.smithi067.stdout:/usr/bin/ceph: stderr
2024-04-23T18:14:56.816+0000 7f7e06f05700 1 -- 172.21.15.67:0/191577182 >> [v2:172.21.15.67:3300/0,v1:172.21.15.67:6789/0] conn(0x7f7e00108660 msgr2=0x7f7e00108a80 secure :-1 s=STATE_CONNECTION_ESTABLISHED l=1).mark_down
2024-04-23T18:14:57.707 INFO:teuthology.orchestra.run.smithi067.stdout:/usr/bin/ceph: stderr
2024-04-23T18:14:56.816+0000 7f7e06f05700 1 --2- 172.21.15.67:0/191577182 >> [v2:172.21.15.67:3300/0,v1:172.21.15.67:6789/0] conn(0x7f7e00108660 0x7f7e00108a80 secure :-1 s=READY pgs=57 cs=0 l=1 rev1=1 crypto rx=0x7f7df40098a0 tx=0x7f7df4009bb0 comp rx=0 tx=0).stop
2024-04-23T18:14:57.707 INFO:teuthology.orchestra.run.smithi067.stdout:/usr/bin/ceph: stderr
2024-04-23T18:14:56.816+0000 7f7e06f05700 1 -- 172.21.15.67:0/191577182 shutdown_connections
2024-04-23T18:14:57.707 INFO:teuthology.orchestra.run.smithi067.stdout:/usr/bin/ceph: stderr
2024-04-23T18:14:56.816+0000 7f7e06f05700 1 --2- 172.21.15.67:0/191577182 >> [v2:172.21.15.67:3300/0,v1:172.21.15.67:6789/0] conn(0x7f7e00108660 0x7f7e00108a80 unknown :-1 s=CLOSED pgs=57 cs=0 l=1 rev1=1 crypto rx=0 tx=0 comp rx=0 tx=0).stop
2024-04-23T18:14:57.707 INFO:teuthology.orchestra.run.smithi067.stdout:/usr/bin/ceph: stderr
2024-04-23T18:14:56.816+0000 7f7e06f05700 1 -- 172.21.15.67:0/191577182 >> 172.21.15.67:0/191577182 conn(0x7f7e00103c40 msgr2=0x7f7e00106060 unknown :-1 s=STATE_NONE l=0).mark_down
2024-04-23T18:14:57.707 INFO:teuthology.orchestra.run.smithi067.stdout:/usr/bin/ceph: stderr
2024-04-23T18:14:56.816+0000 7f7e06f05700 1 -- 172.21.15.67:0/191577182 shutdown_connections
2024-04-23T18:14:57.708 INFO:teuthology.orchestra.run.smithi067.stdout:/usr/bin/ceph: stderr
2024-04-23T18:14:56.816+0000 7f7e06f05700 1 -- 172.21.15.67:0/191577182 wait complete.
2024-04-23T18:14:57.708 INFO:teuthology.orchestra.run.smithi067.stdout:/usr/bin/ceph: stderr
2024-04-23T18:14:56.816+0000 7f7e06f05700 1 Processor -- start
2024-04-23T18:14:57.708 INFO:teuthology.orchestra.run.smithi067.stdout:/usr/bin/ceph: stderr
2024-04-23T18:14:56.816+0000 7f7e06f05700 1 -- start start
2024-04-23T18:14:57.708 INFO:teuthology.orchestra.run.smithi067.stdout:/usr/bin/ceph: stderr
2024-04-23T18:14:56.817+0000 7f7e06f05700 1 --2- >> [v2:172.21.15.67:3300/0,v1:172.21.15.67:6789/0] conn(0x7f7e00108660 0x7f7e0019c4b0 unknown :-1 s=NONE pgs=0 cs=0 l=1 rev1=0 crypto rx=0 tx=0 comp rx=0 tx=0).connect
2024-04-23T18:14:57.708 INFO:teuthology.orchestra.run.smithi067.stdout:/usr/bin/ceph: stderr
2024-04-23T18:14:56.817+0000 7f7e06f05700 1 -- --> [v2:172.21.15.67:3300/0,v1:172.21.15.67:6789/0] -- mon_getmap magic: 0 -- 0x7f7e0010cbc0 con 0x7f7e00108660
2024-04-23T18:14:57.708 INFO:teuthology.orchestra.run.smithi067.stdout:/usr/bin/ceph: stderr
2024-04-23T18:14:56.817+0000 7f7e04ca1700 1 --2- >> [v2:172.21.15.67:3300/0,v1:172.21.15.67:6789/0] conn(0x7f7e00108660 0x7f7e0019c4b0 unknown :-1 s=BANNER_CONNECTING pgs=0 cs=0 l=1 rev1=0 crypto rx=0 tx=0 comp rx=0 tx=0)._handle_peer_banner_payload supported=3 required=0
2024-04-23T18:14:57.708 INFO:teuthology.orchestra.run.smithi067.stdout:/usr/bin/ceph: stderr
2024-04-23T18:14:56.817+0000 7f7e04ca1700 1 --2- >> [v2:172.21.15.67:3300/0,v1:172.21.15.67:6789/0] conn(0x7f7e00108660 0x7f7e0019c4b0 unknown :-1 s=HELLO_CONNECTING pgs=0 cs=0 l=1 rev1=1 crypto rx=0 tx=0 comp rx=0 tx=0).handle_hello peer v2:172.21.15.67:3300/0 says I am v2:172.21.15.67:53890/0 (socket says 172.21.15.67:53890)
2024-04-23T18:14:57.708 INFO:teuthology.orchestra.run.smithi067.stdout:/usr/bin/ceph: stderr
2024-04-23T18:14:56.817+0000 7f7e04ca1700 1 -- 172.21.15.67:0/1662739256 learned_addr learned my addr 172.21.15.67:0/1662739256 (peer_addr_for_me v2:172.21.15.67:0/0)
2024-04-23T18:14:57.708 INFO:teuthology.orchestra.run.smithi067.stdout:/usr/bin/ceph: stderr
2024-04-23T18:14:56.817+0000 7f7e04ca1700 1 -- 172.21.15.67:0/1662739256 --> [v2:172.21.15.67:3300/0,v1:172.21.15.67:6789/0] -- mon_subscribe({config=0+,monmap=0+}) -- 0x7f7e0019c9f0 con 0x7f7e00108660
2024-04-23T18:14:57.708 INFO:teuthology.orchestra.run.smithi067.stdout:/usr/bin/ceph: stderr
2024-04-23T18:14:56.817+0000 7f7e04ca1700 1 --2- 172.21.15.67:0/1662739256 >> [v2:172.21.15.67:3300/0,v1:172.21.15.67:6789/0] conn(0x7f7e00108660 0x7f7e0019c4b0 secure :-1 s=READY pgs=58 cs=0 l=1 rev1=1 crypto rx=0x7f7df4000c00 tx=0x7f7df4011aa0 comp rx=0 tx=0).ready entity=mon.0 client_cookie=0 server_cookie=0 in_seq=0 out_seq=0
2024-04-23T18:14:57.708 INFO:teuthology.orchestra.run.smithi067.stdout:/usr/bin/ceph: stderr
2024-04-23T18:14:56.817+0000 7f7dfdffb700 1 -- 172.21.15.67:0/1662739256 <== mon.0 v2:172.21.15.67:3300/0 1 ==== mon_map magic: 0 ==== 205+0+0 (secure 0 0 0) 0x7f7df4003aa0 con 0x7f7e00108660
2024-04-23T18:14:57.708 INFO:teuthology.orchestra.run.smithi067.stdout:/usr/bin/ceph: stderr
2024-04-23T18:14:56.817+0000 7f7dfdffb700 1 -- 172.21.15.67:0/1662739256 <== mon.0 v2:172.21.15.67:3300/0 2 ==== config(26 keys) ==== 1101+0+0 (secure 0 0 0) 0x7f7df401b8f0 con 0x7f7e00108660
2024-04-23T18:14:57.708 INFO:teuthology.orchestra.run.smithi067.stdout:/usr/bin/ceph: stderr
2024-04-23T18:14:56.817+0000 7f7e06f05700 1 -- 172.21.15.67:0/1662739256 --> [v2:172.21.15.67:3300/0,v1:172.21.15.67:6789/0] -- mon_subscribe({mgrmap=0+}) -- 0x7f7e0019cc80 con 0x7f7e00108660
2024-04-23T18:14:57.708 INFO:teuthology.orchestra.run.smithi067.stdout:/usr/bin/ceph: stderr
2024-04-23T18:14:56.817+0000 7f7dfdffb700 1 -- 172.21.15.67:0/1662739256 <== mon.0 v2:172.21.15.67:3300/0 3 ==== mon_map magic: 0 ==== 205+0+0 (secure 0 0 0) 0x7f7df4023890 con 0x7f7e00108660
2024-04-23T18:14:57.709 INFO:teuthology.orchestra.run.smithi067.stdout:/usr/bin/ceph: stderr
2024-04-23T18:14:56.818+0000 7f7e06f05700 1 -- 172.21.15.67:0/1662739256 --> [v2:172.21.15.67:3300/0,v1:172.21.15.67:6789/0] -- mon_subscribe({osdmap=0}) -- 0x7f7e0019f970 con 0x7f7e00108660
2024-04-23T18:14:57.709 INFO:teuthology.orchestra.run.smithi067.stdout:/usr/bin/ceph: stderr
2024-04-23T18:14:56.818+0000 7f7dfdffb700 1 -- 172.21.15.67:0/1662739256 <== mon.0 v2:172.21.15.67:3300/0 4 ==== mgrmap(e 9) ==== 46571+0+0 (secure 0 0 0) 0x7f7df402c3f0 con 0x7f7e00108660
2024-04-23T18:14:57.709 INFO:teuthology.orchestra.run.smithi067.stdout:/usr/bin/ceph: stderr
2024-04-23T18:14:56.818+0000 7f7e06f05700 1 -- 172.21.15.67:0/1662739256 --> [v2:172.21.15.67:3300/0,v1:172.21.15.67:6789/0] -- mon_command({"prefix": "get_command_descriptions"} v 0) -- 0x7f7e0010cd40 con 0x7f7e00108660
2024-04-23T18:14:57.709 INFO:teuthology.orchestra.run.smithi067.stdout:/usr/bin/ceph: stderr
2024-04-23T18:14:56.819+0000 7f7dfdffb700 1 --2- 172.21.15.67:0/1662739256 >> [v2:172.21.15.67:6800/2643681411,v1:172.21.15.67:6801/2643681411] conn(0x7f7df0039660 0x7f7df003bb20 unknown :-1 s=NONE pgs=0 cs=0 l=1 rev1=0 crypto rx=0 tx=0 comp rx=0 tx=0).connect
2024-04-23T18:14:57.709 INFO:teuthology.orchestra.run.smithi067.stdout:/usr/bin/ceph: stderr
2024-04-23T18:14:56.819+0000 7f7dfdffb700 1 -- 172.21.15.67:0/1662739256 <== mon.0 v2:172.21.15.67:3300/0 5 ==== osd_map(2..2 src has 1..2) ==== 940+0+0 (secure 0 0 0) 0x7f7df404de70 con 0x7f7e00108660
2024-04-23T18:14:57.709 INFO:teuthology.orchestra.run.smithi067.stdout:/usr/bin/ceph: stderr
2024-04-23T18:14:56.819+0000 7f7dfffff700 1 -- 172.21.15.67:0/1662739256 >> [v2:172.21.15.67:6800/2643681411,v1:172.21.15.67:6801/2643681411] conn(0x7f7df0039660 msgr2=0x7f7df003bb20 unknown :-1 s=STATE_CONNECTING_RE l=1).process reconnect failed to v2:172.21.15.67:6800/2643681411
2024-04-23T18:14:57.709 INFO:teuthology.orchestra.run.smithi067.stdout:/usr/bin/ceph: stderr
2024-04-23T18:14:56.819+0000 7f7dfffff700 1 --2- 172.21.15.67:0/1662739256 >> [v2:172.21.15.67:6800/2643681411,v1:172.21.15.67:6801/2643681411] conn(0x7f7df0039660 0x7f7df003bb20 unknown :-1 s=START_CONNECT pgs=0 cs=0 l=1 rev1=0 crypto rx=0 tx=0 comp rx=0 tx=0)._fault waiting 0.200000
2024-04-23T18:14:57.709 INFO:teuthology.orchestra.run.smithi067.stdout:/usr/bin/ceph: stderr
2024-04-23T18:14:56.824+0000 7f7dfdffb700 1 -- 172.21.15.67:0/1662739256 <== mon.0 v2:172.21.15.67:3300/0 6 ==== mon_command_ack([{"prefix": "get_command_descriptions"}]=0 v0) ==== 72+0+188370 (secure 0 0 0) 0x7f7df401f030 con 0x7f7e00108660
2024-04-23T18:14:57.709 INFO:teuthology.orchestra.run.smithi067.stdout:/usr/bin/ceph: stderr
2024-04-23T18:14:57.020+0000 7f7dfffff700 1 -- 172.21.15.67:0/1662739256 >> [v2:172.21.15.67:6800/2643681411,v1:172.21.15.67:6801/2643681411] conn(0x7f7df0039660 msgr2=0x7f7df003bb20 unknown :-1 s=STATE_CONNECTING_RE l=1).process reconnect failed to v2:172.21.15.67:6800/2643681411
2024-04-23T18:14:57.709 INFO:teuthology.orchestra.run.smithi067.stdout:/usr/bin/ceph: stderr
2024-04-23T18:14:57.020+0000 7f7dfffff700 1 --2- 172.21.15.67:0/1662739256 >> [v2:172.21.15.67:6800/2643681411,v1:172.21.15.67:6801/2643681411] conn(0x7f7df0039660 0x7f7df003bb20 unknown :-1 s=START_CONNECT pgs=0 cs=0 l=1 rev1=0 crypto rx=0 tx=0 comp rx=0 tx=0)._fault waiting 0.400000
2024-04-23T18:14:57.709 INFO:teuthology.orchestra.run.smithi067.stdout:/usr/bin/ceph: stderr
2024-04-23T18:14:57.137+0000 7f7e06f05700 1 -- 172.21.15.67:0/1662739256 --> [v2:172.21.15.67:3300/0,v1:172.21.15.67:6789/0] -- mon_command({"prefix": "mgr stat"} v 0) -- 0x7f7e0019ff50 con 0x7f7e00108660
2024-04-23T18:14:57.709 INFO:teuthology.orchestra.run.smithi067.stdout:/usr/bin/ceph: stderr
2024-04-23T18:14:57.138+0000 7f7dfdffb700 1 -- 172.21.15.67:0/1662739256 <== mon.0 v2:172.21.15.67:3300/0 7 ==== mon_command_ack([{"prefix": "mgr stat"}]=0 v9) ==== 56+0+88 (secure 0 0 0) 0x7f7df4048070 con 0x7f7e00108660
2024-04-23T18:14:57.709 INFO:teuthology.orchestra.run.smithi067.stdout:/usr/bin/ceph: stderr
2024-04-23T18:14:57.140+0000 7f7e06f05700 1 -- 172.21.15.67:0/1662739256 >> [v2:172.21.15.67:6800/2643681411,v1:172.21.15.67:6801/2643681411] conn(0x7f7df0039660 msgr2=0x7f7df003bb20 unknown :-1 s=STATE_CONNECTING l=1).mark_down
2024-04-23T18:14:57.709 INFO:teuthology.orchestra.run.smithi067.stdout:/usr/bin/ceph: stderr
2024-04-23T18:14:57.140+0000 7f7e06f05700 1 --2- 172.21.15.67:0/1662739256 >> [v2:172.21.15.67:6800/2643681411,v1:172.21.15.67:6801/2643681411] conn(0x7f7df0039660 0x7f7df003bb20 unknown :-1 s=START_CONNECT pgs=0 cs=0 l=1 rev1=0 crypto rx=0 tx=0 comp rx=0 tx=0).stop
2024-04-23T18:14:57.710 INFO:teuthology.orchestra.run.smithi067.stdout:/usr/bin/ceph: stderr
2024-04-23T18:14:57.140+0000 7f7e06f05700 1 -- 172.21.15.67:0/1662739256 >> [v2:172.21.15.67:3300/0,v1:172.21.15.67:6789/0] conn(0x7f7e00108660 msgr2=0x7f7e0019c4b0 secure :-1 s=STATE_CONNECTION_ESTABLISHED l=1).mark_down
2024-04-23T18:14:57.710 INFO:teuthology.orchestra.run.smithi067.stdout:/usr/bin/ceph: stderr
2024-04-23T18:14:57.140+0000 7f7e06f05700 1 --2- 172.21.15.67:0/1662739256 >> [v2:172.21.15.67:3300/0,v1:172.21.15.67:6789/0] conn(0x7f7e00108660 0x7f7e0019c4b0 secure :-1 s=READY pgs=58 cs=0 l=1 rev1=1 crypto rx=0x7f7df4000c00 tx=0x7f7df4011aa0 comp rx=0 tx=0).stop
2024-04-23T18:14:57.710 INFO:teuthology.orchestra.run.smithi067.stdout:/usr/bin/ceph: stderr
2024-04-23T18:14:57.140+0000 7f7e06f05700 1 -- 172.21.15.67:0/1662739256 shutdown_connections
2024-04-23T18:14:57.710 INFO:teuthology.orchestra.run.smithi067.stdout:/usr/bin/ceph: stderr
2024-04-23T18:14:57.140+0000 7f7e06f05700 1 --2- 172.21.15.67:0/1662739256 >> [v2:172.21.15.67:6800/2643681411,v1:172.21.15.67:6801/2643681411] conn(0x7f7df0039660 0x7f7df003bb20 unknown :-1 s=CLOSED pgs=0 cs=0 l=1 rev1=0 crypto rx=0 tx=0 comp rx=0 tx=0).stop
2024-04-23T18:14:57.710 INFO:teuthology.orchestra.run.smithi067.stdout:/usr/bin/ceph: stderr
2024-04-23T18:14:57.140+0000 7f7e06f05700 1 --2- 172.21.15.67:0/1662739256 >> [v2:172.21.15.67:3300/0,v1:172.21.15.67:6789/0] conn(0x7f7e00108660 0x7f7e0019c4b0 unknown :-1 s=CLOSED pgs=58 cs=0 l=1 rev1=1 crypto rx=0 tx=0 comp rx=0 tx=0).stop
2024-04-23T18:14:57.710 INFO:teuthology.orchestra.run.smithi067.stdout:/usr/bin/ceph: stderr
2024-04-23T18:14:57.140+0000 7f7e06f05700 1 -- 172.21.15.67:0/1662739256 >> 172.21.15.67:0/1662739256 conn(0x7f7e00103c40 msgr2=0x7f7e00104700 unknown :-1 s=STATE_NONE l=0).mark_down
2024-04-23T18:14:57.710 INFO:teuthology.orchestra.run.smithi067.stdout:/usr/bin/ceph: stderr
2024-04-23T18:14:57.140+0000 7f7e06f05700 1 -- 172.21.15.67:0/1662739256 shutdown_connections
2024-04-23T18:14:57.710 INFO:teuthology.orchestra.run.smithi067.stdout:/usr/bin/ceph: stderr
2024-04-23T18:14:57.140+0000 7f7e06f05700 1 -- 172.21.15.67:0/1662739256 wait complete.
2024-04-23T18:14:57.710 INFO:teuthology.orchestra.run.smithi067.stdout:Waiting for the mgr to restart...
2024-04-23T18:14:57.710 INFO:teuthology.orchestra.run.smithi067.stdout:Waiting for mgr epoch 9...
2024-04-23T18:14:57.946 INFO:journalctl@ceph.mon.a.smithi067.stdout:Apr 23 18:14:57 smithi067 ceph-mon[29230]: from='client.? 172.21.15.67:0/1662739256' entity='client.admin' cmd=[{"prefix": "mgr stat"}]: dispatch
2024-04-23T18:14:57.946 INFO:journalctl@ceph.mgr.x.smithi067.stdout:Apr 23 18:14:57 smithi067 ceph-27995690-019d-11ef-bc93-c7b262605968-mgr-x[29462]:
2024-04-23T18:14:57.868+0000 7f4fb0ae8200 -1 mgr[py] Module telegraf has missing NOTIFY_TYPES member
2024-04-23T18:14:58.224 INFO:journalctl@ceph.mgr.x.smithi067.stdout:Apr 23 18:14:58 smithi067 ceph-27995690-019d-11ef-bc93-c7b262605968-mgr-x[29462]:
2024-04-23T18:14:58.049+0000 7f4fb0ae8200 -1 mgr[py] Module osd_support has missing NOTIFY_TYPES member
2024-04-23T18:14:58.521 INFO:journalctl@ceph.mgr.x.smithi067.stdout:Apr 23 18:14:58 smithi067 ceph-27995690-019d-11ef-bc93-c7b262605968-mgr-x[29462]:
2024-04-23T18:14:58.230+0000 7f4fb0ae8200 -1 mgr[py] Module iostat has missing NOTIFY_TYPES member
2024-04-23T18:14:58.832 INFO:journalctl@ceph.mgr.x.smithi067.stdout:Apr 23 18:14:58 smithi067 ceph-27995690-019d-11ef-bc93-c7b262605968-mgr-x[29462]:
2024-04-23T18:14:58.532+0000 7f4fb0ae8200 -1 mgr[py] Module alerts has missing NOTIFY_TYPES member
2024-04-23T18:14:58.832 INFO:journalctl@ceph.mgr.x.smithi067.stdout:Apr 23 18:14:58 smithi067 ceph-27995690-019d-11ef-bc93-c7b262605968-mgr-x[29462]:
2024-04-23T18:14:58.628+0000 7f4fb0ae8200 -1 mgr[py] Module selftest has missing NOTIFY_TYPES member
2024-04-23T18:14:58.832 INFO:journalctl@ceph.mgr.x.smithi067.stdout:Apr 23 18:14:58 smithi067 ceph-27995690-019d-11ef-bc93-c7b262605968-mgr-x[29462]:
2024-04-23T18:14:58.839+0000 7f4fb0ae8200 -1 mgr[py] Module pg_autoscaler has missing NOTIFY_TYPES member
2024-04-23T18:14:59.271 INFO:journalctl@ceph.mgr.x.smithi067.stdout:Apr 23 18:14:59 smithi067 ceph-27995690-019d-11ef-bc93-c7b262605968-mgr-x[29462]:
2024-04-23T18:14:59.039+0000 7f4fb0ae8200 -1 mgr[py] Module test_orchestrator has missing NOTIFY_TYPES member
2024-04-23T18:15:00.021 INFO:journalctl@ceph.mgr.x.smithi067.stdout:Apr 23 18:14:59 smithi067 ceph-27995690-019d-11ef-bc93-c7b262605968-mgr-x[29462]:
2024-04-23T18:14:59.665+0000 7f4fb0ae8200 -1 mgr[py] Module rook has missing NOTIFY_TYPES member
2024-04-23T18:15:00.410 INFO:journalctl@ceph.mgr.x.smithi067.stdout:Apr 23 18:15:00 smithi067 ceph-27995690-019d-11ef-bc93-c7b262605968-mgr-x[29462]:
2024-04-23T18:15:00.104+0000 7f4fb0ae8200 -1 mgr[py] Module volumes has missing NOTIFY_TYPES member
2024-04-23T18:15:00.410 INFO:journalctl@ceph.mgr.x.smithi067.stdout:Apr 23 18:15:00 smithi067 ceph-27995690-019d-11ef-bc93-c7b262605968-mgr-x[29462]:
2024-04-23T18:15:00.205+0000 7f4fb0ae8200 -1 mgr[py] Module crash has missing NOTIFY_TYPES member
2024-04-23T18:15:00.410 INFO:journalctl@ceph.mgr.x.smithi067.stdout:Apr 23 18:15:00 smithi067 ceph-27995690-019d-11ef-bc93-c7b262605968-mgr-x[29462]:
2024-04-23T18:15:00.417+0000 7f4fb0ae8200 -1 mgr[py] Module rgw has missing NOTIFY_TYPES member
2024-04-23T18:15:01.271 INFO:journalctl@ceph.mgr.x.smithi067.stdout:Apr 23 18:15:00 smithi067 ceph-27995690-019d-11ef-bc93-c7b262605968-mgr-x[29462]:
2024-04-23T18:15:00.965+0000 7f4fb0ae8200 -1 mgr[py] Module prometheus has missing NOTIFY_TYPES member
2024-04-23T18:15:01.271 INFO:journalctl@ceph.mgr.x.smithi067.stdout:Apr 23 18:15:01 smithi067 ceph-27995690-019d-11ef-bc93-c7b262605968-mgr-x[29462]:
2024-04-23T18:15:01.062+0000 7f4fb0ae8200 -1 mgr[py] Module devicehealth has missing NOTIFY_TYPES member
2024-04-23T18:15:01.670 INFO:journalctl@ceph.mgr.x.smithi067.stdout:Apr 23 18:15:01 smithi067 ceph-27995690-019d-11ef-bc93-c7b262605968-mgr-x[29462]:
2024-04-23T18:15:01.317+0000 7f4fb0ae8200 -1 mgr[py] Module telemetry has missing NOTIFY_TYPES member
2024-04-23T18:15:01.671 INFO:journalctl@ceph.mgr.x.smithi067.stdout:Apr 23 18:15:01 smithi067 ceph-27995690-019d-11ef-bc93-c7b262605968-mgr-x[29462]:
2024-04-23T18:15:01.456+0000 7f4fb0ae8200 -1 mgr[py] Module diskprediction_local has missing NOTIFY_TYPES member
2024-04-23T18:15:01.671 INFO:journalctl@ceph.mgr.x.smithi067.stdout:Apr 23 18:15:01 smithi067 ceph-27995690-019d-11ef-bc93-c7b262605968-mgr-x[29462]:
2024-04-23T18:15:01.556+0000 7f4fb0ae8200 -1 mgr[py] Module osd_perf_query has missing NOTIFY_TYPES member
2024-04-23T18:15:01.671 INFO:journalctl@ceph.mgr.x.smithi067.stdout:Apr 23 18:15:01 smithi067 ceph-27995690-019d-11ef-bc93-c7b262605968-mgr-x[29462]:
2024-04-23T18:15:01.677+0000 7f4fb0ae8200 -1 mgr[py] Module rbd_support has missing NOTIFY_TYPES member
2024-04-23T18:15:02.271 INFO:journalctl@ceph.mgr.x.smithi067.stdout:Apr 23 18:15:01 smithi067 ceph-27995690-019d-11ef-bc93-c7b262605968-mgr-x[29462]:
2024-04-23T18:15:01.989+0000 7f4fb0ae8200 -1 mgr[py] Module zabbix has missing NOTIFY_TYPES member
2024-04-23T18:15:02.890 INFO:journalctl@ceph.mgr.x.smithi067.stdout:Apr 23 18:15:02 smithi067 ceph-27995690-019d-11ef-bc93-c7b262605968-mgr-x[29462]:
2024-04-23T18:15:02.617+0000 7f4fb0ae8200 -1 mgr[py] Module status has missing NOTIFY_TYPES member
2024-04-23T18:15:02.890 INFO:journalctl@ceph.mgr.x.smithi067.stdout:Apr 23 18:15:02 smithi067 ceph-27995690-019d-11ef-bc93-c7b262605968-mgr-x[29462]:
2024-04-23T18:15:02.843+0000 7f4fb0ae8200 -1 mgr[py] Module nfs has missing NOTIFY_TYPES member
2024-04-23T18:15:03.271 INFO:journalctl@ceph.mon.a.smithi067.stdout:Apr 23 18:15:02 smithi067 ceph-mon[29230]: Active manager daemon x restarted
2024-04-23T18:15:03.272 INFO:journalctl@ceph.mon.a.smithi067.stdout:Apr 23 18:15:02 smithi067 ceph-mon[29230]: Activating manager daemon x
2024-04-23T18:15:03.272 INFO:journalctl@ceph.mon.a.smithi067.stdout:Apr 23 18:15:02 smithi067 ceph-mon[29230]: osdmap e3: 0 total, 0 up, 0 in
2024-04-23T18:15:03.272 INFO:journalctl@ceph.mon.a.smithi067.stdout:Apr 23 18:15:02 smithi067 ceph-mon[29230]: mgrmap e10: x(active, starting, since 0.00349984s)
2024-04-23T18:15:03.272 INFO:journalctl@ceph.mon.a.smithi067.stdout:Apr 23 18:15:02 smithi067 ceph-mon[29230]: from='mgr.14150 172.21.15.67:0/2120618244' entity='mgr.x' cmd=[{"prefix": "mon metadata", "id": "a"}]: dispatch
2024-04-23T18:15:03.272 INFO:journalctl@ceph.mon.a.smithi067.stdout:Apr 23 18:15:02 smithi067 ceph-mon[29230]: from='mgr.14150 172.21.15.67:0/2120618244' entity='mgr.x' cmd=[{"prefix": "mgr metadata", "who": "x", "id": "x"}]: dispatch
2024-04-23T18:15:03.272 INFO:journalctl@ceph.mon.a.smithi067.stdout:Apr 23 18:15:02 smithi067 ceph-mon[29230]: from='mgr.14150 172.21.15.67:0/2120618244' entity='mgr.x' cmd=[{"prefix": "mds metadata"}]: dispatch
2024-04-23T18:15:03.272 INFO:journalctl@ceph.mon.a.smithi067.stdout:Apr 23 18:15:02 smithi067 ceph-mon[29230]: from='mgr.14150 172.21.15.67:0/2120618244' entity='mgr.x' cmd=[{"prefix": "osd metadata"}]: dispatch
2024-04-23T18:15:03.272 INFO:journalctl@ceph.mon.a.smithi067.stdout:Apr 23 18:15:02 smithi067 ceph-mon[29230]: from='mgr.14150 172.21.15.67:0/2120618244' entity='mgr.x' cmd=[{"prefix": "mon metadata"}]: dispatch
2024-04-23T18:15:03.272 INFO:journalctl@ceph.mon.a.smithi067.stdout:Apr 23 18:15:02 smithi067 ceph-mon[29230]: Manager daemon x is now available
2024-04-23T18:15:03.272 INFO:journalctl@ceph.mon.a.smithi067.stdout:Apr 23 18:15:02 smithi067 ceph-mon[29230]: from='mgr.14150 172.21.15.67:0/2120618244' entity='mgr.x' cmd=[{"prefix": "config dump", "format": "json"}]: dispatch
2024-04-23T18:15:03.272 INFO:journalctl@ceph.mon.a.smithi067.stdout:Apr 23 18:15:02 smithi067 ceph-mon[29230]: from='mgr.14150 172.21.15.67:0/2120618244' entity='mgr.x' cmd=[{"prefix":"config rm","who":"mgr","name":"mgr/rbd_support/x/mirror_snapshot_schedule"}]: dispatch
2024-04-23T18:15:04.065 INFO:journalctl@ceph.mon.a.smithi067.stdout:Apr 23 18:15:03 smithi067 ceph-mon[29230]: from='mgr.14150 172.21.15.67:0/2120618244' entity='mgr.x' cmd=[{"prefix":"config rm","who":"mgr","name":"mgr/rbd_support/x/trash_purge_schedule"}]: dispatch
2024-04-23T18:15:04.065 INFO:journalctl@ceph.mon.a.smithi067.stdout:Apr 23 18:15:03 smithi067 ceph-mon[29230]: [23/Apr/2024:18:15:03] ENGINE Bus STARTING
2024-04-23T18:15:04.065 INFO:journalctl@ceph.mon.a.smithi067.stdout:Apr 23 18:15:03 smithi067 ceph-mon[29230]: [23/Apr/2024:18:15:03] ENGINE Serving on https://172.21.15.67:7150
2024-04-23T18:15:04.065 INFO:journalctl@ceph.mon.a.smithi067.stdout:Apr 23 18:15:03 smithi067 ceph-mon[29230]: [23/Apr/2024:18:15:03] ENGINE Serving on http://172.21.15.67:8765
2024-04-23T18:15:04.065 INFO:journalctl@ceph.mon.a.smithi067.stdout:Apr 23 18:15:03 smithi067 ceph-mon[29230]: [23/Apr/2024:18:15:03] ENGINE Bus STARTED
2024-04-23T18:15:04.065 INFO:journalctl@ceph.mon.a.smithi067.stdout:Apr 23 18:15:03 smithi067 ceph-mon[29230]: mgrmap e11: x(active, since 1.00583s)
2024-04-23T18:15:04.876 INFO:teuthology.orchestra.run.smithi067.stdout:/usr/bin/ceph: stdout {
2024-04-23T18:15:04.877 INFO:teuthology.orchestra.run.smithi067.stdout:/usr/bin/ceph: stdout "mgrmap_epoch": 11,
2024-04-23T18:15:04.877 INFO:teuthology.orchestra.run.smithi067.stdout:/usr/bin/ceph: stdout "initialized": true
2024-04-23T18:15:04.877 INFO:teuthology.orchestra.run.smithi067.stdout:/usr/bin/ceph: stdout }
2024-04-23T18:15:04.877 INFO:teuthology.orchestra.run.smithi067.stdout:/usr/bin/ceph: stderr
2024-04-23T18:14:58.162+0000 7f7af6207700 1 Processor -- start
2024-04-23T18:15:04.877 INFO:teuthology.orchestra.run.smithi067.stdout:/usr/bin/ceph: stderr
2024-04-23T18:14:58.162+0000 7f7af6207700 1 -- start start
2024-04-23T18:15:04.877 INFO:teuthology.orchestra.run.smithi067.stdout:/usr/bin/ceph: stderr
2024-04-23T18:14:58.162+0000 7f7af6207700 1 --2- >> [v2:172.21.15.67:3300/0,v1:172.21.15.67:6789/0] conn(0x7f7af01086a0 0x7f7af0108ac0 unknown :-1 s=NONE pgs=0 cs=0 l=0 rev1=0 crypto rx=0 tx=0 comp rx=0 tx=0).connect
2024-04-23T18:15:04.877 INFO:teuthology.orchestra.run.smithi067.stdout:/usr/bin/ceph: stderr
2024-04-23T18:14:58.162+0000 7f7af6207700 1 -- --> [v2:172.21.15.67:3300/0,v1:172.21.15.67:6789/0] -- mon_getmap magic: 0 -- 0x7f7af0109090 con 0x7f7af01086a0
2024-04-23T18:15:04.877 INFO:teuthology.orchestra.run.smithi067.stdout:/usr/bin/ceph: stderr
2024-04-23T18:14:58.163+0000 7f7aef7fe700 1 --2- >> [v2:172.21.15.67:3300/0,v1:172.21.15.67:6789/0] conn(0x7f7af01086a0 0x7f7af0108ac0 unknown :-1 s=BANNER_CONNECTING pgs=0 cs=0 l=0 rev1=0 crypto rx=0 tx=0 comp rx=0 tx=0)._handle_peer_banner_payload supported=3 required=0
2024-04-23T18:15:04.877 INFO:teuthology.orchestra.run.smithi067.stdout:/usr/bin/ceph: stderr
2024-04-23T18:14:58.163+0000 7f7aef7fe700 1 --2- >> [v2:172.21.15.67:3300/0,v1:172.21.15.67:6789/0] conn(0x7f7af01086a0 0x7f7af0108ac0 unknown :-1 s=HELLO_CONNECTING pgs=0 cs=0 l=0 rev1=1 crypto rx=0 tx=0 comp rx=0 tx=0).handle_hello peer v2:172.21.15.67:3300/0 says I am v2:172.21.15.67:53898/0 (socket says 172.21.15.67:53898)
2024-04-23T18:15:04.877 INFO:teuthology.orchestra.run.smithi067.stdout:/usr/bin/ceph: stderr
2024-04-23T18:14:58.163+0000 7f7aef7fe700 1 -- 172.21.15.67:0/2775890151 learned_addr learned my addr 172.21.15.67:0/2775890151 (peer_addr_for_me v2:172.21.15.67:0/0)
2024-04-23T18:15:04.877 INFO:teuthology.orchestra.run.smithi067.stdout:/usr/bin/ceph: stderr
2024-04-23T18:14:58.163+0000 7f7aef7fe700 1 -- 172.21.15.67:0/2775890151 --> [v2:172.21.15.67:3300/0,v1:172.21.15.67:6789/0] -- mon_subscribe({config=0+,monmap=0+}) -- 0x7f7af01098a0 con 0x7f7af01086a0
2024-04-23T18:15:04.877 INFO:teuthology.orchestra.run.smithi067.stdout:/usr/bin/ceph: stderr
2024-04-23T18:14:58.163+0000 7f7aef7fe700 1 --2- 172.21.15.67:0/2775890151 >> [v2:172.21.15.67:3300/0,v1:172.21.15.67:6789/0] conn(0x7f7af01086a0 0x7f7af0108ac0 secure :-1 s=READY pgs=59 cs=0 l=1 rev1=1 crypto rx=0x7f7ae40098a0 tx=0x7f7ae4009bb0 comp rx=0 tx=0).ready entity=mon.0 client_cookie=a8065c81532f79d4 server_cookie=0 in_seq=0 out_seq=0
2024-04-23T18:15:04.877 INFO:teuthology.orchestra.run.smithi067.stdout:/usr/bin/ceph: stderr
2024-04-23T18:14:58.163+0000 7f7aee7fc700 1 -- 172.21.15.67:0/2775890151 <== mon.0 v2:172.21.15.67:3300/0 1 ==== mon_map magic: 0 ==== 205+0+0 (secure 0 0 0) 0x7f7ae4004160 con 0x7f7af01086a0
2024-04-23T18:15:04.878 INFO:teuthology.orchestra.run.smithi067.stdout:/usr/bin/ceph: stderr
2024-04-23T18:14:58.163+0000 7f7aee7fc700 1 -- 172.21.15.67:0/2775890151 <== mon.0 v2:172.21.15.67:3300/0 2 ==== config(26 keys) ==== 1101+0+0 (secure 0 0 0) 0x7f7ae4004300 con 0x7f7af01086a0
2024-04-23T18:15:04.878 INFO:teuthology.orchestra.run.smithi067.stdout:/usr/bin/ceph: stderr
2024-04-23T18:14:58.163+0000 7f7aee7fc700 1 -- 172.21.15.67:0/2775890151 <== mon.0 v2:172.21.15.67:3300/0 3 ==== mon_map magic: 0 ==== 205+0+0 (secure 0 0 0) 0x7f7ae4011a20 con 0x7f7af01086a0
2024-04-23T18:15:04.878 INFO:teuthology.orchestra.run.smithi067.stdout:/usr/bin/ceph: stderr
2024-04-23T18:14:58.164+0000 7f7af6207700 1 -- 172.21.15.67:0/2775890151 >> [v2:172.21.15.67:3300/0,v1:172.21.15.67:6789/0] conn(0x7f7af01086a0 msgr2=0x7f7af0108ac0 secure :-1 s=STATE_CONNECTION_ESTABLISHED l=1).mark_down
2024-04-23T18:15:04.878 INFO:teuthology.orchestra.run.smithi067.stdout:/usr/bin/ceph: stderr
2024-04-23T18:14:58.164+0000 7f7af6207700 1 --2- 172.21.15.67:0/2775890151 >> [v2:172.21.15.67:3300/0,v1:172.21.15.67:6789/0] conn(0x7f7af01086a0 0x7f7af0108ac0 secure :-1 s=READY pgs=59 cs=0 l=1 rev1=1 crypto rx=0x7f7ae40098a0 tx=0x7f7ae4009bb0 comp rx=0 tx=0).stop
2024-04-23T18:15:04.878 INFO:teuthology.orchestra.run.smithi067.stdout:/usr/bin/ceph: stderr
2024-04-23T18:14:58.164+0000 7f7af6207700 1 -- 172.21.15.67:0/2775890151 shutdown_connections
2024-04-23T18:15:04.878 INFO:teuthology.orchestra.run.smithi067.stdout:/usr/bin/ceph: stderr
2024-04-23T18:14:58.164+0000 7f7af6207700 1 --2- 172.21.15.67:0/2775890151 >> [v2:172.21.15.67:3300/0,v1:172.21.15.67:6789/0] conn(0x7f7af01086a0 0x7f7af0108ac0 unknown :-1 s=CLOSED pgs=59 cs=0 l=1 rev1=1 crypto rx=0 tx=0 comp rx=0 tx=0).stop
2024-04-23T18:15:04.878 INFO:teuthology.orchestra.run.smithi067.stdout:/usr/bin/ceph: stderr
2024-04-23T18:14:58.164+0000 7f7af6207700 1 -- 172.21.15.67:0/2775890151 >> 172.21.15.67:0/2775890151 conn(0x7f7af0103cc0 msgr2=0x7f7af01060e0 unknown :-1 s=STATE_NONE l=0).mark_down
2024-04-23T18:15:04.878 INFO:teuthology.orchestra.run.smithi067.stdout:/usr/bin/ceph: stderr
2024-04-23T18:14:58.164+0000 7f7af6207700 1 -- 172.21.15.67:0/2775890151 shutdown_connections
2024-04-23T18:15:04.878 INFO:teuthology.orchestra.run.smithi067.stdout:/usr/bin/ceph: stderr
2024-04-23T18:14:58.164+0000 7f7af6207700 1 -- 172.21.15.67:0/2775890151 wait complete.
2024-04-23T18:15:04.878 INFO:teuthology.orchestra.run.smithi067.stdout:/usr/bin/ceph: stderr
2024-04-23T18:14:58.165+0000 7f7af6207700 1 Processor -- start
2024-04-23T18:15:04.878 INFO:teuthology.orchestra.run.smithi067.stdout:/usr/bin/ceph: stderr
2024-04-23T18:14:58.165+0000 7f7af6207700 1 -- start start
2024-04-23T18:15:04.878 INFO:teuthology.orchestra.run.smithi067.stdout:/usr/bin/ceph: stderr
2024-04-23T18:14:58.165+0000 7f7af6207700 1 --2- >> [v2:172.21.15.67:3300/0,v1:172.21.15.67:6789/0] conn(0x7f7af01086a0 0x7f7af019e6f0 unknown :-1 s=NONE pgs=0 cs=0 l=1 rev1=0 crypto rx=0 tx=0 comp rx=0 tx=0).connect
2024-04-23T18:15:04.879 INFO:teuthology.orchestra.run.smithi067.stdout:/usr/bin/ceph: stderr
2024-04-23T18:14:58.165+0000 7f7af6207700 1 -- --> [v2:172.21.15.67:3300/0,v1:172.21.15.67:6789/0] -- mon_getmap magic: 0 -- 0x7f7af010cc50 con 0x7f7af01086a0
2024-04-23T18:15:04.879 INFO:teuthology.orchestra.run.smithi067.stdout:/usr/bin/ceph: stderr
2024-04-23T18:14:58.165+0000 7f7aef7fe700 1 --2- >> [v2:172.21.15.67:3300/0,v1:172.21.15.67:6789/0] conn(0x7f7af01086a0 0x7f7af019e6f0 unknown :-1 s=BANNER_CONNECTING pgs=0 cs=0 l=1 rev1=0 crypto rx=0 tx=0 comp rx=0 tx=0)._handle_peer_banner_payload supported=3 required=0
2024-04-23T18:15:04.879 INFO:teuthology.orchestra.run.smithi067.stdout:/usr/bin/ceph: stderr
2024-04-23T18:14:58.165+0000 7f7aef7fe700 1 --2- >> [v2:172.21.15.67:3300/0,v1:172.21.15.67:6789/0] conn(0x7f7af01086a0 0x7f7af019e6f0 unknown :-1 s=HELLO_CONNECTING pgs=0 cs=0 l=1 rev1=1 crypto rx=0 tx=0 comp rx=0 tx=0).handle_hello peer v2:172.21.15.67:3300/0 says I am v2:172.21.15.67:53900/0 (socket says 172.21.15.67:53900)
2024-04-23T18:15:04.879 INFO:teuthology.orchestra.run.smithi067.stdout:/usr/bin/ceph: stderr
2024-04-23T18:14:58.165+0000 7f7aef7fe700 1 -- 172.21.15.67:0/1412096070 learned_addr learned my addr 172.21.15.67:0/1412096070 (peer_addr_for_me v2:172.21.15.67:0/0)
2024-04-23T18:15:04.879 INFO:teuthology.orchestra.run.smithi067.stdout:/usr/bin/ceph: stderr
2024-04-23T18:14:58.166+0000 7f7aef7fe700 1 -- 172.21.15.67:0/1412096070 --> [v2:172.21.15.67:3300/0,v1:172.21.15.67:6789/0] -- mon_subscribe({config=0+,monmap=0+}) -- 0x7f7af019ec30 con 0x7f7af01086a0
2024-04-23T18:15:04.879 INFO:teuthology.orchestra.run.smithi067.stdout:/usr/bin/ceph: stderr
2024-04-23T18:14:58.166+0000 7f7aef7fe700 1 --2- 172.21.15.67:0/1412096070 >> [v2:172.21.15.67:3300/0,v1:172.21.15.67:6789/0] conn(0x7f7af01086a0 0x7f7af019e6f0 secure :-1 s=READY pgs=60 cs=0 l=1 rev1=1 crypto rx=0x7f7ae40119f0 tx=0x7f7ae4011ad0 comp rx=0 tx=0).ready entity=mon.0 client_cookie=0 server_cookie=0 in_seq=0 out_seq=0
2024-04-23T18:15:04.879 INFO:teuthology.orchestra.run.smithi067.stdout:/usr/bin/ceph: stderr
2024-04-23T18:14:58.166+0000 7f7aecff9700 1 -- 172.21.15.67:0/1412096070 <== mon.0 v2:172.21.15.67:3300/0 1 ==== mon_map magic: 0 ==== 205+0+0 (secure 0 0 0) 0x7f7ae40039e0 con 0x7f7af01086a0
2024-04-23T18:15:04.879 INFO:teuthology.orchestra.run.smithi067.stdout:/usr/bin/ceph: stderr
2024-04-23T18:14:58.166+0000 7f7aecff9700 1 -- 172.21.15.67:0/1412096070 <== mon.0 v2:172.21.15.67:3300/0 2 ==== config(26 keys) ==== 1101+0+0 (secure 0 0 0) 0x7f7ae401b8f0 con 0x7f7af01086a0
2024-04-23T18:15:04.879 INFO:teuthology.orchestra.run.smithi067.stdout:/usr/bin/ceph: stderr
2024-04-23T18:14:58.166+0000 7f7af6207700 1 -- 172.21.15.67:0/1412096070 --> [v2:172.21.15.67:3300/0,v1:172.21.15.67:6789/0] -- mon_subscribe({mgrmap=0+}) -- 0x7f7af019eec0 con 0x7f7af01086a0
2024-04-23T18:15:04.879 INFO:teuthology.orchestra.run.smithi067.stdout:/usr/bin/ceph: stderr
2024-04-23T18:14:58.166+0000 7f7aecff9700 1 -- 172.21.15.67:0/1412096070 <== mon.0 v2:172.21.15.67:3300/0 3 ==== mon_map magic: 0 ==== 205+0+0 (secure 0 0 0) 0x7f7ae40237a0 con 0x7f7af01086a0
2024-04-23T18:15:04.879 INFO:teuthology.orchestra.run.smithi067.stdout:/usr/bin/ceph: stderr
2024-04-23T18:14:58.166+0000 7f7af6207700 1 -- 172.21.15.67:0/1412096070 --> [v2:172.21.15.67:3300/0,v1:172.21.15.67:6789/0] -- mon_subscribe({osdmap=0}) -- 0x7f7af01a1bb0 con 0x7f7af01086a0
2024-04-23T18:15:04.879 INFO:teuthology.orchestra.run.smithi067.stdout:/usr/bin/ceph: stderr
2024-04-23T18:14:58.167+0000 7f7aecff9700 1 -- 172.21.15.67:0/1412096070 <== mon.0 v2:172.21.15.67:3300/0 4 ==== mgrmap(e 9) ==== 46571+0+0 (secure 0 0 0) 0x7f7ae4023a50 con 0x7f7af01086a0
2024-04-23T18:15:04.879 INFO:teuthology.orchestra.run.smithi067.stdout:/usr/bin/ceph: stderr
2024-04-23T18:14:58.167+0000 7f7aecff9700 1 --2- 172.21.15.67:0/1412096070 >> [v2:172.21.15.67:6800/2643681411,v1:172.21.15.67:6801/2643681411] conn(0x7f7ad8039610 0x7f7ad803bad0 unknown :-1 s=NONE pgs=0 cs=0 l=1 rev1=0 crypto rx=0 tx=0 comp rx=0 tx=0).connect
2024-04-23T18:15:04.879 INFO:teuthology.orchestra.run.smithi067.stdout:/usr/bin/ceph: stderr
2024-04-23T18:14:58.167+0000 7f7af6207700 1 -- 172.21.15.67:0/1412096070 --> [v2:172.21.15.67:6800/2643681411,v1:172.21.15.67:6801/2643681411] -- command(tid 0: {"prefix": "get_command_descriptions"}) -- 0x7f7af00640a0 con 0x7f7ad8039610
2024-04-23T18:15:04.880 INFO:teuthology.orchestra.run.smithi067.stdout:/usr/bin/ceph: stderr
2024-04-23T18:14:58.167+0000 7f7aecff9700 1 -- 172.21.15.67:0/1412096070 <== mon.0 v2:172.21.15.67:3300/0 5 ==== osd_map(2..2 src has 1..2) ==== 940+0+0 (secure 0 0 0) 0x7f7ae404df70 con 0x7f7af01086a0
2024-04-23T18:15:04.880 INFO:teuthology.orchestra.run.smithi067.stdout:/usr/bin/ceph: stderr
2024-04-23T18:14:58.167+0000 7f7aeeffd700 1 -- 172.21.15.67:0/1412096070 >> [v2:172.21.15.67:6800/2643681411,v1:172.21.15.67:6801/2643681411] conn(0x7f7ad8039610 msgr2=0x7f7ad803bad0 unknown :-1 s=STATE_CONNECTING_RE l=1).process reconnect failed to v2:172.21.15.67:6800/2643681411
2024-04-23T18:15:04.880 INFO:teuthology.orchestra.run.smithi067.stdout:/usr/bin/ceph: stderr
2024-04-23T18:14:58.167+0000 7f7aeeffd700 1 --2- 172.21.15.67:0/1412096070 >> [v2:172.21.15.67:6800/2643681411,v1:172.21.15.67:6801/2643681411] conn(0x7f7ad8039610 0x7f7ad803bad0 unknown :-1 s=START_CONNECT pgs=0 cs=0 l=1 rev1=0 crypto rx=0 tx=0 comp rx=0 tx=0)._fault waiting 0.200000
2024-04-23T18:15:04.880 INFO:teuthology.orchestra.run.smithi067.stdout:/usr/bin/ceph: stderr
2024-04-23T18:14:58.368+0000 7f7aeeffd700 1 -- 172.21.15.67:0/1412096070 >> [v2:172.21.15.67:6800/2643681411,v1:172.21.15.67:6801/2643681411] conn(0x7f7ad8039610 msgr2=0x7f7ad803bad0 unknown :-1 s=STATE_CONNECTING_RE l=1).process reconnect failed to v2:172.21.15.67:6800/2643681411
2024-04-23T18:15:04.880 INFO:teuthology.orchestra.run.smithi067.stdout:/usr/bin/ceph: stderr
2024-04-23T18:14:58.368+0000 7f7aeeffd700 1 --2- 172.21.15.67:0/1412096070 >> [v2:172.21.15.67:6800/2643681411,v1:172.21.15.67:6801/2643681411] conn(0x7f7ad8039610 0x7f7ad803bad0 unknown :-1 s=START_CONNECT pgs=0 cs=0 l=1 rev1=0 crypto rx=0 tx=0 comp rx=0 tx=0)._fault waiting 0.400000
2024-04-23T18:15:04.880 INFO:teuthology.orchestra.run.smithi067.stdout:/usr/bin/ceph: stderr
2024-04-23T18:14:58.769+0000 7f7aeeffd700 1 -- 172.21.15.67:0/1412096070 >> [v2:172.21.15.67:6800/2643681411,v1:172.21.15.67:6801/2643681411] conn(0x7f7ad8039610 msgr2=0x7f7ad803bad0 unknown :-1 s=STATE_CONNECTING_RE l=1).process reconnect failed to v2:172.21.15.67:6800/2643681411
2024-04-23T18:15:04.880 INFO:teuthology.orchestra.run.smithi067.stdout:/usr/bin/ceph: stderr
2024-04-23T18:14:58.769+0000 7f7aeeffd700 1 --2- 172.21.15.67:0/1412096070 >> [v2:172.21.15.67:6800/2643681411,v1:172.21.15.67:6801/2643681411] conn(0x7f7ad8039610 0x7f7ad803bad0 unknown :-1 s=START_CONNECT pgs=0 cs=0 l=1 rev1=0 crypto rx=0 tx=0 comp rx=0 tx=0)._fault waiting 0.800000
2024-04-23T18:15:04.880 INFO:teuthology.orchestra.run.smithi067.stdout:/usr/bin/ceph: stderr
2024-04-23T18:14:59.570+0000 7f7aeeffd700 1 -- 172.21.15.67:0/1412096070 >> [v2:172.21.15.67:6800/2643681411,v1:172.21.15.67:6801/2643681411] conn(0x7f7ad8039610 msgr2=0x7f7ad803bad0 unknown :-1 s=STATE_CONNECTING_RE l=1).process reconnect failed to v2:172.21.15.67:6800/2643681411
2024-04-23T18:15:04.880 INFO:teuthology.orchestra.run.smithi067.stdout:/usr/bin/ceph: stderr
2024-04-23T18:14:59.570+0000 7f7aeeffd700 1 --2- 172.21.15.67:0/1412096070 >> [v2:172.21.15.67:6800/2643681411,v1:172.21.15.67:6801/2643681411] conn(0x7f7ad8039610 0x7f7ad803bad0 unknown :-1 s=START_CONNECT pgs=0 cs=0 l=1 rev1=0 crypto rx=0 tx=0 comp rx=0 tx=0)._fault waiting 1.600000
2024-04-23T18:15:04.880 INFO:teuthology.orchestra.run.smithi067.stdout:/usr/bin/ceph: stderr
2024-04-23T18:15:01.171+0000 7f7aeeffd700 1 -- 172.21.15.67:0/1412096070 >> [v2:172.21.15.67:6800/2643681411,v1:172.21.15.67:6801/2643681411] conn(0x7f7ad8039610 msgr2=0x7f7ad803bad0 unknown :-1 s=STATE_CONNECTING_RE l=1).process reconnect failed to v2:172.21.15.67:6800/2643681411
2024-04-23T18:15:04.880 INFO:teuthology.orchestra.run.smithi067.stdout:/usr/bin/ceph: stderr
2024-04-23T18:15:01.171+0000 7f7aeeffd700 1 --2- 172.21.15.67:0/1412096070 >> [v2:172.21.15.67:6800/2643681411,v1:172.21.15.67:6801/2643681411] conn(0x7f7ad8039610 0x7f7ad803bad0 unknown :-1 s=START_CONNECT pgs=0 cs=0 l=1 rev1=0 crypto rx=0 tx=0 comp rx=0 tx=0)._fault waiting 3.200000
2024-04-23T18:15:04.880 INFO:teuthology.orchestra.run.smithi067.stdout:/usr/bin/ceph: stderr
2024-04-23T18:15:02.847+0000 7f7aecff9700 1 -- 172.21.15.67:0/1412096070 <== mon.0 v2:172.21.15.67:3300/0 6 ==== mgrmap(e 10) ==== 46338+0+0 (secure 0 0 0) 0x7f7ae402c910 con 0x7f7af01086a0
2024-04-23T18:15:04.880 INFO:teuthology.orchestra.run.smithi067.stdout:/usr/bin/ceph: stderr
2024-04-23T18:15:02.847+0000 7f7aecff9700 1 -- 172.21.15.67:0/1412096070 >> [v2:172.21.15.67:6800/2643681411,v1:172.21.15.67:6801/2643681411] conn(0x7f7ad8039610 msgr2=0x7f7ad803bad0 unknown :-1 s=STATE_CONNECTING l=1).mark_down
2024-04-23T18:15:04.881 INFO:teuthology.orchestra.run.smithi067.stdout:/usr/bin/ceph: stderr
2024-04-23T18:15:02.847+0000 7f7aecff9700 1 --2- 172.21.15.67:0/1412096070 >> [v2:172.21.15.67:6800/2643681411,v1:172.21.15.67:6801/2643681411] conn(0x7f7ad8039610 0x7f7ad803bad0 unknown :-1 s=START_CONNECT pgs=0 cs=0 l=1 rev1=0 crypto rx=0 tx=0 comp rx=0 tx=0).stop
2024-04-23T18:15:04.881 INFO:teuthology.orchestra.run.smithi067.stdout:/usr/bin/ceph: stderr
2024-04-23T18:15:03.847+0000 7f7aecff9700 1 -- 172.21.15.67:0/1412096070 <== mon.0 v2:172.21.15.67:3300/0 7 ==== mgrmap(e 11) ==== 46465+0+0 (secure 0 0 0) 0x7f7ae4021d40 con 0x7f7af01086a0
2024-04-23T18:15:04.881 INFO:teuthology.orchestra.run.smithi067.stdout:/usr/bin/ceph: stderr
2024-04-23T18:15:03.848+0000 7f7aecff9700 1 --2- 172.21.15.67:0/1412096070 >> [v2:172.21.15.67:6800/1046744271,v1:172.21.15.67:6801/1046744271] conn(0x7f7ad803cea0 0x7f7ad803f290 unknown :-1 s=NONE pgs=0 cs=0 l=1 rev1=0 crypto rx=0 tx=0 comp rx=0 tx=0).connect
2024-04-23T18:15:04.881 INFO:teuthology.orchestra.run.smithi067.stdout:/usr/bin/ceph: stderr
2024-04-23T18:15:03.848+0000 7f7aecff9700 1 -- 172.21.15.67:0/1412096070 --> [v2:172.21.15.67:6800/1046744271,v1:172.21.15.67:6801/1046744271] -- command(tid 0: {"prefix": "get_command_descriptions"}) -- 0x7f7ae4047090 con 0x7f7ad803cea0
2024-04-23T18:15:04.881 INFO:teuthology.orchestra.run.smithi067.stdout:/usr/bin/ceph: stderr
2024-04-23T18:15:03.848+0000 7f7aeeffd700 1 --2- 172.21.15.67:0/1412096070 >> [v2:172.21.15.67:6800/1046744271,v1:172.21.15.67:6801/1046744271] conn(0x7f7ad803cea0 0x7f7ad803f290 unknown :-1 s=BANNER_CONNECTING pgs=0 cs=0 l=1 rev1=0 crypto rx=0 tx=0 comp rx=0 tx=0)._handle_peer_banner_payload supported=3 required=0
2024-04-23T18:15:04.881 INFO:teuthology.orchestra.run.smithi067.stdout:/usr/bin/ceph: stderr
