2024-04-23T18:14:50.089+0000 7f46277fe700 1 -- 172.21.15.67:0/3004991987 <== mon.0 v2:172.21.15.67:3300/0 3 ==== mon_map magic: 0 ==== 205+0+0 (secure 0 0 0) 0x7f4628024610 con 0x7f4638109130
2024-04-23T18:14:50.902 INFO:teuthology.orchestra.run.smithi067.stdout:/usr/bin/ceph: stderr
2024-04-23T18:14:50.089+0000 7f463cf28700 1 -- 172.21.15.67:0/3004991987 --> [v2:172.21.15.67:3300/0,v1:172.21.15.67:6789/0] -- mon_subscribe({osdmap=0}) -- 0x7f463819f9f0 con 0x7f4638109130
2024-04-23T18:14:50.902 INFO:teuthology.orchestra.run.smithi067.stdout:/usr/bin/ceph: stderr
2024-04-23T18:14:50.090+0000 7f46277fe700 1 -- 172.21.15.67:0/3004991987 <== mon.0 v2:172.21.15.67:3300/0 4 ==== mgrmap(e 8) ==== 46558+0+0 (secure 0 0 0) 0x7f4628024840 con 0x7f4638109130
2024-04-23T18:14:50.902 INFO:teuthology.orchestra.run.smithi067.stdout:/usr/bin/ceph: stderr
2024-04-23T18:14:50.090+0000 7f463cf28700 1 -- 172.21.15.67:0/3004991987 --> [v2:172.21.15.67:3300/0,v1:172.21.15.67:6789/0] -- mon_command({"prefix": "get_command_descriptions"} v 0) -- 0x7f46380640a0 con 0x7f4638109130
2024-04-23T18:14:50.903 INFO:teuthology.orchestra.run.smithi067.stdout:/usr/bin/ceph: stderr
2024-04-23T18:14:50.090+0000 7f46277fe700 1 --2- 172.21.15.67:0/3004991987 >> [v2:172.21.15.67:6800/2643681411,v1:172.21.15.67:6801/2643681411] conn(0x7f4620039600 0x7f462003bac0 unknown :-1 s=NONE pgs=0 cs=0 l=1 rev1=0 crypto rx=0 tx=0 comp rx=0 tx=0).connect
2024-04-23T18:14:50.903 INFO:teuthology.orchestra.run.smithi067.stdout:/usr/bin/ceph: stderr
2024-04-23T18:14:50.090+0000 7f46277fe700 1 -- 172.21.15.67:0/3004991987 <== mon.0 v2:172.21.15.67:3300/0 5 ==== osd_map(2..2 src has 1..2) ==== 940+0+0 (secure 0 0 0) 0x7f462804da30 con 0x7f4638109130
2024-04-23T18:14:50.903 INFO:teuthology.orchestra.run.smithi067.stdout:/usr/bin/ceph: stderr
2024-04-23T18:14:50.090+0000 7f4635d9b700 1 --2- 172.21.15.67:0/3004991987 >> [v2:172.21.15.67:6800/2643681411,v1:172.21.15.67:6801/2643681411] conn(0x7f4620039600 0x7f462003bac0 unknown :-1 s=BANNER_CONNECTING pgs=0 cs=0 l=1 rev1=0 crypto rx=0 tx=0 comp rx=0 tx=0)._handle_peer_banner_payload supported=3 required=0
2024-04-23T18:14:50.903 INFO:teuthology.orchestra.run.smithi067.stdout:/usr/bin/ceph: stderr
2024-04-23T18:14:50.091+0000 7f4635d9b700 1 --2- 172.21.15.67:0/3004991987 >> [v2:172.21.15.67:6800/2643681411,v1:172.21.15.67:6801/2643681411] conn(0x7f4620039600 0x7f462003bac0 secure :-1 s=READY pgs=13 cs=0 l=1 rev1=1 crypto rx=0x7f462c006fd0 tx=0x7f462c006e40 comp rx=0 tx=0).ready entity=mgr.14118 client_cookie=0 server_cookie=0 in_seq=0 out_seq=0
2024-04-23T18:14:50.903 INFO:teuthology.orchestra.run.smithi067.stdout:/usr/bin/ceph: stderr
2024-04-23T18:14:50.095+0000 7f46277fe700 1 -- 172.21.15.67:0/3004991987 <== mon.0 v2:172.21.15.67:3300/0 6 ==== mon_command_ack([{"prefix": "get_command_descriptions"}]=0 v0) ==== 72+0+188370 (secure 0 0 0) 0x7f462802d910 con 0x7f4638109130
2024-04-23T18:14:50.903 INFO:teuthology.orchestra.run.smithi067.stdout:/usr/bin/ceph: stderr
2024-04-23T18:14:50.322+0000 7f463cf28700 1 -- 172.21.15.67:0/3004991987 --> [v2:172.21.15.67:6800/2643681411,v1:172.21.15.67:6801/2643681411] -- mgr_command(tid 0: {"prefix": "orch apply", "service_type": "mgr", "unmanaged": true, "target": ["mon-mgr", ""]}) -- 0x7f4638103d80 con 0x7f4620039600
2024-04-23T18:14:50.903 INFO:teuthology.orchestra.run.smithi067.stdout:/usr/bin/ceph: stderr
2024-04-23T18:14:50.328+0000 7f46277fe700 1 -- 172.21.15.67:0/3004991987 <== mgr.14118 v2:172.21.15.67:6800/2643681411 1 ==== mgr_command_reply(tid 0: 0 ) ==== 8+0+24 (secure 0 0 0) 0x7f4638103d80 con 0x7f4620039600
2024-04-23T18:14:50.903 INFO:teuthology.orchestra.run.smithi067.stdout:/usr/bin/ceph: stderr
2024-04-23T18:14:50.330+0000 7f463cf28700 1 -- 172.21.15.67:0/3004991987 >> [v2:172.21.15.67:6800/2643681411,v1:172.21.15.67:6801/2643681411] conn(0x7f4620039600 msgr2=0x7f462003bac0 secure :-1 s=STATE_CONNECTION_ESTABLISHED l=1).mark_down
2024-04-23T18:14:50.904 INFO:teuthology.orchestra.run.smithi067.stdout:/usr/bin/ceph: stderr
2024-04-23T18:14:50.330+0000 7f463cf28700 1 --2- 172.21.15.67:0/3004991987 >> [v2:172.21.15.67:6800/2643681411,v1:172.21.15.67:6801/2643681411] conn(0x7f4620039600 0x7f462003bac0 secure :-1 s=READY pgs=13 cs=0 l=1 rev1=1 crypto rx=0x7f462c006fd0 tx=0x7f462c006e40 comp rx=0 tx=0).stop
2024-04-23T18:14:50.904 INFO:teuthology.orchestra.run.smithi067.stdout:/usr/bin/ceph: stderr
2024-04-23T18:14:50.330+0000 7f463cf28700 1 -- 172.21.15.67:0/3004991987 >> [v2:172.21.15.67:3300/0,v1:172.21.15.67:6789/0] conn(0x7f4638109130 msgr2=0x7f463819c530 secure :-1 s=STATE_CONNECTION_ESTABLISHED l=1).mark_down
2024-04-23T18:14:50.904 INFO:teuthology.orchestra.run.smithi067.stdout:/usr/bin/ceph: stderr
2024-04-23T18:14:50.330+0000 7f463cf28700 1 --2- 172.21.15.67:0/3004991987 >> [v2:172.21.15.67:3300/0,v1:172.21.15.67:6789/0] conn(0x7f4638109130 0x7f463819c530 secure :-1 s=READY pgs=48 cs=0 l=1 rev1=1 crypto rx=0x7f4628011ac0 tx=0x7f4628011ba0 comp rx=0 tx=0).stop
2024-04-23T18:14:50.904 INFO:teuthology.orchestra.run.smithi067.stdout:/usr/bin/ceph: stderr
2024-04-23T18:14:50.331+0000 7f463cf28700 1 -- 172.21.15.67:0/3004991987 shutdown_connections
2024-04-23T18:14:50.904 INFO:teuthology.orchestra.run.smithi067.stdout:/usr/bin/ceph: stderr
2024-04-23T18:14:50.331+0000 7f463cf28700 1 --2- 172.21.15.67:0/3004991987 >> [v2:172.21.15.67:6800/2643681411,v1:172.21.15.67:6801/2643681411] conn(0x7f4620039600 0x7f462003bac0 unknown :-1 s=CLOSED pgs=13 cs=0 l=1 rev1=1 crypto rx=0 tx=0 comp rx=0 tx=0).stop
2024-04-23T18:14:50.904 INFO:teuthology.orchestra.run.smithi067.stdout:/usr/bin/ceph: stderr
2024-04-23T18:14:50.331+0000 7f463cf28700 1 --2- 172.21.15.67:0/3004991987 >> [v2:172.21.15.67:3300/0,v1:172.21.15.67:6789/0] conn(0x7f4638109130 0x7f463819c530 unknown :-1 s=CLOSED pgs=48 cs=0 l=1 rev1=1 crypto rx=0 tx=0 comp rx=0 tx=0).stop
2024-04-23T18:14:50.904 INFO:teuthology.orchestra.run.smithi067.stdout:/usr/bin/ceph: stderr
2024-04-23T18:14:50.331+0000 7f463cf28700 1 -- 172.21.15.67:0/3004991987 >> 172.21.15.67:0/3004991987 conn(0x7f4638102b80 msgr2=0x7f4638103670 unknown :-1 s=STATE_NONE l=0).mark_down
2024-04-23T18:14:50.904 INFO:teuthology.orchestra.run.smithi067.stdout:/usr/bin/ceph: stderr
2024-04-23T18:14:50.331+0000 7f463cf28700 1 -- 172.21.15.67:0/3004991987 shutdown_connections
2024-04-23T18:14:50.904 INFO:teuthology.orchestra.run.smithi067.stdout:/usr/bin/ceph: stderr
2024-04-23T18:14:50.331+0000 7f463cf28700 1 -- 172.21.15.67:0/3004991987 wait complete.
2024-04-23T18:14:51.578 INFO:journalctl@ceph.mon.a.smithi067.stdout:Apr 23 18:14:51 smithi067 ceph-mon[29230]: from='client.14142 -' entity='client.admin' cmd=[{"prefix": "orch apply", "service_type": "mgr", "unmanaged": true, "target": ["mon-mgr", ""]}]: dispatch
2024-04-23T18:14:51.578 INFO:journalctl@ceph.mon.a.smithi067.stdout:Apr 23 18:14:51 smithi067 ceph-mon[29230]: Saving service mgr spec with placement count:2
2024-04-23T18:14:51.578 INFO:journalctl@ceph.mon.a.smithi067.stdout:Apr 23 18:14:51 smithi067 ceph-mon[29230]: from='mgr.14118 172.21.15.67:0/4275766666' entity='mgr.x'
2024-04-23T18:14:52.947 INFO:journalctl@ceph.mon.a.smithi067.stdout:Apr 23 18:14:52 smithi067 ceph-mon[29230]: from='mgr.14118 172.21.15.67:0/4275766666' entity='mgr.x'
2024-04-23T18:14:52.947 INFO:journalctl@ceph.mon.a.smithi067.stdout:Apr 23 18:14:52 smithi067 ceph-mon[29230]: from='mgr.14118 172.21.15.67:0/4275766666' entity='mgr.x'
2024-04-23T18:14:52.947 INFO:journalctl@ceph.mon.a.smithi067.stdout:Apr 23 18:14:52 smithi067 ceph-mon[29230]: from='client.? 172.21.15.67:0/2601543124' entity='client.admin'
2024-04-23T18:14:52.954 INFO:teuthology.orchestra.run.smithi067.stdout:/usr/bin/ceph: stderr
2024-04-23T18:14:52.122+0000 7f0190467700 1 Processor -- start
2024-04-23T18:14:52.955 INFO:teuthology.orchestra.run.smithi067.stdout:/usr/bin/ceph: stderr
2024-04-23T18:14:52.123+0000 7f0190467700 1 -- start start
2024-04-23T18:14:52.955 INFO:teuthology.orchestra.run.smithi067.stdout:/usr/bin/ceph: stderr
2024-04-23T18:14:52.123+0000 7f0190467700 1 --2- >> [v2:172.21.15.67:3300/0,v1:172.21.15.67:6789/0] conn(0x7f01881090e0 0x7f018810b4d0 unknown :-1 s=NONE pgs=0 cs=0 l=0 rev1=0 crypto rx=0 tx=0 comp rx=0 tx=0).connect
2024-04-23T18:14:52.955 INFO:teuthology.orchestra.run.smithi067.stdout:/usr/bin/ceph: stderr
2024-04-23T18:14:52.123+0000 7f0190467700 1 -- --> [v2:172.21.15.67:3300/0,v1:172.21.15.67:6789/0] -- mon_getmap magic: 0 -- 0x7f018807ce50 con 0x7f01881090e0
2024-04-23T18:14:52.955 INFO:teuthology.orchestra.run.smithi067.stdout:/usr/bin/ceph: stderr
2024-04-23T18:14:52.123+0000 7f018e203700 1 --2- >> [v2:172.21.15.67:3300/0,v1:172.21.15.67:6789/0] conn(0x7f01881090e0 0x7f018810b4d0 unknown :-1 s=BANNER_CONNECTING pgs=0 cs=0 l=0 rev1=0 crypto rx=0 tx=0 comp rx=0 tx=0)._handle_peer_banner_payload supported=3 required=0
2024-04-23T18:14:52.955 INFO:teuthology.orchestra.run.smithi067.stdout:/usr/bin/ceph: stderr
2024-04-23T18:14:52.123+0000 7f018e203700 1 --2- >> [v2:172.21.15.67:3300/0,v1:172.21.15.67:6789/0] conn(0x7f01881090e0 0x7f018810b4d0 unknown :-1 s=HELLO_CONNECTING pgs=0 cs=0 l=0 rev1=1 crypto rx=0 tx=0 comp rx=0 tx=0).handle_hello peer v2:172.21.15.67:3300/0 says I am v2:172.21.15.67:41828/0 (socket says 172.21.15.67:41828)
2024-04-23T18:14:52.955 INFO:teuthology.orchestra.run.smithi067.stdout:/usr/bin/ceph: stderr
2024-04-23T18:14:52.123+0000 7f018e203700 1 -- 172.21.15.67:0/3993638961 learned_addr learned my addr 172.21.15.67:0/3993638961 (peer_addr_for_me v2:172.21.15.67:0/0)
2024-04-23T18:14:52.955 INFO:teuthology.orchestra.run.smithi067.stdout:/usr/bin/ceph: stderr
2024-04-23T18:14:52.124+0000 7f018e203700 1 -- 172.21.15.67:0/3993638961 --> [v2:172.21.15.67:3300/0,v1:172.21.15.67:6789/0] -- mon_subscribe({config=0+,monmap=0+}) -- 0x7f018810ba10 con 0x7f01881090e0
2024-04-23T18:14:52.955 INFO:teuthology.orchestra.run.smithi067.stdout:/usr/bin/ceph: stderr
2024-04-23T18:14:52.124+0000 7f018e203700 1 --2- 172.21.15.67:0/3993638961 >> [v2:172.21.15.67:3300/0,v1:172.21.15.67:6789/0] conn(0x7f01881090e0 0x7f018810b4d0 secure :-1 s=READY pgs=49 cs=0 l=1 rev1=1 crypto rx=0x7f01840098a0 tx=0x7f0184009bb0 comp rx=0 tx=0).ready entity=mon.0 client_cookie=421eb846552e60a7 server_cookie=0 in_seq=0 out_seq=0
2024-04-23T18:14:52.955 INFO:teuthology.orchestra.run.smithi067.stdout:/usr/bin/ceph: stderr
2024-04-23T18:14:52.124+0000 7f018d201700 1 -- 172.21.15.67:0/3993638961 <== mon.0 v2:172.21.15.67:3300/0 1 ==== mon_map magic: 0 ==== 205+0+0 (secure 0 0 0) 0x7f0184004160 con 0x7f01881090e0
2024-04-23T18:14:52.955 INFO:teuthology.orchestra.run.smithi067.stdout:/usr/bin/ceph: stderr
2024-04-23T18:14:52.124+0000 7f018d201700 1 -- 172.21.15.67:0/3993638961 <== mon.0 v2:172.21.15.67:3300/0 2 ==== config(26 keys) ==== 1101+0+0 (secure 0 0 0) 0x7f0184004300 con 0x7f01881090e0
2024-04-23T18:14:52.955 INFO:teuthology.orchestra.run.smithi067.stdout:/usr/bin/ceph: stderr
2024-04-23T18:14:52.124+0000 7f018d201700 1 -- 172.21.15.67:0/3993638961 <== mon.0 v2:172.21.15.67:3300/0 3 ==== mon_map magic: 0 ==== 205+0+0 (secure 0 0 0) 0x7f0184011a20 con 0x7f01881090e0
2024-04-23T18:14:52.955 INFO:teuthology.orchestra.run.smithi067.stdout:/usr/bin/ceph: stderr
2024-04-23T18:14:52.125+0000 7f0190467700 1 -- 172.21.15.67:0/3993638961 >> [v2:172.21.15.67:3300/0,v1:172.21.15.67:6789/0] conn(0x7f01881090e0 msgr2=0x7f018810b4d0 secure :-1 s=STATE_CONNECTION_ESTABLISHED l=1).mark_down
2024-04-23T18:14:52.956 INFO:teuthology.orchestra.run.smithi067.stdout:/usr/bin/ceph: stderr
2024-04-23T18:14:52.125+0000 7f0190467700 1 --2- 172.21.15.67:0/3993638961 >> [v2:172.21.15.67:3300/0,v1:172.21.15.67:6789/0] conn(0x7f01881090e0 0x7f018810b4d0 secure :-1 s=READY pgs=49 cs=0 l=1 rev1=1 crypto rx=0x7f01840098a0 tx=0x7f0184009bb0 comp rx=0 tx=0).stop
2024-04-23T18:14:52.956 INFO:teuthology.orchestra.run.smithi067.stdout:/usr/bin/ceph: stderr
2024-04-23T18:14:52.125+0000 7f0190467700 1 -- 172.21.15.67:0/3993638961 shutdown_connections
2024-04-23T18:14:52.956 INFO:teuthology.orchestra.run.smithi067.stdout:/usr/bin/ceph: stderr
2024-04-23T18:14:52.125+0000 7f0190467700 1 --2- 172.21.15.67:0/3993638961 >> [v2:172.21.15.67:3300/0,v1:172.21.15.67:6789/0] conn(0x7f01881090e0 0x7f018810b4d0 unknown :-1 s=CLOSED pgs=49 cs=0 l=1 rev1=1 crypto rx=0 tx=0 comp rx=0 tx=0).stop
2024-04-23T18:14:52.956 INFO:teuthology.orchestra.run.smithi067.stdout:/usr/bin/ceph: stderr
2024-04-23T18:14:52.125+0000 7f0190467700 1 -- 172.21.15.67:0/3993638961 >> 172.21.15.67:0/3993638961 conn(0x7f0188102b10 msgr2=0x7f0188104f30 unknown :-1 s=STATE_NONE l=0).mark_down
2024-04-23T18:14:52.956 INFO:teuthology.orchestra.run.smithi067.stdout:/usr/bin/ceph: stderr
2024-04-23T18:14:52.125+0000 7f0190467700 1 -- 172.21.15.67:0/3993638961 shutdown_connections
2024-04-23T18:14:52.956 INFO:teuthology.orchestra.run.smithi067.stdout:/usr/bin/ceph: stderr
2024-04-23T18:14:52.125+0000 7f0190467700 1 -- 172.21.15.67:0/3993638961 wait complete.
2024-04-23T18:14:52.956 INFO:teuthology.orchestra.run.smithi067.stdout:/usr/bin/ceph: stderr
2024-04-23T18:14:52.126+0000 7f0190467700 1 Processor -- start
2024-04-23T18:14:52.956 INFO:teuthology.orchestra.run.smithi067.stdout:/usr/bin/ceph: stderr
2024-04-23T18:14:52.126+0000 7f0190467700 1 -- start start
2024-04-23T18:14:52.956 INFO:teuthology.orchestra.run.smithi067.stdout:/usr/bin/ceph: stderr
2024-04-23T18:14:52.126+0000 7f0190467700 1 --2- >> [v2:172.21.15.67:3300/0,v1:172.21.15.67:6789/0] conn(0x7f01881090e0 0x7f018819c4b0 unknown :-1 s=NONE pgs=0 cs=0 l=1 rev1=0 crypto rx=0 tx=0 comp rx=0 tx=0).connect
2024-04-23T18:14:52.956 INFO:teuthology.orchestra.run.smithi067.stdout:/usr/bin/ceph: stderr
2024-04-23T18:14:52.126+0000 7f0190467700 1 -- --> [v2:172.21.15.67:3300/0,v1:172.21.15.67:6789/0] -- mon_getmap magic: 0 -- 0x7f018810c9c0 con 0x7f01881090e0
2024-04-23T18:14:52.956 INFO:teuthology.orchestra.run.smithi067.stdout:/usr/bin/ceph: stderr
2024-04-23T18:14:52.126+0000 7f018e203700 1 --2- >> [v2:172.21.15.67:3300/0,v1:172.21.15.67:6789/0] conn(0x7f01881090e0 0x7f018819c4b0 unknown :-1 s=BANNER_CONNECTING pgs=0 cs=0 l=1 rev1=0 crypto rx=0 tx=0 comp rx=0 tx=0)._handle_peer_banner_payload supported=3 required=0
2024-04-23T18:14:52.956 INFO:teuthology.orchestra.run.smithi067.stdout:/usr/bin/ceph: stderr
2024-04-23T18:14:52.126+0000 7f018e203700 1 --2- >> [v2:172.21.15.67:3300/0,v1:172.21.15.67:6789/0] conn(0x7f01881090e0 0x7f018819c4b0 unknown :-1 s=HELLO_CONNECTING pgs=0 cs=0 l=1 rev1=1 crypto rx=0 tx=0 comp rx=0 tx=0).handle_hello peer v2:172.21.15.67:3300/0 says I am v2:172.21.15.67:41838/0 (socket says 172.21.15.67:41838)
2024-04-23T18:14:52.956 INFO:teuthology.orchestra.run.smithi067.stdout:/usr/bin/ceph: stderr
2024-04-23T18:14:52.126+0000 7f018e203700 1 -- 172.21.15.67:0/2601543124 learned_addr learned my addr 172.21.15.67:0/2601543124 (peer_addr_for_me v2:172.21.15.67:0/0)
2024-04-23T18:14:52.957 INFO:teuthology.orchestra.run.smithi067.stdout:/usr/bin/ceph: stderr
2024-04-23T18:14:52.127+0000 7f018e203700 1 -- 172.21.15.67:0/2601543124 --> [v2:172.21.15.67:3300/0,v1:172.21.15.67:6789/0] -- mon_subscribe({config=0+,monmap=0+}) -- 0x7f018819c9f0 con 0x7f01881090e0
2024-04-23T18:14:52.957 INFO:teuthology.orchestra.run.smithi067.stdout:/usr/bin/ceph: stderr
2024-04-23T18:14:52.127+0000 7f018e203700 1 --2- 172.21.15.67:0/2601543124 >> [v2:172.21.15.67:3300/0,v1:172.21.15.67:6789/0] conn(0x7f01881090e0 0x7f018819c4b0 secure :-1 s=READY pgs=50 cs=0 l=1 rev1=1 crypto rx=0x7f0184004660 tx=0x7f0184011aa0 comp rx=0 tx=0).ready entity=mon.0 client_cookie=0 server_cookie=0 in_seq=0 out_seq=0
2024-04-23T18:14:52.957 INFO:teuthology.orchestra.run.smithi067.stdout:/usr/bin/ceph: stderr
2024-04-23T18:14:52.127+0000 7f017f7fe700 1 -- 172.21.15.67:0/2601543124 <== mon.0 v2:172.21.15.67:3300/0 1 ==== mon_map magic: 0 ==== 205+0+0 (secure 0 0 0) 0x7f0184003aa0 con 0x7f01881090e0
2024-04-23T18:14:52.957 INFO:teuthology.orchestra.run.smithi067.stdout:/usr/bin/ceph: stderr
2024-04-23T18:14:52.127+0000 7f0190467700 1 -- 172.21.15.67:0/2601543124 --> [v2:172.21.15.67:3300/0,v1:172.21.15.67:6789/0] -- mon_subscribe({mgrmap=0+}) -- 0x7f018819cc80 con 0x7f01881090e0
2024-04-23T18:14:52.957 INFO:teuthology.orchestra.run.smithi067.stdout:/usr/bin/ceph: stderr
2024-04-23T18:14:52.127+0000 7f017f7fe700 1 -- 172.21.15.67:0/2601543124 <== mon.0 v2:172.21.15.67:3300/0 2 ==== config(26 keys) ==== 1101+0+0 (secure 0 0 0) 0x7f018401b8f0 con 0x7f01881090e0
2024-04-23T18:14:52.957 INFO:teuthology.orchestra.run.smithi067.stdout:/usr/bin/ceph: stderr
2024-04-23T18:14:52.127+0000 7f017f7fe700 1 -- 172.21.15.67:0/2601543124 <== mon.0 v2:172.21.15.67:3300/0 3 ==== mon_map magic: 0 ==== 205+0+0 (secure 0 0 0) 0x7f0184023900 con 0x7f01881090e0
2024-04-23T18:14:52.957 INFO:teuthology.orchestra.run.smithi067.stdout:/usr/bin/ceph: stderr
2024-04-23T18:14:52.127+0000 7f0190467700 1 -- 172.21.15.67:0/2601543124 --> [v2:172.21.15.67:3300/0,v1:172.21.15.67:6789/0] -- mon_subscribe({osdmap=0}) -- 0x7f018819f970 con 0x7f01881090e0
2024-04-23T18:14:52.957 INFO:teuthology.orchestra.run.smithi067.stdout:/usr/bin/ceph: stderr
2024-04-23T18:14:52.128+0000 7f017f7fe700 1 -- 172.21.15.67:0/2601543124 <== mon.0 v2:172.21.15.67:3300/0 4 ==== mgrmap(e 8) ==== 46558+0+0 (secure 0 0 0) 0x7f0184023bc0 con 0x7f01881090e0
2024-04-23T18:14:52.957 INFO:teuthology.orchestra.run.smithi067.stdout:/usr/bin/ceph: stderr
2024-04-23T18:14:52.128+0000 7f0190467700 1 -- 172.21.15.67:0/2601543124 --> [v2:172.21.15.67:3300/0,v1:172.21.15.67:6789/0] -- mon_command({"prefix": "get_command_descriptions"} v 0) -- 0x7f01880640a0 con 0x7f01881090e0
2024-04-23T18:14:52.957 INFO:teuthology.orchestra.run.smithi067.stdout:/usr/bin/ceph: stderr
2024-04-23T18:14:52.128+0000 7f017f7fe700 1 --2- 172.21.15.67:0/2601543124 >> [v2:172.21.15.67:6800/2643681411,v1:172.21.15.67:6801/2643681411] conn(0x7f01740395b0 0x7f017403ba70 unknown :-1 s=NONE pgs=0 cs=0 l=1 rev1=0 crypto rx=0 tx=0 comp rx=0 tx=0).connect
2024-04-23T18:14:52.957 INFO:teuthology.orchestra.run.smithi067.stdout:/usr/bin/ceph: stderr
2024-04-23T18:14:52.128+0000 7f017f7fe700 1 -- 172.21.15.67:0/2601543124 <== mon.0 v2:172.21.15.67:3300/0 5 ==== osd_map(2..2 src has 1..2) ==== 940+0+0 (secure 0 0 0) 0x7f018404df50 con 0x7f01881090e0
2024-04-23T18:14:52.958 INFO:teuthology.orchestra.run.smithi067.stdout:/usr/bin/ceph: stderr
2024-04-23T18:14:52.129+0000 7f018da02700 1 --2- 172.21.15.67:0/2601543124 >> [v2:172.21.15.67:6800/2643681411,v1:172.21.15.67:6801/2643681411] conn(0x7f01740395b0 0x7f017403ba70 unknown :-1 s=BANNER_CONNECTING pgs=0 cs=0 l=1 rev1=0 crypto rx=0 tx=0 comp rx=0 tx=0)._handle_peer_banner_payload supported=3 required=0
2024-04-23T18:14:52.958 INFO:teuthology.orchestra.run.smithi067.stdout:/usr/bin/ceph: stderr
2024-04-23T18:14:52.129+0000 7f018da02700 1 --2- 172.21.15.67:0/2601543124 >> [v2:172.21.15.67:6800/2643681411,v1:172.21.15.67:6801/2643681411] conn(0x7f01740395b0 0x7f017403ba70 secure :-1 s=READY pgs=14 cs=0 l=1 rev1=1 crypto rx=0x7f0178006fd0 tx=0x7f0178006e40 comp rx=0 tx=0).ready entity=mgr.14118 client_cookie=0 server_cookie=0 in_seq=0 out_seq=0
2024-04-23T18:14:52.958 INFO:teuthology.orchestra.run.smithi067.stdout:/usr/bin/ceph: stderr
2024-04-23T18:14:52.133+0000 7f017f7fe700 1 -- 172.21.15.67:0/2601543124 <== mon.0 v2:172.21.15.67:3300/0 6 ==== mon_command_ack([{"prefix": "get_command_descriptions"}]=0 v0) ==== 72+0+188370 (secure 0 0 0) 0x7f018401f030 con 0x7f01881090e0
2024-04-23T18:14:52.958 INFO:teuthology.orchestra.run.smithi067.stdout:/usr/bin/ceph: stderr
2024-04-23T18:14:52.347+0000 7f0190467700 1 -- 172.21.15.67:0/2601543124 --> [v2:172.21.15.67:3300/0,v1:172.21.15.67:6789/0] -- mon_command([{prefix=config set, name=mgr/cephadm/container_init}] v 0) -- 0x7f018819ff70 con 0x7f01881090e0
2024-04-23T18:14:52.958 INFO:teuthology.orchestra.run.smithi067.stdout:/usr/bin/ceph: stderr
2024-04-23T18:14:52.350+0000 7f017f7fe700 1 -- 172.21.15.67:0/2601543124 <== mon.0 v2:172.21.15.67:3300/0 7 ==== mon_command_ack([{prefix=config set, name=mgr/cephadm/container_init}]=0 v7)=0 v7) ==== 142+0+0 (secure 0 0 0) 0x7f0184018e30 con 0x7f01881090e0
2024-04-23T18:14:52.958 INFO:teuthology.orchestra.run.smithi067.stdout:/usr/bin/ceph: stderr
2024-04-23T18:14:52.353+0000 7f0190467700 1 -- 172.21.15.67:0/2601543124 >> [v2:172.21.15.67:6800/2643681411,v1:172.21.15.67:6801/2643681411] conn(0x7f01740395b0 msgr2=0x7f017403ba70 secure :-1 s=STATE_CONNECTION_ESTABLISHED l=1).mark_down
2024-04-23T18:14:52.958 INFO:teuthology.orchestra.run.smithi067.stdout:/usr/bin/ceph: stderr
2024-04-23T18:14:52.353+0000 7f0190467700 1 --2- 172.21.15.67:0/2601543124 >> [v2:172.21.15.67:6800/2643681411,v1:172.21.15.67:6801/2643681411] conn(0x7f01740395b0 0x7f017403ba70 secure :-1 s=READY pgs=14 cs=0 l=1 rev1=1 crypto rx=0x7f0178006fd0 tx=0x7f0178006e40 comp rx=0 tx=0).stop
2024-04-23T18:14:52.958 INFO:teuthology.orchestra.run.smithi067.stdout:/usr/bin/ceph: stderr
2024-04-23T18:14:52.353+0000 7f0190467700 1 -- 172.21.15.67:0/2601543124 >> [v2:172.21.15.67:3300/0,v1:172.21.15.67:6789/0] conn(0x7f01881090e0 msgr2=0x7f018819c4b0 secure :-1 s=STATE_CONNECTION_ESTABLISHED l=1).mark_down
2024-04-23T18:14:52.958 INFO:teuthology.orchestra.run.smithi067.stdout:/usr/bin/ceph: stderr
2024-04-23T18:14:52.353+0000 7f0190467700 1 --2- 172.21.15.67:0/2601543124 >> [v2:172.21.15.67:3300/0,v1:172.21.15.67:6789/0] conn(0x7f01881090e0 0x7f018819c4b0 secure :-1 s=READY pgs=50 cs=0 l=1 rev1=1 crypto rx=0x7f0184004660 tx=0x7f0184011aa0 comp rx=0 tx=0).stop
2024-04-23T18:14:52.958 INFO:teuthology.orchestra.run.smithi067.stdout:/usr/bin/ceph: stderr
2024-04-23T18:14:52.353+0000 7f0190467700 1 -- 172.21.15.67:0/2601543124 shutdown_connections
2024-04-23T18:14:52.958 INFO:teuthology.orchestra.run.smithi067.stdout:/usr/bin/ceph: stderr
2024-04-23T18:14:52.353+0000 7f0190467700 1 --2- 172.21.15.67:0/2601543124 >> [v2:172.21.15.67:6800/2643681411,v1:172.21.15.67:6801/2643681411] conn(0x7f01740395b0 0x7f017403ba70 unknown :-1 s=CLOSED pgs=14 cs=0 l=1 rev1=1 crypto rx=0 tx=0 comp rx=0 tx=0).stop
2024-04-23T18:14:52.958 INFO:teuthology.orchestra.run.smithi067.stdout:/usr/bin/ceph: stderr
2024-04-23T18:14:52.353+0000 7f0190467700 1 --2- 172.21.15.67:0/2601543124 >> [v2:172.21.15.67:3300/0,v1:172.21.15.67:6789/0] conn(0x7f01881090e0 0x7f018819c4b0 unknown :-1 s=CLOSED pgs=50 cs=0 l=1 rev1=1 crypto rx=0 tx=0 comp rx=0 tx=0).stop
2024-04-23T18:14:52.958 INFO:teuthology.orchestra.run.smithi067.stdout:/usr/bin/ceph: stderr
2024-04-23T18:14:52.353+0000 7f0190467700 1 -- 172.21.15.67:0/2601543124 >> 172.21.15.67:0/2601543124 conn(0x7f0188102b10 msgr2=0x7f0188103640 unknown :-1 s=STATE_NONE l=0).mark_down
2024-04-23T18:14:52.959 INFO:teuthology.orchestra.run.smithi067.stdout:/usr/bin/ceph: stderr
2024-04-23T18:14:52.353+0000 7f0190467700 1 -- 172.21.15.67:0/2601543124 shutdown_connections
2024-04-23T18:14:52.959 INFO:teuthology.orchestra.run.smithi067.stdout:/usr/bin/ceph: stderr
2024-04-23T18:14:52.353+0000 7f0190467700 1 -- 172.21.15.67:0/2601543124 wait complete.
2024-04-23T18:14:54.902 INFO:journalctl@ceph.mon.a.smithi067.stdout:Apr 23 18:14:54 smithi067 ceph-mon[29230]: from='client.? 172.21.15.67:0/2440220628' entity='client.admin'
2024-04-23T18:14:54.902 INFO:journalctl@ceph.mon.a.smithi067.stdout:Apr 23 18:14:54 smithi067 ceph-mon[29230]: from='mgr.14118 172.21.15.67:0/4275766666' entity='mgr.x'
2024-04-23T18:14:54.910 INFO:teuthology.orchestra.run.smithi067.stdout:/usr/bin/ceph: stderr
2024-04-23T18:14:53.390+0000 7ffa7f7f0700 1 Processor -- start
2024-04-23T18:14:54.910 INFO:teuthology.orchestra.run.smithi067.stdout:/usr/bin/ceph: stderr
2024-04-23T18:14:53.390+0000 7ffa7f7f0700 1 -- start start
2024-04-23T18:14:54.910 INFO:teuthology.orchestra.run.smithi067.stdout:/usr/bin/ceph: stderr
2024-04-23T18:14:53.391+0000 7ffa7f7f0700 1 --2- >> [v2:172.21.15.67:3300/0,v1:172.21.15.67:6789/0] conn(0x7ffa78108610 0x7ffa78108a30 unknown :-1 s=NONE pgs=0 cs=0 l=0 rev1=0 crypto rx=0 tx=0 comp rx=0 tx=0).connect
2024-04-23T18:14:54.910 INFO:teuthology.orchestra.run.smithi067.stdout:/usr/bin/ceph: stderr
2024-04-23T18:14:53.391+0000 7ffa7f7f0700 1 -- --> [v2:172.21.15.67:3300/0,v1:172.21.15.67:6789/0] -- mon_getmap magic: 0 -- 0x7ffa78109000 con 0x7ffa78108610
2024-04-23T18:14:54.910 INFO:teuthology.orchestra.run.smithi067.stdout:/usr/bin/ceph: stderr
2024-04-23T18:14:53.391+0000 7ffa7d58c700 1 --2- >> [v2:172.21.15.67:3300/0,v1:172.21.15.67:6789/0] conn(0x7ffa78108610 0x7ffa78108a30 unknown :-1 s=BANNER_CONNECTING pgs=0 cs=0 l=0 rev1=0 crypto rx=0 tx=0 comp rx=0 tx=0)._handle_peer_banner_payload supported=3 required=0
2024-04-23T18:14:54.910 INFO:teuthology.orchestra.run.smithi067.stdout:/usr/bin/ceph: stderr
2024-04-23T18:14:53.391+0000 7ffa7d58c700 1 --2- >> [v2:172.21.15.67:3300/0,v1:172.21.15.67:6789/0] conn(0x7ffa78108610 0x7ffa78108a30 unknown :-1 s=HELLO_CONNECTING pgs=0 cs=0 l=0 rev1=1 crypto rx=0 tx=0 comp rx=0 tx=0).handle_hello peer v2:172.21.15.67:3300/0 says I am v2:172.21.15.67:41844/0 (socket says 172.21.15.67:41844)
2024-04-23T18:14:54.910 INFO:teuthology.orchestra.run.smithi067.stdout:/usr/bin/ceph: stderr
2024-04-23T18:14:53.391+0000 7ffa7d58c700 1 -- 172.21.15.67:0/1697356653 learned_addr learned my addr 172.21.15.67:0/1697356653 (peer_addr_for_me v2:172.21.15.67:0/0)
2024-04-23T18:14:54.910 INFO:teuthology.orchestra.run.smithi067.stdout:/usr/bin/ceph: stderr
2024-04-23T18:14:53.391+0000 7ffa7d58c700 1 -- 172.21.15.67:0/1697356653 --> [v2:172.21.15.67:3300/0,v1:172.21.15.67:6789/0] -- mon_subscribe({config=0+,monmap=0+}) -- 0x7ffa78109810 con 0x7ffa78108610
2024-04-23T18:14:54.910 INFO:teuthology.orchestra.run.smithi067.stdout:/usr/bin/ceph: stderr
2024-04-23T18:14:53.391+0000 7ffa7d58c700 1 --2- 172.21.15.67:0/1697356653 >> [v2:172.21.15.67:3300/0,v1:172.21.15.67:6789/0] conn(0x7ffa78108610 0x7ffa78108a30 secure :-1 s=READY pgs=51 cs=0 l=1 rev1=1 crypto rx=0x7ffa680098a0 tx=0x7ffa68009bb0 comp rx=0 tx=0).ready entity=mon.0 client_cookie=4185145a09e5471 server_cookie=0 in_seq=0 out_seq=0
2024-04-23T18:14:54.910 INFO:teuthology.orchestra.run.smithi067.stdout:/usr/bin/ceph: stderr
2024-04-23T18:14:53.391+0000 7ffa6ffff700 1 -- 172.21.15.67:0/1697356653 <== mon.0 v2:172.21.15.67:3300/0 1 ==== mon_map magic: 0 ==== 205+0+0 (secure 0 0 0) 0x7ffa68004160 con 0x7ffa78108610
2024-04-23T18:14:54.911 INFO:teuthology.orchestra.run.smithi067.stdout:/usr/bin/ceph: stderr
2024-04-23T18:14:53.392+0000 7ffa6ffff700 1 -- 172.21.15.67:0/1697356653 <== mon.0 v2:172.21.15.67:3300/0 2 ==== config(26 keys) ==== 1101+0+0 (secure 0 0 0) 0x7ffa68004300 con 0x7ffa78108610
2024-04-23T18:14:54.911 INFO:teuthology.orchestra.run.smithi067.stdout:/usr/bin/ceph: stderr
2024-04-23T18:14:53.392+0000 7ffa6ffff700 1 -- 172.21.15.67:0/1697356653 <== mon.0 v2:172.21.15.67:3300/0 3 ==== mon_map magic: 0 ==== 205+0+0 (secure 0 0 0) 0x7ffa68011a20 con 0x7ffa78108610
2024-04-23T18:14:54.911 INFO:teuthology.orchestra.run.smithi067.stdout:/usr/bin/ceph: stderr
2024-04-23T18:14:53.392+0000 7ffa7f7f0700 1 -- 172.21.15.67:0/1697356653 >> [v2:172.21.15.67:3300/0,v1:172.21.15.67:6789/0] conn(0x7ffa78108610 msgr2=0x7ffa78108a30 secure :-1 s=STATE_CONNECTION_ESTABLISHED l=1).mark_down
2024-04-23T18:14:54.911 INFO:teuthology.orchestra.run.smithi067.stdout:/usr/bin/ceph: stderr
2024-04-23T18:14:53.392+0000 7ffa7f7f0700 1 --2- 172.21.15.67:0/1697356653 >> [v2:172.21.15.67:3300/0,v1:172.21.15.67:6789/0] conn(0x7ffa78108610 0x7ffa78108a30 secure :-1 s=READY pgs=51 cs=0 l=1 rev1=1 crypto rx=0x7ffa680098a0 tx=0x7ffa68009bb0 comp rx=0 tx=0).stop
2024-04-23T18:14:54.911 INFO:teuthology.orchestra.run.smithi067.stdout:/usr/bin/ceph: stderr
2024-04-23T18:14:53.392+0000 7ffa7f7f0700 1 -- 172.21.15.67:0/1697356653 shutdown_connections
2024-04-23T18:14:54.911 INFO:teuthology.orchestra.run.smithi067.stdout:/usr/bin/ceph: stderr
2024-04-23T18:14:53.392+0000 7ffa7f7f0700 1 --2- 172.21.15.67:0/1697356653 >> [v2:172.21.15.67:3300/0,v1:172.21.15.67:6789/0] conn(0x7ffa78108610 0x7ffa78108a30 unknown :-1 s=CLOSED pgs=51 cs=0 l=1 rev1=1 crypto rx=0 tx=0 comp rx=0 tx=0).stop
2024-04-23T18:14:54.911 INFO:teuthology.orchestra.run.smithi067.stdout:/usr/bin/ceph: stderr
2024-04-23T18:14:53.392+0000 7ffa7f7f0700 1 -- 172.21.15.67:0/1697356653 >> 172.21.15.67:0/1697356653 conn(0x7ffa78103c70 msgr2=0x7ffa78106090 unknown :-1 s=STATE_NONE l=0).mark_down
2024-04-23T18:14:54.911 INFO:teuthology.orchestra.run.smithi067.stdout:/usr/bin/ceph: stderr
2024-04-23T18:14:53.392+0000 7ffa7f7f0700 1 -- 172.21.15.67:0/1697356653 shutdown_connections
2024-04-23T18:14:54.911 INFO:teuthology.orchestra.run.smithi067.stdout:/usr/bin/ceph: stderr
2024-04-23T18:14:53.392+0000 7ffa7f7f0700 1 -- 172.21.15.67:0/1697356653 wait complete.
2024-04-23T18:14:54.911 INFO:teuthology.orchestra.run.smithi067.stdout:/usr/bin/ceph: stderr
2024-04-23T18:14:53.393+0000 7ffa7f7f0700 1 Processor -- start
2024-04-23T18:14:54.911 INFO:teuthology.orchestra.run.smithi067.stdout:/usr/bin/ceph: stderr
2024-04-23T18:14:53.393+0000 7ffa7f7f0700 1 -- start start
2024-04-23T18:14:54.911 INFO:teuthology.orchestra.run.smithi067.stdout:/usr/bin/ceph: stderr
2024-04-23T18:14:53.393+0000 7ffa7f7f0700 1 --2- >> [v2:172.21.15.67:3300/0,v1:172.21.15.67:6789/0] conn(0x7ffa78108610 0x7ffa7819c4b0 unknown :-1 s=NONE pgs=0 cs=0 l=1 rev1=0 crypto rx=0 tx=0 comp rx=0 tx=0).connect
2024-04-23T18:14:54.911 INFO:teuthology.orchestra.run.smithi067.stdout:/usr/bin/ceph: stderr
2024-04-23T18:14:53.393+0000 7ffa7f7f0700 1 -- --> [v2:172.21.15.67:3300/0,v1:172.21.15.67:6789/0] -- mon_getmap magic: 0 -- 0x7ffa7810cbc0 con 0x7ffa78108610
2024-04-23T18:14:54.912 INFO:teuthology.orchestra.run.smithi067.stdout:/usr/bin/ceph: stderr
2024-04-23T18:14:53.393+0000 7ffa7d58c700 1 --2- >> [v2:172.21.15.67:3300/0,v1:172.21.15.67:6789/0] conn(0x7ffa78108610 0x7ffa7819c4b0 unknown :-1 s=BANNER_CONNECTING pgs=0 cs=0 l=1 rev1=0 crypto rx=0 tx=0 comp rx=0 tx=0)._handle_peer_banner_payload supported=3 required=0
2024-04-23T18:14:54.912 INFO:teuthology.orchestra.run.smithi067.stdout:/usr/bin/ceph: stderr
2024-04-23T18:14:53.393+0000 7ffa7d58c700 1 --2- >> [v2:172.21.15.67:3300/0,v1:172.21.15.67:6789/0] conn(0x7ffa78108610 0x7ffa7819c4b0 unknown :-1 s=HELLO_CONNECTING pgs=0 cs=0 l=1 rev1=1 crypto rx=0 tx=0 comp rx=0 tx=0).handle_hello peer v2:172.21.15.67:3300/0 says I am v2:172.21.15.67:41848/0 (socket says 172.21.15.67:41848)
2024-04-23T18:14:54.912 INFO:teuthology.orchestra.run.smithi067.stdout:/usr/bin/ceph: stderr
2024-04-23T18:14:53.393+0000 7ffa7d58c700 1 -- 172.21.15.67:0/2440220628 learned_addr learned my addr 172.21.15.67:0/2440220628 (peer_addr_for_me v2:172.21.15.67:0/0)
2024-04-23T18:14:54.912 INFO:teuthology.orchestra.run.smithi067.stdout:/usr/bin/ceph: stderr
2024-04-23T18:14:53.393+0000 7ffa7d58c700 1 -- 172.21.15.67:0/2440220628 --> [v2:172.21.15.67:3300/0,v1:172.21.15.67:6789/0] -- mon_subscribe({config=0+,monmap=0+}) -- 0x7ffa7819c9f0 con 0x7ffa78108610
2024-04-23T18:14:54.912 INFO:teuthology.orchestra.run.smithi067.stdout:/usr/bin/ceph: stderr
2024-04-23T18:14:53.394+0000 7ffa7d58c700 1 --2- 172.21.15.67:0/2440220628 >> [v2:172.21.15.67:3300/0,v1:172.21.15.67:6789/0] conn(0x7ffa78108610 0x7ffa7819c4b0 secure :-1 s=READY pgs=52 cs=0 l=1 rev1=1 crypto rx=0x7ffa68000c00 tx=0x7ffa68011aa0 comp rx=0 tx=0).ready entity=mon.0 client_cookie=0 server_cookie=0 in_seq=0 out_seq=0
2024-04-23T18:14:54.912 INFO:teuthology.orchestra.run.smithi067.stdout:/usr/bin/ceph: stderr
2024-04-23T18:14:53.394+0000 7ffa6e7fc700 1 -- 172.21.15.67:0/2440220628 <== mon.0 v2:172.21.15.67:3300/0 1 ==== mon_map magic: 0 ==== 205+0+0 (secure 0 0 0) 0x7ffa68003aa0 con 0x7ffa78108610
2024-04-23T18:14:54.912 INFO:teuthology.orchestra.run.smithi067.stdout:/usr/bin/ceph: stderr
2024-04-23T18:14:53.394+0000 7ffa6e7fc700 1 -- 172.21.15.67:0/2440220628 <== mon.0 v2:172.21.15.67:3300/0 2 ==== config(26 keys) ==== 1101+0+0 (secure 0 0 0) 0x7ffa6801b8f0 con 0x7ffa78108610
2024-04-23T18:14:54.912 INFO:teuthology.orchestra.run.smithi067.stdout:/usr/bin/ceph: stderr
2024-04-23T18:14:53.394+0000 7ffa7f7f0700 1 -- 172.21.15.67:0/2440220628 --> [v2:172.21.15.67:3300/0,v1:172.21.15.67:6789/0] -- mon_subscribe({mgrmap=0+}) -- 0x7ffa7819cc80 con 0x7ffa78108610
2024-04-23T18:14:54.912 INFO:teuthology.orchestra.run.smithi067.stdout:/usr/bin/ceph: stderr
2024-04-23T18:14:53.394+0000 7ffa7f7f0700 1 -- 172.21.15.67:0/2440220628 --> [v2:172.21.15.67:3300/0,v1:172.21.15.67:6789/0] -- mon_subscribe({osdmap=0}) -- 0x7ffa7819f970 con 0x7ffa78108610
2024-04-23T18:14:54.912 INFO:teuthology.orchestra.run.smithi067.stdout:/usr/bin/ceph: stderr
2024-04-23T18:14:53.394+0000 7ffa6e7fc700 1 -- 172.21.15.67:0/2440220628 <== mon.0 v2:172.21.15.67:3300/0 3 ==== mon_map magic: 0 ==== 205+0+0 (secure 0 0 0) 0x7ffa68023890 con 0x7ffa78108610
2024-04-23T18:14:54.912 INFO:teuthology.orchestra.run.smithi067.stdout:/usr/bin/ceph: stderr
2024-04-23T18:14:53.395+0000 7ffa6e7fc700 1 -- 172.21.15.67:0/2440220628 <== mon.0 v2:172.21.15.67:3300/0 4 ==== mgrmap(e 8) ==== 46558+0+0 (secure 0 0 0) 0x7ffa6802c3f0 con 0x7ffa78108610
2024-04-23T18:14:54.912 INFO:teuthology.orchestra.run.smithi067.stdout:/usr/bin/ceph: stderr
2024-04-23T18:14:53.395+0000 7ffa6e7fc700 1 --2- 172.21.15.67:0/2440220628 >> [v2:172.21.15.67:6800/2643681411,v1:172.21.15.67:6801/2643681411] conn(0x7ffa640395b0 0x7ffa6403ba70 unknown :-1 s=NONE pgs=0 cs=0 l=1 rev1=0 crypto rx=0 tx=0 comp rx=0 tx=0).connect
2024-04-23T18:14:54.912 INFO:teuthology.orchestra.run.smithi067.stdout:/usr/bin/ceph: stderr
2024-04-23T18:14:53.395+0000 7ffa7f7f0700 1 -- 172.21.15.67:0/2440220628 --> [v2:172.21.15.67:3300/0,v1:172.21.15.67:6789/0] -- mon_command({"prefix": "get_command_descriptions"} v 0) -- 0x7ffa7810cd40 con 0x7ffa78108610
2024-04-23T18:14:54.913 INFO:teuthology.orchestra.run.smithi067.stdout:/usr/bin/ceph: stderr
2024-04-23T18:14:53.395+0000 7ffa6e7fc700 1 -- 172.21.15.67:0/2440220628 <== mon.0 v2:172.21.15.67:3300/0 5 ==== osd_map(2..2 src has 1..2) ==== 940+0+0 (secure 0 0 0) 0x7ffa6804dec0 con 0x7ffa78108610
2024-04-23T18:14:54.913 INFO:teuthology.orchestra.run.smithi067.stdout:/usr/bin/ceph: stderr
2024-04-23T18:14:53.395+0000 7ffa7cd8b700 1 --2- 172.21.15.67:0/2440220628 >> [v2:172.21.15.67:6800/2643681411,v1:172.21.15.67:6801/2643681411] conn(0x7ffa640395b0 0x7ffa6403ba70 unknown :-1 s=BANNER_CONNECTING pgs=0 cs=0 l=1 rev1=0 crypto rx=0 tx=0 comp rx=0 tx=0)._handle_peer_banner_payload supported=3 required=0
2024-04-23T18:14:54.913 INFO:teuthology.orchestra.run.smithi067.stdout:/usr/bin/ceph: stderr
2024-04-23T18:14:53.396+0000 7ffa7cd8b700 1 --2- 172.21.15.67:0/2440220628 >> [v2:172.21.15.67:6800/2643681411,v1:172.21.15.67:6801/2643681411] conn(0x7ffa640395b0 0x7ffa6403ba70 secure :-1 s=READY pgs=15 cs=0 l=1 rev1=1 crypto rx=0x7ffa74006fd0 tx=0x7ffa74006e40 comp rx=0 tx=0).ready entity=mgr.14118 client_cookie=0 server_cookie=0 in_seq=0 out_seq=0
2024-04-23T18:14:54.913 INFO:teuthology.orchestra.run.smithi067.stdout:/usr/bin/ceph: stderr
2024-04-23T18:14:53.400+0000 7ffa6e7fc700 1 -- 172.21.15.67:0/2440220628 <== mon.0 v2:172.21.15.67:3300/0 6 ==== mon_command_ack([{"prefix": "get_command_descriptions"}]=0 v0) ==== 72+0+188370 (secure 0 0 0) 0x7ffa6801f030 con 0x7ffa78108610
2024-04-23T18:14:54.913 INFO:teuthology.orchestra.run.smithi067.stdout:/usr/bin/ceph: stderr
2024-04-23T18:14:53.629+0000 7ffa7f7f0700 1 -- 172.21.15.67:0/2440220628 --> [v2:172.21.15.67:3300/0,v1:172.21.15.67:6789/0] -- mon_command([{prefix=config set, name=mgr/dashboard/ssl_server_port}] v 0) -- 0x7ffa780640a0 con 0x7ffa78108610
2024-04-23T18:14:54.913 INFO:teuthology.orchestra.run.smithi067.stdout:/usr/bin/ceph: stderr
2024-04-23T18:14:53.632+0000 7ffa6e7fc700 1 -- 172.21.15.67:0/2440220628 <== mon.0 v2:172.21.15.67:3300/0 7 ==== mon_command_ack([{prefix=config set, name=mgr/dashboard/ssl_server_port}]=0 v8)=0 v8) ==== 130+0+0 (secure 0 0 0) 0x7ffa6801bda0 con 0x7ffa78108610
2024-04-23T18:14:54.913 INFO:teuthology.orchestra.run.smithi067.stdout:/usr/bin/ceph: stderr
2024-04-23T18:14:53.634+0000 7ffa7f7f0700 1 -- 172.21.15.67:0/2440220628 >> [v2:172.21.15.67:6800/2643681411,v1:172.21.15.67:6801/2643681411] conn(0x7ffa640395b0 msgr2=0x7ffa6403ba70 secure :-1 s=STATE_CONNECTION_ESTABLISHED l=1).mark_down
2024-04-23T18:14:54.913 INFO:teuthology.orchestra.run.smithi067.stdout:/usr/bin/ceph: stderr
2024-04-23T18:14:53.634+0000 7ffa7f7f0700 1 --2- 172.21.15.67:0/2440220628 >> [v2:172.21.15.67:6800/2643681411,v1:172.21.15.67:6801/2643681411] conn(0x7ffa640395b0 0x7ffa6403ba70 secure :-1 s=READY pgs=15 cs=0 l=1 rev1=1 crypto rx=0x7ffa74006fd0 tx=0x7ffa74006e40 comp rx=0 tx=0).stop
2024-04-23T18:14:54.913 INFO:teuthology.orchestra.run.smithi067.stdout:/usr/bin/ceph: stderr
2024-04-23T18:14:53.634+0000 7ffa7f7f0700 1 -- 172.21.15.67:0/2440220628 >> [v2:172.21.15.67:3300/0,v1:172.21.15.67:6789/0] conn(0x7ffa78108610 msgr2=0x7ffa7819c4b0 secure :-1 s=STATE_CONNECTION_ESTABLISHED l=1).mark_down
2024-04-23T18:14:54.913 INFO:teuthology.orchestra.run.smithi067.stdout:/usr/bin/ceph: stderr
2024-04-23T18:14:53.634+0000 7ffa7f7f0700 1 --2- 172.21.15.67:0/2440220628 >> [v2:172.21.15.67:3300/0,v1:172.21.15.67:6789/0] conn(0x7ffa78108610 0x7ffa7819c4b0 secure :-1 s=READY pgs=52 cs=0 l=1 rev1=1 crypto rx=0x7ffa68000c00 tx=0x7ffa68011aa0 comp rx=0 tx=0).stop
2024-04-23T18:14:54.913 INFO:teuthology.orchestra.run.smithi067.stdout:/usr/bin/ceph: stderr
2024-04-23T18:14:53.634+0000 7ffa7f7f0700 1 -- 172.21.15.67:0/2440220628 shutdown_connections
2024-04-23T18:14:54.913 INFO:teuthology.orchestra.run.smithi067.stdout:/usr/bin/ceph: stderr
2024-04-23T18:14:53.634+0000 7ffa7f7f0700 1 --2- 172.21.15.67:0/2440220628 >> [v2:172.21.15.67:6800/2643681411,v1:172.21.15.67:6801/2643681411] conn(0x7ffa640395b0 0x7ffa6403ba70 unknown :-1 s=CLOSED pgs=15 cs=0 l=1 rev1=1 crypto rx=0 tx=0 comp rx=0 tx=0).stop
2024-04-23T18:14:54.913 INFO:teuthology.orchestra.run.smithi067.stdout:/usr/bin/ceph: stderr
2024-04-23T18:14:53.634+0000 7ffa7f7f0700 1 --2- 172.21.15.67:0/2440220628 >> [v2:172.21.15.67:3300/0,v1:172.21.15.67:6789/0] conn(0x7ffa78108610 0x7ffa7819c4b0 unknown :-1 s=CLOSED pgs=52 cs=0 l=1 rev1=1 crypto rx=0 tx=0 comp rx=0 tx=0).stop
2024-04-23T18:14:54.914 INFO:teuthology.orchestra.run.smithi067.stdout:/usr/bin/ceph: stderr
2024-04-23T18:14:53.634+0000 7ffa7f7f0700 1 -- 172.21.15.67:0/2440220628 >> 172.21.15.67:0/2440220628 conn(0x7ffa78103c70 msgr2=0x7ffa78104770 unknown :-1 s=STATE_NONE l=0).mark_down
2024-04-23T18:14:54.914 INFO:teuthology.orchestra.run.smithi067.stdout:/usr/bin/ceph: stderr
2024-04-23T18:14:53.634+0000 7ffa7f7f0700 1 -- 172.21.15.67:0/2440220628 shutdown_connections
2024-04-23T18:14:54.914 INFO:teuthology.orchestra.run.smithi067.stdout:/usr/bin/ceph: stderr
2024-04-23T18:14:53.634+0000 7ffa7f7f0700 1 -- 172.21.15.67:0/2440220628 wait complete.
2024-04-23T18:14:54.914 INFO:teuthology.orchestra.run.smithi067.stdout:Enabling the dashboard module...
2024-04-23T18:14:56.021 INFO:journalctl@ceph.mon.a.smithi067.stdout:Apr 23 18:14:55 smithi067 ceph-mon[29230]: from='client.? 172.21.15.67:0/2434616433' entity='client.admin' cmd=[{"prefix": "mgr module enable", "module": "dashboard"}]: dispatch
2024-04-23T18:14:56.021 INFO:journalctl@ceph.mgr.x.smithi067.stdout:Apr 23 18:14:55 smithi067 ceph-27995690-019d-11ef-bc93-c7b262605968-mgr-x[29462]: ignoring --setuser ceph since I am not root
2024-04-23T18:14:56.022 INFO:journalctl@ceph.mgr.x.smithi067.stdout:Apr 23 18:14:55 smithi067 ceph-27995690-019d-11ef-bc93-c7b262605968-mgr-x[29462]: ignoring --setgroup ceph since I am not root
2024-04-23T18:14:56.022 INFO:journalctl@ceph.mgr.x.smithi067.stdout:Apr 23 18:14:55 smithi067 ceph-27995690-019d-11ef-bc93-c7b262605968-mgr-x[29462]:
2024-04-23T18:14:55.880+0000 7f4fb0ae8200 -1 mgr[py] Module balancer has missing NOTIFY_TYPES member
2024-04-23T18:14:56.300 INFO:teuthology.orchestra.run.smithi067.stdout:/usr/bin/ceph: stderr
2024-04-23T18:14:55.356+0000 7f8c28d02700 1 Processor -- start
2024-04-23T18:14:56.301 INFO:teuthology.orchestra.run.smithi067.stdout:/usr/bin/ceph: stderr
2024-04-23T18:14:55.356+0000 7f8c28d02700 1 -- start start
2024-04-23T18:14:56.301 INFO:teuthology.orchestra.run.smithi067.stdout:/usr/bin/ceph: stderr
2024-04-23T18:14:55.357+0000 7f8c28d02700 1 --2- >> [v2:172.21.15.67:3300/0,v1:172.21.15.67:6789/0] conn(0x7f8c24108670 0x7f8c24108a90 unknown :-1 s=NONE pgs=0 cs=0 l=0 rev1=0 crypto rx=0 tx=0 comp rx=0 tx=0).connect
2024-04-23T18:14:56.301 INFO:teuthology.orchestra.run.smithi067.stdout:/usr/bin/ceph: stderr
2024-04-23T18:14:55.357+0000 7f8c28d02700 1 -- --> [v2:172.21.15.67:3300/0,v1:172.21.15.67:6789/0] -- mon_getmap magic: 0 -- 0x7f8c24109060 con 0x7f8c24108670
2024-04-23T18:14:56.301 INFO:teuthology.orchestra.run.smithi067.stdout:/usr/bin/ceph: stderr
2024-04-23T18:14:55.357+0000 7f8c2259c700 1 --2- >> [v2:172.21.15.67:3300/0,v1:172.21.15.67:6789/0] conn(0x7f8c24108670 0x7f8c24108a90 unknown :-1 s=BANNER_CONNECTING pgs=0 cs=0 l=0 rev1=0 crypto rx=0 tx=0 comp rx=0 tx=0)._handle_peer_banner_payload supported=3 required=0
2024-04-23T18:14:56.301 INFO:teuthology.orchestra.run.smithi067.stdout:/usr/bin/ceph: stderr
2024-04-23T18:14:55.357+0000 7f8c2259c700 1 --2- >> [v2:172.21.15.67:3300/0,v1:172.21.15.67:6789/0] conn(0x7f8c24108670 0x7f8c24108a90 unknown :-1 s=HELLO_CONNECTING pgs=0 cs=0 l=0 rev1=1 crypto rx=0 tx=0 comp rx=0 tx=0).handle_hello peer v2:172.21.15.67:3300/0 says I am v2:172.21.15.67:41862/0 (socket says 172.21.15.67:41862)
2024-04-23T18:14:56.301 INFO:teuthology.orchestra.run.smithi067.stdout:/usr/bin/ceph: stderr
2024-04-23T18:14:55.357+0000 7f8c2259c700 1 -- 172.21.15.67:0/3570066272 learned_addr learned my addr 172.21.15.67:0/3570066272 (peer_addr_for_me v2:172.21.15.67:0/0)
2024-04-23T18:14:56.301 INFO:teuthology.orchestra.run.smithi067.stdout:/usr/bin/ceph: stderr
2024-04-23T18:14:55.357+0000 7f8c2259c700 1 -- 172.21.15.67:0/3570066272 --> [v2:172.21.15.67:3300/0,v1:172.21.15.67:6789/0] -- mon_subscribe({config=0+,monmap=0+}) -- 0x7f8c24109870 con 0x7f8c24108670
2024-04-23T18:14:56.301 INFO:teuthology.orchestra.run.smithi067.stdout:/usr/bin/ceph: stderr
2024-04-23T18:14:55.357+0000 7f8c2259c700 1 --2- 172.21.15.67:0/3570066272 >> [v2:172.21.15.67:3300/0,v1:172.21.15.67:6789/0] conn(0x7f8c24108670 0x7f8c24108a90 secure :-1 s=READY pgs=53 cs=0 l=1 rev1=1 crypto rx=0x7f8c140098a0 tx=0x7f8c14009bb0 comp rx=0 tx=0).ready entity=mon.0 client_cookie=2b4c8b692f77b710 server_cookie=0 in_seq=0 out_seq=0
2024-04-23T18:14:56.301 INFO:teuthology.orchestra.run.smithi067.stdout:/usr/bin/ceph: stderr
2024-04-23T18:14:55.358+0000 7f8c2159a700 1 -- 172.21.15.67:0/3570066272 <== mon.0 v2:172.21.15.67:3300/0 1 ==== mon_map magic: 0 ==== 205+0+0 (secure 0 0 0) 0x7f8c14004160 con 0x7f8c24108670
2024-04-23T18:14:56.301 INFO:teuthology.orchestra.run.smithi067.stdout:/usr/bin/ceph: stderr
2024-04-23T18:14:55.358+0000 7f8c2159a700 1 -- 172.21.15.67:0/3570066272 <== mon.0 v2:172.21.15.67:3300/0 2 ==== config(26 keys) ==== 1101+0+0 (secure 0 0 0) 0x7f8c14004300 con 0x7f8c24108670
2024-04-23T18:14:56.301 INFO:teuthology.orchestra.run.smithi067.stdout:/usr/bin/ceph: stderr
2024-04-23T18:14:55.358+0000 7f8c2159a700 1 -- 172.21.15.67:0/3570066272 <== mon.0 v2:172.21.15.67:3300/0 3 ==== mon_map magic: 0 ==== 205+0+0 (secure 0 0 0) 0x7f8c14011a20 con 0x7f8c24108670
2024-04-23T18:14:56.301 INFO:teuthology.orchestra.run.smithi067.stdout:/usr/bin/ceph: stderr
2024-04-23T18:14:55.358+0000 7f8c28d02700 1 -- 172.21.15.67:0/3570066272 >> [v2:172.21.15.67:3300/0,v1:172.21.15.67:6789/0] conn(0x7f8c24108670 msgr2=0x7f8c24108a90 secure :-1 s=STATE_CONNECTION_ESTABLISHED l=1).mark_down
2024-04-23T18:14:56.302 INFO:teuthology.orchestra.run.smithi067.stdout:/usr/bin/ceph: stderr
2024-04-23T18:14:55.358+0000 7f8c28d02700 1 --2- 172.21.15.67:0/3570066272 >> [v2:172.21.15.67:3300/0,v1:172.21.15.67:6789/0] conn(0x7f8c24108670 0x7f8c24108a90 secure :-1 s=READY pgs=53 cs=0 l=1 rev1=1 crypto rx=0x7f8c140098a0 tx=0x7f8c14009bb0 comp rx=0 tx=0).stop
2024-04-23T18:14:56.302 INFO:teuthology.orchestra.run.smithi067.stdout:/usr/bin/ceph: stderr
2024-04-23T18:14:55.358+0000 7f8c28d02700 1 -- 172.21.15.67:0/3570066272 shutdown_connections
2024-04-23T18:14:56.302 INFO:teuthology.orchestra.run.smithi067.stdout:/usr/bin/ceph: stderr
2024-04-23T18:14:55.358+0000 7f8c28d02700 1 --2- 172.21.15.67:0/3570066272 >> [v2:172.21.15.67:3300/0,v1:172.21.15.67:6789/0] conn(0x7f8c24108670 0x7f8c24108a90 unknown :-1 s=CLOSED pgs=53 cs=0 l=1 rev1=1 crypto rx=0 tx=0 comp rx=0 tx=0).stop
2024-04-23T18:14:56.302 INFO:teuthology.orchestra.run.smithi067.stdout:/usr/bin/ceph: stderr
2024-04-23T18:14:55.358+0000 7f8c28d02700 1 -- 172.21.15.67:0/3570066272 >> 172.21.15.67:0/3570066272 conn(0x7f8c24103c30 msgr2=0x7f8c24106050 unknown :-1 s=STATE_NONE l=0).mark_down
2024-04-23T18:14:56.302 INFO:teuthology.orchestra.run.smithi067.stdout:/usr/bin/ceph: stderr
2024-04-23T18:14:55.358+0000 7f8c28d02700 1 -- 172.21.15.67:0/3570066272 shutdown_connections
2024-04-23T18:14:56.302 INFO:teuthology.orchestra.run.smithi067.stdout:/usr/bin/ceph: stderr
2024-04-23T18:14:55.358+0000 7f8c28d02700 1 -- 172.21.15.67:0/3570066272 wait complete.
2024-04-23T18:14:56.302 INFO:teuthology.orchestra.run.smithi067.stdout:/usr/bin/ceph: stderr
2024-04-23T18:14:55.359+0000 7f8c28d02700 1 Processor -- start
2024-04-23T18:14:56.302 INFO:teuthology.orchestra.run.smithi067.stdout:/usr/bin/ceph: stderr
2024-04-23T18:14:55.359+0000 7f8c28d02700 1 -- start start
2024-04-23T18:14:56.302 INFO:teuthology.orchestra.run.smithi067.stdout:/usr/bin/ceph: stderr
2024-04-23T18:14:55.359+0000 7f8c28d02700 1 --2- >> [v2:172.21.15.67:3300/0,v1:172.21.15.67:6789/0] conn(0x7f8c24108670 0x7f8c2419c4e0 unknown :-1 s=NONE pgs=0 cs=0 l=1 rev1=0 crypto rx=0 tx=0 comp rx=0 tx=0).connect
2024-04-23T18:14:56.302 INFO:teuthology.orchestra.run.smithi067.stdout:/usr/bin/ceph: stderr
2024-04-23T18:14:55.359+0000 7f8c28d02700 1 -- --> [v2:172.21.15.67:3300/0,v1:172.21.15.67:6789/0] -- mon_getmap magic: 0 -- 0x7f8c2410cc20 con 0x7f8c24108670
2024-04-23T18:14:56.302 INFO:teuthology.orchestra.run.smithi067.stdout:/usr/bin/ceph: stderr
2024-04-23T18:14:55.359+0000 7f8c2259c700 1 --2- >> [v2:172.21.15.67:3300/0,v1:172.21.15.67:6789/0] conn(0x7f8c24108670 0x7f8c2419c4e0 unknown :-1 s=BANNER_CONNECTING pgs=0 cs=0 l=1 rev1=0 crypto rx=0 tx=0 comp rx=0 tx=0)._handle_peer_banner_payload supported=3 required=0
2024-04-23T18:14:56.302 INFO:teuthology.orchestra.run.smithi067.stdout:/usr/bin/ceph: stderr
2024-04-23T18:14:55.359+0000 7f8c2259c700 1 --2- >> [v2:172.21.15.67:3300/0,v1:172.21.15.67:6789/0] conn(0x7f8c24108670 0x7f8c2419c4e0 unknown :-1 s=HELLO_CONNECTING pgs=0 cs=0 l=1 rev1=1 crypto rx=0 tx=0 comp rx=0 tx=0).handle_hello peer v2:172.21.15.67:3300/0 says I am v2:172.21.15.67:41866/0 (socket says 172.21.15.67:41866)
2024-04-23T18:14:56.303 INFO:teuthology.orchestra.run.smithi067.stdout:/usr/bin/ceph: stderr
2024-04-23T18:14:55.359+0000 7f8c2259c700 1 -- 172.21.15.67:0/2434616433 learned_addr learned my addr 172.21.15.67:0/2434616433 (peer_addr_for_me v2:172.21.15.67:0/0)
2024-04-23T18:14:56.303 INFO:teuthology.orchestra.run.smithi067.stdout:/usr/bin/ceph: stderr
2024-04-23T18:14:55.360+0000 7f8c2259c700 1 -- 172.21.15.67:0/2434616433 --> [v2:172.21.15.67:3300/0,v1:172.21.15.67:6789/0] -- mon_subscribe({config=0+,monmap=0+}) -- 0x7f8c2419ca20 con 0x7f8c24108670
2024-04-23T18:14:56.303 INFO:teuthology.orchestra.run.smithi067.stdout:/usr/bin/ceph: stderr
2024-04-23T18:14:55.360+0000 7f8c2259c700 1 --2- 172.21.15.67:0/2434616433 >> [v2:172.21.15.67:3300/0,v1:172.21.15.67:6789/0] conn(0x7f8c24108670 0x7f8c2419c4e0 secure :-1 s=READY pgs=54 cs=0 l=1 rev1=1 crypto rx=0x7f8c140119f0 tx=0x7f8c14011ad0 comp rx=0 tx=0).ready entity=mon.0 client_cookie=0 server_cookie=0 in_seq=0 out_seq=0
2024-04-23T18:14:56.303 INFO:teuthology.orchestra.run.smithi067.stdout:/usr/bin/ceph: stderr
2024-04-23T18:14:55.360+0000 7f8c137fe700 1 -- 172.21.15.67:0/2434616433 <== mon.0 v2:172.21.15.67:3300/0 1 ==== mon_map magic: 0 ==== 205+0+0 (secure 0 0 0) 0x7f8c140039e0 con 0x7f8c24108670
2024-04-23T18:14:56.303 INFO:teuthology.orchestra.run.smithi067.stdout:/usr/bin/ceph: stderr
2024-04-23T18:14:55.360+0000 7f8c137fe700 1 -- 172.21.15.67:0/2434616433 <== mon.0 v2:172.21.15.67:3300/0 2 ==== config(26 keys) ==== 1101+0+0 (secure 0 0 0) 0x7f8c1401b8f0 con 0x7f8c24108670
2024-04-23T18:14:56.303 INFO:teuthology.orchestra.run.smithi067.stdout:/usr/bin/ceph: stderr
2024-04-23T18:14:55.360+0000 7f8c28d02700 1 -- 172.21.15.67:0/2434616433 --> [v2:172.21.15.67:3300/0,v1:172.21.15.67:6789/0] -- mon_subscribe({mgrmap=0+}) -- 0x7f8c2419ccb0 con 0x7f8c24108670
2024-04-23T18:14:56.303 INFO:teuthology.orchestra.run.smithi067.stdout:/usr/bin/ceph: stderr
2024-04-23T18:14:55.360+0000 7f8c137fe700 1 -- 172.21.15.67:0/2434616433 <== mon.0 v2:172.21.15.67:3300/0 3 ==== mon_map magic: 0 ==== 205+0+0 (secure 0 0 0) 0x7f8c140237a0 con 0x7f8c24108670
2024-04-23T18:14:56.303 INFO:teuthology.orchestra.run.smithi067.stdout:/usr/bin/ceph: stderr
2024-04-23T18:14:55.360+0000 7f8c28d02700 1 -- 172.21.15.67:0/2434616433 --> [v2:172.21.15.67:3300/0,v1:172.21.15.67:6789/0] -- mon_subscribe({osdmap=0}) -- 0x7f8c2419f9a0 con 0x7f8c24108670
2024-04-23T18:14:56.303 INFO:teuthology.orchestra.run.smithi067.stdout:/usr/bin/ceph: stderr
2024-04-23T18:14:55.361+0000 7f8c137fe700 1 -- 172.21.15.67:0/2434616433 <== mon.0 v2:172.21.15.67:3300/0 4 ==== mgrmap(e 8) ==== 46558+0+0 (secure 0 0 0) 0x7f8c14023a50 con 0x7f8c24108670
2024-04-23T18:14:56.303 INFO:teuthology.orchestra.run.smithi067.stdout:/usr/bin/ceph: stderr
2024-04-23T18:14:55.361+0000 7f8c28d02700 1 -- 172.21.15.67:0/2434616433 --> [v2:172.21.15.67:3300/0,v1:172.21.15.67:6789/0] -- mon_command({"prefix": "get_command_descriptions"} v 0) -- 0x7f8c240640a0 con 0x7f8c24108670
2024-04-23T18:14:56.303 INFO:teuthology.orchestra.run.smithi067.stdout:/usr/bin/ceph: stderr
