2024-04-23T18:16:41.377 INFO:teuthology.orchestra.run.smithi019.stdout:/usr/bin/ceph: stderr
2024-04-23T18:16:40.399+0000 7fdd637fe700 1 -- 172.21.15.19:0/1304054480 <== mon.0 v2:172.21.15.19:3300/0 1 ==== mon_map magic: 0 ==== 205+0+0 (secure 0 0 0) 0x7fdd5c0039e0 con 0x7fdd6c108540
2024-04-23T18:16:41.378 INFO:teuthology.orchestra.run.smithi019.stdout:/usr/bin/ceph: stderr
2024-04-23T18:16:40.399+0000 7fdd637fe700 1 -- 172.21.15.19:0/1304054480 <== mon.0 v2:172.21.15.19:3300/0 2 ==== config(26 keys) ==== 1101+0+0 (secure 0 0 0) 0x7fdd5c01b8f0 con 0x7fdd6c108540
2024-04-23T18:16:41.378 INFO:teuthology.orchestra.run.smithi019.stdout:/usr/bin/ceph: stderr
2024-04-23T18:16:40.399+0000 7fdd74617700 1 -- 172.21.15.19:0/1304054480 --> [v2:172.21.15.19:3300/0,v1:172.21.15.19:6789/0] -- mon_subscribe({mgrmap=0+}) -- 0x7fdd6c19cbc0 con 0x7fdd6c108540
2024-04-23T18:16:41.378 INFO:teuthology.orchestra.run.smithi019.stdout:/usr/bin/ceph: stderr
2024-04-23T18:16:40.399+0000 7fdd637fe700 1 -- 172.21.15.19:0/1304054480 <== mon.0 v2:172.21.15.19:3300/0 3 ==== mon_map magic: 0 ==== 205+0+0 (secure 0 0 0) 0x7fdd5c0237a0 con 0x7fdd6c108540
2024-04-23T18:16:41.378 INFO:teuthology.orchestra.run.smithi019.stdout:/usr/bin/ceph: stderr
2024-04-23T18:16:40.399+0000 7fdd74617700 1 -- 172.21.15.19:0/1304054480 --> [v2:172.21.15.19:3300/0,v1:172.21.15.19:6789/0] -- mon_subscribe({osdmap=0}) -- 0x7fdd6c19f8b0 con 0x7fdd6c108540
2024-04-23T18:16:41.378 INFO:teuthology.orchestra.run.smithi019.stdout:/usr/bin/ceph: stderr
2024-04-23T18:16:40.400+0000 7fdd637fe700 1 -- 172.21.15.19:0/1304054480 <== mon.0 v2:172.21.15.19:3300/0 4 ==== mgrmap(e 12) ==== 46571+0+0 (secure 0 0 0) 0x7fdd5c023a50 con 0x7fdd6c108540
2024-04-23T18:16:41.378 INFO:teuthology.orchestra.run.smithi019.stdout:/usr/bin/ceph: stderr
2024-04-23T18:16:40.400+0000 7fdd74617700 1 -- 172.21.15.19:0/1304054480 --> [v2:172.21.15.19:3300/0,v1:172.21.15.19:6789/0] -- mon_command({"prefix": "get_command_descriptions"} v 0) -- 0x7fdd6c10cc20 con 0x7fdd6c108540
2024-04-23T18:16:41.378 INFO:teuthology.orchestra.run.smithi019.stdout:/usr/bin/ceph: stderr
2024-04-23T18:16:40.400+0000 7fdd637fe700 1 --2- 172.21.15.19:0/1304054480 >> [v2:172.21.15.19:6800/1993809272,v1:172.21.15.19:6801/1993809272] conn(0x7fdd58039610 0x7fdd5803bad0 unknown :-1 s=NONE pgs=0 cs=0 l=1 rev1=0 crypto rx=0 tx=0 comp rx=0 tx=0).connect
2024-04-23T18:16:41.378 INFO:teuthology.orchestra.run.smithi019.stdout:/usr/bin/ceph: stderr
2024-04-23T18:16:40.400+0000 7fdd637fe700 1 -- 172.21.15.19:0/1304054480 <== mon.0 v2:172.21.15.19:3300/0 5 ==== osd_map(3..3 src has 1..3) ==== 1155+0+0 (secure 0 0 0) 0x7fdd5c04e150 con 0x7fdd6c108540
2024-04-23T18:16:41.378 INFO:teuthology.orchestra.run.smithi019.stdout:/usr/bin/ceph: stderr
2024-04-23T18:16:40.400+0000 7fdd71bb2700 1 --2- 172.21.15.19:0/1304054480 >> [v2:172.21.15.19:6800/1993809272,v1:172.21.15.19:6801/1993809272] conn(0x7fdd58039610 0x7fdd5803bad0 unknown :-1 s=BANNER_CONNECTING pgs=0 cs=0 l=1 rev1=0 crypto rx=0 tx=0 comp rx=0 tx=0)._handle_peer_banner_payload supported=3 required=0
2024-04-23T18:16:41.378 INFO:teuthology.orchestra.run.smithi019.stdout:/usr/bin/ceph: stderr
2024-04-23T18:16:40.401+0000 7fdd71bb2700 1 --2- 172.21.15.19:0/1304054480 >> [v2:172.21.15.19:6800/1993809272,v1:172.21.15.19:6801/1993809272] conn(0x7fdd58039610 0x7fdd5803bad0 secure :-1 s=READY pgs=9 cs=0 l=1 rev1=1 crypto rx=0x7fdd68006fd0 tx=0x7fdd68006e40 comp rx=0 tx=0).ready entity=mgr.14150 client_cookie=0 server_cookie=0 in_seq=0 out_seq=0
2024-04-23T18:16:41.378 INFO:teuthology.orchestra.run.smithi019.stdout:/usr/bin/ceph: stderr
2024-04-23T18:16:40.405+0000 7fdd637fe700 1 -- 172.21.15.19:0/1304054480 <== mon.0 v2:172.21.15.19:3300/0 6 ==== mon_command_ack([{"prefix": "get_command_descriptions"}]=0 v0) ==== 72+0+188370 (secure 0 0 0) 0x7fdd5c01f030 con 0x7fdd6c108540
2024-04-23T18:16:41.378 INFO:teuthology.orchestra.run.smithi019.stdout:/usr/bin/ceph: stderr
2024-04-23T18:16:40.631+0000 7fdd74617700 1 -- 172.21.15.19:0/1304054480 --> [v2:172.21.15.19:3300/0,v1:172.21.15.19:6789/0] -- mon_command({"prefix": "config get", "who": "mgr", "key": "mgr/dashboard/ssl_server_port"} v 0) -- 0x7fdd6c19fe60 con 0x7fdd6c108540
2024-04-23T18:16:41.378 INFO:teuthology.orchestra.run.smithi019.stdout:/usr/bin/ceph: stderr
2024-04-23T18:16:40.632+0000 7fdd637fe700 1 -- 172.21.15.19:0/1304054480 <== mon.0 v2:172.21.15.19:3300/0 7 ==== mon_command_ack([{"prefix": "config get", "who": "mgr", "key": "mgr/dashboard/ssl_server_port"}]=0 v8) ==== 112+0+5 (secure 0 0 0) 0x7fdd5c01bb10 con 0x7fdd6c108540
2024-04-23T18:16:41.378 INFO:teuthology.orchestra.run.smithi019.stdout:/usr/bin/ceph: stderr
2024-04-23T18:16:40.634+0000 7fdd74617700 1 -- 172.21.15.19:0/1304054480 >> [v2:172.21.15.19:6800/1993809272,v1:172.21.15.19:6801/1993809272] conn(0x7fdd58039610 msgr2=0x7fdd5803bad0 secure :-1 s=STATE_CONNECTION_ESTABLISHED l=1).mark_down
2024-04-23T18:16:41.379 INFO:teuthology.orchestra.run.smithi019.stdout:/usr/bin/ceph: stderr
2024-04-23T18:16:40.634+0000 7fdd74617700 1 --2- 172.21.15.19:0/1304054480 >> [v2:172.21.15.19:6800/1993809272,v1:172.21.15.19:6801/1993809272] conn(0x7fdd58039610 0x7fdd5803bad0 secure :-1 s=READY pgs=9 cs=0 l=1 rev1=1 crypto rx=0x7fdd68006fd0 tx=0x7fdd68006e40 comp rx=0 tx=0).stop
2024-04-23T18:16:41.379 INFO:teuthology.orchestra.run.smithi019.stdout:/usr/bin/ceph: stderr
2024-04-23T18:16:40.634+0000 7fdd74617700 1 -- 172.21.15.19:0/1304054480 >> [v2:172.21.15.19:3300/0,v1:172.21.15.19:6789/0] conn(0x7fdd6c108540 msgr2=0x7fdd6c19c3f0 secure :-1 s=STATE_CONNECTION_ESTABLISHED l=1).mark_down
2024-04-23T18:16:41.379 INFO:teuthology.orchestra.run.smithi019.stdout:/usr/bin/ceph: stderr
2024-04-23T18:16:40.634+0000 7fdd74617700 1 --2- 172.21.15.19:0/1304054480 >> [v2:172.21.15.19:3300/0,v1:172.21.15.19:6789/0] conn(0x7fdd6c108540 0x7fdd6c19c3f0 secure :-1 s=READY pgs=73 cs=0 l=1 rev1=1 crypto rx=0x7fdd5c0119f0 tx=0x7fdd5c011ad0 comp rx=0 tx=0).stop
2024-04-23T18:16:41.379 INFO:teuthology.orchestra.run.smithi019.stdout:/usr/bin/ceph: stderr
2024-04-23T18:16:40.634+0000 7fdd74617700 1 -- 172.21.15.19:0/1304054480 shutdown_connections
2024-04-23T18:16:41.379 INFO:teuthology.orchestra.run.smithi019.stdout:/usr/bin/ceph: stderr
2024-04-23T18:16:40.634+0000 7fdd74617700 1 --2- 172.21.15.19:0/1304054480 >> [v2:172.21.15.19:6800/1993809272,v1:172.21.15.19:6801/1993809272] conn(0x7fdd58039610 0x7fdd5803bad0 unknown :-1 s=CLOSED pgs=9 cs=0 l=1 rev1=1 crypto rx=0 tx=0 comp rx=0 tx=0).stop
2024-04-23T18:16:41.379 INFO:teuthology.orchestra.run.smithi019.stdout:/usr/bin/ceph: stderr
2024-04-23T18:16:40.634+0000 7fdd74617700 1 --2- 172.21.15.19:0/1304054480 >> [v2:172.21.15.19:3300/0,v1:172.21.15.19:6789/0] conn(0x7fdd6c108540 0x7fdd6c19c3f0 unknown :-1 s=CLOSED pgs=73 cs=0 l=1 rev1=1 crypto rx=0 tx=0 comp rx=0 tx=0).stop
2024-04-23T18:16:41.379 INFO:teuthology.orchestra.run.smithi019.stdout:/usr/bin/ceph: stderr
2024-04-23T18:16:40.634+0000 7fdd74617700 1 -- 172.21.15.19:0/1304054480 >> 172.21.15.19:0/1304054480 conn(0x7fdd6c103ba0 msgr2=0x7fdd6c1046f0 unknown :-1 s=STATE_NONE l=0).mark_down
2024-04-23T18:16:41.379 INFO:teuthology.orchestra.run.smithi019.stdout:/usr/bin/ceph: stderr
2024-04-23T18:16:40.635+0000 7fdd74617700 1 -- 172.21.15.19:0/1304054480 shutdown_connections
2024-04-23T18:16:41.379 INFO:teuthology.orchestra.run.smithi019.stdout:/usr/bin/ceph: stderr
2024-04-23T18:16:40.635+0000 7fdd74617700 1 -- 172.21.15.19:0/1304054480 wait complete.
2024-04-23T18:16:41.385 INFO:teuthology.orchestra.run.smithi019.stdout:Non-zero exit code 1 from systemctl is-enabled firewalld.service
2024-04-23T18:16:41.385 INFO:teuthology.orchestra.run.smithi019.stdout:systemctl: stdout disabled
2024-04-23T18:16:41.393 INFO:teuthology.orchestra.run.smithi019.stdout:Non-zero exit code 3 from systemctl is-active firewalld.service
2024-04-23T18:16:41.393 INFO:teuthology.orchestra.run.smithi019.stdout:systemctl: stdout inactive
2024-04-23T18:16:41.393 INFO:teuthology.orchestra.run.smithi019.stdout:firewalld.service is not enabled
2024-04-23T18:16:41.393 INFO:teuthology.orchestra.run.smithi019.stdout:Not possible to open ports <[8443]>. firewalld.service is not available
2024-04-23T18:16:41.395 INFO:teuthology.orchestra.run.smithi019.stdout:Ceph Dashboard is now available at:
2024-04-23T18:16:41.395 INFO:teuthology.orchestra.run.smithi019.stdout:
2024-04-23T18:16:41.395 INFO:teuthology.orchestra.run.smithi019.stdout: URL: https://smithi019:8443/
2024-04-23T18:16:41.395 INFO:teuthology.orchestra.run.smithi019.stdout: User: admin
2024-04-23T18:16:41.395 INFO:teuthology.orchestra.run.smithi019.stdout: Password: 36ydxf29sv
2024-04-23T18:16:41.395 INFO:teuthology.orchestra.run.smithi019.stdout:
2024-04-23T18:16:41.396 INFO:teuthology.orchestra.run.smithi019.stdout:Saving cluster configuration to /var/lib/ceph/46706838-019d-11ef-bc93-c7b262605968/config directory
2024-04-23T18:16:41.396 INFO:teuthology.orchestra.run.smithi019.stdout:Enabling autotune for osd_memory_target
2024-04-23T18:16:41.652 INFO:journalctl@ceph.mon.a.smithi019.stdout:Apr 23 18:16:41 smithi019 ceph-mon[29215]: from='client.? 172.21.15.19:0/1304054480' entity='client.admin' cmd=[{"prefix": "config get", "who": "mgr", "key": "mgr/dashboard/ssl_server_port"}]: dispatch
2024-04-23T18:16:42.571 INFO:journalctl@ceph.mon.a.smithi019.stdout:Apr 23 18:16:42 smithi019 ceph-mon[29215]: mgrmap e13: x(active, since 6s)
2024-04-23T18:16:43.636 INFO:teuthology.orchestra.run.smithi019.stdout:/usr/bin/ceph: stderr
2024-04-23T18:16:42.828+0000 7fd54f386700 1 Processor -- start
2024-04-23T18:16:43.636 INFO:teuthology.orchestra.run.smithi019.stdout:/usr/bin/ceph: stderr
2024-04-23T18:16:42.828+0000 7fd54f386700 1 -- start start
2024-04-23T18:16:43.636 INFO:teuthology.orchestra.run.smithi019.stdout:/usr/bin/ceph: stderr
2024-04-23T18:16:42.828+0000 7fd54f386700 1 --2- >> [v2:172.21.15.19:3300/0,v1:172.21.15.19:6789/0] conn(0x7fd54807de40 0x7fd54807c2f0 unknown :-1 s=NONE pgs=0 cs=0 l=0 rev1=0 crypto rx=0 tx=0 comp rx=0 tx=0).connect
2024-04-23T18:16:43.636 INFO:teuthology.orchestra.run.smithi019.stdout:/usr/bin/ceph: stderr
2024-04-23T18:16:42.828+0000 7fd54f386700 1 -- --> [v2:172.21.15.19:3300/0,v1:172.21.15.19:6789/0] -- mon_getmap magic: 0 -- 0x7fd54807c830 con 0x7fd54807de40
2024-04-23T18:16:43.636 INFO:teuthology.orchestra.run.smithi019.stdout:/usr/bin/ceph: stderr
2024-04-23T18:16:42.828+0000 7fd54d122700 1 --2- >> [v2:172.21.15.19:3300/0,v1:172.21.15.19:6789/0] conn(0x7fd54807de40 0x7fd54807c2f0 unknown :-1 s=BANNER_CONNECTING pgs=0 cs=0 l=0 rev1=0 crypto rx=0 tx=0 comp rx=0 tx=0)._handle_peer_banner_payload supported=3 required=0
2024-04-23T18:16:43.636 INFO:teuthology.orchestra.run.smithi019.stdout:/usr/bin/ceph: stderr
2024-04-23T18:16:42.828+0000 7fd54d122700 1 --2- >> [v2:172.21.15.19:3300/0,v1:172.21.15.19:6789/0] conn(0x7fd54807de40 0x7fd54807c2f0 unknown :-1 s=HELLO_CONNECTING pgs=0 cs=0 l=0 rev1=1 crypto rx=0 tx=0 comp rx=0 tx=0).handle_hello peer v2:172.21.15.19:3300/0 says I am v2:172.21.15.19:36772/0 (socket says 172.21.15.19:36772)
2024-04-23T18:16:43.636 INFO:teuthology.orchestra.run.smithi019.stdout:/usr/bin/ceph: stderr
2024-04-23T18:16:42.828+0000 7fd54d122700 1 -- 172.21.15.19:0/4046426384 learned_addr learned my addr 172.21.15.19:0/4046426384 (peer_addr_for_me v2:172.21.15.19:0/0)
2024-04-23T18:16:43.636 INFO:teuthology.orchestra.run.smithi019.stdout:/usr/bin/ceph: stderr
2024-04-23T18:16:42.829+0000 7fd54d122700 1 -- 172.21.15.19:0/4046426384 --> [v2:172.21.15.19:3300/0,v1:172.21.15.19:6789/0] -- mon_subscribe({config=0+,monmap=0+}) -- 0x7fd54807c9b0 con 0x7fd54807de40
2024-04-23T18:16:43.636 INFO:teuthology.orchestra.run.smithi019.stdout:/usr/bin/ceph: stderr
2024-04-23T18:16:42.829+0000 7fd54d122700 1 --2- 172.21.15.19:0/4046426384 >> [v2:172.21.15.19:3300/0,v1:172.21.15.19:6789/0] conn(0x7fd54807de40 0x7fd54807c2f0 secure :-1 s=READY pgs=74 cs=0 l=1 rev1=1 crypto rx=0x7fd5440098a0 tx=0x7fd544009bb0 comp rx=0 tx=0).ready entity=mon.0 client_cookie=503c72199fdd60c5 server_cookie=0 in_seq=0 out_seq=0
2024-04-23T18:16:43.636 INFO:teuthology.orchestra.run.smithi019.stdout:/usr/bin/ceph: stderr
2024-04-23T18:16:42.829+0000 7fd53ffff700 1 -- 172.21.15.19:0/4046426384 <== mon.0 v2:172.21.15.19:3300/0 1 ==== mon_map magic: 0 ==== 205+0+0 (secure 0 0 0) 0x7fd544004160 con 0x7fd54807de40
2024-04-23T18:16:43.637 INFO:teuthology.orchestra.run.smithi019.stdout:/usr/bin/ceph: stderr
2024-04-23T18:16:42.829+0000 7fd53ffff700 1 -- 172.21.15.19:0/4046426384 <== mon.0 v2:172.21.15.19:3300/0 2 ==== config(26 keys) ==== 1101+0+0 (secure 0 0 0) 0x7fd544004300 con 0x7fd54807de40
2024-04-23T18:16:43.637 INFO:teuthology.orchestra.run.smithi019.stdout:/usr/bin/ceph: stderr
2024-04-23T18:16:42.829+0000 7fd53ffff700 1 -- 172.21.15.19:0/4046426384 <== mon.0 v2:172.21.15.19:3300/0 3 ==== mon_map magic: 0 ==== 205+0+0 (secure 0 0 0) 0x7fd544011a20 con 0x7fd54807de40
2024-04-23T18:16:43.637 INFO:teuthology.orchestra.run.smithi019.stdout:/usr/bin/ceph: stderr
2024-04-23T18:16:42.830+0000 7fd54f386700 1 -- 172.21.15.19:0/4046426384 >> [v2:172.21.15.19:3300/0,v1:172.21.15.19:6789/0] conn(0x7fd54807de40 msgr2=0x7fd54807c2f0 secure :-1 s=STATE_CONNECTION_ESTABLISHED l=1).mark_down
2024-04-23T18:16:43.637 INFO:teuthology.orchestra.run.smithi019.stdout:/usr/bin/ceph: stderr
2024-04-23T18:16:42.830+0000 7fd54f386700 1 --2- 172.21.15.19:0/4046426384 >> [v2:172.21.15.19:3300/0,v1:172.21.15.19:6789/0] conn(0x7fd54807de40 0x7fd54807c2f0 secure :-1 s=READY pgs=74 cs=0 l=1 rev1=1 crypto rx=0x7fd5440098a0 tx=0x7fd544009bb0 comp rx=0 tx=0).stop
2024-04-23T18:16:43.637 INFO:teuthology.orchestra.run.smithi019.stdout:/usr/bin/ceph: stderr
2024-04-23T18:16:42.830+0000 7fd54f386700 1 -- 172.21.15.19:0/4046426384 shutdown_connections
2024-04-23T18:16:43.637 INFO:teuthology.orchestra.run.smithi019.stdout:/usr/bin/ceph: stderr
2024-04-23T18:16:42.830+0000 7fd54f386700 1 --2- 172.21.15.19:0/4046426384 >> [v2:172.21.15.19:3300/0,v1:172.21.15.19:6789/0] conn(0x7fd54807de40 0x7fd54807c2f0 unknown :-1 s=CLOSED pgs=74 cs=0 l=1 rev1=1 crypto rx=0 tx=0 comp rx=0 tx=0).stop
2024-04-23T18:16:43.637 INFO:teuthology.orchestra.run.smithi019.stdout:/usr/bin/ceph: stderr
2024-04-23T18:16:42.830+0000 7fd54f386700 1 -- 172.21.15.19:0/4046426384 >> 172.21.15.19:0/4046426384 conn(0x7fd548103b70 msgr2=0x7fd548105f90 unknown :-1 s=STATE_NONE l=0).mark_down
2024-04-23T18:16:43.637 INFO:teuthology.orchestra.run.smithi019.stdout:/usr/bin/ceph: stderr
2024-04-23T18:16:42.830+0000 7fd54f386700 1 -- 172.21.15.19:0/4046426384 shutdown_connections
2024-04-23T18:16:43.637 INFO:teuthology.orchestra.run.smithi019.stdout:/usr/bin/ceph: stderr
2024-04-23T18:16:42.830+0000 7fd54f386700 1 -- 172.21.15.19:0/4046426384 wait complete.
2024-04-23T18:16:43.637 INFO:teuthology.orchestra.run.smithi019.stdout:/usr/bin/ceph: stderr
2024-04-23T18:16:42.830+0000 7fd54f386700 1 Processor -- start
2024-04-23T18:16:43.637 INFO:teuthology.orchestra.run.smithi019.stdout:/usr/bin/ceph: stderr
2024-04-23T18:16:42.831+0000 7fd54f386700 1 -- start start
2024-04-23T18:16:43.637 INFO:teuthology.orchestra.run.smithi019.stdout:/usr/bin/ceph: stderr
2024-04-23T18:16:42.831+0000 7fd54f386700 1 --2- >> [v2:172.21.15.19:3300/0,v1:172.21.15.19:6789/0] conn(0x7fd54807de40 0x7fd54819e8e0 unknown :-1 s=NONE pgs=0 cs=0 l=1 rev1=0 crypto rx=0 tx=0 comp rx=0 tx=0).connect
2024-04-23T18:16:43.637 INFO:teuthology.orchestra.run.smithi019.stdout:/usr/bin/ceph: stderr
2024-04-23T18:16:42.831+0000 7fd54f386700 1 -- --> [v2:172.21.15.19:3300/0,v1:172.21.15.19:6789/0] -- mon_getmap magic: 0 -- 0x7fd54810ea70 con 0x7fd54807de40
2024-04-23T18:16:43.637 INFO:teuthology.orchestra.run.smithi019.stdout:/usr/bin/ceph: stderr
2024-04-23T18:16:42.831+0000 7fd54d122700 1 --2- >> [v2:172.21.15.19:3300/0,v1:172.21.15.19:6789/0] conn(0x7fd54807de40 0x7fd54819e8e0 unknown :-1 s=BANNER_CONNECTING pgs=0 cs=0 l=1 rev1=0 crypto rx=0 tx=0 comp rx=0 tx=0)._handle_peer_banner_payload supported=3 required=0
2024-04-23T18:16:43.637 INFO:teuthology.orchestra.run.smithi019.stdout:/usr/bin/ceph: stderr
2024-04-23T18:16:42.831+0000 7fd54d122700 1 --2- >> [v2:172.21.15.19:3300/0,v1:172.21.15.19:6789/0] conn(0x7fd54807de40 0x7fd54819e8e0 unknown :-1 s=HELLO_CONNECTING pgs=0 cs=0 l=1 rev1=1 crypto rx=0 tx=0 comp rx=0 tx=0).handle_hello peer v2:172.21.15.19:3300/0 says I am v2:172.21.15.19:36786/0 (socket says 172.21.15.19:36786)
2024-04-23T18:16:43.637 INFO:teuthology.orchestra.run.smithi019.stdout:/usr/bin/ceph: stderr
2024-04-23T18:16:42.831+0000 7fd54d122700 1 -- 172.21.15.19:0/3384349776 learned_addr learned my addr 172.21.15.19:0/3384349776 (peer_addr_for_me v2:172.21.15.19:0/0)
2024-04-23T18:16:43.637 INFO:teuthology.orchestra.run.smithi019.stdout:/usr/bin/ceph: stderr
2024-04-23T18:16:42.831+0000 7fd54d122700 1 -- 172.21.15.19:0/3384349776 --> [v2:172.21.15.19:3300/0,v1:172.21.15.19:6789/0] -- mon_subscribe({config=0+,monmap=0+}) -- 0x7fd54819ee20 con 0x7fd54807de40
2024-04-23T18:16:43.638 INFO:teuthology.orchestra.run.smithi019.stdout:/usr/bin/ceph: stderr
2024-04-23T18:16:42.831+0000 7fd54d122700 1 --2- 172.21.15.19:0/3384349776 >> [v2:172.21.15.19:3300/0,v1:172.21.15.19:6789/0] conn(0x7fd54807de40 0x7fd54819e8e0 secure :-1 s=READY pgs=75 cs=0 l=1 rev1=1 crypto rx=0x7fd5440116e0 tx=0x7fd544011aa0 comp rx=0 tx=0).ready entity=mon.0 client_cookie=0 server_cookie=0 in_seq=0 out_seq=0
2024-04-23T18:16:43.638 INFO:teuthology.orchestra.run.smithi019.stdout:/usr/bin/ceph: stderr
2024-04-23T18:16:42.831+0000 7fd53e7fc700 1 -- 172.21.15.19:0/3384349776 <== mon.0 v2:172.21.15.19:3300/0 1 ==== mon_map magic: 0 ==== 205+0+0 (secure 0 0 0) 0x7fd544003a60 con 0x7fd54807de40
2024-04-23T18:16:43.638 INFO:teuthology.orchestra.run.smithi019.stdout:/usr/bin/ceph: stderr
2024-04-23T18:16:42.831+0000 7fd53e7fc700 1 -- 172.21.15.19:0/3384349776 <== mon.0 v2:172.21.15.19:3300/0 2 ==== config(26 keys) ==== 1101+0+0 (secure 0 0 0) 0x7fd54401b8f0 con 0x7fd54807de40
2024-04-23T18:16:43.638 INFO:teuthology.orchestra.run.smithi019.stdout:/usr/bin/ceph: stderr
2024-04-23T18:16:42.831+0000 7fd54f386700 1 -- 172.21.15.19:0/3384349776 --> [v2:172.21.15.19:3300/0,v1:172.21.15.19:6789/0] -- mon_subscribe({mgrmap=0+}) -- 0x7fd54819f0b0 con 0x7fd54807de40
2024-04-23T18:16:43.638 INFO:teuthology.orchestra.run.smithi019.stdout:/usr/bin/ceph: stderr
2024-04-23T18:16:42.831+0000 7fd53e7fc700 1 -- 172.21.15.19:0/3384349776 <== mon.0 v2:172.21.15.19:3300/0 3 ==== mon_map magic: 0 ==== 205+0+0 (secure 0 0 0) 0x7fd544019860 con 0x7fd54807de40
2024-04-23T18:16:43.638 INFO:teuthology.orchestra.run.smithi019.stdout:/usr/bin/ceph: stderr
2024-04-23T18:16:42.832+0000 7fd54f386700 1 -- 172.21.15.19:0/3384349776 --> [v2:172.21.15.19:3300/0,v1:172.21.15.19:6789/0] -- mon_subscribe({osdmap=0}) -- 0x7fd5481a1d50 con 0x7fd54807de40
2024-04-23T18:16:43.638 INFO:teuthology.orchestra.run.smithi019.stdout:/usr/bin/ceph: stderr
2024-04-23T18:16:42.832+0000 7fd53e7fc700 1 -- 172.21.15.19:0/3384349776 <== mon.0 v2:172.21.15.19:3300/0 4 ==== mgrmap(e 13) ==== 46614+0+0 (secure 0 0 0) 0x7fd544019b60 con 0x7fd54807de40
2024-04-23T18:16:43.638 INFO:teuthology.orchestra.run.smithi019.stdout:/usr/bin/ceph: stderr
2024-04-23T18:16:42.832+0000 7fd54f386700 1 -- 172.21.15.19:0/3384349776 --> [v2:172.21.15.19:3300/0,v1:172.21.15.19:6789/0] -- mon_command({"prefix": "get_command_descriptions"} v 0) -- 0x7fd5480640a0 con 0x7fd54807de40
2024-04-23T18:16:43.638 INFO:teuthology.orchestra.run.smithi019.stdout:/usr/bin/ceph: stderr
2024-04-23T18:16:42.833+0000 7fd53e7fc700 1 --2- 172.21.15.19:0/3384349776 >> [v2:172.21.15.19:6800/1993809272,v1:172.21.15.19:6801/1993809272] conn(0x7fd534039650 0x7fd53403bb10 unknown :-1 s=NONE pgs=0 cs=0 l=1 rev1=0 crypto rx=0 tx=0 comp rx=0 tx=0).connect
2024-04-23T18:16:43.638 INFO:teuthology.orchestra.run.smithi019.stdout:/usr/bin/ceph: stderr
2024-04-23T18:16:42.833+0000 7fd53e7fc700 1 -- 172.21.15.19:0/3384349776 <== mon.0 v2:172.21.15.19:3300/0 5 ==== osd_map(3..3 src has 1..3) ==== 1155+0+0 (secure 0 0 0) 0x7fd54404dff0 con 0x7fd54807de40
2024-04-23T18:16:43.638 INFO:teuthology.orchestra.run.smithi019.stdout:/usr/bin/ceph: stderr
2024-04-23T18:16:42.833+0000 7fd54c921700 1 --2- 172.21.15.19:0/3384349776 >> [v2:172.21.15.19:6800/1993809272,v1:172.21.15.19:6801/1993809272] conn(0x7fd534039650 0x7fd53403bb10 unknown :-1 s=BANNER_CONNECTING pgs=0 cs=0 l=1 rev1=0 crypto rx=0 tx=0 comp rx=0 tx=0)._handle_peer_banner_payload supported=3 required=0
2024-04-23T18:16:43.638 INFO:teuthology.orchestra.run.smithi019.stdout:/usr/bin/ceph: stderr
2024-04-23T18:16:42.833+0000 7fd54c921700 1 --2- 172.21.15.19:0/3384349776 >> [v2:172.21.15.19:6800/1993809272,v1:172.21.15.19:6801/1993809272] conn(0x7fd534039650 0x7fd53403bb10 secure :-1 s=READY pgs=10 cs=0 l=1 rev1=1 crypto rx=0x7fd538006fd0 tx=0x7fd538006e40 comp rx=0 tx=0).ready entity=mgr.14150 client_cookie=0 server_cookie=0 in_seq=0 out_seq=0
2024-04-23T18:16:43.638 INFO:teuthology.orchestra.run.smithi019.stdout:/usr/bin/ceph: stderr
2024-04-23T18:16:42.838+0000 7fd53e7fc700 1 -- 172.21.15.19:0/3384349776 <== mon.0 v2:172.21.15.19:3300/0 6 ==== mon_command_ack([{"prefix": "get_command_descriptions"}]=0 v0) ==== 72+0+188370 (secure 0 0 0) 0x7fd54401f030 con 0x7fd54807de40
2024-04-23T18:16:43.638 INFO:teuthology.orchestra.run.smithi019.stdout:/usr/bin/ceph: stderr
2024-04-23T18:16:43.043+0000 7fd54f386700 1 -- 172.21.15.19:0/3384349776 --> [v2:172.21.15.19:3300/0,v1:172.21.15.19:6789/0] -- mon_command([{prefix=config set, name=osd_memory_target_autotune}] v 0) -- 0x7fd54802df80 con 0x7fd54807de40
2024-04-23T18:16:43.639 INFO:teuthology.orchestra.run.smithi019.stdout:/usr/bin/ceph: stderr
2024-04-23T18:16:43.043+0000 7fd53e7fc700 1 -- 172.21.15.19:0/3384349776 <== mon.0 v2:172.21.15.19:3300/0 7 ==== mon_command_ack([{prefix=config set, name=osd_memory_target_autotune}]=0 v8)=0 v8) ==== 127+0+0 (secure 0 0 0) 0x7fd54401bda0 con 0x7fd54807de40
2024-04-23T18:16:43.639 INFO:teuthology.orchestra.run.smithi019.stdout:/usr/bin/ceph: stderr
2024-04-23T18:16:43.045+0000 7fd54f386700 1 -- 172.21.15.19:0/3384349776 >> [v2:172.21.15.19:6800/1993809272,v1:172.21.15.19:6801/1993809272] conn(0x7fd534039650 msgr2=0x7fd53403bb10 secure :-1 s=STATE_CONNECTION_ESTABLISHED l=1).mark_down
2024-04-23T18:16:43.639 INFO:teuthology.orchestra.run.smithi019.stdout:/usr/bin/ceph: stderr
2024-04-23T18:16:43.045+0000 7fd54f386700 1 --2- 172.21.15.19:0/3384349776 >> [v2:172.21.15.19:6800/1993809272,v1:172.21.15.19:6801/1993809272] conn(0x7fd534039650 0x7fd53403bb10 secure :-1 s=READY pgs=10 cs=0 l=1 rev1=1 crypto rx=0x7fd538006fd0 tx=0x7fd538006e40 comp rx=0 tx=0).stop
2024-04-23T18:16:43.639 INFO:teuthology.orchestra.run.smithi019.stdout:/usr/bin/ceph: stderr
2024-04-23T18:16:43.045+0000 7fd54f386700 1 -- 172.21.15.19:0/3384349776 >> [v2:172.21.15.19:3300/0,v1:172.21.15.19:6789/0] conn(0x7fd54807de40 msgr2=0x7fd54819e8e0 secure :-1 s=STATE_CONNECTION_ESTABLISHED l=1).mark_down
2024-04-23T18:16:43.639 INFO:teuthology.orchestra.run.smithi019.stdout:/usr/bin/ceph: stderr
2024-04-23T18:16:43.045+0000 7fd54f386700 1 --2- 172.21.15.19:0/3384349776 >> [v2:172.21.15.19:3300/0,v1:172.21.15.19:6789/0] conn(0x7fd54807de40 0x7fd54819e8e0 secure :-1 s=READY pgs=75 cs=0 l=1 rev1=1 crypto rx=0x7fd5440116e0 tx=0x7fd544011aa0 comp rx=0 tx=0).stop
2024-04-23T18:16:43.639 INFO:teuthology.orchestra.run.smithi019.stdout:/usr/bin/ceph: stderr
2024-04-23T18:16:43.045+0000 7fd54f386700 1 -- 172.21.15.19:0/3384349776 shutdown_connections
2024-04-23T18:16:43.639 INFO:teuthology.orchestra.run.smithi019.stdout:/usr/bin/ceph: stderr
2024-04-23T18:16:43.045+0000 7fd54f386700 1 --2- 172.21.15.19:0/3384349776 >> [v2:172.21.15.19:6800/1993809272,v1:172.21.15.19:6801/1993809272] conn(0x7fd534039650 0x7fd53403bb10 unknown :-1 s=CLOSED pgs=10 cs=0 l=1 rev1=1 crypto rx=0 tx=0 comp rx=0 tx=0).stop
2024-04-23T18:16:43.639 INFO:teuthology.orchestra.run.smithi019.stdout:/usr/bin/ceph: stderr
2024-04-23T18:16:43.045+0000 7fd54f386700 1 --2- 172.21.15.19:0/3384349776 >> [v2:172.21.15.19:3300/0,v1:172.21.15.19:6789/0] conn(0x7fd54807de40 0x7fd54819e8e0 unknown :-1 s=CLOSED pgs=75 cs=0 l=1 rev1=1 crypto rx=0 tx=0 comp rx=0 tx=0).stop
2024-04-23T18:16:43.639 INFO:teuthology.orchestra.run.smithi019.stdout:/usr/bin/ceph: stderr
2024-04-23T18:16:43.045+0000 7fd54f386700 1 -- 172.21.15.19:0/3384349776 >> 172.21.15.19:0/3384349776 conn(0x7fd548103b70 msgr2=0x7fd548104770 unknown :-1 s=STATE_NONE l=0).mark_down
2024-04-23T18:16:43.639 INFO:teuthology.orchestra.run.smithi019.stdout:/usr/bin/ceph: stderr
2024-04-23T18:16:43.046+0000 7fd54f386700 1 -- 172.21.15.19:0/3384349776 shutdown_connections
2024-04-23T18:16:43.639 INFO:teuthology.orchestra.run.smithi019.stdout:/usr/bin/ceph: stderr
2024-04-23T18:16:43.046+0000 7fd54f386700 1 -- 172.21.15.19:0/3384349776 wait complete.
2024-04-23T18:16:45.051 INFO:teuthology.orchestra.run.smithi019.stdout:/usr/bin/ceph: stderr
2024-04-23T18:16:44.117+0000 7fc478b11700 1 Processor -- start
2024-04-23T18:16:45.051 INFO:teuthology.orchestra.run.smithi019.stdout:/usr/bin/ceph: stderr
2024-04-23T18:16:44.117+0000 7fc478b11700 1 -- start start
2024-04-23T18:16:45.051 INFO:teuthology.orchestra.run.smithi019.stdout:/usr/bin/ceph: stderr
2024-04-23T18:16:44.117+0000 7fc478b11700 1 --2- >> [v2:172.21.15.19:3300/0,v1:172.21.15.19:6789/0] conn(0x7fc474108510 0x7fc474108930 unknown :-1 s=NONE pgs=0 cs=0 l=0 rev1=0 crypto rx=0 tx=0 comp rx=0 tx=0).connect
2024-04-23T18:16:45.051 INFO:teuthology.orchestra.run.smithi019.stdout:/usr/bin/ceph: stderr
2024-04-23T18:16:44.117+0000 7fc478b11700 1 -- --> [v2:172.21.15.19:3300/0,v1:172.21.15.19:6789/0] -- mon_getmap magic: 0 -- 0x7fc474108f00 con 0x7fc474108510
2024-04-23T18:16:45.051 INFO:teuthology.orchestra.run.smithi019.stdout:/usr/bin/ceph: stderr
2024-04-23T18:16:44.117+0000 7fc47259c700 1 --2- >> [v2:172.21.15.19:3300/0,v1:172.21.15.19:6789/0] conn(0x7fc474108510 0x7fc474108930 unknown :-1 s=BANNER_CONNECTING pgs=0 cs=0 l=0 rev1=0 crypto rx=0 tx=0 comp rx=0 tx=0)._handle_peer_banner_payload supported=3 required=0
2024-04-23T18:16:45.051 INFO:teuthology.orchestra.run.smithi019.stdout:/usr/bin/ceph: stderr
2024-04-23T18:16:44.117+0000 7fc47259c700 1 --2- >> [v2:172.21.15.19:3300/0,v1:172.21.15.19:6789/0] conn(0x7fc474108510 0x7fc474108930 unknown :-1 s=HELLO_CONNECTING pgs=0 cs=0 l=0 rev1=1 crypto rx=0 tx=0 comp rx=0 tx=0).handle_hello peer v2:172.21.15.19:3300/0 says I am v2:172.21.15.19:36800/0 (socket says 172.21.15.19:36800)
2024-04-23T18:16:45.052 INFO:teuthology.orchestra.run.smithi019.stdout:/usr/bin/ceph: stderr
2024-04-23T18:16:44.117+0000 7fc47259c700 1 -- 172.21.15.19:0/821139896 learned_addr learned my addr 172.21.15.19:0/821139896 (peer_addr_for_me v2:172.21.15.19:0/0)
2024-04-23T18:16:45.052 INFO:teuthology.orchestra.run.smithi019.stdout:/usr/bin/ceph: stderr
2024-04-23T18:16:44.117+0000 7fc47259c700 1 -- 172.21.15.19:0/821139896 --> [v2:172.21.15.19:3300/0,v1:172.21.15.19:6789/0] -- mon_subscribe({config=0+,monmap=0+}) -- 0x7fc4741096c0 con 0x7fc474108510
2024-04-23T18:16:45.052 INFO:teuthology.orchestra.run.smithi019.stdout:/usr/bin/ceph: stderr
2024-04-23T18:16:44.118+0000 7fc47259c700 1 --2- 172.21.15.19:0/821139896 >> [v2:172.21.15.19:3300/0,v1:172.21.15.19:6789/0] conn(0x7fc474108510 0x7fc474108930 secure :-1 s=READY pgs=76 cs=0 l=1 rev1=1 crypto rx=0x7fc4640098a0 tx=0x7fc464009bb0 comp rx=0 tx=0).ready entity=mon.0 client_cookie=d3bd492f112fab8 server_cookie=0 in_seq=0 out_seq=0
2024-04-23T18:16:45.052 INFO:teuthology.orchestra.run.smithi019.stdout:/usr/bin/ceph: stderr
2024-04-23T18:16:44.118+0000 7fc47159a700 1 -- 172.21.15.19:0/821139896 <== mon.0 v2:172.21.15.19:3300/0 1 ==== mon_map magic: 0 ==== 205+0+0 (secure 0 0 0) 0x7fc464004160 con 0x7fc474108510
2024-04-23T18:16:45.052 INFO:teuthology.orchestra.run.smithi019.stdout:/usr/bin/ceph: stderr
2024-04-23T18:16:44.118+0000 7fc47159a700 1 -- 172.21.15.19:0/821139896 <== mon.0 v2:172.21.15.19:3300/0 2 ==== config(26 keys) ==== 1101+0+0 (secure 0 0 0) 0x7fc464004300 con 0x7fc474108510
2024-04-23T18:16:45.052 INFO:teuthology.orchestra.run.smithi019.stdout:/usr/bin/ceph: stderr
2024-04-23T18:16:44.118+0000 7fc47159a700 1 -- 172.21.15.19:0/821139896 <== mon.0 v2:172.21.15.19:3300/0 3 ==== mon_map magic: 0 ==== 205+0+0 (secure 0 0 0) 0x7fc464011a20 con 0x7fc474108510
2024-04-23T18:16:45.052 INFO:teuthology.orchestra.run.smithi019.stdout:/usr/bin/ceph: stderr
2024-04-23T18:16:44.118+0000 7fc478b11700 1 -- 172.21.15.19:0/821139896 >> [v2:172.21.15.19:3300/0,v1:172.21.15.19:6789/0] conn(0x7fc474108510 msgr2=0x7fc474108930 secure :-1 s=STATE_CONNECTION_ESTABLISHED l=1).mark_down
2024-04-23T18:16:45.052 INFO:teuthology.orchestra.run.smithi019.stdout:/usr/bin/ceph: stderr
2024-04-23T18:16:44.118+0000 7fc478b11700 1 --2- 172.21.15.19:0/821139896 >> [v2:172.21.15.19:3300/0,v1:172.21.15.19:6789/0] conn(0x7fc474108510 0x7fc474108930 secure :-1 s=READY pgs=76 cs=0 l=1 rev1=1 crypto rx=0x7fc4640098a0 tx=0x7fc464009bb0 comp rx=0 tx=0).stop
2024-04-23T18:16:45.052 INFO:teuthology.orchestra.run.smithi019.stdout:/usr/bin/ceph: stderr
2024-04-23T18:16:44.119+0000 7fc478b11700 1 -- 172.21.15.19:0/821139896 shutdown_connections
2024-04-23T18:16:45.052 INFO:teuthology.orchestra.run.smithi019.stdout:/usr/bin/ceph: stderr
2024-04-23T18:16:44.119+0000 7fc478b11700 1 --2- 172.21.15.19:0/821139896 >> [v2:172.21.15.19:3300/0,v1:172.21.15.19:6789/0] conn(0x7fc474108510 0x7fc474108930 unknown :-1 s=CLOSED pgs=76 cs=0 l=1 rev1=1 crypto rx=0 tx=0 comp rx=0 tx=0).stop
2024-04-23T18:16:45.052 INFO:teuthology.orchestra.run.smithi019.stdout:/usr/bin/ceph: stderr
2024-04-23T18:16:44.119+0000 7fc478b11700 1 -- 172.21.15.19:0/821139896 >> 172.21.15.19:0/821139896 conn(0x7fc474103b70 msgr2=0x7fc474105f90 unknown :-1 s=STATE_NONE l=0).mark_down
2024-04-23T18:16:45.052 INFO:teuthology.orchestra.run.smithi019.stdout:/usr/bin/ceph: stderr
2024-04-23T18:16:44.119+0000 7fc478b11700 1 -- 172.21.15.19:0/821139896 shutdown_connections
2024-04-23T18:16:45.052 INFO:teuthology.orchestra.run.smithi019.stdout:/usr/bin/ceph: stderr
2024-04-23T18:16:44.119+0000 7fc478b11700 1 -- 172.21.15.19:0/821139896 wait complete.
2024-04-23T18:16:45.052 INFO:teuthology.orchestra.run.smithi019.stdout:/usr/bin/ceph: stderr
2024-04-23T18:16:44.119+0000 7fc478b11700 1 Processor -- start
2024-04-23T18:16:45.053 INFO:teuthology.orchestra.run.smithi019.stdout:/usr/bin/ceph: stderr
2024-04-23T18:16:44.119+0000 7fc478b11700 1 -- start start
2024-04-23T18:16:45.053 INFO:teuthology.orchestra.run.smithi019.stdout:/usr/bin/ceph: stderr
2024-04-23T18:16:44.120+0000 7fc478b11700 1 --2- >> [v2:172.21.15.19:3300/0,v1:172.21.15.19:6789/0] conn(0x7fc474108510 0x7fc47419c6a0 unknown :-1 s=NONE pgs=0 cs=0 l=1 rev1=0 crypto rx=0 tx=0 comp rx=0 tx=0).connect
2024-04-23T18:16:45.053 INFO:teuthology.orchestra.run.smithi019.stdout:/usr/bin/ceph: stderr
2024-04-23T18:16:44.120+0000 7fc478b11700 1 -- --> [v2:172.21.15.19:3300/0,v1:172.21.15.19:6789/0] -- mon_getmap magic: 0 -- 0x7fc47410ca70 con 0x7fc474108510
2024-04-23T18:16:45.053 INFO:teuthology.orchestra.run.smithi019.stdout:/usr/bin/ceph: stderr
2024-04-23T18:16:44.120+0000 7fc47259c700 1 --2- >> [v2:172.21.15.19:3300/0,v1:172.21.15.19:6789/0] conn(0x7fc474108510 0x7fc47419c6a0 unknown :-1 s=BANNER_CONNECTING pgs=0 cs=0 l=1 rev1=0 crypto rx=0 tx=0 comp rx=0 tx=0)._handle_peer_banner_payload supported=3 required=0
2024-04-23T18:16:45.053 INFO:teuthology.orchestra.run.smithi019.stdout:/usr/bin/ceph: stderr
2024-04-23T18:16:44.120+0000 7fc47259c700 1 --2- >> [v2:172.21.15.19:3300/0,v1:172.21.15.19:6789/0] conn(0x7fc474108510 0x7fc47419c6a0 unknown :-1 s=HELLO_CONNECTING pgs=0 cs=0 l=1 rev1=1 crypto rx=0 tx=0 comp rx=0 tx=0).handle_hello peer v2:172.21.15.19:3300/0 says I am v2:172.21.15.19:36802/0 (socket says 172.21.15.19:36802)
2024-04-23T18:16:45.053 INFO:teuthology.orchestra.run.smithi019.stdout:/usr/bin/ceph: stderr
2024-04-23T18:16:44.120+0000 7fc47259c700 1 -- 172.21.15.19:0/896488760 learned_addr learned my addr 172.21.15.19:0/896488760 (peer_addr_for_me v2:172.21.15.19:0/0)
2024-04-23T18:16:45.053 INFO:teuthology.orchestra.run.smithi019.stdout:/usr/bin/ceph: stderr
2024-04-23T18:16:44.120+0000 7fc47259c700 1 -- 172.21.15.19:0/896488760 --> [v2:172.21.15.19:3300/0,v1:172.21.15.19:6789/0] -- mon_subscribe({config=0+,monmap=0+}) -- 0x7fc47419cbe0 con 0x7fc474108510
2024-04-23T18:16:45.053 INFO:teuthology.orchestra.run.smithi019.stdout:/usr/bin/ceph: stderr
2024-04-23T18:16:44.120+0000 7fc47259c700 1 --2- 172.21.15.19:0/896488760 >> [v2:172.21.15.19:3300/0,v1:172.21.15.19:6789/0] conn(0x7fc474108510 0x7fc47419c6a0 secure :-1 s=READY pgs=77 cs=0 l=1 rev1=1 crypto rx=0x7fc464009520 tx=0x7fc464011aa0 comp rx=0 tx=0).ready entity=mon.0 client_cookie=0 server_cookie=0 in_seq=0 out_seq=0
2024-04-23T18:16:45.053 INFO:teuthology.orchestra.run.smithi019.stdout:/usr/bin/ceph: stderr
2024-04-23T18:16:44.120+0000 7fc4637fe700 1 -- 172.21.15.19:0/896488760 <== mon.0 v2:172.21.15.19:3300/0 1 ==== mon_map magic: 0 ==== 205+0+0 (secure 0 0 0) 0x7fc4640039e0 con 0x7fc474108510
2024-04-23T18:16:45.053 INFO:teuthology.orchestra.run.smithi019.stdout:/usr/bin/ceph: stderr
2024-04-23T18:16:44.120+0000 7fc4637fe700 1 -- 172.21.15.19:0/896488760 <== mon.0 v2:172.21.15.19:3300/0 2 ==== config(26 keys) ==== 1101+0+0 (secure 0 0 0) 0x7fc46401b8f0 con 0x7fc474108510
2024-04-23T18:16:45.053 INFO:teuthology.orchestra.run.smithi019.stdout:/usr/bin/ceph: stderr
2024-04-23T18:16:44.120+0000 7fc4637fe700 1 -- 172.21.15.19:0/896488760 <== mon.0 v2:172.21.15.19:3300/0 3 ==== mon_map magic: 0 ==== 205+0+0 (secure 0 0 0) 0x7fc464019770 con 0x7fc474108510
2024-04-23T18:16:45.053 INFO:teuthology.orchestra.run.smithi019.stdout:/usr/bin/ceph: stderr
2024-04-23T18:16:44.120+0000 7fc478b11700 1 -- 172.21.15.19:0/896488760 --> [v2:172.21.15.19:3300/0,v1:172.21.15.19:6789/0] -- mon_subscribe({mgrmap=0+}) -- 0x7fc47419ce70 con 0x7fc474108510
2024-04-23T18:16:45.053 INFO:teuthology.orchestra.run.smithi019.stdout:/usr/bin/ceph: stderr
2024-04-23T18:16:44.120+0000 7fc478b11700 1 -- 172.21.15.19:0/896488760 --> [v2:172.21.15.19:3300/0,v1:172.21.15.19:6789/0] -- mon_subscribe({osdmap=0}) -- 0x7fc47419fb60 con 0x7fc474108510
2024-04-23T18:16:45.053 INFO:teuthology.orchestra.run.smithi019.stdout:/usr/bin/ceph: stderr
2024-04-23T18:16:44.121+0000 7fc4637fe700 1 -- 172.21.15.19:0/896488760 <== mon.0 v2:172.21.15.19:3300/0 4 ==== mgrmap(e 13) ==== 46614+0+0 (secure 0 0 0) 0x7fc464019a20 con 0x7fc474108510
2024-04-23T18:16:45.054 INFO:teuthology.orchestra.run.smithi019.stdout:/usr/bin/ceph: stderr
2024-04-23T18:16:44.121+0000 7fc478b11700 1 -- 172.21.15.19:0/896488760 --> [v2:172.21.15.19:3300/0,v1:172.21.15.19:6789/0] -- mon_command({"prefix": "get_command_descriptions"} v 0) -- 0x7fc4740640a0 con 0x7fc474108510
2024-04-23T18:16:45.054 INFO:teuthology.orchestra.run.smithi019.stdout:/usr/bin/ceph: stderr
2024-04-23T18:16:44.122+0000 7fc4637fe700 1 --2- 172.21.15.19:0/896488760 >> [v2:172.21.15.19:6800/1993809272,v1:172.21.15.19:6801/1993809272] conn(0x7fc45c0396f0 0x7fc45c03bbb0 unknown :-1 s=NONE pgs=0 cs=0 l=1 rev1=0 crypto rx=0 tx=0 comp rx=0 tx=0).connect
2024-04-23T18:16:45.054 INFO:teuthology.orchestra.run.smithi019.stdout:/usr/bin/ceph: stderr
2024-04-23T18:16:44.122+0000 7fc4637fe700 1 -- 172.21.15.19:0/896488760 <== mon.0 v2:172.21.15.19:3300/0 5 ==== osd_map(3..3 src has 1..3) ==== 1155+0+0 (secure 0 0 0) 0x7fc46404e1f0 con 0x7fc474108510
2024-04-23T18:16:45.054 INFO:teuthology.orchestra.run.smithi019.stdout:/usr/bin/ceph: stderr
2024-04-23T18:16:44.122+0000 7fc471d9b700 1 --2- 172.21.15.19:0/896488760 >> [v2:172.21.15.19:6800/1993809272,v1:172.21.15.19:6801/1993809272] conn(0x7fc45c0396f0 0x7fc45c03bbb0 unknown :-1 s=BANNER_CONNECTING pgs=0 cs=0 l=1 rev1=0 crypto rx=0 tx=0 comp rx=0 tx=0)._handle_peer_banner_payload supported=3 required=0
2024-04-23T18:16:45.054 INFO:teuthology.orchestra.run.smithi019.stdout:/usr/bin/ceph: stderr
2024-04-23T18:16:44.122+0000 7fc471d9b700 1 --2- 172.21.15.19:0/896488760 >> [v2:172.21.15.19:6800/1993809272,v1:172.21.15.19:6801/1993809272] conn(0x7fc45c0396f0 0x7fc45c03bbb0 secure :-1 s=READY pgs=11 cs=0 l=1 rev1=1 crypto rx=0x7fc468006fd0 tx=0x7fc468006e40 comp rx=0 tx=0).ready entity=mgr.14150 client_cookie=0 server_cookie=0 in_seq=0 out_seq=0
2024-04-23T18:16:45.054 INFO:teuthology.orchestra.run.smithi019.stdout:/usr/bin/ceph: stderr
2024-04-23T18:16:44.127+0000 7fc4637fe700 1 -- 172.21.15.19:0/896488760 <== mon.0 v2:172.21.15.19:3300/0 6 ==== mon_command_ack([{"prefix": "get_command_descriptions"}]=0 v0) ==== 72+0+188370 (secure 0 0 0) 0x7fc46401f030 con 0x7fc474108510
2024-04-23T18:16:45.054 INFO:teuthology.orchestra.run.smithi019.stdout:/usr/bin/ceph: stderr
2024-04-23T18:16:44.452+0000 7fc478b11700 1 -- 172.21.15.19:0/896488760 --> [v2:172.21.15.19:3300/0,v1:172.21.15.19:6789/0] -- mon_command([{prefix=config-key set, key=mgr/dashboard/cluster/status}] v 0) -- 0x7fc47402df80 con 0x7fc474108510
2024-04-23T18:16:45.054 INFO:teuthology.orchestra.run.smithi019.stdout:/usr/bin/ceph: stderr
2024-04-23T18:16:44.454+0000 7fc4637fe700 1 -- 172.21.15.19:0/896488760 <== mon.0 v2:172.21.15.19:3300/0 7 ==== mon_command_ack([{prefix=config-key set, key=mgr/dashboard/cluster/status}]=0 set mgr/dashboard/cluster/status v28)=0 set mgr/dashboard/cluster/status v28) ==== 153+0+0 (secure 0 0 0) 0x7fc464010a10 con 0x7fc474108510
2024-04-23T18:16:45.054 INFO:teuthology.orchestra.run.smithi019.stdout:/usr/bin/ceph: stderr
2024-04-23T18:16:44.456+0000 7fc478b11700 1 -- 172.21.15.19:0/896488760 >> [v2:172.21.15.19:6800/1993809272,v1:172.21.15.19:6801/1993809272] conn(0x7fc45c0396f0 msgr2=0x7fc45c03bbb0 secure :-1 s=STATE_CONNECTION_ESTABLISHED l=1).mark_down
2024-04-23T18:16:45.054 INFO:teuthology.orchestra.run.smithi019.stdout:/usr/bin/ceph: stderr
2024-04-23T18:16:44.456+0000 7fc478b11700 1 --2- 172.21.15.19:0/896488760 >> [v2:172.21.15.19:6800/1993809272,v1:172.21.15.19:6801/1993809272] conn(0x7fc45c0396f0 0x7fc45c03bbb0 secure :-1 s=READY pgs=11 cs=0 l=1 rev1=1 crypto rx=0x7fc468006fd0 tx=0x7fc468006e40 comp rx=0 tx=0).stop
2024-04-23T18:16:45.054 INFO:teuthology.orchestra.run.smithi019.stdout:/usr/bin/ceph: stderr
2024-04-23T18:16:44.456+0000 7fc478b11700 1 -- 172.21.15.19:0/896488760 >> [v2:172.21.15.19:3300/0,v1:172.21.15.19:6789/0] conn(0x7fc474108510 msgr2=0x7fc47419c6a0 secure :-1 s=STATE_CONNECTION_ESTABLISHED l=1).mark_down
2024-04-23T18:16:45.054 INFO:teuthology.orchestra.run.smithi019.stdout:/usr/bin/ceph: stderr
2024-04-23T18:16:44.456+0000 7fc478b11700 1 --2- 172.21.15.19:0/896488760 >> [v2:172.21.15.19:3300/0,v1:172.21.15.19:6789/0] conn(0x7fc474108510 0x7fc47419c6a0 secure :-1 s=READY pgs=77 cs=0 l=1 rev1=1 crypto rx=0x7fc464009520 tx=0x7fc464011aa0 comp rx=0 tx=0).stop
2024-04-23T18:16:45.054 INFO:teuthology.orchestra.run.smithi019.stdout:/usr/bin/ceph: stderr
2024-04-23T18:16:44.456+0000 7fc478b11700 1 -- 172.21.15.19:0/896488760 shutdown_connections
2024-04-23T18:16:45.054 INFO:teuthology.orchestra.run.smithi019.stdout:/usr/bin/ceph: stderr
2024-04-23T18:16:44.456+0000 7fc478b11700 1 --2- 172.21.15.19:0/896488760 >> [v2:172.21.15.19:6800/1993809272,v1:172.21.15.19:6801/1993809272] conn(0x7fc45c0396f0 0x7fc45c03bbb0 unknown :-1 s=CLOSED pgs=11 cs=0 l=1 rev1=1 crypto rx=0 tx=0 comp rx=0 tx=0).stop
2024-04-23T18:16:45.055 INFO:teuthology.orchestra.run.smithi019.stdout:/usr/bin/ceph: stderr
2024-04-23T18:16:44.456+0000 7fc478b11700 1 --2- 172.21.15.19:0/896488760 >> [v2:172.21.15.19:3300/0,v1:172.21.15.19:6789/0] conn(0x7fc474108510 0x7fc47419c6a0 unknown :-1 s=CLOSED pgs=77 cs=0 l=1 rev1=1 crypto rx=0 tx=0 comp rx=0 tx=0).stop
2024-04-23T18:16:45.055 INFO:teuthology.orchestra.run.smithi019.stdout:/usr/bin/ceph: stderr
2024-04-23T18:16:44.456+0000 7fc478b11700 1 -- 172.21.15.19:0/896488760 >> 172.21.15.19:0/896488760 conn(0x7fc474103b70 msgr2=0x7fc474104750 unknown :-1 s=STATE_NONE l=0).mark_down
2024-04-23T18:16:45.055 INFO:teuthology.orchestra.run.smithi019.stdout:/usr/bin/ceph: stderr
2024-04-23T18:16:44.456+0000 7fc478b11700 1 -- 172.21.15.19:0/896488760 shutdown_connections
2024-04-23T18:16:45.055 INFO:teuthology.orchestra.run.smithi019.stdout:/usr/bin/ceph: stderr
2024-04-23T18:16:44.456+0000 7fc478b11700 1 -- 172.21.15.19:0/896488760 wait complete.
2024-04-23T18:16:45.055 INFO:teuthology.orchestra.run.smithi019.stdout:/usr/bin/ceph: stderr set mgr/dashboard/cluster/status
2024-04-23T18:16:45.055 INFO:teuthology.orchestra.run.smithi019.stdout:You can access the Ceph CLI as following in case of multi-cluster or non-default config:
2024-04-23T18:16:45.055 INFO:teuthology.orchestra.run.smithi019.stdout:
2024-04-23T18:16:45.055 INFO:teuthology.orchestra.run.smithi019.stdout: sudo /home/ubuntu/cephtest/cephadm shell --fsid 46706838-019d-11ef-bc93-c7b262605968 -c /etc/ceph/ceph.conf -k /etc/ceph/ceph.client.admin.keyring
2024-04-23T18:16:45.055 INFO:teuthology.orchestra.run.smithi019.stdout:
2024-04-23T18:16:45.055 INFO:teuthology.orchestra.run.smithi019.stdout:Or, if you are only running a single cluster on this host:
2024-04-23T18:16:45.055 INFO:teuthology.orchestra.run.smithi019.stdout:
2024-04-23T18:16:45.055 INFO:teuthology.orchestra.run.smithi019.stdout: sudo /home/ubuntu/cephtest/cephadm shell
2024-04-23T18:16:45.055 INFO:teuthology.orchestra.run.smithi019.stdout:
2024-04-23T18:16:45.055 INFO:teuthology.orchestra.run.smithi019.stdout:Please consider enabling telemetry to help improve Ceph:
2024-04-23T18:16:45.056 INFO:teuthology.orchestra.run.smithi019.stdout:
2024-04-23T18:16:45.056 INFO:teuthology.orchestra.run.smithi019.stdout: ceph telemetry on
2024-04-23T18:16:45.056 INFO:teuthology.orchestra.run.smithi019.stdout:
2024-04-23T18:16:45.056 INFO:teuthology.orchestra.run.smithi019.stdout:For more information see:
2024-04-23T18:16:45.056 INFO:teuthology.orchestra.run.smithi019.stdout:
2024-04-23T18:16:45.056 INFO:teuthology.orchestra.run.smithi019.stdout: https://docs.ceph.com/en/latest/mgr/telemetry/
2024-04-23T18:16:45.056 INFO:teuthology.orchestra.run.smithi019.stdout:
2024-04-23T18:16:45.056 INFO:teuthology.orchestra.run.smithi019.stdout:Bootstrap complete.
2024-04-23T18:16:45.096 INFO:tasks.cephadm:Fetching config...
2024-04-23T18:16:45.096 DEBUG:teuthology.orchestra.run.smithi019:> set -ex
2024-04-23T18:16:45.097 DEBUG:teuthology.orchestra.run.smithi019:> dd if=/etc/ceph/ceph.conf of=/dev/stdout
2024-04-23T18:16:45.117 INFO:tasks.cephadm:Fetching client.admin keyring...
2024-04-23T18:16:45.117 DEBUG:teuthology.orchestra.run.smithi019:> set -ex
2024-04-23T18:16:45.117 DEBUG:teuthology.orchestra.run.smithi019:> dd if=/etc/ceph/ceph.client.admin.keyring of=/dev/stdout
2024-04-23T18:16:45.171 INFO:tasks.cephadm:Fetching mon keyring...
2024-04-23T18:16:45.172 DEBUG:teuthology.orchestra.run.smithi019:> set -ex
2024-04-23T18:16:45.172 DEBUG:teuthology.orchestra.run.smithi019:> sudo dd if=/var/lib/ceph/46706838-019d-11ef-bc93-c7b262605968/mon.a/keyring of=/dev/stdout
2024-04-23T18:16:45.237 INFO:tasks.cephadm:Fetching pub ssh key...
2024-04-23T18:16:45.237 DEBUG:teuthology.orchestra.run.smithi019:> set -ex
2024-04-23T18:16:45.237 DEBUG:teuthology.orchestra.run.smithi019:> dd if=/home/ubuntu/cephtest/ceph.pub of=/dev/stdout
2024-04-23T18:16:45.294 INFO:tasks.cephadm:Installing pub ssh key for root users...
2024-04-23T18:16:45.294 DEBUG:teuthology.orchestra.run.smithi019:> sudo install -d -m 0700 /root/.ssh && echo 'ssh-rsa AAAAB3NzaC1yc2EAAAADAQABAAABgQC2UpI8vamfYH8oFaSv1UuFEJ5ea+Uj+bVdn86+Cd9NmffRPMDzCsXlu/KYeLqXIAKrbOO+i+O53DqTCiGVbSZPoYrcAde0p7l/vK0PBJECzk/2MQH16gAKlD26TchLhnkCTUK9PL4GVCCfcPXgnKOt9CTwa3EDMSL4xx1w+JTa7gUxxlnEy6iD0pRQ03okpse7RqYpn9445Gp1GNCB6rq4ZbtVuNtuOmsp4z0Yk487qsuRYBxI7eu8A37vgRY4Y+uoUWpIIBTksRQ3fqYXE9zynVeYuX2vf2ckN9Q5XFz52f+QfmskeldvU9jq8ozR28hrhJElkUnRbi1jfQscNndZZvrBVGsy1dA9G3z7JCQf+6zzYzGls/rChbm2ehvaJg/cDfcWI8A5VyuP76DYzPiuY7ucobpzZKdvoGDiWQhtnaa0fQx1GFGp5CszK0H7KOkb+Bn7nutL2Sx3ZHhQv192/AiODQTlGjLq/AB961osYayhX18EkCqWkbueBDFFNt8= ceph-46706838-019d-11ef-bc93-c7b262605968' | sudo tee -a /root/.ssh/authorized_keys && sudo chmod 0600 /root/.ssh/authorized_keys
2024-04-23T18:16:45.372 INFO:teuthology.orchestra.run.smithi019.stdout:ssh-rsa AAAAB3NzaC1yc2EAAAADAQABAAABgQC2UpI8vamfYH8oFaSv1UuFEJ5ea+Uj+bVdn86+Cd9NmffRPMDzCsXlu/KYeLqXIAKrbOO+i+O53DqTCiGVbSZPoYrcAde0p7l/vK0PBJECzk/2MQH16gAKlD26TchLhnkCTUK9PL4GVCCfcPXgnKOt9CTwa3EDMSL4xx1w+JTa7gUxxlnEy6iD0pRQ03okpse7RqYpn9445Gp1GNCB6rq4ZbtVuNtuOmsp4z0Yk487qsuRYBxI7eu8A37vgRY4Y+uoUWpIIBTksRQ3fqYXE9zynVeYuX2vf2ckN9Q5XFz52f+QfmskeldvU9jq8ozR28hrhJElkUnRbi1jfQscNndZZvrBVGsy1dA9G3z7JCQf+6zzYzGls/rChbm2ehvaJg/cDfcWI8A5VyuP76DYzPiuY7ucobpzZKdvoGDiWQhtnaa0fQx1GFGp5CszK0H7KOkb+Bn7nutL2Sx3ZHhQv192/AiODQTlGjLq/AB961osYayhX18EkCqWkbueBDFFNt8= ceph-46706838-019d-11ef-bc93-c7b262605968
2024-04-23T18:16:45.385 DEBUG:teuthology.orchestra.run.smithi044:> sudo install -d -m 0700 /root/.ssh && echo 'ssh-rsa AAAAB3NzaC1yc2EAAAADAQABAAABgQC2UpI8vamfYH8oFaSv1UuFEJ5ea+Uj+bVdn86+Cd9NmffRPMDzCsXlu/KYeLqXIAKrbOO+i+O53DqTCiGVbSZPoYrcAde0p7l/vK0PBJECzk/2MQH16gAKlD26TchLhnkCTUK9PL4GVCCfcPXgnKOt9CTwa3EDMSL4xx1w+JTa7gUxxlnEy6iD0pRQ03okpse7RqYpn9445Gp1GNCB6rq4ZbtVuNtuOmsp4z0Yk487qsuRYBxI7eu8A37vgRY4Y+uoUWpIIBTksRQ3fqYXE9zynVeYuX2vf2ckN9Q5XFz52f+QfmskeldvU9jq8ozR28hrhJElkUnRbi1jfQscNndZZvrBVGsy1dA9G3z7JCQf+6zzYzGls/rChbm2ehvaJg/cDfcWI8A5VyuP76DYzPiuY7ucobpzZKdvoGDiWQhtnaa0fQx1GFGp5CszK0H7KOkb+Bn7nutL2Sx3ZHhQv192/AiODQTlGjLq/AB961osYayhX18EkCqWkbueBDFFNt8= ceph-46706838-019d-11ef-bc93-c7b262605968' | sudo tee -a /root/.ssh/authorized_keys && sudo chmod 0600 /root/.ssh/authorized_keys
2024-04-23T18:16:45.426 INFO:teuthology.orchestra.run.smithi044.stdout:ssh-rsa AAAAB3NzaC1yc2EAAAADAQABAAABgQC2UpI8vamfYH8oFaSv1UuFEJ5ea+Uj+bVdn86+Cd9NmffRPMDzCsXlu/KYeLqXIAKrbOO+i+O53DqTCiGVbSZPoYrcAde0p7l/vK0PBJECzk/2MQH16gAKlD26TchLhnkCTUK9PL4GVCCfcPXgnKOt9CTwa3EDMSL4xx1w+JTa7gUxxlnEy6iD0pRQ03okpse7RqYpn9445Gp1GNCB6rq4ZbtVuNtuOmsp4z0Yk487qsuRYBxI7eu8A37vgRY4Y+uoUWpIIBTksRQ3fqYXE9zynVeYuX2vf2ckN9Q5XFz52f+QfmskeldvU9jq8ozR28hrhJElkUnRbi1jfQscNndZZvrBVGsy1dA9G3z7JCQf+6zzYzGls/rChbm2ehvaJg/cDfcWI8A5VyuP76DYzPiuY7ucobpzZKdvoGDiWQhtnaa0fQx1GFGp5CszK0H7KOkb+Bn7nutL2Sx3ZHhQv192/AiODQTlGjLq/AB961osYayhX18EkCqWkbueBDFFNt8= ceph-46706838-019d-11ef-bc93-c7b262605968
2024-04-23T18:16:45.438 DEBUG:teuthology.orchestra.run.smithi155:> sudo install -d -m 0700 /root/.ssh && echo 'ssh-rsa AAAAB3NzaC1yc2EAAAADAQABAAABgQC2UpI8vamfYH8oFaSv1UuFEJ5ea+Uj+bVdn86+Cd9NmffRPMDzCsXlu/KYeLqXIAKrbOO+i+O53DqTCiGVbSZPoYrcAde0p7l/vK0PBJECzk/2MQH16gAKlD26TchLhnkCTUK9PL4GVCCfcPXgnKOt9CTwa3EDMSL4xx1w+JTa7gUxxlnEy6iD0pRQ03okpse7RqYpn9445Gp1GNCB6rq4ZbtVuNtuOmsp4z0Yk487qsuRYBxI7eu8A37vgRY4Y+uoUWpIIBTksRQ3fqYXE9zynVeYuX2vf2ckN9Q5XFz52f+QfmskeldvU9jq8ozR28hrhJElkUnRbi1jfQscNndZZvrBVGsy1dA9G3z7JCQf+6zzYzGls/rChbm2ehvaJg/cDfcWI8A5VyuP76DYzPiuY7ucobpzZKdvoGDiWQhtnaa0fQx1GFGp5CszK0H7KOkb+Bn7nutL2Sx3ZHhQv192/AiODQTlGjLq/AB961osYayhX18EkCqWkbueBDFFNt8= ceph-46706838-019d-11ef-bc93-c7b262605968' | sudo tee -a /root/.ssh/authorized_keys && sudo chmod 0600 /root/.ssh/authorized_keys
2024-04-23T18:16:45.477 INFO:teuthology.orchestra.run.smithi155.stdout:ssh-rsa AAAAB3NzaC1yc2EAAAADAQABAAABgQC2UpI8vamfYH8oFaSv1UuFEJ5ea+Uj+bVdn86+Cd9NmffRPMDzCsXlu/KYeLqXIAKrbOO+i+O53DqTCiGVbSZPoYrcAde0p7l/vK0PBJECzk/2MQH16gAKlD26TchLhnkCTUK9PL4GVCCfcPXgnKOt9CTwa3EDMSL4xx1w+JTa7gUxxlnEy6iD0pRQ03okpse7RqYpn9445Gp1GNCB6rq4ZbtVuNtuOmsp4z0Yk487qsuRYBxI7eu8A37vgRY4Y+uoUWpIIBTksRQ3fqYXE9zynVeYuX2vf2ckN9Q5XFz52f+QfmskeldvU9jq8ozR28hrhJElkUnRbi1jfQscNndZZvrBVGsy1dA9G3z7JCQf+6zzYzGls/rChbm2ehvaJg/cDfcWI8A5VyuP76DYzPiuY7ucobpzZKdvoGDiWQhtnaa0fQx1GFGp5CszK0H7KOkb+Bn7nutL2Sx3ZHhQv192/AiODQTlGjLq/AB961osYayhX18EkCqWkbueBDFFNt8= ceph-46706838-019d-11ef-bc93-c7b262605968
2024-04-23T18:16:45.489 DEBUG:teuthology.orchestra.run.smithi019:> sudo /home/ubuntu/cephtest/cephadm --image quay-quay-quay.apps.os.sepia.ceph.com/ceph-ci/ceph:d69f13d827952bb07bb9b7973bca14f97d764d6f shell -c /etc/ceph/ceph.conf -k /etc/ceph/ceph.client.admin.keyring --fsid 46706838-019d-11ef-bc93-c7b262605968 -- ceph config set mgr mgr/cephadm/allow_ptrace true
2024-04-23T18:16:45.737 INFO:teuthology.orchestra.run.smithi019.stderr:Inferring config /var/lib/ceph/46706838-019d-11ef-bc93-c7b262605968/mon.a/config
2024-04-23T18:16:45.760 INFO:journalctl@ceph.mon.a.smithi019.stdout:Apr 23 18:16:45 smithi019 ceph-mon[29215]: from='client.? 172.21.15.19:0/896488760' entity='client.admin'
2024-04-23T18:16:48.046 INFO:teuthology.orchestra.run.smithi019.stderr:2024-04-23T18:16:48.050+0000 7fcb82a05700 1 -- 172.21.15.19:0/3225755302 >> [v2:172.21.15.19:3300/0,v1:172.21.15.19:6789/0] conn(0x7fcb7c1024c0 msgr2=0x7fcb7c1028e0 secure :-1 s=STATE_CONNECTION_ESTABLISHED l=1).mark_down
2024-04-23T18:16:48.047 INFO:teuthology.orchestra.run.smithi019.stderr:2024-04-23T18:16:48.050+0000 7fcb82a05700 1 --2- 172.21.15.19:0/3225755302 >> [v2:172.21.15.19:3300/0,v1:172.21.15.19:6789/0] conn(0x7fcb7c1024c0 0x7fcb7c1028e0 secure :-1 s=READY pgs=78 cs=0 l=1 rev1=1 crypto rx=0x7fcb6c009910 tx=0x7fcb6c009c20 comp rx=0 tx=0).stop
2024-04-23T18:16:48.047 INFO:teuthology.orchestra.run.smithi019.stderr:2024-04-23T18:16:48.051+0000 7fcb82a05700 1 -- 172.21.15.19:0/3225755302 shutdown_connections
2024-04-23T18:16:48.047 INFO:teuthology.orchestra.run.smithi019.stderr:2024-04-23T18:16:48.051+0000 7fcb82a05700 1 --2- 172.21.15.19:0/3225755302 >> [v2:172.21.15.19:3300/0,v1:172.21.15.19:6789/0] conn(0x7fcb7c1024c0 0x7fcb7c1028e0 unknown :-1 s=CLOSED pgs=78 cs=0 l=1 rev1=1 crypto rx=0 tx=0 comp rx=0 tx=0).stop
2024-04-23T18:16:48.047 INFO:teuthology.orchestra.run.smithi019.stderr:2024-04-23T18:16:48.051+0000 7fcb82a05700 1 -- 172.21.15.19:0/3225755302 >> 172.21.15.19:0/3225755302 conn(0x7fcb7c0fda60 msgr2=0x7fcb7c0ffea0 unknown :-1 s=STATE_NONE l=0).mark_down
2024-04-23T18:16:48.047 INFO:teuthology.orchestra.run.smithi019.stderr:2024-04-23T18:16:48.051+0000 7fcb82a05700 1 -- 172.21.15.19:0/3225755302 shutdown_connections
