2024-04-23T18:16:14.379 INFO:teuthology.orchestra.run.smithi019.stdout:/usr/bin/ceph: stderr
2024-04-23T18:16:13.539+0000 7f499e4cb700 1 --2- 172.21.15.19:0/4185728920 >> [v2:172.21.15.19:3300/0,v1:172.21.15.19:6789/0] conn(0x7f4998107390 0x7f49981077b0 unknown :-1 s=CLOSED pgs=41 cs=0 l=1 rev1=1 crypto rx=0 tx=0 comp rx=0 tx=0).stop
2024-04-23T18:16:14.379 INFO:teuthology.orchestra.run.smithi019.stdout:/usr/bin/ceph: stderr
2024-04-23T18:16:13.539+0000 7f499e4cb700 1 -- 172.21.15.19:0/4185728920 >> 172.21.15.19:0/4185728920 conn(0x7f49981029b0 msgr2=0x7f4998104dd0 unknown :-1 s=STATE_NONE l=0).mark_down
2024-04-23T18:16:14.379 INFO:teuthology.orchestra.run.smithi019.stdout:/usr/bin/ceph: stderr
2024-04-23T18:16:13.539+0000 7f499e4cb700 1 -- 172.21.15.19:0/4185728920 shutdown_connections
2024-04-23T18:16:14.379 INFO:teuthology.orchestra.run.smithi019.stdout:/usr/bin/ceph: stderr
2024-04-23T18:16:13.539+0000 7f499e4cb700 1 -- 172.21.15.19:0/4185728920 wait complete.
2024-04-23T18:16:14.379 INFO:teuthology.orchestra.run.smithi019.stdout:/usr/bin/ceph: stderr
2024-04-23T18:16:13.540+0000 7f499e4cb700 1 Processor -- start
2024-04-23T18:16:14.379 INFO:teuthology.orchestra.run.smithi019.stdout:/usr/bin/ceph: stderr
2024-04-23T18:16:13.540+0000 7f499e4cb700 1 -- start start
2024-04-23T18:16:14.379 INFO:teuthology.orchestra.run.smithi019.stdout:/usr/bin/ceph: stderr
2024-04-23T18:16:13.540+0000 7f499e4cb700 1 --2- >> [v2:172.21.15.19:3300/0,v1:172.21.15.19:6789/0] conn(0x7f4998107390 0x7f499819e620 unknown :-1 s=NONE pgs=0 cs=0 l=1 rev1=0 crypto rx=0 tx=0 comp rx=0 tx=0).connect
2024-04-23T18:16:14.379 INFO:teuthology.orchestra.run.smithi019.stdout:/usr/bin/ceph: stderr
2024-04-23T18:16:13.540+0000 7f499e4cb700 1 -- --> [v2:172.21.15.19:3300/0,v1:172.21.15.19:6789/0] -- mon_getmap magic: 0 -- 0x7f499807afe0 con 0x7f4998107390
2024-04-23T18:16:14.379 INFO:teuthology.orchestra.run.smithi019.stdout:/usr/bin/ceph: stderr
2024-04-23T18:16:13.540+0000 7f4997fff700 1 --2- >> [v2:172.21.15.19:3300/0,v1:172.21.15.19:6789/0] conn(0x7f4998107390 0x7f499819e620 unknown :-1 s=BANNER_CONNECTING pgs=0 cs=0 l=1 rev1=0 crypto rx=0 tx=0 comp rx=0 tx=0)._handle_peer_banner_payload supported=3 required=0
2024-04-23T18:16:14.380 INFO:teuthology.orchestra.run.smithi019.stdout:/usr/bin/ceph: stderr
2024-04-23T18:16:13.540+0000 7f4997fff700 1 --2- >> [v2:172.21.15.19:3300/0,v1:172.21.15.19:6789/0] conn(0x7f4998107390 0x7f499819e620 unknown :-1 s=HELLO_CONNECTING pgs=0 cs=0 l=1 rev1=1 crypto rx=0 tx=0 comp rx=0 tx=0).handle_hello peer v2:172.21.15.19:3300/0 says I am v2:172.21.15.19:36372/0 (socket says 172.21.15.19:36372)
2024-04-23T18:16:14.380 INFO:teuthology.orchestra.run.smithi019.stdout:/usr/bin/ceph: stderr
2024-04-23T18:16:13.540+0000 7f4997fff700 1 -- 172.21.15.19:0/1430913359 learned_addr learned my addr 172.21.15.19:0/1430913359 (peer_addr_for_me v2:172.21.15.19:0/0)
2024-04-23T18:16:14.380 INFO:teuthology.orchestra.run.smithi019.stdout:/usr/bin/ceph: stderr
2024-04-23T18:16:13.540+0000 7f4997fff700 1 -- 172.21.15.19:0/1430913359 --> [v2:172.21.15.19:3300/0,v1:172.21.15.19:6789/0] -- mon_subscribe({config=0+,monmap=0+}) -- 0x7f499819eb60 con 0x7f4998107390
2024-04-23T18:16:14.380 INFO:teuthology.orchestra.run.smithi019.stdout:/usr/bin/ceph: stderr
2024-04-23T18:16:13.541+0000 7f4997fff700 1 --2- 172.21.15.19:0/1430913359 >> [v2:172.21.15.19:3300/0,v1:172.21.15.19:6789/0] conn(0x7f4998107390 0x7f499819e620 secure :-1 s=READY pgs=42 cs=0 l=1 rev1=1 crypto rx=0x7f498800b340 tx=0x7f4988003dc0 comp rx=0 tx=0).ready entity=mon.0 client_cookie=0 server_cookie=0 in_seq=0 out_seq=0
2024-04-23T18:16:14.380 INFO:teuthology.orchestra.run.smithi019.stdout:/usr/bin/ceph: stderr
2024-04-23T18:16:13.541+0000 7f49957fa700 1 -- 172.21.15.19:0/1430913359 <== mon.0 v2:172.21.15.19:3300/0 1 ==== mon_map magic: 0 ==== 205+0+0 (secure 0 0 0) 0x7f4988010720 con 0x7f4998107390
2024-04-23T18:16:14.380 INFO:teuthology.orchestra.run.smithi019.stdout:/usr/bin/ceph: stderr
2024-04-23T18:16:13.541+0000 7f49957fa700 1 -- 172.21.15.19:0/1430913359 <== mon.0 v2:172.21.15.19:3300/0 2 ==== config(26 keys) ==== 1070+0+0 (secure 0 0 0) 0x7f498801d070 con 0x7f4998107390
2024-04-23T18:16:14.380 INFO:teuthology.orchestra.run.smithi019.stdout:/usr/bin/ceph: stderr
2024-04-23T18:16:13.541+0000 7f499e4cb700 1 -- 172.21.15.19:0/1430913359 --> [v2:172.21.15.19:3300/0,v1:172.21.15.19:6789/0] -- mon_subscribe({mgrmap=0+}) -- 0x7f499819edf0 con 0x7f4998107390
2024-04-23T18:16:14.380 INFO:teuthology.orchestra.run.smithi019.stdout:/usr/bin/ceph: stderr
2024-04-23T18:16:13.541+0000 7f49957fa700 1 -- 172.21.15.19:0/1430913359 <== mon.0 v2:172.21.15.19:3300/0 3 ==== mon_map magic: 0 ==== 205+0+0 (secure 0 0 0) 0x7f4988021ba0 con 0x7f4998107390
2024-04-23T18:16:14.380 INFO:teuthology.orchestra.run.smithi019.stdout:/usr/bin/ceph: stderr
2024-04-23T18:16:13.541+0000 7f499e4cb700 1 -- 172.21.15.19:0/1430913359 --> [v2:172.21.15.19:3300/0,v1:172.21.15.19:6789/0] -- mon_subscribe({osdmap=0}) -- 0x7f49981a1ae0 con 0x7f4998107390
2024-04-23T18:16:14.380 INFO:teuthology.orchestra.run.smithi019.stdout:/usr/bin/ceph: stderr
2024-04-23T18:16:13.542+0000 7f49957fa700 1 -- 172.21.15.19:0/1430913359 <== mon.0 v2:172.21.15.19:3300/0 4 ==== mgrmap(e 8) ==== 46558+0+0 (secure 0 0 0) 0x7f498801f030 con 0x7f4998107390
2024-04-23T18:16:14.380 INFO:teuthology.orchestra.run.smithi019.stdout:/usr/bin/ceph: stderr
2024-04-23T18:16:13.542+0000 7f49957fa700 1 --2- 172.21.15.19:0/1430913359 >> [v2:172.21.15.19:6800/2431053142,v1:172.21.15.19:6801/2431053142] conn(0x7f49800395b0 0x7f498003ba70 unknown :-1 s=NONE pgs=0 cs=0 l=1 rev1=0 crypto rx=0 tx=0 comp rx=0 tx=0).connect
2024-04-23T18:16:14.380 INFO:teuthology.orchestra.run.smithi019.stdout:/usr/bin/ceph: stderr
2024-04-23T18:16:13.542+0000 7f499e4cb700 1 -- 172.21.15.19:0/1430913359 --> [v2:172.21.15.19:3300/0,v1:172.21.15.19:6789/0] -- mon_command({"prefix": "get_command_descriptions"} v 0) -- 0x7f4984005360 con 0x7f4998107390
2024-04-23T18:16:14.380 INFO:teuthology.orchestra.run.smithi019.stdout:/usr/bin/ceph: stderr
2024-04-23T18:16:13.542+0000 7f49957fa700 1 -- 172.21.15.19:0/1430913359 <== mon.0 v2:172.21.15.19:3300/0 5 ==== osd_map(2..2 src has 1..2) ==== 940+0+0 (secure 0 0 0) 0x7f498804d9c0 con 0x7f4998107390
2024-04-23T18:16:14.380 INFO:teuthology.orchestra.run.smithi019.stdout:/usr/bin/ceph: stderr
2024-04-23T18:16:13.542+0000 7f49977fe700 1 --2- 172.21.15.19:0/1430913359 >> [v2:172.21.15.19:6800/2431053142,v1:172.21.15.19:6801/2431053142] conn(0x7f49800395b0 0x7f498003ba70 unknown :-1 s=BANNER_CONNECTING pgs=0 cs=0 l=1 rev1=0 crypto rx=0 tx=0 comp rx=0 tx=0)._handle_peer_banner_payload supported=3 required=0
2024-04-23T18:16:14.380 INFO:teuthology.orchestra.run.smithi019.stdout:/usr/bin/ceph: stderr
2024-04-23T18:16:13.543+0000 7f49977fe700 1 --2- 172.21.15.19:0/1430913359 >> [v2:172.21.15.19:6800/2431053142,v1:172.21.15.19:6801/2431053142] conn(0x7f49800395b0 0x7f498003ba70 secure :-1 s=READY pgs=10 cs=0 l=1 rev1=1 crypto rx=0x7f498c006fd0 tx=0x7f498c006e40 comp rx=0 tx=0).ready entity=mgr.14118 client_cookie=0 server_cookie=0 in_seq=0 out_seq=0
2024-04-23T18:16:14.381 INFO:teuthology.orchestra.run.smithi019.stdout:/usr/bin/ceph: stderr
2024-04-23T18:16:13.547+0000 7f49957fa700 1 -- 172.21.15.19:0/1430913359 <== mon.0 v2:172.21.15.19:3300/0 6 ==== mon_command_ack([{"prefix": "get_command_descriptions"}]=0 v0) ==== 72+0+188370 (secure 0 0 0) 0x7f4988015070 con 0x7f4998107390
2024-04-23T18:16:14.381 INFO:teuthology.orchestra.run.smithi019.stdout:/usr/bin/ceph: stderr
2024-04-23T18:16:13.758+0000 7f499e4cb700 1 -- 172.21.15.19:0/1430913359 --> [v2:172.21.15.19:6800/2431053142,v1:172.21.15.19:6801/2431053142] -- mgr_command(tid 0: {"prefix": "cephadm get-pub-key", "target": ["mon-mgr", ""]}) -- 0x7f4984000bf0 con 0x7f49800395b0
2024-04-23T18:16:14.381 INFO:teuthology.orchestra.run.smithi019.stdout:/usr/bin/ceph: stderr
2024-04-23T18:16:13.759+0000 7f49957fa700 1 -- 172.21.15.19:0/1430913359 <== mgr.14118 v2:172.21.15.19:6800/2431053142 1 ==== mgr_command_reply(tid 0: 0 ) ==== 8+0+595 (secure 0 0 0) 0x7f4984000bf0 con 0x7f49800395b0
2024-04-23T18:16:14.381 INFO:teuthology.orchestra.run.smithi019.stdout:/usr/bin/ceph: stderr
2024-04-23T18:16:13.761+0000 7f499e4cb700 1 -- 172.21.15.19:0/1430913359 >> [v2:172.21.15.19:6800/2431053142,v1:172.21.15.19:6801/2431053142] conn(0x7f49800395b0 msgr2=0x7f498003ba70 secure :-1 s=STATE_CONNECTION_ESTABLISHED l=1).mark_down
2024-04-23T18:16:14.381 INFO:teuthology.orchestra.run.smithi019.stdout:/usr/bin/ceph: stderr
2024-04-23T18:16:13.761+0000 7f499e4cb700 1 --2- 172.21.15.19:0/1430913359 >> [v2:172.21.15.19:6800/2431053142,v1:172.21.15.19:6801/2431053142] conn(0x7f49800395b0 0x7f498003ba70 secure :-1 s=READY pgs=10 cs=0 l=1 rev1=1 crypto rx=0x7f498c006fd0 tx=0x7f498c006e40 comp rx=0 tx=0).stop
2024-04-23T18:16:14.381 INFO:teuthology.orchestra.run.smithi019.stdout:/usr/bin/ceph: stderr
2024-04-23T18:16:13.761+0000 7f499e4cb700 1 -- 172.21.15.19:0/1430913359 >> [v2:172.21.15.19:3300/0,v1:172.21.15.19:6789/0] conn(0x7f4998107390 msgr2=0x7f499819e620 secure :-1 s=STATE_CONNECTION_ESTABLISHED l=1).mark_down
2024-04-23T18:16:14.381 INFO:teuthology.orchestra.run.smithi019.stdout:/usr/bin/ceph: stderr
2024-04-23T18:16:13.761+0000 7f499e4cb700 1 --2- 172.21.15.19:0/1430913359 >> [v2:172.21.15.19:3300/0,v1:172.21.15.19:6789/0] conn(0x7f4998107390 0x7f499819e620 secure :-1 s=READY pgs=42 cs=0 l=1 rev1=1 crypto rx=0x7f498800b340 tx=0x7f4988003dc0 comp rx=0 tx=0).stop
2024-04-23T18:16:14.381 INFO:teuthology.orchestra.run.smithi019.stdout:/usr/bin/ceph: stderr
2024-04-23T18:16:13.761+0000 7f499e4cb700 1 -- 172.21.15.19:0/1430913359 shutdown_connections
2024-04-23T18:16:14.381 INFO:teuthology.orchestra.run.smithi019.stdout:/usr/bin/ceph: stderr
2024-04-23T18:16:13.761+0000 7f499e4cb700 1 --2- 172.21.15.19:0/1430913359 >> [v2:172.21.15.19:6800/2431053142,v1:172.21.15.19:6801/2431053142] conn(0x7f49800395b0 0x7f498003ba70 unknown :-1 s=CLOSED pgs=10 cs=0 l=1 rev1=1 crypto rx=0 tx=0 comp rx=0 tx=0).stop
2024-04-23T18:16:14.381 INFO:teuthology.orchestra.run.smithi019.stdout:/usr/bin/ceph: stderr
2024-04-23T18:16:13.761+0000 7f499e4cb700 1 --2- 172.21.15.19:0/1430913359 >> [v2:172.21.15.19:3300/0,v1:172.21.15.19:6789/0] conn(0x7f4998107390 0x7f499819e620 unknown :-1 s=CLOSED pgs=42 cs=0 l=1 rev1=1 crypto rx=0 tx=0 comp rx=0 tx=0).stop
2024-04-23T18:16:14.381 INFO:teuthology.orchestra.run.smithi019.stdout:/usr/bin/ceph: stderr
2024-04-23T18:16:13.761+0000 7f499e4cb700 1 -- 172.21.15.19:0/1430913359 >> 172.21.15.19:0/1430913359 conn(0x7f49981029b0 msgr2=0x7f4998190830 unknown :-1 s=STATE_NONE l=0).mark_down
2024-04-23T18:16:14.381 INFO:teuthology.orchestra.run.smithi019.stdout:/usr/bin/ceph: stderr
2024-04-23T18:16:13.761+0000 7f499e4cb700 1 -- 172.21.15.19:0/1430913359 shutdown_connections
2024-04-23T18:16:14.381 INFO:teuthology.orchestra.run.smithi019.stdout:/usr/bin/ceph: stderr
2024-04-23T18:16:13.761+0000 7f499e4cb700 1 -- 172.21.15.19:0/1430913359 wait complete.
2024-04-23T18:16:14.381 INFO:teuthology.orchestra.run.smithi019.stdout:Wrote public SSH key to /home/ubuntu/cephtest/ceph.pub
2024-04-23T18:16:14.381 INFO:teuthology.orchestra.run.smithi019.stdout:Adding key to root@localhost authorized_keys...
2024-04-23T18:16:14.381 INFO:teuthology.orchestra.run.smithi019.stdout:Adding host smithi019...
2024-04-23T18:16:15.010 INFO:journalctl@ceph.mon.a.smithi019.stdout:Apr 23 18:16:14 smithi019 ceph-mon[29215]: from='client.14136 -' entity='client.admin' cmd=[{"prefix": "cephadm get-pub-key", "target": ["mon-mgr", ""]}]: dispatch
2024-04-23T18:16:15.953 INFO:journalctl@ceph.mon.a.smithi019.stdout:Apr 23 18:16:15 smithi019 ceph-mon[29215]: from='client.14138 -' entity='client.admin' cmd=[{"prefix": "orch host add", "hostname": "smithi019", "addr": "172.21.15.19", "target": ["mon-mgr", ""]}]: dispatch
2024-04-23T18:16:15.954 INFO:journalctl@ceph.mon.a.smithi019.stdout:Apr 23 18:16:15 smithi019 ceph-mon[29215]: Deploying cephadm binary to smithi019
2024-04-23T18:16:19.918 INFO:teuthology.orchestra.run.smithi019.stdout:/usr/bin/ceph: stdout Added host 'smithi019' with addr '172.21.15.19'
2024-04-23T18:16:19.918 INFO:teuthology.orchestra.run.smithi019.stdout:/usr/bin/ceph: stderr
2024-04-23T18:16:14.838+0000 7f6a96051700 1 Processor -- start
2024-04-23T18:16:19.918 INFO:teuthology.orchestra.run.smithi019.stdout:/usr/bin/ceph: stderr
2024-04-23T18:16:14.838+0000 7f6a96051700 1 -- start start
2024-04-23T18:16:19.918 INFO:teuthology.orchestra.run.smithi019.stdout:/usr/bin/ceph: stderr
2024-04-23T18:16:14.839+0000 7f6a96051700 1 --2- >> [v2:172.21.15.19:3300/0,v1:172.21.15.19:6789/0] conn(0x7f6a90108540 0x7f6a90108960 unknown :-1 s=NONE pgs=0 cs=0 l=0 rev1=0 crypto rx=0 tx=0 comp rx=0 tx=0).connect
2024-04-23T18:16:19.918 INFO:teuthology.orchestra.run.smithi019.stdout:/usr/bin/ceph: stderr
2024-04-23T18:16:14.839+0000 7f6a96051700 1 -- --> [v2:172.21.15.19:3300/0,v1:172.21.15.19:6789/0] -- mon_getmap magic: 0 -- 0x7f6a90108f30 con 0x7f6a90108540
2024-04-23T18:16:19.919 INFO:teuthology.orchestra.run.smithi019.stdout:/usr/bin/ceph: stderr
2024-04-23T18:16:14.839+0000 7f6a8f7fe700 1 --2- >> [v2:172.21.15.19:3300/0,v1:172.21.15.19:6789/0] conn(0x7f6a90108540 0x7f6a90108960 unknown :-1 s=BANNER_CONNECTING pgs=0 cs=0 l=0 rev1=0 crypto rx=0 tx=0 comp rx=0 tx=0)._handle_peer_banner_payload supported=3 required=0
2024-04-23T18:16:19.919 INFO:teuthology.orchestra.run.smithi019.stdout:/usr/bin/ceph: stderr
2024-04-23T18:16:14.839+0000 7f6a8f7fe700 1 --2- >> [v2:172.21.15.19:3300/0,v1:172.21.15.19:6789/0] conn(0x7f6a90108540 0x7f6a90108960 unknown :-1 s=HELLO_CONNECTING pgs=0 cs=0 l=0 rev1=1 crypto rx=0 tx=0 comp rx=0 tx=0).handle_hello peer v2:172.21.15.19:3300/0 says I am v2:172.21.15.19:36378/0 (socket says 172.21.15.19:36378)
2024-04-23T18:16:19.919 INFO:teuthology.orchestra.run.smithi019.stdout:/usr/bin/ceph: stderr
2024-04-23T18:16:14.839+0000 7f6a8f7fe700 1 -- 172.21.15.19:0/2333743532 learned_addr learned my addr 172.21.15.19:0/2333743532 (peer_addr_for_me v2:172.21.15.19:0/0)
2024-04-23T18:16:19.919 INFO:teuthology.orchestra.run.smithi019.stdout:/usr/bin/ceph: stderr
2024-04-23T18:16:14.839+0000 7f6a8f7fe700 1 -- 172.21.15.19:0/2333743532 --> [v2:172.21.15.19:3300/0,v1:172.21.15.19:6789/0] -- mon_subscribe({config=0+,monmap=0+}) -- 0x7f6a901096f0 con 0x7f6a90108540
2024-04-23T18:16:19.919 INFO:teuthology.orchestra.run.smithi019.stdout:/usr/bin/ceph: stderr
2024-04-23T18:16:14.839+0000 7f6a8f7fe700 1 --2- 172.21.15.19:0/2333743532 >> [v2:172.21.15.19:3300/0,v1:172.21.15.19:6789/0] conn(0x7f6a90108540 0x7f6a90108960 secure :-1 s=READY pgs=43 cs=0 l=1 rev1=1 crypto rx=0x7f6a800098a0 tx=0x7f6a80009bb0 comp rx=0 tx=0).ready entity=mon.0 client_cookie=568e05ebb216d99a server_cookie=0 in_seq=0 out_seq=0
2024-04-23T18:16:19.919 INFO:teuthology.orchestra.run.smithi019.stdout:/usr/bin/ceph: stderr
2024-04-23T18:16:14.840+0000 7f6a8e7fc700 1 -- 172.21.15.19:0/2333743532 <== mon.0 v2:172.21.15.19:3300/0 1 ==== mon_map magic: 0 ==== 205+0+0 (secure 0 0 0) 0x7f6a80004160 con 0x7f6a90108540
2024-04-23T18:16:19.919 INFO:teuthology.orchestra.run.smithi019.stdout:/usr/bin/ceph: stderr
2024-04-23T18:16:14.840+0000 7f6a8e7fc700 1 -- 172.21.15.19:0/2333743532 <== mon.0 v2:172.21.15.19:3300/0 2 ==== config(26 keys) ==== 1070+0+0 (secure 0 0 0) 0x7f6a80004300 con 0x7f6a90108540
2024-04-23T18:16:19.919 INFO:teuthology.orchestra.run.smithi019.stdout:/usr/bin/ceph: stderr
2024-04-23T18:16:14.840+0000 7f6a8e7fc700 1 -- 172.21.15.19:0/2333743532 <== mon.0 v2:172.21.15.19:3300/0 3 ==== mon_map magic: 0 ==== 205+0+0 (secure 0 0 0) 0x7f6a80011af0 con 0x7f6a90108540
2024-04-23T18:16:19.919 INFO:teuthology.orchestra.run.smithi019.stdout:/usr/bin/ceph: stderr
2024-04-23T18:16:14.840+0000 7f6a96051700 1 -- 172.21.15.19:0/2333743532 >> [v2:172.21.15.19:3300/0,v1:172.21.15.19:6789/0] conn(0x7f6a90108540 msgr2=0x7f6a90108960 secure :-1 s=STATE_CONNECTION_ESTABLISHED l=1).mark_down
2024-04-23T18:16:19.919 INFO:teuthology.orchestra.run.smithi019.stdout:/usr/bin/ceph: stderr
2024-04-23T18:16:14.840+0000 7f6a96051700 1 --2- 172.21.15.19:0/2333743532 >> [v2:172.21.15.19:3300/0,v1:172.21.15.19:6789/0] conn(0x7f6a90108540 0x7f6a90108960 secure :-1 s=READY pgs=43 cs=0 l=1 rev1=1 crypto rx=0x7f6a800098a0 tx=0x7f6a80009bb0 comp rx=0 tx=0).stop
2024-04-23T18:16:19.919 INFO:teuthology.orchestra.run.smithi019.stdout:/usr/bin/ceph: stderr
2024-04-23T18:16:14.840+0000 7f6a96051700 1 -- 172.21.15.19:0/2333743532 shutdown_connections
2024-04-23T18:16:19.919 INFO:teuthology.orchestra.run.smithi019.stdout:/usr/bin/ceph: stderr
2024-04-23T18:16:14.840+0000 7f6a96051700 1 --2- 172.21.15.19:0/2333743532 >> [v2:172.21.15.19:3300/0,v1:172.21.15.19:6789/0] conn(0x7f6a90108540 0x7f6a90108960 unknown :-1 s=CLOSED pgs=43 cs=0 l=1 rev1=1 crypto rx=0 tx=0 comp rx=0 tx=0).stop
2024-04-23T18:16:19.919 INFO:teuthology.orchestra.run.smithi019.stdout:/usr/bin/ceph: stderr
2024-04-23T18:16:14.840+0000 7f6a96051700 1 -- 172.21.15.19:0/2333743532 >> 172.21.15.19:0/2333743532 conn(0x7f6a90103ba0 msgr2=0x7f6a90105fc0 unknown :-1 s=STATE_NONE l=0).mark_down
2024-04-23T18:16:19.919 INFO:teuthology.orchestra.run.smithi019.stdout:/usr/bin/ceph: stderr
2024-04-23T18:16:14.840+0000 7f6a96051700 1 -- 172.21.15.19:0/2333743532 shutdown_connections
2024-04-23T18:16:19.920 INFO:teuthology.orchestra.run.smithi019.stdout:/usr/bin/ceph: stderr
2024-04-23T18:16:14.840+0000 7f6a96051700 1 -- 172.21.15.19:0/2333743532 wait complete.
2024-04-23T18:16:19.920 INFO:teuthology.orchestra.run.smithi019.stdout:/usr/bin/ceph: stderr
2024-04-23T18:16:14.841+0000 7f6a96051700 1 Processor -- start
2024-04-23T18:16:19.920 INFO:teuthology.orchestra.run.smithi019.stdout:/usr/bin/ceph: stderr
2024-04-23T18:16:14.841+0000 7f6a96051700 1 -- start start
2024-04-23T18:16:19.920 INFO:teuthology.orchestra.run.smithi019.stdout:/usr/bin/ceph: stderr
2024-04-23T18:16:14.841+0000 7f6a96051700 1 --2- >> [v2:172.21.15.19:3300/0,v1:172.21.15.19:6789/0] conn(0x7f6a90108540 0x7f6a9019c450 unknown :-1 s=NONE pgs=0 cs=0 l=1 rev1=0 crypto rx=0 tx=0 comp rx=0 tx=0).connect
2024-04-23T18:16:19.920 INFO:teuthology.orchestra.run.smithi019.stdout:/usr/bin/ceph: stderr
2024-04-23T18:16:14.841+0000 7f6a96051700 1 -- --> [v2:172.21.15.19:3300/0,v1:172.21.15.19:6789/0] -- mon_getmap magic: 0 -- 0x7f6a9010c920 con 0x7f6a90108540
2024-04-23T18:16:19.920 INFO:teuthology.orchestra.run.smithi019.stdout:/usr/bin/ceph: stderr
2024-04-23T18:16:14.841+0000 7f6a8f7fe700 1 --2- >> [v2:172.21.15.19:3300/0,v1:172.21.15.19:6789/0] conn(0x7f6a90108540 0x7f6a9019c450 unknown :-1 s=BANNER_CONNECTING pgs=0 cs=0 l=1 rev1=0 crypto rx=0 tx=0 comp rx=0 tx=0)._handle_peer_banner_payload supported=3 required=0
2024-04-23T18:16:19.920 INFO:teuthology.orchestra.run.smithi019.stdout:/usr/bin/ceph: stderr
2024-04-23T18:16:14.841+0000 7f6a8f7fe700 1 --2- >> [v2:172.21.15.19:3300/0,v1:172.21.15.19:6789/0] conn(0x7f6a90108540 0x7f6a9019c450 unknown :-1 s=HELLO_CONNECTING pgs=0 cs=0 l=1 rev1=1 crypto rx=0 tx=0 comp rx=0 tx=0).handle_hello peer v2:172.21.15.19:3300/0 says I am v2:172.21.15.19:36388/0 (socket says 172.21.15.19:36388)
2024-04-23T18:16:19.920 INFO:teuthology.orchestra.run.smithi019.stdout:/usr/bin/ceph: stderr
2024-04-23T18:16:14.841+0000 7f6a8f7fe700 1 -- 172.21.15.19:0/817439174 learned_addr learned my addr 172.21.15.19:0/817439174 (peer_addr_for_me v2:172.21.15.19:0/0)
2024-04-23T18:16:19.920 INFO:teuthology.orchestra.run.smithi019.stdout:/usr/bin/ceph: stderr
2024-04-23T18:16:14.842+0000 7f6a8f7fe700 1 -- 172.21.15.19:0/817439174 --> [v2:172.21.15.19:3300/0,v1:172.21.15.19:6789/0] -- mon_subscribe({config=0+,monmap=0+}) -- 0x7f6a9019c990 con 0x7f6a90108540
2024-04-23T18:16:19.920 INFO:teuthology.orchestra.run.smithi019.stdout:/usr/bin/ceph: stderr
2024-04-23T18:16:14.842+0000 7f6a8f7fe700 1 --2- 172.21.15.19:0/817439174 >> [v2:172.21.15.19:3300/0,v1:172.21.15.19:6789/0] conn(0x7f6a90108540 0x7f6a9019c450 secure :-1 s=READY pgs=44 cs=0 l=1 rev1=1 crypto rx=0x7f6a80009fb0 tx=0x7f6a80011940 comp rx=0 tx=0).ready entity=mon.0 client_cookie=0 server_cookie=0 in_seq=0 out_seq=0
2024-04-23T18:16:19.920 INFO:teuthology.orchestra.run.smithi019.stdout:/usr/bin/ceph: stderr
2024-04-23T18:16:14.842+0000 7f6a8cff9700 1 -- 172.21.15.19:0/817439174 <== mon.0 v2:172.21.15.19:3300/0 1 ==== mon_map magic: 0 ==== 205+0+0 (secure 0 0 0) 0x7f6a800036a0 con 0x7f6a90108540
2024-04-23T18:16:19.920 INFO:teuthology.orchestra.run.smithi019.stdout:/usr/bin/ceph: stderr
2024-04-23T18:16:14.842+0000 7f6a8cff9700 1 -- 172.21.15.19:0/817439174 <== mon.0 v2:172.21.15.19:3300/0 2 ==== config(26 keys) ==== 1070+0+0 (secure 0 0 0) 0x7f6a8001a430 con 0x7f6a90108540
2024-04-23T18:16:19.920 INFO:teuthology.orchestra.run.smithi019.stdout:/usr/bin/ceph: stderr
2024-04-23T18:16:14.842+0000 7f6a96051700 1 -- 172.21.15.19:0/817439174 --> [v2:172.21.15.19:3300/0,v1:172.21.15.19:6789/0] -- mon_subscribe({mgrmap=0+}) -- 0x7f6a9019cc20 con 0x7f6a90108540
2024-04-23T18:16:19.920 INFO:teuthology.orchestra.run.smithi019.stdout:/usr/bin/ceph: stderr
2024-04-23T18:16:14.842+0000 7f6a8cff9700 1 -- 172.21.15.19:0/817439174 <== mon.0 v2:172.21.15.19:3300/0 3 ==== mon_map magic: 0 ==== 205+0+0 (secure 0 0 0) 0x7f6a80019550 con 0x7f6a90108540
2024-04-23T18:16:19.920 INFO:teuthology.orchestra.run.smithi019.stdout:/usr/bin/ceph: stderr
2024-04-23T18:16:14.842+0000 7f6a96051700 1 -- 172.21.15.19:0/817439174 --> [v2:172.21.15.19:3300/0,v1:172.21.15.19:6789/0] -- mon_subscribe({osdmap=0}) -- 0x7f6a9019f910 con 0x7f6a90108540
2024-04-23T18:16:19.921 INFO:teuthology.orchestra.run.smithi019.stdout:/usr/bin/ceph: stderr
2024-04-23T18:16:14.843+0000 7f6a8cff9700 1 -- 172.21.15.19:0/817439174 <== mon.0 v2:172.21.15.19:3300/0 4 ==== mgrmap(e 8) ==== 46558+0+0 (secure 0 0 0) 0x7f6a80019850 con 0x7f6a90108540
2024-04-23T18:16:19.921 INFO:teuthology.orchestra.run.smithi019.stdout:/usr/bin/ceph: stderr
2024-04-23T18:16:14.843+0000 7f6a8cff9700 1 --2- 172.21.15.19:0/817439174 >> [v2:172.21.15.19:6800/2431053142,v1:172.21.15.19:6801/2431053142] conn(0x7f6a78039560 0x7f6a7803ba20 unknown :-1 s=NONE pgs=0 cs=0 l=1 rev1=0 crypto rx=0 tx=0 comp rx=0 tx=0).connect
2024-04-23T18:16:19.921 INFO:teuthology.orchestra.run.smithi019.stdout:/usr/bin/ceph: stderr
2024-04-23T18:16:14.843+0000 7f6a8cff9700 1 -- 172.21.15.19:0/817439174 <== mon.0 v2:172.21.15.19:3300/0 5 ==== osd_map(2..2 src has 1..2) ==== 940+0+0 (secure 0 0 0) 0x7f6a8004d8d0 con 0x7f6a90108540
2024-04-23T18:16:19.921 INFO:teuthology.orchestra.run.smithi019.stdout:/usr/bin/ceph: stderr
2024-04-23T18:16:14.843+0000 7f6a96051700 1 -- 172.21.15.19:0/817439174 --> [v2:172.21.15.19:3300/0,v1:172.21.15.19:6789/0] -- mon_command({"prefix": "get_command_descriptions"} v 0) -- 0x7f6a9010caa0 con 0x7f6a90108540
2024-04-23T18:16:19.921 INFO:teuthology.orchestra.run.smithi019.stdout:/usr/bin/ceph: stderr
2024-04-23T18:16:14.843+0000 7f6a8effd700 1 --2- 172.21.15.19:0/817439174 >> [v2:172.21.15.19:6800/2431053142,v1:172.21.15.19:6801/2431053142] conn(0x7f6a78039560 0x7f6a7803ba20 unknown :-1 s=BANNER_CONNECTING pgs=0 cs=0 l=1 rev1=0 crypto rx=0 tx=0 comp rx=0 tx=0)._handle_peer_banner_payload supported=3 required=0
2024-04-23T18:16:19.921 INFO:teuthology.orchestra.run.smithi019.stdout:/usr/bin/ceph: stderr
2024-04-23T18:16:14.844+0000 7f6a8effd700 1 --2- 172.21.15.19:0/817439174 >> [v2:172.21.15.19:6800/2431053142,v1:172.21.15.19:6801/2431053142] conn(0x7f6a78039560 0x7f6a7803ba20 secure :-1 s=READY pgs=11 cs=0 l=1 rev1=1 crypto rx=0x7f6a84006fd0 tx=0x7f6a84006e40 comp rx=0 tx=0).ready entity=mgr.14118 client_cookie=0 server_cookie=0 in_seq=0 out_seq=0
2024-04-23T18:16:19.921 INFO:teuthology.orchestra.run.smithi019.stdout:/usr/bin/ceph: stderr
2024-04-23T18:16:14.848+0000 7f6a8cff9700 1 -- 172.21.15.19:0/817439174 <== mon.0 v2:172.21.15.19:3300/0 6 ==== mon_command_ack([{"prefix": "get_command_descriptions"}]=0 v0) ==== 72+0+188370 (secure 0 0 0) 0x7f6a80016dd0 con 0x7f6a90108540
2024-04-23T18:16:19.921 INFO:teuthology.orchestra.run.smithi019.stdout:/usr/bin/ceph: stderr
2024-04-23T18:16:15.064+0000 7f6a96051700 1 -- 172.21.15.19:0/817439174 --> [v2:172.21.15.19:6800/2431053142,v1:172.21.15.19:6801/2431053142] -- mgr_command(tid 0: {"prefix": "orch host add", "hostname": "smithi019", "addr": "172.21.15.19", "target": ["mon-mgr", ""]}) -- 0x7f6a90104e20 con 0x7f6a78039560
2024-04-23T18:16:19.922 INFO:teuthology.orchestra.run.smithi019.stdout:/usr/bin/ceph: stderr
2024-04-23T18:16:19.306+0000 7f6a8cff9700 1 -- 172.21.15.19:0/817439174 <== mgr.14118 v2:172.21.15.19:6800/2431053142 1 ==== mgr_command_reply(tid 0: 0 ) ==== 8+0+48 (secure 0 0 0) 0x7f6a90104e20 con 0x7f6a78039560
2024-04-23T18:16:19.922 INFO:teuthology.orchestra.run.smithi019.stdout:/usr/bin/ceph: stderr
2024-04-23T18:16:19.309+0000 7f6a96051700 1 -- 172.21.15.19:0/817439174 >> [v2:172.21.15.19:6800/2431053142,v1:172.21.15.19:6801/2431053142] conn(0x7f6a78039560 msgr2=0x7f6a7803ba20 secure :-1 s=STATE_CONNECTION_ESTABLISHED l=1).mark_down
2024-04-23T18:16:19.922 INFO:teuthology.orchestra.run.smithi019.stdout:/usr/bin/ceph: stderr
2024-04-23T18:16:19.309+0000 7f6a96051700 1 --2- 172.21.15.19:0/817439174 >> [v2:172.21.15.19:6800/2431053142,v1:172.21.15.19:6801/2431053142] conn(0x7f6a78039560 0x7f6a7803ba20 secure :-1 s=READY pgs=11 cs=0 l=1 rev1=1 crypto rx=0x7f6a84006fd0 tx=0x7f6a84006e40 comp rx=0 tx=0).stop
2024-04-23T18:16:19.922 INFO:teuthology.orchestra.run.smithi019.stdout:/usr/bin/ceph: stderr
2024-04-23T18:16:19.309+0000 7f6a96051700 1 -- 172.21.15.19:0/817439174 >> [v2:172.21.15.19:3300/0,v1:172.21.15.19:6789/0] conn(0x7f6a90108540 msgr2=0x7f6a9019c450 secure :-1 s=STATE_CONNECTION_ESTABLISHED l=1).mark_down
2024-04-23T18:16:19.922 INFO:teuthology.orchestra.run.smithi019.stdout:/usr/bin/ceph: stderr
2024-04-23T18:16:19.309+0000 7f6a96051700 1 --2- 172.21.15.19:0/817439174 >> [v2:172.21.15.19:3300/0,v1:172.21.15.19:6789/0] conn(0x7f6a90108540 0x7f6a9019c450 secure :-1 s=READY pgs=44 cs=0 l=1 rev1=1 crypto rx=0x7f6a80009fb0 tx=0x7f6a80011940 comp rx=0 tx=0).stop
2024-04-23T18:16:19.922 INFO:teuthology.orchestra.run.smithi019.stdout:/usr/bin/ceph: stderr
2024-04-23T18:16:19.309+0000 7f6a96051700 1 -- 172.21.15.19:0/817439174 shutdown_connections
2024-04-23T18:16:19.923 INFO:teuthology.orchestra.run.smithi019.stdout:/usr/bin/ceph: stderr
2024-04-23T18:16:19.309+0000 7f6a96051700 1 --2- 172.21.15.19:0/817439174 >> [v2:172.21.15.19:6800/2431053142,v1:172.21.15.19:6801/2431053142] conn(0x7f6a78039560 0x7f6a7803ba20 unknown :-1 s=CLOSED pgs=11 cs=0 l=1 rev1=1 crypto rx=0 tx=0 comp rx=0 tx=0).stop
2024-04-23T18:16:19.923 INFO:teuthology.orchestra.run.smithi019.stdout:/usr/bin/ceph: stderr
2024-04-23T18:16:19.309+0000 7f6a96051700 1 --2- 172.21.15.19:0/817439174 >> [v2:172.21.15.19:3300/0,v1:172.21.15.19:6789/0] conn(0x7f6a90108540 0x7f6a9019c450 unknown :-1 s=CLOSED pgs=44 cs=0 l=1 rev1=1 crypto rx=0 tx=0 comp rx=0 tx=0).stop
2024-04-23T18:16:19.923 INFO:teuthology.orchestra.run.smithi019.stdout:/usr/bin/ceph: stderr
2024-04-23T18:16:19.309+0000 7f6a96051700 1 -- 172.21.15.19:0/817439174 >> 172.21.15.19:0/817439174 conn(0x7f6a90103ba0 msgr2=0x7f6a90104710 unknown :-1 s=STATE_NONE l=0).mark_down
2024-04-23T18:16:19.923 INFO:teuthology.orchestra.run.smithi019.stdout:/usr/bin/ceph: stderr
2024-04-23T18:16:19.309+0000 7f6a96051700 1 -- 172.21.15.19:0/817439174 shutdown_connections
2024-04-23T18:16:19.923 INFO:teuthology.orchestra.run.smithi019.stdout:/usr/bin/ceph: stderr
2024-04-23T18:16:19.309+0000 7f6a96051700 1 -- 172.21.15.19:0/817439174 wait complete.
2024-04-23T18:16:19.923 INFO:teuthology.orchestra.run.smithi019.stdout:Deploying unmanaged mon service...
2024-04-23T18:16:20.510 INFO:journalctl@ceph.mon.a.smithi019.stdout:Apr 23 18:16:20 smithi019 ceph-mon[29215]: from='mgr.14118 172.21.15.19:0/2011608078' entity='mgr.x'
2024-04-23T18:16:20.510 INFO:journalctl@ceph.mon.a.smithi019.stdout:Apr 23 18:16:20 smithi019 ceph-mon[29215]: Added host smithi019
2024-04-23T18:16:20.511 INFO:journalctl@ceph.mon.a.smithi019.stdout:Apr 23 18:16:20 smithi019 ceph-mon[29215]: from='mgr.14118 172.21.15.19:0/2011608078' entity='mgr.x' cmd=[{"prefix": "config dump", "format": "json"}]: dispatch
2024-04-23T18:16:21.320 INFO:teuthology.orchestra.run.smithi019.stdout:/usr/bin/ceph: stdout Scheduled mon update...
2024-04-23T18:16:21.320 INFO:teuthology.orchestra.run.smithi019.stdout:/usr/bin/ceph: stderr
2024-04-23T18:16:20.426+0000 7f27661e0700 1 Processor -- start
2024-04-23T18:16:21.320 INFO:teuthology.orchestra.run.smithi019.stdout:/usr/bin/ceph: stderr
2024-04-23T18:16:20.426+0000 7f27661e0700 1 -- start start
2024-04-23T18:16:21.320 INFO:teuthology.orchestra.run.smithi019.stdout:/usr/bin/ceph: stderr
2024-04-23T18:16:20.426+0000 7f27661e0700 1 --2- >> [v2:172.21.15.19:3300/0,v1:172.21.15.19:6789/0] conn(0x7f2760108fc0 0x7f276010b3b0 unknown :-1 s=NONE pgs=0 cs=0 l=0 rev1=0 crypto rx=0 tx=0 comp rx=0 tx=0).connect
2024-04-23T18:16:21.320 INFO:teuthology.orchestra.run.smithi019.stdout:/usr/bin/ceph: stderr
2024-04-23T18:16:20.426+0000 7f27661e0700 1 -- --> [v2:172.21.15.19:3300/0,v1:172.21.15.19:6789/0] -- mon_getmap magic: 0 -- 0x7f276007be80 con 0x7f2760108fc0
2024-04-23T18:16:21.321 INFO:teuthology.orchestra.run.smithi019.stdout:/usr/bin/ceph: stderr
2024-04-23T18:16:20.426+0000 7f275f7fe700 1 --2- >> [v2:172.21.15.19:3300/0,v1:172.21.15.19:6789/0] conn(0x7f2760108fc0 0x7f276010b3b0 unknown :-1 s=BANNER_CONNECTING pgs=0 cs=0 l=0 rev1=0 crypto rx=0 tx=0 comp rx=0 tx=0)._handle_peer_banner_payload supported=3 required=0
2024-04-23T18:16:21.321 INFO:teuthology.orchestra.run.smithi019.stdout:/usr/bin/ceph: stderr
2024-04-23T18:16:20.426+0000 7f275f7fe700 1 --2- >> [v2:172.21.15.19:3300/0,v1:172.21.15.19:6789/0] conn(0x7f2760108fc0 0x7f276010b3b0 unknown :-1 s=HELLO_CONNECTING pgs=0 cs=0 l=0 rev1=1 crypto rx=0 tx=0 comp rx=0 tx=0).handle_hello peer v2:172.21.15.19:3300/0 says I am v2:172.21.15.19:58616/0 (socket says 172.21.15.19:58616)
2024-04-23T18:16:21.321 INFO:teuthology.orchestra.run.smithi019.stdout:/usr/bin/ceph: stderr
2024-04-23T18:16:20.426+0000 7f275f7fe700 1 -- 172.21.15.19:0/177057951 learned_addr learned my addr 172.21.15.19:0/177057951 (peer_addr_for_me v2:172.21.15.19:0/0)
2024-04-23T18:16:21.321 INFO:teuthology.orchestra.run.smithi019.stdout:/usr/bin/ceph: stderr
2024-04-23T18:16:20.426+0000 7f275f7fe700 1 -- 172.21.15.19:0/177057951 --> [v2:172.21.15.19:3300/0,v1:172.21.15.19:6789/0] -- mon_subscribe({config=0+,monmap=0+}) -- 0x7f276010b8f0 con 0x7f2760108fc0
2024-04-23T18:16:21.321 INFO:teuthology.orchestra.run.smithi019.stdout:/usr/bin/ceph: stderr
2024-04-23T18:16:20.427+0000 7f275f7fe700 1 --2- 172.21.15.19:0/177057951 >> [v2:172.21.15.19:3300/0,v1:172.21.15.19:6789/0] conn(0x7f2760108fc0 0x7f276010b3b0 secure :-1 s=READY pgs=45 cs=0 l=1 rev1=1 crypto rx=0x7f27500098a0 tx=0x7f2750009bb0 comp rx=0 tx=0).ready entity=mon.0 client_cookie=682d627b56851ba8 server_cookie=0 in_seq=0 out_seq=0
2024-04-23T18:16:21.321 INFO:teuthology.orchestra.run.smithi019.stdout:/usr/bin/ceph: stderr
2024-04-23T18:16:20.427+0000 7f275e7fc700 1 -- 172.21.15.19:0/177057951 <== mon.0 v2:172.21.15.19:3300/0 1 ==== mon_map magic: 0 ==== 205+0+0 (secure 0 0 0) 0x7f2750004160 con 0x7f2760108fc0
2024-04-23T18:16:21.321 INFO:teuthology.orchestra.run.smithi019.stdout:/usr/bin/ceph: stderr
2024-04-23T18:16:20.427+0000 7f275e7fc700 1 -- 172.21.15.19:0/177057951 <== mon.0 v2:172.21.15.19:3300/0 2 ==== config(26 keys) ==== 1070+0+0 (secure 0 0 0) 0x7f2750004300 con 0x7f2760108fc0
2024-04-23T18:16:21.321 INFO:teuthology.orchestra.run.smithi019.stdout:/usr/bin/ceph: stderr
2024-04-23T18:16:20.427+0000 7f275e7fc700 1 -- 172.21.15.19:0/177057951 <== mon.0 v2:172.21.15.19:3300/0 3 ==== mon_map magic: 0 ==== 205+0+0 (secure 0 0 0) 0x7f2750011af0 con 0x7f2760108fc0
2024-04-23T18:16:21.321 INFO:teuthology.orchestra.run.smithi019.stdout:/usr/bin/ceph: stderr
2024-04-23T18:16:20.427+0000 7f27661e0700 1 -- 172.21.15.19:0/177057951 >> [v2:172.21.15.19:3300/0,v1:172.21.15.19:6789/0] conn(0x7f2760108fc0 msgr2=0x7f276010b3b0 secure :-1 s=STATE_CONNECTION_ESTABLISHED l=1).mark_down
2024-04-23T18:16:21.321 INFO:teuthology.orchestra.run.smithi019.stdout:/usr/bin/ceph: stderr
2024-04-23T18:16:20.427+0000 7f27661e0700 1 --2- 172.21.15.19:0/177057951 >> [v2:172.21.15.19:3300/0,v1:172.21.15.19:6789/0] conn(0x7f2760108fc0 0x7f276010b3b0 secure :-1 s=READY pgs=45 cs=0 l=1 rev1=1 crypto rx=0x7f27500098a0 tx=0x7f2750009bb0 comp rx=0 tx=0).stop
2024-04-23T18:16:21.321 INFO:teuthology.orchestra.run.smithi019.stdout:/usr/bin/ceph: stderr
2024-04-23T18:16:20.427+0000 7f27661e0700 1 -- 172.21.15.19:0/177057951 shutdown_connections
2024-04-23T18:16:21.321 INFO:teuthology.orchestra.run.smithi019.stdout:/usr/bin/ceph: stderr
2024-04-23T18:16:20.427+0000 7f27661e0700 1 --2- 172.21.15.19:0/177057951 >> [v2:172.21.15.19:3300/0,v1:172.21.15.19:6789/0] conn(0x7f2760108fc0 0x7f276010b3b0 unknown :-1 s=CLOSED pgs=45 cs=0 l=1 rev1=1 crypto rx=0 tx=0 comp rx=0 tx=0).stop
2024-04-23T18:16:21.321 INFO:teuthology.orchestra.run.smithi019.stdout:/usr/bin/ceph: stderr
2024-04-23T18:16:20.427+0000 7f27661e0700 1 -- 172.21.15.19:0/177057951 >> 172.21.15.19:0/177057951 conn(0x7f2760102a70 msgr2=0x7f2760104e90 unknown :-1 s=STATE_NONE l=0).mark_down
2024-04-23T18:16:21.322 INFO:teuthology.orchestra.run.smithi019.stdout:/usr/bin/ceph: stderr
2024-04-23T18:16:20.427+0000 7f27661e0700 1 -- 172.21.15.19:0/177057951 shutdown_connections
2024-04-23T18:16:21.322 INFO:teuthology.orchestra.run.smithi019.stdout:/usr/bin/ceph: stderr
2024-04-23T18:16:20.427+0000 7f27661e0700 1 -- 172.21.15.19:0/177057951 wait complete.
2024-04-23T18:16:21.322 INFO:teuthology.orchestra.run.smithi019.stdout:/usr/bin/ceph: stderr
2024-04-23T18:16:20.428+0000 7f27661e0700 1 Processor -- start
2024-04-23T18:16:21.322 INFO:teuthology.orchestra.run.smithi019.stdout:/usr/bin/ceph: stderr
2024-04-23T18:16:20.428+0000 7f27661e0700 1 -- start start
2024-04-23T18:16:21.322 INFO:teuthology.orchestra.run.smithi019.stdout:/usr/bin/ceph: stderr
2024-04-23T18:16:20.428+0000 7f27661e0700 1 --2- >> [v2:172.21.15.19:3300/0,v1:172.21.15.19:6789/0] conn(0x7f2760108fc0 0x7f276019c760 unknown :-1 s=NONE pgs=0 cs=0 l=1 rev1=0 crypto rx=0 tx=0 comp rx=0 tx=0).connect
2024-04-23T18:16:21.322 INFO:teuthology.orchestra.run.smithi019.stdout:/usr/bin/ceph: stderr
2024-04-23T18:16:20.428+0000 7f27661e0700 1 -- --> [v2:172.21.15.19:3300/0,v1:172.21.15.19:6789/0] -- mon_getmap magic: 0 -- 0x7f276010c8b0 con 0x7f2760108fc0
2024-04-23T18:16:21.322 INFO:teuthology.orchestra.run.smithi019.stdout:/usr/bin/ceph: stderr
2024-04-23T18:16:20.428+0000 7f275f7fe700 1 --2- >> [v2:172.21.15.19:3300/0,v1:172.21.15.19:6789/0] conn(0x7f2760108fc0 0x7f276019c760 unknown :-1 s=BANNER_CONNECTING pgs=0 cs=0 l=1 rev1=0 crypto rx=0 tx=0 comp rx=0 tx=0)._handle_peer_banner_payload supported=3 required=0
2024-04-23T18:16:21.322 INFO:teuthology.orchestra.run.smithi019.stdout:/usr/bin/ceph: stderr
2024-04-23T18:16:20.428+0000 7f275f7fe700 1 --2- >> [v2:172.21.15.19:3300/0,v1:172.21.15.19:6789/0] conn(0x7f2760108fc0 0x7f276019c760 unknown :-1 s=HELLO_CONNECTING pgs=0 cs=0 l=1 rev1=1 crypto rx=0 tx=0 comp rx=0 tx=0).handle_hello peer v2:172.21.15.19:3300/0 says I am v2:172.21.15.19:58620/0 (socket says 172.21.15.19:58620)
2024-04-23T18:16:21.322 INFO:teuthology.orchestra.run.smithi019.stdout:/usr/bin/ceph: stderr
2024-04-23T18:16:20.428+0000 7f275f7fe700 1 -- 172.21.15.19:0/670228594 learned_addr learned my addr 172.21.15.19:0/670228594 (peer_addr_for_me v2:172.21.15.19:0/0)
2024-04-23T18:16:21.322 INFO:teuthology.orchestra.run.smithi019.stdout:/usr/bin/ceph: stderr
2024-04-23T18:16:20.429+0000 7f275f7fe700 1 -- 172.21.15.19:0/670228594 --> [v2:172.21.15.19:3300/0,v1:172.21.15.19:6789/0] -- mon_subscribe({config=0+,monmap=0+}) -- 0x7f276019cca0 con 0x7f2760108fc0
2024-04-23T18:16:21.322 INFO:teuthology.orchestra.run.smithi019.stdout:/usr/bin/ceph: stderr
2024-04-23T18:16:20.429+0000 7f275f7fe700 1 --2- 172.21.15.19:0/670228594 >> [v2:172.21.15.19:3300/0,v1:172.21.15.19:6789/0] conn(0x7f2760108fc0 0x7f276019c760 secure :-1 s=READY pgs=46 cs=0 l=1 rev1=1 crypto rx=0x7f2750003f40 tx=0x7f2750011890 comp rx=0 tx=0).ready entity=mon.0 client_cookie=0 server_cookie=0 in_seq=0 out_seq=0
2024-04-23T18:16:21.322 INFO:teuthology.orchestra.run.smithi019.stdout:/usr/bin/ceph: stderr
2024-04-23T18:16:20.429+0000 7f275cff9700 1 -- 172.21.15.19:0/670228594 <== mon.0 v2:172.21.15.19:3300/0 1 ==== mon_map magic: 0 ==== 205+0+0 (secure 0 0 0) 0x7f27500038b0 con 0x7f2760108fc0
2024-04-23T18:16:21.322 INFO:teuthology.orchestra.run.smithi019.stdout:/usr/bin/ceph: stderr
2024-04-23T18:16:20.429+0000 7f27661e0700 1 -- 172.21.15.19:0/670228594 --> [v2:172.21.15.19:3300/0,v1:172.21.15.19:6789/0] -- mon_subscribe({mgrmap=0+}) -- 0x7f276019cf30 con 0x7f2760108fc0
2024-04-23T18:16:21.323 INFO:teuthology.orchestra.run.smithi019.stdout:/usr/bin/ceph: stderr
2024-04-23T18:16:20.429+0000 7f275cff9700 1 -- 172.21.15.19:0/670228594 <== mon.0 v2:172.21.15.19:3300/0 2 ==== config(26 keys) ==== 1070+0+0 (secure 0 0 0) 0x7f2750003a50 con 0x7f2760108fc0
2024-04-23T18:16:21.323 INFO:teuthology.orchestra.run.smithi019.stdout:/usr/bin/ceph: stderr
2024-04-23T18:16:20.429+0000 7f275cff9700 1 -- 172.21.15.19:0/670228594 <== mon.0 v2:172.21.15.19:3300/0 3 ==== mon_map magic: 0 ==== 205+0+0 (secure 0 0 0) 0x7f275001a5c0 con 0x7f2760108fc0
2024-04-23T18:16:21.323 INFO:teuthology.orchestra.run.smithi019.stdout:/usr/bin/ceph: stderr
2024-04-23T18:16:20.429+0000 7f27661e0700 1 -- 172.21.15.19:0/670228594 --> [v2:172.21.15.19:3300/0,v1:172.21.15.19:6789/0] -- mon_subscribe({osdmap=0}) -- 0x7f276019fbd0 con 0x7f2760108fc0
2024-04-23T18:16:21.323 INFO:teuthology.orchestra.run.smithi019.stdout:/usr/bin/ceph: stderr
2024-04-23T18:16:20.430+0000 7f275cff9700 1 -- 172.21.15.19:0/670228594 <== mon.0 v2:172.21.15.19:3300/0 4 ==== mgrmap(e 8) ==== 46558+0+0 (secure 0 0 0) 0x7f275001a8c0 con 0x7f2760108fc0
2024-04-23T18:16:21.323 INFO:teuthology.orchestra.run.smithi019.stdout:/usr/bin/ceph: stderr
2024-04-23T18:16:20.430+0000 7f27661e0700 1 -- 172.21.15.19:0/670228594 --> [v2:172.21.15.19:3300/0,v1:172.21.15.19:6789/0] -- mon_command({"prefix": "get_command_descriptions"} v 0) -- 0x7f27600640a0 con 0x7f2760108fc0
2024-04-23T18:16:21.323 INFO:teuthology.orchestra.run.smithi019.stdout:/usr/bin/ceph: stderr
2024-04-23T18:16:20.430+0000 7f275cff9700 1 --2- 172.21.15.19:0/670228594 >> [v2:172.21.15.19:6800/2431053142,v1:172.21.15.19:6801/2431053142] conn(0x7f27480395b0 0x7f274803ba70 unknown :-1 s=NONE pgs=0 cs=0 l=1 rev1=0 crypto rx=0 tx=0 comp rx=0 tx=0).connect
2024-04-23T18:16:21.323 INFO:teuthology.orchestra.run.smithi019.stdout:/usr/bin/ceph: stderr
2024-04-23T18:16:20.430+0000 7f275cff9700 1 -- 172.21.15.19:0/670228594 <== mon.0 v2:172.21.15.19:3300/0 5 ==== osd_map(2..2 src has 1..2) ==== 940+0+0 (secure 0 0 0) 0x7f275004dd10 con 0x7f2760108fc0
2024-04-23T18:16:21.323 INFO:teuthology.orchestra.run.smithi019.stdout:/usr/bin/ceph: stderr
2024-04-23T18:16:20.430+0000 7f275effd700 1 --2- 172.21.15.19:0/670228594 >> [v2:172.21.15.19:6800/2431053142,v1:172.21.15.19:6801/2431053142] conn(0x7f27480395b0 0x7f274803ba70 unknown :-1 s=BANNER_CONNECTING pgs=0 cs=0 l=1 rev1=0 crypto rx=0 tx=0 comp rx=0 tx=0)._handle_peer_banner_payload supported=3 required=0
2024-04-23T18:16:21.323 INFO:teuthology.orchestra.run.smithi019.stdout:/usr/bin/ceph: stderr
2024-04-23T18:16:20.431+0000 7f275effd700 1 --2- 172.21.15.19:0/670228594 >> [v2:172.21.15.19:6800/2431053142,v1:172.21.15.19:6801/2431053142] conn(0x7f27480395b0 0x7f274803ba70 secure :-1 s=READY pgs=12 cs=0 l=1 rev1=1 crypto rx=0x7f2754006fd0 tx=0x7f2754006e40 comp rx=0 tx=0).ready entity=mgr.14118 client_cookie=0 server_cookie=0 in_seq=0 out_seq=0
2024-04-23T18:16:21.323 INFO:teuthology.orchestra.run.smithi019.stdout:/usr/bin/ceph: stderr
2024-04-23T18:16:20.435+0000 7f275cff9700 1 -- 172.21.15.19:0/670228594 <== mon.0 v2:172.21.15.19:3300/0 6 ==== mon_command_ack([{"prefix": "get_command_descriptions"}]=0 v0) ==== 72+0+188370 (secure 0 0 0) 0x7f275002d910 con 0x7f2760108fc0
2024-04-23T18:16:21.323 INFO:teuthology.orchestra.run.smithi019.stdout:/usr/bin/ceph: stderr
2024-04-23T18:16:20.662+0000 7f27661e0700 1 -- 172.21.15.19:0/670228594 --> [v2:172.21.15.19:6800/2431053142,v1:172.21.15.19:6801/2431053142] -- mgr_command(tid 0: {"prefix": "orch apply", "service_type": "mon", "unmanaged": true, "target": ["mon-mgr", ""]}) -- 0x7f276002dff0 con 0x7f27480395b0
2024-04-23T18:16:21.323 INFO:teuthology.orchestra.run.smithi019.stdout:/usr/bin/ceph: stderr
2024-04-23T18:16:20.667+0000 7f275cff9700 1 -- 172.21.15.19:0/670228594 <== mgr.14118 v2:172.21.15.19:6800/2431053142 1 ==== mgr_command_reply(tid 0: 0 ) ==== 8+0+24 (secure 0 0 0) 0x7f276002dff0 con 0x7f27480395b0
2024-04-23T18:16:21.323 INFO:teuthology.orchestra.run.smithi019.stdout:/usr/bin/ceph: stderr
2024-04-23T18:16:20.669+0000 7f27661e0700 1 -- 172.21.15.19:0/670228594 >> [v2:172.21.15.19:6800/2431053142,v1:172.21.15.19:6801/2431053142] conn(0x7f27480395b0 msgr2=0x7f274803ba70 secure :-1 s=STATE_CONNECTION_ESTABLISHED l=1).mark_down
2024-04-23T18:16:21.324 INFO:teuthology.orchestra.run.smithi019.stdout:/usr/bin/ceph: stderr
2024-04-23T18:16:20.669+0000 7f27661e0700 1 --2- 172.21.15.19:0/670228594 >> [v2:172.21.15.19:6800/2431053142,v1:172.21.15.19:6801/2431053142] conn(0x7f27480395b0 0x7f274803ba70 secure :-1 s=READY pgs=12 cs=0 l=1 rev1=1 crypto rx=0x7f2754006fd0 tx=0x7f2754006e40 comp rx=0 tx=0).stop
2024-04-23T18:16:21.324 INFO:teuthology.orchestra.run.smithi019.stdout:/usr/bin/ceph: stderr
2024-04-23T18:16:20.669+0000 7f27661e0700 1 -- 172.21.15.19:0/670228594 >> [v2:172.21.15.19:3300/0,v1:172.21.15.19:6789/0] conn(0x7f2760108fc0 msgr2=0x7f276019c760 secure :-1 s=STATE_CONNECTION_ESTABLISHED l=1).mark_down
2024-04-23T18:16:21.324 INFO:teuthology.orchestra.run.smithi019.stdout:/usr/bin/ceph: stderr
2024-04-23T18:16:20.669+0000 7f27661e0700 1 --2- 172.21.15.19:0/670228594 >> [v2:172.21.15.19:3300/0,v1:172.21.15.19:6789/0] conn(0x7f2760108fc0 0x7f276019c760 secure :-1 s=READY pgs=46 cs=0 l=1 rev1=1 crypto rx=0x7f2750003f40 tx=0x7f2750011890 comp rx=0 tx=0).stop
2024-04-23T18:16:21.324 INFO:teuthology.orchestra.run.smithi019.stdout:/usr/bin/ceph: stderr
2024-04-23T18:16:20.669+0000 7f27661e0700 1 -- 172.21.15.19:0/670228594 shutdown_connections
2024-04-23T18:16:21.324 INFO:teuthology.orchestra.run.smithi019.stdout:/usr/bin/ceph: stderr
2024-04-23T18:16:20.669+0000 7f27661e0700 1 --2- 172.21.15.19:0/670228594 >> [v2:172.21.15.19:6800/2431053142,v1:172.21.15.19:6801/2431053142] conn(0x7f27480395b0 0x7f274803ba70 unknown :-1 s=CLOSED pgs=12 cs=0 l=1 rev1=1 crypto rx=0 tx=0 comp rx=0 tx=0).stop
2024-04-23T18:16:21.324 INFO:teuthology.orchestra.run.smithi019.stdout:/usr/bin/ceph: stderr
2024-04-23T18:16:20.669+0000 7f27661e0700 1 --2- 172.21.15.19:0/670228594 >> [v2:172.21.15.19:3300/0,v1:172.21.15.19:6789/0] conn(0x7f2760108fc0 0x7f276019c760 unknown :-1 s=CLOSED pgs=46 cs=0 l=1 rev1=1 crypto rx=0 tx=0 comp rx=0 tx=0).stop
2024-04-23T18:16:21.324 INFO:teuthology.orchestra.run.smithi019.stdout:/usr/bin/ceph: stderr
2024-04-23T18:16:20.669+0000 7f27661e0700 1 -- 172.21.15.19:0/670228594 >> 172.21.15.19:0/670228594 conn(0x7f2760102a70 msgr2=0x7f2760103740 unknown :-1 s=STATE_NONE l=0).mark_down
2024-04-23T18:16:21.324 INFO:teuthology.orchestra.run.smithi019.stdout:/usr/bin/ceph: stderr
2024-04-23T18:16:20.669+0000 7f27661e0700 1 -- 172.21.15.19:0/670228594 shutdown_connections
2024-04-23T18:16:21.324 INFO:teuthology.orchestra.run.smithi019.stdout:/usr/bin/ceph: stderr
2024-04-23T18:16:20.669+0000 7f27661e0700 1 -- 172.21.15.19:0/670228594 wait complete.
2024-04-23T18:16:21.324 INFO:teuthology.orchestra.run.smithi019.stdout:Deploying unmanaged mgr service...
2024-04-23T18:16:21.875 INFO:journalctl@ceph.mon.a.smithi019.stdout:Apr 23 18:16:21 smithi019 ceph-mon[29215]: from='client.14140 -' entity='client.admin' cmd=[{"prefix": "orch apply", "service_type": "mon", "unmanaged": true, "target": ["mon-mgr", ""]}]: dispatch
2024-04-23T18:16:21.875 INFO:journalctl@ceph.mon.a.smithi019.stdout:Apr 23 18:16:21 smithi019 ceph-mon[29215]: Saving service mon spec with placement count:5
2024-04-23T18:16:21.875 INFO:journalctl@ceph.mon.a.smithi019.stdout:Apr 23 18:16:21 smithi019 ceph-mon[29215]: from='mgr.14118 172.21.15.19:0/2011608078' entity='mgr.x'
2024-04-23T18:16:23.382 INFO:journalctl@ceph.mon.a.smithi019.stdout:Apr 23 18:16:23 smithi019 ceph-mon[29215]: from='client.14142 -' entity='client.admin' cmd=[{"prefix": "orch apply", "service_type": "mgr", "unmanaged": true, "target": ["mon-mgr", ""]}]: dispatch
2024-04-23T18:16:23.382 INFO:journalctl@ceph.mon.a.smithi019.stdout:Apr 23 18:16:23 smithi019 ceph-mon[29215]: Saving service mgr spec with placement count:2
2024-04-23T18:16:23.382 INFO:journalctl@ceph.mon.a.smithi019.stdout:Apr 23 18:16:23 smithi019 ceph-mon[29215]: from='mgr.14118 172.21.15.19:0/2011608078' entity='mgr.x'
2024-04-23T18:16:23.382 INFO:journalctl@ceph.mon.a.smithi019.stdout:Apr 23 18:16:23 smithi019 ceph-mon[29215]: from='mgr.14118 172.21.15.19:0/2011608078' entity='mgr.x'
2024-04-23T18:16:23.389 INFO:teuthology.orchestra.run.smithi019.stdout:/usr/bin/ceph: stdout Scheduled mgr update...
2024-04-23T18:16:23.389 INFO:teuthology.orchestra.run.smithi019.stdout:/usr/bin/ceph: stderr
2024-04-23T18:16:21.807+0000 7fb8d3ebc700 1 Processor -- start
2024-04-23T18:16:23.389 INFO:teuthology.orchestra.run.smithi019.stdout:/usr/bin/ceph: stderr
2024-04-23T18:16:21.807+0000 7fb8d3ebc700 1 -- start start
2024-04-23T18:16:23.389 INFO:teuthology.orchestra.run.smithi019.stdout:/usr/bin/ceph: stderr
2024-04-23T18:16:21.807+0000 7fb8d3ebc700 1 --2- >> [v2:172.21.15.19:3300/0,v1:172.21.15.19:6789/0] conn(0x7fb8cc106bb0 0x7fb8cc106fd0 unknown :-1 s=NONE pgs=0 cs=0 l=0 rev1=0 crypto rx=0 tx=0 comp rx=0 tx=0).connect
2024-04-23T18:16:23.389 INFO:teuthology.orchestra.run.smithi019.stdout:/usr/bin/ceph: stderr
2024-04-23T18:16:21.807+0000 7fb8d3ebc700 1 -- --> [v2:172.21.15.19:3300/0,v1:172.21.15.19:6789/0] -- mon_getmap magic: 0 -- 0x7fb8cc1075a0 con 0x7fb8cc106bb0
2024-04-23T18:16:23.389 INFO:teuthology.orchestra.run.smithi019.stdout:/usr/bin/ceph: stderr
2024-04-23T18:16:21.807+0000 7fb8d1c58700 1 --2- >> [v2:172.21.15.19:3300/0,v1:172.21.15.19:6789/0] conn(0x7fb8cc106bb0 0x7fb8cc106fd0 unknown :-1 s=BANNER_CONNECTING pgs=0 cs=0 l=0 rev1=0 crypto rx=0 tx=0 comp rx=0 tx=0)._handle_peer_banner_payload supported=3 required=0
2024-04-23T18:16:23.390 INFO:teuthology.orchestra.run.smithi019.stdout:/usr/bin/ceph: stderr
2024-04-23T18:16:21.807+0000 7fb8d1c58700 1 --2- >> [v2:172.21.15.19:3300/0,v1:172.21.15.19:6789/0] conn(0x7fb8cc106bb0 0x7fb8cc106fd0 unknown :-1 s=HELLO_CONNECTING pgs=0 cs=0 l=0 rev1=1 crypto rx=0 tx=0 comp rx=0 tx=0).handle_hello peer v2:172.21.15.19:3300/0 says I am v2:172.21.15.19:58634/0 (socket says 172.21.15.19:58634)
2024-04-23T18:16:23.390 INFO:teuthology.orchestra.run.smithi019.stdout:/usr/bin/ceph: stderr
2024-04-23T18:16:21.807+0000 7fb8d1c58700 1 -- 172.21.15.19:0/3492183533 learned_addr learned my addr 172.21.15.19:0/3492183533 (peer_addr_for_me v2:172.21.15.19:0/0)
2024-04-23T18:16:23.390 INFO:teuthology.orchestra.run.smithi019.stdout:/usr/bin/ceph: stderr
2024-04-23T18:16:21.807+0000 7fb8d1c58700 1 -- 172.21.15.19:0/3492183533 --> [v2:172.21.15.19:3300/0,v1:172.21.15.19:6789/0] -- mon_subscribe({config=0+,monmap=0+}) -- 0x7fb8cc107db0 con 0x7fb8cc106bb0
2024-04-23T18:16:23.390 INFO:teuthology.orchestra.run.smithi019.stdout:/usr/bin/ceph: stderr
2024-04-23T18:16:21.808+0000 7fb8d1c58700 1 --2- 172.21.15.19:0/3492183533 >> [v2:172.21.15.19:3300/0,v1:172.21.15.19:6789/0] conn(0x7fb8cc106bb0 0x7fb8cc106fd0 secure :-1 s=READY pgs=47 cs=0 l=1 rev1=1 crypto rx=0x7fb8bc0098a0 tx=0x7fb8bc009bb0 comp rx=0 tx=0).ready entity=mon.0 client_cookie=b1f3f75f481e23d5 server_cookie=0 in_seq=0 out_seq=0
2024-04-23T18:16:23.390 INFO:teuthology.orchestra.run.smithi019.stdout:/usr/bin/ceph: stderr
2024-04-23T18:16:21.808+0000 7fb8d0c56700 1 -- 172.21.15.19:0/3492183533 <== mon.0 v2:172.21.15.19:3300/0 1 ==== mon_map magic: 0 ==== 205+0+0 (secure 0 0 0) 0x7fb8bc004160 con 0x7fb8cc106bb0
2024-04-23T18:16:23.390 INFO:teuthology.orchestra.run.smithi019.stdout:/usr/bin/ceph: stderr
2024-04-23T18:16:21.808+0000 7fb8d0c56700 1 -- 172.21.15.19:0/3492183533 <== mon.0 v2:172.21.15.19:3300/0 2 ==== config(26 keys) ==== 1070+0+0 (secure 0 0 0) 0x7fb8bc004300 con 0x7fb8cc106bb0
2024-04-23T18:16:23.390 INFO:teuthology.orchestra.run.smithi019.stdout:/usr/bin/ceph: stderr
2024-04-23T18:16:21.808+0000 7fb8d0c56700 1 -- 172.21.15.19:0/3492183533 <== mon.0 v2:172.21.15.19:3300/0 3 ==== mon_map magic: 0 ==== 205+0+0 (secure 0 0 0) 0x7fb8bc011af0 con 0x7fb8cc106bb0
2024-04-23T18:16:23.390 INFO:teuthology.orchestra.run.smithi019.stdout:/usr/bin/ceph: stderr
2024-04-23T18:16:21.808+0000 7fb8d3ebc700 1 -- 172.21.15.19:0/3492183533 >> [v2:172.21.15.19:3300/0,v1:172.21.15.19:6789/0] conn(0x7fb8cc106bb0 msgr2=0x7fb8cc106fd0 secure :-1 s=STATE_CONNECTION_ESTABLISHED l=1).mark_down
2024-04-23T18:16:23.390 INFO:teuthology.orchestra.run.smithi019.stdout:/usr/bin/ceph: stderr
2024-04-23T18:16:21.808+0000 7fb8d3ebc700 1 --2- 172.21.15.19:0/3492183533 >> [v2:172.21.15.19:3300/0,v1:172.21.15.19:6789/0] conn(0x7fb8cc106bb0 0x7fb8cc106fd0 secure :-1 s=READY pgs=47 cs=0 l=1 rev1=1 crypto rx=0x7fb8bc0098a0 tx=0x7fb8bc009bb0 comp rx=0 tx=0).stop
2024-04-23T18:16:23.390 INFO:teuthology.orchestra.run.smithi019.stdout:/usr/bin/ceph: stderr
2024-04-23T18:16:21.808+0000 7fb8d3ebc700 1 -- 172.21.15.19:0/3492183533 shutdown_connections
2024-04-23T18:16:23.390 INFO:teuthology.orchestra.run.smithi019.stdout:/usr/bin/ceph: stderr
