2024-04-23T18:15:56.637+0000 7ff2c23c6700 1 --2- 172.21.15.19:0/334881149 >> [v2:172.21.15.19:3300/0,v1:172.21.15.19:6789/0] conn(0x7ff2bc108510 0x7ff2bc19c6c0 secure :-1 s=READY pgs=17 cs=0 l=1 rev1=1 crypto rx=0x7ff2ac004a60 tx=0x7ff2ac00bd50 comp rx=0 tx=0).ready entity=mon.0 client_cookie=0 server_cookie=0 in_seq=0 out_seq=0
2024-04-23T18:15:57.349 INFO:teuthology.orchestra.run.smithi019.stdout:/usr/bin/ceph: stderr
2024-04-23T18:15:56.637+0000 7ff2bb7fe700 1 -- 172.21.15.19:0/334881149 <== mon.0 v2:172.21.15.19:3300/0 1 ==== mon_map magic: 0 ==== 205+0+0 (secure 0 0 0) 0x7ff2ac020020 con 0x7ff2bc108510
2024-04-23T18:15:57.349 INFO:teuthology.orchestra.run.smithi019.stdout:/usr/bin/ceph: stderr
2024-04-23T18:15:56.637+0000 7ff2bb7fe700 1 -- 172.21.15.19:0/334881149 <== mon.0 v2:172.21.15.19:3300/0 2 ==== config(26 keys) ==== 1070+0+0 (secure 0 0 0) 0x7ff2ac003c60 con 0x7ff2bc108510
2024-04-23T18:15:57.349 INFO:teuthology.orchestra.run.smithi019.stdout:/usr/bin/ceph: stderr
2024-04-23T18:15:56.637+0000 7ff2bb7fe700 1 -- 172.21.15.19:0/334881149 <== mon.0 v2:172.21.15.19:3300/0 3 ==== mon_map magic: 0 ==== 205+0+0 (secure 0 0 0) 0x7ff2ac017040 con 0x7ff2bc108510
2024-04-23T18:15:57.349 INFO:teuthology.orchestra.run.smithi019.stdout:/usr/bin/ceph: stderr
2024-04-23T18:15:56.637+0000 7ff2c462a700 1 -- 172.21.15.19:0/334881149 --> [v2:172.21.15.19:3300/0,v1:172.21.15.19:6789/0] -- mon_subscribe({mgrmap=0+}) -- 0x7ff2bc19ce90 con 0x7ff2bc108510
2024-04-23T18:15:57.349 INFO:teuthology.orchestra.run.smithi019.stdout:/usr/bin/ceph: stderr
2024-04-23T18:15:56.637+0000 7ff2c462a700 1 -- 172.21.15.19:0/334881149 --> [v2:172.21.15.19:3300/0,v1:172.21.15.19:6789/0] -- mon_subscribe({osdmap=0}) -- 0x7ff2bc19fb80 con 0x7ff2bc108510
2024-04-23T18:15:57.349 INFO:teuthology.orchestra.run.smithi019.stdout:/usr/bin/ceph: stderr
2024-04-23T18:15:56.638+0000 7ff2bb7fe700 1 -- 172.21.15.19:0/334881149 <== mon.0 v2:172.21.15.19:3300/0 4 ==== mgrmap(e 2) ==== 46314+0+0 (secure 0 0 0) 0x7ff2ac023020 con 0x7ff2bc108510
2024-04-23T18:15:57.349 INFO:teuthology.orchestra.run.smithi019.stdout:/usr/bin/ceph: stderr
2024-04-23T18:15:56.638+0000 7ff2c462a700 1 -- 172.21.15.19:0/334881149 --> [v2:172.21.15.19:3300/0,v1:172.21.15.19:6789/0] -- mon_command({"prefix": "get_command_descriptions"} v 0) -- 0x7ff2bc0640a0 con 0x7ff2bc108510
2024-04-23T18:15:57.349 INFO:teuthology.orchestra.run.smithi019.stdout:/usr/bin/ceph: stderr
2024-04-23T18:15:56.638+0000 7ff2bb7fe700 1 -- 172.21.15.19:0/334881149 <== mon.0 v2:172.21.15.19:3300/0 5 ==== osd_map(1..1 src has 1..1) ==== 725+0+0 (secure 0 0 0) 0x7ff2ac00f050 con 0x7ff2bc108510
2024-04-23T18:15:57.349 INFO:teuthology.orchestra.run.smithi019.stdout:/usr/bin/ceph: stderr
2024-04-23T18:15:56.640+0000 7ff2bb7fe700 1 -- 172.21.15.19:0/334881149 <== mon.0 v2:172.21.15.19:3300/0 6 ==== mon_command_ack([{"prefix": "get_command_descriptions"}]=0 v0) ==== 72+0+73265 (secure 0 0 0) 0x7ff2ac02a020 con 0x7ff2bc108510
2024-04-23T18:15:57.349 INFO:teuthology.orchestra.run.smithi019.stdout:/usr/bin/ceph: stderr
2024-04-23T18:15:56.650+0000 7ff2bb7fe700 1 -- 172.21.15.19:0/334881149 <== mon.0 v2:172.21.15.19:3300/0 7 ==== mgrmap(e 3) ==== 46441+0+0 (secure 0 0 0) 0x7ff2ac012950 con 0x7ff2bc108510
2024-04-23T18:15:57.350 INFO:teuthology.orchestra.run.smithi019.stdout:/usr/bin/ceph: stderr
2024-04-23T18:15:56.650+0000 7ff2bb7fe700 1 --2- 172.21.15.19:0/334881149 >> [v2:172.21.15.19:6800/1085063871,v1:172.21.15.19:6801/1085063871] conn(0x7ff2a403a220 0x7ff2a403c610 unknown :-1 s=NONE pgs=0 cs=0 l=1 rev1=0 crypto rx=0 tx=0 comp rx=0 tx=0).connect
2024-04-23T18:15:57.350 INFO:teuthology.orchestra.run.smithi019.stdout:/usr/bin/ceph: stderr
2024-04-23T18:15:56.650+0000 7ff2c1bc5700 1 --2- 172.21.15.19:0/334881149 >> [v2:172.21.15.19:6800/1085063871,v1:172.21.15.19:6801/1085063871] conn(0x7ff2a403a220 0x7ff2a403c610 unknown :-1 s=BANNER_CONNECTING pgs=0 cs=0 l=1 rev1=0 crypto rx=0 tx=0 comp rx=0 tx=0)._handle_peer_banner_payload supported=3 required=0
2024-04-23T18:15:57.350 INFO:teuthology.orchestra.run.smithi019.stdout:/usr/bin/ceph: stderr
2024-04-23T18:15:56.651+0000 7ff2c1bc5700 1 --2- 172.21.15.19:0/334881149 >> [v2:172.21.15.19:6800/1085063871,v1:172.21.15.19:6801/1085063871] conn(0x7ff2a403a220 0x7ff2a403c610 secure :-1 s=READY pgs=2 cs=0 l=1 rev1=1 crypto rx=0x7ff2b0006fd0 tx=0x7ff2b0006e40 comp rx=0 tx=0).ready entity=mgr.14100 client_cookie=0 server_cookie=0 in_seq=0 out_seq=0
2024-04-23T18:15:57.350 INFO:teuthology.orchestra.run.smithi019.stdout:/usr/bin/ceph: stderr
2024-04-23T18:15:56.716+0000 7ff2c462a700 1 -- 172.21.15.19:0/334881149 --> [v2:172.21.15.19:3300/0,v1:172.21.15.19:6789/0] -- mon_command({"prefix": "status", "format": "json-pretty"} v 0) -- 0x7ff2bc02dfb0 con 0x7ff2bc108510
2024-04-23T18:15:57.350 INFO:teuthology.orchestra.run.smithi019.stdout:/usr/bin/ceph: stderr
2024-04-23T18:15:56.716+0000 7ff2bb7fe700 1 -- 172.21.15.19:0/334881149 <== mon.0 v2:172.21.15.19:3300/0 8 ==== mon_command_ack([{"prefix": "status", "format": "json-pretty"}]=0 v0) ==== 79+0+1239 (secure 0 0 0) 0x7ff2ac017c20 con 0x7ff2bc108510
2024-04-23T18:15:57.350 INFO:teuthology.orchestra.run.smithi019.stdout:/usr/bin/ceph: stderr
2024-04-23T18:15:56.717+0000 7ff2c462a700 1 -- 172.21.15.19:0/334881149 >> [v2:172.21.15.19:6800/1085063871,v1:172.21.15.19:6801/1085063871] conn(0x7ff2a403a220 msgr2=0x7ff2a403c610 secure :-1 s=STATE_CONNECTION_ESTABLISHED l=1).mark_down
2024-04-23T18:15:57.350 INFO:teuthology.orchestra.run.smithi019.stdout:/usr/bin/ceph: stderr
2024-04-23T18:15:56.717+0000 7ff2c462a700 1 --2- 172.21.15.19:0/334881149 >> [v2:172.21.15.19:6800/1085063871,v1:172.21.15.19:6801/1085063871] conn(0x7ff2a403a220 0x7ff2a403c610 secure :-1 s=READY pgs=2 cs=0 l=1 rev1=1 crypto rx=0x7ff2b0006fd0 tx=0x7ff2b0006e40 comp rx=0 tx=0).stop
2024-04-23T18:15:57.350 INFO:teuthology.orchestra.run.smithi019.stdout:/usr/bin/ceph: stderr
2024-04-23T18:15:56.717+0000 7ff2c462a700 1 -- 172.21.15.19:0/334881149 >> [v2:172.21.15.19:3300/0,v1:172.21.15.19:6789/0] conn(0x7ff2bc108510 msgr2=0x7ff2bc19c6c0 secure :-1 s=STATE_CONNECTION_ESTABLISHED l=1).mark_down
2024-04-23T18:15:57.350 INFO:teuthology.orchestra.run.smithi019.stdout:/usr/bin/ceph: stderr
2024-04-23T18:15:56.717+0000 7ff2c462a700 1 --2- 172.21.15.19:0/334881149 >> [v2:172.21.15.19:3300/0,v1:172.21.15.19:6789/0] conn(0x7ff2bc108510 0x7ff2bc19c6c0 secure :-1 s=READY pgs=17 cs=0 l=1 rev1=1 crypto rx=0x7ff2ac004a60 tx=0x7ff2ac00bd50 comp rx=0 tx=0).stop
2024-04-23T18:15:57.350 INFO:teuthology.orchestra.run.smithi019.stdout:/usr/bin/ceph: stderr
2024-04-23T18:15:56.717+0000 7ff2c462a700 1 -- 172.21.15.19:0/334881149 shutdown_connections
2024-04-23T18:15:57.350 INFO:teuthology.orchestra.run.smithi019.stdout:/usr/bin/ceph: stderr
2024-04-23T18:15:56.717+0000 7ff2c462a700 1 --2- 172.21.15.19:0/334881149 >> [v2:172.21.15.19:6800/1085063871,v1:172.21.15.19:6801/1085063871] conn(0x7ff2a403a220 0x7ff2a403c610 unknown :-1 s=CLOSED pgs=2 cs=0 l=1 rev1=1 crypto rx=0 tx=0 comp rx=0 tx=0).stop
2024-04-23T18:15:57.350 INFO:teuthology.orchestra.run.smithi019.stdout:/usr/bin/ceph: stderr
2024-04-23T18:15:56.717+0000 7ff2c462a700 1 --2- 172.21.15.19:0/334881149 >> [v2:172.21.15.19:3300/0,v1:172.21.15.19:6789/0] conn(0x7ff2bc108510 0x7ff2bc19c6c0 unknown :-1 s=CLOSED pgs=17 cs=0 l=1 rev1=1 crypto rx=0 tx=0 comp rx=0 tx=0).stop
2024-04-23T18:15:57.350 INFO:teuthology.orchestra.run.smithi019.stdout:/usr/bin/ceph: stderr
2024-04-23T18:15:56.717+0000 7ff2c462a700 1 -- 172.21.15.19:0/334881149 >> 172.21.15.19:0/334881149 conn(0x7ff2bc103b70 msgr2=0x7ff2bc104770 unknown :-1 s=STATE_NONE l=0).mark_down
2024-04-23T18:15:57.350 INFO:teuthology.orchestra.run.smithi019.stdout:/usr/bin/ceph: stderr
2024-04-23T18:15:56.717+0000 7ff2c462a700 1 -- 172.21.15.19:0/334881149 shutdown_connections
2024-04-23T18:15:57.351 INFO:teuthology.orchestra.run.smithi019.stdout:/usr/bin/ceph: stderr
2024-04-23T18:15:56.717+0000 7ff2c462a700 1 -- 172.21.15.19:0/334881149 wait complete.
2024-04-23T18:15:57.351 INFO:teuthology.orchestra.run.smithi019.stdout:mgr is available
2024-04-23T18:15:58.010 INFO:journalctl@ceph.mon.a.smithi019.stdout:Apr 23 18:15:57 smithi019 ceph-mon[29215]: mgrmap e3: x(active, since 1.00699s)
2024-04-23T18:15:58.011 INFO:journalctl@ceph.mon.a.smithi019.stdout:Apr 23 18:15:57 smithi019 ceph-mon[29215]: from='client.? 172.21.15.19:0/334881149' entity='client.admin' cmd=[{"prefix": "status", "format": "json-pretty"}]: dispatch
2024-04-23T18:15:58.703 INFO:teuthology.orchestra.run.smithi019.stdout:/usr/bin/ceph: stdout
2024-04-23T18:15:58.703 INFO:teuthology.orchestra.run.smithi019.stdout:/usr/bin/ceph: stdout [global]
2024-04-23T18:15:58.703 INFO:teuthology.orchestra.run.smithi019.stdout:/usr/bin/ceph: stdout fsid = 46706838-019d-11ef-bc93-c7b262605968
2024-04-23T18:15:58.703 INFO:teuthology.orchestra.run.smithi019.stdout:/usr/bin/ceph: stdout mon_cluster_log_file_level = debug
2024-04-23T18:15:58.703 INFO:teuthology.orchestra.run.smithi019.stdout:/usr/bin/ceph: stdout mon_osd_allow_pg_remap = true
2024-04-23T18:15:58.703 INFO:teuthology.orchestra.run.smithi019.stdout:/usr/bin/ceph: stdout mon_osd_allow_primary_affinity = true
2024-04-23T18:15:58.703 INFO:teuthology.orchestra.run.smithi019.stdout:/usr/bin/ceph: stdout mon_warn_on_no_sortbitwise = false
2024-04-23T18:15:58.704 INFO:teuthology.orchestra.run.smithi019.stdout:/usr/bin/ceph: stdout osd_crush_chooseleaf_type = 0
2024-04-23T18:15:58.704 INFO:teuthology.orchestra.run.smithi019.stdout:/usr/bin/ceph: stdout
2024-04-23T18:15:58.704 INFO:teuthology.orchestra.run.smithi019.stdout:/usr/bin/ceph: stdout [mgr]
2024-04-23T18:15:58.704 INFO:teuthology.orchestra.run.smithi019.stdout:/usr/bin/ceph: stdout mgr/telemetry/nag = false
2024-04-23T18:15:58.704 INFO:teuthology.orchestra.run.smithi019.stdout:/usr/bin/ceph: stdout
2024-04-23T18:15:58.704 INFO:teuthology.orchestra.run.smithi019.stdout:/usr/bin/ceph: stdout [osd]
2024-04-23T18:15:58.704 INFO:teuthology.orchestra.run.smithi019.stdout:/usr/bin/ceph: stdout mon_osd_backfillfull_ratio = 0.85
2024-04-23T18:15:58.704 INFO:teuthology.orchestra.run.smithi019.stdout:/usr/bin/ceph: stdout mon_osd_full_ratio = 0.9
2024-04-23T18:15:58.704 INFO:teuthology.orchestra.run.smithi019.stdout:/usr/bin/ceph: stdout mon_osd_nearfull_ratio = 0.8
2024-04-23T18:15:58.704 INFO:teuthology.orchestra.run.smithi019.stdout:/usr/bin/ceph: stdout osd_map_max_advance = 10
2024-04-23T18:15:58.704 INFO:teuthology.orchestra.run.smithi019.stdout:/usr/bin/ceph: stdout osd_sloppy_crc = true
2024-04-23T18:15:58.704 INFO:teuthology.orchestra.run.smithi019.stdout:/usr/bin/ceph: stderr
2024-04-23T18:15:57.824+0000 7faf4953e700 1 Processor -- start
2024-04-23T18:15:58.704 INFO:teuthology.orchestra.run.smithi019.stdout:/usr/bin/ceph: stderr
2024-04-23T18:15:57.824+0000 7faf4953e700 1 -- start start
2024-04-23T18:15:58.704 INFO:teuthology.orchestra.run.smithi019.stdout:/usr/bin/ceph: stderr
2024-04-23T18:15:57.824+0000 7faf4953e700 1 --2- >> [v2:172.21.15.19:3300/0,v1:172.21.15.19:6789/0] conn(0x7faf4407de40 0x7faf4407c2f0 unknown :-1 s=NONE pgs=0 cs=0 l=0 rev1=0 crypto rx=0 tx=0 comp rx=0 tx=0).connect
2024-04-23T18:15:58.704 INFO:teuthology.orchestra.run.smithi019.stdout:/usr/bin/ceph: stderr
2024-04-23T18:15:57.825+0000 7faf4953e700 1 -- --> [v2:172.21.15.19:3300/0,v1:172.21.15.19:6789/0] -- mon_getmap magic: 0 -- 0x7faf4407c830 con 0x7faf4407de40
2024-04-23T18:15:58.705 INFO:teuthology.orchestra.run.smithi019.stdout:/usr/bin/ceph: stderr
2024-04-23T18:15:57.825+0000 7faf42ffd700 1 --2- >> [v2:172.21.15.19:3300/0,v1:172.21.15.19:6789/0] conn(0x7faf4407de40 0x7faf4407c2f0 unknown :-1 s=BANNER_CONNECTING pgs=0 cs=0 l=0 rev1=0 crypto rx=0 tx=0 comp rx=0 tx=0)._handle_peer_banner_payload supported=3 required=0
2024-04-23T18:15:58.705 INFO:teuthology.orchestra.run.smithi019.stdout:/usr/bin/ceph: stderr
2024-04-23T18:15:57.825+0000 7faf42ffd700 1 --2- >> [v2:172.21.15.19:3300/0,v1:172.21.15.19:6789/0] conn(0x7faf4407de40 0x7faf4407c2f0 unknown :-1 s=HELLO_CONNECTING pgs=0 cs=0 l=0 rev1=1 crypto rx=0 tx=0 comp rx=0 tx=0).handle_hello peer v2:172.21.15.19:3300/0 says I am v2:172.21.15.19:34108/0 (socket says 172.21.15.19:34108)
2024-04-23T18:15:58.705 INFO:teuthology.orchestra.run.smithi019.stdout:/usr/bin/ceph: stderr
2024-04-23T18:15:57.825+0000 7faf42ffd700 1 -- 172.21.15.19:0/385805571 learned_addr learned my addr 172.21.15.19:0/385805571 (peer_addr_for_me v2:172.21.15.19:0/0)
2024-04-23T18:15:58.705 INFO:teuthology.orchestra.run.smithi019.stdout:/usr/bin/ceph: stderr
2024-04-23T18:15:57.825+0000 7faf42ffd700 1 -- 172.21.15.19:0/385805571 --> [v2:172.21.15.19:3300/0,v1:172.21.15.19:6789/0] -- mon_subscribe({config=0+,monmap=0+}) -- 0x7faf4407c9b0 con 0x7faf4407de40
2024-04-23T18:15:58.705 INFO:teuthology.orchestra.run.smithi019.stdout:/usr/bin/ceph: stderr
2024-04-23T18:15:57.825+0000 7faf42ffd700 1 --2- 172.21.15.19:0/385805571 >> [v2:172.21.15.19:3300/0,v1:172.21.15.19:6789/0] conn(0x7faf4407de40 0x7faf4407c2f0 secure :-1 s=READY pgs=18 cs=0 l=1 rev1=1 crypto rx=0x7faf340098a0 tx=0x7faf34009bb0 comp rx=0 tx=0).ready entity=mon.0 client_cookie=daa79ad2f8b02ac4 server_cookie=0 in_seq=0 out_seq=0
2024-04-23T18:15:58.705 INFO:teuthology.orchestra.run.smithi019.stdout:/usr/bin/ceph: stderr
2024-04-23T18:15:57.825+0000 7faf41ffb700 1 -- 172.21.15.19:0/385805571 <== mon.0 v2:172.21.15.19:3300/0 1 ==== mon_map magic: 0 ==== 205+0+0 (secure 0 0 0) 0x7faf34004160 con 0x7faf4407de40
2024-04-23T18:15:58.705 INFO:teuthology.orchestra.run.smithi019.stdout:/usr/bin/ceph: stderr
2024-04-23T18:15:57.825+0000 7faf41ffb700 1 -- 172.21.15.19:0/385805571 <== mon.0 v2:172.21.15.19:3300/0 2 ==== config(26 keys) ==== 1070+0+0 (secure 0 0 0) 0x7faf34004300 con 0x7faf4407de40
2024-04-23T18:15:58.705 INFO:teuthology.orchestra.run.smithi019.stdout:/usr/bin/ceph: stderr
2024-04-23T18:15:57.825+0000 7faf41ffb700 1 -- 172.21.15.19:0/385805571 <== mon.0 v2:172.21.15.19:3300/0 3 ==== mon_map magic: 0 ==== 205+0+0 (secure 0 0 0) 0x7faf34011af0 con 0x7faf4407de40
2024-04-23T18:15:58.705 INFO:teuthology.orchestra.run.smithi019.stdout:/usr/bin/ceph: stderr
2024-04-23T18:15:57.826+0000 7faf4953e700 1 -- 172.21.15.19:0/385805571 >> [v2:172.21.15.19:3300/0,v1:172.21.15.19:6789/0] conn(0x7faf4407de40 msgr2=0x7faf4407c2f0 secure :-1 s=STATE_CONNECTION_ESTABLISHED l=1).mark_down
2024-04-23T18:15:58.705 INFO:teuthology.orchestra.run.smithi019.stdout:/usr/bin/ceph: stderr
2024-04-23T18:15:57.826+0000 7faf4953e700 1 --2- 172.21.15.19:0/385805571 >> [v2:172.21.15.19:3300/0,v1:172.21.15.19:6789/0] conn(0x7faf4407de40 0x7faf4407c2f0 secure :-1 s=READY pgs=18 cs=0 l=1 rev1=1 crypto rx=0x7faf340098a0 tx=0x7faf34009bb0 comp rx=0 tx=0).stop
2024-04-23T18:15:58.705 INFO:teuthology.orchestra.run.smithi019.stdout:/usr/bin/ceph: stderr
2024-04-23T18:15:57.826+0000 7faf4953e700 1 -- 172.21.15.19:0/385805571 shutdown_connections
2024-04-23T18:15:58.705 INFO:teuthology.orchestra.run.smithi019.stdout:/usr/bin/ceph: stderr
2024-04-23T18:15:57.826+0000 7faf4953e700 1 --2- 172.21.15.19:0/385805571 >> [v2:172.21.15.19:3300/0,v1:172.21.15.19:6789/0] conn(0x7faf4407de40 0x7faf4407c2f0 unknown :-1 s=CLOSED pgs=18 cs=0 l=1 rev1=1 crypto rx=0 tx=0 comp rx=0 tx=0).stop
2024-04-23T18:15:58.705 INFO:teuthology.orchestra.run.smithi019.stdout:/usr/bin/ceph: stderr
2024-04-23T18:15:57.826+0000 7faf4953e700 1 -- 172.21.15.19:0/385805571 >> 172.21.15.19:0/385805571 conn(0x7faf44103b70 msgr2=0x7faf44105f90 unknown :-1 s=STATE_NONE l=0).mark_down
2024-04-23T18:15:58.705 INFO:teuthology.orchestra.run.smithi019.stdout:/usr/bin/ceph: stderr
2024-04-23T18:15:57.826+0000 7faf4953e700 1 -- 172.21.15.19:0/385805571 shutdown_connections
2024-04-23T18:15:58.705 INFO:teuthology.orchestra.run.smithi019.stdout:/usr/bin/ceph: stderr
2024-04-23T18:15:57.826+0000 7faf4953e700 1 -- 172.21.15.19:0/385805571 wait complete.
2024-04-23T18:15:58.706 INFO:teuthology.orchestra.run.smithi019.stdout:/usr/bin/ceph: stderr
2024-04-23T18:15:57.827+0000 7faf4953e700 1 Processor -- start
2024-04-23T18:15:58.706 INFO:teuthology.orchestra.run.smithi019.stdout:/usr/bin/ceph: stderr
2024-04-23T18:15:57.827+0000 7faf4953e700 1 -- start start
2024-04-23T18:15:58.706 INFO:teuthology.orchestra.run.smithi019.stdout:/usr/bin/ceph: stderr
2024-04-23T18:15:57.827+0000 7faf4953e700 1 --2- >> [v2:172.21.15.19:3300/0,v1:172.21.15.19:6789/0] conn(0x7faf4407de40 0x7faf4419e920 unknown :-1 s=NONE pgs=0 cs=0 l=1 rev1=0 crypto rx=0 tx=0 comp rx=0 tx=0).connect
2024-04-23T18:15:58.706 INFO:teuthology.orchestra.run.smithi019.stdout:/usr/bin/ceph: stderr
2024-04-23T18:15:57.827+0000 7faf4953e700 1 -- --> [v2:172.21.15.19:3300/0,v1:172.21.15.19:6789/0] -- mon_getmap magic: 0 -- 0x7faf4410ea80 con 0x7faf4407de40
2024-04-23T18:15:58.706 INFO:teuthology.orchestra.run.smithi019.stdout:/usr/bin/ceph: stderr
2024-04-23T18:15:57.827+0000 7faf42ffd700 1 --2- >> [v2:172.21.15.19:3300/0,v1:172.21.15.19:6789/0] conn(0x7faf4407de40 0x7faf4419e920 unknown :-1 s=BANNER_CONNECTING pgs=0 cs=0 l=1 rev1=0 crypto rx=0 tx=0 comp rx=0 tx=0)._handle_peer_banner_payload supported=3 required=0
2024-04-23T18:15:58.706 INFO:teuthology.orchestra.run.smithi019.stdout:/usr/bin/ceph: stderr
2024-04-23T18:15:57.827+0000 7faf42ffd700 1 --2- >> [v2:172.21.15.19:3300/0,v1:172.21.15.19:6789/0] conn(0x7faf4407de40 0x7faf4419e920 unknown :-1 s=HELLO_CONNECTING pgs=0 cs=0 l=1 rev1=1 crypto rx=0 tx=0 comp rx=0 tx=0).handle_hello peer v2:172.21.15.19:3300/0 says I am v2:172.21.15.19:34114/0 (socket says 172.21.15.19:34114)
2024-04-23T18:15:58.706 INFO:teuthology.orchestra.run.smithi019.stdout:/usr/bin/ceph: stderr
2024-04-23T18:15:57.827+0000 7faf42ffd700 1 -- 172.21.15.19:0/3734126136 learned_addr learned my addr 172.21.15.19:0/3734126136 (peer_addr_for_me v2:172.21.15.19:0/0)
2024-04-23T18:15:58.706 INFO:teuthology.orchestra.run.smithi019.stdout:/usr/bin/ceph: stderr
2024-04-23T18:15:57.828+0000 7faf42ffd700 1 -- 172.21.15.19:0/3734126136 --> [v2:172.21.15.19:3300/0,v1:172.21.15.19:6789/0] -- mon_subscribe({config=0+,monmap=0+}) -- 0x7faf4419ee60 con 0x7faf4407de40
2024-04-23T18:15:58.706 INFO:teuthology.orchestra.run.smithi019.stdout:/usr/bin/ceph: stderr
2024-04-23T18:15:57.828+0000 7faf42ffd700 1 --2- 172.21.15.19:0/3734126136 >> [v2:172.21.15.19:3300/0,v1:172.21.15.19:6789/0] conn(0x7faf4407de40 0x7faf4419e920 secure :-1 s=READY pgs=19 cs=0 l=1 rev1=1 crypto rx=0x7faf34003f40 tx=0x7faf34011890 comp rx=0 tx=0).ready entity=mon.0 client_cookie=0 server_cookie=0 in_seq=0 out_seq=0
2024-04-23T18:15:58.706 INFO:teuthology.orchestra.run.smithi019.stdout:/usr/bin/ceph: stderr
2024-04-23T18:15:57.828+0000 7faf2bfff700 1 -- 172.21.15.19:0/3734126136 <== mon.0 v2:172.21.15.19:3300/0 1 ==== mon_map magic: 0 ==== 205+0+0 (secure 0 0 0) 0x7faf340038b0 con 0x7faf4407de40
2024-04-23T18:15:58.706 INFO:teuthology.orchestra.run.smithi019.stdout:/usr/bin/ceph: stderr
2024-04-23T18:15:57.828+0000 7faf4953e700 1 -- 172.21.15.19:0/3734126136 --> [v2:172.21.15.19:3300/0,v1:172.21.15.19:6789/0] -- mon_subscribe({mgrmap=0+}) -- 0x7faf4419f0f0 con 0x7faf4407de40
2024-04-23T18:15:58.706 INFO:teuthology.orchestra.run.smithi019.stdout:/usr/bin/ceph: stderr
2024-04-23T18:15:57.828+0000 7faf2bfff700 1 -- 172.21.15.19:0/3734126136 <== mon.0 v2:172.21.15.19:3300/0 2 ==== config(26 keys) ==== 1070+0+0 (secure 0 0 0) 0x7faf34003a50 con 0x7faf4407de40
2024-04-23T18:15:58.706 INFO:teuthology.orchestra.run.smithi019.stdout:/usr/bin/ceph: stderr
2024-04-23T18:15:57.828+0000 7faf2bfff700 1 -- 172.21.15.19:0/3734126136 <== mon.0 v2:172.21.15.19:3300/0 3 ==== mon_map magic: 0 ==== 205+0+0 (secure 0 0 0) 0x7faf3401a5c0 con 0x7faf4407de40
2024-04-23T18:15:58.706 INFO:teuthology.orchestra.run.smithi019.stdout:/usr/bin/ceph: stderr
2024-04-23T18:15:57.828+0000 7faf4953e700 1 -- 172.21.15.19:0/3734126136 --> [v2:172.21.15.19:3300/0,v1:172.21.15.19:6789/0] -- mon_subscribe({osdmap=0}) -- 0x7faf441a1de0 con 0x7faf4407de40
2024-04-23T18:15:58.707 INFO:teuthology.orchestra.run.smithi019.stdout:/usr/bin/ceph: stderr
2024-04-23T18:15:57.829+0000 7faf2bfff700 1 -- 172.21.15.19:0/3734126136 <== mon.0 v2:172.21.15.19:3300/0 4 ==== mgrmap(e 4) ==== 46547+0+0 (secure 0 0 0) 0x7faf3401a8c0 con 0x7faf4407de40
2024-04-23T18:15:58.707 INFO:teuthology.orchestra.run.smithi019.stdout:/usr/bin/ceph: stderr
2024-04-23T18:15:57.829+0000 7faf2bfff700 1 --2- 172.21.15.19:0/3734126136 >> [v2:172.21.15.19:6800/1085063871,v1:172.21.15.19:6801/1085063871] conn(0x7faf2c039510 0x7faf2c03b9d0 unknown :-1 s=NONE pgs=0 cs=0 l=1 rev1=0 crypto rx=0 tx=0 comp rx=0 tx=0).connect
2024-04-23T18:15:58.707 INFO:teuthology.orchestra.run.smithi019.stdout:/usr/bin/ceph: stderr
2024-04-23T18:15:57.829+0000 7faf4953e700 1 -- 172.21.15.19:0/3734126136 --> [v2:172.21.15.19:3300/0,v1:172.21.15.19:6789/0] -- mon_command({"prefix": "get_command_descriptions"} v 0) -- 0x7faf440640a0 con 0x7faf4407de40
2024-04-23T18:15:58.707 INFO:teuthology.orchestra.run.smithi019.stdout:/usr/bin/ceph: stderr
2024-04-23T18:15:57.829+0000 7faf2bfff700 1 -- 172.21.15.19:0/3734126136 <== mon.0 v2:172.21.15.19:3300/0 5 ==== osd_map(1..1 src has 1..1) ==== 725+0+0 (secure 0 0 0) 0x7faf3404dbd0 con 0x7faf4407de40
2024-04-23T18:15:58.707 INFO:teuthology.orchestra.run.smithi019.stdout:/usr/bin/ceph: stderr
2024-04-23T18:15:57.829+0000 7faf427fc700 1 --2- 172.21.15.19:0/3734126136 >> [v2:172.21.15.19:6800/1085063871,v1:172.21.15.19:6801/1085063871] conn(0x7faf2c039510 0x7faf2c03b9d0 unknown :-1 s=BANNER_CONNECTING pgs=0 cs=0 l=1 rev1=0 crypto rx=0 tx=0 comp rx=0 tx=0)._handle_peer_banner_payload supported=3 required=0
2024-04-23T18:15:58.707 INFO:teuthology.orchestra.run.smithi019.stdout:/usr/bin/ceph: stderr
2024-04-23T18:15:57.830+0000 7faf427fc700 1 --2- 172.21.15.19:0/3734126136 >> [v2:172.21.15.19:6800/1085063871,v1:172.21.15.19:6801/1085063871] conn(0x7faf2c039510 0x7faf2c03b9d0 secure :-1 s=READY pgs=7 cs=0 l=1 rev1=1 crypto rx=0x7faf38006fd0 tx=0x7faf38006e40 comp rx=0 tx=0).ready entity=mgr.14100 client_cookie=0 server_cookie=0 in_seq=0 out_seq=0
2024-04-23T18:15:58.707 INFO:teuthology.orchestra.run.smithi019.stdout:/usr/bin/ceph: stderr
2024-04-23T18:15:57.835+0000 7faf2bfff700 1 -- 172.21.15.19:0/3734126136 <== mon.0 v2:172.21.15.19:3300/0 6 ==== mon_command_ack([{"prefix": "get_command_descriptions"}]=0 v0) ==== 72+0+188370 (secure 0 0 0) 0x7faf34019c70 con 0x7faf4407de40
2024-04-23T18:15:58.707 INFO:teuthology.orchestra.run.smithi019.stdout:/usr/bin/ceph: stderr
2024-04-23T18:15:58.041+0000 7faf4953e700 1 -- 172.21.15.19:0/3734126136 --> [v2:172.21.15.19:3300/0,v1:172.21.15.19:6789/0] -- mon_command({"prefix": "config assimilate-conf"} v 0) -- 0x7faf441a3130 con 0x7faf4407de40
2024-04-23T18:15:58.707 INFO:teuthology.orchestra.run.smithi019.stdout:/usr/bin/ceph: stderr
2024-04-23T18:15:58.042+0000 7faf2bfff700 1 -- 172.21.15.19:0/3734126136 <== mon.0 v2:172.21.15.19:3300/0 7 ==== mon_command_ack([{"prefix": "config assimilate-conf"}]=0 v3) ==== 70+0+409 (secure 0 0 0) 0x7faf3404d5f0 con 0x7faf4407de40
2024-04-23T18:15:58.707 INFO:teuthology.orchestra.run.smithi019.stdout:/usr/bin/ceph: stderr
2024-04-23T18:15:58.044+0000 7faf4953e700 1 -- 172.21.15.19:0/3734126136 >> [v2:172.21.15.19:6800/1085063871,v1:172.21.15.19:6801/1085063871] conn(0x7faf2c039510 msgr2=0x7faf2c03b9d0 secure :-1 s=STATE_CONNECTION_ESTABLISHED l=1).mark_down
2024-04-23T18:15:58.707 INFO:teuthology.orchestra.run.smithi019.stdout:/usr/bin/ceph: stderr
2024-04-23T18:15:58.044+0000 7faf4953e700 1 --2- 172.21.15.19:0/3734126136 >> [v2:172.21.15.19:6800/1085063871,v1:172.21.15.19:6801/1085063871] conn(0x7faf2c039510 0x7faf2c03b9d0 secure :-1 s=READY pgs=7 cs=0 l=1 rev1=1 crypto rx=0x7faf38006fd0 tx=0x7faf38006e40 comp rx=0 tx=0).stop
2024-04-23T18:15:58.707 INFO:teuthology.orchestra.run.smithi019.stdout:/usr/bin/ceph: stderr
2024-04-23T18:15:58.044+0000 7faf4953e700 1 -- 172.21.15.19:0/3734126136 >> [v2:172.21.15.19:3300/0,v1:172.21.15.19:6789/0] conn(0x7faf4407de40 msgr2=0x7faf4419e920 secure :-1 s=STATE_CONNECTION_ESTABLISHED l=1).mark_down
2024-04-23T18:15:58.707 INFO:teuthology.orchestra.run.smithi019.stdout:/usr/bin/ceph: stderr
2024-04-23T18:15:58.044+0000 7faf4953e700 1 --2- 172.21.15.19:0/3734126136 >> [v2:172.21.15.19:3300/0,v1:172.21.15.19:6789/0] conn(0x7faf4407de40 0x7faf4419e920 secure :-1 s=READY pgs=19 cs=0 l=1 rev1=1 crypto rx=0x7faf34003f40 tx=0x7faf34011890 comp rx=0 tx=0).stop
2024-04-23T18:15:58.707 INFO:teuthology.orchestra.run.smithi019.stdout:/usr/bin/ceph: stderr
2024-04-23T18:15:58.044+0000 7faf4953e700 1 -- 172.21.15.19:0/3734126136 shutdown_connections
2024-04-23T18:15:58.708 INFO:teuthology.orchestra.run.smithi019.stdout:/usr/bin/ceph: stderr
2024-04-23T18:15:58.044+0000 7faf4953e700 1 --2- 172.21.15.19:0/3734126136 >> [v2:172.21.15.19:6800/1085063871,v1:172.21.15.19:6801/1085063871] conn(0x7faf2c039510 0x7faf2c03b9d0 unknown :-1 s=CLOSED pgs=7 cs=0 l=1 rev1=1 crypto rx=0 tx=0 comp rx=0 tx=0).stop
2024-04-23T18:15:58.708 INFO:teuthology.orchestra.run.smithi019.stdout:/usr/bin/ceph: stderr
2024-04-23T18:15:58.044+0000 7faf4953e700 1 --2- 172.21.15.19:0/3734126136 >> [v2:172.21.15.19:3300/0,v1:172.21.15.19:6789/0] conn(0x7faf4407de40 0x7faf4419e920 unknown :-1 s=CLOSED pgs=19 cs=0 l=1 rev1=1 crypto rx=0 tx=0 comp rx=0 tx=0).stop
2024-04-23T18:15:58.708 INFO:teuthology.orchestra.run.smithi019.stdout:/usr/bin/ceph: stderr
2024-04-23T18:15:58.044+0000 7faf4953e700 1 -- 172.21.15.19:0/3734126136 >> 172.21.15.19:0/3734126136 conn(0x7faf44103b70 msgr2=0x7faf441048c0 unknown :-1 s=STATE_NONE l=0).mark_down
2024-04-23T18:15:58.708 INFO:teuthology.orchestra.run.smithi019.stdout:/usr/bin/ceph: stderr
2024-04-23T18:15:58.044+0000 7faf4953e700 1 -- 172.21.15.19:0/3734126136 shutdown_connections
2024-04-23T18:15:58.708 INFO:teuthology.orchestra.run.smithi019.stdout:/usr/bin/ceph: stderr
2024-04-23T18:15:58.044+0000 7faf4953e700 1 -- 172.21.15.19:0/3734126136 wait complete.
2024-04-23T18:15:58.708 INFO:teuthology.orchestra.run.smithi019.stdout:Enabling cephadm module...
2024-04-23T18:15:58.760 INFO:journalctl@ceph.mon.a.smithi019.stdout:Apr 23 18:15:58 smithi019 ceph-mon[29215]: mgrmap e4: x(active, since 2s)
2024-04-23T18:15:58.761 INFO:journalctl@ceph.mon.a.smithi019.stdout:Apr 23 18:15:58 smithi019 ceph-mon[29215]: from='client.? 172.21.15.19:0/3734126136' entity='client.admin' cmd=[{"prefix": "config assimilate-conf"}]: dispatch
2024-04-23T18:15:59.669 INFO:journalctl@ceph.mon.a.smithi019.stdout:Apr 23 18:15:59 smithi019 ceph-mon[29215]: from='client.? 172.21.15.19:0/4154918298' entity='client.admin' cmd=[{"prefix": "mgr module enable", "module": "cephadm"}]: dispatch
2024-04-23T18:15:59.974 INFO:journalctl@ceph.mgr.x.smithi019.stdout:Apr 23 18:15:59 smithi019 ceph-46706838-019d-11ef-bc93-c7b262605968-mgr-x[29447]: ignoring --setuser ceph since I am not root
2024-04-23T18:15:59.974 INFO:journalctl@ceph.mgr.x.smithi019.stdout:Apr 23 18:15:59 smithi019 ceph-46706838-019d-11ef-bc93-c7b262605968-mgr-x[29447]: ignoring --setgroup ceph since I am not root
2024-04-23T18:15:59.974 INFO:journalctl@ceph.mgr.x.smithi019.stdout:Apr 23 18:15:59 smithi019 ceph-46706838-019d-11ef-bc93-c7b262605968-mgr-x[29447]:
2024-04-23T18:15:59.836+0000 7fd170fdc200 -1 mgr[py] Module balancer has missing NOTIFY_TYPES member
2024-04-23T18:16:00.260 INFO:journalctl@ceph.mgr.x.smithi019.stdout:Apr 23 18:16:00 smithi019 ceph-46706838-019d-11ef-bc93-c7b262605968-mgr-x[29447]:
2024-04-23T18:16:00.028+0000 7fd170fdc200 -1 mgr[py] Module orchestrator has missing NOTIFY_TYPES member
2024-04-23T18:16:00.260 INFO:journalctl@ceph.mgr.x.smithi019.stdout:Apr 23 18:16:00 smithi019 ceph-46706838-019d-11ef-bc93-c7b262605968-mgr-x[29447]:
2024-04-23T18:16:00.133+0000 7fd170fdc200 -1 mgr[py] Module snap_schedule has missing NOTIFY_TYPES member
2024-04-23T18:16:00.282 INFO:teuthology.orchestra.run.smithi019.stdout:/usr/bin/ceph: stderr
2024-04-23T18:15:59.135+0000 7f598260e700 1 Processor -- start
2024-04-23T18:16:00.282 INFO:teuthology.orchestra.run.smithi019.stdout:/usr/bin/ceph: stderr
2024-04-23T18:15:59.135+0000 7f598260e700 1 -- start start
2024-04-23T18:16:00.282 INFO:teuthology.orchestra.run.smithi019.stdout:/usr/bin/ceph: stderr
2024-04-23T18:15:59.135+0000 7f598260e700 1 --2- >> [v2:172.21.15.19:3300/0,v1:172.21.15.19:6789/0] conn(0x7f597c107390 0x7f597c1077b0 unknown :-1 s=NONE pgs=0 cs=0 l=0 rev1=0 crypto rx=0 tx=0 comp rx=0 tx=0).connect
2024-04-23T18:16:00.282 INFO:teuthology.orchestra.run.smithi019.stdout:/usr/bin/ceph: stderr
2024-04-23T18:15:59.135+0000 7f598260e700 1 -- --> [v2:172.21.15.19:3300/0,v1:172.21.15.19:6789/0] -- mon_getmap magic: 0 -- 0x7f597c107d80 con 0x7f597c107390
2024-04-23T18:16:00.282 INFO:teuthology.orchestra.run.smithi019.stdout:/usr/bin/ceph: stderr
2024-04-23T18:15:59.135+0000 7f597bfff700 1 --2- >> [v2:172.21.15.19:3300/0,v1:172.21.15.19:6789/0] conn(0x7f597c107390 0x7f597c1077b0 unknown :-1 s=BANNER_CONNECTING pgs=0 cs=0 l=0 rev1=0 crypto rx=0 tx=0 comp rx=0 tx=0)._handle_peer_banner_payload supported=3 required=0
2024-04-23T18:16:00.282 INFO:teuthology.orchestra.run.smithi019.stdout:/usr/bin/ceph: stderr
2024-04-23T18:15:59.135+0000 7f597bfff700 1 --2- >> [v2:172.21.15.19:3300/0,v1:172.21.15.19:6789/0] conn(0x7f597c107390 0x7f597c1077b0 unknown :-1 s=HELLO_CONNECTING pgs=0 cs=0 l=0 rev1=1 crypto rx=0 tx=0 comp rx=0 tx=0).handle_hello peer v2:172.21.15.19:3300/0 says I am v2:172.21.15.19:34122/0 (socket says 172.21.15.19:34122)
2024-04-23T18:16:00.282 INFO:teuthology.orchestra.run.smithi019.stdout:/usr/bin/ceph: stderr
2024-04-23T18:15:59.135+0000 7f597bfff700 1 -- 172.21.15.19:0/3470363620 learned_addr learned my addr 172.21.15.19:0/3470363620 (peer_addr_for_me v2:172.21.15.19:0/0)
2024-04-23T18:16:00.282 INFO:teuthology.orchestra.run.smithi019.stdout:/usr/bin/ceph: stderr
2024-04-23T18:15:59.136+0000 7f597bfff700 1 -- 172.21.15.19:0/3470363620 --> [v2:172.21.15.19:3300/0,v1:172.21.15.19:6789/0] -- mon_subscribe({config=0+,monmap=0+}) -- 0x7f597c108590 con 0x7f597c107390
2024-04-23T18:16:00.282 INFO:teuthology.orchestra.run.smithi019.stdout:/usr/bin/ceph: stderr
2024-04-23T18:15:59.136+0000 7f597bfff700 1 --2- 172.21.15.19:0/3470363620 >> [v2:172.21.15.19:3300/0,v1:172.21.15.19:6789/0] conn(0x7f597c107390 0x7f597c1077b0 secure :-1 s=READY pgs=20 cs=0 l=1 rev1=1 crypto rx=0x7f596c0098a0 tx=0x7f596c009bb0 comp rx=0 tx=0).ready entity=mon.0 client_cookie=e568540eb32f7524 server_cookie=0 in_seq=0 out_seq=0
2024-04-23T18:16:00.283 INFO:teuthology.orchestra.run.smithi019.stdout:/usr/bin/ceph: stderr
2024-04-23T18:15:59.136+0000 7f597affd700 1 -- 172.21.15.19:0/3470363620 <== mon.0 v2:172.21.15.19:3300/0 1 ==== mon_map magic: 0 ==== 205+0+0 (secure 0 0 0) 0x7f596c004160 con 0x7f597c107390
2024-04-23T18:16:00.283 INFO:teuthology.orchestra.run.smithi019.stdout:/usr/bin/ceph: stderr
2024-04-23T18:15:59.136+0000 7f597affd700 1 -- 172.21.15.19:0/3470363620 <== mon.0 v2:172.21.15.19:3300/0 2 ==== config(26 keys) ==== 1070+0+0 (secure 0 0 0) 0x7f596c004300 con 0x7f597c107390
2024-04-23T18:16:00.283 INFO:teuthology.orchestra.run.smithi019.stdout:/usr/bin/ceph: stderr
2024-04-23T18:15:59.136+0000 7f597affd700 1 -- 172.21.15.19:0/3470363620 <== mon.0 v2:172.21.15.19:3300/0 3 ==== mon_map magic: 0 ==== 205+0+0 (secure 0 0 0) 0x7f596c011af0 con 0x7f597c107390
2024-04-23T18:16:00.283 INFO:teuthology.orchestra.run.smithi019.stdout:/usr/bin/ceph: stderr
2024-04-23T18:15:59.137+0000 7f598260e700 1 -- 172.21.15.19:0/3470363620 >> [v2:172.21.15.19:3300/0,v1:172.21.15.19:6789/0] conn(0x7f597c107390 msgr2=0x7f597c1077b0 secure :-1 s=STATE_CONNECTION_ESTABLISHED l=1).mark_down
2024-04-23T18:16:00.283 INFO:teuthology.orchestra.run.smithi019.stdout:/usr/bin/ceph: stderr
2024-04-23T18:15:59.137+0000 7f598260e700 1 --2- 172.21.15.19:0/3470363620 >> [v2:172.21.15.19:3300/0,v1:172.21.15.19:6789/0] conn(0x7f597c107390 0x7f597c1077b0 secure :-1 s=READY pgs=20 cs=0 l=1 rev1=1 crypto rx=0x7f596c0098a0 tx=0x7f596c009bb0 comp rx=0 tx=0).stop
2024-04-23T18:16:00.283 INFO:teuthology.orchestra.run.smithi019.stdout:/usr/bin/ceph: stderr
2024-04-23T18:15:59.137+0000 7f598260e700 1 -- 172.21.15.19:0/3470363620 shutdown_connections
2024-04-23T18:16:00.283 INFO:teuthology.orchestra.run.smithi019.stdout:/usr/bin/ceph: stderr
2024-04-23T18:15:59.137+0000 7f598260e700 1 --2- 172.21.15.19:0/3470363620 >> [v2:172.21.15.19:3300/0,v1:172.21.15.19:6789/0] conn(0x7f597c107390 0x7f597c1077b0 unknown :-1 s=CLOSED pgs=20 cs=0 l=1 rev1=1 crypto rx=0 tx=0 comp rx=0 tx=0).stop
2024-04-23T18:16:00.283 INFO:teuthology.orchestra.run.smithi019.stdout:/usr/bin/ceph: stderr
2024-04-23T18:15:59.137+0000 7f598260e700 1 -- 172.21.15.19:0/3470363620 >> 172.21.15.19:0/3470363620 conn(0x7f597c1029b0 msgr2=0x7f597c104dd0 unknown :-1 s=STATE_NONE l=0).mark_down
2024-04-23T18:16:00.283 INFO:teuthology.orchestra.run.smithi019.stdout:/usr/bin/ceph: stderr
2024-04-23T18:15:59.137+0000 7f598260e700 1 -- 172.21.15.19:0/3470363620 shutdown_connections
2024-04-23T18:16:00.283 INFO:teuthology.orchestra.run.smithi019.stdout:/usr/bin/ceph: stderr
2024-04-23T18:15:59.137+0000 7f598260e700 1 -- 172.21.15.19:0/3470363620 wait complete.
2024-04-23T18:16:00.283 INFO:teuthology.orchestra.run.smithi019.stdout:/usr/bin/ceph: stderr
2024-04-23T18:15:59.137+0000 7f598260e700 1 Processor -- start
2024-04-23T18:16:00.283 INFO:teuthology.orchestra.run.smithi019.stdout:/usr/bin/ceph: stderr
2024-04-23T18:15:59.137+0000 7f598260e700 1 -- start start
2024-04-23T18:16:00.283 INFO:teuthology.orchestra.run.smithi019.stdout:/usr/bin/ceph: stderr
2024-04-23T18:15:59.138+0000 7f598260e700 1 --2- >> [v2:172.21.15.19:3300/0,v1:172.21.15.19:6789/0] conn(0x7f597c107390 0x7f597c192460 unknown :-1 s=NONE pgs=0 cs=0 l=1 rev1=0 crypto rx=0 tx=0 comp rx=0 tx=0).connect
2024-04-23T18:16:00.283 INFO:teuthology.orchestra.run.smithi019.stdout:/usr/bin/ceph: stderr
2024-04-23T18:15:59.138+0000 7f598260e700 1 -- --> [v2:172.21.15.19:3300/0,v1:172.21.15.19:6789/0] -- mon_getmap magic: 0 -- 0x7f597c10b940 con 0x7f597c107390
2024-04-23T18:16:00.284 INFO:teuthology.orchestra.run.smithi019.stdout:/usr/bin/ceph: stderr
2024-04-23T18:15:59.138+0000 7f597bfff700 1 --2- >> [v2:172.21.15.19:3300/0,v1:172.21.15.19:6789/0] conn(0x7f597c107390 0x7f597c192460 unknown :-1 s=BANNER_CONNECTING pgs=0 cs=0 l=1 rev1=0 crypto rx=0 tx=0 comp rx=0 tx=0)._handle_peer_banner_payload supported=3 required=0
2024-04-23T18:16:00.284 INFO:teuthology.orchestra.run.smithi019.stdout:/usr/bin/ceph: stderr
2024-04-23T18:15:59.138+0000 7f597bfff700 1 --2- >> [v2:172.21.15.19:3300/0,v1:172.21.15.19:6789/0] conn(0x7f597c107390 0x7f597c192460 unknown :-1 s=HELLO_CONNECTING pgs=0 cs=0 l=1 rev1=1 crypto rx=0 tx=0 comp rx=0 tx=0).handle_hello peer v2:172.21.15.19:3300/0 says I am v2:172.21.15.19:34132/0 (socket says 172.21.15.19:34132)
2024-04-23T18:16:00.284 INFO:teuthology.orchestra.run.smithi019.stdout:/usr/bin/ceph: stderr
2024-04-23T18:15:59.138+0000 7f597bfff700 1 -- 172.21.15.19:0/4154918298 learned_addr learned my addr 172.21.15.19:0/4154918298 (peer_addr_for_me v2:172.21.15.19:0/0)
2024-04-23T18:16:00.284 INFO:teuthology.orchestra.run.smithi019.stdout:/usr/bin/ceph: stderr
2024-04-23T18:15:59.138+0000 7f597bfff700 1 -- 172.21.15.19:0/4154918298 --> [v2:172.21.15.19:3300/0,v1:172.21.15.19:6789/0] -- mon_subscribe({config=0+,monmap=0+}) -- 0x7f597c1929a0 con 0x7f597c107390
2024-04-23T18:16:00.284 INFO:teuthology.orchestra.run.smithi019.stdout:/usr/bin/ceph: stderr
2024-04-23T18:15:59.138+0000 7f597bfff700 1 --2- 172.21.15.19:0/4154918298 >> [v2:172.21.15.19:3300/0,v1:172.21.15.19:6789/0] conn(0x7f597c107390 0x7f597c192460 secure :-1 s=READY pgs=21 cs=0 l=1 rev1=1 crypto rx=0x7f596c009fb0 tx=0x7f596c011940 comp rx=0 tx=0).ready entity=mon.0 client_cookie=0 server_cookie=0 in_seq=0 out_seq=0
2024-04-23T18:16:00.284 INFO:teuthology.orchestra.run.smithi019.stdout:/usr/bin/ceph: stderr
2024-04-23T18:15:59.139+0000 7f59797fa700 1 -- 172.21.15.19:0/4154918298 <== mon.0 v2:172.21.15.19:3300/0 1 ==== mon_map magic: 0 ==== 205+0+0 (secure 0 0 0) 0x7f596c0036a0 con 0x7f597c107390
2024-04-23T18:16:00.284 INFO:teuthology.orchestra.run.smithi019.stdout:/usr/bin/ceph: stderr
2024-04-23T18:15:59.139+0000 7f59797fa700 1 -- 172.21.15.19:0/4154918298 <== mon.0 v2:172.21.15.19:3300/0 2 ==== config(26 keys) ==== 1070+0+0 (secure 0 0 0) 0x7f596c01a430 con 0x7f597c107390
2024-04-23T18:16:00.284 INFO:teuthology.orchestra.run.smithi019.stdout:/usr/bin/ceph: stderr
2024-04-23T18:15:59.139+0000 7f598260e700 1 -- 172.21.15.19:0/4154918298 --> [v2:172.21.15.19:3300/0,v1:172.21.15.19:6789/0] -- mon_subscribe({mgrmap=0+}) -- 0x7f597c190c30 con 0x7f597c107390
2024-04-23T18:16:00.284 INFO:teuthology.orchestra.run.smithi019.stdout:/usr/bin/ceph: stderr
2024-04-23T18:15:59.139+0000 7f59797fa700 1 -- 172.21.15.19:0/4154918298 <== mon.0 v2:172.21.15.19:3300/0 3 ==== mon_map magic: 0 ==== 205+0+0 (secure 0 0 0) 0x7f596c019550 con 0x7f597c107390
2024-04-23T18:16:00.284 INFO:teuthology.orchestra.run.smithi019.stdout:/usr/bin/ceph: stderr
2024-04-23T18:15:59.139+0000 7f598260e700 1 -- 172.21.15.19:0/4154918298 --> [v2:172.21.15.19:3300/0,v1:172.21.15.19:6789/0] -- mon_subscribe({osdmap=0}) -- 0x7f597c191110 con 0x7f597c107390
2024-04-23T18:16:00.284 INFO:teuthology.orchestra.run.smithi019.stdout:/usr/bin/ceph: stderr
2024-04-23T18:15:59.139+0000 7f59797fa700 1 -- 172.21.15.19:0/4154918298 <== mon.0 v2:172.21.15.19:3300/0 4 ==== mgrmap(e 4) ==== 46547+0+0 (secure 0 0 0) 0x7f596c019850 con 0x7f597c107390
2024-04-23T18:16:00.284 INFO:teuthology.orchestra.run.smithi019.stdout:/usr/bin/ceph: stderr
2024-04-23T18:15:59.140+0000 7f59797fa700 1 --2- 172.21.15.19:0/4154918298 >> [v2:172.21.15.19:6800/1085063871,v1:172.21.15.19:6801/1085063871] conn(0x7f5964039510 0x7f596403b9d0 unknown :-1 s=NONE pgs=0 cs=0 l=1 rev1=0 crypto rx=0 tx=0 comp rx=0 tx=0).connect
2024-04-23T18:16:00.284 INFO:teuthology.orchestra.run.smithi019.stdout:/usr/bin/ceph: stderr
2024-04-23T18:15:59.140+0000 7f59797fa700 1 -- 172.21.15.19:0/4154918298 <== mon.0 v2:172.21.15.19:3300/0 5 ==== osd_map(1..1 src has 1..1) ==== 725+0+0 (secure 0 0 0) 0x7f596c04d8a0 con 0x7f597c107390
2024-04-23T18:16:00.284 INFO:teuthology.orchestra.run.smithi019.stdout:/usr/bin/ceph: stderr
2024-04-23T18:15:59.140+0000 7f597b7fe700 1 --2- 172.21.15.19:0/4154918298 >> [v2:172.21.15.19:6800/1085063871,v1:172.21.15.19:6801/1085063871] conn(0x7f5964039510 0x7f596403b9d0 unknown :-1 s=BANNER_CONNECTING pgs=0 cs=0 l=1 rev1=0 crypto rx=0 tx=0 comp rx=0 tx=0)._handle_peer_banner_payload supported=3 required=0
2024-04-23T18:16:00.285 INFO:teuthology.orchestra.run.smithi019.stdout:/usr/bin/ceph: stderr
2024-04-23T18:15:59.140+0000 7f598260e700 1 -- 172.21.15.19:0/4154918298 --> [v2:172.21.15.19:3300/0,v1:172.21.15.19:6789/0] -- mon_command({"prefix": "get_command_descriptions"} v 0) -- 0x7f597c0640a0 con 0x7f597c107390
2024-04-23T18:16:00.285 INFO:teuthology.orchestra.run.smithi019.stdout:/usr/bin/ceph: stderr
2024-04-23T18:15:59.140+0000 7f597b7fe700 1 --2- 172.21.15.19:0/4154918298 >> [v2:172.21.15.19:6800/1085063871,v1:172.21.15.19:6801/1085063871] conn(0x7f5964039510 0x7f596403b9d0 secure :-1 s=READY pgs=8 cs=0 l=1 rev1=1 crypto rx=0x7f5970006fd0 tx=0x7f5970006e40 comp rx=0 tx=0).ready entity=mgr.14100 client_cookie=0 server_cookie=0 in_seq=0 out_seq=0
2024-04-23T18:16:00.285 INFO:teuthology.orchestra.run.smithi019.stdout:/usr/bin/ceph: stderr
2024-04-23T18:15:59.145+0000 7f59797fa700 1 -- 172.21.15.19:0/4154918298 <== mon.0 v2:172.21.15.19:3300/0 6 ==== mon_command_ack([{"prefix": "get_command_descriptions"}]=0 v0) ==== 72+0+188370 (secure 0 0 0) 0x7f596c016dd0 con 0x7f597c107390
2024-04-23T18:16:00.285 INFO:teuthology.orchestra.run.smithi019.stdout:/usr/bin/ceph: stderr
2024-04-23T18:15:59.414+0000 7f598260e700 1 -- 172.21.15.19:0/4154918298 --> [v2:172.21.15.19:3300/0,v1:172.21.15.19:6789/0] -- mon_command({"prefix": "mgr module enable", "module": "cephadm"} v 0) -- 0x7f597c196110 con 0x7f597c107390
2024-04-23T18:16:00.285 INFO:teuthology.orchestra.run.smithi019.stdout:/usr/bin/ceph: stderr
2024-04-23T18:15:59.656+0000 7f59797fa700 1 -- 172.21.15.19:0/4154918298 <== mon.0 v2:172.21.15.19:3300/0 7 ==== mon_command_ack([{"prefix": "mgr module enable", "module": "cephadm"}]=0 v5) ==== 86+0+0 (secure 0 0 0) 0x7f596c032020 con 0x7f597c107390
2024-04-23T18:16:00.285 INFO:teuthology.orchestra.run.smithi019.stdout:/usr/bin/ceph: stderr
2024-04-23T18:15:59.658+0000 7f59797fa700 1 -- 172.21.15.19:0/4154918298 <== mon.0 v2:172.21.15.19:3300/0 8 ==== mgrmap(e 5) ==== 46558+0+0 (secure 0 0 0) 0x7f596c02d960 con 0x7f597c107390
2024-04-23T18:16:00.285 INFO:teuthology.orchestra.run.smithi019.stdout:/usr/bin/ceph: stderr
2024-04-23T18:15:59.659+0000 7f598260e700 1 -- 172.21.15.19:0/4154918298 >> [v2:172.21.15.19:6800/1085063871,v1:172.21.15.19:6801/1085063871] conn(0x7f5964039510 msgr2=0x7f596403b9d0 secure :-1 s=STATE_CONNECTION_ESTABLISHED l=1).mark_down
2024-04-23T18:16:00.285 INFO:teuthology.orchestra.run.smithi019.stdout:/usr/bin/ceph: stderr
2024-04-23T18:15:59.659+0000 7f598260e700 1 --2- 172.21.15.19:0/4154918298 >> [v2:172.21.15.19:6800/1085063871,v1:172.21.15.19:6801/1085063871] conn(0x7f5964039510 0x7f596403b9d0 secure :-1 s=READY pgs=8 cs=0 l=1 rev1=1 crypto rx=0x7f5970006fd0 tx=0x7f5970006e40 comp rx=0 tx=0).stop
2024-04-23T18:16:00.285 INFO:teuthology.orchestra.run.smithi019.stdout:/usr/bin/ceph: stderr
2024-04-23T18:15:59.659+0000 7f598260e700 1 -- 172.21.15.19:0/4154918298 >> [v2:172.21.15.19:3300/0,v1:172.21.15.19:6789/0] conn(0x7f597c107390 msgr2=0x7f597c192460 secure :-1 s=STATE_CONNECTION_ESTABLISHED l=1).mark_down
2024-04-23T18:16:00.285 INFO:teuthology.orchestra.run.smithi019.stdout:/usr/bin/ceph: stderr
2024-04-23T18:15:59.659+0000 7f598260e700 1 --2- 172.21.15.19:0/4154918298 >> [v2:172.21.15.19:3300/0,v1:172.21.15.19:6789/0] conn(0x7f597c107390 0x7f597c192460 secure :-1 s=READY pgs=21 cs=0 l=1 rev1=1 crypto rx=0x7f596c009fb0 tx=0x7f596c011940 comp rx=0 tx=0).stop
2024-04-23T18:16:00.285 INFO:teuthology.orchestra.run.smithi019.stdout:/usr/bin/ceph: stderr
2024-04-23T18:15:59.659+0000 7f598260e700 1 -- 172.21.15.19:0/4154918298 shutdown_connections
2024-04-23T18:16:00.285 INFO:teuthology.orchestra.run.smithi019.stdout:/usr/bin/ceph: stderr
2024-04-23T18:15:59.659+0000 7f598260e700 1 --2- 172.21.15.19:0/4154918298 >> [v2:172.21.15.19:6800/1085063871,v1:172.21.15.19:6801/1085063871] conn(0x7f5964039510 0x7f596403b9d0 unknown :-1 s=CLOSED pgs=8 cs=0 l=1 rev1=1 crypto rx=0 tx=0 comp rx=0 tx=0).stop
2024-04-23T18:16:00.285 INFO:teuthology.orchestra.run.smithi019.stdout:/usr/bin/ceph: stderr
2024-04-23T18:15:59.659+0000 7f598260e700 1 --2- 172.21.15.19:0/4154918298 >> [v2:172.21.15.19:3300/0,v1:172.21.15.19:6789/0] conn(0x7f597c107390 0x7f597c192460 unknown :-1 s=CLOSED pgs=21 cs=0 l=1 rev1=1 crypto rx=0 tx=0 comp rx=0 tx=0).stop
2024-04-23T18:16:00.285 INFO:teuthology.orchestra.run.smithi019.stdout:/usr/bin/ceph: stderr
2024-04-23T18:15:59.659+0000 7f598260e700 1 -- 172.21.15.19:0/4154918298 >> 172.21.15.19:0/4154918298 conn(0x7f597c1029b0 msgr2=0x7f597c1038f0 unknown :-1 s=STATE_NONE l=0).mark_down
2024-04-23T18:16:00.285 INFO:teuthology.orchestra.run.smithi019.stdout:/usr/bin/ceph: stderr
2024-04-23T18:15:59.660+0000 7f598260e700 1 -- 172.21.15.19:0/4154918298 shutdown_connections
2024-04-23T18:16:00.286 INFO:teuthology.orchestra.run.smithi019.stdout:/usr/bin/ceph: stderr
2024-04-23T18:15:59.660+0000 7f598260e700 1 -- 172.21.15.19:0/4154918298 wait complete.
2024-04-23T18:16:00.547 INFO:journalctl@ceph.mgr.x.smithi019.stdout:Apr 23 18:16:00 smithi019 ceph-46706838-019d-11ef-bc93-c7b262605968-mgr-x[29447]:
2024-04-23T18:16:00.463+0000 7fd170fdc200 -1 mgr[py] Module progress has missing NOTIFY_TYPES member
2024-04-23T18:16:00.548 INFO:journalctl@ceph.mgr.x.smithi019.stdout:Apr 23 18:16:00 smithi019 ceph-46706838-019d-11ef-bc93-c7b262605968-mgr-x[29447]:
2024-04-23T18:16:00.554+0000 7fd170fdc200 -1 mgr[py] Module influx has missing NOTIFY_TYPES member
2024-04-23T18:16:00.913 INFO:journalctl@ceph.mon.a.smithi019.stdout:Apr 23 18:16:00 smithi019 ceph-mon[29215]: from='client.? 172.21.15.19:0/4154918298' entity='client.admin' cmd='[{"prefix": "mgr module enable", "module": "cephadm"}]': finished
2024-04-23T18:16:00.913 INFO:journalctl@ceph.mon.a.smithi019.stdout:Apr 23 18:16:00 smithi019 ceph-mon[29215]: mgrmap e5: x(active, since 4s)
2024-04-23T18:16:01.639 INFO:teuthology.orchestra.run.smithi019.stdout:/usr/bin/ceph: stdout {
2024-04-23T18:16:01.639 INFO:teuthology.orchestra.run.smithi019.stdout:/usr/bin/ceph: stdout "epoch": 5,
2024-04-23T18:16:01.639 INFO:teuthology.orchestra.run.smithi019.stdout:/usr/bin/ceph: stdout "available": true,
2024-04-23T18:16:01.639 INFO:teuthology.orchestra.run.smithi019.stdout:/usr/bin/ceph: stdout "active_name": "x",
2024-04-23T18:16:01.639 INFO:teuthology.orchestra.run.smithi019.stdout:/usr/bin/ceph: stdout "num_standby": 0
2024-04-23T18:16:01.639 INFO:teuthology.orchestra.run.smithi019.stdout:/usr/bin/ceph: stdout }
2024-04-23T18:16:01.639 INFO:teuthology.orchestra.run.smithi019.stdout:/usr/bin/ceph: stderr
2024-04-23T18:16:00.711+0000 7f5102079700 1 Processor -- start
2024-04-23T18:16:01.639 INFO:teuthology.orchestra.run.smithi019.stdout:/usr/bin/ceph: stderr
2024-04-23T18:16:00.711+0000 7f5102079700 1 -- start start
2024-04-23T18:16:01.639 INFO:teuthology.orchestra.run.smithi019.stdout:/usr/bin/ceph: stderr
2024-04-23T18:16:00.711+0000 7f5102079700 1 --2- >> [v2:172.21.15.19:3300/0,v1:172.21.15.19:6789/0] conn(0x7f50fc108fb0 0x7f50fc10b3a0 unknown :-1 s=NONE pgs=0 cs=0 l=0 rev1=0 crypto rx=0 tx=0 comp rx=0 tx=0).connect
2024-04-23T18:16:01.639 INFO:teuthology.orchestra.run.smithi019.stdout:/usr/bin/ceph: stderr
2024-04-23T18:16:00.711+0000 7f5102079700 1 -- --> [v2:172.21.15.19:3300/0,v1:172.21.15.19:6789/0] -- mon_getmap magic: 0 -- 0x7f50fc07be60 con 0x7f50fc108fb0
2024-04-23T18:16:01.639 INFO:teuthology.orchestra.run.smithi019.stdout:/usr/bin/ceph: stderr
2024-04-23T18:16:00.711+0000 7f50fb7fe700 1 --2- >> [v2:172.21.15.19:3300/0,v1:172.21.15.19:6789/0] conn(0x7f50fc108fb0 0x7f50fc10b3a0 unknown :-1 s=BANNER_CONNECTING pgs=0 cs=0 l=0 rev1=0 crypto rx=0 tx=0 comp rx=0 tx=0)._handle_peer_banner_payload supported=3 required=0
2024-04-23T18:16:01.640 INFO:teuthology.orchestra.run.smithi019.stdout:/usr/bin/ceph: stderr
2024-04-23T18:16:00.711+0000 7f50fb7fe700 1 --2- >> [v2:172.21.15.19:3300/0,v1:172.21.15.19:6789/0] conn(0x7f50fc108fb0 0x7f50fc10b3a0 unknown :-1 s=HELLO_CONNECTING pgs=0 cs=0 l=0 rev1=1 crypto rx=0 tx=0 comp rx=0 tx=0).handle_hello peer v2:172.21.15.19:3300/0 says I am v2:172.21.15.19:37636/0 (socket says 172.21.15.19:37636)
2024-04-23T18:16:01.640 INFO:teuthology.orchestra.run.smithi019.stdout:/usr/bin/ceph: stderr
2024-04-23T18:16:00.711+0000 7f50fb7fe700 1 -- 172.21.15.19:0/225558447 learned_addr learned my addr 172.21.15.19:0/225558447 (peer_addr_for_me v2:172.21.15.19:0/0)
2024-04-23T18:16:01.640 INFO:teuthology.orchestra.run.smithi019.stdout:/usr/bin/ceph: stderr
2024-04-23T18:16:00.711+0000 7f50fb7fe700 1 -- 172.21.15.19:0/225558447 --> [v2:172.21.15.19:3300/0,v1:172.21.15.19:6789/0] -- mon_subscribe({config=0+,monmap=0+}) -- 0x7f50fc10b8e0 con 0x7f50fc108fb0
2024-04-23T18:16:01.640 INFO:teuthology.orchestra.run.smithi019.stdout:/usr/bin/ceph: stderr
2024-04-23T18:16:00.711+0000 7f50fb7fe700 1 --2- 172.21.15.19:0/225558447 >> [v2:172.21.15.19:3300/0,v1:172.21.15.19:6789/0] conn(0x7f50fc108fb0 0x7f50fc10b3a0 secure :-1 s=READY pgs=24 cs=0 l=1 rev1=1 crypto rx=0x7f50ec0098a0 tx=0x7f50ec009bb0 comp rx=0 tx=0).ready entity=mon.0 client_cookie=4557af0be9ecc98c server_cookie=0 in_seq=0 out_seq=0
2024-04-23T18:16:01.640 INFO:teuthology.orchestra.run.smithi019.stdout:/usr/bin/ceph: stderr
2024-04-23T18:16:00.712+0000 7f50fa7fc700 1 -- 172.21.15.19:0/225558447 <== mon.0 v2:172.21.15.19:3300/0 1 ==== mon_map magic: 0 ==== 205+0+0 (secure 0 0 0) 0x7f50ec004160 con 0x7f50fc108fb0
2024-04-23T18:16:01.640 INFO:teuthology.orchestra.run.smithi019.stdout:/usr/bin/ceph: stderr
2024-04-23T18:16:00.712+0000 7f50fa7fc700 1 -- 172.21.15.19:0/225558447 <== mon.0 v2:172.21.15.19:3300/0 2 ==== config(26 keys) ==== 1070+0+0 (secure 0 0 0) 0x7f50ec004300 con 0x7f50fc108fb0
2024-04-23T18:16:01.640 INFO:teuthology.orchestra.run.smithi019.stdout:/usr/bin/ceph: stderr
2024-04-23T18:16:00.712+0000 7f50fa7fc700 1 -- 172.21.15.19:0/225558447 <== mon.0 v2:172.21.15.19:3300/0 3 ==== mon_map magic: 0 ==== 205+0+0 (secure 0 0 0) 0x7f50ec011af0 con 0x7f50fc108fb0
2024-04-23T18:16:01.640 INFO:teuthology.orchestra.run.smithi019.stdout:/usr/bin/ceph: stderr
2024-04-23T18:16:00.712+0000 7f5102079700 1 -- 172.21.15.19:0/225558447 >> [v2:172.21.15.19:3300/0,v1:172.21.15.19:6789/0] conn(0x7f50fc108fb0 msgr2=0x7f50fc10b3a0 secure :-1 s=STATE_CONNECTION_ESTABLISHED l=1).mark_down
2024-04-23T18:16:01.640 INFO:teuthology.orchestra.run.smithi019.stdout:/usr/bin/ceph: stderr
2024-04-23T18:16:00.712+0000 7f5102079700 1 --2- 172.21.15.19:0/225558447 >> [v2:172.21.15.19:3300/0,v1:172.21.15.19:6789/0] conn(0x7f50fc108fb0 0x7f50fc10b3a0 secure :-1 s=READY pgs=24 cs=0 l=1 rev1=1 crypto rx=0x7f50ec0098a0 tx=0x7f50ec009bb0 comp rx=0 tx=0).stop
2024-04-23T18:16:01.640 INFO:teuthology.orchestra.run.smithi019.stdout:/usr/bin/ceph: stderr
2024-04-23T18:16:00.712+0000 7f5102079700 1 -- 172.21.15.19:0/225558447 shutdown_connections
2024-04-23T18:16:01.640 INFO:teuthology.orchestra.run.smithi019.stdout:/usr/bin/ceph: stderr
2024-04-23T18:16:00.712+0000 7f5102079700 1 --2- 172.21.15.19:0/225558447 >> [v2:172.21.15.19:3300/0,v1:172.21.15.19:6789/0] conn(0x7f50fc108fb0 0x7f50fc10b3a0 unknown :-1 s=CLOSED pgs=24 cs=0 l=1 rev1=1 crypto rx=0 tx=0 comp rx=0 tx=0).stop
2024-04-23T18:16:01.640 INFO:teuthology.orchestra.run.smithi019.stdout:/usr/bin/ceph: stderr
2024-04-23T18:16:00.712+0000 7f5102079700 1 -- 172.21.15.19:0/225558447 >> 172.21.15.19:0/225558447 conn(0x7f50fc1029c0 msgr2=0x7f50fc104de0 unknown :-1 s=STATE_NONE l=0).mark_down
