2024-04-23T18:17:09.908+0000 7f0694243700 1 --2- >> [v2:172.21.15.33:3300/0,v1:172.21.15.33:6789/0] conn(0x7f068c106e10 0x7f068c107230 unknown :-1 s=NONE pgs=0 cs=0 l=0 rev1=0 crypto rx=0 tx=0 comp rx=0 tx=0).connect
2024-04-23T18:17:10.848 INFO:teuthology.orchestra.run.smithi033.stdout:/usr/bin/ceph: stderr
2024-04-23T18:17:09.908+0000 7f0694243700 1 -- --> [v2:172.21.15.33:3300/0,v1:172.21.15.33:6789/0] -- mon_getmap magic: 0 -- 0x7f068c07be40 con 0x7f068c106e10
2024-04-23T18:17:10.848 INFO:teuthology.orchestra.run.smithi033.stdout:/usr/bin/ceph: stderr
2024-04-23T18:17:09.909+0000 7f0691fdf700 1 --2- >> [v2:172.21.15.33:3300/0,v1:172.21.15.33:6789/0] conn(0x7f068c106e10 0x7f068c107230 unknown :-1 s=BANNER_CONNECTING pgs=0 cs=0 l=0 rev1=0 crypto rx=0 tx=0 comp rx=0 tx=0)._handle_peer_banner_payload supported=3 required=0
2024-04-23T18:17:10.848 INFO:teuthology.orchestra.run.smithi033.stdout:/usr/bin/ceph: stderr
2024-04-23T18:17:09.909+0000 7f0691fdf700 1 --2- >> [v2:172.21.15.33:3300/0,v1:172.21.15.33:6789/0] conn(0x7f068c106e10 0x7f068c107230 unknown :-1 s=HELLO_CONNECTING pgs=0 cs=0 l=0 rev1=1 crypto rx=0 tx=0 comp rx=0 tx=0).handle_hello peer v2:172.21.15.33:3300/0 says I am v2:172.21.15.33:50340/0 (socket says 172.21.15.33:50340)
2024-04-23T18:17:10.848 INFO:teuthology.orchestra.run.smithi033.stdout:/usr/bin/ceph: stderr
2024-04-23T18:17:09.909+0000 7f0691fdf700 1 -- 172.21.15.33:0/2393247860 learned_addr learned my addr 172.21.15.33:0/2393247860 (peer_addr_for_me v2:172.21.15.33:0/0)
2024-04-23T18:17:10.848 INFO:teuthology.orchestra.run.smithi033.stdout:/usr/bin/ceph: stderr
2024-04-23T18:17:09.909+0000 7f0691fdf700 1 -- 172.21.15.33:0/2393247860 --> [v2:172.21.15.33:3300/0,v1:172.21.15.33:6789/0] -- mon_subscribe({config=0+,monmap=0+}) -- 0x7f068c107770 con 0x7f068c106e10
2024-04-23T18:17:10.848 INFO:teuthology.orchestra.run.smithi033.stdout:/usr/bin/ceph: stderr
2024-04-23T18:17:09.909+0000 7f0691fdf700 1 --2- 172.21.15.33:0/2393247860 >> [v2:172.21.15.33:3300/0,v1:172.21.15.33:6789/0] conn(0x7f068c106e10 0x7f068c107230 secure :-1 s=READY pgs=47 cs=0 l=1 rev1=1 crypto rx=0x7f0684009e80 tx=0x7f068400b330 comp rx=0 tx=0).ready entity=mon.0 client_cookie=19b9d24c86544ba7 server_cookie=0 in_seq=0 out_seq=0
2024-04-23T18:17:10.848 INFO:teuthology.orchestra.run.smithi033.stdout:/usr/bin/ceph: stderr
2024-04-23T18:17:09.909+0000 7f0690fdd700 1 -- 172.21.15.33:0/2393247860 <== mon.0 v2:172.21.15.33:3300/0 1 ==== mon_map magic: 0 ==== 205+0+0 (secure 0 0 0) 0x7f0684017070 con 0x7f068c106e10
2024-04-23T18:17:10.848 INFO:teuthology.orchestra.run.smithi033.stdout:/usr/bin/ceph: stderr
2024-04-23T18:17:09.909+0000 7f0690fdd700 1 -- 172.21.15.33:0/2393247860 <== mon.0 v2:172.21.15.33:3300/0 2 ==== config(26 keys) ==== 1070+0+0 (secure 0 0 0) 0x7f068400b8c0 con 0x7f068c106e10
2024-04-23T18:17:10.848 INFO:teuthology.orchestra.run.smithi033.stdout:/usr/bin/ceph: stderr
2024-04-23T18:17:09.909+0000 7f0690fdd700 1 -- 172.21.15.33:0/2393247860 <== mon.0 v2:172.21.15.33:3300/0 3 ==== mon_map magic: 0 ==== 205+0+0 (secure 0 0 0) 0x7f0684004490 con 0x7f068c106e10
2024-04-23T18:17:10.848 INFO:teuthology.orchestra.run.smithi033.stdout:/usr/bin/ceph: stderr
2024-04-23T18:17:09.910+0000 7f0694243700 1 -- 172.21.15.33:0/2393247860 >> [v2:172.21.15.33:3300/0,v1:172.21.15.33:6789/0] conn(0x7f068c106e10 msgr2=0x7f068c107230 secure :-1 s=STATE_CONNECTION_ESTABLISHED l=1).mark_down
2024-04-23T18:17:10.848 INFO:teuthology.orchestra.run.smithi033.stdout:/usr/bin/ceph: stderr
2024-04-23T18:17:09.910+0000 7f0694243700 1 --2- 172.21.15.33:0/2393247860 >> [v2:172.21.15.33:3300/0,v1:172.21.15.33:6789/0] conn(0x7f068c106e10 0x7f068c107230 secure :-1 s=READY pgs=47 cs=0 l=1 rev1=1 crypto rx=0x7f0684009e80 tx=0x7f068400b330 comp rx=0 tx=0).stop
2024-04-23T18:17:10.848 INFO:teuthology.orchestra.run.smithi033.stdout:/usr/bin/ceph: stderr
2024-04-23T18:17:09.910+0000 7f0694243700 1 -- 172.21.15.33:0/2393247860 shutdown_connections
2024-04-23T18:17:10.849 INFO:teuthology.orchestra.run.smithi033.stdout:/usr/bin/ceph: stderr
2024-04-23T18:17:09.910+0000 7f0694243700 1 --2- 172.21.15.33:0/2393247860 >> [v2:172.21.15.33:3300/0,v1:172.21.15.33:6789/0] conn(0x7f068c106e10 0x7f068c107230 unknown :-1 s=CLOSED pgs=47 cs=0 l=1 rev1=1 crypto rx=0 tx=0 comp rx=0 tx=0).stop
2024-04-23T18:17:10.849 INFO:teuthology.orchestra.run.smithi033.stdout:/usr/bin/ceph: stderr
2024-04-23T18:17:09.910+0000 7f0694243700 1 -- 172.21.15.33:0/2393247860 >> 172.21.15.33:0/2393247860 conn(0x7f068c102a10 msgr2=0x7f068c104e30 unknown :-1 s=STATE_NONE l=0).mark_down
2024-04-23T18:17:10.849 INFO:teuthology.orchestra.run.smithi033.stdout:/usr/bin/ceph: stderr
2024-04-23T18:17:09.910+0000 7f0694243700 1 -- 172.21.15.33:0/2393247860 shutdown_connections
2024-04-23T18:17:10.849 INFO:teuthology.orchestra.run.smithi033.stdout:/usr/bin/ceph: stderr
2024-04-23T18:17:09.910+0000 7f0694243700 1 -- 172.21.15.33:0/2393247860 wait complete.
2024-04-23T18:17:10.849 INFO:teuthology.orchestra.run.smithi033.stdout:/usr/bin/ceph: stderr
2024-04-23T18:17:09.910+0000 7f0694243700 1 Processor -- start
2024-04-23T18:17:10.849 INFO:teuthology.orchestra.run.smithi033.stdout:/usr/bin/ceph: stderr
2024-04-23T18:17:09.911+0000 7f0694243700 1 -- start start
2024-04-23T18:17:10.849 INFO:teuthology.orchestra.run.smithi033.stdout:/usr/bin/ceph: stderr
2024-04-23T18:17:09.911+0000 7f0694243700 1 --2- >> [v2:172.21.15.33:3300/0,v1:172.21.15.33:6789/0] conn(0x7f068c106e10 0x7f068c19e610 unknown :-1 s=NONE pgs=0 cs=0 l=1 rev1=0 crypto rx=0 tx=0 comp rx=0 tx=0).connect
2024-04-23T18:17:10.849 INFO:teuthology.orchestra.run.smithi033.stdout:/usr/bin/ceph: stderr
2024-04-23T18:17:09.911+0000 7f0694243700 1 -- --> [v2:172.21.15.33:3300/0,v1:172.21.15.33:6789/0] -- mon_getmap magic: 0 -- 0x7f068c108730 con 0x7f068c106e10
2024-04-23T18:17:10.849 INFO:teuthology.orchestra.run.smithi033.stdout:/usr/bin/ceph: stderr
2024-04-23T18:17:09.911+0000 7f0691fdf700 1 --2- >> [v2:172.21.15.33:3300/0,v1:172.21.15.33:6789/0] conn(0x7f068c106e10 0x7f068c19e610 unknown :-1 s=BANNER_CONNECTING pgs=0 cs=0 l=1 rev1=0 crypto rx=0 tx=0 comp rx=0 tx=0)._handle_peer_banner_payload supported=3 required=0
2024-04-23T18:17:10.849 INFO:teuthology.orchestra.run.smithi033.stdout:/usr/bin/ceph: stderr
2024-04-23T18:17:09.911+0000 7f0691fdf700 1 --2- >> [v2:172.21.15.33:3300/0,v1:172.21.15.33:6789/0] conn(0x7f068c106e10 0x7f068c19e610 unknown :-1 s=HELLO_CONNECTING pgs=0 cs=0 l=1 rev1=1 crypto rx=0 tx=0 comp rx=0 tx=0).handle_hello peer v2:172.21.15.33:3300/0 says I am v2:172.21.15.33:50344/0 (socket says 172.21.15.33:50344)
2024-04-23T18:17:10.849 INFO:teuthology.orchestra.run.smithi033.stdout:/usr/bin/ceph: stderr
2024-04-23T18:17:09.911+0000 7f0691fdf700 1 -- 172.21.15.33:0/1046068387 learned_addr learned my addr 172.21.15.33:0/1046068387 (peer_addr_for_me v2:172.21.15.33:0/0)
2024-04-23T18:17:10.849 INFO:teuthology.orchestra.run.smithi033.stdout:/usr/bin/ceph: stderr
2024-04-23T18:17:09.911+0000 7f0691fdf700 1 -- 172.21.15.33:0/1046068387 --> [v2:172.21.15.33:3300/0,v1:172.21.15.33:6789/0] -- mon_subscribe({config=0+,monmap=0+}) -- 0x7f068c19eb50 con 0x7f068c106e10
2024-04-23T18:17:10.849 INFO:teuthology.orchestra.run.smithi033.stdout:/usr/bin/ceph: stderr
2024-04-23T18:17:09.911+0000 7f0691fdf700 1 --2- 172.21.15.33:0/1046068387 >> [v2:172.21.15.33:3300/0,v1:172.21.15.33:6789/0] conn(0x7f068c106e10 0x7f068c19e610 secure :-1 s=READY pgs=48 cs=0 l=1 rev1=1 crypto rx=0x7f068400b7b0 tx=0x7f068400be90 comp rx=0 tx=0).ready entity=mon.0 client_cookie=0 server_cookie=0 in_seq=0 out_seq=0
2024-04-23T18:17:10.849 INFO:teuthology.orchestra.run.smithi033.stdout:/usr/bin/ceph: stderr
2024-04-23T18:17:09.911+0000 7f068affd700 1 -- 172.21.15.33:0/1046068387 <== mon.0 v2:172.21.15.33:3300/0 1 ==== mon_map magic: 0 ==== 205+0+0 (secure 0 0 0) 0x7f0684020020 con 0x7f068c106e10
2024-04-23T18:17:10.849 INFO:teuthology.orchestra.run.smithi033.stdout:/usr/bin/ceph: stderr
2024-04-23T18:17:09.911+0000 7f0694243700 1 -- 172.21.15.33:0/1046068387 --> [v2:172.21.15.33:3300/0,v1:172.21.15.33:6789/0] -- mon_subscribe({mgrmap=0+}) -- 0x7f068c19ede0 con 0x7f068c106e10
2024-04-23T18:17:10.850 INFO:teuthology.orchestra.run.smithi033.stdout:/usr/bin/ceph: stderr
2024-04-23T18:17:09.911+0000 7f068affd700 1 -- 172.21.15.33:0/1046068387 <== mon.0 v2:172.21.15.33:3300/0 2 ==== config(26 keys) ==== 1070+0+0 (secure 0 0 0) 0x7f0684003d10 con 0x7f068c106e10
2024-04-23T18:17:10.850 INFO:teuthology.orchestra.run.smithi033.stdout:/usr/bin/ceph: stderr
2024-04-23T18:17:09.911+0000 7f068affd700 1 -- 172.21.15.33:0/1046068387 <== mon.0 v2:172.21.15.33:3300/0 3 ==== mon_map magic: 0 ==== 205+0+0 (secure 0 0 0) 0x7f0684017040 con 0x7f068c106e10
2024-04-23T18:17:10.850 INFO:teuthology.orchestra.run.smithi033.stdout:/usr/bin/ceph: stderr
2024-04-23T18:17:09.911+0000 7f0694243700 1 -- 172.21.15.33:0/1046068387 --> [v2:172.21.15.33:3300/0,v1:172.21.15.33:6789/0] -- mon_subscribe({osdmap=0}) -- 0x7f068c1a1ad0 con 0x7f068c106e10
2024-04-23T18:17:10.850 INFO:teuthology.orchestra.run.smithi033.stdout:/usr/bin/ceph: stderr
2024-04-23T18:17:09.912+0000 7f068affd700 1 -- 172.21.15.33:0/1046068387 <== mon.0 v2:172.21.15.33:3300/0 4 ==== mgrmap(e 8) ==== 46558+0+0 (secure 0 0 0) 0x7f0684023020 con 0x7f068c106e10
2024-04-23T18:17:10.850 INFO:teuthology.orchestra.run.smithi033.stdout:/usr/bin/ceph: stderr
2024-04-23T18:17:09.912+0000 7f0694243700 1 -- 172.21.15.33:0/1046068387 --> [v2:172.21.15.33:3300/0,v1:172.21.15.33:6789/0] -- mon_command({"prefix": "get_command_descriptions"} v 0) -- 0x7f068c0640a0 con 0x7f068c106e10
2024-04-23T18:17:10.850 INFO:teuthology.orchestra.run.smithi033.stdout:/usr/bin/ceph: stderr
2024-04-23T18:17:09.912+0000 7f068affd700 1 --2- 172.21.15.33:0/1046068387 >> [v2:172.21.15.33:6800/4245296611,v1:172.21.15.33:6801/4245296611] conn(0x7f06740395b0 0x7f067403ba70 unknown :-1 s=NONE pgs=0 cs=0 l=1 rev1=0 crypto rx=0 tx=0 comp rx=0 tx=0).connect
2024-04-23T18:17:10.850 INFO:teuthology.orchestra.run.smithi033.stdout:/usr/bin/ceph: stderr
2024-04-23T18:17:09.912+0000 7f068affd700 1 -- 172.21.15.33:0/1046068387 <== mon.0 v2:172.21.15.33:3300/0 5 ==== osd_map(2..2 src has 1..2) ==== 940+0+0 (secure 0 0 0) 0x7f068400f050 con 0x7f068c106e10
2024-04-23T18:17:10.850 INFO:teuthology.orchestra.run.smithi033.stdout:/usr/bin/ceph: stderr
2024-04-23T18:17:09.913+0000 7f06917de700 1 --2- 172.21.15.33:0/1046068387 >> [v2:172.21.15.33:6800/4245296611,v1:172.21.15.33:6801/4245296611] conn(0x7f06740395b0 0x7f067403ba70 unknown :-1 s=BANNER_CONNECTING pgs=0 cs=0 l=1 rev1=0 crypto rx=0 tx=0 comp rx=0 tx=0)._handle_peer_banner_payload supported=3 required=0
2024-04-23T18:17:10.850 INFO:teuthology.orchestra.run.smithi033.stdout:/usr/bin/ceph: stderr
2024-04-23T18:17:09.913+0000 7f06917de700 1 --2- 172.21.15.33:0/1046068387 >> [v2:172.21.15.33:6800/4245296611,v1:172.21.15.33:6801/4245296611] conn(0x7f06740395b0 0x7f067403ba70 secure :-1 s=READY pgs=12 cs=0 l=1 rev1=1 crypto rx=0x7f0680006fd0 tx=0x7f0680006e40 comp rx=0 tx=0).ready entity=mgr.14120 client_cookie=0 server_cookie=0 in_seq=0 out_seq=0
2024-04-23T18:17:10.850 INFO:teuthology.orchestra.run.smithi033.stdout:/usr/bin/ceph: stderr
2024-04-23T18:17:09.918+0000 7f068affd700 1 -- 172.21.15.33:0/1046068387 <== mon.0 v2:172.21.15.33:3300/0 6 ==== mon_command_ack([{"prefix": "get_command_descriptions"}]=0 v0) ==== 72+0+188370 (secure 0 0 0) 0x7f068402a020 con 0x7f068c106e10
2024-04-23T18:17:10.850 INFO:teuthology.orchestra.run.smithi033.stdout:/usr/bin/ceph: stderr
2024-04-23T18:17:10.143+0000 7f0694243700 1 -- 172.21.15.33:0/1046068387 --> [v2:172.21.15.33:6800/4245296611,v1:172.21.15.33:6801/4245296611] -- mgr_command(tid 0: {"prefix": "orch apply", "service_type": "mon", "unmanaged": true, "target": ["mon-mgr", ""]}) -- 0x7f068c02e360 con 0x7f06740395b0
2024-04-23T18:17:10.850 INFO:teuthology.orchestra.run.smithi033.stdout:/usr/bin/ceph: stderr
2024-04-23T18:17:10.147+0000 7f068affd700 1 -- 172.21.15.33:0/1046068387 <== mgr.14120 v2:172.21.15.33:6800/4245296611 1 ==== mgr_command_reply(tid 0: 0 ) ==== 8+0+24 (secure 0 0 0) 0x7f068c02e360 con 0x7f06740395b0
2024-04-23T18:17:10.850 INFO:teuthology.orchestra.run.smithi033.stdout:/usr/bin/ceph: stderr
2024-04-23T18:17:10.150+0000 7f0694243700 1 -- 172.21.15.33:0/1046068387 >> [v2:172.21.15.33:6800/4245296611,v1:172.21.15.33:6801/4245296611] conn(0x7f06740395b0 msgr2=0x7f067403ba70 secure :-1 s=STATE_CONNECTION_ESTABLISHED l=1).mark_down
2024-04-23T18:17:10.851 INFO:teuthology.orchestra.run.smithi033.stdout:/usr/bin/ceph: stderr
2024-04-23T18:17:10.150+0000 7f0694243700 1 --2- 172.21.15.33:0/1046068387 >> [v2:172.21.15.33:6800/4245296611,v1:172.21.15.33:6801/4245296611] conn(0x7f06740395b0 0x7f067403ba70 secure :-1 s=READY pgs=12 cs=0 l=1 rev1=1 crypto rx=0x7f0680006fd0 tx=0x7f0680006e40 comp rx=0 tx=0).stop
2024-04-23T18:17:10.851 INFO:teuthology.orchestra.run.smithi033.stdout:/usr/bin/ceph: stderr
2024-04-23T18:17:10.150+0000 7f0694243700 1 -- 172.21.15.33:0/1046068387 >> [v2:172.21.15.33:3300/0,v1:172.21.15.33:6789/0] conn(0x7f068c106e10 msgr2=0x7f068c19e610 secure :-1 s=STATE_CONNECTION_ESTABLISHED l=1).mark_down
2024-04-23T18:17:10.851 INFO:teuthology.orchestra.run.smithi033.stdout:/usr/bin/ceph: stderr
2024-04-23T18:17:10.150+0000 7f0694243700 1 --2- 172.21.15.33:0/1046068387 >> [v2:172.21.15.33:3300/0,v1:172.21.15.33:6789/0] conn(0x7f068c106e10 0x7f068c19e610 secure :-1 s=READY pgs=48 cs=0 l=1 rev1=1 crypto rx=0x7f068400b7b0 tx=0x7f068400be90 comp rx=0 tx=0).stop
2024-04-23T18:17:10.851 INFO:teuthology.orchestra.run.smithi033.stdout:/usr/bin/ceph: stderr
2024-04-23T18:17:10.150+0000 7f0694243700 1 -- 172.21.15.33:0/1046068387 shutdown_connections
2024-04-23T18:17:10.851 INFO:teuthology.orchestra.run.smithi033.stdout:/usr/bin/ceph: stderr
2024-04-23T18:17:10.150+0000 7f0694243700 1 --2- 172.21.15.33:0/1046068387 >> [v2:172.21.15.33:6800/4245296611,v1:172.21.15.33:6801/4245296611] conn(0x7f06740395b0 0x7f067403ba70 unknown :-1 s=CLOSED pgs=12 cs=0 l=1 rev1=1 crypto rx=0 tx=0 comp rx=0 tx=0).stop
2024-04-23T18:17:10.851 INFO:teuthology.orchestra.run.smithi033.stdout:/usr/bin/ceph: stderr
2024-04-23T18:17:10.150+0000 7f0694243700 1 --2- 172.21.15.33:0/1046068387 >> [v2:172.21.15.33:3300/0,v1:172.21.15.33:6789/0] conn(0x7f068c106e10 0x7f068c19e610 unknown :-1 s=CLOSED pgs=48 cs=0 l=1 rev1=1 crypto rx=0 tx=0 comp rx=0 tx=0).stop
2024-04-23T18:17:10.851 INFO:teuthology.orchestra.run.smithi033.stdout:/usr/bin/ceph: stderr
2024-04-23T18:17:10.150+0000 7f0694243700 1 -- 172.21.15.33:0/1046068387 >> 172.21.15.33:0/1046068387 conn(0x7f068c102a10 msgr2=0x7f068c195280 unknown :-1 s=STATE_NONE l=0).mark_down
2024-04-23T18:17:10.851 INFO:teuthology.orchestra.run.smithi033.stdout:/usr/bin/ceph: stderr
2024-04-23T18:17:10.150+0000 7f0694243700 1 -- 172.21.15.33:0/1046068387 shutdown_connections
2024-04-23T18:17:10.851 INFO:teuthology.orchestra.run.smithi033.stdout:/usr/bin/ceph: stderr
2024-04-23T18:17:10.150+0000 7f0694243700 1 -- 172.21.15.33:0/1046068387 wait complete.
2024-04-23T18:17:10.851 INFO:teuthology.orchestra.run.smithi033.stdout:Deploying unmanaged mgr service...
2024-04-23T18:17:11.481 INFO:journalctl@ceph.mon.a.smithi033.stdout:Apr 23 18:17:11 smithi033 ceph-mon[29274]: from='client.14142 -' entity='client.admin' cmd=[{"prefix": "orch apply", "service_type": "mon", "unmanaged": true, "target": ["mon-mgr", ""]}]: dispatch
2024-04-23T18:17:11.481 INFO:journalctl@ceph.mon.a.smithi033.stdout:Apr 23 18:17:11 smithi033 ceph-mon[29274]: Saving service mon spec with placement count:5
2024-04-23T18:17:11.481 INFO:journalctl@ceph.mon.a.smithi033.stdout:Apr 23 18:17:11 smithi033 ceph-mon[29274]: from='mgr.14120 172.21.15.33:0/3560161992' entity='mgr.x'
2024-04-23T18:17:12.824 INFO:journalctl@ceph.mon.a.smithi033.stdout:Apr 23 18:17:12 smithi033 ceph-mon[29274]: from='mgr.14120 172.21.15.33:0/3560161992' entity='mgr.x'
2024-04-23T18:17:12.824 INFO:journalctl@ceph.mon.a.smithi033.stdout:Apr 23 18:17:12 smithi033 ceph-mon[29274]: from='mgr.14120 172.21.15.33:0/3560161992' entity='mgr.x'
2024-04-23T18:17:12.824 INFO:journalctl@ceph.mon.a.smithi033.stdout:Apr 23 18:17:12 smithi033 ceph-mon[29274]: from='client.14144 -' entity='client.admin' cmd=[{"prefix": "orch apply", "service_type": "mgr", "unmanaged": true, "target": ["mon-mgr", ""]}]: dispatch
2024-04-23T18:17:12.824 INFO:journalctl@ceph.mon.a.smithi033.stdout:Apr 23 18:17:12 smithi033 ceph-mon[29274]: Saving service mgr spec with placement count:2
2024-04-23T18:17:12.825 INFO:journalctl@ceph.mon.a.smithi033.stdout:Apr 23 18:17:12 smithi033 ceph-mon[29274]: from='mgr.14120 172.21.15.33:0/3560161992' entity='mgr.x'
2024-04-23T18:17:12.832 INFO:teuthology.orchestra.run.smithi033.stdout:/usr/bin/ceph: stdout Scheduled mgr update...
2024-04-23T18:17:12.832 INFO:teuthology.orchestra.run.smithi033.stdout:/usr/bin/ceph: stderr
2024-04-23T18:17:12.005+0000 7fcbdbcfd700 1 Processor -- start
2024-04-23T18:17:12.832 INFO:teuthology.orchestra.run.smithi033.stdout:/usr/bin/ceph: stderr
2024-04-23T18:17:12.005+0000 7fcbdbcfd700 1 -- start start
2024-04-23T18:17:12.832 INFO:teuthology.orchestra.run.smithi033.stdout:/usr/bin/ceph: stderr
2024-04-23T18:17:12.005+0000 7fcbdbcfd700 1 --2- >> [v2:172.21.15.33:3300/0,v1:172.21.15.33:6789/0] conn(0x7fcbd4108540 0x7fcbd4108960 unknown :-1 s=NONE pgs=0 cs=0 l=0 rev1=0 crypto rx=0 tx=0 comp rx=0 tx=0).connect
2024-04-23T18:17:12.832 INFO:teuthology.orchestra.run.smithi033.stdout:/usr/bin/ceph: stderr
2024-04-23T18:17:12.005+0000 7fcbdbcfd700 1 -- --> [v2:172.21.15.33:3300/0,v1:172.21.15.33:6789/0] -- mon_getmap magic: 0 -- 0x7fcbd4108f30 con 0x7fcbd4108540
2024-04-23T18:17:12.832 INFO:teuthology.orchestra.run.smithi033.stdout:/usr/bin/ceph: stderr
2024-04-23T18:17:12.005+0000 7fcbd9a99700 1 --2- >> [v2:172.21.15.33:3300/0,v1:172.21.15.33:6789/0] conn(0x7fcbd4108540 0x7fcbd4108960 unknown :-1 s=BANNER_CONNECTING pgs=0 cs=0 l=0 rev1=0 crypto rx=0 tx=0 comp rx=0 tx=0)._handle_peer_banner_payload supported=3 required=0
2024-04-23T18:17:12.832 INFO:teuthology.orchestra.run.smithi033.stdout:/usr/bin/ceph: stderr
2024-04-23T18:17:12.005+0000 7fcbd9a99700 1 --2- >> [v2:172.21.15.33:3300/0,v1:172.21.15.33:6789/0] conn(0x7fcbd4108540 0x7fcbd4108960 unknown :-1 s=HELLO_CONNECTING pgs=0 cs=0 l=0 rev1=1 crypto rx=0 tx=0 comp rx=0 tx=0).handle_hello peer v2:172.21.15.33:3300/0 says I am v2:172.21.15.33:50350/0 (socket says 172.21.15.33:50350)
2024-04-23T18:17:12.832 INFO:teuthology.orchestra.run.smithi033.stdout:/usr/bin/ceph: stderr
2024-04-23T18:17:12.005+0000 7fcbd9a99700 1 -- 172.21.15.33:0/2933151238 learned_addr learned my addr 172.21.15.33:0/2933151238 (peer_addr_for_me v2:172.21.15.33:0/0)
2024-04-23T18:17:12.832 INFO:teuthology.orchestra.run.smithi033.stdout:/usr/bin/ceph: stderr
2024-04-23T18:17:12.006+0000 7fcbd9a99700 1 -- 172.21.15.33:0/2933151238 --> [v2:172.21.15.33:3300/0,v1:172.21.15.33:6789/0] -- mon_subscribe({config=0+,monmap=0+}) -- 0x7fcbd41096f0 con 0x7fcbd4108540
2024-04-23T18:17:12.832 INFO:teuthology.orchestra.run.smithi033.stdout:/usr/bin/ceph: stderr
2024-04-23T18:17:12.006+0000 7fcbd9a99700 1 --2- 172.21.15.33:0/2933151238 >> [v2:172.21.15.33:3300/0,v1:172.21.15.33:6789/0] conn(0x7fcbd4108540 0x7fcbd4108960 secure :-1 s=READY pgs=49 cs=0 l=1 rev1=1 crypto rx=0x7fcbd00098a0 tx=0x7fcbd0009bb0 comp rx=0 tx=0).ready entity=mon.0 client_cookie=60d60e1f871bdf2e server_cookie=0 in_seq=0 out_seq=0
2024-04-23T18:17:12.833 INFO:teuthology.orchestra.run.smithi033.stdout:/usr/bin/ceph: stderr
2024-04-23T18:17:12.006+0000 7fcbd8a97700 1 -- 172.21.15.33:0/2933151238 <== mon.0 v2:172.21.15.33:3300/0 1 ==== mon_map magic: 0 ==== 205+0+0 (secure 0 0 0) 0x7fcbd0004160 con 0x7fcbd4108540
2024-04-23T18:17:12.833 INFO:teuthology.orchestra.run.smithi033.stdout:/usr/bin/ceph: stderr
2024-04-23T18:17:12.006+0000 7fcbd8a97700 1 -- 172.21.15.33:0/2933151238 <== mon.0 v2:172.21.15.33:3300/0 2 ==== config(26 keys) ==== 1101+0+0 (secure 0 0 0) 0x7fcbd0004300 con 0x7fcbd4108540
2024-04-23T18:17:12.833 INFO:teuthology.orchestra.run.smithi033.stdout:/usr/bin/ceph: stderr
2024-04-23T18:17:12.006+0000 7fcbd8a97700 1 -- 172.21.15.33:0/2933151238 <== mon.0 v2:172.21.15.33:3300/0 3 ==== mon_map magic: 0 ==== 205+0+0 (secure 0 0 0) 0x7fcbd0011a20 con 0x7fcbd4108540
2024-04-23T18:17:12.833 INFO:teuthology.orchestra.run.smithi033.stdout:/usr/bin/ceph: stderr
2024-04-23T18:17:12.007+0000 7fcbdbcfd700 1 -- 172.21.15.33:0/2933151238 >> [v2:172.21.15.33:3300/0,v1:172.21.15.33:6789/0] conn(0x7fcbd4108540 msgr2=0x7fcbd4108960 secure :-1 s=STATE_CONNECTION_ESTABLISHED l=1).mark_down
2024-04-23T18:17:12.833 INFO:teuthology.orchestra.run.smithi033.stdout:/usr/bin/ceph: stderr
2024-04-23T18:17:12.007+0000 7fcbdbcfd700 1 --2- 172.21.15.33:0/2933151238 >> [v2:172.21.15.33:3300/0,v1:172.21.15.33:6789/0] conn(0x7fcbd4108540 0x7fcbd4108960 secure :-1 s=READY pgs=49 cs=0 l=1 rev1=1 crypto rx=0x7fcbd00098a0 tx=0x7fcbd0009bb0 comp rx=0 tx=0).stop
2024-04-23T18:17:12.833 INFO:teuthology.orchestra.run.smithi033.stdout:/usr/bin/ceph: stderr
2024-04-23T18:17:12.007+0000 7fcbdbcfd700 1 -- 172.21.15.33:0/2933151238 shutdown_connections
2024-04-23T18:17:12.833 INFO:teuthology.orchestra.run.smithi033.stdout:/usr/bin/ceph: stderr
2024-04-23T18:17:12.007+0000 7fcbdbcfd700 1 --2- 172.21.15.33:0/2933151238 >> [v2:172.21.15.33:3300/0,v1:172.21.15.33:6789/0] conn(0x7fcbd4108540 0x7fcbd4108960 unknown :-1 s=CLOSED pgs=49 cs=0 l=1 rev1=1 crypto rx=0 tx=0 comp rx=0 tx=0).stop
2024-04-23T18:17:12.833 INFO:teuthology.orchestra.run.smithi033.stdout:/usr/bin/ceph: stderr
2024-04-23T18:17:12.007+0000 7fcbdbcfd700 1 -- 172.21.15.33:0/2933151238 >> 172.21.15.33:0/2933151238 conn(0x7fcbd4103ba0 msgr2=0x7fcbd4105fc0 unknown :-1 s=STATE_NONE l=0).mark_down
2024-04-23T18:17:12.833 INFO:teuthology.orchestra.run.smithi033.stdout:/usr/bin/ceph: stderr
2024-04-23T18:17:12.007+0000 7fcbdbcfd700 1 -- 172.21.15.33:0/2933151238 shutdown_connections
2024-04-23T18:17:12.833 INFO:teuthology.orchestra.run.smithi033.stdout:/usr/bin/ceph: stderr
2024-04-23T18:17:12.007+0000 7fcbdbcfd700 1 -- 172.21.15.33:0/2933151238 wait complete.
2024-04-23T18:17:12.833 INFO:teuthology.orchestra.run.smithi033.stdout:/usr/bin/ceph: stderr
2024-04-23T18:17:12.007+0000 7fcbdbcfd700 1 Processor -- start
2024-04-23T18:17:12.833 INFO:teuthology.orchestra.run.smithi033.stdout:/usr/bin/ceph: stderr
2024-04-23T18:17:12.008+0000 7fcbdbcfd700 1 -- start start
2024-04-23T18:17:12.833 INFO:teuthology.orchestra.run.smithi033.stdout:/usr/bin/ceph: stderr
2024-04-23T18:17:12.008+0000 7fcbdbcfd700 1 --2- >> [v2:172.21.15.33:3300/0,v1:172.21.15.33:6789/0] conn(0x7fcbd4108540 0x7fcbd419e5f0 unknown :-1 s=NONE pgs=0 cs=0 l=1 rev1=0 crypto rx=0 tx=0 comp rx=0 tx=0).connect
2024-04-23T18:17:12.833 INFO:teuthology.orchestra.run.smithi033.stdout:/usr/bin/ceph: stderr
2024-04-23T18:17:12.008+0000 7fcbdbcfd700 1 -- --> [v2:172.21.15.33:3300/0,v1:172.21.15.33:6789/0] -- mon_getmap magic: 0 -- 0x7fcbd410caa0 con 0x7fcbd4108540
2024-04-23T18:17:12.833 INFO:teuthology.orchestra.run.smithi033.stdout:/usr/bin/ceph: stderr
2024-04-23T18:17:12.008+0000 7fcbd9a99700 1 --2- >> [v2:172.21.15.33:3300/0,v1:172.21.15.33:6789/0] conn(0x7fcbd4108540 0x7fcbd419e5f0 unknown :-1 s=BANNER_CONNECTING pgs=0 cs=0 l=1 rev1=0 crypto rx=0 tx=0 comp rx=0 tx=0)._handle_peer_banner_payload supported=3 required=0
2024-04-23T18:17:12.834 INFO:teuthology.orchestra.run.smithi033.stdout:/usr/bin/ceph: stderr
2024-04-23T18:17:12.008+0000 7fcbd9a99700 1 --2- >> [v2:172.21.15.33:3300/0,v1:172.21.15.33:6789/0] conn(0x7fcbd4108540 0x7fcbd419e5f0 unknown :-1 s=HELLO_CONNECTING pgs=0 cs=0 l=1 rev1=1 crypto rx=0 tx=0 comp rx=0 tx=0).handle_hello peer v2:172.21.15.33:3300/0 says I am v2:172.21.15.33:50360/0 (socket says 172.21.15.33:50360)
2024-04-23T18:17:12.834 INFO:teuthology.orchestra.run.smithi033.stdout:/usr/bin/ceph: stderr
2024-04-23T18:17:12.008+0000 7fcbd9a99700 1 -- 172.21.15.33:0/1984472558 learned_addr learned my addr 172.21.15.33:0/1984472558 (peer_addr_for_me v2:172.21.15.33:0/0)
2024-04-23T18:17:12.834 INFO:teuthology.orchestra.run.smithi033.stdout:/usr/bin/ceph: stderr
2024-04-23T18:17:12.008+0000 7fcbd9a99700 1 -- 172.21.15.33:0/1984472558 --> [v2:172.21.15.33:3300/0,v1:172.21.15.33:6789/0] -- mon_subscribe({config=0+,monmap=0+}) -- 0x7fcbd419eb30 con 0x7fcbd4108540
2024-04-23T18:17:12.834 INFO:teuthology.orchestra.run.smithi033.stdout:/usr/bin/ceph: stderr
2024-04-23T18:17:12.008+0000 7fcbd9a99700 1 --2- 172.21.15.33:0/1984472558 >> [v2:172.21.15.33:3300/0,v1:172.21.15.33:6789/0] conn(0x7fcbd4108540 0x7fcbd419e5f0 secure :-1 s=READY pgs=50 cs=0 l=1 rev1=1 crypto rx=0x7fcbd00119f0 tx=0x7fcbd0011ad0 comp rx=0 tx=0).ready entity=mon.0 client_cookie=0 server_cookie=0 in_seq=0 out_seq=0
2024-04-23T18:17:12.834 INFO:teuthology.orchestra.run.smithi033.stdout:/usr/bin/ceph: stderr
2024-04-23T18:17:12.008+0000 7fcbcaffd700 1 -- 172.21.15.33:0/1984472558 <== mon.0 v2:172.21.15.33:3300/0 1 ==== mon_map magic: 0 ==== 205+0+0 (secure 0 0 0) 0x7fcbd00039e0 con 0x7fcbd4108540
2024-04-23T18:17:12.834 INFO:teuthology.orchestra.run.smithi033.stdout:/usr/bin/ceph: stderr
2024-04-23T18:17:12.008+0000 7fcbcaffd700 1 -- 172.21.15.33:0/1984472558 <== mon.0 v2:172.21.15.33:3300/0 2 ==== config(26 keys) ==== 1101+0+0 (secure 0 0 0) 0x7fcbd001b8f0 con 0x7fcbd4108540
2024-04-23T18:17:12.834 INFO:teuthology.orchestra.run.smithi033.stdout:/usr/bin/ceph: stderr
2024-04-23T18:17:12.008+0000 7fcbcaffd700 1 -- 172.21.15.33:0/1984472558 <== mon.0 v2:172.21.15.33:3300/0 3 ==== mon_map magic: 0 ==== 205+0+0 (secure 0 0 0) 0x7fcbd00237a0 con 0x7fcbd4108540
2024-04-23T18:17:12.834 INFO:teuthology.orchestra.run.smithi033.stdout:/usr/bin/ceph: stderr
2024-04-23T18:17:12.008+0000 7fcbdbcfd700 1 -- 172.21.15.33:0/1984472558 --> [v2:172.21.15.33:3300/0,v1:172.21.15.33:6789/0] -- mon_subscribe({mgrmap=0+}) -- 0x7fcbd419edc0 con 0x7fcbd4108540
2024-04-23T18:17:12.834 INFO:teuthology.orchestra.run.smithi033.stdout:/usr/bin/ceph: stderr
2024-04-23T18:17:12.009+0000 7fcbdbcfd700 1 -- 172.21.15.33:0/1984472558 --> [v2:172.21.15.33:3300/0,v1:172.21.15.33:6789/0] -- mon_subscribe({osdmap=0}) -- 0x7fcbd41a1ab0 con 0x7fcbd4108540
2024-04-23T18:17:12.834 INFO:teuthology.orchestra.run.smithi033.stdout:/usr/bin/ceph: stderr
2024-04-23T18:17:12.009+0000 7fcbcaffd700 1 -- 172.21.15.33:0/1984472558 <== mon.0 v2:172.21.15.33:3300/0 4 ==== mgrmap(e 8) ==== 46558+0+0 (secure 0 0 0) 0x7fcbd001b440 con 0x7fcbd4108540
2024-04-23T18:17:12.834 INFO:teuthology.orchestra.run.smithi033.stdout:/usr/bin/ceph: stderr
2024-04-23T18:17:12.010+0000 7fcbdbcfd700 1 -- 172.21.15.33:0/1984472558 --> [v2:172.21.15.33:3300/0,v1:172.21.15.33:6789/0] -- mon_command({"prefix": "get_command_descriptions"} v 0) -- 0x7fcbd410cc20 con 0x7fcbd4108540
2024-04-23T18:17:12.834 INFO:teuthology.orchestra.run.smithi033.stdout:/usr/bin/ceph: stderr
2024-04-23T18:17:12.010+0000 7fcbcaffd700 1 --2- 172.21.15.33:0/1984472558 >> [v2:172.21.15.33:6800/4245296611,v1:172.21.15.33:6801/4245296611] conn(0x7fcbc0039560 0x7fcbc003ba20 unknown :-1 s=NONE pgs=0 cs=0 l=1 rev1=0 crypto rx=0 tx=0 comp rx=0 tx=0).connect
2024-04-23T18:17:12.834 INFO:teuthology.orchestra.run.smithi033.stdout:/usr/bin/ceph: stderr
2024-04-23T18:17:12.010+0000 7fcbcaffd700 1 -- 172.21.15.33:0/1984472558 <== mon.0 v2:172.21.15.33:3300/0 5 ==== osd_map(2..2 src has 1..2) ==== 940+0+0 (secure 0 0 0) 0x7fcbd004df50 con 0x7fcbd4108540
2024-04-23T18:17:12.834 INFO:teuthology.orchestra.run.smithi033.stdout:/usr/bin/ceph: stderr
2024-04-23T18:17:12.010+0000 7fcbd9298700 1 --2- 172.21.15.33:0/1984472558 >> [v2:172.21.15.33:6800/4245296611,v1:172.21.15.33:6801/4245296611] conn(0x7fcbc0039560 0x7fcbc003ba20 unknown :-1 s=BANNER_CONNECTING pgs=0 cs=0 l=1 rev1=0 crypto rx=0 tx=0 comp rx=0 tx=0)._handle_peer_banner_payload supported=3 required=0
2024-04-23T18:17:12.835 INFO:teuthology.orchestra.run.smithi033.stdout:/usr/bin/ceph: stderr
2024-04-23T18:17:12.010+0000 7fcbd9298700 1 --2- 172.21.15.33:0/1984472558 >> [v2:172.21.15.33:6800/4245296611,v1:172.21.15.33:6801/4245296611] conn(0x7fcbc0039560 0x7fcbc003ba20 secure :-1 s=READY pgs=13 cs=0 l=1 rev1=1 crypto rx=0x7fcbc4006fd0 tx=0x7fcbc4006e40 comp rx=0 tx=0).ready entity=mgr.14120 client_cookie=0 server_cookie=0 in_seq=0 out_seq=0
2024-04-23T18:17:12.835 INFO:teuthology.orchestra.run.smithi033.stdout:/usr/bin/ceph: stderr
2024-04-23T18:17:12.015+0000 7fcbcaffd700 1 -- 172.21.15.33:0/1984472558 <== mon.0 v2:172.21.15.33:3300/0 6 ==== mon_command_ack([{"prefix": "get_command_descriptions"}]=0 v0) ==== 72+0+188370 (secure 0 0 0) 0x7fcbd001f030 con 0x7fcbd4108540
2024-04-23T18:17:12.835 INFO:teuthology.orchestra.run.smithi033.stdout:/usr/bin/ceph: stderr
2024-04-23T18:17:12.264+0000 7fcbdbcfd700 1 -- 172.21.15.33:0/1984472558 --> [v2:172.21.15.33:6800/4245296611,v1:172.21.15.33:6801/4245296611] -- mgr_command(tid 0: {"prefix": "orch apply", "service_type": "mgr", "unmanaged": true, "target": ["mon-mgr", ""]}) -- 0x7fcbd4104d50 con 0x7fcbc0039560
2024-04-23T18:17:12.835 INFO:teuthology.orchestra.run.smithi033.stdout:/usr/bin/ceph: stderr
2024-04-23T18:17:12.271+0000 7fcbcaffd700 1 -- 172.21.15.33:0/1984472558 <== mgr.14120 v2:172.21.15.33:6800/4245296611 1 ==== mgr_command_reply(tid 0: 0 ) ==== 8+0+24 (secure 0 0 0) 0x7fcbd4104d50 con 0x7fcbc0039560
2024-04-23T18:17:12.835 INFO:teuthology.orchestra.run.smithi033.stdout:/usr/bin/ceph: stderr
2024-04-23T18:17:12.275+0000 7fcbdbcfd700 1 -- 172.21.15.33:0/1984472558 >> [v2:172.21.15.33:6800/4245296611,v1:172.21.15.33:6801/4245296611] conn(0x7fcbc0039560 msgr2=0x7fcbc003ba20 secure :-1 s=STATE_CONNECTION_ESTABLISHED l=1).mark_down
2024-04-23T18:17:12.835 INFO:teuthology.orchestra.run.smithi033.stdout:/usr/bin/ceph: stderr
2024-04-23T18:17:12.275+0000 7fcbdbcfd700 1 --2- 172.21.15.33:0/1984472558 >> [v2:172.21.15.33:6800/4245296611,v1:172.21.15.33:6801/4245296611] conn(0x7fcbc0039560 0x7fcbc003ba20 secure :-1 s=READY pgs=13 cs=0 l=1 rev1=1 crypto rx=0x7fcbc4006fd0 tx=0x7fcbc4006e40 comp rx=0 tx=0).stop
2024-04-23T18:17:12.835 INFO:teuthology.orchestra.run.smithi033.stdout:/usr/bin/ceph: stderr
2024-04-23T18:17:12.275+0000 7fcbdbcfd700 1 -- 172.21.15.33:0/1984472558 >> [v2:172.21.15.33:3300/0,v1:172.21.15.33:6789/0] conn(0x7fcbd4108540 msgr2=0x7fcbd419e5f0 secure :-1 s=STATE_CONNECTION_ESTABLISHED l=1).mark_down
2024-04-23T18:17:12.835 INFO:teuthology.orchestra.run.smithi033.stdout:/usr/bin/ceph: stderr
2024-04-23T18:17:12.275+0000 7fcbdbcfd700 1 --2- 172.21.15.33:0/1984472558 >> [v2:172.21.15.33:3300/0,v1:172.21.15.33:6789/0] conn(0x7fcbd4108540 0x7fcbd419e5f0 secure :-1 s=READY pgs=50 cs=0 l=1 rev1=1 crypto rx=0x7fcbd00119f0 tx=0x7fcbd0011ad0 comp rx=0 tx=0).stop
2024-04-23T18:17:12.835 INFO:teuthology.orchestra.run.smithi033.stdout:/usr/bin/ceph: stderr
2024-04-23T18:17:12.275+0000 7fcbdbcfd700 1 -- 172.21.15.33:0/1984472558 shutdown_connections
2024-04-23T18:17:12.835 INFO:teuthology.orchestra.run.smithi033.stdout:/usr/bin/ceph: stderr
2024-04-23T18:17:12.275+0000 7fcbdbcfd700 1 --2- 172.21.15.33:0/1984472558 >> [v2:172.21.15.33:6800/4245296611,v1:172.21.15.33:6801/4245296611] conn(0x7fcbc0039560 0x7fcbc003ba20 unknown :-1 s=CLOSED pgs=13 cs=0 l=1 rev1=1 crypto rx=0 tx=0 comp rx=0 tx=0).stop
2024-04-23T18:17:12.835 INFO:teuthology.orchestra.run.smithi033.stdout:/usr/bin/ceph: stderr
2024-04-23T18:17:12.275+0000 7fcbdbcfd700 1 --2- 172.21.15.33:0/1984472558 >> [v2:172.21.15.33:3300/0,v1:172.21.15.33:6789/0] conn(0x7fcbd4108540 0x7fcbd419e5f0 unknown :-1 s=CLOSED pgs=50 cs=0 l=1 rev1=1 crypto rx=0 tx=0 comp rx=0 tx=0).stop
2024-04-23T18:17:12.835 INFO:teuthology.orchestra.run.smithi033.stdout:/usr/bin/ceph: stderr
2024-04-23T18:17:12.275+0000 7fcbdbcfd700 1 -- 172.21.15.33:0/1984472558 >> 172.21.15.33:0/1984472558 conn(0x7fcbd4103ba0 msgr2=0x7fcbd4104640 unknown :-1 s=STATE_NONE l=0).mark_down
2024-04-23T18:17:12.835 INFO:teuthology.orchestra.run.smithi033.stdout:/usr/bin/ceph: stderr
2024-04-23T18:17:12.275+0000 7fcbdbcfd700 1 -- 172.21.15.33:0/1984472558 shutdown_connections
2024-04-23T18:17:12.835 INFO:teuthology.orchestra.run.smithi033.stdout:/usr/bin/ceph: stderr
2024-04-23T18:17:12.275+0000 7fcbdbcfd700 1 -- 172.21.15.33:0/1984472558 wait complete.
2024-04-23T18:17:14.207 INFO:teuthology.orchestra.run.smithi033.stdout:/usr/bin/ceph: stderr
2024-04-23T18:17:13.272+0000 7f527332c700 1 Processor -- start
2024-04-23T18:17:14.208 INFO:teuthology.orchestra.run.smithi033.stdout:/usr/bin/ceph: stderr
2024-04-23T18:17:13.272+0000 7f527332c700 1 -- start start
2024-04-23T18:17:14.208 INFO:teuthology.orchestra.run.smithi033.stdout:/usr/bin/ceph: stderr
2024-04-23T18:17:13.272+0000 7f527332c700 1 --2- >> [v2:172.21.15.33:3300/0,v1:172.21.15.33:6789/0] conn(0x7f526c107390 0x7f526c1077b0 unknown :-1 s=NONE pgs=0 cs=0 l=0 rev1=0 crypto rx=0 tx=0 comp rx=0 tx=0).connect
2024-04-23T18:17:14.208 INFO:teuthology.orchestra.run.smithi033.stdout:/usr/bin/ceph: stderr
2024-04-23T18:17:13.272+0000 7f527332c700 1 -- --> [v2:172.21.15.33:3300/0,v1:172.21.15.33:6789/0] -- mon_getmap magic: 0 -- 0x7f526c107d80 con 0x7f526c107390
2024-04-23T18:17:14.208 INFO:teuthology.orchestra.run.smithi033.stdout:/usr/bin/ceph: stderr
2024-04-23T18:17:13.272+0000 7f52710c8700 1 --2- >> [v2:172.21.15.33:3300/0,v1:172.21.15.33:6789/0] conn(0x7f526c107390 0x7f526c1077b0 unknown :-1 s=BANNER_CONNECTING pgs=0 cs=0 l=0 rev1=0 crypto rx=0 tx=0 comp rx=0 tx=0)._handle_peer_banner_payload supported=3 required=0
2024-04-23T18:17:14.208 INFO:teuthology.orchestra.run.smithi033.stdout:/usr/bin/ceph: stderr
2024-04-23T18:17:13.273+0000 7f52710c8700 1 --2- >> [v2:172.21.15.33:3300/0,v1:172.21.15.33:6789/0] conn(0x7f526c107390 0x7f526c1077b0 unknown :-1 s=HELLO_CONNECTING pgs=0 cs=0 l=0 rev1=1 crypto rx=0 tx=0 comp rx=0 tx=0).handle_hello peer v2:172.21.15.33:3300/0 says I am v2:172.21.15.33:50364/0 (socket says 172.21.15.33:50364)
2024-04-23T18:17:14.208 INFO:teuthology.orchestra.run.smithi033.stdout:/usr/bin/ceph: stderr
2024-04-23T18:17:13.273+0000 7f52710c8700 1 -- 172.21.15.33:0/1817234921 learned_addr learned my addr 172.21.15.33:0/1817234921 (peer_addr_for_me v2:172.21.15.33:0/0)
2024-04-23T18:17:14.208 INFO:teuthology.orchestra.run.smithi033.stdout:/usr/bin/ceph: stderr
2024-04-23T18:17:13.273+0000 7f52710c8700 1 -- 172.21.15.33:0/1817234921 --> [v2:172.21.15.33:3300/0,v1:172.21.15.33:6789/0] -- mon_subscribe({config=0+,monmap=0+}) -- 0x7f526c108590 con 0x7f526c107390
2024-04-23T18:17:14.208 INFO:teuthology.orchestra.run.smithi033.stdout:/usr/bin/ceph: stderr
2024-04-23T18:17:13.273+0000 7f52710c8700 1 --2- 172.21.15.33:0/1817234921 >> [v2:172.21.15.33:3300/0,v1:172.21.15.33:6789/0] conn(0x7f526c107390 0x7f526c1077b0 secure :-1 s=READY pgs=51 cs=0 l=1 rev1=1 crypto rx=0x7f52680098a0 tx=0x7f5268009bb0 comp rx=0 tx=0).ready entity=mon.0 client_cookie=c82bf08858cc7d20 server_cookie=0 in_seq=0 out_seq=0
2024-04-23T18:17:14.208 INFO:teuthology.orchestra.run.smithi033.stdout:/usr/bin/ceph: stderr
2024-04-23T18:17:13.273+0000 7f5263fff700 1 -- 172.21.15.33:0/1817234921 <== mon.0 v2:172.21.15.33:3300/0 1 ==== mon_map magic: 0 ==== 205+0+0 (secure 0 0 0) 0x7f5268004160 con 0x7f526c107390
2024-04-23T18:17:14.208 INFO:teuthology.orchestra.run.smithi033.stdout:/usr/bin/ceph: stderr
2024-04-23T18:17:13.273+0000 7f5263fff700 1 -- 172.21.15.33:0/1817234921 <== mon.0 v2:172.21.15.33:3300/0 2 ==== config(26 keys) ==== 1101+0+0 (secure 0 0 0) 0x7f5268004300 con 0x7f526c107390
2024-04-23T18:17:14.208 INFO:teuthology.orchestra.run.smithi033.stdout:/usr/bin/ceph: stderr
2024-04-23T18:17:13.273+0000 7f5263fff700 1 -- 172.21.15.33:0/1817234921 <== mon.0 v2:172.21.15.33:3300/0 3 ==== mon_map magic: 0 ==== 205+0+0 (secure 0 0 0) 0x7f5268011a20 con 0x7f526c107390
2024-04-23T18:17:14.208 INFO:teuthology.orchestra.run.smithi033.stdout:/usr/bin/ceph: stderr
2024-04-23T18:17:13.274+0000 7f527332c700 1 -- 172.21.15.33:0/1817234921 >> [v2:172.21.15.33:3300/0,v1:172.21.15.33:6789/0] conn(0x7f526c107390 msgr2=0x7f526c1077b0 secure :-1 s=STATE_CONNECTION_ESTABLISHED l=1).mark_down
2024-04-23T18:17:14.208 INFO:teuthology.orchestra.run.smithi033.stdout:/usr/bin/ceph: stderr
2024-04-23T18:17:13.274+0000 7f527332c700 1 --2- 172.21.15.33:0/1817234921 >> [v2:172.21.15.33:3300/0,v1:172.21.15.33:6789/0] conn(0x7f526c107390 0x7f526c1077b0 secure :-1 s=READY pgs=51 cs=0 l=1 rev1=1 crypto rx=0x7f52680098a0 tx=0x7f5268009bb0 comp rx=0 tx=0).stop
2024-04-23T18:17:14.209 INFO:teuthology.orchestra.run.smithi033.stdout:/usr/bin/ceph: stderr
2024-04-23T18:17:13.274+0000 7f527332c700 1 -- 172.21.15.33:0/1817234921 shutdown_connections
2024-04-23T18:17:14.209 INFO:teuthology.orchestra.run.smithi033.stdout:/usr/bin/ceph: stderr
2024-04-23T18:17:13.274+0000 7f527332c700 1 --2- 172.21.15.33:0/1817234921 >> [v2:172.21.15.33:3300/0,v1:172.21.15.33:6789/0] conn(0x7f526c107390 0x7f526c1077b0 unknown :-1 s=CLOSED pgs=51 cs=0 l=1 rev1=1 crypto rx=0 tx=0 comp rx=0 tx=0).stop
2024-04-23T18:17:14.209 INFO:teuthology.orchestra.run.smithi033.stdout:/usr/bin/ceph: stderr
2024-04-23T18:17:13.274+0000 7f527332c700 1 -- 172.21.15.33:0/1817234921 >> 172.21.15.33:0/1817234921 conn(0x7f526c1029b0 msgr2=0x7f526c104dd0 unknown :-1 s=STATE_NONE l=0).mark_down
2024-04-23T18:17:14.209 INFO:teuthology.orchestra.run.smithi033.stdout:/usr/bin/ceph: stderr
2024-04-23T18:17:13.274+0000 7f527332c700 1 -- 172.21.15.33:0/1817234921 shutdown_connections
2024-04-23T18:17:14.209 INFO:teuthology.orchestra.run.smithi033.stdout:/usr/bin/ceph: stderr
2024-04-23T18:17:13.274+0000 7f527332c700 1 -- 172.21.15.33:0/1817234921 wait complete.
2024-04-23T18:17:14.209 INFO:teuthology.orchestra.run.smithi033.stdout:/usr/bin/ceph: stderr
2024-04-23T18:17:13.275+0000 7f527332c700 1 Processor -- start
2024-04-23T18:17:14.209 INFO:teuthology.orchestra.run.smithi033.stdout:/usr/bin/ceph: stderr
2024-04-23T18:17:13.275+0000 7f527332c700 1 -- start start
2024-04-23T18:17:14.209 INFO:teuthology.orchestra.run.smithi033.stdout:/usr/bin/ceph: stderr
2024-04-23T18:17:13.275+0000 7f527332c700 1 --2- >> [v2:172.21.15.33:3300/0,v1:172.21.15.33:6789/0] conn(0x7f526c107390 0x7f526c19a210 unknown :-1 s=NONE pgs=0 cs=0 l=1 rev1=0 crypto rx=0 tx=0 comp rx=0 tx=0).connect
2024-04-23T18:17:14.209 INFO:teuthology.orchestra.run.smithi033.stdout:/usr/bin/ceph: stderr
2024-04-23T18:17:13.275+0000 7f527332c700 1 -- --> [v2:172.21.15.33:3300/0,v1:172.21.15.33:6789/0] -- mon_getmap magic: 0 -- 0x7f526c07afe0 con 0x7f526c107390
2024-04-23T18:17:14.209 INFO:teuthology.orchestra.run.smithi033.stdout:/usr/bin/ceph: stderr
2024-04-23T18:17:13.275+0000 7f52710c8700 1 --2- >> [v2:172.21.15.33:3300/0,v1:172.21.15.33:6789/0] conn(0x7f526c107390 0x7f526c19a210 unknown :-1 s=BANNER_CONNECTING pgs=0 cs=0 l=1 rev1=0 crypto rx=0 tx=0 comp rx=0 tx=0)._handle_peer_banner_payload supported=3 required=0
2024-04-23T18:17:14.209 INFO:teuthology.orchestra.run.smithi033.stdout:/usr/bin/ceph: stderr
2024-04-23T18:17:13.275+0000 7f52710c8700 1 --2- >> [v2:172.21.15.33:3300/0,v1:172.21.15.33:6789/0] conn(0x7f526c107390 0x7f526c19a210 unknown :-1 s=HELLO_CONNECTING pgs=0 cs=0 l=1 rev1=1 crypto rx=0 tx=0 comp rx=0 tx=0).handle_hello peer v2:172.21.15.33:3300/0 says I am v2:172.21.15.33:50378/0 (socket says 172.21.15.33:50378)
2024-04-23T18:17:14.209 INFO:teuthology.orchestra.run.smithi033.stdout:/usr/bin/ceph: stderr
2024-04-23T18:17:13.275+0000 7f52710c8700 1 -- 172.21.15.33:0/282072529 learned_addr learned my addr 172.21.15.33:0/282072529 (peer_addr_for_me v2:172.21.15.33:0/0)
2024-04-23T18:17:14.209 INFO:teuthology.orchestra.run.smithi033.stdout:/usr/bin/ceph: stderr
2024-04-23T18:17:13.276+0000 7f52710c8700 1 -- 172.21.15.33:0/282072529 --> [v2:172.21.15.33:3300/0,v1:172.21.15.33:6789/0] -- mon_subscribe({config=0+,monmap=0+}) -- 0x7f526c19a750 con 0x7f526c107390
2024-04-23T18:17:14.210 INFO:teuthology.orchestra.run.smithi033.stdout:/usr/bin/ceph: stderr
2024-04-23T18:17:13.276+0000 7f52710c8700 1 --2- 172.21.15.33:0/282072529 >> [v2:172.21.15.33:3300/0,v1:172.21.15.33:6789/0] conn(0x7f526c107390 0x7f526c19a210 secure :-1 s=READY pgs=52 cs=0 l=1 rev1=1 crypto rx=0x7f52680119f0 tx=0x7f5268011ad0 comp rx=0 tx=0).ready entity=mon.0 client_cookie=0 server_cookie=0 in_seq=0 out_seq=0
2024-04-23T18:17:14.210 INFO:teuthology.orchestra.run.smithi033.stdout:/usr/bin/ceph: stderr
2024-04-23T18:17:13.276+0000 7f52627fc700 1 -- 172.21.15.33:0/282072529 <== mon.0 v2:172.21.15.33:3300/0 1 ==== mon_map magic: 0 ==== 205+0+0 (secure 0 0 0) 0x7f52680039e0 con 0x7f526c107390
2024-04-23T18:17:14.210 INFO:teuthology.orchestra.run.smithi033.stdout:/usr/bin/ceph: stderr
2024-04-23T18:17:13.276+0000 7f52627fc700 1 -- 172.21.15.33:0/282072529 <== mon.0 v2:172.21.15.33:3300/0 2 ==== config(26 keys) ==== 1101+0+0 (secure 0 0 0) 0x7f526801b8f0 con 0x7f526c107390
2024-04-23T18:17:14.210 INFO:teuthology.orchestra.run.smithi033.stdout:/usr/bin/ceph: stderr
2024-04-23T18:17:13.276+0000 7f527332c700 1 -- 172.21.15.33:0/282072529 --> [v2:172.21.15.33:3300/0,v1:172.21.15.33:6789/0] -- mon_subscribe({mgrmap=0+}) -- 0x7f526c19a9e0 con 0x7f526c107390
2024-04-23T18:17:14.210 INFO:teuthology.orchestra.run.smithi033.stdout:/usr/bin/ceph: stderr
2024-04-23T18:17:13.276+0000 7f52627fc700 1 -- 172.21.15.33:0/282072529 <== mon.0 v2:172.21.15.33:3300/0 3 ==== mon_map magic: 0 ==== 205+0+0 (secure 0 0 0) 0x7f52680237a0 con 0x7f526c107390
2024-04-23T18:17:14.210 INFO:teuthology.orchestra.run.smithi033.stdout:/usr/bin/ceph: stderr
2024-04-23T18:17:13.276+0000 7f527332c700 1 -- 172.21.15.33:0/282072529 --> [v2:172.21.15.33:3300/0,v1:172.21.15.33:6789/0] -- mon_subscribe({osdmap=0}) -- 0x7f526c19d6d0 con 0x7f526c107390
2024-04-23T18:17:14.210 INFO:teuthology.orchestra.run.smithi033.stdout:/usr/bin/ceph: stderr
2024-04-23T18:17:13.277+0000 7f52627fc700 1 -- 172.21.15.33:0/282072529 <== mon.0 v2:172.21.15.33:3300/0 4 ==== mgrmap(e 8) ==== 46558+0+0 (secure 0 0 0) 0x7f526802c3f0 con 0x7f526c107390
2024-04-23T18:17:14.210 INFO:teuthology.orchestra.run.smithi033.stdout:/usr/bin/ceph: stderr
2024-04-23T18:17:13.277+0000 7f527332c700 1 -- 172.21.15.33:0/282072529 --> [v2:172.21.15.33:3300/0,v1:172.21.15.33:6789/0] -- mon_command({"prefix": "get_command_descriptions"} v 0) -- 0x7f526c0640a0 con 0x7f526c107390
2024-04-23T18:17:14.210 INFO:teuthology.orchestra.run.smithi033.stdout:/usr/bin/ceph: stderr
2024-04-23T18:17:13.277+0000 7f52627fc700 1 --2- 172.21.15.33:0/282072529 >> [v2:172.21.15.33:6800/4245296611,v1:172.21.15.33:6801/4245296611] conn(0x7f525803b7e0 0x7f525803dca0 unknown :-1 s=NONE pgs=0 cs=0 l=1 rev1=0 crypto rx=0 tx=0 comp rx=0 tx=0).connect
2024-04-23T18:17:14.210 INFO:teuthology.orchestra.run.smithi033.stdout:/usr/bin/ceph: stderr
2024-04-23T18:17:13.277+0000 7f52627fc700 1 -- 172.21.15.33:0/282072529 <== mon.0 v2:172.21.15.33:3300/0 5 ==== osd_map(2..2 src has 1..2) ==== 940+0+0 (secure 0 0 0) 0x7f526804de70 con 0x7f526c107390
2024-04-23T18:17:14.210 INFO:teuthology.orchestra.run.smithi033.stdout:/usr/bin/ceph: stderr
2024-04-23T18:17:13.278+0000 7f52708c7700 1 --2- 172.21.15.33:0/282072529 >> [v2:172.21.15.33:6800/4245296611,v1:172.21.15.33:6801/4245296611] conn(0x7f525803b7e0 0x7f525803dca0 unknown :-1 s=BANNER_CONNECTING pgs=0 cs=0 l=1 rev1=0 crypto rx=0 tx=0 comp rx=0 tx=0)._handle_peer_banner_payload supported=3 required=0
2024-04-23T18:17:14.211 INFO:teuthology.orchestra.run.smithi033.stdout:/usr/bin/ceph: stderr
2024-04-23T18:17:13.278+0000 7f52708c7700 1 --2- 172.21.15.33:0/282072529 >> [v2:172.21.15.33:6800/4245296611,v1:172.21.15.33:6801/4245296611] conn(0x7f525803b7e0 0x7f525803dca0 secure :-1 s=READY pgs=14 cs=0 l=1 rev1=1 crypto rx=0x7f525c006fd0 tx=0x7f525c006e40 comp rx=0 tx=0).ready entity=mgr.14120 client_cookie=0 server_cookie=0 in_seq=0 out_seq=0
2024-04-23T18:17:14.211 INFO:teuthology.orchestra.run.smithi033.stdout:/usr/bin/ceph: stderr
2024-04-23T18:17:13.283+0000 7f52627fc700 1 -- 172.21.15.33:0/282072529 <== mon.0 v2:172.21.15.33:3300/0 6 ==== mon_command_ack([{"prefix": "get_command_descriptions"}]=0 v0) ==== 72+0+188370 (secure 0 0 0) 0x7f526801f030 con 0x7f526c107390
2024-04-23T18:17:14.211 INFO:teuthology.orchestra.run.smithi033.stdout:/usr/bin/ceph: stderr
2024-04-23T18:17:13.495+0000 7f527332c700 1 -- 172.21.15.33:0/282072529 --> [v2:172.21.15.33:3300/0,v1:172.21.15.33:6789/0] -- mon_command([{prefix=config set, name=mgr/cephadm/container_init}] v 0) -- 0x7f526c193770 con 0x7f526c107390
2024-04-23T18:17:14.211 INFO:teuthology.orchestra.run.smithi033.stdout:/usr/bin/ceph: stderr
2024-04-23T18:17:13.497+0000 7f52627fc700 1 -- 172.21.15.33:0/282072529 <== mon.0 v2:172.21.15.33:3300/0 7 ==== mon_command_ack([{prefix=config set, name=mgr/cephadm/container_init}]=0 v7)=0 v7) ==== 142+0+0 (secure 0 0 0) 0x7f526c193770 con 0x7f526c107390
2024-04-23T18:17:14.211 INFO:teuthology.orchestra.run.smithi033.stdout:/usr/bin/ceph: stderr
2024-04-23T18:17:13.500+0000 7f527332c700 1 -- 172.21.15.33:0/282072529 >> [v2:172.21.15.33:6800/4245296611,v1:172.21.15.33:6801/4245296611] conn(0x7f525803b7e0 msgr2=0x7f525803dca0 secure :-1 s=STATE_CONNECTION_ESTABLISHED l=1).mark_down
2024-04-23T18:17:14.211 INFO:teuthology.orchestra.run.smithi033.stdout:/usr/bin/ceph: stderr
2024-04-23T18:17:13.500+0000 7f527332c700 1 --2- 172.21.15.33:0/282072529 >> [v2:172.21.15.33:6800/4245296611,v1:172.21.15.33:6801/4245296611] conn(0x7f525803b7e0 0x7f525803dca0 secure :-1 s=READY pgs=14 cs=0 l=1 rev1=1 crypto rx=0x7f525c006fd0 tx=0x7f525c006e40 comp rx=0 tx=0).stop
2024-04-23T18:17:14.211 INFO:teuthology.orchestra.run.smithi033.stdout:/usr/bin/ceph: stderr
2024-04-23T18:17:13.500+0000 7f527332c700 1 -- 172.21.15.33:0/282072529 >> [v2:172.21.15.33:3300/0,v1:172.21.15.33:6789/0] conn(0x7f526c107390 msgr2=0x7f526c19a210 secure :-1 s=STATE_CONNECTION_ESTABLISHED l=1).mark_down
2024-04-23T18:17:14.211 INFO:teuthology.orchestra.run.smithi033.stdout:/usr/bin/ceph: stderr
2024-04-23T18:17:13.500+0000 7f527332c700 1 --2- 172.21.15.33:0/282072529 >> [v2:172.21.15.33:3300/0,v1:172.21.15.33:6789/0] conn(0x7f526c107390 0x7f526c19a210 secure :-1 s=READY pgs=52 cs=0 l=1 rev1=1 crypto rx=0x7f52680119f0 tx=0x7f5268011ad0 comp rx=0 tx=0).stop
2024-04-23T18:17:14.211 INFO:teuthology.orchestra.run.smithi033.stdout:/usr/bin/ceph: stderr
2024-04-23T18:17:13.500+0000 7f527332c700 1 -- 172.21.15.33:0/282072529 shutdown_connections
2024-04-23T18:17:14.211 INFO:teuthology.orchestra.run.smithi033.stdout:/usr/bin/ceph: stderr
2024-04-23T18:17:13.500+0000 7f527332c700 1 --2- 172.21.15.33:0/282072529 >> [v2:172.21.15.33:6800/4245296611,v1:172.21.15.33:6801/4245296611] conn(0x7f525803b7e0 0x7f525803dca0 unknown :-1 s=CLOSED pgs=14 cs=0 l=1 rev1=1 crypto rx=0 tx=0 comp rx=0 tx=0).stop
2024-04-23T18:17:14.211 INFO:teuthology.orchestra.run.smithi033.stdout:/usr/bin/ceph: stderr
2024-04-23T18:17:13.500+0000 7f527332c700 1 --2- 172.21.15.33:0/282072529 >> [v2:172.21.15.33:3300/0,v1:172.21.15.33:6789/0] conn(0x7f526c107390 0x7f526c19a210 unknown :-1 s=CLOSED pgs=52 cs=0 l=1 rev1=1 crypto rx=0 tx=0 comp rx=0 tx=0).stop
2024-04-23T18:17:14.211 INFO:teuthology.orchestra.run.smithi033.stdout:/usr/bin/ceph: stderr
2024-04-23T18:17:13.500+0000 7f527332c700 1 -- 172.21.15.33:0/282072529 >> 172.21.15.33:0/282072529 conn(0x7f526c1029b0 msgr2=0x7f526c190830 unknown :-1 s=STATE_NONE l=0).mark_down
2024-04-23T18:17:14.212 INFO:teuthology.orchestra.run.smithi033.stdout:/usr/bin/ceph: stderr
2024-04-23T18:17:13.500+0000 7f527332c700 1 -- 172.21.15.33:0/282072529 shutdown_connections
2024-04-23T18:17:14.212 INFO:teuthology.orchestra.run.smithi033.stdout:/usr/bin/ceph: stderr
2024-04-23T18:17:13.500+0000 7f527332c700 1 -- 172.21.15.33:0/282072529 wait complete.
2024-04-23T18:17:14.769 INFO:journalctl@ceph.mon.a.smithi033.stdout:Apr 23 18:17:14 smithi033 ceph-mon[29274]: from='client.? 172.21.15.33:0/282072529' entity='client.admin'
2024-04-23T18:17:15.773 INFO:teuthology.orchestra.run.smithi033.stdout:/usr/bin/ceph: stderr
2024-04-23T18:17:15.016+0000 7f0bc7a8a700 1 Processor -- start
2024-04-23T18:17:15.774 INFO:teuthology.orchestra.run.smithi033.stdout:/usr/bin/ceph: stderr
2024-04-23T18:17:15.016+0000 7f0bc7a8a700 1 -- start start
2024-04-23T18:17:15.774 INFO:teuthology.orchestra.run.smithi033.stdout:/usr/bin/ceph: stderr
2024-04-23T18:17:15.017+0000 7f0bc7a8a700 1 --2- >> [v2:172.21.15.33:3300/0,v1:172.21.15.33:6789/0] conn(0x7f0bc0108fc0 0x7f0bc010b3b0 unknown :-1 s=NONE pgs=0 cs=0 l=0 rev1=0 crypto rx=0 tx=0 comp rx=0 tx=0).connect
2024-04-23T18:17:15.774 INFO:teuthology.orchestra.run.smithi033.stdout:/usr/bin/ceph: stderr
2024-04-23T18:17:15.017+0000 7f0bc7a8a700 1 -- --> [v2:172.21.15.33:3300/0,v1:172.21.15.33:6789/0] -- mon_getmap magic: 0 -- 0x7f0bc007be00 con 0x7f0bc0108fc0
2024-04-23T18:17:15.774 INFO:teuthology.orchestra.run.smithi033.stdout:/usr/bin/ceph: stderr
2024-04-23T18:17:15.017+0000 7f0bc5826700 1 --2- >> [v2:172.21.15.33:3300/0,v1:172.21.15.33:6789/0] conn(0x7f0bc0108fc0 0x7f0bc010b3b0 unknown :-1 s=BANNER_CONNECTING pgs=0 cs=0 l=0 rev1=0 crypto rx=0 tx=0 comp rx=0 tx=0)._handle_peer_banner_payload supported=3 required=0
2024-04-23T18:17:15.774 INFO:teuthology.orchestra.run.smithi033.stdout:/usr/bin/ceph: stderr
2024-04-23T18:17:15.017+0000 7f0bc5826700 1 --2- >> [v2:172.21.15.33:3300/0,v1:172.21.15.33:6789/0] conn(0x7f0bc0108fc0 0x7f0bc010b3b0 unknown :-1 s=HELLO_CONNECTING pgs=0 cs=0 l=0 rev1=1 crypto rx=0 tx=0 comp rx=0 tx=0).handle_hello peer v2:172.21.15.33:3300/0 says I am v2:172.21.15.33:50394/0 (socket says 172.21.15.33:50394)
2024-04-23T18:17:15.774 INFO:teuthology.orchestra.run.smithi033.stdout:/usr/bin/ceph: stderr
2024-04-23T18:17:15.017+0000 7f0bc5826700 1 -- 172.21.15.33:0/1231293769 learned_addr learned my addr 172.21.15.33:0/1231293769 (peer_addr_for_me v2:172.21.15.33:0/0)
2024-04-23T18:17:15.774 INFO:teuthology.orchestra.run.smithi033.stdout:/usr/bin/ceph: stderr
