2024-04-23T18:16:49.897+0000 7fae653c1700 1 --2- >> [v2:172.21.15.33:3300/0,v1:172.21.15.33:6789/0] conn(0x7fae6007de80 0x7fae6007c330 unknown :-1 s=HELLO_CONNECTING pgs=0 cs=0 l=0 rev1=1 crypto rx=0 tx=0 comp rx=0 tx=0).handle_hello peer v2:172.21.15.33:3300/0 says I am v2:172.21.15.33:53160/0 (socket says 172.21.15.33:53160)
2024-04-23T18:16:50.809 INFO:teuthology.orchestra.run.smithi033.stdout:/usr/bin/ceph: stderr
2024-04-23T18:16:49.897+0000 7fae653c1700 1 -- 172.21.15.33:0/741428175 learned_addr learned my addr 172.21.15.33:0/741428175 (peer_addr_for_me v2:172.21.15.33:0/0)
2024-04-23T18:16:50.810 INFO:teuthology.orchestra.run.smithi033.stdout:/usr/bin/ceph: stderr
2024-04-23T18:16:49.897+0000 7fae653c1700 1 -- 172.21.15.33:0/741428175 --> [v2:172.21.15.33:3300/0,v1:172.21.15.33:6789/0] -- mon_subscribe({config=0+,monmap=0+}) -- 0x7fae6007ca80 con 0x7fae6007de80
2024-04-23T18:16:50.810 INFO:teuthology.orchestra.run.smithi033.stdout:/usr/bin/ceph: stderr
2024-04-23T18:16:49.897+0000 7fae653c1700 1 --2- 172.21.15.33:0/741428175 >> [v2:172.21.15.33:3300/0,v1:172.21.15.33:6789/0] conn(0x7fae6007de80 0x7fae6007c330 secure :-1 s=READY pgs=22 cs=0 l=1 rev1=1 crypto rx=0x7fae500098a0 tx=0x7fae50009bb0 comp rx=0 tx=0).ready entity=mon.0 client_cookie=6437500345f058e8 server_cookie=0 in_seq=0 out_seq=0
2024-04-23T18:16:50.810 INFO:teuthology.orchestra.run.smithi033.stdout:/usr/bin/ceph: stderr
2024-04-23T18:16:49.898+0000 7fae57fff700 1 -- 172.21.15.33:0/741428175 <== mon.0 v2:172.21.15.33:3300/0 1 ==== mon_map magic: 0 ==== 205+0+0 (secure 0 0 0) 0x7fae50004160 con 0x7fae6007de80
2024-04-23T18:16:50.810 INFO:teuthology.orchestra.run.smithi033.stdout:/usr/bin/ceph: stderr
2024-04-23T18:16:49.898+0000 7fae57fff700 1 -- 172.21.15.33:0/741428175 <== mon.0 v2:172.21.15.33:3300/0 2 ==== config(26 keys) ==== 1070+0+0 (secure 0 0 0) 0x7fae50004300 con 0x7fae6007de80
2024-04-23T18:16:50.810 INFO:teuthology.orchestra.run.smithi033.stdout:/usr/bin/ceph: stderr
2024-04-23T18:16:49.898+0000 7fae57fff700 1 -- 172.21.15.33:0/741428175 <== mon.0 v2:172.21.15.33:3300/0 3 ==== mon_map magic: 0 ==== 205+0+0 (secure 0 0 0) 0x7fae50011af0 con 0x7fae6007de80
2024-04-23T18:16:50.810 INFO:teuthology.orchestra.run.smithi033.stdout:/usr/bin/ceph: stderr
2024-04-23T18:16:49.898+0000 7fae67625700 1 -- 172.21.15.33:0/741428175 >> [v2:172.21.15.33:3300/0,v1:172.21.15.33:6789/0] conn(0x7fae6007de80 msgr2=0x7fae6007c330 secure :-1 s=STATE_CONNECTION_ESTABLISHED l=1).mark_down
2024-04-23T18:16:50.810 INFO:teuthology.orchestra.run.smithi033.stdout:/usr/bin/ceph: stderr
2024-04-23T18:16:49.898+0000 7fae67625700 1 --2- 172.21.15.33:0/741428175 >> [v2:172.21.15.33:3300/0,v1:172.21.15.33:6789/0] conn(0x7fae6007de80 0x7fae6007c330 secure :-1 s=READY pgs=22 cs=0 l=1 rev1=1 crypto rx=0x7fae500098a0 tx=0x7fae50009bb0 comp rx=0 tx=0).stop
2024-04-23T18:16:50.810 INFO:teuthology.orchestra.run.smithi033.stdout:/usr/bin/ceph: stderr
2024-04-23T18:16:49.898+0000 7fae67625700 1 -- 172.21.15.33:0/741428175 shutdown_connections
2024-04-23T18:16:50.810 INFO:teuthology.orchestra.run.smithi033.stdout:/usr/bin/ceph: stderr
2024-04-23T18:16:49.898+0000 7fae67625700 1 --2- 172.21.15.33:0/741428175 >> [v2:172.21.15.33:3300/0,v1:172.21.15.33:6789/0] conn(0x7fae6007de80 0x7fae6007c330 unknown :-1 s=CLOSED pgs=22 cs=0 l=1 rev1=1 crypto rx=0 tx=0 comp rx=0 tx=0).stop
2024-04-23T18:16:50.810 INFO:teuthology.orchestra.run.smithi033.stdout:/usr/bin/ceph: stderr
2024-04-23T18:16:49.898+0000 7fae67625700 1 -- 172.21.15.33:0/741428175 >> 172.21.15.33:0/741428175 conn(0x7fae60103b70 msgr2=0x7fae60105f90 unknown :-1 s=STATE_NONE l=0).mark_down
2024-04-23T18:16:50.810 INFO:teuthology.orchestra.run.smithi033.stdout:/usr/bin/ceph: stderr
2024-04-23T18:16:49.898+0000 7fae67625700 1 -- 172.21.15.33:0/741428175 shutdown_connections
2024-04-23T18:16:50.810 INFO:teuthology.orchestra.run.smithi033.stdout:/usr/bin/ceph: stderr
2024-04-23T18:16:49.899+0000 7fae67625700 1 -- 172.21.15.33:0/741428175 wait complete.
2024-04-23T18:16:50.810 INFO:teuthology.orchestra.run.smithi033.stdout:/usr/bin/ceph: stderr
2024-04-23T18:16:49.899+0000 7fae67625700 1 Processor -- start
2024-04-23T18:16:50.811 INFO:teuthology.orchestra.run.smithi033.stdout:/usr/bin/ceph: stderr
2024-04-23T18:16:49.899+0000 7fae67625700 1 -- start start
2024-04-23T18:16:50.811 INFO:teuthology.orchestra.run.smithi033.stdout:/usr/bin/ceph: stderr
2024-04-23T18:16:49.899+0000 7fae67625700 1 --2- >> [v2:172.21.15.33:3300/0,v1:172.21.15.33:6789/0] conn(0x7fae6007de80 0x7fae6019e8d0 unknown :-1 s=NONE pgs=0 cs=0 l=1 rev1=0 crypto rx=0 tx=0 comp rx=0 tx=0).connect
2024-04-23T18:16:50.811 INFO:teuthology.orchestra.run.smithi033.stdout:/usr/bin/ceph: stderr
2024-04-23T18:16:49.899+0000 7fae67625700 1 -- --> [v2:172.21.15.33:3300/0,v1:172.21.15.33:6789/0] -- mon_getmap magic: 0 -- 0x7fae6010ea40 con 0x7fae6007de80
2024-04-23T18:16:50.811 INFO:teuthology.orchestra.run.smithi033.stdout:/usr/bin/ceph: stderr
2024-04-23T18:16:49.899+0000 7fae653c1700 1 --2- >> [v2:172.21.15.33:3300/0,v1:172.21.15.33:6789/0] conn(0x7fae6007de80 0x7fae6019e8d0 unknown :-1 s=BANNER_CONNECTING pgs=0 cs=0 l=1 rev1=0 crypto rx=0 tx=0 comp rx=0 tx=0)._handle_peer_banner_payload supported=3 required=0
2024-04-23T18:16:50.811 INFO:teuthology.orchestra.run.smithi033.stdout:/usr/bin/ceph: stderr
2024-04-23T18:16:49.899+0000 7fae653c1700 1 --2- >> [v2:172.21.15.33:3300/0,v1:172.21.15.33:6789/0] conn(0x7fae6007de80 0x7fae6019e8d0 unknown :-1 s=HELLO_CONNECTING pgs=0 cs=0 l=1 rev1=1 crypto rx=0 tx=0 comp rx=0 tx=0).handle_hello peer v2:172.21.15.33:3300/0 says I am v2:172.21.15.33:53164/0 (socket says 172.21.15.33:53164)
2024-04-23T18:16:50.811 INFO:teuthology.orchestra.run.smithi033.stdout:/usr/bin/ceph: stderr
2024-04-23T18:16:49.899+0000 7fae653c1700 1 -- 172.21.15.33:0/1645215624 learned_addr learned my addr 172.21.15.33:0/1645215624 (peer_addr_for_me v2:172.21.15.33:0/0)
2024-04-23T18:16:50.811 INFO:teuthology.orchestra.run.smithi033.stdout:/usr/bin/ceph: stderr
2024-04-23T18:16:49.900+0000 7fae653c1700 1 -- 172.21.15.33:0/1645215624 --> [v2:172.21.15.33:3300/0,v1:172.21.15.33:6789/0] -- mon_subscribe({config=0+,monmap=0+}) -- 0x7fae6019ee10 con 0x7fae6007de80
2024-04-23T18:16:50.811 INFO:teuthology.orchestra.run.smithi033.stdout:/usr/bin/ceph: stderr
2024-04-23T18:16:49.900+0000 7fae653c1700 1 --2- 172.21.15.33:0/1645215624 >> [v2:172.21.15.33:3300/0,v1:172.21.15.33:6789/0] conn(0x7fae6007de80 0x7fae6019e8d0 secure :-1 s=READY pgs=23 cs=0 l=1 rev1=1 crypto rx=0x7fae50003f40 tx=0x7fae50011890 comp rx=0 tx=0).ready entity=mon.0 client_cookie=0 server_cookie=0 in_seq=0 out_seq=0
2024-04-23T18:16:50.811 INFO:teuthology.orchestra.run.smithi033.stdout:/usr/bin/ceph: stderr
2024-04-23T18:16:49.900+0000 7fae567fc700 1 -- 172.21.15.33:0/1645215624 <== mon.0 v2:172.21.15.33:3300/0 1 ==== mon_map magic: 0 ==== 205+0+0 (secure 0 0 0) 0x7fae500038b0 con 0x7fae6007de80
2024-04-23T18:16:50.811 INFO:teuthology.orchestra.run.smithi033.stdout:/usr/bin/ceph: stderr
2024-04-23T18:16:49.900+0000 7fae567fc700 1 -- 172.21.15.33:0/1645215624 <== mon.0 v2:172.21.15.33:3300/0 2 ==== config(26 keys) ==== 1070+0+0 (secure 0 0 0) 0x7fae50003a50 con 0x7fae6007de80
2024-04-23T18:16:50.811 INFO:teuthology.orchestra.run.smithi033.stdout:/usr/bin/ceph: stderr
2024-04-23T18:16:49.900+0000 7fae67625700 1 -- 172.21.15.33:0/1645215624 --> [v2:172.21.15.33:3300/0,v1:172.21.15.33:6789/0] -- mon_subscribe({mgrmap=0+}) -- 0x7fae6019f0a0 con 0x7fae6007de80
2024-04-23T18:16:50.811 INFO:teuthology.orchestra.run.smithi033.stdout:/usr/bin/ceph: stderr
2024-04-23T18:16:49.900+0000 7fae567fc700 1 -- 172.21.15.33:0/1645215624 <== mon.0 v2:172.21.15.33:3300/0 3 ==== mon_map magic: 0 ==== 205+0+0 (secure 0 0 0) 0x7fae5001a5c0 con 0x7fae6007de80
2024-04-23T18:16:50.811 INFO:teuthology.orchestra.run.smithi033.stdout:/usr/bin/ceph: stderr
2024-04-23T18:16:49.900+0000 7fae67625700 1 -- 172.21.15.33:0/1645215624 --> [v2:172.21.15.33:3300/0,v1:172.21.15.33:6789/0] -- mon_subscribe({osdmap=0}) -- 0x7fae601a1d90 con 0x7fae6007de80
2024-04-23T18:16:50.812 INFO:teuthology.orchestra.run.smithi033.stdout:/usr/bin/ceph: stderr
2024-04-23T18:16:49.901+0000 7fae567fc700 1 -- 172.21.15.33:0/1645215624 <== mon.0 v2:172.21.15.33:3300/0 4 ==== mgrmap(e 4) ==== 46547+0+0 (secure 0 0 0) 0x7fae5001a8c0 con 0x7fae6007de80
2024-04-23T18:16:50.812 INFO:teuthology.orchestra.run.smithi033.stdout:/usr/bin/ceph: stderr
2024-04-23T18:16:49.901+0000 7fae67625700 1 -- 172.21.15.33:0/1645215624 --> [v2:172.21.15.33:3300/0,v1:172.21.15.33:6789/0] -- mon_command({"prefix": "get_command_descriptions"} v 0) -- 0x7fae600640a0 con 0x7fae6007de80
2024-04-23T18:16:50.812 INFO:teuthology.orchestra.run.smithi033.stdout:/usr/bin/ceph: stderr
2024-04-23T18:16:49.901+0000 7fae567fc700 1 --2- 172.21.15.33:0/1645215624 >> [v2:172.21.15.33:6800/1526532469,v1:172.21.15.33:6801/1526532469] conn(0x7fae4c039510 0x7fae4c03b9d0 unknown :-1 s=NONE pgs=0 cs=0 l=1 rev1=0 crypto rx=0 tx=0 comp rx=0 tx=0).connect
2024-04-23T18:16:50.812 INFO:teuthology.orchestra.run.smithi033.stdout:/usr/bin/ceph: stderr
2024-04-23T18:16:49.901+0000 7fae567fc700 1 -- 172.21.15.33:0/1645215624 <== mon.0 v2:172.21.15.33:3300/0 5 ==== osd_map(1..1 src has 1..1) ==== 725+0+0 (secure 0 0 0) 0x7fae5004da90 con 0x7fae6007de80
2024-04-23T18:16:50.812 INFO:teuthology.orchestra.run.smithi033.stdout:/usr/bin/ceph: stderr
2024-04-23T18:16:49.901+0000 7fae64bc0700 1 --2- 172.21.15.33:0/1645215624 >> [v2:172.21.15.33:6800/1526532469,v1:172.21.15.33:6801/1526532469] conn(0x7fae4c039510 0x7fae4c03b9d0 unknown :-1 s=BANNER_CONNECTING pgs=0 cs=0 l=1 rev1=0 crypto rx=0 tx=0 comp rx=0 tx=0)._handle_peer_banner_payload supported=3 required=0
2024-04-23T18:16:50.812 INFO:teuthology.orchestra.run.smithi033.stdout:/usr/bin/ceph: stderr
2024-04-23T18:16:49.902+0000 7fae64bc0700 1 --2- 172.21.15.33:0/1645215624 >> [v2:172.21.15.33:6800/1526532469,v1:172.21.15.33:6801/1526532469] conn(0x7fae4c039510 0x7fae4c03b9d0 secure :-1 s=READY pgs=8 cs=0 l=1 rev1=1 crypto rx=0x7fae5c006fd0 tx=0x7fae5c006e40 comp rx=0 tx=0).ready entity=mgr.14100 client_cookie=0 server_cookie=0 in_seq=0 out_seq=0
2024-04-23T18:16:50.812 INFO:teuthology.orchestra.run.smithi033.stdout:/usr/bin/ceph: stderr
2024-04-23T18:16:49.906+0000 7fae567fc700 1 -- 172.21.15.33:0/1645215624 <== mon.0 v2:172.21.15.33:3300/0 6 ==== mon_command_ack([{"prefix": "get_command_descriptions"}]=0 v0) ==== 72+0+188370 (secure 0 0 0) 0x7fae5004d4b0 con 0x7fae6007de80
2024-04-23T18:16:50.812 INFO:teuthology.orchestra.run.smithi033.stdout:/usr/bin/ceph: stderr
2024-04-23T18:16:50.177+0000 7fae67625700 1 -- 172.21.15.33:0/1645215624 --> [v2:172.21.15.33:3300/0,v1:172.21.15.33:6789/0] -- mon_command({"prefix": "mgr module enable", "module": "cephadm"} v 0) -- 0x7fae6002df80 con 0x7fae6007de80
2024-04-23T18:16:50.812 INFO:teuthology.orchestra.run.smithi033.stdout:/usr/bin/ceph: stderr
2024-04-23T18:16:50.229+0000 7fae567fc700 1 -- 172.21.15.33:0/1645215624 <== mon.0 v2:172.21.15.33:3300/0 7 ==== mon_command_ack([{"prefix": "mgr module enable", "module": "cephadm"}]=0 v5) ==== 86+0+0 (secure 0 0 0) 0x7fae5002d3f0 con 0x7fae6007de80
2024-04-23T18:16:50.812 INFO:teuthology.orchestra.run.smithi033.stdout:/usr/bin/ceph: stderr
2024-04-23T18:16:50.231+0000 7fae567fc700 1 -- 172.21.15.33:0/1645215624 <== mon.0 v2:172.21.15.33:3300/0 8 ==== mgrmap(e 5) ==== 46558+0+0 (secure 0 0 0) 0x7fae5000bce0 con 0x7fae6007de80
2024-04-23T18:16:50.812 INFO:teuthology.orchestra.run.smithi033.stdout:/usr/bin/ceph: stderr
2024-04-23T18:16:50.232+0000 7fae67625700 1 -- 172.21.15.33:0/1645215624 >> [v2:172.21.15.33:6800/1526532469,v1:172.21.15.33:6801/1526532469] conn(0x7fae4c039510 msgr2=0x7fae4c03b9d0 secure :-1 s=STATE_CONNECTION_ESTABLISHED l=1).mark_down
2024-04-23T18:16:50.812 INFO:teuthology.orchestra.run.smithi033.stdout:/usr/bin/ceph: stderr
2024-04-23T18:16:50.232+0000 7fae67625700 1 --2- 172.21.15.33:0/1645215624 >> [v2:172.21.15.33:6800/1526532469,v1:172.21.15.33:6801/1526532469] conn(0x7fae4c039510 0x7fae4c03b9d0 secure :-1 s=READY pgs=8 cs=0 l=1 rev1=1 crypto rx=0x7fae5c006fd0 tx=0x7fae5c006e40 comp rx=0 tx=0).stop
2024-04-23T18:16:50.812 INFO:teuthology.orchestra.run.smithi033.stdout:/usr/bin/ceph: stderr
2024-04-23T18:16:50.232+0000 7fae67625700 1 -- 172.21.15.33:0/1645215624 >> [v2:172.21.15.33:3300/0,v1:172.21.15.33:6789/0] conn(0x7fae6007de80 msgr2=0x7fae6019e8d0 secure :-1 s=STATE_CONNECTION_ESTABLISHED l=1).mark_down
2024-04-23T18:16:50.812 INFO:teuthology.orchestra.run.smithi033.stdout:/usr/bin/ceph: stderr
2024-04-23T18:16:50.232+0000 7fae67625700 1 --2- 172.21.15.33:0/1645215624 >> [v2:172.21.15.33:3300/0,v1:172.21.15.33:6789/0] conn(0x7fae6007de80 0x7fae6019e8d0 secure :-1 s=READY pgs=23 cs=0 l=1 rev1=1 crypto rx=0x7fae50003f40 tx=0x7fae50011890 comp rx=0 tx=0).stop
2024-04-23T18:16:50.813 INFO:teuthology.orchestra.run.smithi033.stdout:/usr/bin/ceph: stderr
2024-04-23T18:16:50.232+0000 7fae67625700 1 -- 172.21.15.33:0/1645215624 shutdown_connections
2024-04-23T18:16:50.813 INFO:teuthology.orchestra.run.smithi033.stdout:/usr/bin/ceph: stderr
2024-04-23T18:16:50.232+0000 7fae67625700 1 --2- 172.21.15.33:0/1645215624 >> [v2:172.21.15.33:6800/1526532469,v1:172.21.15.33:6801/1526532469] conn(0x7fae4c039510 0x7fae4c03b9d0 unknown :-1 s=CLOSED pgs=8 cs=0 l=1 rev1=1 crypto rx=0 tx=0 comp rx=0 tx=0).stop
2024-04-23T18:16:50.813 INFO:teuthology.orchestra.run.smithi033.stdout:/usr/bin/ceph: stderr
2024-04-23T18:16:50.232+0000 7fae67625700 1 --2- 172.21.15.33:0/1645215624 >> [v2:172.21.15.33:3300/0,v1:172.21.15.33:6789/0] conn(0x7fae6007de80 0x7fae6019e8d0 unknown :-1 s=CLOSED pgs=23 cs=0 l=1 rev1=1 crypto rx=0 tx=0 comp rx=0 tx=0).stop
2024-04-23T18:16:50.813 INFO:teuthology.orchestra.run.smithi033.stdout:/usr/bin/ceph: stderr
2024-04-23T18:16:50.232+0000 7fae67625700 1 -- 172.21.15.33:0/1645215624 >> 172.21.15.33:0/1645215624 conn(0x7fae60103b70 msgr2=0x7fae60104810 unknown :-1 s=STATE_NONE l=0).mark_down
2024-04-23T18:16:50.813 INFO:teuthology.orchestra.run.smithi033.stdout:/usr/bin/ceph: stderr
2024-04-23T18:16:50.232+0000 7fae67625700 1 -- 172.21.15.33:0/1645215624 shutdown_connections
2024-04-23T18:16:50.813 INFO:teuthology.orchestra.run.smithi033.stdout:/usr/bin/ceph: stderr
2024-04-23T18:16:50.232+0000 7fae67625700 1 -- 172.21.15.33:0/1645215624 wait complete.
2024-04-23T18:16:51.068 INFO:journalctl@ceph.mgr.x.smithi033.stdout:Apr 23 18:16:51 smithi033 ceph-766ecab6-019d-11ef-bc93-c7b262605968-mgr-x[29503]:
2024-04-23T18:16:51.032+0000 7f1d1e131200 -1 mgr[py] Module progress has missing NOTIFY_TYPES member
2024-04-23T18:16:51.478 INFO:journalctl@ceph.mon.a.smithi033.stdout:Apr 23 18:16:51 smithi033 ceph-mon[29274]: from='client.? 172.21.15.33:0/1645215624' entity='client.admin' cmd='[{"prefix": "mgr module enable", "module": "cephadm"}]': finished
2024-04-23T18:16:51.479 INFO:journalctl@ceph.mon.a.smithi033.stdout:Apr 23 18:16:51 smithi033 ceph-mon[29274]: mgrmap e5: x(active, since 5s)
2024-04-23T18:16:51.479 INFO:journalctl@ceph.mgr.x.smithi033.stdout:Apr 23 18:16:51 smithi033 ceph-766ecab6-019d-11ef-bc93-c7b262605968-mgr-x[29503]:
2024-04-23T18:16:51.122+0000 7f1d1e131200 -1 mgr[py] Module influx has missing NOTIFY_TYPES member
2024-04-23T18:16:52.213 INFO:teuthology.orchestra.run.smithi033.stdout:/usr/bin/ceph: stdout {
2024-04-23T18:16:52.213 INFO:teuthology.orchestra.run.smithi033.stdout:/usr/bin/ceph: stdout "epoch": 5,
2024-04-23T18:16:52.214 INFO:teuthology.orchestra.run.smithi033.stdout:/usr/bin/ceph: stdout "available": true,
2024-04-23T18:16:52.214 INFO:teuthology.orchestra.run.smithi033.stdout:/usr/bin/ceph: stdout "active_name": "x",
2024-04-23T18:16:52.214 INFO:teuthology.orchestra.run.smithi033.stdout:/usr/bin/ceph: stdout "num_standby": 0
2024-04-23T18:16:52.214 INFO:teuthology.orchestra.run.smithi033.stdout:/usr/bin/ceph: stdout }
2024-04-23T18:16:52.214 INFO:teuthology.orchestra.run.smithi033.stdout:/usr/bin/ceph: stderr
2024-04-23T18:16:51.279+0000 7fe485d4b700 1 Processor -- start
2024-04-23T18:16:52.214 INFO:teuthology.orchestra.run.smithi033.stdout:/usr/bin/ceph: stderr
2024-04-23T18:16:51.279+0000 7fe485d4b700 1 -- start start
2024-04-23T18:16:52.214 INFO:teuthology.orchestra.run.smithi033.stdout:/usr/bin/ceph: stderr
2024-04-23T18:16:51.279+0000 7fe485d4b700 1 --2- >> [v2:172.21.15.33:3300/0,v1:172.21.15.33:6789/0] conn(0x7fe480108f40 0x7fe48010b330 unknown :-1 s=NONE pgs=0 cs=0 l=0 rev1=0 crypto rx=0 tx=0 comp rx=0 tx=0).connect
2024-04-23T18:16:52.214 INFO:teuthology.orchestra.run.smithi033.stdout:/usr/bin/ceph: stderr
2024-04-23T18:16:51.279+0000 7fe485d4b700 1 -- --> [v2:172.21.15.33:3300/0,v1:172.21.15.33:6789/0] -- mon_getmap magic: 0 -- 0x7fe48007be80 con 0x7fe480108f40
2024-04-23T18:16:52.214 INFO:teuthology.orchestra.run.smithi033.stdout:/usr/bin/ceph: stderr
2024-04-23T18:16:51.279+0000 7fe47f7fe700 1 --2- >> [v2:172.21.15.33:3300/0,v1:172.21.15.33:6789/0] conn(0x7fe480108f40 0x7fe48010b330 unknown :-1 s=BANNER_CONNECTING pgs=0 cs=0 l=0 rev1=0 crypto rx=0 tx=0 comp rx=0 tx=0)._handle_peer_banner_payload supported=3 required=0
2024-04-23T18:16:52.214 INFO:teuthology.orchestra.run.smithi033.stdout:/usr/bin/ceph: stderr
2024-04-23T18:16:51.280+0000 7fe47f7fe700 1 --2- >> [v2:172.21.15.33:3300/0,v1:172.21.15.33:6789/0] conn(0x7fe480108f40 0x7fe48010b330 unknown :-1 s=HELLO_CONNECTING pgs=0 cs=0 l=0 rev1=1 crypto rx=0 tx=0 comp rx=0 tx=0).handle_hello peer v2:172.21.15.33:3300/0 says I am v2:172.21.15.33:53200/0 (socket says 172.21.15.33:53200)
2024-04-23T18:16:52.215 INFO:teuthology.orchestra.run.smithi033.stdout:/usr/bin/ceph: stderr
2024-04-23T18:16:51.280+0000 7fe47f7fe700 1 -- 172.21.15.33:0/3590712522 learned_addr learned my addr 172.21.15.33:0/3590712522 (peer_addr_for_me v2:172.21.15.33:0/0)
2024-04-23T18:16:52.215 INFO:teuthology.orchestra.run.smithi033.stdout:/usr/bin/ceph: stderr
2024-04-23T18:16:51.280+0000 7fe47f7fe700 1 -- 172.21.15.33:0/3590712522 --> [v2:172.21.15.33:3300/0,v1:172.21.15.33:6789/0] -- mon_subscribe({config=0+,monmap=0+}) -- 0x7fe48010b870 con 0x7fe480108f40
2024-04-23T18:16:52.215 INFO:teuthology.orchestra.run.smithi033.stdout:/usr/bin/ceph: stderr
2024-04-23T18:16:51.280+0000 7fe47f7fe700 1 --2- 172.21.15.33:0/3590712522 >> [v2:172.21.15.33:3300/0,v1:172.21.15.33:6789/0] conn(0x7fe480108f40 0x7fe48010b330 secure :-1 s=READY pgs=26 cs=0 l=1 rev1=1 crypto rx=0x7fe4680098a0 tx=0x7fe468009bb0 comp rx=0 tx=0).ready entity=mon.0 client_cookie=6cfb1cb100469632 server_cookie=0 in_seq=0 out_seq=0
2024-04-23T18:16:52.215 INFO:teuthology.orchestra.run.smithi033.stdout:/usr/bin/ceph: stderr
2024-04-23T18:16:51.280+0000 7fe47e7fc700 1 -- 172.21.15.33:0/3590712522 <== mon.0 v2:172.21.15.33:3300/0 1 ==== mon_map magic: 0 ==== 205+0+0 (secure 0 0 0) 0x7fe468004160 con 0x7fe480108f40
2024-04-23T18:16:52.215 INFO:teuthology.orchestra.run.smithi033.stdout:/usr/bin/ceph: stderr
2024-04-23T18:16:51.280+0000 7fe47e7fc700 1 -- 172.21.15.33:0/3590712522 <== mon.0 v2:172.21.15.33:3300/0 2 ==== config(26 keys) ==== 1070+0+0 (secure 0 0 0) 0x7fe468004300 con 0x7fe480108f40
2024-04-23T18:16:52.215 INFO:teuthology.orchestra.run.smithi033.stdout:/usr/bin/ceph: stderr
2024-04-23T18:16:51.280+0000 7fe47e7fc700 1 -- 172.21.15.33:0/3590712522 <== mon.0 v2:172.21.15.33:3300/0 3 ==== mon_map magic: 0 ==== 205+0+0 (secure 0 0 0) 0x7fe468011af0 con 0x7fe480108f40
2024-04-23T18:16:52.215 INFO:teuthology.orchestra.run.smithi033.stdout:/usr/bin/ceph: stderr
2024-04-23T18:16:51.281+0000 7fe485d4b700 1 -- 172.21.15.33:0/3590712522 >> [v2:172.21.15.33:3300/0,v1:172.21.15.33:6789/0] conn(0x7fe480108f40 msgr2=0x7fe48010b330 secure :-1 s=STATE_CONNECTION_ESTABLISHED l=1).mark_down
2024-04-23T18:16:52.215 INFO:teuthology.orchestra.run.smithi033.stdout:/usr/bin/ceph: stderr
2024-04-23T18:16:51.281+0000 7fe485d4b700 1 --2- 172.21.15.33:0/3590712522 >> [v2:172.21.15.33:3300/0,v1:172.21.15.33:6789/0] conn(0x7fe480108f40 0x7fe48010b330 secure :-1 s=READY pgs=26 cs=0 l=1 rev1=1 crypto rx=0x7fe4680098a0 tx=0x7fe468009bb0 comp rx=0 tx=0).stop
2024-04-23T18:16:52.215 INFO:teuthology.orchestra.run.smithi033.stdout:/usr/bin/ceph: stderr
2024-04-23T18:16:51.281+0000 7fe485d4b700 1 -- 172.21.15.33:0/3590712522 shutdown_connections
2024-04-23T18:16:52.215 INFO:teuthology.orchestra.run.smithi033.stdout:/usr/bin/ceph: stderr
2024-04-23T18:16:51.281+0000 7fe485d4b700 1 --2- 172.21.15.33:0/3590712522 >> [v2:172.21.15.33:3300/0,v1:172.21.15.33:6789/0] conn(0x7fe480108f40 0x7fe48010b330 unknown :-1 s=CLOSED pgs=26 cs=0 l=1 rev1=1 crypto rx=0 tx=0 comp rx=0 tx=0).stop
2024-04-23T18:16:52.215 INFO:teuthology.orchestra.run.smithi033.stdout:/usr/bin/ceph: stderr
2024-04-23T18:16:51.281+0000 7fe485d4b700 1 -- 172.21.15.33:0/3590712522 >> 172.21.15.33:0/3590712522 conn(0x7fe4801029b0 msgr2=0x7fe480104dd0 unknown :-1 s=STATE_NONE l=0).mark_down
2024-04-23T18:16:52.215 INFO:teuthology.orchestra.run.smithi033.stdout:/usr/bin/ceph: stderr
2024-04-23T18:16:51.281+0000 7fe485d4b700 1 -- 172.21.15.33:0/3590712522 shutdown_connections
2024-04-23T18:16:52.215 INFO:teuthology.orchestra.run.smithi033.stdout:/usr/bin/ceph: stderr
2024-04-23T18:16:51.281+0000 7fe485d4b700 1 -- 172.21.15.33:0/3590712522 wait complete.
2024-04-23T18:16:52.215 INFO:teuthology.orchestra.run.smithi033.stdout:/usr/bin/ceph: stderr
2024-04-23T18:16:51.282+0000 7fe485d4b700 1 Processor -- start
2024-04-23T18:16:52.215 INFO:teuthology.orchestra.run.smithi033.stdout:/usr/bin/ceph: stderr
2024-04-23T18:16:51.282+0000 7fe485d4b700 1 -- start start
2024-04-23T18:16:52.216 INFO:teuthology.orchestra.run.smithi033.stdout:/usr/bin/ceph: stderr
2024-04-23T18:16:51.282+0000 7fe485d4b700 1 --2- >> [v2:172.21.15.33:3300/0,v1:172.21.15.33:6789/0] conn(0x7fe480108f40 0x7fe48019c450 unknown :-1 s=NONE pgs=0 cs=0 l=1 rev1=0 crypto rx=0 tx=0 comp rx=0 tx=0).connect
2024-04-23T18:16:52.216 INFO:teuthology.orchestra.run.smithi033.stdout:/usr/bin/ceph: stderr
2024-04-23T18:16:51.282+0000 7fe485d4b700 1 -- --> [v2:172.21.15.33:3300/0,v1:172.21.15.33:6789/0] -- mon_getmap magic: 0 -- 0x7fe48010c830 con 0x7fe480108f40
2024-04-23T18:16:52.216 INFO:teuthology.orchestra.run.smithi033.stdout:/usr/bin/ceph: stderr
2024-04-23T18:16:51.282+0000 7fe47f7fe700 1 --2- >> [v2:172.21.15.33:3300/0,v1:172.21.15.33:6789/0] conn(0x7fe480108f40 0x7fe48019c450 unknown :-1 s=BANNER_CONNECTING pgs=0 cs=0 l=1 rev1=0 crypto rx=0 tx=0 comp rx=0 tx=0)._handle_peer_banner_payload supported=3 required=0
2024-04-23T18:16:52.216 INFO:teuthology.orchestra.run.smithi033.stdout:/usr/bin/ceph: stderr
2024-04-23T18:16:51.282+0000 7fe47f7fe700 1 --2- >> [v2:172.21.15.33:3300/0,v1:172.21.15.33:6789/0] conn(0x7fe480108f40 0x7fe48019c450 unknown :-1 s=HELLO_CONNECTING pgs=0 cs=0 l=1 rev1=1 crypto rx=0 tx=0 comp rx=0 tx=0).handle_hello peer v2:172.21.15.33:3300/0 says I am v2:172.21.15.33:53214/0 (socket says 172.21.15.33:53214)
2024-04-23T18:16:52.216 INFO:teuthology.orchestra.run.smithi033.stdout:/usr/bin/ceph: stderr
2024-04-23T18:16:51.282+0000 7fe47f7fe700 1 -- 172.21.15.33:0/3927177163 learned_addr learned my addr 172.21.15.33:0/3927177163 (peer_addr_for_me v2:172.21.15.33:0/0)
2024-04-23T18:16:52.216 INFO:teuthology.orchestra.run.smithi033.stdout:/usr/bin/ceph: stderr
2024-04-23T18:16:51.282+0000 7fe47f7fe700 1 -- 172.21.15.33:0/3927177163 --> [v2:172.21.15.33:3300/0,v1:172.21.15.33:6789/0] -- mon_subscribe({config=0+,monmap=0+}) -- 0x7fe48019c990 con 0x7fe480108f40
2024-04-23T18:16:52.216 INFO:teuthology.orchestra.run.smithi033.stdout:/usr/bin/ceph: stderr
2024-04-23T18:16:51.283+0000 7fe47f7fe700 1 --2- 172.21.15.33:0/3927177163 >> [v2:172.21.15.33:3300/0,v1:172.21.15.33:6789/0] conn(0x7fe480108f40 0x7fe48019c450 secure :-1 s=READY pgs=27 cs=0 l=1 rev1=1 crypto rx=0x7fe468009fb0 tx=0x7fe468011940 comp rx=0 tx=0).ready entity=mon.0 client_cookie=0 server_cookie=0 in_seq=0 out_seq=0
2024-04-23T18:16:52.216 INFO:teuthology.orchestra.run.smithi033.stdout:/usr/bin/ceph: stderr
2024-04-23T18:16:51.283+0000 7fe47cff9700 1 -- 172.21.15.33:0/3927177163 <== mon.0 v2:172.21.15.33:3300/0 1 ==== mon_map magic: 0 ==== 205+0+0 (secure 0 0 0) 0x7fe4680036a0 con 0x7fe480108f40
2024-04-23T18:16:52.216 INFO:teuthology.orchestra.run.smithi033.stdout:/usr/bin/ceph: stderr
2024-04-23T18:16:51.283+0000 7fe47cff9700 1 -- 172.21.15.33:0/3927177163 <== mon.0 v2:172.21.15.33:3300/0 2 ==== config(26 keys) ==== 1070+0+0 (secure 0 0 0) 0x7fe46801a430 con 0x7fe480108f40
2024-04-23T18:16:52.216 INFO:teuthology.orchestra.run.smithi033.stdout:/usr/bin/ceph: stderr
2024-04-23T18:16:51.283+0000 7fe485d4b700 1 -- 172.21.15.33:0/3927177163 --> [v2:172.21.15.33:3300/0,v1:172.21.15.33:6789/0] -- mon_subscribe({mgrmap=0+}) -- 0x7fe48019cc20 con 0x7fe480108f40
2024-04-23T18:16:52.216 INFO:teuthology.orchestra.run.smithi033.stdout:/usr/bin/ceph: stderr
2024-04-23T18:16:51.283+0000 7fe47cff9700 1 -- 172.21.15.33:0/3927177163 <== mon.0 v2:172.21.15.33:3300/0 3 ==== mon_map magic: 0 ==== 205+0+0 (secure 0 0 0) 0x7fe468019550 con 0x7fe480108f40
2024-04-23T18:16:52.216 INFO:teuthology.orchestra.run.smithi033.stdout:/usr/bin/ceph: stderr
2024-04-23T18:16:51.283+0000 7fe485d4b700 1 -- 172.21.15.33:0/3927177163 --> [v2:172.21.15.33:3300/0,v1:172.21.15.33:6789/0] -- mon_subscribe({osdmap=0}) -- 0x7fe48019f910 con 0x7fe480108f40
2024-04-23T18:16:52.216 INFO:teuthology.orchestra.run.smithi033.stdout:/usr/bin/ceph: stderr
2024-04-23T18:16:51.284+0000 7fe47cff9700 1 -- 172.21.15.33:0/3927177163 <== mon.0 v2:172.21.15.33:3300/0 4 ==== mgrmap(e 5) ==== 46558+0+0 (secure 0 0 0) 0x7fe468019850 con 0x7fe480108f40
2024-04-23T18:16:52.216 INFO:teuthology.orchestra.run.smithi033.stdout:/usr/bin/ceph: stderr
2024-04-23T18:16:51.284+0000 7fe485d4b700 1 -- 172.21.15.33:0/3927177163 --> [v2:172.21.15.33:3300/0,v1:172.21.15.33:6789/0] -- mon_command({"prefix": "get_command_descriptions"} v 0) -- 0x7fe4800640a0 con 0x7fe480108f40
2024-04-23T18:16:52.216 INFO:teuthology.orchestra.run.smithi033.stdout:/usr/bin/ceph: stderr
2024-04-23T18:16:51.284+0000 7fe47cff9700 1 --2- 172.21.15.33:0/3927177163 >> [v2:172.21.15.33:6800/1526532469,v1:172.21.15.33:6801/1526532469] conn(0x7fe46c039560 0x7fe46c03ba20 unknown :-1 s=NONE pgs=0 cs=0 l=1 rev1=0 crypto rx=0 tx=0 comp rx=0 tx=0).connect
2024-04-23T18:16:52.217 INFO:teuthology.orchestra.run.smithi033.stdout:/usr/bin/ceph: stderr
2024-04-23T18:16:51.284+0000 7fe47cff9700 1 -- 172.21.15.33:0/3927177163 <== mon.0 v2:172.21.15.33:3300/0 5 ==== osd_map(1..1 src has 1..1) ==== 725+0+0 (secure 0 0 0) 0x7fe46801aa30 con 0x7fe480108f40
2024-04-23T18:16:52.217 INFO:teuthology.orchestra.run.smithi033.stdout:/usr/bin/ceph: stderr
2024-04-23T18:16:51.284+0000 7fe47effd700 1 -- 172.21.15.33:0/3927177163 >> [v2:172.21.15.33:6800/1526532469,v1:172.21.15.33:6801/1526532469] conn(0x7fe46c039560 msgr2=0x7fe46c03ba20 unknown :-1 s=STATE_CONNECTING_RE l=1).process reconnect failed to v2:172.21.15.33:6800/1526532469
2024-04-23T18:16:52.217 INFO:teuthology.orchestra.run.smithi033.stdout:/usr/bin/ceph: stderr
2024-04-23T18:16:51.284+0000 7fe47effd700 1 --2- 172.21.15.33:0/3927177163 >> [v2:172.21.15.33:6800/1526532469,v1:172.21.15.33:6801/1526532469] conn(0x7fe46c039560 0x7fe46c03ba20 unknown :-1 s=START_CONNECT pgs=0 cs=0 l=1 rev1=0 crypto rx=0 tx=0 comp rx=0 tx=0)._fault waiting 0.200000
2024-04-23T18:16:52.217 INFO:teuthology.orchestra.run.smithi033.stdout:/usr/bin/ceph: stderr
2024-04-23T18:16:51.289+0000 7fe47cff9700 1 -- 172.21.15.33:0/3927177163 <== mon.0 v2:172.21.15.33:3300/0 6 ==== mon_command_ack([{"prefix": "get_command_descriptions"}]=0 v0) ==== 72+0+188370 (secure 0 0 0) 0x7fe468023c90 con 0x7fe480108f40
2024-04-23T18:16:52.217 INFO:teuthology.orchestra.run.smithi033.stdout:/usr/bin/ceph: stderr
2024-04-23T18:16:51.485+0000 7fe47effd700 1 -- 172.21.15.33:0/3927177163 >> [v2:172.21.15.33:6800/1526532469,v1:172.21.15.33:6801/1526532469] conn(0x7fe46c039560 msgr2=0x7fe46c03ba20 unknown :-1 s=STATE_CONNECTING_RE l=1).process reconnect failed to v2:172.21.15.33:6800/1526532469
2024-04-23T18:16:52.217 INFO:teuthology.orchestra.run.smithi033.stdout:/usr/bin/ceph: stderr
2024-04-23T18:16:51.485+0000 7fe47effd700 1 --2- 172.21.15.33:0/3927177163 >> [v2:172.21.15.33:6800/1526532469,v1:172.21.15.33:6801/1526532469] conn(0x7fe46c039560 0x7fe46c03ba20 unknown :-1 s=START_CONNECT pgs=0 cs=0 l=1 rev1=0 crypto rx=0 tx=0 comp rx=0 tx=0)._fault waiting 0.400000
2024-04-23T18:16:52.217 INFO:teuthology.orchestra.run.smithi033.stdout:/usr/bin/ceph: stderr
2024-04-23T18:16:51.601+0000 7fe485d4b700 1 -- 172.21.15.33:0/3927177163 --> [v2:172.21.15.33:3300/0,v1:172.21.15.33:6789/0] -- mon_command({"prefix": "mgr stat"} v 0) -- 0x7fe48019fae0 con 0x7fe480108f40
2024-04-23T18:16:52.217 INFO:teuthology.orchestra.run.smithi033.stdout:/usr/bin/ceph: stderr
2024-04-23T18:16:51.602+0000 7fe47cff9700 1 -- 172.21.15.33:0/3927177163 <== mon.0 v2:172.21.15.33:3300/0 7 ==== mon_command_ack([{"prefix": "mgr stat"}]=0 v5) ==== 56+0+88 (secure 0 0 0) 0x7fe48019fae0 con 0x7fe480108f40
2024-04-23T18:16:52.217 INFO:teuthology.orchestra.run.smithi033.stdout:/usr/bin/ceph: stderr
2024-04-23T18:16:51.604+0000 7fe485d4b700 1 -- 172.21.15.33:0/3927177163 >> [v2:172.21.15.33:6800/1526532469,v1:172.21.15.33:6801/1526532469] conn(0x7fe46c039560 msgr2=0x7fe46c03ba20 unknown :-1 s=STATE_CONNECTING l=1).mark_down
2024-04-23T18:16:52.217 INFO:teuthology.orchestra.run.smithi033.stdout:/usr/bin/ceph: stderr
2024-04-23T18:16:51.604+0000 7fe485d4b700 1 --2- 172.21.15.33:0/3927177163 >> [v2:172.21.15.33:6800/1526532469,v1:172.21.15.33:6801/1526532469] conn(0x7fe46c039560 0x7fe46c03ba20 unknown :-1 s=START_CONNECT pgs=0 cs=0 l=1 rev1=0 crypto rx=0 tx=0 comp rx=0 tx=0).stop
2024-04-23T18:16:52.218 INFO:teuthology.orchestra.run.smithi033.stdout:/usr/bin/ceph: stderr
2024-04-23T18:16:51.604+0000 7fe485d4b700 1 -- 172.21.15.33:0/3927177163 >> [v2:172.21.15.33:3300/0,v1:172.21.15.33:6789/0] conn(0x7fe480108f40 msgr2=0x7fe48019c450 secure :-1 s=STATE_CONNECTION_ESTABLISHED l=1).mark_down
2024-04-23T18:16:52.218 INFO:teuthology.orchestra.run.smithi033.stdout:/usr/bin/ceph: stderr
2024-04-23T18:16:51.604+0000 7fe485d4b700 1 --2- 172.21.15.33:0/3927177163 >> [v2:172.21.15.33:3300/0,v1:172.21.15.33:6789/0] conn(0x7fe480108f40 0x7fe48019c450 secure :-1 s=READY pgs=27 cs=0 l=1 rev1=1 crypto rx=0x7fe468009fb0 tx=0x7fe468011940 comp rx=0 tx=0).stop
2024-04-23T18:16:52.218 INFO:teuthology.orchestra.run.smithi033.stdout:/usr/bin/ceph: stderr
2024-04-23T18:16:51.604+0000 7fe485d4b700 1 -- 172.21.15.33:0/3927177163 shutdown_connections
2024-04-23T18:16:52.218 INFO:teuthology.orchestra.run.smithi033.stdout:/usr/bin/ceph: stderr
2024-04-23T18:16:51.604+0000 7fe485d4b700 1 --2- 172.21.15.33:0/3927177163 >> [v2:172.21.15.33:6800/1526532469,v1:172.21.15.33:6801/1526532469] conn(0x7fe46c039560 0x7fe46c03ba20 unknown :-1 s=CLOSED pgs=0 cs=0 l=1 rev1=0 crypto rx=0 tx=0 comp rx=0 tx=0).stop
2024-04-23T18:16:52.218 INFO:teuthology.orchestra.run.smithi033.stdout:/usr/bin/ceph: stderr
2024-04-23T18:16:51.604+0000 7fe485d4b700 1 --2- 172.21.15.33:0/3927177163 >> [v2:172.21.15.33:3300/0,v1:172.21.15.33:6789/0] conn(0x7fe480108f40 0x7fe48019c450 unknown :-1 s=CLOSED pgs=27 cs=0 l=1 rev1=1 crypto rx=0 tx=0 comp rx=0 tx=0).stop
2024-04-23T18:16:52.219 INFO:teuthology.orchestra.run.smithi033.stdout:/usr/bin/ceph: stderr
2024-04-23T18:16:51.604+0000 7fe485d4b700 1 -- 172.21.15.33:0/3927177163 >> 172.21.15.33:0/3927177163 conn(0x7fe4801029b0 msgr2=0x7fe480103530 unknown :-1 s=STATE_NONE l=0).mark_down
2024-04-23T18:16:52.219 INFO:teuthology.orchestra.run.smithi033.stdout:/usr/bin/ceph: stderr
2024-04-23T18:16:51.604+0000 7fe485d4b700 1 -- 172.21.15.33:0/3927177163 shutdown_connections
2024-04-23T18:16:52.219 INFO:teuthology.orchestra.run.smithi033.stdout:/usr/bin/ceph: stderr
2024-04-23T18:16:51.604+0000 7fe485d4b700 1 -- 172.21.15.33:0/3927177163 wait complete.
2024-04-23T18:16:52.219 INFO:teuthology.orchestra.run.smithi033.stdout:Waiting for the mgr to restart...
2024-04-23T18:16:52.219 INFO:teuthology.orchestra.run.smithi033.stdout:Waiting for mgr epoch 5...
2024-04-23T18:16:52.462 INFO:journalctl@ceph.mon.a.smithi033.stdout:Apr 23 18:16:52 smithi033 ceph-mon[29274]: from='client.? 172.21.15.33:0/3927177163' entity='client.admin' cmd=[{"prefix": "mgr stat"}]: dispatch
2024-04-23T18:16:52.463 INFO:journalctl@ceph.mgr.x.smithi033.stdout:Apr 23 18:16:52 smithi033 ceph-766ecab6-019d-11ef-bc93-c7b262605968-mgr-x[29503]:
2024-04-23T18:16:52.376+0000 7f1d1e131200 -1 mgr[py] Module telegraf has missing NOTIFY_TYPES member
2024-04-23T18:16:52.727 INFO:journalctl@ceph.mgr.x.smithi033.stdout:Apr 23 18:16:52 smithi033 ceph-766ecab6-019d-11ef-bc93-c7b262605968-mgr-x[29503]:
2024-04-23T18:16:52.554+0000 7f1d1e131200 -1 mgr[py] Module osd_support has missing NOTIFY_TYPES member
2024-04-23T18:16:52.727 INFO:journalctl@ceph.mgr.x.smithi033.stdout:Apr 23 18:16:52 smithi033 ceph-766ecab6-019d-11ef-bc93-c7b262605968-mgr-x[29503]:
2024-04-23T18:16:52.734+0000 7f1d1e131200 -1 mgr[py] Module iostat has missing NOTIFY_TYPES member
2024-04-23T18:16:53.290 INFO:journalctl@ceph.mgr.x.smithi033.stdout:Apr 23 18:16:53 smithi033 ceph-766ecab6-019d-11ef-bc93-c7b262605968-mgr-x[29503]:
2024-04-23T18:16:53.034+0000 7f1d1e131200 -1 mgr[py] Module alerts has missing NOTIFY_TYPES member
2024-04-23T18:16:53.290 INFO:journalctl@ceph.mgr.x.smithi033.stdout:Apr 23 18:16:53 smithi033 ceph-766ecab6-019d-11ef-bc93-c7b262605968-mgr-x[29503]:
2024-04-23T18:16:53.130+0000 7f1d1e131200 -1 mgr[py] Module selftest has missing NOTIFY_TYPES member
2024-04-23T18:16:53.731 INFO:journalctl@ceph.mgr.x.smithi033.stdout:Apr 23 18:16:53 smithi033 ceph-766ecab6-019d-11ef-bc93-c7b262605968-mgr-x[29503]:
2024-04-23T18:16:53.339+0000 7f1d1e131200 -1 mgr[py] Module pg_autoscaler has missing NOTIFY_TYPES member
2024-04-23T18:16:53.731 INFO:journalctl@ceph.mgr.x.smithi033.stdout:Apr 23 18:16:53 smithi033 ceph-766ecab6-019d-11ef-bc93-c7b262605968-mgr-x[29503]:
2024-04-23T18:16:53.539+0000 7f1d1e131200 -1 mgr[py] Module test_orchestrator has missing NOTIFY_TYPES member
2024-04-23T18:16:54.481 INFO:journalctl@ceph.mgr.x.smithi033.stdout:Apr 23 18:16:54 smithi033 ceph-766ecab6-019d-11ef-bc93-c7b262605968-mgr-x[29503]:
2024-04-23T18:16:54.160+0000 7f1d1e131200 -1 mgr[py] Module rook has missing NOTIFY_TYPES member
2024-04-23T18:16:54.895 INFO:journalctl@ceph.mgr.x.smithi033.stdout:Apr 23 18:16:54 smithi033 ceph-766ecab6-019d-11ef-bc93-c7b262605968-mgr-x[29503]:
2024-04-23T18:16:54.595+0000 7f1d1e131200 -1 mgr[py] Module volumes has missing NOTIFY_TYPES member
2024-04-23T18:16:54.896 INFO:journalctl@ceph.mgr.x.smithi033.stdout:Apr 23 18:16:54 smithi033 ceph-766ecab6-019d-11ef-bc93-c7b262605968-mgr-x[29503]:
2024-04-23T18:16:54.694+0000 7f1d1e131200 -1 mgr[py] Module crash has missing NOTIFY_TYPES member
2024-04-23T18:16:54.896 INFO:journalctl@ceph.mgr.x.smithi033.stdout:Apr 23 18:16:54 smithi033 ceph-766ecab6-019d-11ef-bc93-c7b262605968-mgr-x[29503]:
2024-04-23T18:16:54.902+0000 7f1d1e131200 -1 mgr[py] Module rgw has missing NOTIFY_TYPES member
2024-04-23T18:16:55.692 INFO:journalctl@ceph.mgr.x.smithi033.stdout:Apr 23 18:16:55 smithi033 ceph-766ecab6-019d-11ef-bc93-c7b262605968-mgr-x[29503]:
2024-04-23T18:16:55.443+0000 7f1d1e131200 -1 mgr[py] Module prometheus has missing NOTIFY_TYPES member
2024-04-23T18:16:55.692 INFO:journalctl@ceph.mgr.x.smithi033.stdout:Apr 23 18:16:55 smithi033 ceph-766ecab6-019d-11ef-bc93-c7b262605968-mgr-x[29503]:
2024-04-23T18:16:55.538+0000 7f1d1e131200 -1 mgr[py] Module devicehealth has missing NOTIFY_TYPES member
2024-04-23T18:16:55.981 INFO:journalctl@ceph.mgr.x.smithi033.stdout:Apr 23 18:16:55 smithi033 ceph-766ecab6-019d-11ef-bc93-c7b262605968-mgr-x[29503]:
2024-04-23T18:16:55.789+0000 7f1d1e131200 -1 mgr[py] Module telemetry has missing NOTIFY_TYPES member
2024-04-23T18:16:55.981 INFO:journalctl@ceph.mgr.x.smithi033.stdout:Apr 23 18:16:55 smithi033 ceph-766ecab6-019d-11ef-bc93-c7b262605968-mgr-x[29503]:
2024-04-23T18:16:55.926+0000 7f1d1e131200 -1 mgr[py] Module diskprediction_local has missing NOTIFY_TYPES member
2024-04-23T18:16:56.448 INFO:journalctl@ceph.mgr.x.smithi033.stdout:Apr 23 18:16:56 smithi033 ceph-766ecab6-019d-11ef-bc93-c7b262605968-mgr-x[29503]:
2024-04-23T18:16:56.024+0000 7f1d1e131200 -1 mgr[py] Module osd_perf_query has missing NOTIFY_TYPES member
2024-04-23T18:16:56.448 INFO:journalctl@ceph.mgr.x.smithi033.stdout:Apr 23 18:16:56 smithi033 ceph-766ecab6-019d-11ef-bc93-c7b262605968-mgr-x[29503]:
2024-04-23T18:16:56.143+0000 7f1d1e131200 -1 mgr[py] Module rbd_support has missing NOTIFY_TYPES member
2024-04-23T18:16:56.448 INFO:journalctl@ceph.mgr.x.smithi033.stdout:Apr 23 18:16:56 smithi033 ceph-766ecab6-019d-11ef-bc93-c7b262605968-mgr-x[29503]:
2024-04-23T18:16:56.454+0000 7f1d1e131200 -1 mgr[py] Module zabbix has missing NOTIFY_TYPES member
2024-04-23T18:16:57.347 INFO:journalctl@ceph.mgr.x.smithi033.stdout:Apr 23 18:16:57 smithi033 ceph-766ecab6-019d-11ef-bc93-c7b262605968-mgr-x[29503]:
2024-04-23T18:16:57.078+0000 7f1d1e131200 -1 mgr[py] Module status has missing NOTIFY_TYPES member
2024-04-23T18:16:57.347 INFO:journalctl@ceph.mgr.x.smithi033.stdout:Apr 23 18:16:57 smithi033 ceph-766ecab6-019d-11ef-bc93-c7b262605968-mgr-x[29503]:
2024-04-23T18:16:57.300+0000 7f1d1e131200 -1 mgr[py] Module nfs has missing NOTIFY_TYPES member
2024-04-23T18:16:57.731 INFO:journalctl@ceph.mon.a.smithi033.stdout:Apr 23 18:16:57 smithi033 ceph-mon[29274]: Active manager daemon x restarted
2024-04-23T18:16:57.731 INFO:journalctl@ceph.mon.a.smithi033.stdout:Apr 23 18:16:57 smithi033 ceph-mon[29274]: Activating manager daemon x
2024-04-23T18:16:57.731 INFO:journalctl@ceph.mon.a.smithi033.stdout:Apr 23 18:16:57 smithi033 ceph-mon[29274]: osdmap e2: 0 total, 0 up, 0 in
2024-04-23T18:16:57.731 INFO:journalctl@ceph.mon.a.smithi033.stdout:Apr 23 18:16:57 smithi033 ceph-mon[29274]: mgrmap e6: x(active, starting, since 0.00316983s)
2024-04-23T18:16:57.731 INFO:journalctl@ceph.mon.a.smithi033.stdout:Apr 23 18:16:57 smithi033 ceph-mon[29274]: from='mgr.14120 172.21.15.33:0/3560161992' entity='mgr.x' cmd=[{"prefix": "mon metadata", "id": "a"}]: dispatch
2024-04-23T18:16:57.731 INFO:journalctl@ceph.mon.a.smithi033.stdout:Apr 23 18:16:57 smithi033 ceph-mon[29274]: from='mgr.14120 172.21.15.33:0/3560161992' entity='mgr.x' cmd=[{"prefix": "mgr metadata", "who": "x", "id": "x"}]: dispatch
2024-04-23T18:16:57.732 INFO:journalctl@ceph.mon.a.smithi033.stdout:Apr 23 18:16:57 smithi033 ceph-mon[29274]: from='mgr.14120 172.21.15.33:0/3560161992' entity='mgr.x' cmd=[{"prefix": "mds metadata"}]: dispatch
2024-04-23T18:16:57.732 INFO:journalctl@ceph.mon.a.smithi033.stdout:Apr 23 18:16:57 smithi033 ceph-mon[29274]: from='mgr.14120 172.21.15.33:0/3560161992' entity='mgr.x' cmd=[{"prefix": "osd metadata"}]: dispatch
2024-04-23T18:16:57.732 INFO:journalctl@ceph.mon.a.smithi033.stdout:Apr 23 18:16:57 smithi033 ceph-mon[29274]: from='mgr.14120 172.21.15.33:0/3560161992' entity='mgr.x' cmd=[{"prefix": "mon metadata"}]: dispatch
2024-04-23T18:16:57.732 INFO:journalctl@ceph.mon.a.smithi033.stdout:Apr 23 18:16:57 smithi033 ceph-mon[29274]: Manager daemon x is now available
2024-04-23T18:16:57.732 INFO:journalctl@ceph.mon.a.smithi033.stdout:Apr 23 18:16:57 smithi033 ceph-mon[29274]: from='mgr.14120 172.21.15.33:0/3560161992' entity='mgr.x'
2024-04-23T18:16:57.732 INFO:journalctl@ceph.mon.a.smithi033.stdout:Apr 23 18:16:57 smithi033 ceph-mon[29274]: from='mgr.14120 172.21.15.33:0/3560161992' entity='mgr.x'
2024-04-23T18:16:57.732 INFO:journalctl@ceph.mon.a.smithi033.stdout:Apr 23 18:16:57 smithi033 ceph-mon[29274]: from='mgr.14120 172.21.15.33:0/3560161992' entity='mgr.x' cmd=[{"prefix": "config dump", "format": "json"}]: dispatch
2024-04-23T18:16:57.732 INFO:journalctl@ceph.mon.a.smithi033.stdout:Apr 23 18:16:57 smithi033 ceph-mon[29274]: from='mgr.14120 172.21.15.33:0/3560161992' entity='mgr.x' cmd=[{"prefix": "config dump", "format": "json"}]: dispatch
2024-04-23T18:16:57.732 INFO:journalctl@ceph.mon.a.smithi033.stdout:Apr 23 18:16:57 smithi033 ceph-mon[29274]: from='mgr.14120 172.21.15.33:0/3560161992' entity='mgr.x' cmd=[{"prefix":"config rm","who":"mgr","name":"mgr/rbd_support/x/mirror_snapshot_schedule"}]: dispatch
2024-04-23T18:16:58.604 INFO:journalctl@ceph.mon.a.smithi033.stdout:Apr 23 18:16:58 smithi033 ceph-mon[29274]: Found migration_current of "None". Setting to last migration.
2024-04-23T18:16:58.605 INFO:journalctl@ceph.mon.a.smithi033.stdout:Apr 23 18:16:58 smithi033 ceph-mon[29274]: from='mgr.14120 172.21.15.33:0/3560161992' entity='mgr.x' cmd=[{"prefix":"config rm","who":"mgr","name":"mgr/rbd_support/x/trash_purge_schedule"}]: dispatch
2024-04-23T18:16:58.605 INFO:journalctl@ceph.mon.a.smithi033.stdout:Apr 23 18:16:58 smithi033 ceph-mon[29274]: from='mgr.14120 172.21.15.33:0/3560161992' entity='mgr.x'
2024-04-23T18:16:58.605 INFO:journalctl@ceph.mon.a.smithi033.stdout:Apr 23 18:16:58 smithi033 ceph-mon[29274]: from='mgr.14120 172.21.15.33:0/3560161992' entity='mgr.x'
2024-04-23T18:16:58.605 INFO:journalctl@ceph.mon.a.smithi033.stdout:Apr 23 18:16:58 smithi033 ceph-mon[29274]: mgrmap e7: x(active, since 1.00567s)
2024-04-23T18:16:58.881 INFO:teuthology.orchestra.run.smithi033.stdout:/usr/bin/ceph: stdout {
2024-04-23T18:16:58.881 INFO:teuthology.orchestra.run.smithi033.stdout:/usr/bin/ceph: stdout "mgrmap_epoch": 7,
2024-04-23T18:16:58.881 INFO:teuthology.orchestra.run.smithi033.stdout:/usr/bin/ceph: stdout "initialized": true
2024-04-23T18:16:58.881 INFO:teuthology.orchestra.run.smithi033.stdout:/usr/bin/ceph: stdout }
2024-04-23T18:16:58.881 INFO:teuthology.orchestra.run.smithi033.stdout:/usr/bin/ceph: stderr
2024-04-23T18:16:52.688+0000 7fde64813700 1 Processor -- start
2024-04-23T18:16:58.881 INFO:teuthology.orchestra.run.smithi033.stdout:/usr/bin/ceph: stderr
2024-04-23T18:16:52.688+0000 7fde64813700 1 -- start start
2024-04-23T18:16:58.882 INFO:teuthology.orchestra.run.smithi033.stdout:/usr/bin/ceph: stderr
2024-04-23T18:16:52.689+0000 7fde64813700 1 --2- >> [v2:172.21.15.33:3300/0,v1:172.21.15.33:6789/0] conn(0x7fde60107430 0x7fde60107850 unknown :-1 s=NONE pgs=0 cs=0 l=0 rev1=0 crypto rx=0 tx=0 comp rx=0 tx=0).connect
2024-04-23T18:16:58.882 INFO:teuthology.orchestra.run.smithi033.stdout:/usr/bin/ceph: stderr
2024-04-23T18:16:52.689+0000 7fde64813700 1 -- --> [v2:172.21.15.33:3300/0,v1:172.21.15.33:6789/0] -- mon_getmap magic: 0 -- 0x7fde60107e20 con 0x7fde60107430
2024-04-23T18:16:58.882 INFO:teuthology.orchestra.run.smithi033.stdout:/usr/bin/ceph: stderr
2024-04-23T18:16:52.689+0000 7fde5e59c700 1 --2- >> [v2:172.21.15.33:3300/0,v1:172.21.15.33:6789/0] conn(0x7fde60107430 0x7fde60107850 unknown :-1 s=BANNER_CONNECTING pgs=0 cs=0 l=0 rev1=0 crypto rx=0 tx=0 comp rx=0 tx=0)._handle_peer_banner_payload supported=3 required=0
2024-04-23T18:16:58.882 INFO:teuthology.orchestra.run.smithi033.stdout:/usr/bin/ceph: stderr
2024-04-23T18:16:52.689+0000 7fde5e59c700 1 --2- >> [v2:172.21.15.33:3300/0,v1:172.21.15.33:6789/0] conn(0x7fde60107430 0x7fde60107850 unknown :-1 s=HELLO_CONNECTING pgs=0 cs=0 l=0 rev1=1 crypto rx=0 tx=0 comp rx=0 tx=0).handle_hello peer v2:172.21.15.33:3300/0 says I am v2:172.21.15.33:53226/0 (socket says 172.21.15.33:53226)
2024-04-23T18:16:58.882 INFO:teuthology.orchestra.run.smithi033.stdout:/usr/bin/ceph: stderr
2024-04-23T18:16:52.689+0000 7fde5e59c700 1 -- 172.21.15.33:0/582296805 learned_addr learned my addr 172.21.15.33:0/582296805 (peer_addr_for_me v2:172.21.15.33:0/0)
2024-04-23T18:16:58.882 INFO:teuthology.orchestra.run.smithi033.stdout:/usr/bin/ceph: stderr
2024-04-23T18:16:52.689+0000 7fde5e59c700 1 -- 172.21.15.33:0/582296805 --> [v2:172.21.15.33:3300/0,v1:172.21.15.33:6789/0] -- mon_subscribe({config=0+,monmap=0+}) -- 0x7fde60108630 con 0x7fde60107430
2024-04-23T18:16:58.882 INFO:teuthology.orchestra.run.smithi033.stdout:/usr/bin/ceph: stderr
2024-04-23T18:16:52.689+0000 7fde5e59c700 1 --2- 172.21.15.33:0/582296805 >> [v2:172.21.15.33:3300/0,v1:172.21.15.33:6789/0] conn(0x7fde60107430 0x7fde60107850 secure :-1 s=READY pgs=28 cs=0 l=1 rev1=1 crypto rx=0x7fde480098a0 tx=0x7fde48009bb0 comp rx=0 tx=0).ready entity=mon.0 client_cookie=a828fca015219fee server_cookie=0 in_seq=0 out_seq=0
2024-04-23T18:16:58.882 INFO:teuthology.orchestra.run.smithi033.stdout:/usr/bin/ceph: stderr
2024-04-23T18:16:52.689+0000 7fde5d59a700 1 -- 172.21.15.33:0/582296805 <== mon.0 v2:172.21.15.33:3300/0 1 ==== mon_map magic: 0 ==== 205+0+0 (secure 0 0 0) 0x7fde48004160 con 0x7fde60107430
2024-04-23T18:16:58.882 INFO:teuthology.orchestra.run.smithi033.stdout:/usr/bin/ceph: stderr
2024-04-23T18:16:52.689+0000 7fde5d59a700 1 -- 172.21.15.33:0/582296805 <== mon.0 v2:172.21.15.33:3300/0 2 ==== config(26 keys) ==== 1070+0+0 (secure 0 0 0) 0x7fde48004300 con 0x7fde60107430
2024-04-23T18:16:58.882 INFO:teuthology.orchestra.run.smithi033.stdout:/usr/bin/ceph: stderr
2024-04-23T18:16:52.689+0000 7fde5d59a700 1 -- 172.21.15.33:0/582296805 <== mon.0 v2:172.21.15.33:3300/0 3 ==== mon_map magic: 0 ==== 205+0+0 (secure 0 0 0) 0x7fde48011af0 con 0x7fde60107430
2024-04-23T18:16:58.882 INFO:teuthology.orchestra.run.smithi033.stdout:/usr/bin/ceph: stderr
2024-04-23T18:16:52.690+0000 7fde64813700 1 -- 172.21.15.33:0/582296805 >> [v2:172.21.15.33:3300/0,v1:172.21.15.33:6789/0] conn(0x7fde60107430 msgr2=0x7fde60107850 secure :-1 s=STATE_CONNECTION_ESTABLISHED l=1).mark_down
2024-04-23T18:16:58.882 INFO:teuthology.orchestra.run.smithi033.stdout:/usr/bin/ceph: stderr
2024-04-23T18:16:52.690+0000 7fde64813700 1 --2- 172.21.15.33:0/582296805 >> [v2:172.21.15.33:3300/0,v1:172.21.15.33:6789/0] conn(0x7fde60107430 0x7fde60107850 secure :-1 s=READY pgs=28 cs=0 l=1 rev1=1 crypto rx=0x7fde480098a0 tx=0x7fde48009bb0 comp rx=0 tx=0).stop
2024-04-23T18:16:58.882 INFO:teuthology.orchestra.run.smithi033.stdout:/usr/bin/ceph: stderr
2024-04-23T18:16:52.690+0000 7fde64813700 1 -- 172.21.15.33:0/582296805 shutdown_connections
2024-04-23T18:16:58.882 INFO:teuthology.orchestra.run.smithi033.stdout:/usr/bin/ceph: stderr
2024-04-23T18:16:52.690+0000 7fde64813700 1 --2- 172.21.15.33:0/582296805 >> [v2:172.21.15.33:3300/0,v1:172.21.15.33:6789/0] conn(0x7fde60107430 0x7fde60107850 unknown :-1 s=CLOSED pgs=28 cs=0 l=1 rev1=1 crypto rx=0 tx=0 comp rx=0 tx=0).stop
2024-04-23T18:16:58.883 INFO:teuthology.orchestra.run.smithi033.stdout:/usr/bin/ceph: stderr
2024-04-23T18:16:52.690+0000 7fde64813700 1 -- 172.21.15.33:0/582296805 >> 172.21.15.33:0/582296805 conn(0x7fde60102a10 msgr2=0x7fde60104e30 unknown :-1 s=STATE_NONE l=0).mark_down
2024-04-23T18:16:58.883 INFO:teuthology.orchestra.run.smithi033.stdout:/usr/bin/ceph: stderr
2024-04-23T18:16:52.690+0000 7fde64813700 1 -- 172.21.15.33:0/582296805 shutdown_connections
2024-04-23T18:16:58.883 INFO:teuthology.orchestra.run.smithi033.stdout:/usr/bin/ceph: stderr
2024-04-23T18:16:52.690+0000 7fde64813700 1 -- 172.21.15.33:0/582296805 wait complete.
2024-04-23T18:16:58.883 INFO:teuthology.orchestra.run.smithi033.stdout:/usr/bin/ceph: stderr
2024-04-23T18:16:52.691+0000 7fde64813700 1 Processor -- start
2024-04-23T18:16:58.883 INFO:teuthology.orchestra.run.smithi033.stdout:/usr/bin/ceph: stderr
2024-04-23T18:16:52.692+0000 7fde64813700 1 -- start start
2024-04-23T18:16:58.883 INFO:teuthology.orchestra.run.smithi033.stdout:/usr/bin/ceph: stderr
2024-04-23T18:16:52.692+0000 7fde64813700 1 --2- >> [v2:172.21.15.33:3300/0,v1:172.21.15.33:6789/0] conn(0x7fde60107430 0x7fde6007ba60 unknown :-1 s=NONE pgs=0 cs=0 l=1 rev1=0 crypto rx=0 tx=0 comp rx=0 tx=0).connect
2024-04-23T18:16:58.883 INFO:teuthology.orchestra.run.smithi033.stdout:/usr/bin/ceph: stderr
2024-04-23T18:16:52.692+0000 7fde64813700 1 -- --> [v2:172.21.15.33:3300/0,v1:172.21.15.33:6789/0] -- mon_getmap magic: 0 -- 0x7fde6010b860 con 0x7fde60107430
2024-04-23T18:16:58.883 INFO:teuthology.orchestra.run.smithi033.stdout:/usr/bin/ceph: stderr
2024-04-23T18:16:52.692+0000 7fde5e59c700 1 --2- >> [v2:172.21.15.33:3300/0,v1:172.21.15.33:6789/0] conn(0x7fde60107430 0x7fde6007ba60 unknown :-1 s=BANNER_CONNECTING pgs=0 cs=0 l=1 rev1=0 crypto rx=0 tx=0 comp rx=0 tx=0)._handle_peer_banner_payload supported=3 required=0
2024-04-23T18:16:58.883 INFO:teuthology.orchestra.run.smithi033.stdout:/usr/bin/ceph: stderr
2024-04-23T18:16:52.692+0000 7fde5e59c700 1 --2- >> [v2:172.21.15.33:3300/0,v1:172.21.15.33:6789/0] conn(0x7fde60107430 0x7fde6007ba60 unknown :-1 s=HELLO_CONNECTING pgs=0 cs=0 l=1 rev1=1 crypto rx=0 tx=0 comp rx=0 tx=0).handle_hello peer v2:172.21.15.33:3300/0 says I am v2:172.21.15.33:53232/0 (socket says 172.21.15.33:53232)
2024-04-23T18:16:58.883 INFO:teuthology.orchestra.run.smithi033.stdout:/usr/bin/ceph: stderr
2024-04-23T18:16:52.692+0000 7fde5e59c700 1 -- 172.21.15.33:0/2956416959 learned_addr learned my addr 172.21.15.33:0/2956416959 (peer_addr_for_me v2:172.21.15.33:0/0)
2024-04-23T18:16:58.883 INFO:teuthology.orchestra.run.smithi033.stdout:/usr/bin/ceph: stderr
2024-04-23T18:16:52.692+0000 7fde5e59c700 1 -- 172.21.15.33:0/2956416959 --> [v2:172.21.15.33:3300/0,v1:172.21.15.33:6789/0] -- mon_subscribe({config=0+,monmap=0+}) -- 0x7fde6019f1d0 con 0x7fde60107430
2024-04-23T18:16:58.883 INFO:teuthology.orchestra.run.smithi033.stdout:/usr/bin/ceph: stderr
2024-04-23T18:16:52.692+0000 7fde5e59c700 1 --2- 172.21.15.33:0/2956416959 >> [v2:172.21.15.33:3300/0,v1:172.21.15.33:6789/0] conn(0x7fde60107430 0x7fde6007ba60 secure :-1 s=READY pgs=29 cs=0 l=1 rev1=1 crypto rx=0x7fde48009fb0 tx=0x7fde48011940 comp rx=0 tx=0).ready entity=mon.0 client_cookie=0 server_cookie=0 in_seq=0 out_seq=0
2024-04-23T18:16:58.883 INFO:teuthology.orchestra.run.smithi033.stdout:/usr/bin/ceph: stderr
2024-04-23T18:16:52.693+0000 7fde577fe700 1 -- 172.21.15.33:0/2956416959 <== mon.0 v2:172.21.15.33:3300/0 1 ==== mon_map magic: 0 ==== 205+0+0 (secure 0 0 0) 0x7fde480036a0 con 0x7fde60107430
2024-04-23T18:16:58.883 INFO:teuthology.orchestra.run.smithi033.stdout:/usr/bin/ceph: stderr
