2024-04-23T18:30:40.525+0000 7f1d45024700 1 -- 172.21.15.16:0/2852403136 <== mon.0 v2:172.21.15.16:3300/0 2 ==== config(26 keys) ==== 1101+0+0 (secure 0 0 0) 0x7f1d3c004300 con 0x7f1d40108430
2024-04-23T18:30:41.328 INFO:teuthology.orchestra.run.smithi016.stdout:/usr/bin/ceph: stderr
2024-04-23T18:30:40.525+0000 7f1d45024700 1 -- 172.21.15.16:0/2852403136 <== mon.0 v2:172.21.15.16:3300/0 3 ==== mon_map magic: 0 ==== 205+0+0 (secure 0 0 0) 0x7f1d3c011a20 con 0x7f1d40108430
2024-04-23T18:30:41.328 INFO:teuthology.orchestra.run.smithi016.stdout:/usr/bin/ceph: stderr
2024-04-23T18:30:40.526+0000 7f1d4828a700 1 -- 172.21.15.16:0/2852403136 >> [v2:172.21.15.16:3300/0,v1:172.21.15.16:6789/0] conn(0x7f1d40108430 msgr2=0x7f1d40108850 secure :-1 s=STATE_CONNECTION_ESTABLISHED l=1).mark_down
2024-04-23T18:30:41.328 INFO:teuthology.orchestra.run.smithi016.stdout:/usr/bin/ceph: stderr
2024-04-23T18:30:40.526+0000 7f1d4828a700 1 --2- 172.21.15.16:0/2852403136 >> [v2:172.21.15.16:3300/0,v1:172.21.15.16:6789/0] conn(0x7f1d40108430 0x7f1d40108850 secure :-1 s=READY pgs=53 cs=0 l=1 rev1=1 crypto rx=0x7f1d3c0098a0 tx=0x7f1d3c009bb0 comp rx=0 tx=0).stop
2024-04-23T18:30:41.328 INFO:teuthology.orchestra.run.smithi016.stdout:/usr/bin/ceph: stderr
2024-04-23T18:30:40.526+0000 7f1d4828a700 1 -- 172.21.15.16:0/2852403136 shutdown_connections
2024-04-23T18:30:41.328 INFO:teuthology.orchestra.run.smithi016.stdout:/usr/bin/ceph: stderr
2024-04-23T18:30:40.526+0000 7f1d4828a700 1 --2- 172.21.15.16:0/2852403136 >> [v2:172.21.15.16:3300/0,v1:172.21.15.16:6789/0] conn(0x7f1d40108430 0x7f1d40108850 unknown :-1 s=CLOSED pgs=53 cs=0 l=1 rev1=1 crypto rx=0 tx=0 comp rx=0 tx=0).stop
2024-04-23T18:30:41.328 INFO:teuthology.orchestra.run.smithi016.stdout:/usr/bin/ceph: stderr
2024-04-23T18:30:40.526+0000 7f1d4828a700 1 -- 172.21.15.16:0/2852403136 >> 172.21.15.16:0/2852403136 conn(0x7f1d40103a70 msgr2=0x7f1d40105e90 unknown :-1 s=STATE_NONE l=0).mark_down
2024-04-23T18:30:41.328 INFO:teuthology.orchestra.run.smithi016.stdout:/usr/bin/ceph: stderr
2024-04-23T18:30:40.526+0000 7f1d4828a700 1 -- 172.21.15.16:0/2852403136 shutdown_connections
2024-04-23T18:30:41.328 INFO:teuthology.orchestra.run.smithi016.stdout:/usr/bin/ceph: stderr
2024-04-23T18:30:40.526+0000 7f1d4828a700 1 -- 172.21.15.16:0/2852403136 wait complete.
2024-04-23T18:30:41.328 INFO:teuthology.orchestra.run.smithi016.stdout:/usr/bin/ceph: stderr
2024-04-23T18:30:40.526+0000 7f1d4828a700 1 Processor -- start
2024-04-23T18:30:41.328 INFO:teuthology.orchestra.run.smithi016.stdout:/usr/bin/ceph: stderr
2024-04-23T18:30:40.526+0000 7f1d4828a700 1 -- start start
2024-04-23T18:30:41.328 INFO:teuthology.orchestra.run.smithi016.stdout:/usr/bin/ceph: stderr
2024-04-23T18:30:40.526+0000 7f1d4828a700 1 --2- >> [v2:172.21.15.16:3300/0,v1:172.21.15.16:6789/0] conn(0x7f1d40108430 0x7f1d4007db80 unknown :-1 s=NONE pgs=0 cs=0 l=1 rev1=0 crypto rx=0 tx=0 comp rx=0 tx=0).connect
2024-04-23T18:30:41.328 INFO:teuthology.orchestra.run.smithi016.stdout:/usr/bin/ceph: stderr
2024-04-23T18:30:40.526+0000 7f1d4828a700 1 -- --> [v2:172.21.15.16:3300/0,v1:172.21.15.16:6789/0] -- mon_getmap magic: 0 -- 0x7f1d4010c990 con 0x7f1d40108430
2024-04-23T18:30:41.328 INFO:teuthology.orchestra.run.smithi016.stdout:/usr/bin/ceph: stderr
2024-04-23T18:30:40.527+0000 7f1d46026700 1 --2- >> [v2:172.21.15.16:3300/0,v1:172.21.15.16:6789/0] conn(0x7f1d40108430 0x7f1d4007db80 unknown :-1 s=BANNER_CONNECTING pgs=0 cs=0 l=1 rev1=0 crypto rx=0 tx=0 comp rx=0 tx=0)._handle_peer_banner_payload supported=3 required=0
2024-04-23T18:30:41.329 INFO:teuthology.orchestra.run.smithi016.stdout:/usr/bin/ceph: stderr
2024-04-23T18:30:40.527+0000 7f1d46026700 1 --2- >> [v2:172.21.15.16:3300/0,v1:172.21.15.16:6789/0] conn(0x7f1d40108430 0x7f1d4007db80 unknown :-1 s=HELLO_CONNECTING pgs=0 cs=0 l=1 rev1=1 crypto rx=0 tx=0 comp rx=0 tx=0).handle_hello peer v2:172.21.15.16:3300/0 says I am v2:172.21.15.16:40602/0 (socket says 172.21.15.16:40602)
2024-04-23T18:30:41.329 INFO:teuthology.orchestra.run.smithi016.stdout:/usr/bin/ceph: stderr
2024-04-23T18:30:40.527+0000 7f1d46026700 1 -- 172.21.15.16:0/2305906209 learned_addr learned my addr 172.21.15.16:0/2305906209 (peer_addr_for_me v2:172.21.15.16:0/0)
2024-04-23T18:30:41.329 INFO:teuthology.orchestra.run.smithi016.stdout:/usr/bin/ceph: stderr
2024-04-23T18:30:40.527+0000 7f1d46026700 1 -- 172.21.15.16:0/2305906209 --> [v2:172.21.15.16:3300/0,v1:172.21.15.16:6789/0] -- mon_subscribe({config=0+,monmap=0+}) -- 0x7f1d4007e0c0 con 0x7f1d40108430
2024-04-23T18:30:41.329 INFO:teuthology.orchestra.run.smithi016.stdout:/usr/bin/ceph: stderr
2024-04-23T18:30:40.527+0000 7f1d46026700 1 --2- 172.21.15.16:0/2305906209 >> [v2:172.21.15.16:3300/0,v1:172.21.15.16:6789/0] conn(0x7f1d40108430 0x7f1d4007db80 secure :-1 s=READY pgs=54 cs=0 l=1 rev1=1 crypto rx=0x7f1d3c009520 tx=0x7f1d3c011aa0 comp rx=0 tx=0).ready entity=mon.0 client_cookie=0 server_cookie=0 in_seq=0 out_seq=0
2024-04-23T18:30:41.329 INFO:teuthology.orchestra.run.smithi016.stdout:/usr/bin/ceph: stderr
2024-04-23T18:30:40.527+0000 7f1d377fe700 1 -- 172.21.15.16:0/2305906209 <== mon.0 v2:172.21.15.16:3300/0 1 ==== mon_map magic: 0 ==== 205+0+0 (secure 0 0 0) 0x7f1d3c0039e0 con 0x7f1d40108430
2024-04-23T18:30:41.329 INFO:teuthology.orchestra.run.smithi016.stdout:/usr/bin/ceph: stderr
2024-04-23T18:30:40.527+0000 7f1d377fe700 1 -- 172.21.15.16:0/2305906209 <== mon.0 v2:172.21.15.16:3300/0 2 ==== config(26 keys) ==== 1101+0+0 (secure 0 0 0) 0x7f1d3c01b8f0 con 0x7f1d40108430
2024-04-23T18:30:41.329 INFO:teuthology.orchestra.run.smithi016.stdout:/usr/bin/ceph: stderr
2024-04-23T18:30:40.527+0000 7f1d4828a700 1 -- 172.21.15.16:0/2305906209 --> [v2:172.21.15.16:3300/0,v1:172.21.15.16:6789/0] -- mon_subscribe({mgrmap=0+}) -- 0x7f1d4007c2b0 con 0x7f1d40108430
2024-04-23T18:30:41.329 INFO:teuthology.orchestra.run.smithi016.stdout:/usr/bin/ceph: stderr
2024-04-23T18:30:40.527+0000 7f1d377fe700 1 -- 172.21.15.16:0/2305906209 <== mon.0 v2:172.21.15.16:3300/0 3 ==== mon_map magic: 0 ==== 205+0+0 (secure 0 0 0) 0x7f1d3c019770 con 0x7f1d40108430
2024-04-23T18:30:41.329 INFO:teuthology.orchestra.run.smithi016.stdout:/usr/bin/ceph: stderr
2024-04-23T18:30:40.527+0000 7f1d4828a700 1 -- 172.21.15.16:0/2305906209 --> [v2:172.21.15.16:3300/0,v1:172.21.15.16:6789/0] -- mon_subscribe({osdmap=0}) -- 0x7f1d4007c7f0 con 0x7f1d40108430
2024-04-23T18:30:41.329 INFO:teuthology.orchestra.run.smithi016.stdout:/usr/bin/ceph: stderr
2024-04-23T18:30:40.528+0000 7f1d377fe700 1 -- 172.21.15.16:0/2305906209 <== mon.0 v2:172.21.15.16:3300/0 4 ==== mgrmap(e 8) ==== 46558+0+0 (secure 0 0 0) 0x7f1d3c019a20 con 0x7f1d40108430
2024-04-23T18:30:41.329 INFO:teuthology.orchestra.run.smithi016.stdout:/usr/bin/ceph: stderr
2024-04-23T18:30:40.528+0000 7f1d4828a700 1 -- 172.21.15.16:0/2305906209 --> [v2:172.21.15.16:3300/0,v1:172.21.15.16:6789/0] -- mon_command({"prefix": "get_command_descriptions"} v 0) -- 0x7f1d400640a0 con 0x7f1d40108430
2024-04-23T18:30:41.329 INFO:teuthology.orchestra.run.smithi016.stdout:/usr/bin/ceph: stderr
2024-04-23T18:30:40.528+0000 7f1d377fe700 1 --2- 172.21.15.16:0/2305906209 >> [v2:172.21.15.16:6800/3607592591,v1:172.21.15.16:6801/3607592591] conn(0x7f1d2c039600 0x7f1d2c03bac0 unknown :-1 s=NONE pgs=0 cs=0 l=1 rev1=0 crypto rx=0 tx=0 comp rx=0 tx=0).connect
2024-04-23T18:30:41.329 INFO:teuthology.orchestra.run.smithi016.stdout:/usr/bin/ceph: stderr
2024-04-23T18:30:40.528+0000 7f1d377fe700 1 -- 172.21.15.16:0/2305906209 <== mon.0 v2:172.21.15.16:3300/0 5 ==== osd_map(2..2 src has 1..2) ==== 940+0+0 (secure 0 0 0) 0x7f1d3c04dff0 con 0x7f1d40108430
2024-04-23T18:30:41.329 INFO:teuthology.orchestra.run.smithi016.stdout:/usr/bin/ceph: stderr
2024-04-23T18:30:40.528+0000 7f1d45825700 1 --2- 172.21.15.16:0/2305906209 >> [v2:172.21.15.16:6800/3607592591,v1:172.21.15.16:6801/3607592591] conn(0x7f1d2c039600 0x7f1d2c03bac0 unknown :-1 s=BANNER_CONNECTING pgs=0 cs=0 l=1 rev1=0 crypto rx=0 tx=0 comp rx=0 tx=0)._handle_peer_banner_payload supported=3 required=0
2024-04-23T18:30:41.329 INFO:teuthology.orchestra.run.smithi016.stdout:/usr/bin/ceph: stderr
2024-04-23T18:30:40.529+0000 7f1d45825700 1 --2- 172.21.15.16:0/2305906209 >> [v2:172.21.15.16:6800/3607592591,v1:172.21.15.16:6801/3607592591] conn(0x7f1d2c039600 0x7f1d2c03bac0 secure :-1 s=READY pgs=15 cs=0 l=1 rev1=1 crypto rx=0x7f1d30006fd0 tx=0x7f1d30006e40 comp rx=0 tx=0).ready entity=mgr.14120 client_cookie=0 server_cookie=0 in_seq=0 out_seq=0
2024-04-23T18:30:41.329 INFO:teuthology.orchestra.run.smithi016.stdout:/usr/bin/ceph: stderr
2024-04-23T18:30:40.534+0000 7f1d377fe700 1 -- 172.21.15.16:0/2305906209 <== mon.0 v2:172.21.15.16:3300/0 6 ==== mon_command_ack([{"prefix": "get_command_descriptions"}]=0 v0) ==== 72+0+188370 (secure 0 0 0) 0x7f1d3c01f030 con 0x7f1d40108430
2024-04-23T18:30:41.330 INFO:teuthology.orchestra.run.smithi016.stdout:/usr/bin/ceph: stderr
2024-04-23T18:30:40.768+0000 7f1d4828a700 1 -- 172.21.15.16:0/2305906209 --> [v2:172.21.15.16:3300/0,v1:172.21.15.16:6789/0] -- mon_command([{prefix=config set, name=mgr/dashboard/ssl_server_port}] v 0) -- 0x7f1d4007d140 con 0x7f1d40108430
2024-04-23T18:30:41.330 INFO:teuthology.orchestra.run.smithi016.stdout:/usr/bin/ceph: stderr
2024-04-23T18:30:40.771+0000 7f1d377fe700 1 -- 172.21.15.16:0/2305906209 <== mon.0 v2:172.21.15.16:3300/0 7 ==== mon_command_ack([{prefix=config set, name=mgr/dashboard/ssl_server_port}]=0 v8)=0 v8) ==== 130+0+0 (secure 0 0 0) 0x7f1d4007d140 con 0x7f1d40108430
2024-04-23T18:30:41.330 INFO:teuthology.orchestra.run.smithi016.stdout:/usr/bin/ceph: stderr
2024-04-23T18:30:40.774+0000 7f1d4828a700 1 -- 172.21.15.16:0/2305906209 >> [v2:172.21.15.16:6800/3607592591,v1:172.21.15.16:6801/3607592591] conn(0x7f1d2c039600 msgr2=0x7f1d2c03bac0 secure :-1 s=STATE_CONNECTION_ESTABLISHED l=1).mark_down
2024-04-23T18:30:41.330 INFO:teuthology.orchestra.run.smithi016.stdout:/usr/bin/ceph: stderr
2024-04-23T18:30:40.774+0000 7f1d4828a700 1 --2- 172.21.15.16:0/2305906209 >> [v2:172.21.15.16:6800/3607592591,v1:172.21.15.16:6801/3607592591] conn(0x7f1d2c039600 0x7f1d2c03bac0 secure :-1 s=READY pgs=15 cs=0 l=1 rev1=1 crypto rx=0x7f1d30006fd0 tx=0x7f1d30006e40 comp rx=0 tx=0).stop
2024-04-23T18:30:41.330 INFO:teuthology.orchestra.run.smithi016.stdout:/usr/bin/ceph: stderr
2024-04-23T18:30:40.774+0000 7f1d4828a700 1 -- 172.21.15.16:0/2305906209 >> [v2:172.21.15.16:3300/0,v1:172.21.15.16:6789/0] conn(0x7f1d40108430 msgr2=0x7f1d4007db80 secure :-1 s=STATE_CONNECTION_ESTABLISHED l=1).mark_down
2024-04-23T18:30:41.330 INFO:teuthology.orchestra.run.smithi016.stdout:/usr/bin/ceph: stderr
2024-04-23T18:30:40.774+0000 7f1d4828a700 1 --2- 172.21.15.16:0/2305906209 >> [v2:172.21.15.16:3300/0,v1:172.21.15.16:6789/0] conn(0x7f1d40108430 0x7f1d4007db80 secure :-1 s=READY pgs=54 cs=0 l=1 rev1=1 crypto rx=0x7f1d3c009520 tx=0x7f1d3c011aa0 comp rx=0 tx=0).stop
2024-04-23T18:30:41.330 INFO:teuthology.orchestra.run.smithi016.stdout:/usr/bin/ceph: stderr
2024-04-23T18:30:40.774+0000 7f1d4828a700 1 -- 172.21.15.16:0/2305906209 shutdown_connections
2024-04-23T18:30:41.330 INFO:teuthology.orchestra.run.smithi016.stdout:/usr/bin/ceph: stderr
2024-04-23T18:30:40.774+0000 7f1d4828a700 1 --2- 172.21.15.16:0/2305906209 >> [v2:172.21.15.16:6800/3607592591,v1:172.21.15.16:6801/3607592591] conn(0x7f1d2c039600 0x7f1d2c03bac0 unknown :-1 s=CLOSED pgs=15 cs=0 l=1 rev1=1 crypto rx=0 tx=0 comp rx=0 tx=0).stop
2024-04-23T18:30:41.330 INFO:teuthology.orchestra.run.smithi016.stdout:/usr/bin/ceph: stderr
2024-04-23T18:30:40.774+0000 7f1d4828a700 1 --2- 172.21.15.16:0/2305906209 >> [v2:172.21.15.16:3300/0,v1:172.21.15.16:6789/0] conn(0x7f1d40108430 0x7f1d4007db80 unknown :-1 s=CLOSED pgs=54 cs=0 l=1 rev1=1 crypto rx=0 tx=0 comp rx=0 tx=0).stop
2024-04-23T18:30:41.330 INFO:teuthology.orchestra.run.smithi016.stdout:/usr/bin/ceph: stderr
2024-04-23T18:30:40.774+0000 7f1d4828a700 1 -- 172.21.15.16:0/2305906209 >> 172.21.15.16:0/2305906209 conn(0x7f1d40103a70 msgr2=0x7f1d40104500 unknown :-1 s=STATE_NONE l=0).mark_down
2024-04-23T18:30:41.330 INFO:teuthology.orchestra.run.smithi016.stdout:/usr/bin/ceph: stderr
2024-04-23T18:30:40.774+0000 7f1d4828a700 1 -- 172.21.15.16:0/2305906209 shutdown_connections
2024-04-23T18:30:41.330 INFO:teuthology.orchestra.run.smithi016.stdout:/usr/bin/ceph: stderr
2024-04-23T18:30:40.774+0000 7f1d4828a700 1 -- 172.21.15.16:0/2305906209 wait complete.
2024-04-23T18:30:41.330 INFO:teuthology.orchestra.run.smithi016.stdout:Enabling the dashboard module...
2024-04-23T18:30:43.078 INFO:journalctl@ceph.mon.a.smithi016.stdout:Apr 23 18:30:42 smithi016 ceph-mon[29228]: from='mgr.14120 172.21.15.16:0/3548701548' entity='mgr.x'
2024-04-23T18:30:43.079 INFO:journalctl@ceph.mon.a.smithi016.stdout:Apr 23 18:30:42 smithi016 ceph-mon[29228]: from='client.? 172.21.15.16:0/2784324718' entity='client.admin' cmd=[{"prefix": "mgr module enable", "module": "dashboard"}]: dispatch
2024-04-23T18:30:43.079 INFO:journalctl@ceph.mgr.x.smithi016.stdout:Apr 23 18:30:42 smithi016 ceph-4ce7bac0-019f-11ef-bc93-c7b262605968-mgr-x[29455]: ignoring --setuser ceph since I am not root
2024-04-23T18:30:43.079 INFO:journalctl@ceph.mgr.x.smithi016.stdout:Apr 23 18:30:42 smithi016 ceph-4ce7bac0-019f-11ef-bc93-c7b262605968-mgr-x[29455]: ignoring --setgroup ceph since I am not root
2024-04-23T18:30:43.079 INFO:journalctl@ceph.mgr.x.smithi016.stdout:Apr 23 18:30:43 smithi016 ceph-4ce7bac0-019f-11ef-bc93-c7b262605968-mgr-x[29455]:
2024-04-23T18:30:43.086+0000 7f06c6424200 -1 mgr[py] Module balancer has missing NOTIFY_TYPES member
2024-04-23T18:30:43.378 INFO:journalctl@ceph.mgr.x.smithi016.stdout:Apr 23 18:30:43 smithi016 ceph-4ce7bac0-019f-11ef-bc93-c7b262605968-mgr-x[29455]:
2024-04-23T18:30:43.278+0000 7f06c6424200 -1 mgr[py] Module orchestrator has missing NOTIFY_TYPES member
2024-04-23T18:30:43.378 INFO:journalctl@ceph.mgr.x.smithi016.stdout:Apr 23 18:30:43 smithi016 ceph-4ce7bac0-019f-11ef-bc93-c7b262605968-mgr-x[29455]:
2024-04-23T18:30:43.385+0000 7f06c6424200 -1 mgr[py] Module snap_schedule has missing NOTIFY_TYPES member
2024-04-23T18:30:43.982 INFO:journalctl@ceph.mon.a.smithi016.stdout:Apr 23 18:30:43 smithi016 ceph-mon[29228]: from='client.? 172.21.15.16:0/2784324718' entity='client.admin' cmd='[{"prefix": "mgr module enable", "module": "dashboard"}]': finished
2024-04-23T18:30:43.983 INFO:journalctl@ceph.mon.a.smithi016.stdout:Apr 23 18:30:43 smithi016 ceph-mon[29228]: mgrmap e9: x(active, since 20s)
2024-04-23T18:30:43.983 INFO:journalctl@ceph.mgr.x.smithi016.stdout:Apr 23 18:30:43 smithi016 ceph-4ce7bac0-019f-11ef-bc93-c7b262605968-mgr-x[29455]:
2024-04-23T18:30:43.710+0000 7f06c6424200 -1 mgr[py] Module progress has missing NOTIFY_TYPES member
2024-04-23T18:30:43.983 INFO:journalctl@ceph.mgr.x.smithi016.stdout:Apr 23 18:30:43 smithi016 ceph-4ce7bac0-019f-11ef-bc93-c7b262605968-mgr-x[29455]:
2024-04-23T18:30:43.798+0000 7f06c6424200 -1 mgr[py] Module influx has missing NOTIFY_TYPES member
2024-04-23T18:30:43.990 INFO:teuthology.orchestra.run.smithi016.stdout:/usr/bin/ceph: stderr
2024-04-23T18:30:41.769+0000 7fee4dd8c700 1 Processor -- start
2024-04-23T18:30:43.990 INFO:teuthology.orchestra.run.smithi016.stdout:/usr/bin/ceph: stderr
2024-04-23T18:30:41.769+0000 7fee4dd8c700 1 -- start start
2024-04-23T18:30:43.990 INFO:teuthology.orchestra.run.smithi016.stdout:/usr/bin/ceph: stderr
2024-04-23T18:30:41.769+0000 7fee4dd8c700 1 --2- >> [v2:172.21.15.16:3300/0,v1:172.21.15.16:6789/0] conn(0x7fee48108440 0x7fee48108860 unknown :-1 s=NONE pgs=0 cs=0 l=0 rev1=0 crypto rx=0 tx=0 comp rx=0 tx=0).connect
2024-04-23T18:30:43.990 INFO:teuthology.orchestra.run.smithi016.stdout:/usr/bin/ceph: stderr
2024-04-23T18:30:41.769+0000 7fee4dd8c700 1 -- --> [v2:172.21.15.16:3300/0,v1:172.21.15.16:6789/0] -- mon_getmap magic: 0 -- 0x7fee48108e30 con 0x7fee48108440
2024-04-23T18:30:43.990 INFO:teuthology.orchestra.run.smithi016.stdout:/usr/bin/ceph: stderr
2024-04-23T18:30:41.769+0000 7fee477fe700 1 --2- >> [v2:172.21.15.16:3300/0,v1:172.21.15.16:6789/0] conn(0x7fee48108440 0x7fee48108860 unknown :-1 s=BANNER_CONNECTING pgs=0 cs=0 l=0 rev1=0 crypto rx=0 tx=0 comp rx=0 tx=0)._handle_peer_banner_payload supported=3 required=0
2024-04-23T18:30:43.990 INFO:teuthology.orchestra.run.smithi016.stdout:/usr/bin/ceph: stderr
2024-04-23T18:30:41.769+0000 7fee477fe700 1 --2- >> [v2:172.21.15.16:3300/0,v1:172.21.15.16:6789/0] conn(0x7fee48108440 0x7fee48108860 unknown :-1 s=HELLO_CONNECTING pgs=0 cs=0 l=0 rev1=1 crypto rx=0 tx=0 comp rx=0 tx=0).handle_hello peer v2:172.21.15.16:3300/0 says I am v2:172.21.15.16:40610/0 (socket says 172.21.15.16:40610)
2024-04-23T18:30:43.991 INFO:teuthology.orchestra.run.smithi016.stdout:/usr/bin/ceph: stderr
2024-04-23T18:30:41.769+0000 7fee477fe700 1 -- 172.21.15.16:0/2665476507 learned_addr learned my addr 172.21.15.16:0/2665476507 (peer_addr_for_me v2:172.21.15.16:0/0)
2024-04-23T18:30:43.991 INFO:teuthology.orchestra.run.smithi016.stdout:/usr/bin/ceph: stderr
2024-04-23T18:30:41.769+0000 7fee477fe700 1 -- 172.21.15.16:0/2665476507 --> [v2:172.21.15.16:3300/0,v1:172.21.15.16:6789/0] -- mon_subscribe({config=0+,monmap=0+}) -- 0x7fee481095f0 con 0x7fee48108440
2024-04-23T18:30:43.991 INFO:teuthology.orchestra.run.smithi016.stdout:/usr/bin/ceph: stderr
2024-04-23T18:30:41.770+0000 7fee477fe700 1 --2- 172.21.15.16:0/2665476507 >> [v2:172.21.15.16:3300/0,v1:172.21.15.16:6789/0] conn(0x7fee48108440 0x7fee48108860 secure :-1 s=READY pgs=55 cs=0 l=1 rev1=1 crypto rx=0x7fee380098a0 tx=0x7fee38009bb0 comp rx=0 tx=0).ready entity=mon.0 client_cookie=4db0f36281b31843 server_cookie=0 in_seq=0 out_seq=0
2024-04-23T18:30:43.991 INFO:teuthology.orchestra.run.smithi016.stdout:/usr/bin/ceph: stderr
2024-04-23T18:30:41.770+0000 7fee467fc700 1 -- 172.21.15.16:0/2665476507 <== mon.0 v2:172.21.15.16:3300/0 1 ==== mon_map magic: 0 ==== 205+0+0 (secure 0 0 0) 0x7fee38004160 con 0x7fee48108440
2024-04-23T18:30:43.991 INFO:teuthology.orchestra.run.smithi016.stdout:/usr/bin/ceph: stderr
2024-04-23T18:30:41.770+0000 7fee467fc700 1 -- 172.21.15.16:0/2665476507 <== mon.0 v2:172.21.15.16:3300/0 2 ==== config(26 keys) ==== 1101+0+0 (secure 0 0 0) 0x7fee38004300 con 0x7fee48108440
2024-04-23T18:30:43.991 INFO:teuthology.orchestra.run.smithi016.stdout:/usr/bin/ceph: stderr
2024-04-23T18:30:41.770+0000 7fee467fc700 1 -- 172.21.15.16:0/2665476507 <== mon.0 v2:172.21.15.16:3300/0 3 ==== mon_map magic: 0 ==== 205+0+0 (secure 0 0 0) 0x7fee38011a20 con 0x7fee48108440
2024-04-23T18:30:43.991 INFO:teuthology.orchestra.run.smithi016.stdout:/usr/bin/ceph: stderr
2024-04-23T18:30:41.770+0000 7fee4dd8c700 1 -- 172.21.15.16:0/2665476507 >> [v2:172.21.15.16:3300/0,v1:172.21.15.16:6789/0] conn(0x7fee48108440 msgr2=0x7fee48108860 secure :-1 s=STATE_CONNECTION_ESTABLISHED l=1).mark_down
2024-04-23T18:30:43.991 INFO:teuthology.orchestra.run.smithi016.stdout:/usr/bin/ceph: stderr
2024-04-23T18:30:41.770+0000 7fee4dd8c700 1 --2- 172.21.15.16:0/2665476507 >> [v2:172.21.15.16:3300/0,v1:172.21.15.16:6789/0] conn(0x7fee48108440 0x7fee48108860 secure :-1 s=READY pgs=55 cs=0 l=1 rev1=1 crypto rx=0x7fee380098a0 tx=0x7fee38009bb0 comp rx=0 tx=0).stop
2024-04-23T18:30:43.991 INFO:teuthology.orchestra.run.smithi016.stdout:/usr/bin/ceph: stderr
2024-04-23T18:30:41.770+0000 7fee4dd8c700 1 -- 172.21.15.16:0/2665476507 shutdown_connections
2024-04-23T18:30:43.991 INFO:teuthology.orchestra.run.smithi016.stdout:/usr/bin/ceph: stderr
2024-04-23T18:30:41.770+0000 7fee4dd8c700 1 --2- 172.21.15.16:0/2665476507 >> [v2:172.21.15.16:3300/0,v1:172.21.15.16:6789/0] conn(0x7fee48108440 0x7fee48108860 unknown :-1 s=CLOSED pgs=55 cs=0 l=1 rev1=1 crypto rx=0 tx=0 comp rx=0 tx=0).stop
2024-04-23T18:30:43.991 INFO:teuthology.orchestra.run.smithi016.stdout:/usr/bin/ceph: stderr
2024-04-23T18:30:41.770+0000 7fee4dd8c700 1 -- 172.21.15.16:0/2665476507 >> 172.21.15.16:0/2665476507 conn(0x7fee48103ae0 msgr2=0x7fee48105f00 unknown :-1 s=STATE_NONE l=0).mark_down
2024-04-23T18:30:43.991 INFO:teuthology.orchestra.run.smithi016.stdout:/usr/bin/ceph: stderr
2024-04-23T18:30:41.770+0000 7fee4dd8c700 1 -- 172.21.15.16:0/2665476507 shutdown_connections
2024-04-23T18:30:43.991 INFO:teuthology.orchestra.run.smithi016.stdout:/usr/bin/ceph: stderr
2024-04-23T18:30:41.771+0000 7fee4dd8c700 1 -- 172.21.15.16:0/2665476507 wait complete.
2024-04-23T18:30:43.991 INFO:teuthology.orchestra.run.smithi016.stdout:/usr/bin/ceph: stderr
2024-04-23T18:30:41.771+0000 7fee4dd8c700 1 Processor -- start
2024-04-23T18:30:43.992 INFO:teuthology.orchestra.run.smithi016.stdout:/usr/bin/ceph: stderr
2024-04-23T18:30:41.771+0000 7fee4dd8c700 1 -- start start
2024-04-23T18:30:43.992 INFO:teuthology.orchestra.run.smithi016.stdout:/usr/bin/ceph: stderr
2024-04-23T18:30:41.771+0000 7fee4dd8c700 1 --2- >> [v2:172.21.15.16:3300/0,v1:172.21.15.16:6789/0] conn(0x7fee48108440 0x7fee4819c2e0 unknown :-1 s=NONE pgs=0 cs=0 l=1 rev1=0 crypto rx=0 tx=0 comp rx=0 tx=0).connect
2024-04-23T18:30:43.992 INFO:teuthology.orchestra.run.smithi016.stdout:/usr/bin/ceph: stderr
2024-04-23T18:30:41.771+0000 7fee4dd8c700 1 -- --> [v2:172.21.15.16:3300/0,v1:172.21.15.16:6789/0] -- mon_getmap magic: 0 -- 0x7fee4810c9a0 con 0x7fee48108440
2024-04-23T18:30:43.992 INFO:teuthology.orchestra.run.smithi016.stdout:/usr/bin/ceph: stderr
2024-04-23T18:30:41.772+0000 7fee477fe700 1 --2- >> [v2:172.21.15.16:3300/0,v1:172.21.15.16:6789/0] conn(0x7fee48108440 0x7fee4819c2e0 unknown :-1 s=BANNER_CONNECTING pgs=0 cs=0 l=1 rev1=0 crypto rx=0 tx=0 comp rx=0 tx=0)._handle_peer_banner_payload supported=3 required=0
2024-04-23T18:30:43.992 INFO:teuthology.orchestra.run.smithi016.stdout:/usr/bin/ceph: stderr
2024-04-23T18:30:41.772+0000 7fee477fe700 1 --2- >> [v2:172.21.15.16:3300/0,v1:172.21.15.16:6789/0] conn(0x7fee48108440 0x7fee4819c2e0 unknown :-1 s=HELLO_CONNECTING pgs=0 cs=0 l=1 rev1=1 crypto rx=0 tx=0 comp rx=0 tx=0).handle_hello peer v2:172.21.15.16:3300/0 says I am v2:172.21.15.16:40622/0 (socket says 172.21.15.16:40622)
2024-04-23T18:30:43.992 INFO:teuthology.orchestra.run.smithi016.stdout:/usr/bin/ceph: stderr
2024-04-23T18:30:41.772+0000 7fee477fe700 1 -- 172.21.15.16:0/2784324718 learned_addr learned my addr 172.21.15.16:0/2784324718 (peer_addr_for_me v2:172.21.15.16:0/0)
2024-04-23T18:30:43.992 INFO:teuthology.orchestra.run.smithi016.stdout:/usr/bin/ceph: stderr
2024-04-23T18:30:41.772+0000 7fee477fe700 1 -- 172.21.15.16:0/2784324718 --> [v2:172.21.15.16:3300/0,v1:172.21.15.16:6789/0] -- mon_subscribe({config=0+,monmap=0+}) -- 0x7fee4819c820 con 0x7fee48108440
2024-04-23T18:30:43.992 INFO:teuthology.orchestra.run.smithi016.stdout:/usr/bin/ceph: stderr
2024-04-23T18:30:41.772+0000 7fee477fe700 1 --2- 172.21.15.16:0/2784324718 >> [v2:172.21.15.16:3300/0,v1:172.21.15.16:6789/0] conn(0x7fee48108440 0x7fee4819c2e0 secure :-1 s=READY pgs=56 cs=0 l=1 rev1=1 crypto rx=0x7fee380116e0 tx=0x7fee38011aa0 comp rx=0 tx=0).ready entity=mon.0 client_cookie=0 server_cookie=0 in_seq=0 out_seq=0
2024-04-23T18:30:43.992 INFO:teuthology.orchestra.run.smithi016.stdout:/usr/bin/ceph: stderr
2024-04-23T18:30:41.772+0000 7fee44ff9700 1 -- 172.21.15.16:0/2784324718 <== mon.0 v2:172.21.15.16:3300/0 1 ==== mon_map magic: 0 ==== 205+0+0 (secure 0 0 0) 0x7fee380039e0 con 0x7fee48108440
2024-04-23T18:30:43.992 INFO:teuthology.orchestra.run.smithi016.stdout:/usr/bin/ceph: stderr
2024-04-23T18:30:41.772+0000 7fee44ff9700 1 -- 172.21.15.16:0/2784324718 <== mon.0 v2:172.21.15.16:3300/0 2 ==== config(26 keys) ==== 1101+0+0 (secure 0 0 0) 0x7fee3801b8f0 con 0x7fee48108440
2024-04-23T18:30:43.992 INFO:teuthology.orchestra.run.smithi016.stdout:/usr/bin/ceph: stderr
2024-04-23T18:30:41.772+0000 7fee4dd8c700 1 -- 172.21.15.16:0/2784324718 --> [v2:172.21.15.16:3300/0,v1:172.21.15.16:6789/0] -- mon_subscribe({mgrmap=0+}) -- 0x7fee4819cab0 con 0x7fee48108440
2024-04-23T18:30:43.992 INFO:teuthology.orchestra.run.smithi016.stdout:/usr/bin/ceph: stderr
2024-04-23T18:30:41.772+0000 7fee44ff9700 1 -- 172.21.15.16:0/2784324718 <== mon.0 v2:172.21.15.16:3300/0 3 ==== mon_map magic: 0 ==== 205+0+0 (secure 0 0 0) 0x7fee38023760 con 0x7fee48108440
2024-04-23T18:30:43.992 INFO:teuthology.orchestra.run.smithi016.stdout:/usr/bin/ceph: stderr
2024-04-23T18:30:41.772+0000 7fee4dd8c700 1 -- 172.21.15.16:0/2784324718 --> [v2:172.21.15.16:3300/0,v1:172.21.15.16:6789/0] -- mon_subscribe({osdmap=0}) -- 0x7fee4819f7a0 con 0x7fee48108440
2024-04-23T18:30:43.992 INFO:teuthology.orchestra.run.smithi016.stdout:/usr/bin/ceph: stderr
2024-04-23T18:30:41.773+0000 7fee44ff9700 1 -- 172.21.15.16:0/2784324718 <== mon.0 v2:172.21.15.16:3300/0 4 ==== mgrmap(e 8) ==== 46558+0+0 (secure 0 0 0) 0x7fee3801b440 con 0x7fee48108440
2024-04-23T18:30:43.992 INFO:teuthology.orchestra.run.smithi016.stdout:/usr/bin/ceph: stderr
2024-04-23T18:30:41.773+0000 7fee44ff9700 1 --2- 172.21.15.16:0/2784324718 >> [v2:172.21.15.16:6800/3607592591,v1:172.21.15.16:6801/3607592591] conn(0x7fee300395b0 0x7fee3003ba70 unknown :-1 s=NONE pgs=0 cs=0 l=1 rev1=0 crypto rx=0 tx=0 comp rx=0 tx=0).connect
2024-04-23T18:30:43.992 INFO:teuthology.orchestra.run.smithi016.stdout:/usr/bin/ceph: stderr
2024-04-23T18:30:41.773+0000 7fee4dd8c700 1 -- 172.21.15.16:0/2784324718 --> [v2:172.21.15.16:3300/0,v1:172.21.15.16:6789/0] -- mon_command({"prefix": "get_command_descriptions"} v 0) -- 0x7fee480640a0 con 0x7fee48108440
2024-04-23T18:30:43.993 INFO:teuthology.orchestra.run.smithi016.stdout:/usr/bin/ceph: stderr
2024-04-23T18:30:41.773+0000 7fee44ff9700 1 -- 172.21.15.16:0/2784324718 <== mon.0 v2:172.21.15.16:3300/0 5 ==== osd_map(2..2 src has 1..2) ==== 940+0+0 (secure 0 0 0) 0x7fee3804ded0 con 0x7fee48108440
2024-04-23T18:30:43.993 INFO:teuthology.orchestra.run.smithi016.stdout:/usr/bin/ceph: stderr
2024-04-23T18:30:41.773+0000 7fee46ffd700 1 --2- 172.21.15.16:0/2784324718 >> [v2:172.21.15.16:6800/3607592591,v1:172.21.15.16:6801/3607592591] conn(0x7fee300395b0 0x7fee3003ba70 unknown :-1 s=BANNER_CONNECTING pgs=0 cs=0 l=1 rev1=0 crypto rx=0 tx=0 comp rx=0 tx=0)._handle_peer_banner_payload supported=3 required=0
2024-04-23T18:30:43.993 INFO:teuthology.orchestra.run.smithi016.stdout:/usr/bin/ceph: stderr
2024-04-23T18:30:41.774+0000 7fee46ffd700 1 --2- 172.21.15.16:0/2784324718 >> [v2:172.21.15.16:6800/3607592591,v1:172.21.15.16:6801/3607592591] conn(0x7fee300395b0 0x7fee3003ba70 secure :-1 s=READY pgs=16 cs=0 l=1 rev1=1 crypto rx=0x7fee3c006fd0 tx=0x7fee3c006e40 comp rx=0 tx=0).ready entity=mgr.14120 client_cookie=0 server_cookie=0 in_seq=0 out_seq=0
2024-04-23T18:30:43.993 INFO:teuthology.orchestra.run.smithi016.stdout:/usr/bin/ceph: stderr
2024-04-23T18:30:41.779+0000 7fee44ff9700 1 -- 172.21.15.16:0/2784324718 <== mon.0 v2:172.21.15.16:3300/0 6 ==== mon_command_ack([{"prefix": "get_command_descriptions"}]=0 v0) ==== 72+0+188370 (secure 0 0 0) 0x7fee3801f030 con 0x7fee48108440
2024-04-23T18:30:43.993 INFO:teuthology.orchestra.run.smithi016.stdout:/usr/bin/ceph: stderr
2024-04-23T18:30:42.057+0000 7fee4dd8c700 1 -- 172.21.15.16:0/2784324718 --> [v2:172.21.15.16:3300/0,v1:172.21.15.16:6789/0] -- mon_command({"prefix": "mgr module enable", "module": "dashboard"} v 0) -- 0x7fee4819f970 con 0x7fee48108440
2024-04-23T18:30:43.993 INFO:teuthology.orchestra.run.smithi016.stdout:/usr/bin/ceph: stderr
2024-04-23T18:30:42.903+0000 7fee44ff9700 1 -- 172.21.15.16:0/2784324718 <== mon.0 v2:172.21.15.16:3300/0 7 ==== mon_command_ack([{"prefix": "mgr module enable", "module": "dashboard"}]=0 v9) ==== 88+0+0 (secure 0 0 0) 0x7fee3800c150 con 0x7fee48108440
2024-04-23T18:30:43.993 INFO:teuthology.orchestra.run.smithi016.stdout:/usr/bin/ceph: stderr
2024-04-23T18:30:42.904+0000 7fee44ff9700 1 -- 172.21.15.16:0/2784324718 <== mon.0 v2:172.21.15.16:3300/0 8 ==== mgrmap(e 9) ==== 46571+0+0 (secure 0 0 0) 0x7fee38026d10 con 0x7fee48108440
2024-04-23T18:30:43.993 INFO:teuthology.orchestra.run.smithi016.stdout:/usr/bin/ceph: stderr
2024-04-23T18:30:42.906+0000 7fee4dd8c700 1 -- 172.21.15.16:0/2784324718 >> [v2:172.21.15.16:6800/3607592591,v1:172.21.15.16:6801/3607592591] conn(0x7fee300395b0 msgr2=0x7fee3003ba70 secure :-1 s=STATE_CONNECTION_ESTABLISHED l=1).mark_down
2024-04-23T18:30:43.993 INFO:teuthology.orchestra.run.smithi016.stdout:/usr/bin/ceph: stderr
2024-04-23T18:30:42.906+0000 7fee4dd8c700 1 --2- 172.21.15.16:0/2784324718 >> [v2:172.21.15.16:6800/3607592591,v1:172.21.15.16:6801/3607592591] conn(0x7fee300395b0 0x7fee3003ba70 secure :-1 s=READY pgs=16 cs=0 l=1 rev1=1 crypto rx=0x7fee3c006fd0 tx=0x7fee3c006e40 comp rx=0 tx=0).stop
2024-04-23T18:30:43.993 INFO:teuthology.orchestra.run.smithi016.stdout:/usr/bin/ceph: stderr
2024-04-23T18:30:42.906+0000 7fee4dd8c700 1 -- 172.21.15.16:0/2784324718 >> [v2:172.21.15.16:3300/0,v1:172.21.15.16:6789/0] conn(0x7fee48108440 msgr2=0x7fee4819c2e0 secure :-1 s=STATE_CONNECTION_ESTABLISHED l=1).mark_down
2024-04-23T18:30:43.993 INFO:teuthology.orchestra.run.smithi016.stdout:/usr/bin/ceph: stderr
2024-04-23T18:30:42.906+0000 7fee4dd8c700 1 --2- 172.21.15.16:0/2784324718 >> [v2:172.21.15.16:3300/0,v1:172.21.15.16:6789/0] conn(0x7fee48108440 0x7fee4819c2e0 secure :-1 s=READY pgs=56 cs=0 l=1 rev1=1 crypto rx=0x7fee380116e0 tx=0x7fee38011aa0 comp rx=0 tx=0).stop
2024-04-23T18:30:43.993 INFO:teuthology.orchestra.run.smithi016.stdout:/usr/bin/ceph: stderr
2024-04-23T18:30:42.906+0000 7fee4dd8c700 1 -- 172.21.15.16:0/2784324718 shutdown_connections
2024-04-23T18:30:43.993 INFO:teuthology.orchestra.run.smithi016.stdout:/usr/bin/ceph: stderr
2024-04-23T18:30:42.906+0000 7fee4dd8c700 1 --2- 172.21.15.16:0/2784324718 >> [v2:172.21.15.16:6800/3607592591,v1:172.21.15.16:6801/3607592591] conn(0x7fee300395b0 0x7fee3003ba70 unknown :-1 s=CLOSED pgs=16 cs=0 l=1 rev1=1 crypto rx=0 tx=0 comp rx=0 tx=0).stop
2024-04-23T18:30:43.993 INFO:teuthology.orchestra.run.smithi016.stdout:/usr/bin/ceph: stderr
2024-04-23T18:30:42.906+0000 7fee4dd8c700 1 --2- 172.21.15.16:0/2784324718 >> [v2:172.21.15.16:3300/0,v1:172.21.15.16:6789/0] conn(0x7fee48108440 0x7fee4819c2e0 unknown :-1 s=CLOSED pgs=56 cs=0 l=1 rev1=1 crypto rx=0 tx=0 comp rx=0 tx=0).stop
2024-04-23T18:30:43.994 INFO:teuthology.orchestra.run.smithi016.stdout:/usr/bin/ceph: stderr
2024-04-23T18:30:42.906+0000 7fee4dd8c700 1 -- 172.21.15.16:0/2784324718 >> 172.21.15.16:0/2784324718 conn(0x7fee48103ae0 msgr2=0x7fee481045d0 unknown :-1 s=STATE_NONE l=0).mark_down
2024-04-23T18:30:43.994 INFO:teuthology.orchestra.run.smithi016.stdout:/usr/bin/ceph: stderr
2024-04-23T18:30:42.906+0000 7fee4dd8c700 1 -- 172.21.15.16:0/2784324718 shutdown_connections
2024-04-23T18:30:43.994 INFO:teuthology.orchestra.run.smithi016.stdout:/usr/bin/ceph: stderr
2024-04-23T18:30:42.906+0000 7fee4dd8c700 1 -- 172.21.15.16:0/2784324718 wait complete.
2024-04-23T18:30:45.240 INFO:journalctl@ceph.mon.a.smithi016.stdout:Apr 23 18:30:44 smithi016 ceph-mon[29228]: from='client.? 172.21.15.16:0/104055455' entity='client.admin' cmd=[{"prefix": "mgr stat"}]: dispatch
2024-04-23T18:30:45.240 INFO:journalctl@ceph.mgr.x.smithi016.stdout:Apr 23 18:30:45 smithi016 ceph-4ce7bac0-019f-11ef-bc93-c7b262605968-mgr-x[29455]:
2024-04-23T18:30:45.070+0000 7f06c6424200 -1 mgr[py] Module telegraf has missing NOTIFY_TYPES member
2024-04-23T18:30:45.241 INFO:journalctl@ceph.mgr.x.smithi016.stdout:Apr 23 18:30:45 smithi016 ceph-4ce7bac0-019f-11ef-bc93-c7b262605968-mgr-x[29455]:
2024-04-23T18:30:45.248+0000 7f06c6424200 -1 mgr[py] Module osd_support has missing NOTIFY_TYPES member
2024-04-23T18:30:45.290 INFO:teuthology.orchestra.run.smithi016.stdout:/usr/bin/ceph: stdout {
2024-04-23T18:30:45.290 INFO:teuthology.orchestra.run.smithi016.stdout:/usr/bin/ceph: stdout "epoch": 9,
2024-04-23T18:30:45.290 INFO:teuthology.orchestra.run.smithi016.stdout:/usr/bin/ceph: stdout "available": true,
2024-04-23T18:30:45.290 INFO:teuthology.orchestra.run.smithi016.stdout:/usr/bin/ceph: stdout "active_name": "x",
2024-04-23T18:30:45.290 INFO:teuthology.orchestra.run.smithi016.stdout:/usr/bin/ceph: stdout "num_standby": 0
2024-04-23T18:30:45.291 INFO:teuthology.orchestra.run.smithi016.stdout:/usr/bin/ceph: stdout }
2024-04-23T18:30:45.291 INFO:teuthology.orchestra.run.smithi016.stdout:/usr/bin/ceph: stderr
2024-04-23T18:30:44.448+0000 7f9ebdb32700 1 Processor -- start
2024-04-23T18:30:45.291 INFO:teuthology.orchestra.run.smithi016.stdout:/usr/bin/ceph: stderr
2024-04-23T18:30:44.448+0000 7f9ebdb32700 1 -- start start
2024-04-23T18:30:45.291 INFO:teuthology.orchestra.run.smithi016.stdout:/usr/bin/ceph: stderr
2024-04-23T18:30:44.448+0000 7f9ebdb32700 1 --2- >> [v2:172.21.15.16:3300/0,v1:172.21.15.16:6789/0] conn(0x7f9eb8108f00 0x7f9eb810b2f0 unknown :-1 s=NONE pgs=0 cs=0 l=0 rev1=0 crypto rx=0 tx=0 comp rx=0 tx=0).connect
2024-04-23T18:30:45.291 INFO:teuthology.orchestra.run.smithi016.stdout:/usr/bin/ceph: stderr
2024-04-23T18:30:44.448+0000 7f9ebdb32700 1 -- --> [v2:172.21.15.16:3300/0,v1:172.21.15.16:6789/0] -- mon_getmap magic: 0 -- 0x7f9eb807be80 con 0x7f9eb8108f00
2024-04-23T18:30:45.291 INFO:teuthology.orchestra.run.smithi016.stdout:/usr/bin/ceph: stderr
2024-04-23T18:30:44.448+0000 7f9eb77fe700 1 --2- >> [v2:172.21.15.16:3300/0,v1:172.21.15.16:6789/0] conn(0x7f9eb8108f00 0x7f9eb810b2f0 unknown :-1 s=BANNER_CONNECTING pgs=0 cs=0 l=0 rev1=0 crypto rx=0 tx=0 comp rx=0 tx=0)._handle_peer_banner_payload supported=3 required=0
2024-04-23T18:30:45.291 INFO:teuthology.orchestra.run.smithi016.stdout:/usr/bin/ceph: stderr
2024-04-23T18:30:44.448+0000 7f9eb77fe700 1 --2- >> [v2:172.21.15.16:3300/0,v1:172.21.15.16:6789/0] conn(0x7f9eb8108f00 0x7f9eb810b2f0 unknown :-1 s=HELLO_CONNECTING pgs=0 cs=0 l=0 rev1=1 crypto rx=0 tx=0 comp rx=0 tx=0).handle_hello peer v2:172.21.15.16:3300/0 says I am v2:172.21.15.16:40634/0 (socket says 172.21.15.16:40634)
2024-04-23T18:30:45.291 INFO:teuthology.orchestra.run.smithi016.stdout:/usr/bin/ceph: stderr
2024-04-23T18:30:44.448+0000 7f9eb77fe700 1 -- 172.21.15.16:0/4110198367 learned_addr learned my addr 172.21.15.16:0/4110198367 (peer_addr_for_me v2:172.21.15.16:0/0)
2024-04-23T18:30:45.291 INFO:teuthology.orchestra.run.smithi016.stdout:/usr/bin/ceph: stderr
2024-04-23T18:30:44.448+0000 7f9eb77fe700 1 -- 172.21.15.16:0/4110198367 --> [v2:172.21.15.16:3300/0,v1:172.21.15.16:6789/0] -- mon_subscribe({config=0+,monmap=0+}) -- 0x7f9eb810b830 con 0x7f9eb8108f00
2024-04-23T18:30:45.291 INFO:teuthology.orchestra.run.smithi016.stdout:/usr/bin/ceph: stderr
2024-04-23T18:30:44.448+0000 7f9eb77fe700 1 --2- 172.21.15.16:0/4110198367 >> [v2:172.21.15.16:3300/0,v1:172.21.15.16:6789/0] conn(0x7f9eb8108f00 0x7f9eb810b2f0 secure :-1 s=READY pgs=59 cs=0 l=1 rev1=1 crypto rx=0x7f9ea80098a0 tx=0x7f9ea8009bb0 comp rx=0 tx=0).ready entity=mon.0 client_cookie=897e6fbf71bda46f server_cookie=0 in_seq=0 out_seq=0
2024-04-23T18:30:45.291 INFO:teuthology.orchestra.run.smithi016.stdout:/usr/bin/ceph: stderr
2024-04-23T18:30:44.449+0000 7f9eb67fc700 1 -- 172.21.15.16:0/4110198367 <== mon.0 v2:172.21.15.16:3300/0 1 ==== mon_map magic: 0 ==== 205+0+0 (secure 0 0 0) 0x7f9ea8004160 con 0x7f9eb8108f00
2024-04-23T18:30:45.291 INFO:teuthology.orchestra.run.smithi016.stdout:/usr/bin/ceph: stderr
2024-04-23T18:30:44.449+0000 7f9eb67fc700 1 -- 172.21.15.16:0/4110198367 <== mon.0 v2:172.21.15.16:3300/0 2 ==== config(26 keys) ==== 1101+0+0 (secure 0 0 0) 0x7f9ea8004300 con 0x7f9eb8108f00
2024-04-23T18:30:45.291 INFO:teuthology.orchestra.run.smithi016.stdout:/usr/bin/ceph: stderr
2024-04-23T18:30:44.449+0000 7f9eb67fc700 1 -- 172.21.15.16:0/4110198367 <== mon.0 v2:172.21.15.16:3300/0 3 ==== mon_map magic: 0 ==== 205+0+0 (secure 0 0 0) 0x7f9ea8011a20 con 0x7f9eb8108f00
2024-04-23T18:30:45.291 INFO:teuthology.orchestra.run.smithi016.stdout:/usr/bin/ceph: stderr
2024-04-23T18:30:44.449+0000 7f9ebdb32700 1 -- 172.21.15.16:0/4110198367 >> [v2:172.21.15.16:3300/0,v1:172.21.15.16:6789/0] conn(0x7f9eb8108f00 msgr2=0x7f9eb810b2f0 secure :-1 s=STATE_CONNECTION_ESTABLISHED l=1).mark_down
2024-04-23T18:30:45.291 INFO:teuthology.orchestra.run.smithi016.stdout:/usr/bin/ceph: stderr
2024-04-23T18:30:44.449+0000 7f9ebdb32700 1 --2- 172.21.15.16:0/4110198367 >> [v2:172.21.15.16:3300/0,v1:172.21.15.16:6789/0] conn(0x7f9eb8108f00 0x7f9eb810b2f0 secure :-1 s=READY pgs=59 cs=0 l=1 rev1=1 crypto rx=0x7f9ea80098a0 tx=0x7f9ea8009bb0 comp rx=0 tx=0).stop
2024-04-23T18:30:45.292 INFO:teuthology.orchestra.run.smithi016.stdout:/usr/bin/ceph: stderr
2024-04-23T18:30:44.449+0000 7f9ebdb32700 1 -- 172.21.15.16:0/4110198367 shutdown_connections
2024-04-23T18:30:45.292 INFO:teuthology.orchestra.run.smithi016.stdout:/usr/bin/ceph: stderr
2024-04-23T18:30:44.449+0000 7f9ebdb32700 1 --2- 172.21.15.16:0/4110198367 >> [v2:172.21.15.16:3300/0,v1:172.21.15.16:6789/0] conn(0x7f9eb8108f00 0x7f9eb810b2f0 unknown :-1 s=CLOSED pgs=59 cs=0 l=1 rev1=1 crypto rx=0 tx=0 comp rx=0 tx=0).stop
2024-04-23T18:30:45.292 INFO:teuthology.orchestra.run.smithi016.stdout:/usr/bin/ceph: stderr
2024-04-23T18:30:44.449+0000 7f9ebdb32700 1 -- 172.21.15.16:0/4110198367 >> 172.21.15.16:0/4110198367 conn(0x7f9eb8102950 msgr2=0x7f9eb8104d70 unknown :-1 s=STATE_NONE l=0).mark_down
2024-04-23T18:30:45.292 INFO:teuthology.orchestra.run.smithi016.stdout:/usr/bin/ceph: stderr
2024-04-23T18:30:44.449+0000 7f9ebdb32700 1 -- 172.21.15.16:0/4110198367 shutdown_connections
2024-04-23T18:30:45.292 INFO:teuthology.orchestra.run.smithi016.stdout:/usr/bin/ceph: stderr
2024-04-23T18:30:44.449+0000 7f9ebdb32700 1 -- 172.21.15.16:0/4110198367 wait complete.
2024-04-23T18:30:45.292 INFO:teuthology.orchestra.run.smithi016.stdout:/usr/bin/ceph: stderr
2024-04-23T18:30:44.450+0000 7f9ebdb32700 1 Processor -- start
2024-04-23T18:30:45.292 INFO:teuthology.orchestra.run.smithi016.stdout:/usr/bin/ceph: stderr
2024-04-23T18:30:44.450+0000 7f9ebdb32700 1 -- start start
2024-04-23T18:30:45.292 INFO:teuthology.orchestra.run.smithi016.stdout:/usr/bin/ceph: stderr
2024-04-23T18:30:44.450+0000 7f9ebdb32700 1 --2- >> [v2:172.21.15.16:3300/0,v1:172.21.15.16:6789/0] conn(0x7f9eb8108f00 0x7f9eb819c350 unknown :-1 s=NONE pgs=0 cs=0 l=1 rev1=0 crypto rx=0 tx=0 comp rx=0 tx=0).connect
2024-04-23T18:30:45.292 INFO:teuthology.orchestra.run.smithi016.stdout:/usr/bin/ceph: stderr
2024-04-23T18:30:44.450+0000 7f9ebdb32700 1 -- --> [v2:172.21.15.16:3300/0,v1:172.21.15.16:6789/0] -- mon_getmap magic: 0 -- 0x7f9eb810c830 con 0x7f9eb8108f00
2024-04-23T18:30:45.292 INFO:teuthology.orchestra.run.smithi016.stdout:/usr/bin/ceph: stderr
2024-04-23T18:30:44.451+0000 7f9eb77fe700 1 --2- >> [v2:172.21.15.16:3300/0,v1:172.21.15.16:6789/0] conn(0x7f9eb8108f00 0x7f9eb819c350 unknown :-1 s=BANNER_CONNECTING pgs=0 cs=0 l=1 rev1=0 crypto rx=0 tx=0 comp rx=0 tx=0)._handle_peer_banner_payload supported=3 required=0
2024-04-23T18:30:45.292 INFO:teuthology.orchestra.run.smithi016.stdout:/usr/bin/ceph: stderr
2024-04-23T18:30:44.451+0000 7f9eb77fe700 1 --2- >> [v2:172.21.15.16:3300/0,v1:172.21.15.16:6789/0] conn(0x7f9eb8108f00 0x7f9eb819c350 unknown :-1 s=HELLO_CONNECTING pgs=0 cs=0 l=1 rev1=1 crypto rx=0 tx=0 comp rx=0 tx=0).handle_hello peer v2:172.21.15.16:3300/0 says I am v2:172.21.15.16:40650/0 (socket says 172.21.15.16:40650)
2024-04-23T18:30:45.292 INFO:teuthology.orchestra.run.smithi016.stdout:/usr/bin/ceph: stderr
2024-04-23T18:30:44.451+0000 7f9eb77fe700 1 -- 172.21.15.16:0/104055455 learned_addr learned my addr 172.21.15.16:0/104055455 (peer_addr_for_me v2:172.21.15.16:0/0)
2024-04-23T18:30:45.292 INFO:teuthology.orchestra.run.smithi016.stdout:/usr/bin/ceph: stderr
2024-04-23T18:30:44.451+0000 7f9eb77fe700 1 -- 172.21.15.16:0/104055455 --> [v2:172.21.15.16:3300/0,v1:172.21.15.16:6789/0] -- mon_subscribe({config=0+,monmap=0+}) -- 0x7f9eb819c890 con 0x7f9eb8108f00
2024-04-23T18:30:45.292 INFO:teuthology.orchestra.run.smithi016.stdout:/usr/bin/ceph: stderr
2024-04-23T18:30:44.451+0000 7f9eb77fe700 1 --2- 172.21.15.16:0/104055455 >> [v2:172.21.15.16:3300/0,v1:172.21.15.16:6789/0] conn(0x7f9eb8108f00 0x7f9eb819c350 secure :-1 s=READY pgs=60 cs=0 l=1 rev1=1 crypto rx=0x7f9ea80116e0 tx=0x7f9ea8011aa0 comp rx=0 tx=0).ready entity=mon.0 client_cookie=0 server_cookie=0 in_seq=0 out_seq=0
2024-04-23T18:30:45.292 INFO:teuthology.orchestra.run.smithi016.stdout:/usr/bin/ceph: stderr
2024-04-23T18:30:44.451+0000 7f9eb4ff9700 1 -- 172.21.15.16:0/104055455 <== mon.0 v2:172.21.15.16:3300/0 1 ==== mon_map magic: 0 ==== 205+0+0 (secure 0 0 0) 0x7f9ea8003b20 con 0x7f9eb8108f00
2024-04-23T18:30:45.293 INFO:teuthology.orchestra.run.smithi016.stdout:/usr/bin/ceph: stderr
2024-04-23T18:30:44.451+0000 7f9eb4ff9700 1 -- 172.21.15.16:0/104055455 <== mon.0 v2:172.21.15.16:3300/0 2 ==== config(26 keys) ==== 1101+0+0 (secure 0 0 0) 0x7f9ea801b8f0 con 0x7f9eb8108f00
2024-04-23T18:30:45.293 INFO:teuthology.orchestra.run.smithi016.stdout:/usr/bin/ceph: stderr
2024-04-23T18:30:44.451+0000 7f9ebdb32700 1 -- 172.21.15.16:0/104055455 --> [v2:172.21.15.16:3300/0,v1:172.21.15.16:6789/0] -- mon_subscribe({mgrmap=0+}) -- 0x7f9eb819cb20 con 0x7f9eb8108f00
2024-04-23T18:30:45.293 INFO:teuthology.orchestra.run.smithi016.stdout:/usr/bin/ceph: stderr
2024-04-23T18:30:44.451+0000 7f9eb4ff9700 1 -- 172.21.15.16:0/104055455 <== mon.0 v2:172.21.15.16:3300/0 3 ==== mon_map magic: 0 ==== 205+0+0 (secure 0 0 0) 0x7f9ea80238c0 con 0x7f9eb8108f00
2024-04-23T18:30:45.293 INFO:teuthology.orchestra.run.smithi016.stdout:/usr/bin/ceph: stderr
2024-04-23T18:30:44.451+0000 7f9ebdb32700 1 -- 172.21.15.16:0/104055455 --> [v2:172.21.15.16:3300/0,v1:172.21.15.16:6789/0] -- mon_subscribe({osdmap=0}) -- 0x7f9eb819f810 con 0x7f9eb8108f00
2024-04-23T18:30:45.293 INFO:teuthology.orchestra.run.smithi016.stdout:/usr/bin/ceph: stderr
2024-04-23T18:30:44.452+0000 7f9eb4ff9700 1 -- 172.21.15.16:0/104055455 <== mon.0 v2:172.21.15.16:3300/0 4 ==== mgrmap(e 9) ==== 46571+0+0 (secure 0 0 0) 0x7f9ea8023a60 con 0x7f9eb8108f00
2024-04-23T18:30:45.293 INFO:teuthology.orchestra.run.smithi016.stdout:/usr/bin/ceph: stderr
2024-04-23T18:30:44.452+0000 7f9ebdb32700 1 -- 172.21.15.16:0/104055455 --> [v2:172.21.15.16:3300/0,v1:172.21.15.16:6789/0] -- mon_command({"prefix": "get_command_descriptions"} v 0) -- 0x7f9eb80640a0 con 0x7f9eb8108f00
2024-04-23T18:30:45.293 INFO:teuthology.orchestra.run.smithi016.stdout:/usr/bin/ceph: stderr
2024-04-23T18:30:44.452+0000 7f9eb4ff9700 1 --2- 172.21.15.16:0/104055455 >> [v2:172.21.15.16:6800/3607592591,v1:172.21.15.16:6801/3607592591] conn(0x7f9ea0039610 0x7f9ea003bad0 unknown :-1 s=NONE pgs=0 cs=0 l=1 rev1=0 crypto rx=0 tx=0 comp rx=0 tx=0).connect
2024-04-23T18:30:45.293 INFO:teuthology.orchestra.run.smithi016.stdout:/usr/bin/ceph: stderr
2024-04-23T18:30:44.452+0000 7f9eb4ff9700 1 -- 172.21.15.16:0/104055455 <== mon.0 v2:172.21.15.16:3300/0 5 ==== osd_map(2..2 src has 1..2) ==== 940+0+0 (secure 0 0 0) 0x7f9ea804e320 con 0x7f9eb8108f00
2024-04-23T18:30:45.293 INFO:teuthology.orchestra.run.smithi016.stdout:/usr/bin/ceph: stderr
2024-04-23T18:30:44.452+0000 7f9eb6ffd700 1 -- 172.21.15.16:0/104055455 >> [v2:172.21.15.16:6800/3607592591,v1:172.21.15.16:6801/3607592591] conn(0x7f9ea0039610 msgr2=0x7f9ea003bad0 unknown :-1 s=STATE_CONNECTING_RE l=1).process reconnect failed to v2:172.21.15.16:6800/3607592591
2024-04-23T18:30:45.293 INFO:teuthology.orchestra.run.smithi016.stdout:/usr/bin/ceph: stderr
2024-04-23T18:30:44.452+0000 7f9eb6ffd700 1 --2- 172.21.15.16:0/104055455 >> [v2:172.21.15.16:6800/3607592591,v1:172.21.15.16:6801/3607592591] conn(0x7f9ea0039610 0x7f9ea003bad0 unknown :-1 s=START_CONNECT pgs=0 cs=0 l=1 rev1=0 crypto rx=0 tx=0 comp rx=0 tx=0)._fault waiting 0.200000
2024-04-23T18:30:45.293 INFO:teuthology.orchestra.run.smithi016.stdout:/usr/bin/ceph: stderr
2024-04-23T18:30:44.457+0000 7f9eb4ff9700 1 -- 172.21.15.16:0/104055455 <== mon.0 v2:172.21.15.16:3300/0 6 ==== mon_command_ack([{"prefix": "get_command_descriptions"}]=0 v0) ==== 72+0+188370 (secure 0 0 0) 0x7f9ea801f030 con 0x7f9eb8108f00
2024-04-23T18:30:45.293 INFO:teuthology.orchestra.run.smithi016.stdout:/usr/bin/ceph: stderr
2024-04-23T18:30:44.653+0000 7f9eb6ffd700 1 -- 172.21.15.16:0/104055455 >> [v2:172.21.15.16:6800/3607592591,v1:172.21.15.16:6801/3607592591] conn(0x7f9ea0039610 msgr2=0x7f9ea003bad0 unknown :-1 s=STATE_CONNECTING_RE l=1).process reconnect failed to v2:172.21.15.16:6800/3607592591
2024-04-23T18:30:45.293 INFO:teuthology.orchestra.run.smithi016.stdout:/usr/bin/ceph: stderr
2024-04-23T18:30:44.653+0000 7f9eb6ffd700 1 --2- 172.21.15.16:0/104055455 >> [v2:172.21.15.16:6800/3607592591,v1:172.21.15.16:6801/3607592591] conn(0x7f9ea0039610 0x7f9ea003bad0 unknown :-1 s=START_CONNECT pgs=0 cs=0 l=1 rev1=0 crypto rx=0 tx=0 comp rx=0 tx=0)._fault waiting 0.400000
2024-04-23T18:30:45.293 INFO:teuthology.orchestra.run.smithi016.stdout:/usr/bin/ceph: stderr
2024-04-23T18:30:44.726+0000 7f9ebdb32700 1 -- 172.21.15.16:0/104055455 --> [v2:172.21.15.16:3300/0,v1:172.21.15.16:6789/0] -- mon_command({"prefix": "mgr stat"} v 0) -- 0x7f9eb819fdc0 con 0x7f9eb8108f00
2024-04-23T18:30:45.294 INFO:teuthology.orchestra.run.smithi016.stdout:/usr/bin/ceph: stderr
2024-04-23T18:30:44.727+0000 7f9eb4ff9700 1 -- 172.21.15.16:0/104055455 <== mon.0 v2:172.21.15.16:3300/0 7 ==== mon_command_ack([{"prefix": "mgr stat"}]=0 v9) ==== 56+0+88 (secure 0 0 0) 0x7f9ea8020d70 con 0x7f9eb8108f00
2024-04-23T18:30:45.294 INFO:teuthology.orchestra.run.smithi016.stdout:/usr/bin/ceph: stderr
2024-04-23T18:30:44.729+0000 7f9ebdb32700 1 -- 172.21.15.16:0/104055455 >> [v2:172.21.15.16:6800/3607592591,v1:172.21.15.16:6801/3607592591] conn(0x7f9ea0039610 msgr2=0x7f9ea003bad0 unknown :-1 s=STATE_CONNECTING l=1).mark_down
2024-04-23T18:30:45.294 INFO:teuthology.orchestra.run.smithi016.stdout:/usr/bin/ceph: stderr
2024-04-23T18:30:44.729+0000 7f9ebdb32700 1 --2- 172.21.15.16:0/104055455 >> [v2:172.21.15.16:6800/3607592591,v1:172.21.15.16:6801/3607592591] conn(0x7f9ea0039610 0x7f9ea003bad0 unknown :-1 s=START_CONNECT pgs=0 cs=0 l=1 rev1=0 crypto rx=0 tx=0 comp rx=0 tx=0).stop
2024-04-23T18:30:45.294 INFO:teuthology.orchestra.run.smithi016.stdout:/usr/bin/ceph: stderr
2024-04-23T18:30:44.729+0000 7f9ebdb32700 1 -- 172.21.15.16:0/104055455 >> [v2:172.21.15.16:3300/0,v1:172.21.15.16:6789/0] conn(0x7f9eb8108f00 msgr2=0x7f9eb819c350 secure :-1 s=STATE_CONNECTION_ESTABLISHED l=1).mark_down
2024-04-23T18:30:45.294 INFO:teuthology.orchestra.run.smithi016.stdout:/usr/bin/ceph: stderr
2024-04-23T18:30:44.729+0000 7f9ebdb32700 1 --2- 172.21.15.16:0/104055455 >> [v2:172.21.15.16:3300/0,v1:172.21.15.16:6789/0] conn(0x7f9eb8108f00 0x7f9eb819c350 secure :-1 s=READY pgs=60 cs=0 l=1 rev1=1 crypto rx=0x7f9ea80116e0 tx=0x7f9ea8011aa0 comp rx=0 tx=0).stop
2024-04-23T18:30:45.294 INFO:teuthology.orchestra.run.smithi016.stdout:/usr/bin/ceph: stderr
2024-04-23T18:30:44.729+0000 7f9ebdb32700 1 -- 172.21.15.16:0/104055455 shutdown_connections
2024-04-23T18:30:45.294 INFO:teuthology.orchestra.run.smithi016.stdout:/usr/bin/ceph: stderr
2024-04-23T18:30:44.729+0000 7f9ebdb32700 1 --2- 172.21.15.16:0/104055455 >> [v2:172.21.15.16:6800/3607592591,v1:172.21.15.16:6801/3607592591] conn(0x7f9ea0039610 0x7f9ea003bad0 unknown :-1 s=CLOSED pgs=0 cs=0 l=1 rev1=0 crypto rx=0 tx=0 comp rx=0 tx=0).stop
2024-04-23T18:30:45.294 INFO:teuthology.orchestra.run.smithi016.stdout:/usr/bin/ceph: stderr
2024-04-23T18:30:44.729+0000 7f9ebdb32700 1 --2- 172.21.15.16:0/104055455 >> [v2:172.21.15.16:3300/0,v1:172.21.15.16:6789/0] conn(0x7f9eb8108f00 0x7f9eb819c350 unknown :-1 s=CLOSED pgs=60 cs=0 l=1 rev1=1 crypto rx=0 tx=0 comp rx=0 tx=0).stop
2024-04-23T18:30:45.294 INFO:teuthology.orchestra.run.smithi016.stdout:/usr/bin/ceph: stderr
2024-04-23T18:30:44.729+0000 7f9ebdb32700 1 -- 172.21.15.16:0/104055455 >> 172.21.15.16:0/104055455 conn(0x7f9eb8102950 msgr2=0x7f9eb8103420 unknown :-1 s=STATE_NONE l=0).mark_down
2024-04-23T18:30:45.294 INFO:teuthology.orchestra.run.smithi016.stdout:/usr/bin/ceph: stderr
2024-04-23T18:30:44.729+0000 7f9ebdb32700 1 -- 172.21.15.16:0/104055455 shutdown_connections
2024-04-23T18:30:45.294 INFO:teuthology.orchestra.run.smithi016.stdout:/usr/bin/ceph: stderr
2024-04-23T18:30:44.730+0000 7f9ebdb32700 1 -- 172.21.15.16:0/104055455 wait complete.
2024-04-23T18:30:45.294 INFO:teuthology.orchestra.run.smithi016.stdout:Waiting for the mgr to restart...
2024-04-23T18:30:45.294 INFO:teuthology.orchestra.run.smithi016.stdout:Waiting for mgr epoch 9...
2024-04-23T18:30:45.514 INFO:journalctl@ceph.mgr.x.smithi016.stdout:Apr 23 18:30:45 smithi016 ceph-4ce7bac0-019f-11ef-bc93-c7b262605968-mgr-x[29455]:
2024-04-23T18:30:45.427+0000 7f06c6424200 -1 mgr[py] Module iostat has missing NOTIFY_TYPES member
2024-04-23T18:30:45.828 INFO:journalctl@ceph.mgr.x.smithi016.stdout:Apr 23 18:30:45 smithi016 ceph-4ce7bac0-019f-11ef-bc93-c7b262605968-mgr-x[29455]:
2024-04-23T18:30:45.738+0000 7f06c6424200 -1 mgr[py] Module alerts has missing NOTIFY_TYPES member
2024-04-23T18:30:45.828 INFO:journalctl@ceph.mgr.x.smithi016.stdout:Apr 23 18:30:45 smithi016 ceph-4ce7bac0-019f-11ef-bc93-c7b262605968-mgr-x[29455]:
2024-04-23T18:30:45.835+0000 7f06c6424200 -1 mgr[py] Module selftest has missing NOTIFY_TYPES member
2024-04-23T18:30:46.242 INFO:journalctl@ceph.mgr.x.smithi016.stdout:Apr 23 18:30:46 smithi016 ceph-4ce7bac0-019f-11ef-bc93-c7b262605968-mgr-x[29455]:
2024-04-23T18:30:46.046+0000 7f06c6424200 -1 mgr[py] Module pg_autoscaler has missing NOTIFY_TYPES member
2024-04-23T18:30:46.514 INFO:journalctl@ceph.mgr.x.smithi016.stdout:Apr 23 18:30:46 smithi016 ceph-4ce7bac0-019f-11ef-bc93-c7b262605968-mgr-x[29455]:
2024-04-23T18:30:46.247+0000 7f06c6424200 -1 mgr[py] Module test_orchestrator has missing NOTIFY_TYPES member
2024-04-23T18:30:47.144 INFO:journalctl@ceph.mgr.x.smithi016.stdout:Apr 23 18:30:46 smithi016 ceph-4ce7bac0-019f-11ef-bc93-c7b262605968-mgr-x[29455]:
2024-04-23T18:30:46.893+0000 7f06c6424200 -1 mgr[py] Module rook has missing NOTIFY_TYPES member
2024-04-23T18:30:47.427 INFO:journalctl@ceph.mgr.x.smithi016.stdout:Apr 23 18:30:47 smithi016 ceph-4ce7bac0-019f-11ef-bc93-c7b262605968-mgr-x[29455]:
2024-04-23T18:30:47.334+0000 7f06c6424200 -1 mgr[py] Module volumes has missing NOTIFY_TYPES member
