2024-04-23T18:30:26.940+0000 7f5fdda66700 1 --2- >> [v2:172.21.15.16:3300/0,v1:172.21.15.16:6789/0] conn(0x7f5fd8108f20 0x7f5fd810b310 unknown :-1 s=HELLO_CONNECTING pgs=0 cs=0 l=0 rev1=1 crypto rx=0 tx=0 comp rx=0 tx=0).handle_hello peer v2:172.21.15.16:3300/0 says I am v2:172.21.15.16:41730/0 (socket says 172.21.15.16:41730)
2024-04-23T18:30:28.123 INFO:teuthology.orchestra.run.smithi016.stdout:/usr/bin/ceph: stderr
2024-04-23T18:30:26.940+0000 7f5fdda66700 1 -- 172.21.15.16:0/96743228 learned_addr learned my addr 172.21.15.16:0/96743228 (peer_addr_for_me v2:172.21.15.16:0/0)
2024-04-23T18:30:28.124 INFO:teuthology.orchestra.run.smithi016.stdout:/usr/bin/ceph: stderr
2024-04-23T18:30:26.941+0000 7f5fdda66700 1 -- 172.21.15.16:0/96743228 --> [v2:172.21.15.16:3300/0,v1:172.21.15.16:6789/0] -- mon_subscribe({config=0+,monmap=0+}) -- 0x7f5fd810b850 con 0x7f5fd8108f20
2024-04-23T18:30:28.124 INFO:teuthology.orchestra.run.smithi016.stdout:/usr/bin/ceph: stderr
2024-04-23T18:30:26.941+0000 7f5fdda66700 1 --2- 172.21.15.16:0/96743228 >> [v2:172.21.15.16:3300/0,v1:172.21.15.16:6789/0] conn(0x7f5fd8108f20 0x7f5fd810b310 secure :-1 s=READY pgs=41 cs=0 l=1 rev1=1 crypto rx=0x7f5fd40098a0 tx=0x7f5fd4009bb0 comp rx=0 tx=0).ready entity=mon.0 client_cookie=24934c07f27cbb21 server_cookie=0 in_seq=0 out_seq=0
2024-04-23T18:30:28.124 INFO:teuthology.orchestra.run.smithi016.stdout:/usr/bin/ceph: stderr
2024-04-23T18:30:26.941+0000 7f5fdca64700 1 -- 172.21.15.16:0/96743228 <== mon.0 v2:172.21.15.16:3300/0 1 ==== mon_map magic: 0 ==== 205+0+0 (secure 0 0 0) 0x7f5fd4004160 con 0x7f5fd8108f20
2024-04-23T18:30:28.124 INFO:teuthology.orchestra.run.smithi016.stdout:/usr/bin/ceph: stderr
2024-04-23T18:30:26.941+0000 7f5fdca64700 1 -- 172.21.15.16:0/96743228 <== mon.0 v2:172.21.15.16:3300/0 2 ==== config(26 keys) ==== 1070+0+0 (secure 0 0 0) 0x7f5fd4004300 con 0x7f5fd8108f20
2024-04-23T18:30:28.124 INFO:teuthology.orchestra.run.smithi016.stdout:/usr/bin/ceph: stderr
2024-04-23T18:30:26.941+0000 7f5fdca64700 1 -- 172.21.15.16:0/96743228 <== mon.0 v2:172.21.15.16:3300/0 3 ==== mon_map magic: 0 ==== 205+0+0 (secure 0 0 0) 0x7f5fd4011af0 con 0x7f5fd8108f20
2024-04-23T18:30:28.124 INFO:teuthology.orchestra.run.smithi016.stdout:/usr/bin/ceph: stderr
2024-04-23T18:30:26.942+0000 7f5fdfcca700 1 -- 172.21.15.16:0/96743228 >> [v2:172.21.15.16:3300/0,v1:172.21.15.16:6789/0] conn(0x7f5fd8108f20 msgr2=0x7f5fd810b310 secure :-1 s=STATE_CONNECTION_ESTABLISHED l=1).mark_down
2024-04-23T18:30:28.124 INFO:teuthology.orchestra.run.smithi016.stdout:/usr/bin/ceph: stderr
2024-04-23T18:30:26.942+0000 7f5fdfcca700 1 --2- 172.21.15.16:0/96743228 >> [v2:172.21.15.16:3300/0,v1:172.21.15.16:6789/0] conn(0x7f5fd8108f20 0x7f5fd810b310 secure :-1 s=READY pgs=41 cs=0 l=1 rev1=1 crypto rx=0x7f5fd40098a0 tx=0x7f5fd4009bb0 comp rx=0 tx=0).stop
2024-04-23T18:30:28.124 INFO:teuthology.orchestra.run.smithi016.stdout:/usr/bin/ceph: stderr
2024-04-23T18:30:26.942+0000 7f5fdfcca700 1 -- 172.21.15.16:0/96743228 shutdown_connections
2024-04-23T18:30:28.124 INFO:teuthology.orchestra.run.smithi016.stdout:/usr/bin/ceph: stderr
2024-04-23T18:30:26.942+0000 7f5fdfcca700 1 --2- 172.21.15.16:0/96743228 >> [v2:172.21.15.16:3300/0,v1:172.21.15.16:6789/0] conn(0x7f5fd8108f20 0x7f5fd810b310 unknown :-1 s=CLOSED pgs=41 cs=0 l=1 rev1=1 crypto rx=0 tx=0 comp rx=0 tx=0).stop
2024-04-23T18:30:28.124 INFO:teuthology.orchestra.run.smithi016.stdout:/usr/bin/ceph: stderr
2024-04-23T18:30:26.942+0000 7f5fdfcca700 1 -- 172.21.15.16:0/96743228 >> 172.21.15.16:0/96743228 conn(0x7f5fd8102950 msgr2=0x7f5fd8104d70 unknown :-1 s=STATE_NONE l=0).mark_down
2024-04-23T18:30:28.124 INFO:teuthology.orchestra.run.smithi016.stdout:/usr/bin/ceph: stderr
2024-04-23T18:30:26.942+0000 7f5fdfcca700 1 -- 172.21.15.16:0/96743228 shutdown_connections
2024-04-23T18:30:28.124 INFO:teuthology.orchestra.run.smithi016.stdout:/usr/bin/ceph: stderr
2024-04-23T18:30:26.942+0000 7f5fdfcca700 1 -- 172.21.15.16:0/96743228 wait complete.
2024-04-23T18:30:28.124 INFO:teuthology.orchestra.run.smithi016.stdout:/usr/bin/ceph: stderr
2024-04-23T18:30:26.942+0000 7f5fdfcca700 1 Processor -- start
2024-04-23T18:30:28.124 INFO:teuthology.orchestra.run.smithi016.stdout:/usr/bin/ceph: stderr
2024-04-23T18:30:26.942+0000 7f5fdfcca700 1 -- start start
2024-04-23T18:30:28.124 INFO:teuthology.orchestra.run.smithi016.stdout:/usr/bin/ceph: stderr
2024-04-23T18:30:26.943+0000 7f5fdfcca700 1 --2- >> [v2:172.21.15.16:3300/0,v1:172.21.15.16:6789/0] conn(0x7f5fd8108f20 0x7f5fd81087a0 unknown :-1 s=NONE pgs=0 cs=0 l=1 rev1=0 crypto rx=0 tx=0 comp rx=0 tx=0).connect
2024-04-23T18:30:28.124 INFO:teuthology.orchestra.run.smithi016.stdout:/usr/bin/ceph: stderr
2024-04-23T18:30:26.943+0000 7f5fdfcca700 1 -- --> [v2:172.21.15.16:3300/0,v1:172.21.15.16:6789/0] -- mon_getmap magic: 0 -- 0x7f5fd810c7c0 con 0x7f5fd8108f20
2024-04-23T18:30:28.125 INFO:teuthology.orchestra.run.smithi016.stdout:/usr/bin/ceph: stderr
2024-04-23T18:30:26.943+0000 7f5fdda66700 1 --2- >> [v2:172.21.15.16:3300/0,v1:172.21.15.16:6789/0] conn(0x7f5fd8108f20 0x7f5fd81087a0 unknown :-1 s=BANNER_CONNECTING pgs=0 cs=0 l=1 rev1=0 crypto rx=0 tx=0 comp rx=0 tx=0)._handle_peer_banner_payload supported=3 required=0
2024-04-23T18:30:28.125 INFO:teuthology.orchestra.run.smithi016.stdout:/usr/bin/ceph: stderr
2024-04-23T18:30:26.943+0000 7f5fdda66700 1 --2- >> [v2:172.21.15.16:3300/0,v1:172.21.15.16:6789/0] conn(0x7f5fd8108f20 0x7f5fd81087a0 unknown :-1 s=HELLO_CONNECTING pgs=0 cs=0 l=1 rev1=1 crypto rx=0 tx=0 comp rx=0 tx=0).handle_hello peer v2:172.21.15.16:3300/0 says I am v2:172.21.15.16:41736/0 (socket says 172.21.15.16:41736)
2024-04-23T18:30:28.125 INFO:teuthology.orchestra.run.smithi016.stdout:/usr/bin/ceph: stderr
2024-04-23T18:30:26.943+0000 7f5fdda66700 1 -- 172.21.15.16:0/3758832609 learned_addr learned my addr 172.21.15.16:0/3758832609 (peer_addr_for_me v2:172.21.15.16:0/0)
2024-04-23T18:30:28.125 INFO:teuthology.orchestra.run.smithi016.stdout:/usr/bin/ceph: stderr
2024-04-23T18:30:26.943+0000 7f5fdda66700 1 -- 172.21.15.16:0/3758832609 --> [v2:172.21.15.16:3300/0,v1:172.21.15.16:6789/0] -- mon_subscribe({config=0+,monmap=0+}) -- 0x7f5fd8108ce0 con 0x7f5fd8108f20
2024-04-23T18:30:28.125 INFO:teuthology.orchestra.run.smithi016.stdout:/usr/bin/ceph: stderr
2024-04-23T18:30:26.943+0000 7f5fdda66700 1 --2- 172.21.15.16:0/3758832609 >> [v2:172.21.15.16:3300/0,v1:172.21.15.16:6789/0] conn(0x7f5fd8108f20 0x7f5fd81087a0 secure :-1 s=READY pgs=42 cs=0 l=1 rev1=1 crypto rx=0x7f5fd4011ac0 tx=0x7f5fd4011ba0 comp rx=0 tx=0).ready entity=mon.0 client_cookie=0 server_cookie=0 in_seq=0 out_seq=0
2024-04-23T18:30:28.125 INFO:teuthology.orchestra.run.smithi016.stdout:/usr/bin/ceph: stderr
2024-04-23T18:30:26.943+0000 7f5fceffd700 1 -- 172.21.15.16:0/3758832609 <== mon.0 v2:172.21.15.16:3300/0 1 ==== mon_map magic: 0 ==== 205+0+0 (secure 0 0 0) 0x7f5fd4003970 con 0x7f5fd8108f20
2024-04-23T18:30:28.125 INFO:teuthology.orchestra.run.smithi016.stdout:/usr/bin/ceph: stderr
2024-04-23T18:30:26.943+0000 7f5fceffd700 1 -- 172.21.15.16:0/3758832609 <== mon.0 v2:172.21.15.16:3300/0 2 ==== config(26 keys) ==== 1070+0+0 (secure 0 0 0) 0x7f5fd4003b10 con 0x7f5fd8108f20
2024-04-23T18:30:28.125 INFO:teuthology.orchestra.run.smithi016.stdout:/usr/bin/ceph: stderr
2024-04-23T18:30:26.943+0000 7f5fdfcca700 1 -- 172.21.15.16:0/3758832609 --> [v2:172.21.15.16:3300/0,v1:172.21.15.16:6789/0] -- mon_subscribe({mgrmap=0+}) -- 0x7f5fd8106ed0 con 0x7f5fd8108f20
2024-04-23T18:30:28.125 INFO:teuthology.orchestra.run.smithi016.stdout:/usr/bin/ceph: stderr
2024-04-23T18:30:26.943+0000 7f5fceffd700 1 -- 172.21.15.16:0/3758832609 <== mon.0 v2:172.21.15.16:3300/0 3 ==== mon_map magic: 0 ==== 205+0+0 (secure 0 0 0) 0x7f5fd4024610 con 0x7f5fd8108f20
2024-04-23T18:30:28.125 INFO:teuthology.orchestra.run.smithi016.stdout:/usr/bin/ceph: stderr
2024-04-23T18:30:26.943+0000 7f5fdfcca700 1 -- 172.21.15.16:0/3758832609 --> [v2:172.21.15.16:3300/0,v1:172.21.15.16:6789/0] -- mon_subscribe({osdmap=0}) -- 0x7f5fd8107410 con 0x7f5fd8108f20
2024-04-23T18:30:28.125 INFO:teuthology.orchestra.run.smithi016.stdout:/usr/bin/ceph: stderr
2024-04-23T18:30:26.944+0000 7f5fceffd700 1 -- 172.21.15.16:0/3758832609 <== mon.0 v2:172.21.15.16:3300/0 4 ==== mgrmap(e 8) ==== 46558+0+0 (secure 0 0 0) 0x7f5fd401a9e0 con 0x7f5fd8108f20
2024-04-23T18:30:28.125 INFO:teuthology.orchestra.run.smithi016.stdout:/usr/bin/ceph: stderr
2024-04-23T18:30:26.944+0000 7f5fdfcca700 1 -- 172.21.15.16:0/3758832609 --> [v2:172.21.15.16:3300/0,v1:172.21.15.16:6789/0] -- mon_command({"prefix": "get_command_descriptions"} v 0) -- 0x7f5fd80640a0 con 0x7f5fd8108f20
2024-04-23T18:30:28.125 INFO:teuthology.orchestra.run.smithi016.stdout:/usr/bin/ceph: stderr
2024-04-23T18:30:26.945+0000 7f5fceffd700 1 --2- 172.21.15.16:0/3758832609 >> [v2:172.21.15.16:6800/3607592591,v1:172.21.15.16:6801/3607592591] conn(0x7f5fc4039660 0x7f5fc403bb20 unknown :-1 s=NONE pgs=0 cs=0 l=1 rev1=0 crypto rx=0 tx=0 comp rx=0 tx=0).connect
2024-04-23T18:30:28.125 INFO:teuthology.orchestra.run.smithi016.stdout:/usr/bin/ceph: stderr
2024-04-23T18:30:26.945+0000 7f5fceffd700 1 -- 172.21.15.16:0/3758832609 <== mon.0 v2:172.21.15.16:3300/0 5 ==== osd_map(2..2 src has 1..2) ==== 940+0+0 (secure 0 0 0) 0x7f5fd404d970 con 0x7f5fd8108f20
2024-04-23T18:30:28.125 INFO:teuthology.orchestra.run.smithi016.stdout:/usr/bin/ceph: stderr
2024-04-23T18:30:26.945+0000 7f5fdd265700 1 --2- 172.21.15.16:0/3758832609 >> [v2:172.21.15.16:6800/3607592591,v1:172.21.15.16:6801/3607592591] conn(0x7f5fc4039660 0x7f5fc403bb20 unknown :-1 s=BANNER_CONNECTING pgs=0 cs=0 l=1 rev1=0 crypto rx=0 tx=0 comp rx=0 tx=0)._handle_peer_banner_payload supported=3 required=0
2024-04-23T18:30:28.125 INFO:teuthology.orchestra.run.smithi016.stdout:/usr/bin/ceph: stderr
2024-04-23T18:30:26.945+0000 7f5fdd265700 1 --2- 172.21.15.16:0/3758832609 >> [v2:172.21.15.16:6800/3607592591,v1:172.21.15.16:6801/3607592591] conn(0x7f5fc4039660 0x7f5fc403bb20 secure :-1 s=READY pgs=9 cs=0 l=1 rev1=1 crypto rx=0x7f5fc8006fd0 tx=0x7f5fc8006e40 comp rx=0 tx=0).ready entity=mgr.14120 client_cookie=0 server_cookie=0 in_seq=0 out_seq=0
2024-04-23T18:30:28.126 INFO:teuthology.orchestra.run.smithi016.stdout:/usr/bin/ceph: stderr
2024-04-23T18:30:26.950+0000 7f5fceffd700 1 -- 172.21.15.16:0/3758832609 <== mon.0 v2:172.21.15.16:3300/0 6 ==== mon_command_ack([{"prefix": "get_command_descriptions"}]=0 v0) ==== 72+0+188370 (secure 0 0 0) 0x7f5fd400b3e0 con 0x7f5fd8108f20
2024-04-23T18:30:28.126 INFO:teuthology.orchestra.run.smithi016.stdout:/usr/bin/ceph: stderr
2024-04-23T18:30:27.159+0000 7f5fdfcca700 1 -- 172.21.15.16:0/3758832609 --> [v2:172.21.15.16:6800/3607592591,v1:172.21.15.16:6801/3607592591] -- mgr_command(tid 0: {"prefix": "cephadm generate-key", "target": ["mon-mgr", ""]}) -- 0x7f5fd8103c40 con 0x7f5fc4039660
2024-04-23T18:30:28.126 INFO:teuthology.orchestra.run.smithi016.stdout:/usr/bin/ceph: stderr
2024-04-23T18:30:27.431+0000 7f5fceffd700 1 -- 172.21.15.16:0/3758832609 <== mgr.14120 v2:172.21.15.16:6800/3607592591 1 ==== mgr_command_reply(tid 0: 0 ) ==== 8+0+0 (secure 0 0 0) 0x7f5fd8103c40 con 0x7f5fc4039660
2024-04-23T18:30:28.126 INFO:teuthology.orchestra.run.smithi016.stdout:/usr/bin/ceph: stderr
2024-04-23T18:30:27.433+0000 7f5fdfcca700 1 -- 172.21.15.16:0/3758832609 >> [v2:172.21.15.16:6800/3607592591,v1:172.21.15.16:6801/3607592591] conn(0x7f5fc4039660 msgr2=0x7f5fc403bb20 secure :-1 s=STATE_CONNECTION_ESTABLISHED l=1).mark_down
2024-04-23T18:30:28.126 INFO:teuthology.orchestra.run.smithi016.stdout:/usr/bin/ceph: stderr
2024-04-23T18:30:27.433+0000 7f5fdfcca700 1 --2- 172.21.15.16:0/3758832609 >> [v2:172.21.15.16:6800/3607592591,v1:172.21.15.16:6801/3607592591] conn(0x7f5fc4039660 0x7f5fc403bb20 secure :-1 s=READY pgs=9 cs=0 l=1 rev1=1 crypto rx=0x7f5fc8006fd0 tx=0x7f5fc8006e40 comp rx=0 tx=0).stop
2024-04-23T18:30:28.126 INFO:teuthology.orchestra.run.smithi016.stdout:/usr/bin/ceph: stderr
2024-04-23T18:30:27.433+0000 7f5fdfcca700 1 -- 172.21.15.16:0/3758832609 >> [v2:172.21.15.16:3300/0,v1:172.21.15.16:6789/0] conn(0x7f5fd8108f20 msgr2=0x7f5fd81087a0 secure :-1 s=STATE_CONNECTION_ESTABLISHED l=1).mark_down
2024-04-23T18:30:28.126 INFO:teuthology.orchestra.run.smithi016.stdout:/usr/bin/ceph: stderr
2024-04-23T18:30:27.433+0000 7f5fdfcca700 1 --2- 172.21.15.16:0/3758832609 >> [v2:172.21.15.16:3300/0,v1:172.21.15.16:6789/0] conn(0x7f5fd8108f20 0x7f5fd81087a0 secure :-1 s=READY pgs=42 cs=0 l=1 rev1=1 crypto rx=0x7f5fd4011ac0 tx=0x7f5fd4011ba0 comp rx=0 tx=0).stop
2024-04-23T18:30:28.126 INFO:teuthology.orchestra.run.smithi016.stdout:/usr/bin/ceph: stderr
2024-04-23T18:30:27.433+0000 7f5fdfcca700 1 -- 172.21.15.16:0/3758832609 shutdown_connections
2024-04-23T18:30:28.126 INFO:teuthology.orchestra.run.smithi016.stdout:/usr/bin/ceph: stderr
2024-04-23T18:30:27.433+0000 7f5fdfcca700 1 --2- 172.21.15.16:0/3758832609 >> [v2:172.21.15.16:6800/3607592591,v1:172.21.15.16:6801/3607592591] conn(0x7f5fc4039660 0x7f5fc403bb20 unknown :-1 s=CLOSED pgs=9 cs=0 l=1 rev1=1 crypto rx=0 tx=0 comp rx=0 tx=0).stop
2024-04-23T18:30:28.126 INFO:teuthology.orchestra.run.smithi016.stdout:/usr/bin/ceph: stderr
2024-04-23T18:30:27.433+0000 7f5fdfcca700 1 --2- 172.21.15.16:0/3758832609 >> [v2:172.21.15.16:3300/0,v1:172.21.15.16:6789/0] conn(0x7f5fd8108f20 0x7f5fd81087a0 unknown :-1 s=CLOSED pgs=42 cs=0 l=1 rev1=1 crypto rx=0 tx=0 comp rx=0 tx=0).stop
2024-04-23T18:30:28.126 INFO:teuthology.orchestra.run.smithi016.stdout:/usr/bin/ceph: stderr
2024-04-23T18:30:27.433+0000 7f5fdfcca700 1 -- 172.21.15.16:0/3758832609 >> 172.21.15.16:0/3758832609 conn(0x7f5fd8102950 msgr2=0x7f5fd8103530 unknown :-1 s=STATE_NONE l=0).mark_down
2024-04-23T18:30:28.126 INFO:teuthology.orchestra.run.smithi016.stdout:/usr/bin/ceph: stderr
2024-04-23T18:30:27.433+0000 7f5fdfcca700 1 -- 172.21.15.16:0/3758832609 shutdown_connections
2024-04-23T18:30:28.126 INFO:teuthology.orchestra.run.smithi016.stdout:/usr/bin/ceph: stderr
2024-04-23T18:30:27.433+0000 7f5fdfcca700 1 -- 172.21.15.16:0/3758832609 wait complete.
2024-04-23T18:30:28.514 INFO:journalctl@ceph.mon.a.smithi016.stdout:Apr 23 18:30:28 smithi016 ceph-mon[29228]: from='client.14136 -' entity='client.admin' cmd=[{"prefix": "cephadm generate-key", "target": ["mon-mgr", ""]}]: dispatch
2024-04-23T18:30:28.514 INFO:journalctl@ceph.mon.a.smithi016.stdout:Apr 23 18:30:28 smithi016 ceph-mon[29228]: Generating ssh key...
2024-04-23T18:30:28.514 INFO:journalctl@ceph.mon.a.smithi016.stdout:Apr 23 18:30:28 smithi016 ceph-mon[29228]: from='mgr.14120 172.21.15.16:0/3548701548' entity='mgr.x'
2024-04-23T18:30:28.514 INFO:journalctl@ceph.mon.a.smithi016.stdout:Apr 23 18:30:28 smithi016 ceph-mon[29228]: from='mgr.14120 172.21.15.16:0/3548701548' entity='mgr.x'
2024-04-23T18:30:29.346 INFO:teuthology.orchestra.run.smithi016.stdout:/usr/bin/ceph: stdout ssh-rsa AAAAB3NzaC1yc2EAAAADAQABAAABgQDJk7zJt04kyYs8ZYvlQ8NK1rxNXPrptSV+pmfxmLoJpobw6wRtivt/mpMdhrAxSmYD8rxDBl9kYVB6wBzGn+JWbMT24++pLTx1zgOXBUPRtRxT7tRCXBCiqCiFFSKQPawJfzlsohje6MaXP/7isF+ZElRKmMAkaO+n1uCoAcGMQ5UGoz31Cs1BgWFEpUUgiDiOOxJpppwa7ljlwkIKiQaCQd2tF2Uz2ULsV96QMM8lXMt6MgXn5XNIKCFX0jpxaPBbox36NfFnnGcQEcNqF3FNdOOgOWSqQ3EVuQzSFQo5neCxDzq6mnfPZTpbsWYAnZXVD168lH3SKdvD/MhFqRA1j8fCGoXy2qXhDB3vFcCwUu+DOx/K5SoyjzMH+7f6WUxscy52sOJ7jnTrZQBtFRhsnhWSuGB+E6Lf/Uc/2UDmCTeR1qKJljZzNz7WXNdKNqkR3o2vqihGl2KrKIdrg1lv8aTHGVFMjERNQEclDH2CyQlNjccNpvHrj9Pma/VduR0= ceph-4ce7bac0-019f-11ef-bc93-c7b262605968
2024-04-23T18:30:29.346 INFO:teuthology.orchestra.run.smithi016.stdout:/usr/bin/ceph: stderr
2024-04-23T18:30:28.552+0000 7f7dca6c0700 1 Processor -- start
2024-04-23T18:30:29.346 INFO:teuthology.orchestra.run.smithi016.stdout:/usr/bin/ceph: stderr
2024-04-23T18:30:28.552+0000 7f7dca6c0700 1 -- start start
2024-04-23T18:30:29.347 INFO:teuthology.orchestra.run.smithi016.stdout:/usr/bin/ceph: stderr
2024-04-23T18:30:28.552+0000 7f7dca6c0700 1 --2- >> [v2:172.21.15.16:3300/0,v1:172.21.15.16:6789/0] conn(0x7f7dc4108f40 0x7f7dc410b330 unknown :-1 s=NONE pgs=0 cs=0 l=0 rev1=0 crypto rx=0 tx=0 comp rx=0 tx=0).connect
2024-04-23T18:30:29.347 INFO:teuthology.orchestra.run.smithi016.stdout:/usr/bin/ceph: stderr
2024-04-23T18:30:28.552+0000 7f7dca6c0700 1 -- --> [v2:172.21.15.16:3300/0,v1:172.21.15.16:6789/0] -- mon_getmap magic: 0 -- 0x7f7dc407be40 con 0x7f7dc4108f40
2024-04-23T18:30:29.347 INFO:teuthology.orchestra.run.smithi016.stdout:/usr/bin/ceph: stderr
2024-04-23T18:30:28.552+0000 7f7dc3fff700 1 --2- >> [v2:172.21.15.16:3300/0,v1:172.21.15.16:6789/0] conn(0x7f7dc4108f40 0x7f7dc410b330 unknown :-1 s=BANNER_CONNECTING pgs=0 cs=0 l=0 rev1=0 crypto rx=0 tx=0 comp rx=0 tx=0)._handle_peer_banner_payload supported=3 required=0
2024-04-23T18:30:29.347 INFO:teuthology.orchestra.run.smithi016.stdout:/usr/bin/ceph: stderr
2024-04-23T18:30:28.552+0000 7f7dc3fff700 1 --2- >> [v2:172.21.15.16:3300/0,v1:172.21.15.16:6789/0] conn(0x7f7dc4108f40 0x7f7dc410b330 unknown :-1 s=HELLO_CONNECTING pgs=0 cs=0 l=0 rev1=1 crypto rx=0 tx=0 comp rx=0 tx=0).handle_hello peer v2:172.21.15.16:3300/0 says I am v2:172.21.15.16:41742/0 (socket says 172.21.15.16:41742)
2024-04-23T18:30:29.347 INFO:teuthology.orchestra.run.smithi016.stdout:/usr/bin/ceph: stderr
2024-04-23T18:30:28.552+0000 7f7dc3fff700 1 -- 172.21.15.16:0/3877820131 learned_addr learned my addr 172.21.15.16:0/3877820131 (peer_addr_for_me v2:172.21.15.16:0/0)
2024-04-23T18:30:29.347 INFO:teuthology.orchestra.run.smithi016.stdout:/usr/bin/ceph: stderr
2024-04-23T18:30:28.552+0000 7f7dc3fff700 1 -- 172.21.15.16:0/3877820131 --> [v2:172.21.15.16:3300/0,v1:172.21.15.16:6789/0] -- mon_subscribe({config=0+,monmap=0+}) -- 0x7f7dc410b870 con 0x7f7dc4108f40
2024-04-23T18:30:29.347 INFO:teuthology.orchestra.run.smithi016.stdout:/usr/bin/ceph: stderr
2024-04-23T18:30:28.553+0000 7f7dc3fff700 1 --2- 172.21.15.16:0/3877820131 >> [v2:172.21.15.16:3300/0,v1:172.21.15.16:6789/0] conn(0x7f7dc4108f40 0x7f7dc410b330 secure :-1 s=READY pgs=43 cs=0 l=1 rev1=1 crypto rx=0x7f7db40098a0 tx=0x7f7db4009bb0 comp rx=0 tx=0).ready entity=mon.0 client_cookie=bfcdb73eb63f0725 server_cookie=0 in_seq=0 out_seq=0
2024-04-23T18:30:29.347 INFO:teuthology.orchestra.run.smithi016.stdout:/usr/bin/ceph: stderr
2024-04-23T18:30:28.553+0000 7f7dc2ffd700 1 -- 172.21.15.16:0/3877820131 <== mon.0 v2:172.21.15.16:3300/0 1 ==== mon_map magic: 0 ==== 205+0+0 (secure 0 0 0) 0x7f7db4004160 con 0x7f7dc4108f40
2024-04-23T18:30:29.347 INFO:teuthology.orchestra.run.smithi016.stdout:/usr/bin/ceph: stderr
2024-04-23T18:30:28.553+0000 7f7dc2ffd700 1 -- 172.21.15.16:0/3877820131 <== mon.0 v2:172.21.15.16:3300/0 2 ==== config(26 keys) ==== 1070+0+0 (secure 0 0 0) 0x7f7db4004300 con 0x7f7dc4108f40
2024-04-23T18:30:29.347 INFO:teuthology.orchestra.run.smithi016.stdout:/usr/bin/ceph: stderr
2024-04-23T18:30:28.553+0000 7f7dc2ffd700 1 -- 172.21.15.16:0/3877820131 <== mon.0 v2:172.21.15.16:3300/0 3 ==== mon_map magic: 0 ==== 205+0+0 (secure 0 0 0) 0x7f7db4011af0 con 0x7f7dc4108f40
2024-04-23T18:30:29.347 INFO:teuthology.orchestra.run.smithi016.stdout:/usr/bin/ceph: stderr
2024-04-23T18:30:28.553+0000 7f7dca6c0700 1 -- 172.21.15.16:0/3877820131 >> [v2:172.21.15.16:3300/0,v1:172.21.15.16:6789/0] conn(0x7f7dc4108f40 msgr2=0x7f7dc410b330 secure :-1 s=STATE_CONNECTION_ESTABLISHED l=1).mark_down
2024-04-23T18:30:29.347 INFO:teuthology.orchestra.run.smithi016.stdout:/usr/bin/ceph: stderr
2024-04-23T18:30:28.553+0000 7f7dca6c0700 1 --2- 172.21.15.16:0/3877820131 >> [v2:172.21.15.16:3300/0,v1:172.21.15.16:6789/0] conn(0x7f7dc4108f40 0x7f7dc410b330 secure :-1 s=READY pgs=43 cs=0 l=1 rev1=1 crypto rx=0x7f7db40098a0 tx=0x7f7db4009bb0 comp rx=0 tx=0).stop
2024-04-23T18:30:29.347 INFO:teuthology.orchestra.run.smithi016.stdout:/usr/bin/ceph: stderr
2024-04-23T18:30:28.553+0000 7f7dca6c0700 1 -- 172.21.15.16:0/3877820131 shutdown_connections
2024-04-23T18:30:29.348 INFO:teuthology.orchestra.run.smithi016.stdout:/usr/bin/ceph: stderr
2024-04-23T18:30:28.553+0000 7f7dca6c0700 1 --2- 172.21.15.16:0/3877820131 >> [v2:172.21.15.16:3300/0,v1:172.21.15.16:6789/0] conn(0x7f7dc4108f40 0x7f7dc410b330 unknown :-1 s=CLOSED pgs=43 cs=0 l=1 rev1=1 crypto rx=0 tx=0 comp rx=0 tx=0).stop
2024-04-23T18:30:29.348 INFO:teuthology.orchestra.run.smithi016.stdout:/usr/bin/ceph: stderr
2024-04-23T18:30:28.554+0000 7f7dca6c0700 1 -- 172.21.15.16:0/3877820131 >> 172.21.15.16:0/3877820131 conn(0x7f7dc4102950 msgr2=0x7f7dc4104d70 unknown :-1 s=STATE_NONE l=0).mark_down
2024-04-23T18:30:29.348 INFO:teuthology.orchestra.run.smithi016.stdout:/usr/bin/ceph: stderr
2024-04-23T18:30:28.554+0000 7f7dca6c0700 1 -- 172.21.15.16:0/3877820131 shutdown_connections
2024-04-23T18:30:29.348 INFO:teuthology.orchestra.run.smithi016.stdout:/usr/bin/ceph: stderr
2024-04-23T18:30:28.554+0000 7f7dca6c0700 1 -- 172.21.15.16:0/3877820131 wait complete.
2024-04-23T18:30:29.348 INFO:teuthology.orchestra.run.smithi016.stdout:/usr/bin/ceph: stderr
2024-04-23T18:30:28.554+0000 7f7dca6c0700 1 Processor -- start
2024-04-23T18:30:29.348 INFO:teuthology.orchestra.run.smithi016.stdout:/usr/bin/ceph: stderr
2024-04-23T18:30:28.554+0000 7f7dca6c0700 1 -- start start
2024-04-23T18:30:29.348 INFO:teuthology.orchestra.run.smithi016.stdout:/usr/bin/ceph: stderr
2024-04-23T18:30:28.555+0000 7f7dca6c0700 1 --2- >> [v2:172.21.15.16:3300/0,v1:172.21.15.16:6789/0] conn(0x7f7dc4108f40 0x7f7dc41087c0 unknown :-1 s=NONE pgs=0 cs=0 l=1 rev1=0 crypto rx=0 tx=0 comp rx=0 tx=0).connect
2024-04-23T18:30:29.348 INFO:teuthology.orchestra.run.smithi016.stdout:/usr/bin/ceph: stderr
2024-04-23T18:30:28.555+0000 7f7dca6c0700 1 -- --> [v2:172.21.15.16:3300/0,v1:172.21.15.16:6789/0] -- mon_getmap magic: 0 -- 0x7f7dc410c7d0 con 0x7f7dc4108f40
2024-04-23T18:30:29.348 INFO:teuthology.orchestra.run.smithi016.stdout:/usr/bin/ceph: stderr
2024-04-23T18:30:28.555+0000 7f7dc3fff700 1 --2- >> [v2:172.21.15.16:3300/0,v1:172.21.15.16:6789/0] conn(0x7f7dc4108f40 0x7f7dc41087c0 unknown :-1 s=BANNER_CONNECTING pgs=0 cs=0 l=1 rev1=0 crypto rx=0 tx=0 comp rx=0 tx=0)._handle_peer_banner_payload supported=3 required=0
2024-04-23T18:30:29.348 INFO:teuthology.orchestra.run.smithi016.stdout:/usr/bin/ceph: stderr
2024-04-23T18:30:28.555+0000 7f7dc3fff700 1 --2- >> [v2:172.21.15.16:3300/0,v1:172.21.15.16:6789/0] conn(0x7f7dc4108f40 0x7f7dc41087c0 unknown :-1 s=HELLO_CONNECTING pgs=0 cs=0 l=1 rev1=1 crypto rx=0 tx=0 comp rx=0 tx=0).handle_hello peer v2:172.21.15.16:3300/0 says I am v2:172.21.15.16:41746/0 (socket says 172.21.15.16:41746)
2024-04-23T18:30:29.348 INFO:teuthology.orchestra.run.smithi016.stdout:/usr/bin/ceph: stderr
2024-04-23T18:30:28.555+0000 7f7dc3fff700 1 -- 172.21.15.16:0/449691033 learned_addr learned my addr 172.21.15.16:0/449691033 (peer_addr_for_me v2:172.21.15.16:0/0)
2024-04-23T18:30:29.348 INFO:teuthology.orchestra.run.smithi016.stdout:/usr/bin/ceph: stderr
2024-04-23T18:30:28.555+0000 7f7dc3fff700 1 -- 172.21.15.16:0/449691033 --> [v2:172.21.15.16:3300/0,v1:172.21.15.16:6789/0] -- mon_subscribe({config=0+,monmap=0+}) -- 0x7f7dc4108d00 con 0x7f7dc4108f40
2024-04-23T18:30:29.348 INFO:teuthology.orchestra.run.smithi016.stdout:/usr/bin/ceph: stderr
2024-04-23T18:30:28.555+0000 7f7dc3fff700 1 --2- 172.21.15.16:0/449691033 >> [v2:172.21.15.16:3300/0,v1:172.21.15.16:6789/0] conn(0x7f7dc4108f40 0x7f7dc41087c0 secure :-1 s=READY pgs=44 cs=0 l=1 rev1=1 crypto rx=0x7f7db4009fb0 tx=0x7f7db4011940 comp rx=0 tx=0).ready entity=mon.0 client_cookie=0 server_cookie=0 in_seq=0 out_seq=0
2024-04-23T18:30:29.348 INFO:teuthology.orchestra.run.smithi016.stdout:/usr/bin/ceph: stderr
2024-04-23T18:30:28.555+0000 7f7dc17fa700 1 -- 172.21.15.16:0/449691033 <== mon.0 v2:172.21.15.16:3300/0 1 ==== mon_map magic: 0 ==== 205+0+0 (secure 0 0 0) 0x7f7db40036a0 con 0x7f7dc4108f40
2024-04-23T18:30:29.349 INFO:teuthology.orchestra.run.smithi016.stdout:/usr/bin/ceph: stderr
2024-04-23T18:30:28.555+0000 7f7dc17fa700 1 -- 172.21.15.16:0/449691033 <== mon.0 v2:172.21.15.16:3300/0 2 ==== config(26 keys) ==== 1070+0+0 (secure 0 0 0) 0x7f7db401a430 con 0x7f7dc4108f40
2024-04-23T18:30:29.349 INFO:teuthology.orchestra.run.smithi016.stdout:/usr/bin/ceph: stderr
2024-04-23T18:30:28.555+0000 7f7dc17fa700 1 -- 172.21.15.16:0/449691033 <== mon.0 v2:172.21.15.16:3300/0 3 ==== mon_map magic: 0 ==== 205+0+0 (secure 0 0 0) 0x7f7db4019550 con 0x7f7dc4108f40
2024-04-23T18:30:29.349 INFO:teuthology.orchestra.run.smithi016.stdout:/usr/bin/ceph: stderr
2024-04-23T18:30:28.555+0000 7f7dca6c0700 1 -- 172.21.15.16:0/449691033 --> [v2:172.21.15.16:3300/0,v1:172.21.15.16:6789/0] -- mon_subscribe({mgrmap=0+}) -- 0x7f7dc4106ef0 con 0x7f7dc4108f40
2024-04-23T18:30:29.349 INFO:teuthology.orchestra.run.smithi016.stdout:/usr/bin/ceph: stderr
2024-04-23T18:30:28.555+0000 7f7dca6c0700 1 -- 172.21.15.16:0/449691033 --> [v2:172.21.15.16:3300/0,v1:172.21.15.16:6789/0] -- mon_subscribe({osdmap=0}) -- 0x7f7dc4107430 con 0x7f7dc4108f40
2024-04-23T18:30:29.349 INFO:teuthology.orchestra.run.smithi016.stdout:/usr/bin/ceph: stderr
2024-04-23T18:30:28.556+0000 7f7dc17fa700 1 -- 172.21.15.16:0/449691033 <== mon.0 v2:172.21.15.16:3300/0 4 ==== mgrmap(e 8) ==== 46558+0+0 (secure 0 0 0) 0x7f7db4019850 con 0x7f7dc4108f40
2024-04-23T18:30:29.349 INFO:teuthology.orchestra.run.smithi016.stdout:/usr/bin/ceph: stderr
2024-04-23T18:30:28.557+0000 7f7dca6c0700 1 -- 172.21.15.16:0/449691033 --> [v2:172.21.15.16:3300/0,v1:172.21.15.16:6789/0] -- mon_command({"prefix": "get_command_descriptions"} v 0) -- 0x7f7dc40640a0 con 0x7f7dc4108f40
2024-04-23T18:30:29.349 INFO:teuthology.orchestra.run.smithi016.stdout:/usr/bin/ceph: stderr
2024-04-23T18:30:28.557+0000 7f7dc17fa700 1 --2- 172.21.15.16:0/449691033 >> [v2:172.21.15.16:6800/3607592591,v1:172.21.15.16:6801/3607592591] conn(0x7f7dac039560 0x7f7dac03ba20 unknown :-1 s=NONE pgs=0 cs=0 l=1 rev1=0 crypto rx=0 tx=0 comp rx=0 tx=0).connect
2024-04-23T18:30:29.349 INFO:teuthology.orchestra.run.smithi016.stdout:/usr/bin/ceph: stderr
2024-04-23T18:30:28.557+0000 7f7dc17fa700 1 -- 172.21.15.16:0/449691033 <== mon.0 v2:172.21.15.16:3300/0 5 ==== osd_map(2..2 src has 1..2) ==== 940+0+0 (secure 0 0 0) 0x7f7db404da70 con 0x7f7dc4108f40
2024-04-23T18:30:29.349 INFO:teuthology.orchestra.run.smithi016.stdout:/usr/bin/ceph: stderr
2024-04-23T18:30:28.557+0000 7f7dc37fe700 1 --2- 172.21.15.16:0/449691033 >> [v2:172.21.15.16:6800/3607592591,v1:172.21.15.16:6801/3607592591] conn(0x7f7dac039560 0x7f7dac03ba20 unknown :-1 s=BANNER_CONNECTING pgs=0 cs=0 l=1 rev1=0 crypto rx=0 tx=0 comp rx=0 tx=0)._handle_peer_banner_payload supported=3 required=0
2024-04-23T18:30:29.349 INFO:teuthology.orchestra.run.smithi016.stdout:/usr/bin/ceph: stderr
2024-04-23T18:30:28.557+0000 7f7dc37fe700 1 --2- 172.21.15.16:0/449691033 >> [v2:172.21.15.16:6800/3607592591,v1:172.21.15.16:6801/3607592591] conn(0x7f7dac039560 0x7f7dac03ba20 secure :-1 s=READY pgs=10 cs=0 l=1 rev1=1 crypto rx=0x7f7db8006fd0 tx=0x7f7db8006e40 comp rx=0 tx=0).ready entity=mgr.14120 client_cookie=0 server_cookie=0 in_seq=0 out_seq=0
2024-04-23T18:30:29.349 INFO:teuthology.orchestra.run.smithi016.stdout:/usr/bin/ceph: stderr
2024-04-23T18:30:28.562+0000 7f7dc17fa700 1 -- 172.21.15.16:0/449691033 <== mon.0 v2:172.21.15.16:3300/0 6 ==== mon_command_ack([{"prefix": "get_command_descriptions"}]=0 v0) ==== 72+0+188370 (secure 0 0 0) 0x7f7db402d440 con 0x7f7dc4108f40
2024-04-23T18:30:29.349 INFO:teuthology.orchestra.run.smithi016.stdout:/usr/bin/ceph: stderr
2024-04-23T18:30:28.770+0000 7f7dca6c0700 1 -- 172.21.15.16:0/449691033 --> [v2:172.21.15.16:6800/3607592591,v1:172.21.15.16:6801/3607592591] -- mgr_command(tid 0: {"prefix": "cephadm get-pub-key", "target": ["mon-mgr", ""]}) -- 0x7f7dc4103bf0 con 0x7f7dac039560
2024-04-23T18:30:29.349 INFO:teuthology.orchestra.run.smithi016.stdout:/usr/bin/ceph: stderr
2024-04-23T18:30:28.771+0000 7f7dc17fa700 1 -- 172.21.15.16:0/449691033 <== mgr.14120 v2:172.21.15.16:6800/3607592591 1 ==== mgr_command_reply(tid 0: 0 ) ==== 8+0+595 (secure 0 0 0) 0x7f7dc4103bf0 con 0x7f7dac039560
2024-04-23T18:30:29.349 INFO:teuthology.orchestra.run.smithi016.stdout:/usr/bin/ceph: stderr
2024-04-23T18:30:28.773+0000 7f7dca6c0700 1 -- 172.21.15.16:0/449691033 >> [v2:172.21.15.16:6800/3607592591,v1:172.21.15.16:6801/3607592591] conn(0x7f7dac039560 msgr2=0x7f7dac03ba20 secure :-1 s=STATE_CONNECTION_ESTABLISHED l=1).mark_down
2024-04-23T18:30:29.350 INFO:teuthology.orchestra.run.smithi016.stdout:/usr/bin/ceph: stderr
2024-04-23T18:30:28.773+0000 7f7dca6c0700 1 --2- 172.21.15.16:0/449691033 >> [v2:172.21.15.16:6800/3607592591,v1:172.21.15.16:6801/3607592591] conn(0x7f7dac039560 0x7f7dac03ba20 secure :-1 s=READY pgs=10 cs=0 l=1 rev1=1 crypto rx=0x7f7db8006fd0 tx=0x7f7db8006e40 comp rx=0 tx=0).stop
2024-04-23T18:30:29.350 INFO:teuthology.orchestra.run.smithi016.stdout:/usr/bin/ceph: stderr
2024-04-23T18:30:28.773+0000 7f7dca6c0700 1 -- 172.21.15.16:0/449691033 >> [v2:172.21.15.16:3300/0,v1:172.21.15.16:6789/0] conn(0x7f7dc4108f40 msgr2=0x7f7dc41087c0 secure :-1 s=STATE_CONNECTION_ESTABLISHED l=1).mark_down
2024-04-23T18:30:29.350 INFO:teuthology.orchestra.run.smithi016.stdout:/usr/bin/ceph: stderr
2024-04-23T18:30:28.773+0000 7f7dca6c0700 1 --2- 172.21.15.16:0/449691033 >> [v2:172.21.15.16:3300/0,v1:172.21.15.16:6789/0] conn(0x7f7dc4108f40 0x7f7dc41087c0 secure :-1 s=READY pgs=44 cs=0 l=1 rev1=1 crypto rx=0x7f7db4009fb0 tx=0x7f7db4011940 comp rx=0 tx=0).stop
2024-04-23T18:30:29.350 INFO:teuthology.orchestra.run.smithi016.stdout:/usr/bin/ceph: stderr
2024-04-23T18:30:28.773+0000 7f7dca6c0700 1 -- 172.21.15.16:0/449691033 shutdown_connections
2024-04-23T18:30:29.350 INFO:teuthology.orchestra.run.smithi016.stdout:/usr/bin/ceph: stderr
2024-04-23T18:30:28.773+0000 7f7dca6c0700 1 --2- 172.21.15.16:0/449691033 >> [v2:172.21.15.16:6800/3607592591,v1:172.21.15.16:6801/3607592591] conn(0x7f7dac039560 0x7f7dac03ba20 unknown :-1 s=CLOSED pgs=10 cs=0 l=1 rev1=1 crypto rx=0 tx=0 comp rx=0 tx=0).stop
2024-04-23T18:30:29.350 INFO:teuthology.orchestra.run.smithi016.stdout:/usr/bin/ceph: stderr
2024-04-23T18:30:28.773+0000 7f7dca6c0700 1 --2- 172.21.15.16:0/449691033 >> [v2:172.21.15.16:3300/0,v1:172.21.15.16:6789/0] conn(0x7f7dc4108f40 0x7f7dc41087c0 unknown :-1 s=CLOSED pgs=44 cs=0 l=1 rev1=1 crypto rx=0 tx=0 comp rx=0 tx=0).stop
2024-04-23T18:30:29.350 INFO:teuthology.orchestra.run.smithi016.stdout:/usr/bin/ceph: stderr
2024-04-23T18:30:28.773+0000 7f7dca6c0700 1 -- 172.21.15.16:0/449691033 >> 172.21.15.16:0/449691033 conn(0x7f7dc4102950 msgr2=0x7f7dc41034e0 unknown :-1 s=STATE_NONE l=0).mark_down
2024-04-23T18:30:29.350 INFO:teuthology.orchestra.run.smithi016.stdout:/usr/bin/ceph: stderr
2024-04-23T18:30:28.773+0000 7f7dca6c0700 1 -- 172.21.15.16:0/449691033 shutdown_connections
2024-04-23T18:30:29.350 INFO:teuthology.orchestra.run.smithi016.stdout:/usr/bin/ceph: stderr
2024-04-23T18:30:28.773+0000 7f7dca6c0700 1 -- 172.21.15.16:0/449691033 wait complete.
2024-04-23T18:30:29.350 INFO:teuthology.orchestra.run.smithi016.stdout:Wrote public SSH key to /home/ubuntu/cephtest/ceph.pub
2024-04-23T18:30:29.350 INFO:teuthology.orchestra.run.smithi016.stdout:Adding key to root@localhost authorized_keys...
2024-04-23T18:30:29.350 INFO:teuthology.orchestra.run.smithi016.stdout:Adding host smithi016...
2024-04-23T18:30:29.782 INFO:journalctl@ceph.mon.a.smithi016.stdout:Apr 23 18:30:29 smithi016 ceph-mon[29228]: from='client.14138 -' entity='client.admin' cmd=[{"prefix": "cephadm get-pub-key", "target": ["mon-mgr", ""]}]: dispatch
2024-04-23T18:30:30.620 INFO:journalctl@ceph.mon.a.smithi016.stdout:Apr 23 18:30:30 smithi016 ceph-mon[29228]: from='client.14140 -' entity='client.admin' cmd=[{"prefix": "orch host add", "hostname": "smithi016", "addr": "172.21.15.16", "target": ["mon-mgr", ""]}]: dispatch
2024-04-23T18:30:32.014 INFO:journalctl@ceph.mon.a.smithi016.stdout:Apr 23 18:30:31 smithi016 ceph-mon[29228]: Deploying cephadm binary to smithi016
2024-04-23T18:30:34.781 INFO:teuthology.orchestra.run.smithi016.stdout:/usr/bin/ceph: stdout Added host 'smithi016' with addr '172.21.15.16'
2024-04-23T18:30:34.781 INFO:teuthology.orchestra.run.smithi016.stdout:/usr/bin/ceph: stderr
2024-04-23T18:30:29.823+0000 7f769fdfb700 1 Processor -- start
2024-04-23T18:30:34.781 INFO:teuthology.orchestra.run.smithi016.stdout:/usr/bin/ceph: stderr
2024-04-23T18:30:29.823+0000 7f769fdfb700 1 -- start start
2024-04-23T18:30:34.781 INFO:teuthology.orchestra.run.smithi016.stdout:/usr/bin/ceph: stderr
2024-04-23T18:30:29.823+0000 7f769fdfb700 1 --2- >> [v2:172.21.15.16:3300/0,v1:172.21.15.16:6789/0] conn(0x7f7698108440 0x7f7698108860 unknown :-1 s=NONE pgs=0 cs=0 l=0 rev1=0 crypto rx=0 tx=0 comp rx=0 tx=0).connect
2024-04-23T18:30:34.781 INFO:teuthology.orchestra.run.smithi016.stdout:/usr/bin/ceph: stderr
2024-04-23T18:30:29.823+0000 7f769fdfb700 1 -- --> [v2:172.21.15.16:3300/0,v1:172.21.15.16:6789/0] -- mon_getmap magic: 0 -- 0x7f7698108e30 con 0x7f7698108440
2024-04-23T18:30:34.782 INFO:teuthology.orchestra.run.smithi016.stdout:/usr/bin/ceph: stderr
2024-04-23T18:30:29.823+0000 7f769db97700 1 --2- >> [v2:172.21.15.16:3300/0,v1:172.21.15.16:6789/0] conn(0x7f7698108440 0x7f7698108860 unknown :-1 s=BANNER_CONNECTING pgs=0 cs=0 l=0 rev1=0 crypto rx=0 tx=0 comp rx=0 tx=0)._handle_peer_banner_payload supported=3 required=0
2024-04-23T18:30:34.782 INFO:teuthology.orchestra.run.smithi016.stdout:/usr/bin/ceph: stderr
2024-04-23T18:30:29.823+0000 7f769db97700 1 --2- >> [v2:172.21.15.16:3300/0,v1:172.21.15.16:6789/0] conn(0x7f7698108440 0x7f7698108860 unknown :-1 s=HELLO_CONNECTING pgs=0 cs=0 l=0 rev1=1 crypto rx=0 tx=0 comp rx=0 tx=0).handle_hello peer v2:172.21.15.16:3300/0 says I am v2:172.21.15.16:41750/0 (socket says 172.21.15.16:41750)
2024-04-23T18:30:34.782 INFO:teuthology.orchestra.run.smithi016.stdout:/usr/bin/ceph: stderr
2024-04-23T18:30:29.823+0000 7f769db97700 1 -- 172.21.15.16:0/3530302258 learned_addr learned my addr 172.21.15.16:0/3530302258 (peer_addr_for_me v2:172.21.15.16:0/0)
2024-04-23T18:30:34.782 INFO:teuthology.orchestra.run.smithi016.stdout:/usr/bin/ceph: stderr
2024-04-23T18:30:29.824+0000 7f769db97700 1 -- 172.21.15.16:0/3530302258 --> [v2:172.21.15.16:3300/0,v1:172.21.15.16:6789/0] -- mon_subscribe({config=0+,monmap=0+}) -- 0x7f76981095f0 con 0x7f7698108440
2024-04-23T18:30:34.782 INFO:teuthology.orchestra.run.smithi016.stdout:/usr/bin/ceph: stderr
2024-04-23T18:30:29.824+0000 7f769db97700 1 --2- 172.21.15.16:0/3530302258 >> [v2:172.21.15.16:3300/0,v1:172.21.15.16:6789/0] conn(0x7f7698108440 0x7f7698108860 secure :-1 s=READY pgs=45 cs=0 l=1 rev1=1 crypto rx=0x7f76940098a0 tx=0x7f7694009bb0 comp rx=0 tx=0).ready entity=mon.0 client_cookie=dae27b6c2aa3a3e0 server_cookie=0 in_seq=0 out_seq=0
2024-04-23T18:30:34.782 INFO:teuthology.orchestra.run.smithi016.stdout:/usr/bin/ceph: stderr
2024-04-23T18:30:29.824+0000 7f769cb95700 1 -- 172.21.15.16:0/3530302258 <== mon.0 v2:172.21.15.16:3300/0 1 ==== mon_map magic: 0 ==== 205+0+0 (secure 0 0 0) 0x7f7694004160 con 0x7f7698108440
2024-04-23T18:30:34.782 INFO:teuthology.orchestra.run.smithi016.stdout:/usr/bin/ceph: stderr
2024-04-23T18:30:29.824+0000 7f769cb95700 1 -- 172.21.15.16:0/3530302258 <== mon.0 v2:172.21.15.16:3300/0 2 ==== config(26 keys) ==== 1070+0+0 (secure 0 0 0) 0x7f7694004300 con 0x7f7698108440
2024-04-23T18:30:34.782 INFO:teuthology.orchestra.run.smithi016.stdout:/usr/bin/ceph: stderr
2024-04-23T18:30:29.824+0000 7f769cb95700 1 -- 172.21.15.16:0/3530302258 <== mon.0 v2:172.21.15.16:3300/0 3 ==== mon_map magic: 0 ==== 205+0+0 (secure 0 0 0) 0x7f7694011af0 con 0x7f7698108440
2024-04-23T18:30:34.782 INFO:teuthology.orchestra.run.smithi016.stdout:/usr/bin/ceph: stderr
2024-04-23T18:30:29.824+0000 7f769fdfb700 1 -- 172.21.15.16:0/3530302258 >> [v2:172.21.15.16:3300/0,v1:172.21.15.16:6789/0] conn(0x7f7698108440 msgr2=0x7f7698108860 secure :-1 s=STATE_CONNECTION_ESTABLISHED l=1).mark_down
2024-04-23T18:30:34.782 INFO:teuthology.orchestra.run.smithi016.stdout:/usr/bin/ceph: stderr
2024-04-23T18:30:29.824+0000 7f769fdfb700 1 --2- 172.21.15.16:0/3530302258 >> [v2:172.21.15.16:3300/0,v1:172.21.15.16:6789/0] conn(0x7f7698108440 0x7f7698108860 secure :-1 s=READY pgs=45 cs=0 l=1 rev1=1 crypto rx=0x7f76940098a0 tx=0x7f7694009bb0 comp rx=0 tx=0).stop
2024-04-23T18:30:34.782 INFO:teuthology.orchestra.run.smithi016.stdout:/usr/bin/ceph: stderr
2024-04-23T18:30:29.825+0000 7f769fdfb700 1 -- 172.21.15.16:0/3530302258 shutdown_connections
2024-04-23T18:30:34.782 INFO:teuthology.orchestra.run.smithi016.stdout:/usr/bin/ceph: stderr
2024-04-23T18:30:29.825+0000 7f769fdfb700 1 --2- 172.21.15.16:0/3530302258 >> [v2:172.21.15.16:3300/0,v1:172.21.15.16:6789/0] conn(0x7f7698108440 0x7f7698108860 unknown :-1 s=CLOSED pgs=45 cs=0 l=1 rev1=1 crypto rx=0 tx=0 comp rx=0 tx=0).stop
2024-04-23T18:30:34.782 INFO:teuthology.orchestra.run.smithi016.stdout:/usr/bin/ceph: stderr
2024-04-23T18:30:29.825+0000 7f769fdfb700 1 -- 172.21.15.16:0/3530302258 >> 172.21.15.16:0/3530302258 conn(0x7f7698103ae0 msgr2=0x7f7698105f00 unknown :-1 s=STATE_NONE l=0).mark_down
2024-04-23T18:30:34.782 INFO:teuthology.orchestra.run.smithi016.stdout:/usr/bin/ceph: stderr
2024-04-23T18:30:29.825+0000 7f769fdfb700 1 -- 172.21.15.16:0/3530302258 shutdown_connections
2024-04-23T18:30:34.783 INFO:teuthology.orchestra.run.smithi016.stdout:/usr/bin/ceph: stderr
2024-04-23T18:30:29.825+0000 7f769fdfb700 1 -- 172.21.15.16:0/3530302258 wait complete.
2024-04-23T18:30:34.783 INFO:teuthology.orchestra.run.smithi016.stdout:/usr/bin/ceph: stderr
2024-04-23T18:30:29.825+0000 7f769fdfb700 1 Processor -- start
2024-04-23T18:30:34.783 INFO:teuthology.orchestra.run.smithi016.stdout:/usr/bin/ceph: stderr
2024-04-23T18:30:29.825+0000 7f769fdfb700 1 -- start start
2024-04-23T18:30:34.783 INFO:teuthology.orchestra.run.smithi016.stdout:/usr/bin/ceph: stderr
2024-04-23T18:30:29.825+0000 7f769fdfb700 1 --2- >> [v2:172.21.15.16:3300/0,v1:172.21.15.16:6789/0] conn(0x7f7698108440 0x7f769819c380 unknown :-1 s=NONE pgs=0 cs=0 l=1 rev1=0 crypto rx=0 tx=0 comp rx=0 tx=0).connect
2024-04-23T18:30:34.783 INFO:teuthology.orchestra.run.smithi016.stdout:/usr/bin/ceph: stderr
2024-04-23T18:30:29.825+0000 7f769fdfb700 1 -- --> [v2:172.21.15.16:3300/0,v1:172.21.15.16:6789/0] -- mon_getmap magic: 0 -- 0x7f769810c9a0 con 0x7f7698108440
2024-04-23T18:30:34.783 INFO:teuthology.orchestra.run.smithi016.stdout:/usr/bin/ceph: stderr
2024-04-23T18:30:29.826+0000 7f769db97700 1 --2- >> [v2:172.21.15.16:3300/0,v1:172.21.15.16:6789/0] conn(0x7f7698108440 0x7f769819c380 unknown :-1 s=BANNER_CONNECTING pgs=0 cs=0 l=1 rev1=0 crypto rx=0 tx=0 comp rx=0 tx=0)._handle_peer_banner_payload supported=3 required=0
2024-04-23T18:30:34.783 INFO:teuthology.orchestra.run.smithi016.stdout:/usr/bin/ceph: stderr
2024-04-23T18:30:29.826+0000 7f769db97700 1 --2- >> [v2:172.21.15.16:3300/0,v1:172.21.15.16:6789/0] conn(0x7f7698108440 0x7f769819c380 unknown :-1 s=HELLO_CONNECTING pgs=0 cs=0 l=1 rev1=1 crypto rx=0 tx=0 comp rx=0 tx=0).handle_hello peer v2:172.21.15.16:3300/0 says I am v2:172.21.15.16:41754/0 (socket says 172.21.15.16:41754)
2024-04-23T18:30:34.783 INFO:teuthology.orchestra.run.smithi016.stdout:/usr/bin/ceph: stderr
2024-04-23T18:30:29.826+0000 7f769db97700 1 -- 172.21.15.16:0/3844607291 learned_addr learned my addr 172.21.15.16:0/3844607291 (peer_addr_for_me v2:172.21.15.16:0/0)
2024-04-23T18:30:34.783 INFO:teuthology.orchestra.run.smithi016.stdout:/usr/bin/ceph: stderr
2024-04-23T18:30:29.826+0000 7f769db97700 1 -- 172.21.15.16:0/3844607291 --> [v2:172.21.15.16:3300/0,v1:172.21.15.16:6789/0] -- mon_subscribe({config=0+,monmap=0+}) -- 0x7f769819c8c0 con 0x7f7698108440
2024-04-23T18:30:34.783 INFO:teuthology.orchestra.run.smithi016.stdout:/usr/bin/ceph: stderr
2024-04-23T18:30:29.826+0000 7f769db97700 1 --2- 172.21.15.16:0/3844607291 >> [v2:172.21.15.16:3300/0,v1:172.21.15.16:6789/0] conn(0x7f7698108440 0x7f769819c380 secure :-1 s=READY pgs=46 cs=0 l=1 rev1=1 crypto rx=0x7f7694000c00 tx=0x7f7694011b70 comp rx=0 tx=0).ready entity=mon.0 client_cookie=0 server_cookie=0 in_seq=0 out_seq=0
2024-04-23T18:30:34.783 INFO:teuthology.orchestra.run.smithi016.stdout:/usr/bin/ceph: stderr
2024-04-23T18:30:29.826+0000 7f768effd700 1 -- 172.21.15.16:0/3844607291 <== mon.0 v2:172.21.15.16:3300/0 1 ==== mon_map magic: 0 ==== 205+0+0 (secure 0 0 0) 0x7f7694003b20 con 0x7f7698108440
2024-04-23T18:30:34.783 INFO:teuthology.orchestra.run.smithi016.stdout:/usr/bin/ceph: stderr
2024-04-23T18:30:29.826+0000 7f768effd700 1 -- 172.21.15.16:0/3844607291 <== mon.0 v2:172.21.15.16:3300/0 2 ==== config(26 keys) ==== 1070+0+0 (secure 0 0 0) 0x7f769401a8c0 con 0x7f7698108440
2024-04-23T18:30:34.783 INFO:teuthology.orchestra.run.smithi016.stdout:/usr/bin/ceph: stderr
2024-04-23T18:30:29.826+0000 7f769fdfb700 1 -- 172.21.15.16:0/3844607291 --> [v2:172.21.15.16:3300/0,v1:172.21.15.16:6789/0] -- mon_subscribe({mgrmap=0+}) -- 0x7f769819cb50 con 0x7f7698108440
2024-04-23T18:30:34.783 INFO:teuthology.orchestra.run.smithi016.stdout:/usr/bin/ceph: stderr
2024-04-23T18:30:29.826+0000 7f768effd700 1 -- 172.21.15.16:0/3844607291 <== mon.0 v2:172.21.15.16:3300/0 3 ==== mon_map magic: 0 ==== 205+0+0 (secure 0 0 0) 0x7f7694024940 con 0x7f7698108440
2024-04-23T18:30:34.783 INFO:teuthology.orchestra.run.smithi016.stdout:/usr/bin/ceph: stderr
2024-04-23T18:30:29.826+0000 7f769fdfb700 1 -- 172.21.15.16:0/3844607291 --> [v2:172.21.15.16:3300/0,v1:172.21.15.16:6789/0] -- mon_subscribe({osdmap=0}) -- 0x7f769819f840 con 0x7f7698108440
2024-04-23T18:30:34.784 INFO:teuthology.orchestra.run.smithi016.stdout:/usr/bin/ceph: stderr
2024-04-23T18:30:29.827+0000 7f768effd700 1 -- 172.21.15.16:0/3844607291 <== mon.0 v2:172.21.15.16:3300/0 4 ==== mgrmap(e 8) ==== 46558+0+0 (secure 0 0 0) 0x7f7694022020 con 0x7f7698108440
2024-04-23T18:30:34.784 INFO:teuthology.orchestra.run.smithi016.stdout:/usr/bin/ceph: stderr
2024-04-23T18:30:29.827+0000 7f768effd700 1 --2- 172.21.15.16:0/3844607291 >> [v2:172.21.15.16:6800/3607592591,v1:172.21.15.16:6801/3607592591] conn(0x7f7684039600 0x7f768403bac0 unknown :-1 s=NONE pgs=0 cs=0 l=1 rev1=0 crypto rx=0 tx=0 comp rx=0 tx=0).connect
2024-04-23T18:30:34.784 INFO:teuthology.orchestra.run.smithi016.stdout:/usr/bin/ceph: stderr
2024-04-23T18:30:29.827+0000 7f768effd700 1 -- 172.21.15.16:0/3844607291 <== mon.0 v2:172.21.15.16:3300/0 5 ==== osd_map(2..2 src has 1..2) ==== 940+0+0 (secure 0 0 0) 0x7f769404d900 con 0x7f7698108440
2024-04-23T18:30:34.784 INFO:teuthology.orchestra.run.smithi016.stdout:/usr/bin/ceph: stderr
2024-04-23T18:30:29.827+0000 7f769fdfb700 1 -- 172.21.15.16:0/3844607291 --> [v2:172.21.15.16:3300/0,v1:172.21.15.16:6789/0] -- mon_command({"prefix": "get_command_descriptions"} v 0) -- 0x7f76980640a0 con 0x7f7698108440
2024-04-23T18:30:34.784 INFO:teuthology.orchestra.run.smithi016.stdout:/usr/bin/ceph: stderr
2024-04-23T18:30:29.827+0000 7f769d396700 1 --2- 172.21.15.16:0/3844607291 >> [v2:172.21.15.16:6800/3607592591,v1:172.21.15.16:6801/3607592591] conn(0x7f7684039600 0x7f768403bac0 unknown :-1 s=BANNER_CONNECTING pgs=0 cs=0 l=1 rev1=0 crypto rx=0 tx=0 comp rx=0 tx=0)._handle_peer_banner_payload supported=3 required=0
2024-04-23T18:30:34.784 INFO:teuthology.orchestra.run.smithi016.stdout:/usr/bin/ceph: stderr
2024-04-23T18:30:29.828+0000 7f769d396700 1 --2- 172.21.15.16:0/3844607291 >> [v2:172.21.15.16:6800/3607592591,v1:172.21.15.16:6801/3607592591] conn(0x7f7684039600 0x7f768403bac0 secure :-1 s=READY pgs=11 cs=0 l=1 rev1=1 crypto rx=0x7f7688006fd0 tx=0x7f7688006e40 comp rx=0 tx=0).ready entity=mgr.14120 client_cookie=0 server_cookie=0 in_seq=0 out_seq=0
2024-04-23T18:30:34.784 INFO:teuthology.orchestra.run.smithi016.stdout:/usr/bin/ceph: stderr
2024-04-23T18:30:29.833+0000 7f768effd700 1 -- 172.21.15.16:0/3844607291 <== mon.0 v2:172.21.15.16:3300/0 6 ==== mon_command_ack([{"prefix": "get_command_descriptions"}]=0 v0) ==== 72+0+188370 (secure 0 0 0) 0x7f769401aae0 con 0x7f7698108440
2024-04-23T18:30:34.784 INFO:teuthology.orchestra.run.smithi016.stdout:/usr/bin/ceph: stderr
2024-04-23T18:30:30.049+0000 7f769fdfb700 1 -- 172.21.15.16:0/3844607291 --> [v2:172.21.15.16:6800/3607592591,v1:172.21.15.16:6801/3607592591] -- mgr_command(tid 0: {"prefix": "orch host add", "hostname": "smithi016", "addr": "172.21.15.16", "target": ["mon-mgr", ""]}) -- 0x7f7698104d00 con 0x7f7684039600
2024-04-23T18:30:34.784 INFO:teuthology.orchestra.run.smithi016.stdout:/usr/bin/ceph: stderr
2024-04-23T18:30:34.215+0000 7f768effd700 1 -- 172.21.15.16:0/3844607291 <== mgr.14120 v2:172.21.15.16:6800/3607592591 1 ==== mgr_command_reply(tid 0: 0 ) ==== 8+0+48 (secure 0 0 0) 0x7f7698104d00 con 0x7f7684039600
2024-04-23T18:30:34.784 INFO:teuthology.orchestra.run.smithi016.stdout:/usr/bin/ceph: stderr
2024-04-23T18:30:34.218+0000 7f769fdfb700 1 -- 172.21.15.16:0/3844607291 >> [v2:172.21.15.16:6800/3607592591,v1:172.21.15.16:6801/3607592591] conn(0x7f7684039600 msgr2=0x7f768403bac0 secure :-1 s=STATE_CONNECTION_ESTABLISHED l=1).mark_down
2024-04-23T18:30:34.784 INFO:teuthology.orchestra.run.smithi016.stdout:/usr/bin/ceph: stderr
2024-04-23T18:30:34.218+0000 7f769fdfb700 1 --2- 172.21.15.16:0/3844607291 >> [v2:172.21.15.16:6800/3607592591,v1:172.21.15.16:6801/3607592591] conn(0x7f7684039600 0x7f768403bac0 secure :-1 s=READY pgs=11 cs=0 l=1 rev1=1 crypto rx=0x7f7688006fd0 tx=0x7f7688006e40 comp rx=0 tx=0).stop
2024-04-23T18:30:34.784 INFO:teuthology.orchestra.run.smithi016.stdout:/usr/bin/ceph: stderr
2024-04-23T18:30:34.218+0000 7f769fdfb700 1 -- 172.21.15.16:0/3844607291 >> [v2:172.21.15.16:3300/0,v1:172.21.15.16:6789/0] conn(0x7f7698108440 msgr2=0x7f769819c380 secure :-1 s=STATE_CONNECTION_ESTABLISHED l=1).mark_down
2024-04-23T18:30:34.784 INFO:teuthology.orchestra.run.smithi016.stdout:/usr/bin/ceph: stderr
2024-04-23T18:30:34.218+0000 7f769fdfb700 1 --2- 172.21.15.16:0/3844607291 >> [v2:172.21.15.16:3300/0,v1:172.21.15.16:6789/0] conn(0x7f7698108440 0x7f769819c380 secure :-1 s=READY pgs=46 cs=0 l=1 rev1=1 crypto rx=0x7f7694000c00 tx=0x7f7694011b70 comp rx=0 tx=0).stop
2024-04-23T18:30:34.784 INFO:teuthology.orchestra.run.smithi016.stdout:/usr/bin/ceph: stderr
2024-04-23T18:30:34.218+0000 7f769fdfb700 1 -- 172.21.15.16:0/3844607291 shutdown_connections
2024-04-23T18:30:34.784 INFO:teuthology.orchestra.run.smithi016.stdout:/usr/bin/ceph: stderr
2024-04-23T18:30:34.218+0000 7f769fdfb700 1 --2- 172.21.15.16:0/3844607291 >> [v2:172.21.15.16:6800/3607592591,v1:172.21.15.16:6801/3607592591] conn(0x7f7684039600 0x7f768403bac0 unknown :-1 s=CLOSED pgs=11 cs=0 l=1 rev1=1 crypto rx=0 tx=0 comp rx=0 tx=0).stop
2024-04-23T18:30:34.784 INFO:teuthology.orchestra.run.smithi016.stdout:/usr/bin/ceph: stderr
2024-04-23T18:30:34.218+0000 7f769fdfb700 1 --2- 172.21.15.16:0/3844607291 >> [v2:172.21.15.16:3300/0,v1:172.21.15.16:6789/0] conn(0x7f7698108440 0x7f769819c380 unknown :-1 s=CLOSED pgs=46 cs=0 l=1 rev1=1 crypto rx=0 tx=0 comp rx=0 tx=0).stop
2024-04-23T18:30:34.785 INFO:teuthology.orchestra.run.smithi016.stdout:/usr/bin/ceph: stderr
2024-04-23T18:30:34.218+0000 7f769fdfb700 1 -- 172.21.15.16:0/3844607291 >> 172.21.15.16:0/3844607291 conn(0x7f7698103ae0 msgr2=0x7f76981045f0 unknown :-1 s=STATE_NONE l=0).mark_down
2024-04-23T18:30:34.785 INFO:teuthology.orchestra.run.smithi016.stdout:/usr/bin/ceph: stderr
2024-04-23T18:30:34.218+0000 7f769fdfb700 1 -- 172.21.15.16:0/3844607291 shutdown_connections
2024-04-23T18:30:34.785 INFO:teuthology.orchestra.run.smithi016.stdout:/usr/bin/ceph: stderr
2024-04-23T18:30:34.218+0000 7f769fdfb700 1 -- 172.21.15.16:0/3844607291 wait complete.
2024-04-23T18:30:34.785 INFO:teuthology.orchestra.run.smithi016.stdout:Deploying unmanaged mon service...
2024-04-23T18:30:35.331 INFO:journalctl@ceph.mon.a.smithi016.stdout:Apr 23 18:30:35 smithi016 ceph-mon[29228]: from='mgr.14120 172.21.15.16:0/3548701548' entity='mgr.x'
2024-04-23T18:30:35.331 INFO:journalctl@ceph.mon.a.smithi016.stdout:Apr 23 18:30:35 smithi016 ceph-mon[29228]: Added host smithi016
2024-04-23T18:30:35.331 INFO:journalctl@ceph.mon.a.smithi016.stdout:Apr 23 18:30:35 smithi016 ceph-mon[29228]: from='mgr.14120 172.21.15.16:0/3548701548' entity='mgr.x' cmd=[{"prefix": "config dump", "format": "json"}]: dispatch
2024-04-23T18:30:36.548 INFO:teuthology.orchestra.run.smithi016.stdout:/usr/bin/ceph: stdout Scheduled mon update...
2024-04-23T18:30:36.549 INFO:teuthology.orchestra.run.smithi016.stdout:/usr/bin/ceph: stderr
2024-04-23T18:30:35.338+0000 7f97c19ae700 1 Processor -- start
2024-04-23T18:30:36.549 INFO:teuthology.orchestra.run.smithi016.stdout:/usr/bin/ceph: stderr
2024-04-23T18:30:35.338+0000 7f97c19ae700 1 -- start start
2024-04-23T18:30:36.549 INFO:teuthology.orchestra.run.smithi016.stdout:/usr/bin/ceph: stderr
2024-04-23T18:30:35.339+0000 7f97c19ae700 1 --2- >> [v2:172.21.15.16:3300/0,v1:172.21.15.16:6789/0] conn(0x7f97bc107350 0x7f97bc107770 unknown :-1 s=NONE pgs=0 cs=0 l=0 rev1=0 crypto rx=0 tx=0 comp rx=0 tx=0).connect
2024-04-23T18:30:36.549 INFO:teuthology.orchestra.run.smithi016.stdout:/usr/bin/ceph: stderr
2024-04-23T18:30:35.339+0000 7f97c19ae700 1 -- --> [v2:172.21.15.16:3300/0,v1:172.21.15.16:6789/0] -- mon_getmap magic: 0 -- 0x7f97bc107d40 con 0x7f97bc107350
2024-04-23T18:30:36.549 INFO:teuthology.orchestra.run.smithi016.stdout:/usr/bin/ceph: stderr
2024-04-23T18:30:35.339+0000 7f97baffd700 1 --2- >> [v2:172.21.15.16:3300/0,v1:172.21.15.16:6789/0] conn(0x7f97bc107350 0x7f97bc107770 unknown :-1 s=BANNER_CONNECTING pgs=0 cs=0 l=0 rev1=0 crypto rx=0 tx=0 comp rx=0 tx=0)._handle_peer_banner_payload supported=3 required=0
2024-04-23T18:30:36.549 INFO:teuthology.orchestra.run.smithi016.stdout:/usr/bin/ceph: stderr
2024-04-23T18:30:35.339+0000 7f97baffd700 1 --2- >> [v2:172.21.15.16:3300/0,v1:172.21.15.16:6789/0] conn(0x7f97bc107350 0x7f97bc107770 unknown :-1 s=HELLO_CONNECTING pgs=0 cs=0 l=0 rev1=1 crypto rx=0 tx=0 comp rx=0 tx=0).handle_hello peer v2:172.21.15.16:3300/0 says I am v2:172.21.15.16:40530/0 (socket says 172.21.15.16:40530)
2024-04-23T18:30:36.550 INFO:teuthology.orchestra.run.smithi016.stdout:/usr/bin/ceph: stderr
