2024-04-23T18:30:24.100 INFO:teuthology.orchestra.run.smithi016.stdout:/usr/bin/ceph: stderr
2024-04-23T18:30:17.825+0000 7f1c4b7fe700 1 -- 172.21.15.16:0/2737092557 --> [v2:172.21.15.16:6800/2049635221,v1:172.21.15.16:6801/2049635221] -- command(tid 0: {"prefix": "get_command_descriptions"}) -- 0x7f1c4403c180 con 0x7f1c440395b0
2024-04-23T18:30:24.100 INFO:teuthology.orchestra.run.smithi016.stdout:/usr/bin/ceph: stderr
2024-04-23T18:30:17.825+0000 7f1c4b7fe700 1 -- 172.21.15.16:0/2737092557 <== mon.0 v2:172.21.15.16:3300/0 5 ==== osd_map(1..1 src has 1..1) ==== 725+0+0 (secure 0 0 0) 0x7f1c5404d4d0 con 0x7f1c58108440
2024-04-23T18:30:24.100 INFO:teuthology.orchestra.run.smithi016.stdout:/usr/bin/ceph: stderr
2024-04-23T18:30:17.825+0000 7f1c5d86c700 1 -- 172.21.15.16:0/2737092557 >> [v2:172.21.15.16:6800/2049635221,v1:172.21.15.16:6801/2049635221] conn(0x7f1c440395b0 msgr2=0x7f1c4403ba70 unknown :-1 s=STATE_CONNECTING_RE l=1).process reconnect failed to v2:172.21.15.16:6800/2049635221
2024-04-23T18:30:24.100 INFO:teuthology.orchestra.run.smithi016.stdout:/usr/bin/ceph: stderr
2024-04-23T18:30:17.825+0000 7f1c5d86c700 1 --2- 172.21.15.16:0/2737092557 >> [v2:172.21.15.16:6800/2049635221,v1:172.21.15.16:6801/2049635221] conn(0x7f1c440395b0 0x7f1c4403ba70 unknown :-1 s=START_CONNECT pgs=0 cs=0 l=1 rev1=0 crypto rx=0 tx=0 comp rx=0 tx=0)._fault waiting 0.200000
2024-04-23T18:30:24.100 INFO:teuthology.orchestra.run.smithi016.stdout:/usr/bin/ceph: stderr
2024-04-23T18:30:18.026+0000 7f1c5d86c700 1 -- 172.21.15.16:0/2737092557 >> [v2:172.21.15.16:6800/2049635221,v1:172.21.15.16:6801/2049635221] conn(0x7f1c440395b0 msgr2=0x7f1c4403ba70 unknown :-1 s=STATE_CONNECTING_RE l=1).process reconnect failed to v2:172.21.15.16:6800/2049635221
2024-04-23T18:30:24.100 INFO:teuthology.orchestra.run.smithi016.stdout:/usr/bin/ceph: stderr
2024-04-23T18:30:18.026+0000 7f1c5d86c700 1 --2- 172.21.15.16:0/2737092557 >> [v2:172.21.15.16:6800/2049635221,v1:172.21.15.16:6801/2049635221] conn(0x7f1c440395b0 0x7f1c4403ba70 unknown :-1 s=START_CONNECT pgs=0 cs=0 l=1 rev1=0 crypto rx=0 tx=0 comp rx=0 tx=0)._fault waiting 0.400000
2024-04-23T18:30:24.100 INFO:teuthology.orchestra.run.smithi016.stdout:/usr/bin/ceph: stderr
2024-04-23T18:30:18.427+0000 7f1c5d86c700 1 -- 172.21.15.16:0/2737092557 >> [v2:172.21.15.16:6800/2049635221,v1:172.21.15.16:6801/2049635221] conn(0x7f1c440395b0 msgr2=0x7f1c4403ba70 unknown :-1 s=STATE_CONNECTING_RE l=1).process reconnect failed to v2:172.21.15.16:6800/2049635221
2024-04-23T18:30:24.100 INFO:teuthology.orchestra.run.smithi016.stdout:/usr/bin/ceph: stderr
2024-04-23T18:30:18.427+0000 7f1c5d86c700 1 --2- 172.21.15.16:0/2737092557 >> [v2:172.21.15.16:6800/2049635221,v1:172.21.15.16:6801/2049635221] conn(0x7f1c440395b0 0x7f1c4403ba70 unknown :-1 s=START_CONNECT pgs=0 cs=0 l=1 rev1=0 crypto rx=0 tx=0 comp rx=0 tx=0)._fault waiting 0.800000
2024-04-23T18:30:24.100 INFO:teuthology.orchestra.run.smithi016.stdout:/usr/bin/ceph: stderr
2024-04-23T18:30:19.228+0000 7f1c5d86c700 1 -- 172.21.15.16:0/2737092557 >> [v2:172.21.15.16:6800/2049635221,v1:172.21.15.16:6801/2049635221] conn(0x7f1c440395b0 msgr2=0x7f1c4403ba70 unknown :-1 s=STATE_CONNECTING_RE l=1).process reconnect failed to v2:172.21.15.16:6800/2049635221
2024-04-23T18:30:24.100 INFO:teuthology.orchestra.run.smithi016.stdout:/usr/bin/ceph: stderr
2024-04-23T18:30:19.228+0000 7f1c5d86c700 1 --2- 172.21.15.16:0/2737092557 >> [v2:172.21.15.16:6800/2049635221,v1:172.21.15.16:6801/2049635221] conn(0x7f1c440395b0 0x7f1c4403ba70 unknown :-1 s=START_CONNECT pgs=0 cs=0 l=1 rev1=0 crypto rx=0 tx=0 comp rx=0 tx=0)._fault waiting 1.600000
2024-04-23T18:30:24.100 INFO:teuthology.orchestra.run.smithi016.stdout:/usr/bin/ceph: stderr
2024-04-23T18:30:20.829+0000 7f1c5d86c700 1 -- 172.21.15.16:0/2737092557 >> [v2:172.21.15.16:6800/2049635221,v1:172.21.15.16:6801/2049635221] conn(0x7f1c440395b0 msgr2=0x7f1c4403ba70 unknown :-1 s=STATE_CONNECTING_RE l=1).process reconnect failed to v2:172.21.15.16:6800/2049635221
2024-04-23T18:30:24.101 INFO:teuthology.orchestra.run.smithi016.stdout:/usr/bin/ceph: stderr
2024-04-23T18:30:20.829+0000 7f1c5d86c700 1 --2- 172.21.15.16:0/2737092557 >> [v2:172.21.15.16:6800/2049635221,v1:172.21.15.16:6801/2049635221] conn(0x7f1c440395b0 0x7f1c4403ba70 unknown :-1 s=START_CONNECT pgs=0 cs=0 l=1 rev1=0 crypto rx=0 tx=0 comp rx=0 tx=0)._fault waiting 3.200000
2024-04-23T18:30:24.101 INFO:teuthology.orchestra.run.smithi016.stdout:/usr/bin/ceph: stderr
2024-04-23T18:30:22.562+0000 7f1c4b7fe700 1 -- 172.21.15.16:0/2737092557 <== mon.0 v2:172.21.15.16:3300/0 6 ==== mgrmap(e 6) ==== 46325+0+0 (secure 0 0 0) 0x7f1c5402d3f0 con 0x7f1c58108440
2024-04-23T18:30:24.101 INFO:teuthology.orchestra.run.smithi016.stdout:/usr/bin/ceph: stderr
2024-04-23T18:30:22.562+0000 7f1c4b7fe700 1 -- 172.21.15.16:0/2737092557 >> [v2:172.21.15.16:6800/2049635221,v1:172.21.15.16:6801/2049635221] conn(0x7f1c440395b0 msgr2=0x7f1c4403ba70 unknown :-1 s=STATE_CONNECTING l=1).mark_down
2024-04-23T18:30:24.101 INFO:teuthology.orchestra.run.smithi016.stdout:/usr/bin/ceph: stderr
2024-04-23T18:30:22.562+0000 7f1c4b7fe700 1 --2- 172.21.15.16:0/2737092557 >> [v2:172.21.15.16:6800/2049635221,v1:172.21.15.16:6801/2049635221] conn(0x7f1c440395b0 0x7f1c4403ba70 unknown :-1 s=START_CONNECT pgs=0 cs=0 l=1 rev1=0 crypto rx=0 tx=0 comp rx=0 tx=0).stop
2024-04-23T18:30:24.101 INFO:teuthology.orchestra.run.smithi016.stdout:/usr/bin/ceph: stderr
2024-04-23T18:30:23.563+0000 7f1c4b7fe700 1 -- 172.21.15.16:0/2737092557 <== mon.0 v2:172.21.15.16:3300/0 7 ==== mgrmap(e 7) ==== 46452+0+0 (secure 0 0 0) 0x7f1c5400bd30 con 0x7f1c58108440
2024-04-23T18:30:24.101 INFO:teuthology.orchestra.run.smithi016.stdout:/usr/bin/ceph: stderr
2024-04-23T18:30:23.563+0000 7f1c4b7fe700 1 --2- 172.21.15.16:0/2737092557 >> [v2:172.21.15.16:6800/3607592591,v1:172.21.15.16:6801/3607592591] conn(0x7f1c4403cea0 0x7f1c4403f290 unknown :-1 s=NONE pgs=0 cs=0 l=1 rev1=0 crypto rx=0 tx=0 comp rx=0 tx=0).connect
2024-04-23T18:30:24.101 INFO:teuthology.orchestra.run.smithi016.stdout:/usr/bin/ceph: stderr
2024-04-23T18:30:23.563+0000 7f1c4b7fe700 1 -- 172.21.15.16:0/2737092557 --> [v2:172.21.15.16:6800/3607592591,v1:172.21.15.16:6801/3607592591] -- command(tid 0: {"prefix": "get_command_descriptions"}) -- 0x7f1c54007da0 con 0x7f1c4403cea0
2024-04-23T18:30:24.101 INFO:teuthology.orchestra.run.smithi016.stdout:/usr/bin/ceph: stderr
2024-04-23T18:30:23.563+0000 7f1c5d86c700 1 --2- 172.21.15.16:0/2737092557 >> [v2:172.21.15.16:6800/3607592591,v1:172.21.15.16:6801/3607592591] conn(0x7f1c4403cea0 0x7f1c4403f290 unknown :-1 s=BANNER_CONNECTING pgs=0 cs=0 l=1 rev1=0 crypto rx=0 tx=0 comp rx=0 tx=0)._handle_peer_banner_payload supported=3 required=0
2024-04-23T18:30:24.101 INFO:teuthology.orchestra.run.smithi016.stdout:/usr/bin/ceph: stderr
2024-04-23T18:30:23.564+0000 7f1c5d86c700 1 --2- 172.21.15.16:0/2737092557 >> [v2:172.21.15.16:6800/3607592591,v1:172.21.15.16:6801/3607592591] conn(0x7f1c4403cea0 0x7f1c4403f290 secure :-1 s=READY pgs=1 cs=0 l=1 rev1=1 crypto rx=0x7f1c4c003a10 tx=0x7f1c4c009290 comp rx=0 tx=0).ready entity=mgr.14120 client_cookie=0 server_cookie=0 in_seq=0 out_seq=0
2024-04-23T18:30:24.101 INFO:teuthology.orchestra.run.smithi016.stdout:/usr/bin/ceph: stderr
2024-04-23T18:30:23.564+0000 7f1c4b7fe700 1 -- 172.21.15.16:0/2737092557 <== mgr.14120 v2:172.21.15.16:6800/3607592591 1 ==== command_reply(tid 0: 0 ) ==== 8+0+7774 (secure 0 0 0) 0x7f1c54007da0 con 0x7f1c4403cea0
2024-04-23T18:30:24.101 INFO:teuthology.orchestra.run.smithi016.stdout:/usr/bin/ceph: stderr
2024-04-23T18:30:23.571+0000 7f1c602d1700 1 -- 172.21.15.16:0/2737092557 --> [v2:172.21.15.16:6800/3607592591,v1:172.21.15.16:6801/3607592591] -- command(tid 1: {"prefix": "mgr_status"}) -- 0x7f1c580640a0 con 0x7f1c4403cea0
2024-04-23T18:30:24.101 INFO:teuthology.orchestra.run.smithi016.stdout:/usr/bin/ceph: stderr
2024-04-23T18:30:23.571+0000 7f1c4b7fe700 1 -- 172.21.15.16:0/2737092557 <== mgr.14120 v2:172.21.15.16:6800/3607592591 2 ==== command_reply(tid 1: 0 ) ==== 8+0+51 (secure 0 0 0) 0x7f1c580640a0 con 0x7f1c4403cea0
2024-04-23T18:30:24.101 INFO:teuthology.orchestra.run.smithi016.stdout:/usr/bin/ceph: stderr
2024-04-23T18:30:23.571+0000 7f1c602d1700 1 -- 172.21.15.16:0/2737092557 >> [v2:172.21.15.16:6800/3607592591,v1:172.21.15.16:6801/3607592591] conn(0x7f1c4403cea0 msgr2=0x7f1c4403f290 secure :-1 s=STATE_CONNECTION_ESTABLISHED l=1).mark_down
2024-04-23T18:30:24.101 INFO:teuthology.orchestra.run.smithi016.stdout:/usr/bin/ceph: stderr
2024-04-23T18:30:23.571+0000 7f1c602d1700 1 --2- 172.21.15.16:0/2737092557 >> [v2:172.21.15.16:6800/3607592591,v1:172.21.15.16:6801/3607592591] conn(0x7f1c4403cea0 0x7f1c4403f290 secure :-1 s=READY pgs=1 cs=0 l=1 rev1=1 crypto rx=0x7f1c4c003a10 tx=0x7f1c4c009290 comp rx=0 tx=0).stop
2024-04-23T18:30:24.102 INFO:teuthology.orchestra.run.smithi016.stdout:/usr/bin/ceph: stderr
2024-04-23T18:30:23.571+0000 7f1c602d1700 1 -- 172.21.15.16:0/2737092557 >> [v2:172.21.15.16:3300/0,v1:172.21.15.16:6789/0] conn(0x7f1c58108440 msgr2=0x7f1c5819c380 secure :-1 s=STATE_CONNECTION_ESTABLISHED l=1).mark_down
2024-04-23T18:30:24.102 INFO:teuthology.orchestra.run.smithi016.stdout:/usr/bin/ceph: stderr
2024-04-23T18:30:23.571+0000 7f1c602d1700 1 --2- 172.21.15.16:0/2737092557 >> [v2:172.21.15.16:3300/0,v1:172.21.15.16:6789/0] conn(0x7f1c58108440 0x7f1c5819c380 secure :-1 s=READY pgs=29 cs=0 l=1 rev1=1 crypto rx=0x7f1c54000c00 tx=0x7f1c54011b70 comp rx=0 tx=0).stop
2024-04-23T18:30:24.102 INFO:teuthology.orchestra.run.smithi016.stdout:/usr/bin/ceph: stderr
2024-04-23T18:30:23.571+0000 7f1c602d1700 1 -- 172.21.15.16:0/2737092557 shutdown_connections
2024-04-23T18:30:24.102 INFO:teuthology.orchestra.run.smithi016.stdout:/usr/bin/ceph: stderr
2024-04-23T18:30:23.572+0000 7f1c602d1700 1 --2- 172.21.15.16:0/2737092557 >> [v2:172.21.15.16:3300/0,v1:172.21.15.16:6789/0] conn(0x7f1c58108440 0x7f1c5819c380 unknown :-1 s=CLOSED pgs=29 cs=0 l=1 rev1=1 crypto rx=0 tx=0 comp rx=0 tx=0).stop
2024-04-23T18:30:24.102 INFO:teuthology.orchestra.run.smithi016.stdout:/usr/bin/ceph: stderr
2024-04-23T18:30:23.572+0000 7f1c602d1700 1 --2- 172.21.15.16:0/2737092557 >> [v2:172.21.15.16:6800/3607592591,v1:172.21.15.16:6801/3607592591] conn(0x7f1c4403cea0 0x7f1c4403f290 unknown :-1 s=CLOSED pgs=1 cs=0 l=1 rev1=1 crypto rx=0 tx=0 comp rx=0 tx=0).stop
2024-04-23T18:30:24.102 INFO:teuthology.orchestra.run.smithi016.stdout:/usr/bin/ceph: stderr
2024-04-23T18:30:23.572+0000 7f1c602d1700 1 --2- 172.21.15.16:0/2737092557 >> [v2:172.21.15.16:6800/2049635221,v1:172.21.15.16:6801/2049635221] conn(0x7f1c440395b0 0x7f1c4403ba70 unknown :-1 s=CLOSED pgs=0 cs=0 l=1 rev1=0 crypto rx=0 tx=0 comp rx=0 tx=0).stop
2024-04-23T18:30:24.102 INFO:teuthology.orchestra.run.smithi016.stdout:/usr/bin/ceph: stderr
2024-04-23T18:30:23.572+0000 7f1c602d1700 1 -- 172.21.15.16:0/2737092557 >> 172.21.15.16:0/2737092557 conn(0x7f1c58103a00 msgr2=0x7f1c58104510 unknown :-1 s=STATE_NONE l=0).mark_down
2024-04-23T18:30:24.102 INFO:teuthology.orchestra.run.smithi016.stdout:/usr/bin/ceph: stderr
2024-04-23T18:30:23.572+0000 7f1c602d1700 1 -- 172.21.15.16:0/2737092557 shutdown_connections
2024-04-23T18:30:24.102 INFO:teuthology.orchestra.run.smithi016.stdout:/usr/bin/ceph: stderr
2024-04-23T18:30:23.572+0000 7f1c602d1700 1 -- 172.21.15.16:0/2737092557 wait complete.
2024-04-23T18:30:24.102 INFO:teuthology.orchestra.run.smithi016.stdout:mgr epoch 5 is available
2024-04-23T18:30:24.102 INFO:teuthology.orchestra.run.smithi016.stdout:Setting orchestrator backend to cephadm...
2024-04-23T18:30:25.014 INFO:journalctl@ceph.mon.a.smithi016.stdout:Apr 23 18:30:24 smithi016 ceph-mon[29228]: from='client.14124 -' entity='client.admin' cmd=[{"prefix": "get_command_descriptions"}]: dispatch
2024-04-23T18:30:25.014 INFO:journalctl@ceph.mon.a.smithi016.stdout:Apr 23 18:30:24 smithi016 ceph-mon[29228]: from='client.14124 -' entity='client.admin' cmd=[{"prefix": "mgr_status"}]: dispatch
2024-04-23T18:30:25.014 INFO:journalctl@ceph.mon.a.smithi016.stdout:Apr 23 18:30:24 smithi016 ceph-mon[29228]: from='mgr.14120 172.21.15.16:0/3548701548' entity='mgr.x'
2024-04-23T18:30:25.014 INFO:journalctl@ceph.mon.a.smithi016.stdout:Apr 23 18:30:24 smithi016 ceph-mon[29228]: from='mgr.14120 172.21.15.16:0/3548701548' entity='mgr.x'
2024-04-23T18:30:25.014 INFO:journalctl@ceph.mon.a.smithi016.stdout:Apr 23 18:30:24 smithi016 ceph-mon[29228]: [23/Apr/2024:18:30:24] ENGINE Bus STARTING
2024-04-23T18:30:25.014 INFO:journalctl@ceph.mon.a.smithi016.stdout:Apr 23 18:30:24 smithi016 ceph-mon[29228]: [23/Apr/2024:18:30:24] ENGINE Serving on https://172.21.15.16:7150
2024-04-23T18:30:25.014 INFO:journalctl@ceph.mon.a.smithi016.stdout:Apr 23 18:30:24 smithi016 ceph-mon[29228]: [23/Apr/2024:18:30:24] ENGINE Serving on http://172.21.15.16:8765
2024-04-23T18:30:25.015 INFO:journalctl@ceph.mon.a.smithi016.stdout:Apr 23 18:30:24 smithi016 ceph-mon[29228]: [23/Apr/2024:18:30:24] ENGINE Bus STARTED
2024-04-23T18:30:25.015 INFO:journalctl@ceph.mon.a.smithi016.stdout:Apr 23 18:30:24 smithi016 ceph-mon[29228]: from='mgr.14120 172.21.15.16:0/3548701548' entity='mgr.x' cmd=[{"prefix": "config dump", "format": "json"}]: dispatch
2024-04-23T18:30:25.293 INFO:teuthology.orchestra.run.smithi016.stdout:/usr/bin/ceph: stderr
2024-04-23T18:30:24.512+0000 7fd63a8e0700 1 Processor -- start
2024-04-23T18:30:25.293 INFO:teuthology.orchestra.run.smithi016.stdout:/usr/bin/ceph: stderr
2024-04-23T18:30:24.512+0000 7fd63a8e0700 1 -- start start
2024-04-23T18:30:25.293 INFO:teuthology.orchestra.run.smithi016.stdout:/usr/bin/ceph: stderr
2024-04-23T18:30:24.512+0000 7fd63a8e0700 1 --2- >> [v2:172.21.15.16:3300/0,v1:172.21.15.16:6789/0] conn(0x7fd634108f20 0x7fd63410b310 unknown :-1 s=NONE pgs=0 cs=0 l=0 rev1=0 crypto rx=0 tx=0 comp rx=0 tx=0).connect
2024-04-23T18:30:25.293 INFO:teuthology.orchestra.run.smithi016.stdout:/usr/bin/ceph: stderr
2024-04-23T18:30:24.512+0000 7fd63a8e0700 1 -- --> [v2:172.21.15.16:3300/0,v1:172.21.15.16:6789/0] -- mon_getmap magic: 0 -- 0x7fd63407be00 con 0x7fd634108f20
2024-04-23T18:30:25.293 INFO:teuthology.orchestra.run.smithi016.stdout:/usr/bin/ceph: stderr
2024-04-23T18:30:24.513+0000 7fd633fff700 1 --2- >> [v2:172.21.15.16:3300/0,v1:172.21.15.16:6789/0] conn(0x7fd634108f20 0x7fd63410b310 unknown :-1 s=BANNER_CONNECTING pgs=0 cs=0 l=0 rev1=0 crypto rx=0 tx=0 comp rx=0 tx=0)._handle_peer_banner_payload supported=3 required=0
2024-04-23T18:30:25.293 INFO:teuthology.orchestra.run.smithi016.stdout:/usr/bin/ceph: stderr
2024-04-23T18:30:24.513+0000 7fd633fff700 1 --2- >> [v2:172.21.15.16:3300/0,v1:172.21.15.16:6789/0] conn(0x7fd634108f20 0x7fd63410b310 unknown :-1 s=HELLO_CONNECTING pgs=0 cs=0 l=0 rev1=1 crypto rx=0 tx=0 comp rx=0 tx=0).handle_hello peer v2:172.21.15.16:3300/0 says I am v2:172.21.15.16:55388/0 (socket says 172.21.15.16:55388)
2024-04-23T18:30:25.294 INFO:teuthology.orchestra.run.smithi016.stdout:/usr/bin/ceph: stderr
2024-04-23T18:30:24.513+0000 7fd633fff700 1 -- 172.21.15.16:0/94871889 learned_addr learned my addr 172.21.15.16:0/94871889 (peer_addr_for_me v2:172.21.15.16:0/0)
2024-04-23T18:30:25.294 INFO:teuthology.orchestra.run.smithi016.stdout:/usr/bin/ceph: stderr
2024-04-23T18:30:24.513+0000 7fd633fff700 1 -- 172.21.15.16:0/94871889 --> [v2:172.21.15.16:3300/0,v1:172.21.15.16:6789/0] -- mon_subscribe({config=0+,monmap=0+}) -- 0x7fd63410b850 con 0x7fd634108f20
2024-04-23T18:30:25.294 INFO:teuthology.orchestra.run.smithi016.stdout:/usr/bin/ceph: stderr
2024-04-23T18:30:24.513+0000 7fd633fff700 1 --2- 172.21.15.16:0/94871889 >> [v2:172.21.15.16:3300/0,v1:172.21.15.16:6789/0] conn(0x7fd634108f20 0x7fd63410b310 secure :-1 s=READY pgs=37 cs=0 l=1 rev1=1 crypto rx=0x7fd6280098a0 tx=0x7fd628009bb0 comp rx=0 tx=0).ready entity=mon.0 client_cookie=f3380f1dfdf4844a server_cookie=0 in_seq=0 out_seq=0
2024-04-23T18:30:25.294 INFO:teuthology.orchestra.run.smithi016.stdout:/usr/bin/ceph: stderr
2024-04-23T18:30:24.513+0000 7fd632ffd700 1 -- 172.21.15.16:0/94871889 <== mon.0 v2:172.21.15.16:3300/0 1 ==== mon_map magic: 0 ==== 205+0+0 (secure 0 0 0) 0x7fd628004160 con 0x7fd634108f20
2024-04-23T18:30:25.294 INFO:teuthology.orchestra.run.smithi016.stdout:/usr/bin/ceph: stderr
2024-04-23T18:30:24.513+0000 7fd632ffd700 1 -- 172.21.15.16:0/94871889 <== mon.0 v2:172.21.15.16:3300/0 2 ==== config(26 keys) ==== 1070+0+0 (secure 0 0 0) 0x7fd628004300 con 0x7fd634108f20
2024-04-23T18:30:25.294 INFO:teuthology.orchestra.run.smithi016.stdout:/usr/bin/ceph: stderr
2024-04-23T18:30:24.513+0000 7fd632ffd700 1 -- 172.21.15.16:0/94871889 <== mon.0 v2:172.21.15.16:3300/0 3 ==== mon_map magic: 0 ==== 205+0+0 (secure 0 0 0) 0x7fd628011af0 con 0x7fd634108f20
2024-04-23T18:30:25.294 INFO:teuthology.orchestra.run.smithi016.stdout:/usr/bin/ceph: stderr
2024-04-23T18:30:24.514+0000 7fd63a8e0700 1 -- 172.21.15.16:0/94871889 >> [v2:172.21.15.16:3300/0,v1:172.21.15.16:6789/0] conn(0x7fd634108f20 msgr2=0x7fd63410b310 secure :-1 s=STATE_CONNECTION_ESTABLISHED l=1).mark_down
2024-04-23T18:30:25.294 INFO:teuthology.orchestra.run.smithi016.stdout:/usr/bin/ceph: stderr
2024-04-23T18:30:24.514+0000 7fd63a8e0700 1 --2- 172.21.15.16:0/94871889 >> [v2:172.21.15.16:3300/0,v1:172.21.15.16:6789/0] conn(0x7fd634108f20 0x7fd63410b310 secure :-1 s=READY pgs=37 cs=0 l=1 rev1=1 crypto rx=0x7fd6280098a0 tx=0x7fd628009bb0 comp rx=0 tx=0).stop
2024-04-23T18:30:25.294 INFO:teuthology.orchestra.run.smithi016.stdout:/usr/bin/ceph: stderr
2024-04-23T18:30:24.514+0000 7fd63a8e0700 1 -- 172.21.15.16:0/94871889 shutdown_connections
2024-04-23T18:30:25.294 INFO:teuthology.orchestra.run.smithi016.stdout:/usr/bin/ceph: stderr
2024-04-23T18:30:24.514+0000 7fd63a8e0700 1 --2- 172.21.15.16:0/94871889 >> [v2:172.21.15.16:3300/0,v1:172.21.15.16:6789/0] conn(0x7fd634108f20 0x7fd63410b310 unknown :-1 s=CLOSED pgs=37 cs=0 l=1 rev1=1 crypto rx=0 tx=0 comp rx=0 tx=0).stop
2024-04-23T18:30:25.294 INFO:teuthology.orchestra.run.smithi016.stdout:/usr/bin/ceph: stderr
2024-04-23T18:30:24.514+0000 7fd63a8e0700 1 -- 172.21.15.16:0/94871889 >> 172.21.15.16:0/94871889 conn(0x7fd634102910 msgr2=0x7fd634104d30 unknown :-1 s=STATE_NONE l=0).mark_down
2024-04-23T18:30:25.294 INFO:teuthology.orchestra.run.smithi016.stdout:/usr/bin/ceph: stderr
2024-04-23T18:30:24.514+0000 7fd63a8e0700 1 -- 172.21.15.16:0/94871889 shutdown_connections
2024-04-23T18:30:25.294 INFO:teuthology.orchestra.run.smithi016.stdout:/usr/bin/ceph: stderr
2024-04-23T18:30:24.514+0000 7fd63a8e0700 1 -- 172.21.15.16:0/94871889 wait complete.
2024-04-23T18:30:25.294 INFO:teuthology.orchestra.run.smithi016.stdout:/usr/bin/ceph: stderr
2024-04-23T18:30:24.514+0000 7fd63a8e0700 1 Processor -- start
2024-04-23T18:30:25.295 INFO:teuthology.orchestra.run.smithi016.stdout:/usr/bin/ceph: stderr
2024-04-23T18:30:24.514+0000 7fd63a8e0700 1 -- start start
2024-04-23T18:30:25.295 INFO:teuthology.orchestra.run.smithi016.stdout:/usr/bin/ceph: stderr
2024-04-23T18:30:24.515+0000 7fd63a8e0700 1 --2- >> [v2:172.21.15.16:3300/0,v1:172.21.15.16:6789/0] conn(0x7fd634108f20 0x7fd63419c3c0 unknown :-1 s=NONE pgs=0 cs=0 l=1 rev1=0 crypto rx=0 tx=0 comp rx=0 tx=0).connect
2024-04-23T18:30:25.295 INFO:teuthology.orchestra.run.smithi016.stdout:/usr/bin/ceph: stderr
2024-04-23T18:30:24.515+0000 7fd63a8e0700 1 -- --> [v2:172.21.15.16:3300/0,v1:172.21.15.16:6789/0] -- mon_getmap magic: 0 -- 0x7fd63410c760 con 0x7fd634108f20
2024-04-23T18:30:25.295 INFO:teuthology.orchestra.run.smithi016.stdout:/usr/bin/ceph: stderr
2024-04-23T18:30:24.515+0000 7fd633fff700 1 --2- >> [v2:172.21.15.16:3300/0,v1:172.21.15.16:6789/0] conn(0x7fd634108f20 0x7fd63419c3c0 unknown :-1 s=BANNER_CONNECTING pgs=0 cs=0 l=1 rev1=0 crypto rx=0 tx=0 comp rx=0 tx=0)._handle_peer_banner_payload supported=3 required=0
2024-04-23T18:30:25.295 INFO:teuthology.orchestra.run.smithi016.stdout:/usr/bin/ceph: stderr
2024-04-23T18:30:24.515+0000 7fd633fff700 1 --2- >> [v2:172.21.15.16:3300/0,v1:172.21.15.16:6789/0] conn(0x7fd634108f20 0x7fd63419c3c0 unknown :-1 s=HELLO_CONNECTING pgs=0 cs=0 l=1 rev1=1 crypto rx=0 tx=0 comp rx=0 tx=0).handle_hello peer v2:172.21.15.16:3300/0 says I am v2:172.21.15.16:55400/0 (socket says 172.21.15.16:55400)
2024-04-23T18:30:25.295 INFO:teuthology.orchestra.run.smithi016.stdout:/usr/bin/ceph: stderr
2024-04-23T18:30:24.515+0000 7fd633fff700 1 -- 172.21.15.16:0/1024499638 learned_addr learned my addr 172.21.15.16:0/1024499638 (peer_addr_for_me v2:172.21.15.16:0/0)
2024-04-23T18:30:25.295 INFO:teuthology.orchestra.run.smithi016.stdout:/usr/bin/ceph: stderr
2024-04-23T18:30:24.515+0000 7fd633fff700 1 -- 172.21.15.16:0/1024499638 --> [v2:172.21.15.16:3300/0,v1:172.21.15.16:6789/0] -- mon_subscribe({config=0+,monmap=0+}) -- 0x7fd63419c900 con 0x7fd634108f20
2024-04-23T18:30:25.295 INFO:teuthology.orchestra.run.smithi016.stdout:/usr/bin/ceph: stderr
2024-04-23T18:30:24.515+0000 7fd633fff700 1 --2- 172.21.15.16:0/1024499638 >> [v2:172.21.15.16:3300/0,v1:172.21.15.16:6789/0] conn(0x7fd634108f20 0x7fd63419c3c0 secure :-1 s=READY pgs=38 cs=0 l=1 rev1=1 crypto rx=0x7fd628011ac0 tx=0x7fd628011ba0 comp rx=0 tx=0).ready entity=mon.0 client_cookie=0 server_cookie=0 in_seq=0 out_seq=0
2024-04-23T18:30:25.295 INFO:teuthology.orchestra.run.smithi016.stdout:/usr/bin/ceph: stderr
2024-04-23T18:30:24.515+0000 7fd6317fa700 1 -- 172.21.15.16:0/1024499638 <== mon.0 v2:172.21.15.16:3300/0 1 ==== mon_map magic: 0 ==== 205+0+0 (secure 0 0 0) 0x7fd628003970 con 0x7fd634108f20
2024-04-23T18:30:25.295 INFO:teuthology.orchestra.run.smithi016.stdout:/usr/bin/ceph: stderr
2024-04-23T18:30:24.515+0000 7fd6317fa700 1 -- 172.21.15.16:0/1024499638 <== mon.0 v2:172.21.15.16:3300/0 2 ==== config(26 keys) ==== 1070+0+0 (secure 0 0 0) 0x7fd628003b10 con 0x7fd634108f20
2024-04-23T18:30:25.295 INFO:teuthology.orchestra.run.smithi016.stdout:/usr/bin/ceph: stderr
2024-04-23T18:30:24.515+0000 7fd63a8e0700 1 -- 172.21.15.16:0/1024499638 --> [v2:172.21.15.16:3300/0,v1:172.21.15.16:6789/0] -- mon_subscribe({mgrmap=0+}) -- 0x7fd63419cb90 con 0x7fd634108f20
2024-04-23T18:30:25.295 INFO:teuthology.orchestra.run.smithi016.stdout:/usr/bin/ceph: stderr
2024-04-23T18:30:24.515+0000 7fd6317fa700 1 -- 172.21.15.16:0/1024499638 <== mon.0 v2:172.21.15.16:3300/0 3 ==== mon_map magic: 0 ==== 205+0+0 (secure 0 0 0) 0x7fd628024610 con 0x7fd634108f20
2024-04-23T18:30:25.295 INFO:teuthology.orchestra.run.smithi016.stdout:/usr/bin/ceph: stderr
2024-04-23T18:30:24.515+0000 7fd63a8e0700 1 -- 172.21.15.16:0/1024499638 --> [v2:172.21.15.16:3300/0,v1:172.21.15.16:6789/0] -- mon_subscribe({osdmap=0}) -- 0x7fd63419f880 con 0x7fd634108f20
2024-04-23T18:30:25.295 INFO:teuthology.orchestra.run.smithi016.stdout:/usr/bin/ceph: stderr
2024-04-23T18:30:24.516+0000 7fd6317fa700 1 -- 172.21.15.16:0/1024499638 <== mon.0 v2:172.21.15.16:3300/0 4 ==== mgrmap(e 7) ==== 46452+0+0 (secure 0 0 0) 0x7fd62801a430 con 0x7fd634108f20
2024-04-23T18:30:25.295 INFO:teuthology.orchestra.run.smithi016.stdout:/usr/bin/ceph: stderr
2024-04-23T18:30:24.516+0000 7fd63a8e0700 1 -- 172.21.15.16:0/1024499638 --> [v2:172.21.15.16:3300/0,v1:172.21.15.16:6789/0] -- mon_command({"prefix": "get_command_descriptions"} v 0) -- 0x7fd6340640a0 con 0x7fd634108f20
2024-04-23T18:30:25.296 INFO:teuthology.orchestra.run.smithi016.stdout:/usr/bin/ceph: stderr
2024-04-23T18:30:24.516+0000 7fd6317fa700 1 --2- 172.21.15.16:0/1024499638 >> [v2:172.21.15.16:6800/3607592591,v1:172.21.15.16:6801/3607592591] conn(0x7fd61c0394e0 0x7fd61c03b9a0 unknown :-1 s=NONE pgs=0 cs=0 l=1 rev1=0 crypto rx=0 tx=0 comp rx=0 tx=0).connect
2024-04-23T18:30:25.296 INFO:teuthology.orchestra.run.smithi016.stdout:/usr/bin/ceph: stderr
2024-04-23T18:30:24.516+0000 7fd6317fa700 1 -- 172.21.15.16:0/1024499638 <== mon.0 v2:172.21.15.16:3300/0 5 ==== osd_map(2..2 src has 1..2) ==== 940+0+0 (secure 0 0 0) 0x7fd62804d770 con 0x7fd634108f20
2024-04-23T18:30:25.296 INFO:teuthology.orchestra.run.smithi016.stdout:/usr/bin/ceph: stderr
2024-04-23T18:30:24.517+0000 7fd6337fe700 1 --2- 172.21.15.16:0/1024499638 >> [v2:172.21.15.16:6800/3607592591,v1:172.21.15.16:6801/3607592591] conn(0x7fd61c0394e0 0x7fd61c03b9a0 unknown :-1 s=BANNER_CONNECTING pgs=0 cs=0 l=1 rev1=0 crypto rx=0 tx=0 comp rx=0 tx=0)._handle_peer_banner_payload supported=3 required=0
2024-04-23T18:30:25.296 INFO:teuthology.orchestra.run.smithi016.stdout:/usr/bin/ceph: stderr
2024-04-23T18:30:24.517+0000 7fd6337fe700 1 --2- 172.21.15.16:0/1024499638 >> [v2:172.21.15.16:6800/3607592591,v1:172.21.15.16:6801/3607592591] conn(0x7fd61c0394e0 0x7fd61c03b9a0 secure :-1 s=READY pgs=7 cs=0 l=1 rev1=1 crypto rx=0x7fd624006fd0 tx=0x7fd624006e40 comp rx=0 tx=0).ready entity=mgr.14120 client_cookie=0 server_cookie=0 in_seq=0 out_seq=0
2024-04-23T18:30:25.296 INFO:teuthology.orchestra.run.smithi016.stdout:/usr/bin/ceph: stderr
2024-04-23T18:30:24.522+0000 7fd6317fa700 1 -- 172.21.15.16:0/1024499638 <== mon.0 v2:172.21.15.16:3300/0 6 ==== mon_command_ack([{"prefix": "get_command_descriptions"}]=0 v0) ==== 72+0+188370 (secure 0 0 0) 0x7fd628016260 con 0x7fd634108f20
2024-04-23T18:30:25.296 INFO:teuthology.orchestra.run.smithi016.stdout:/usr/bin/ceph: stderr
2024-04-23T18:30:24.721+0000 7fd6317fa700 1 -- 172.21.15.16:0/1024499638 <== mon.0 v2:172.21.15.16:3300/0 7 ==== mgrmap(e 8) ==== 46558+0+0 (secure 0 0 0) 0x7fd628024840 con 0x7fd634108f20
2024-04-23T18:30:25.296 INFO:teuthology.orchestra.run.smithi016.stdout:/usr/bin/ceph: stderr
2024-04-23T18:30:24.749+0000 7fd63a8e0700 1 -- 172.21.15.16:0/1024499638 --> [v2:172.21.15.16:6800/3607592591,v1:172.21.15.16:6801/3607592591] -- mgr_command(tid 0: {"prefix": "orch set backend", "module_name": "cephadm", "target": ["mon-mgr", ""]}) -- 0x7fd634103bb0 con 0x7fd61c0394e0
2024-04-23T18:30:25.296 INFO:teuthology.orchestra.run.smithi016.stdout:/usr/bin/ceph: stderr
2024-04-23T18:30:24.753+0000 7fd6317fa700 1 -- 172.21.15.16:0/1024499638 <== mgr.14120 v2:172.21.15.16:6800/3607592591 1 ==== mgr_command_reply(tid 0: 0 ) ==== 8+0+0 (secure 0 0 0) 0x7fd634103bb0 con 0x7fd61c0394e0
2024-04-23T18:30:25.296 INFO:teuthology.orchestra.run.smithi016.stdout:/usr/bin/ceph: stderr
2024-04-23T18:30:24.755+0000 7fd63a8e0700 1 -- 172.21.15.16:0/1024499638 >> [v2:172.21.15.16:6800/3607592591,v1:172.21.15.16:6801/3607592591] conn(0x7fd61c0394e0 msgr2=0x7fd61c03b9a0 secure :-1 s=STATE_CONNECTION_ESTABLISHED l=1).mark_down
2024-04-23T18:30:25.296 INFO:teuthology.orchestra.run.smithi016.stdout:/usr/bin/ceph: stderr
2024-04-23T18:30:24.755+0000 7fd63a8e0700 1 --2- 172.21.15.16:0/1024499638 >> [v2:172.21.15.16:6800/3607592591,v1:172.21.15.16:6801/3607592591] conn(0x7fd61c0394e0 0x7fd61c03b9a0 secure :-1 s=READY pgs=7 cs=0 l=1 rev1=1 crypto rx=0x7fd624006fd0 tx=0x7fd624006e40 comp rx=0 tx=0).stop
2024-04-23T18:30:25.296 INFO:teuthology.orchestra.run.smithi016.stdout:/usr/bin/ceph: stderr
2024-04-23T18:30:24.755+0000 7fd63a8e0700 1 -- 172.21.15.16:0/1024499638 >> [v2:172.21.15.16:3300/0,v1:172.21.15.16:6789/0] conn(0x7fd634108f20 msgr2=0x7fd63419c3c0 secure :-1 s=STATE_CONNECTION_ESTABLISHED l=1).mark_down
2024-04-23T18:30:25.296 INFO:teuthology.orchestra.run.smithi016.stdout:/usr/bin/ceph: stderr
2024-04-23T18:30:24.755+0000 7fd63a8e0700 1 --2- 172.21.15.16:0/1024499638 >> [v2:172.21.15.16:3300/0,v1:172.21.15.16:6789/0] conn(0x7fd634108f20 0x7fd63419c3c0 secure :-1 s=READY pgs=38 cs=0 l=1 rev1=1 crypto rx=0x7fd628011ac0 tx=0x7fd628011ba0 comp rx=0 tx=0).stop
2024-04-23T18:30:25.296 INFO:teuthology.orchestra.run.smithi016.stdout:/usr/bin/ceph: stderr
2024-04-23T18:30:24.756+0000 7fd63a8e0700 1 -- 172.21.15.16:0/1024499638 shutdown_connections
2024-04-23T18:30:25.296 INFO:teuthology.orchestra.run.smithi016.stdout:/usr/bin/ceph: stderr
2024-04-23T18:30:24.756+0000 7fd63a8e0700 1 --2- 172.21.15.16:0/1024499638 >> [v2:172.21.15.16:6800/3607592591,v1:172.21.15.16:6801/3607592591] conn(0x7fd61c0394e0 0x7fd61c03b9a0 unknown :-1 s=CLOSED pgs=7 cs=0 l=1 rev1=1 crypto rx=0 tx=0 comp rx=0 tx=0).stop
2024-04-23T18:30:25.296 INFO:teuthology.orchestra.run.smithi016.stdout:/usr/bin/ceph: stderr
2024-04-23T18:30:24.756+0000 7fd63a8e0700 1 --2- 172.21.15.16:0/1024499638 >> [v2:172.21.15.16:3300/0,v1:172.21.15.16:6789/0] conn(0x7fd634108f20 0x7fd63419c3c0 unknown :-1 s=CLOSED pgs=38 cs=0 l=1 rev1=1 crypto rx=0 tx=0 comp rx=0 tx=0).stop
2024-04-23T18:30:25.297 INFO:teuthology.orchestra.run.smithi016.stdout:/usr/bin/ceph: stderr
2024-04-23T18:30:24.756+0000 7fd63a8e0700 1 -- 172.21.15.16:0/1024499638 >> 172.21.15.16:0/1024499638 conn(0x7fd634102910 msgr2=0x7fd6341034a0 unknown :-1 s=STATE_NONE l=0).mark_down
2024-04-23T18:30:25.297 INFO:teuthology.orchestra.run.smithi016.stdout:/usr/bin/ceph: stderr
2024-04-23T18:30:24.756+0000 7fd63a8e0700 1 -- 172.21.15.16:0/1024499638 shutdown_connections
2024-04-23T18:30:25.297 INFO:teuthology.orchestra.run.smithi016.stdout:/usr/bin/ceph: stderr
2024-04-23T18:30:24.756+0000 7fd63a8e0700 1 -- 172.21.15.16:0/1024499638 wait complete.
2024-04-23T18:30:25.906 INFO:journalctl@ceph.mon.a.smithi016.stdout:Apr 23 18:30:25 smithi016 ceph-mon[29228]: mgrmap e8: x(active, since 2s)
2024-04-23T18:30:25.907 INFO:journalctl@ceph.mon.a.smithi016.stdout:Apr 23 18:30:25 smithi016 ceph-mon[29228]: from='client.14132 -' entity='client.admin' cmd=[{"prefix": "orch set backend", "module_name": "cephadm", "target": ["mon-mgr", ""]}]: dispatch
2024-04-23T18:30:25.907 INFO:journalctl@ceph.mon.a.smithi016.stdout:Apr 23 18:30:25 smithi016 ceph-mon[29228]: from='mgr.14120 172.21.15.16:0/3548701548' entity='mgr.x'
2024-04-23T18:30:25.907 INFO:journalctl@ceph.mon.a.smithi016.stdout:Apr 23 18:30:25 smithi016 ceph-mon[29228]: from='mgr.14120 172.21.15.16:0/3548701548' entity='mgr.x' cmd=[{"prefix": "config dump", "format": "json"}]: dispatch
2024-04-23T18:30:26.475 INFO:teuthology.orchestra.run.smithi016.stdout:/usr/bin/ceph: stdout value unchanged
2024-04-23T18:30:26.475 INFO:teuthology.orchestra.run.smithi016.stdout:/usr/bin/ceph: stderr
2024-04-23T18:30:25.689+0000 7f17d3840700 1 Processor -- start
2024-04-23T18:30:26.475 INFO:teuthology.orchestra.run.smithi016.stdout:/usr/bin/ceph: stderr
2024-04-23T18:30:25.689+0000 7f17d3840700 1 -- start start
2024-04-23T18:30:26.475 INFO:teuthology.orchestra.run.smithi016.stdout:/usr/bin/ceph: stderr
2024-04-23T18:30:25.689+0000 7f17d3840700 1 --2- >> [v2:172.21.15.16:3300/0,v1:172.21.15.16:6789/0] conn(0x7f17cc106d00 0x7f17cc107120 unknown :-1 s=NONE pgs=0 cs=0 l=0 rev1=0 crypto rx=0 tx=0 comp rx=0 tx=0).connect
2024-04-23T18:30:26.475 INFO:teuthology.orchestra.run.smithi016.stdout:/usr/bin/ceph: stderr
2024-04-23T18:30:25.689+0000 7f17d3840700 1 -- --> [v2:172.21.15.16:3300/0,v1:172.21.15.16:6789/0] -- mon_getmap magic: 0 -- 0x7f17cc07be40 con 0x7f17cc106d00
2024-04-23T18:30:26.475 INFO:teuthology.orchestra.run.smithi016.stdout:/usr/bin/ceph: stderr
2024-04-23T18:30:25.690+0000 7f17d15dc700 1 --2- >> [v2:172.21.15.16:3300/0,v1:172.21.15.16:6789/0] conn(0x7f17cc106d00 0x7f17cc107120 unknown :-1 s=BANNER_CONNECTING pgs=0 cs=0 l=0 rev1=0 crypto rx=0 tx=0 comp rx=0 tx=0)._handle_peer_banner_payload supported=3 required=0
2024-04-23T18:30:26.475 INFO:teuthology.orchestra.run.smithi016.stdout:/usr/bin/ceph: stderr
2024-04-23T18:30:25.690+0000 7f17d15dc700 1 --2- >> [v2:172.21.15.16:3300/0,v1:172.21.15.16:6789/0] conn(0x7f17cc106d00 0x7f17cc107120 unknown :-1 s=HELLO_CONNECTING pgs=0 cs=0 l=0 rev1=1 crypto rx=0 tx=0 comp rx=0 tx=0).handle_hello peer v2:172.21.15.16:3300/0 says I am v2:172.21.15.16:41718/0 (socket says 172.21.15.16:41718)
2024-04-23T18:30:26.475 INFO:teuthology.orchestra.run.smithi016.stdout:/usr/bin/ceph: stderr
2024-04-23T18:30:25.690+0000 7f17d15dc700 1 -- 172.21.15.16:0/686763661 learned_addr learned my addr 172.21.15.16:0/686763661 (peer_addr_for_me v2:172.21.15.16:0/0)
2024-04-23T18:30:26.475 INFO:teuthology.orchestra.run.smithi016.stdout:/usr/bin/ceph: stderr
2024-04-23T18:30:25.690+0000 7f17d15dc700 1 -- 172.21.15.16:0/686763661 --> [v2:172.21.15.16:3300/0,v1:172.21.15.16:6789/0] -- mon_subscribe({config=0+,monmap=0+}) -- 0x7f17cc107660 con 0x7f17cc106d00
2024-04-23T18:30:26.475 INFO:teuthology.orchestra.run.smithi016.stdout:/usr/bin/ceph: stderr
2024-04-23T18:30:25.690+0000 7f17d15dc700 1 --2- 172.21.15.16:0/686763661 >> [v2:172.21.15.16:3300/0,v1:172.21.15.16:6789/0] conn(0x7f17cc106d00 0x7f17cc107120 secure :-1 s=READY pgs=39 cs=0 l=1 rev1=1 crypto rx=0x7f17c4009e80 tx=0x7f17c400b330 comp rx=0 tx=0).ready entity=mon.0 client_cookie=c988f85158ac99a0 server_cookie=0 in_seq=0 out_seq=0
2024-04-23T18:30:26.475 INFO:teuthology.orchestra.run.smithi016.stdout:/usr/bin/ceph: stderr
2024-04-23T18:30:25.690+0000 7f17cbfff700 1 -- 172.21.15.16:0/686763661 <== mon.0 v2:172.21.15.16:3300/0 1 ==== mon_map magic: 0 ==== 205+0+0 (secure 0 0 0) 0x7f17c4017070 con 0x7f17cc106d00
2024-04-23T18:30:26.475 INFO:teuthology.orchestra.run.smithi016.stdout:/usr/bin/ceph: stderr
2024-04-23T18:30:25.690+0000 7f17cbfff700 1 -- 172.21.15.16:0/686763661 <== mon.0 v2:172.21.15.16:3300/0 2 ==== config(26 keys) ==== 1070+0+0 (secure 0 0 0) 0x7f17c400b8c0 con 0x7f17cc106d00
2024-04-23T18:30:26.475 INFO:teuthology.orchestra.run.smithi016.stdout:/usr/bin/ceph: stderr
2024-04-23T18:30:25.690+0000 7f17cbfff700 1 -- 172.21.15.16:0/686763661 <== mon.0 v2:172.21.15.16:3300/0 3 ==== mon_map magic: 0 ==== 205+0+0 (secure 0 0 0) 0x7f17c4004490 con 0x7f17cc106d00
2024-04-23T18:30:26.476 INFO:teuthology.orchestra.run.smithi016.stdout:/usr/bin/ceph: stderr
2024-04-23T18:30:25.691+0000 7f17d3840700 1 -- 172.21.15.16:0/686763661 >> [v2:172.21.15.16:3300/0,v1:172.21.15.16:6789/0] conn(0x7f17cc106d00 msgr2=0x7f17cc107120 secure :-1 s=STATE_CONNECTION_ESTABLISHED l=1).mark_down
2024-04-23T18:30:26.476 INFO:teuthology.orchestra.run.smithi016.stdout:/usr/bin/ceph: stderr
2024-04-23T18:30:25.691+0000 7f17d3840700 1 --2- 172.21.15.16:0/686763661 >> [v2:172.21.15.16:3300/0,v1:172.21.15.16:6789/0] conn(0x7f17cc106d00 0x7f17cc107120 secure :-1 s=READY pgs=39 cs=0 l=1 rev1=1 crypto rx=0x7f17c4009e80 tx=0x7f17c400b330 comp rx=0 tx=0).stop
2024-04-23T18:30:26.476 INFO:teuthology.orchestra.run.smithi016.stdout:/usr/bin/ceph: stderr
2024-04-23T18:30:25.691+0000 7f17d3840700 1 -- 172.21.15.16:0/686763661 shutdown_connections
2024-04-23T18:30:26.476 INFO:teuthology.orchestra.run.smithi016.stdout:/usr/bin/ceph: stderr
2024-04-23T18:30:25.691+0000 7f17d3840700 1 --2- 172.21.15.16:0/686763661 >> [v2:172.21.15.16:3300/0,v1:172.21.15.16:6789/0] conn(0x7f17cc106d00 0x7f17cc107120 unknown :-1 s=CLOSED pgs=39 cs=0 l=1 rev1=1 crypto rx=0 tx=0 comp rx=0 tx=0).stop
2024-04-23T18:30:26.476 INFO:teuthology.orchestra.run.smithi016.stdout:/usr/bin/ceph: stderr
2024-04-23T18:30:25.691+0000 7f17d3840700 1 -- 172.21.15.16:0/686763661 >> 172.21.15.16:0/686763661 conn(0x7f17cc1028a0 msgr2=0x7f17cc104d00 unknown :-1 s=STATE_NONE l=0).mark_down
2024-04-23T18:30:26.476 INFO:teuthology.orchestra.run.smithi016.stdout:/usr/bin/ceph: stderr
2024-04-23T18:30:25.691+0000 7f17d3840700 1 -- 172.21.15.16:0/686763661 shutdown_connections
2024-04-23T18:30:26.476 INFO:teuthology.orchestra.run.smithi016.stdout:/usr/bin/ceph: stderr
2024-04-23T18:30:25.691+0000 7f17d3840700 1 -- 172.21.15.16:0/686763661 wait complete.
2024-04-23T18:30:26.476 INFO:teuthology.orchestra.run.smithi016.stdout:/usr/bin/ceph: stderr
2024-04-23T18:30:25.692+0000 7f17d3840700 1 Processor -- start
2024-04-23T18:30:26.476 INFO:teuthology.orchestra.run.smithi016.stdout:/usr/bin/ceph: stderr
2024-04-23T18:30:25.692+0000 7f17d3840700 1 -- start start
2024-04-23T18:30:26.476 INFO:teuthology.orchestra.run.smithi016.stdout:/usr/bin/ceph: stderr
2024-04-23T18:30:25.692+0000 7f17d3840700 1 --2- >> [v2:172.21.15.16:3300/0,v1:172.21.15.16:6789/0] conn(0x7f17cc106d00 0x7f17cc19e580 unknown :-1 s=NONE pgs=0 cs=0 l=1 rev1=0 crypto rx=0 tx=0 comp rx=0 tx=0).connect
2024-04-23T18:30:26.476 INFO:teuthology.orchestra.run.smithi016.stdout:/usr/bin/ceph: stderr
2024-04-23T18:30:25.692+0000 7f17d3840700 1 -- --> [v2:172.21.15.16:3300/0,v1:172.21.15.16:6789/0] -- mon_getmap magic: 0 -- 0x7f17cc108690 con 0x7f17cc106d00
2024-04-23T18:30:26.476 INFO:teuthology.orchestra.run.smithi016.stdout:/usr/bin/ceph: stderr
2024-04-23T18:30:25.692+0000 7f17d15dc700 1 --2- >> [v2:172.21.15.16:3300/0,v1:172.21.15.16:6789/0] conn(0x7f17cc106d00 0x7f17cc19e580 unknown :-1 s=BANNER_CONNECTING pgs=0 cs=0 l=1 rev1=0 crypto rx=0 tx=0 comp rx=0 tx=0)._handle_peer_banner_payload supported=3 required=0
2024-04-23T18:30:26.476 INFO:teuthology.orchestra.run.smithi016.stdout:/usr/bin/ceph: stderr
2024-04-23T18:30:25.692+0000 7f17d15dc700 1 --2- >> [v2:172.21.15.16:3300/0,v1:172.21.15.16:6789/0] conn(0x7f17cc106d00 0x7f17cc19e580 unknown :-1 s=HELLO_CONNECTING pgs=0 cs=0 l=1 rev1=1 crypto rx=0 tx=0 comp rx=0 tx=0).handle_hello peer v2:172.21.15.16:3300/0 says I am v2:172.21.15.16:41720/0 (socket says 172.21.15.16:41720)
2024-04-23T18:30:26.476 INFO:teuthology.orchestra.run.smithi016.stdout:/usr/bin/ceph: stderr
2024-04-23T18:30:25.692+0000 7f17d15dc700 1 -- 172.21.15.16:0/1783560185 learned_addr learned my addr 172.21.15.16:0/1783560185 (peer_addr_for_me v2:172.21.15.16:0/0)
2024-04-23T18:30:26.477 INFO:teuthology.orchestra.run.smithi016.stdout:/usr/bin/ceph: stderr
2024-04-23T18:30:25.692+0000 7f17d15dc700 1 -- 172.21.15.16:0/1783560185 --> [v2:172.21.15.16:3300/0,v1:172.21.15.16:6789/0] -- mon_subscribe({config=0+,monmap=0+}) -- 0x7f17cc19eac0 con 0x7f17cc106d00
2024-04-23T18:30:26.477 INFO:teuthology.orchestra.run.smithi016.stdout:/usr/bin/ceph: stderr
2024-04-23T18:30:25.692+0000 7f17d15dc700 1 --2- 172.21.15.16:0/1783560185 >> [v2:172.21.15.16:3300/0,v1:172.21.15.16:6789/0] conn(0x7f17cc106d00 0x7f17cc19e580 secure :-1 s=READY pgs=40 cs=0 l=1 rev1=1 crypto rx=0x7f17c400b7b0 tx=0x7f17c400be90 comp rx=0 tx=0).ready entity=mon.0 client_cookie=0 server_cookie=0 in_seq=0 out_seq=0
2024-04-23T18:30:26.477 INFO:teuthology.orchestra.run.smithi016.stdout:/usr/bin/ceph: stderr
2024-04-23T18:30:25.693+0000 7f17ca7fc700 1 -- 172.21.15.16:0/1783560185 <== mon.0 v2:172.21.15.16:3300/0 1 ==== mon_map magic: 0 ==== 205+0+0 (secure 0 0 0) 0x7f17c4020020 con 0x7f17cc106d00
2024-04-23T18:30:26.477 INFO:teuthology.orchestra.run.smithi016.stdout:/usr/bin/ceph: stderr
2024-04-23T18:30:25.693+0000 7f17ca7fc700 1 -- 172.21.15.16:0/1783560185 <== mon.0 v2:172.21.15.16:3300/0 2 ==== config(26 keys) ==== 1070+0+0 (secure 0 0 0) 0x7f17c4003d10 con 0x7f17cc106d00
2024-04-23T18:30:26.477 INFO:teuthology.orchestra.run.smithi016.stdout:/usr/bin/ceph: stderr
2024-04-23T18:30:25.693+0000 7f17d3840700 1 -- 172.21.15.16:0/1783560185 --> [v2:172.21.15.16:3300/0,v1:172.21.15.16:6789/0] -- mon_subscribe({mgrmap=0+}) -- 0x7f17cc19ed50 con 0x7f17cc106d00
2024-04-23T18:30:26.477 INFO:teuthology.orchestra.run.smithi016.stdout:/usr/bin/ceph: stderr
2024-04-23T18:30:25.693+0000 7f17ca7fc700 1 -- 172.21.15.16:0/1783560185 <== mon.0 v2:172.21.15.16:3300/0 3 ==== mon_map magic: 0 ==== 205+0+0 (secure 0 0 0) 0x7f17c4017040 con 0x7f17cc106d00
2024-04-23T18:30:26.477 INFO:teuthology.orchestra.run.smithi016.stdout:/usr/bin/ceph: stderr
2024-04-23T18:30:25.693+0000 7f17d3840700 1 -- 172.21.15.16:0/1783560185 --> [v2:172.21.15.16:3300/0,v1:172.21.15.16:6789/0] -- mon_subscribe({osdmap=0}) -- 0x7f17cc1a1a40 con 0x7f17cc106d00
2024-04-23T18:30:26.477 INFO:teuthology.orchestra.run.smithi016.stdout:/usr/bin/ceph: stderr
2024-04-23T18:30:25.694+0000 7f17ca7fc700 1 -- 172.21.15.16:0/1783560185 <== mon.0 v2:172.21.15.16:3300/0 4 ==== mgrmap(e 8) ==== 46558+0+0 (secure 0 0 0) 0x7f17c4023020 con 0x7f17cc106d00
2024-04-23T18:30:26.477 INFO:teuthology.orchestra.run.smithi016.stdout:/usr/bin/ceph: stderr
2024-04-23T18:30:25.694+0000 7f17d3840700 1 -- 172.21.15.16:0/1783560185 --> [v2:172.21.15.16:3300/0,v1:172.21.15.16:6789/0] -- mon_command({"prefix": "get_command_descriptions"} v 0) -- 0x7f17cc0640a0 con 0x7f17cc106d00
2024-04-23T18:30:26.477 INFO:teuthology.orchestra.run.smithi016.stdout:/usr/bin/ceph: stderr
2024-04-23T18:30:25.694+0000 7f17ca7fc700 1 --2- 172.21.15.16:0/1783560185 >> [v2:172.21.15.16:6800/3607592591,v1:172.21.15.16:6801/3607592591] conn(0x7f17b4039600 0x7f17b403bac0 unknown :-1 s=NONE pgs=0 cs=0 l=1 rev1=0 crypto rx=0 tx=0 comp rx=0 tx=0).connect
2024-04-23T18:30:26.477 INFO:teuthology.orchestra.run.smithi016.stdout:/usr/bin/ceph: stderr
2024-04-23T18:30:25.694+0000 7f17ca7fc700 1 -- 172.21.15.16:0/1783560185 <== mon.0 v2:172.21.15.16:3300/0 5 ==== osd_map(2..2 src has 1..2) ==== 940+0+0 (secure 0 0 0) 0x7f17c400f050 con 0x7f17cc106d00
2024-04-23T18:30:26.477 INFO:teuthology.orchestra.run.smithi016.stdout:/usr/bin/ceph: stderr
2024-04-23T18:30:25.694+0000 7f17d0ddb700 1 --2- 172.21.15.16:0/1783560185 >> [v2:172.21.15.16:6800/3607592591,v1:172.21.15.16:6801/3607592591] conn(0x7f17b4039600 0x7f17b403bac0 unknown :-1 s=BANNER_CONNECTING pgs=0 cs=0 l=1 rev1=0 crypto rx=0 tx=0 comp rx=0 tx=0)._handle_peer_banner_payload supported=3 required=0
2024-04-23T18:30:26.477 INFO:teuthology.orchestra.run.smithi016.stdout:/usr/bin/ceph: stderr
2024-04-23T18:30:25.694+0000 7f17d0ddb700 1 --2- 172.21.15.16:0/1783560185 >> [v2:172.21.15.16:6800/3607592591,v1:172.21.15.16:6801/3607592591] conn(0x7f17b4039600 0x7f17b403bac0 secure :-1 s=READY pgs=8 cs=0 l=1 rev1=1 crypto rx=0x7f17c0006fd0 tx=0x7f17c0006e40 comp rx=0 tx=0).ready entity=mgr.14120 client_cookie=0 server_cookie=0 in_seq=0 out_seq=0
2024-04-23T18:30:26.477 INFO:teuthology.orchestra.run.smithi016.stdout:/usr/bin/ceph: stderr
2024-04-23T18:30:25.700+0000 7f17ca7fc700 1 -- 172.21.15.16:0/1783560185 <== mon.0 v2:172.21.15.16:3300/0 6 ==== mon_command_ack([{"prefix": "get_command_descriptions"}]=0 v0) ==== 72+0+188370 (secure 0 0 0) 0x7f17c402a020 con 0x7f17cc106d00
2024-04-23T18:30:26.477 INFO:teuthology.orchestra.run.smithi016.stdout:/usr/bin/ceph: stderr
2024-04-23T18:30:25.910+0000 7f17d3840700 1 -- 172.21.15.16:0/1783560185 --> [v2:172.21.15.16:6800/3607592591,v1:172.21.15.16:6801/3607592591] -- mgr_command(tid 0: {"prefix": "cephadm set-user", "user": "root", "target": ["mon-mgr", ""]}) -- 0x7f17cc02e330 con 0x7f17b4039600
2024-04-23T18:30:26.477 INFO:teuthology.orchestra.run.smithi016.stdout:/usr/bin/ceph: stderr
2024-04-23T18:30:25.911+0000 7f17ca7fc700 1 -- 172.21.15.16:0/1783560185 <== mgr.14120 v2:172.21.15.16:6800/3607592591 1 ==== mgr_command_reply(tid 0: 0 ) ==== 8+0+16 (secure 0 0 0) 0x7f17cc02e330 con 0x7f17b4039600
2024-04-23T18:30:26.478 INFO:teuthology.orchestra.run.smithi016.stdout:/usr/bin/ceph: stderr
2024-04-23T18:30:25.913+0000 7f17d3840700 1 -- 172.21.15.16:0/1783560185 >> [v2:172.21.15.16:6800/3607592591,v1:172.21.15.16:6801/3607592591] conn(0x7f17b4039600 msgr2=0x7f17b403bac0 secure :-1 s=STATE_CONNECTION_ESTABLISHED l=1).mark_down
2024-04-23T18:30:26.478 INFO:teuthology.orchestra.run.smithi016.stdout:/usr/bin/ceph: stderr
2024-04-23T18:30:25.913+0000 7f17d3840700 1 --2- 172.21.15.16:0/1783560185 >> [v2:172.21.15.16:6800/3607592591,v1:172.21.15.16:6801/3607592591] conn(0x7f17b4039600 0x7f17b403bac0 secure :-1 s=READY pgs=8 cs=0 l=1 rev1=1 crypto rx=0x7f17c0006fd0 tx=0x7f17c0006e40 comp rx=0 tx=0).stop
2024-04-23T18:30:26.478 INFO:teuthology.orchestra.run.smithi016.stdout:/usr/bin/ceph: stderr
2024-04-23T18:30:25.913+0000 7f17d3840700 1 -- 172.21.15.16:0/1783560185 >> [v2:172.21.15.16:3300/0,v1:172.21.15.16:6789/0] conn(0x7f17cc106d00 msgr2=0x7f17cc19e580 secure :-1 s=STATE_CONNECTION_ESTABLISHED l=1).mark_down
2024-04-23T18:30:26.478 INFO:teuthology.orchestra.run.smithi016.stdout:/usr/bin/ceph: stderr
2024-04-23T18:30:25.913+0000 7f17d3840700 1 --2- 172.21.15.16:0/1783560185 >> [v2:172.21.15.16:3300/0,v1:172.21.15.16:6789/0] conn(0x7f17cc106d00 0x7f17cc19e580 secure :-1 s=READY pgs=40 cs=0 l=1 rev1=1 crypto rx=0x7f17c400b7b0 tx=0x7f17c400be90 comp rx=0 tx=0).stop
2024-04-23T18:30:26.478 INFO:teuthology.orchestra.run.smithi016.stdout:/usr/bin/ceph: stderr
2024-04-23T18:30:25.913+0000 7f17d3840700 1 -- 172.21.15.16:0/1783560185 shutdown_connections
2024-04-23T18:30:26.478 INFO:teuthology.orchestra.run.smithi016.stdout:/usr/bin/ceph: stderr
2024-04-23T18:30:25.913+0000 7f17d3840700 1 --2- 172.21.15.16:0/1783560185 >> [v2:172.21.15.16:6800/3607592591,v1:172.21.15.16:6801/3607592591] conn(0x7f17b4039600 0x7f17b403bac0 unknown :-1 s=CLOSED pgs=8 cs=0 l=1 rev1=1 crypto rx=0 tx=0 comp rx=0 tx=0).stop
2024-04-23T18:30:26.478 INFO:teuthology.orchestra.run.smithi016.stdout:/usr/bin/ceph: stderr
2024-04-23T18:30:25.913+0000 7f17d3840700 1 --2- 172.21.15.16:0/1783560185 >> [v2:172.21.15.16:3300/0,v1:172.21.15.16:6789/0] conn(0x7f17cc106d00 0x7f17cc19e580 unknown :-1 s=CLOSED pgs=40 cs=0 l=1 rev1=1 crypto rx=0 tx=0 comp rx=0 tx=0).stop
2024-04-23T18:30:26.478 INFO:teuthology.orchestra.run.smithi016.stdout:/usr/bin/ceph: stderr
2024-04-23T18:30:25.913+0000 7f17d3840700 1 -- 172.21.15.16:0/1783560185 >> 172.21.15.16:0/1783560185 conn(0x7f17cc1028a0 msgr2=0x7f17cc195160 unknown :-1 s=STATE_NONE l=0).mark_down
2024-04-23T18:30:26.478 INFO:teuthology.orchestra.run.smithi016.stdout:/usr/bin/ceph: stderr
2024-04-23T18:30:25.913+0000 7f17d3840700 1 -- 172.21.15.16:0/1783560185 shutdown_connections
2024-04-23T18:30:26.478 INFO:teuthology.orchestra.run.smithi016.stdout:/usr/bin/ceph: stderr
2024-04-23T18:30:25.913+0000 7f17d3840700 1 -- 172.21.15.16:0/1783560185 wait complete.
2024-04-23T18:30:26.478 INFO:teuthology.orchestra.run.smithi016.stdout:Generating ssh key...
2024-04-23T18:30:26.765 INFO:journalctl@ceph.mon.a.smithi016.stdout:Apr 23 18:30:26 smithi016 ceph-mon[29228]: from='client.14134 -' entity='client.admin' cmd=[{"prefix": "cephadm set-user", "user": "root", "target": ["mon-mgr", ""]}]: dispatch
2024-04-23T18:30:27.764 INFO:journalctl@ceph.mgr.x.smithi016.stdout:Apr 23 18:30:27 smithi016 ceph-4ce7bac0-019f-11ef-bc93-c7b262605968-mgr-x[29455]: Generating public/private rsa key pair.
2024-04-23T18:30:27.764 INFO:journalctl@ceph.mgr.x.smithi016.stdout:Apr 23 18:30:27 smithi016 ceph-4ce7bac0-019f-11ef-bc93-c7b262605968-mgr-x[29455]: Your identification has been saved in /tmp/tmpxv49fdf8/key.
2024-04-23T18:30:27.764 INFO:journalctl@ceph.mgr.x.smithi016.stdout:Apr 23 18:30:27 smithi016 ceph-4ce7bac0-019f-11ef-bc93-c7b262605968-mgr-x[29455]: Your public key has been saved in /tmp/tmpxv49fdf8/key.pub.
2024-04-23T18:30:27.764 INFO:journalctl@ceph.mgr.x.smithi016.stdout:Apr 23 18:30:27 smithi016 ceph-4ce7bac0-019f-11ef-bc93-c7b262605968-mgr-x[29455]: The key fingerprint is:
2024-04-23T18:30:27.765 INFO:journalctl@ceph.mgr.x.smithi016.stdout:Apr 23 18:30:27 smithi016 ceph-4ce7bac0-019f-11ef-bc93-c7b262605968-mgr-x[29455]: SHA256:G7MXLtHAmdb1oN5wM8+YNUWMGEI2kyHI1d2XaRG3U4I ceph-4ce7bac0-019f-11ef-bc93-c7b262605968
2024-04-23T18:30:27.765 INFO:journalctl@ceph.mgr.x.smithi016.stdout:Apr 23 18:30:27 smithi016 ceph-4ce7bac0-019f-11ef-bc93-c7b262605968-mgr-x[29455]: The key's randomart image is:
2024-04-23T18:30:27.765 INFO:journalctl@ceph.mgr.x.smithi016.stdout:Apr 23 18:30:27 smithi016 ceph-4ce7bac0-019f-11ef-bc93-c7b262605968-mgr-x[29455]: +---[RSA 3072]----+
2024-04-23T18:30:27.765 INFO:journalctl@ceph.mgr.x.smithi016.stdout:Apr 23 18:30:27 smithi016 ceph-4ce7bac0-019f-11ef-bc93-c7b262605968-mgr-x[29455]: | . oooB++=.*X|
2024-04-23T18:30:27.765 INFO:journalctl@ceph.mgr.x.smithi016.stdout:Apr 23 18:30:27 smithi016 ceph-4ce7bac0-019f-11ef-bc93-c7b262605968-mgr-x[29455]: | o. *o*Eoo**|
2024-04-23T18:30:27.765 INFO:journalctl@ceph.mgr.x.smithi016.stdout:Apr 23 18:30:27 smithi016 ceph-4ce7bac0-019f-11ef-bc93-c7b262605968-mgr-x[29455]: | * + + =+ |
2024-04-23T18:30:27.765 INFO:journalctl@ceph.mgr.x.smithi016.stdout:Apr 23 18:30:27 smithi016 ceph-4ce7bac0-019f-11ef-bc93-c7b262605968-mgr-x[29455]: | . + + O ..|
2024-04-23T18:30:27.765 INFO:journalctl@ceph.mgr.x.smithi016.stdout:Apr 23 18:30:27 smithi016 ceph-4ce7bac0-019f-11ef-bc93-c7b262605968-mgr-x[29455]: | S + + o |
2024-04-23T18:30:27.765 INFO:journalctl@ceph.mgr.x.smithi016.stdout:Apr 23 18:30:27 smithi016 ceph-4ce7bac0-019f-11ef-bc93-c7b262605968-mgr-x[29455]: | B . |
2024-04-23T18:30:27.765 INFO:journalctl@ceph.mgr.x.smithi016.stdout:Apr 23 18:30:27 smithi016 ceph-4ce7bac0-019f-11ef-bc93-c7b262605968-mgr-x[29455]: | + o |
2024-04-23T18:30:27.765 INFO:journalctl@ceph.mgr.x.smithi016.stdout:Apr 23 18:30:27 smithi016 ceph-4ce7bac0-019f-11ef-bc93-c7b262605968-mgr-x[29455]: | o |
2024-04-23T18:30:27.765 INFO:journalctl@ceph.mgr.x.smithi016.stdout:Apr 23 18:30:27 smithi016 ceph-4ce7bac0-019f-11ef-bc93-c7b262605968-mgr-x[29455]: | |
2024-04-23T18:30:27.765 INFO:journalctl@ceph.mgr.x.smithi016.stdout:Apr 23 18:30:27 smithi016 ceph-4ce7bac0-019f-11ef-bc93-c7b262605968-mgr-x[29455]: +----[SHA256]-----+
2024-04-23T18:30:28.123 INFO:teuthology.orchestra.run.smithi016.stdout:/usr/bin/ceph: stderr
2024-04-23T18:30:26.940+0000 7f5fdfcca700 1 Processor -- start
2024-04-23T18:30:28.123 INFO:teuthology.orchestra.run.smithi016.stdout:/usr/bin/ceph: stderr
2024-04-23T18:30:26.940+0000 7f5fdfcca700 1 -- start start
2024-04-23T18:30:28.123 INFO:teuthology.orchestra.run.smithi016.stdout:/usr/bin/ceph: stderr
2024-04-23T18:30:26.940+0000 7f5fdfcca700 1 --2- >> [v2:172.21.15.16:3300/0,v1:172.21.15.16:6789/0] conn(0x7f5fd8108f20 0x7f5fd810b310 unknown :-1 s=NONE pgs=0 cs=0 l=0 rev1=0 crypto rx=0 tx=0 comp rx=0 tx=0).connect
2024-04-23T18:30:28.123 INFO:teuthology.orchestra.run.smithi016.stdout:/usr/bin/ceph: stderr
2024-04-23T18:30:26.940+0000 7f5fdfcca700 1 -- --> [v2:172.21.15.16:3300/0,v1:172.21.15.16:6789/0] -- mon_getmap magic: 0 -- 0x7f5fd807be60 con 0x7f5fd8108f20
2024-04-23T18:30:28.123 INFO:teuthology.orchestra.run.smithi016.stdout:/usr/bin/ceph: stderr
2024-04-23T18:30:26.940+0000 7f5fdda66700 1 --2- >> [v2:172.21.15.16:3300/0,v1:172.21.15.16:6789/0] conn(0x7f5fd8108f20 0x7f5fd810b310 unknown :-1 s=BANNER_CONNECTING pgs=0 cs=0 l=0 rev1=0 crypto rx=0 tx=0 comp rx=0 tx=0)._handle_peer_banner_payload supported=3 required=0
2024-04-23T18:30:28.123 INFO:teuthology.orchestra.run.smithi016.stdout:/usr/bin/ceph: stderr
