2024-04-25T11:28:48.876 INFO:teuthology.orchestra.run.smithi060.stdout:/usr/bin/ceph: stderr
2024-04-25T11:28:42.777+0000 7fca8a7fc700 1 --2- 172.21.15.60:0/382859496 >> [v2:172.21.15.60:6800/2330574473,v1:172.21.15.60:6801/2330574473] conn(0x7fca80039600 0x7fca8003bac0 unknown :-1 s=NONE pgs=0 cs=0 l=1 rev1=0 crypto rx=0 tx=0 comp rx=0 tx=0).connect
2024-04-25T11:28:48.876 INFO:teuthology.orchestra.run.smithi060.stdout:/usr/bin/ceph: stderr
2024-04-25T11:28:42.777+0000 7fca8a7fc700 1 -- 172.21.15.60:0/382859496 --> [v2:172.21.15.60:6800/2330574473,v1:172.21.15.60:6801/2330574473] -- command(tid 0: {"prefix": "get_command_descriptions"}) -- 0x7fca8003c1d0 con 0x7fca80039600
2024-04-25T11:28:48.876 INFO:teuthology.orchestra.run.smithi060.stdout:/usr/bin/ceph: stderr
2024-04-25T11:28:42.777+0000 7fca98fb9700 1 -- 172.21.15.60:0/382859496 >> [v2:172.21.15.60:6800/2330574473,v1:172.21.15.60:6801/2330574473] conn(0x7fca80039600 msgr2=0x7fca8003bac0 unknown :-1 s=STATE_CONNECTING_RE l=1).process reconnect failed to v2:172.21.15.60:6800/2330574473
2024-04-25T11:28:48.876 INFO:teuthology.orchestra.run.smithi060.stdout:/usr/bin/ceph: stderr
2024-04-25T11:28:42.777+0000 7fca8a7fc700 1 -- 172.21.15.60:0/382859496 <== mon.0 v2:172.21.15.60:3300/0 5 ==== osd_map(1..1 src has 1..1) ==== 725+0+0 (secure 0 0 0) 0x7fca9004d4e0 con 0x7fca94106e70
2024-04-25T11:28:48.876 INFO:teuthology.orchestra.run.smithi060.stdout:/usr/bin/ceph: stderr
2024-04-25T11:28:42.777+0000 7fca98fb9700 1 --2- 172.21.15.60:0/382859496 >> [v2:172.21.15.60:6800/2330574473,v1:172.21.15.60:6801/2330574473] conn(0x7fca80039600 0x7fca8003bac0 unknown :-1 s=START_CONNECT pgs=0 cs=0 l=1 rev1=0 crypto rx=0 tx=0 comp rx=0 tx=0)._fault waiting 0.200000
2024-04-25T11:28:48.876 INFO:teuthology.orchestra.run.smithi060.stdout:/usr/bin/ceph: stderr
2024-04-25T11:28:42.978+0000 7fca98fb9700 1 -- 172.21.15.60:0/382859496 >> [v2:172.21.15.60:6800/2330574473,v1:172.21.15.60:6801/2330574473] conn(0x7fca80039600 msgr2=0x7fca8003bac0 unknown :-1 s=STATE_CONNECTING_RE l=1).process reconnect failed to v2:172.21.15.60:6800/2330574473
2024-04-25T11:28:48.876 INFO:teuthology.orchestra.run.smithi060.stdout:/usr/bin/ceph: stderr
2024-04-25T11:28:42.978+0000 7fca98fb9700 1 --2- 172.21.15.60:0/382859496 >> [v2:172.21.15.60:6800/2330574473,v1:172.21.15.60:6801/2330574473] conn(0x7fca80039600 0x7fca8003bac0 unknown :-1 s=START_CONNECT pgs=0 cs=0 l=1 rev1=0 crypto rx=0 tx=0 comp rx=0 tx=0)._fault waiting 0.400000
2024-04-25T11:28:48.876 INFO:teuthology.orchestra.run.smithi060.stdout:/usr/bin/ceph: stderr
2024-04-25T11:28:43.379+0000 7fca98fb9700 1 -- 172.21.15.60:0/382859496 >> [v2:172.21.15.60:6800/2330574473,v1:172.21.15.60:6801/2330574473] conn(0x7fca80039600 msgr2=0x7fca8003bac0 unknown :-1 s=STATE_CONNECTING_RE l=1).process reconnect failed to v2:172.21.15.60:6800/2330574473
2024-04-25T11:28:48.876 INFO:teuthology.orchestra.run.smithi060.stdout:/usr/bin/ceph: stderr
2024-04-25T11:28:43.379+0000 7fca98fb9700 1 --2- 172.21.15.60:0/382859496 >> [v2:172.21.15.60:6800/2330574473,v1:172.21.15.60:6801/2330574473] conn(0x7fca80039600 0x7fca8003bac0 unknown :-1 s=START_CONNECT pgs=0 cs=0 l=1 rev1=0 crypto rx=0 tx=0 comp rx=0 tx=0)._fault waiting 0.800000
2024-04-25T11:28:48.877 INFO:teuthology.orchestra.run.smithi060.stdout:/usr/bin/ceph: stderr
2024-04-25T11:28:44.180+0000 7fca98fb9700 1 -- 172.21.15.60:0/382859496 >> [v2:172.21.15.60:6800/2330574473,v1:172.21.15.60:6801/2330574473] conn(0x7fca80039600 msgr2=0x7fca8003bac0 unknown :-1 s=STATE_CONNECTING_RE l=1).process reconnect failed to v2:172.21.15.60:6800/2330574473
2024-04-25T11:28:48.877 INFO:teuthology.orchestra.run.smithi060.stdout:/usr/bin/ceph: stderr
2024-04-25T11:28:44.180+0000 7fca98fb9700 1 --2- 172.21.15.60:0/382859496 >> [v2:172.21.15.60:6800/2330574473,v1:172.21.15.60:6801/2330574473] conn(0x7fca80039600 0x7fca8003bac0 unknown :-1 s=START_CONNECT pgs=0 cs=0 l=1 rev1=0 crypto rx=0 tx=0 comp rx=0 tx=0)._fault waiting 1.600000
2024-04-25T11:28:48.877 INFO:teuthology.orchestra.run.smithi060.stdout:/usr/bin/ceph: stderr
2024-04-25T11:28:45.781+0000 7fca98fb9700 1 -- 172.21.15.60:0/382859496 >> [v2:172.21.15.60:6800/2330574473,v1:172.21.15.60:6801/2330574473] conn(0x7fca80039600 msgr2=0x7fca8003bac0 unknown :-1 s=STATE_CONNECTING_RE l=1).process reconnect failed to v2:172.21.15.60:6800/2330574473
2024-04-25T11:28:48.877 INFO:teuthology.orchestra.run.smithi060.stdout:/usr/bin/ceph: stderr
2024-04-25T11:28:45.781+0000 7fca98fb9700 1 --2- 172.21.15.60:0/382859496 >> [v2:172.21.15.60:6800/2330574473,v1:172.21.15.60:6801/2330574473] conn(0x7fca80039600 0x7fca8003bac0 unknown :-1 s=START_CONNECT pgs=0 cs=0 l=1 rev1=0 crypto rx=0 tx=0 comp rx=0 tx=0)._fault waiting 3.200000
2024-04-25T11:28:48.877 INFO:teuthology.orchestra.run.smithi060.stdout:/usr/bin/ceph: stderr
2024-04-25T11:28:47.280+0000 7fca8a7fc700 1 -- 172.21.15.60:0/382859496 <== mon.0 v2:172.21.15.60:3300/0 6 ==== mgrmap(e 6) ==== 46325+0+0 (secure 0 0 0) 0x7fca9002d3f0 con 0x7fca94106e70
2024-04-25T11:28:48.877 INFO:teuthology.orchestra.run.smithi060.stdout:/usr/bin/ceph: stderr
2024-04-25T11:28:47.281+0000 7fca8a7fc700 1 -- 172.21.15.60:0/382859496 >> [v2:172.21.15.60:6800/2330574473,v1:172.21.15.60:6801/2330574473] conn(0x7fca80039600 msgr2=0x7fca8003bac0 unknown :-1 s=STATE_CONNECTING l=1).mark_down
2024-04-25T11:28:48.877 INFO:teuthology.orchestra.run.smithi060.stdout:/usr/bin/ceph: stderr
2024-04-25T11:28:47.281+0000 7fca8a7fc700 1 --2- 172.21.15.60:0/382859496 >> [v2:172.21.15.60:6800/2330574473,v1:172.21.15.60:6801/2330574473] conn(0x7fca80039600 0x7fca8003bac0 unknown :-1 s=START_CONNECT pgs=0 cs=0 l=1 rev1=0 crypto rx=0 tx=0 comp rx=0 tx=0).stop
2024-04-25T11:28:48.877 INFO:teuthology.orchestra.run.smithi060.stdout:/usr/bin/ceph: stderr
2024-04-25T11:28:48.282+0000 7fca8a7fc700 1 -- 172.21.15.60:0/382859496 <== mon.0 v2:172.21.15.60:3300/0 7 ==== mgrmap(e 7) ==== 46452+0+0 (secure 0 0 0) 0x7fca9004ee40 con 0x7fca94106e70
2024-04-25T11:28:48.877 INFO:teuthology.orchestra.run.smithi060.stdout:/usr/bin/ceph: stderr
2024-04-25T11:28:48.282+0000 7fca8a7fc700 1 --2- 172.21.15.60:0/382859496 >> [v2:172.21.15.60:6800/2088664007,v1:172.21.15.60:6801/2088664007] conn(0x7fca8003cef0 0x7fca8003f2e0 unknown :-1 s=NONE pgs=0 cs=0 l=1 rev1=0 crypto rx=0 tx=0 comp rx=0 tx=0).connect
2024-04-25T11:28:48.877 INFO:teuthology.orchestra.run.smithi060.stdout:/usr/bin/ceph: stderr
2024-04-25T11:28:48.282+0000 7fca8a7fc700 1 -- 172.21.15.60:0/382859496 --> [v2:172.21.15.60:6800/2088664007,v1:172.21.15.60:6801/2088664007] -- command(tid 0: {"prefix": "get_command_descriptions"}) -- 0x7fca90007da0 con 0x7fca8003cef0
2024-04-25T11:28:48.877 INFO:teuthology.orchestra.run.smithi060.stdout:/usr/bin/ceph: stderr
2024-04-25T11:28:48.282+0000 7fca98fb9700 1 --2- 172.21.15.60:0/382859496 >> [v2:172.21.15.60:6800/2088664007,v1:172.21.15.60:6801/2088664007] conn(0x7fca8003cef0 0x7fca8003f2e0 unknown :-1 s=BANNER_CONNECTING pgs=0 cs=0 l=1 rev1=0 crypto rx=0 tx=0 comp rx=0 tx=0)._handle_peer_banner_payload supported=3 required=0
2024-04-25T11:28:48.877 INFO:teuthology.orchestra.run.smithi060.stdout:/usr/bin/ceph: stderr
2024-04-25T11:28:48.283+0000 7fca98fb9700 1 --2- 172.21.15.60:0/382859496 >> [v2:172.21.15.60:6800/2088664007,v1:172.21.15.60:6801/2088664007] conn(0x7fca8003cef0 0x7fca8003f2e0 secure :-1 s=READY pgs=2 cs=0 l=1 rev1=1 crypto rx=0x7fca84003a10 tx=0x7fca840092b0 comp rx=0 tx=0).ready entity=mgr.14120 client_cookie=0 server_cookie=0 in_seq=0 out_seq=0
2024-04-25T11:28:48.877 INFO:teuthology.orchestra.run.smithi060.stdout:/usr/bin/ceph: stderr
2024-04-25T11:28:48.283+0000 7fca8a7fc700 1 -- 172.21.15.60:0/382859496 <== mgr.14120 v2:172.21.15.60:6800/2088664007 1 ==== command_reply(tid 0: 0 ) ==== 8+0+7774 (secure 0 0 0) 0x7fca90007da0 con 0x7fca8003cef0
2024-04-25T11:28:48.878 INFO:teuthology.orchestra.run.smithi060.stdout:/usr/bin/ceph: stderr
2024-04-25T11:28:48.291+0000 7fca9ba1e700 1 -- 172.21.15.60:0/382859496 --> [v2:172.21.15.60:6800/2088664007,v1:172.21.15.60:6801/2088664007] -- command(tid 1: {"prefix": "mgr_status"}) -- 0x7fca9419f350 con 0x7fca8003cef0
2024-04-25T11:28:48.878 INFO:teuthology.orchestra.run.smithi060.stdout:/usr/bin/ceph: stderr
2024-04-25T11:28:48.291+0000 7fca8a7fc700 1 -- 172.21.15.60:0/382859496 <== mgr.14120 v2:172.21.15.60:6800/2088664007 2 ==== command_reply(tid 1: 0 ) ==== 8+0+51 (secure 0 0 0) 0x7fca9419f350 con 0x7fca8003cef0
2024-04-25T11:28:48.878 INFO:teuthology.orchestra.run.smithi060.stdout:/usr/bin/ceph: stderr
2024-04-25T11:28:48.291+0000 7fca9ba1e700 1 -- 172.21.15.60:0/382859496 >> [v2:172.21.15.60:6800/2088664007,v1:172.21.15.60:6801/2088664007] conn(0x7fca8003cef0 msgr2=0x7fca8003f2e0 secure :-1 s=STATE_CONNECTION_ESTABLISHED l=1).mark_down
2024-04-25T11:28:48.878 INFO:teuthology.orchestra.run.smithi060.stdout:/usr/bin/ceph: stderr
2024-04-25T11:28:48.291+0000 7fca9ba1e700 1 --2- 172.21.15.60:0/382859496 >> [v2:172.21.15.60:6800/2088664007,v1:172.21.15.60:6801/2088664007] conn(0x7fca8003cef0 0x7fca8003f2e0 secure :-1 s=READY pgs=2 cs=0 l=1 rev1=1 crypto rx=0x7fca84003a10 tx=0x7fca840092b0 comp rx=0 tx=0).stop
2024-04-25T11:28:48.878 INFO:teuthology.orchestra.run.smithi060.stdout:/usr/bin/ceph: stderr
2024-04-25T11:28:48.291+0000 7fca9ba1e700 1 -- 172.21.15.60:0/382859496 >> [v2:172.21.15.60:3300/0,v1:172.21.15.60:6789/0] conn(0x7fca94106e70 msgr2=0x7fca9419e6a0 secure :-1 s=STATE_CONNECTION_ESTABLISHED l=1).mark_down
2024-04-25T11:28:48.878 INFO:teuthology.orchestra.run.smithi060.stdout:/usr/bin/ceph: stderr
2024-04-25T11:28:48.291+0000 7fca9ba1e700 1 --2- 172.21.15.60:0/382859496 >> [v2:172.21.15.60:3300/0,v1:172.21.15.60:6789/0] conn(0x7fca94106e70 0x7fca9419e6a0 secure :-1 s=READY pgs=29 cs=0 l=1 rev1=1 crypto rx=0x7fca90011ac0 tx=0x7fca90011ba0 comp rx=0 tx=0).stop
2024-04-25T11:28:48.878 INFO:teuthology.orchestra.run.smithi060.stdout:/usr/bin/ceph: stderr
2024-04-25T11:28:48.291+0000 7fca9ba1e700 1 -- 172.21.15.60:0/382859496 shutdown_connections
2024-04-25T11:28:48.878 INFO:teuthology.orchestra.run.smithi060.stdout:/usr/bin/ceph: stderr
2024-04-25T11:28:48.291+0000 7fca9ba1e700 1 --2- 172.21.15.60:0/382859496 >> [v2:172.21.15.60:6800/2088664007,v1:172.21.15.60:6801/2088664007] conn(0x7fca8003cef0 0x7fca8003f2e0 unknown :-1 s=CLOSED pgs=2 cs=0 l=1 rev1=1 crypto rx=0 tx=0 comp rx=0 tx=0).stop
2024-04-25T11:28:48.878 INFO:teuthology.orchestra.run.smithi060.stdout:/usr/bin/ceph: stderr
2024-04-25T11:28:48.291+0000 7fca9ba1e700 1 --2- 172.21.15.60:0/382859496 >> [v2:172.21.15.60:3300/0,v1:172.21.15.60:6789/0] conn(0x7fca94106e70 0x7fca9419e6a0 unknown :-1 s=CLOSED pgs=29 cs=0 l=1 rev1=1 crypto rx=0 tx=0 comp rx=0 tx=0).stop
2024-04-25T11:28:48.878 INFO:teuthology.orchestra.run.smithi060.stdout:/usr/bin/ceph: stderr
2024-04-25T11:28:48.291+0000 7fca9ba1e700 1 --2- 172.21.15.60:0/382859496 >> [v2:172.21.15.60:6800/2330574473,v1:172.21.15.60:6801/2330574473] conn(0x7fca80039600 0x7fca8003bac0 unknown :-1 s=CLOSED pgs=0 cs=0 l=1 rev1=0 crypto rx=0 tx=0 comp rx=0 tx=0).stop
2024-04-25T11:28:48.878 INFO:teuthology.orchestra.run.smithi060.stdout:/usr/bin/ceph: stderr
2024-04-25T11:28:48.291+0000 7fca9ba1e700 1 -- 172.21.15.60:0/382859496 >> 172.21.15.60:0/382859496 conn(0x7fca94102ab0 msgr2=0x7fca94195280 unknown :-1 s=STATE_NONE l=0).mark_down
2024-04-25T11:28:48.878 INFO:teuthology.orchestra.run.smithi060.stdout:/usr/bin/ceph: stderr
2024-04-25T11:28:48.291+0000 7fca9ba1e700 1 -- 172.21.15.60:0/382859496 shutdown_connections
2024-04-25T11:28:48.878 INFO:teuthology.orchestra.run.smithi060.stdout:/usr/bin/ceph: stderr
2024-04-25T11:28:48.291+0000 7fca9ba1e700 1 -- 172.21.15.60:0/382859496 wait complete.
2024-04-25T11:28:48.879 INFO:teuthology.orchestra.run.smithi060.stdout:mgr epoch 5 is available
2024-04-25T11:28:48.879 INFO:teuthology.orchestra.run.smithi060.stdout:Setting orchestrator backend to cephadm...
2024-04-25T11:28:50.153 INFO:journalctl@ceph.mon.a.smithi060.stdout:Apr 25 11:28:50 smithi060 ceph-mon[29157]: from='client.14124 -' entity='client.admin' cmd=[{"prefix": "get_command_descriptions"}]: dispatch
2024-04-25T11:28:50.153 INFO:journalctl@ceph.mon.a.smithi060.stdout:Apr 25 11:28:50 smithi060 ceph-mon[29157]: from='client.14124 -' entity='client.admin' cmd=[{"prefix": "mgr_status"}]: dispatch
2024-04-25T11:28:50.153 INFO:journalctl@ceph.mon.a.smithi060.stdout:Apr 25 11:28:50 smithi060 ceph-mon[29157]: from='mgr.14120 172.21.15.60:0/3261137142' entity='mgr.x'
2024-04-25T11:28:50.153 INFO:journalctl@ceph.mon.a.smithi060.stdout:Apr 25 11:28:50 smithi060 ceph-mon[29157]: from='mgr.14120 172.21.15.60:0/3261137142' entity='mgr.x'
2024-04-25T11:28:50.153 INFO:journalctl@ceph.mon.a.smithi060.stdout:Apr 25 11:28:50 smithi060 ceph-mon[29157]: from='mgr.14120 172.21.15.60:0/3261137142' entity='mgr.x'
2024-04-25T11:28:50.153 INFO:journalctl@ceph.mon.a.smithi060.stdout:Apr 25 11:28:50 smithi060 ceph-mon[29157]: from='mgr.14120 172.21.15.60:0/3261137142' entity='mgr.x' cmd=[{"prefix": "config dump", "format": "json"}]: dispatch
2024-04-25T11:28:50.161 INFO:teuthology.orchestra.run.smithi060.stdout:/usr/bin/ceph: stderr
2024-04-25T11:28:49.321+0000 7f54dc08d700 1 Processor -- start
2024-04-25T11:28:50.161 INFO:teuthology.orchestra.run.smithi060.stdout:/usr/bin/ceph: stderr
2024-04-25T11:28:49.321+0000 7f54dc08d700 1 -- start start
2024-04-25T11:28:50.161 INFO:teuthology.orchestra.run.smithi060.stdout:/usr/bin/ceph: stderr
2024-04-25T11:28:49.321+0000 7f54dc08d700 1 --2- >> [v2:172.21.15.60:3300/0,v1:172.21.15.60:6789/0] conn(0x7f54d4109060 0x7f54d410b450 unknown :-1 s=NONE pgs=0 cs=0 l=0 rev1=0 crypto rx=0 tx=0 comp rx=0 tx=0).connect
2024-04-25T11:28:50.161 INFO:teuthology.orchestra.run.smithi060.stdout:/usr/bin/ceph: stderr
2024-04-25T11:28:49.321+0000 7f54dc08d700 1 -- --> [v2:172.21.15.60:3300/0,v1:172.21.15.60:6789/0] -- mon_getmap magic: 0 -- 0x7f54d4063d40 con 0x7f54d4109060
2024-04-25T11:28:50.161 INFO:teuthology.orchestra.run.smithi060.stdout:/usr/bin/ceph: stderr
2024-04-25T11:28:49.321+0000 7f54d9e29700 1 --2- >> [v2:172.21.15.60:3300/0,v1:172.21.15.60:6789/0] conn(0x7f54d4109060 0x7f54d410b450 unknown :-1 s=BANNER_CONNECTING pgs=0 cs=0 l=0 rev1=0 crypto rx=0 tx=0 comp rx=0 tx=0)._handle_peer_banner_payload supported=3 required=0
2024-04-25T11:28:50.161 INFO:teuthology.orchestra.run.smithi060.stdout:/usr/bin/ceph: stderr
2024-04-25T11:28:49.321+0000 7f54d9e29700 1 --2- >> [v2:172.21.15.60:3300/0,v1:172.21.15.60:6789/0] conn(0x7f54d4109060 0x7f54d410b450 unknown :-1 s=HELLO_CONNECTING pgs=0 cs=0 l=0 rev1=1 crypto rx=0 tx=0 comp rx=0 tx=0).handle_hello peer v2:172.21.15.60:3300/0 says I am v2:172.21.15.60:42670/0 (socket says 172.21.15.60:42670)
2024-04-25T11:28:50.161 INFO:teuthology.orchestra.run.smithi060.stdout:/usr/bin/ceph: stderr
2024-04-25T11:28:49.321+0000 7f54d9e29700 1 -- 172.21.15.60:0/3515072742 learned_addr learned my addr 172.21.15.60:0/3515072742 (peer_addr_for_me v2:172.21.15.60:0/0)
2024-04-25T11:28:50.161 INFO:teuthology.orchestra.run.smithi060.stdout:/usr/bin/ceph: stderr
2024-04-25T11:28:49.322+0000 7f54d9e29700 1 -- 172.21.15.60:0/3515072742 --> [v2:172.21.15.60:3300/0,v1:172.21.15.60:6789/0] -- mon_subscribe({config=0+,monmap=0+}) -- 0x7f54d410b990 con 0x7f54d4109060
2024-04-25T11:28:50.161 INFO:teuthology.orchestra.run.smithi060.stdout:/usr/bin/ceph: stderr
2024-04-25T11:28:49.322+0000 7f54d9e29700 1 --2- 172.21.15.60:0/3515072742 >> [v2:172.21.15.60:3300/0,v1:172.21.15.60:6789/0] conn(0x7f54d4109060 0x7f54d410b450 secure :-1 s=READY pgs=37 cs=0 l=1 rev1=1 crypto rx=0x7f54d00098a0 tx=0x7f54d0009bb0 comp rx=0 tx=0).ready entity=mon.0 client_cookie=8051257c9da5daa7 server_cookie=0 in_seq=0 out_seq=0
2024-04-25T11:28:50.161 INFO:teuthology.orchestra.run.smithi060.stdout:/usr/bin/ceph: stderr
2024-04-25T11:28:49.322+0000 7f54d8e27700 1 -- 172.21.15.60:0/3515072742 <== mon.0 v2:172.21.15.60:3300/0 1 ==== mon_map magic: 0 ==== 205+0+0 (secure 0 0 0) 0x7f54d0004160 con 0x7f54d4109060
2024-04-25T11:28:50.161 INFO:teuthology.orchestra.run.smithi060.stdout:/usr/bin/ceph: stderr
2024-04-25T11:28:49.322+0000 7f54d8e27700 1 -- 172.21.15.60:0/3515072742 <== mon.0 v2:172.21.15.60:3300/0 2 ==== config(26 keys) ==== 1070+0+0 (secure 0 0 0) 0x7f54d0004300 con 0x7f54d4109060
2024-04-25T11:28:50.161 INFO:teuthology.orchestra.run.smithi060.stdout:/usr/bin/ceph: stderr
2024-04-25T11:28:49.322+0000 7f54d8e27700 1 -- 172.21.15.60:0/3515072742 <== mon.0 v2:172.21.15.60:3300/0 3 ==== mon_map magic: 0 ==== 205+0+0 (secure 0 0 0) 0x7f54d0011af0 con 0x7f54d4109060
2024-04-25T11:28:50.162 INFO:teuthology.orchestra.run.smithi060.stdout:/usr/bin/ceph: stderr
2024-04-25T11:28:49.322+0000 7f54dc08d700 1 -- 172.21.15.60:0/3515072742 >> [v2:172.21.15.60:3300/0,v1:172.21.15.60:6789/0] conn(0x7f54d4109060 msgr2=0x7f54d410b450 secure :-1 s=STATE_CONNECTION_ESTABLISHED l=1).mark_down
2024-04-25T11:28:50.162 INFO:teuthology.orchestra.run.smithi060.stdout:/usr/bin/ceph: stderr
2024-04-25T11:28:49.322+0000 7f54dc08d700 1 --2- 172.21.15.60:0/3515072742 >> [v2:172.21.15.60:3300/0,v1:172.21.15.60:6789/0] conn(0x7f54d4109060 0x7f54d410b450 secure :-1 s=READY pgs=37 cs=0 l=1 rev1=1 crypto rx=0x7f54d00098a0 tx=0x7f54d0009bb0 comp rx=0 tx=0).stop
2024-04-25T11:28:50.162 INFO:teuthology.orchestra.run.smithi060.stdout:/usr/bin/ceph: stderr
2024-04-25T11:28:49.322+0000 7f54dc08d700 1 -- 172.21.15.60:0/3515072742 shutdown_connections
2024-04-25T11:28:50.162 INFO:teuthology.orchestra.run.smithi060.stdout:/usr/bin/ceph: stderr
2024-04-25T11:28:49.322+0000 7f54dc08d700 1 --2- 172.21.15.60:0/3515072742 >> [v2:172.21.15.60:3300/0,v1:172.21.15.60:6789/0] conn(0x7f54d4109060 0x7f54d410b450 unknown :-1 s=CLOSED pgs=37 cs=0 l=1 rev1=1 crypto rx=0 tx=0 comp rx=0 tx=0).stop
2024-04-25T11:28:50.162 INFO:teuthology.orchestra.run.smithi060.stdout:/usr/bin/ceph: stderr
2024-04-25T11:28:49.322+0000 7f54dc08d700 1 -- 172.21.15.60:0/3515072742 >> 172.21.15.60:0/3515072742 conn(0x7f54d4102ab0 msgr2=0x7f54d4104ed0 unknown :-1 s=STATE_NONE l=0).mark_down
2024-04-25T11:28:50.162 INFO:teuthology.orchestra.run.smithi060.stdout:/usr/bin/ceph: stderr
2024-04-25T11:28:49.323+0000 7f54dc08d700 1 -- 172.21.15.60:0/3515072742 shutdown_connections
2024-04-25T11:28:50.162 INFO:teuthology.orchestra.run.smithi060.stdout:/usr/bin/ceph: stderr
2024-04-25T11:28:49.323+0000 7f54dc08d700 1 -- 172.21.15.60:0/3515072742 wait complete.
2024-04-25T11:28:50.162 INFO:teuthology.orchestra.run.smithi060.stdout:/usr/bin/ceph: stderr
2024-04-25T11:28:49.323+0000 7f54dc08d700 1 Processor -- start
2024-04-25T11:28:50.162 INFO:teuthology.orchestra.run.smithi060.stdout:/usr/bin/ceph: stderr
2024-04-25T11:28:49.323+0000 7f54dc08d700 1 -- start start
2024-04-25T11:28:50.162 INFO:teuthology.orchestra.run.smithi060.stdout:/usr/bin/ceph: stderr
2024-04-25T11:28:49.323+0000 7f54dc08d700 1 --2- >> [v2:172.21.15.60:3300/0,v1:172.21.15.60:6789/0] conn(0x7f54d4109060 0x7f54d419c420 unknown :-1 s=NONE pgs=0 cs=0 l=1 rev1=0 crypto rx=0 tx=0 comp rx=0 tx=0).connect
2024-04-25T11:28:50.162 INFO:teuthology.orchestra.run.smithi060.stdout:/usr/bin/ceph: stderr
2024-04-25T11:28:49.323+0000 7f54dc08d700 1 -- --> [v2:172.21.15.60:3300/0,v1:172.21.15.60:6789/0] -- mon_getmap magic: 0 -- 0x7f54d410c880 con 0x7f54d4109060
2024-04-25T11:28:50.162 INFO:teuthology.orchestra.run.smithi060.stdout:/usr/bin/ceph: stderr
2024-04-25T11:28:49.324+0000 7f54d9e29700 1 --2- >> [v2:172.21.15.60:3300/0,v1:172.21.15.60:6789/0] conn(0x7f54d4109060 0x7f54d419c420 unknown :-1 s=BANNER_CONNECTING pgs=0 cs=0 l=1 rev1=0 crypto rx=0 tx=0 comp rx=0 tx=0)._handle_peer_banner_payload supported=3 required=0
2024-04-25T11:28:50.163 INFO:teuthology.orchestra.run.smithi060.stdout:/usr/bin/ceph: stderr
2024-04-25T11:28:49.324+0000 7f54d9e29700 1 --2- >> [v2:172.21.15.60:3300/0,v1:172.21.15.60:6789/0] conn(0x7f54d4109060 0x7f54d419c420 unknown :-1 s=HELLO_CONNECTING pgs=0 cs=0 l=1 rev1=1 crypto rx=0 tx=0 comp rx=0 tx=0).handle_hello peer v2:172.21.15.60:3300/0 says I am v2:172.21.15.60:42684/0 (socket says 172.21.15.60:42684)
2024-04-25T11:28:50.163 INFO:teuthology.orchestra.run.smithi060.stdout:/usr/bin/ceph: stderr
2024-04-25T11:28:49.324+0000 7f54d9e29700 1 -- 172.21.15.60:0/3997659408 learned_addr learned my addr 172.21.15.60:0/3997659408 (peer_addr_for_me v2:172.21.15.60:0/0)
2024-04-25T11:28:50.163 INFO:teuthology.orchestra.run.smithi060.stdout:/usr/bin/ceph: stderr
2024-04-25T11:28:49.324+0000 7f54d9e29700 1 -- 172.21.15.60:0/3997659408 --> [v2:172.21.15.60:3300/0,v1:172.21.15.60:6789/0] -- mon_subscribe({config=0+,monmap=0+}) -- 0x7f54d419c960 con 0x7f54d4109060
2024-04-25T11:28:50.163 INFO:teuthology.orchestra.run.smithi060.stdout:/usr/bin/ceph: stderr
2024-04-25T11:28:49.324+0000 7f54d9e29700 1 --2- 172.21.15.60:0/3997659408 >> [v2:172.21.15.60:3300/0,v1:172.21.15.60:6789/0] conn(0x7f54d4109060 0x7f54d419c420 secure :-1 s=READY pgs=38 cs=0 l=1 rev1=1 crypto rx=0x7f54d0003f40 tx=0x7f54d0011890 comp rx=0 tx=0).ready entity=mon.0 client_cookie=0 server_cookie=0 in_seq=0 out_seq=0
2024-04-25T11:28:50.163 INFO:teuthology.orchestra.run.smithi060.stdout:/usr/bin/ceph: stderr
2024-04-25T11:28:49.324+0000 7f54caffd700 1 -- 172.21.15.60:0/3997659408 <== mon.0 v2:172.21.15.60:3300/0 1 ==== mon_map magic: 0 ==== 205+0+0 (secure 0 0 0) 0x7f54d00038b0 con 0x7f54d4109060
2024-04-25T11:28:50.163 INFO:teuthology.orchestra.run.smithi060.stdout:/usr/bin/ceph: stderr
2024-04-25T11:28:49.324+0000 7f54caffd700 1 -- 172.21.15.60:0/3997659408 <== mon.0 v2:172.21.15.60:3300/0 2 ==== config(26 keys) ==== 1070+0+0 (secure 0 0 0) 0x7f54d0003a50 con 0x7f54d4109060
2024-04-25T11:28:50.163 INFO:teuthology.orchestra.run.smithi060.stdout:/usr/bin/ceph: stderr
2024-04-25T11:28:49.324+0000 7f54caffd700 1 -- 172.21.15.60:0/3997659408 <== mon.0 v2:172.21.15.60:3300/0 3 ==== mon_map magic: 0 ==== 205+0+0 (secure 0 0 0) 0x7f54d001a5c0 con 0x7f54d4109060
2024-04-25T11:28:50.163 INFO:teuthology.orchestra.run.smithi060.stdout:/usr/bin/ceph: stderr
2024-04-25T11:28:49.324+0000 7f54dc08d700 1 -- 172.21.15.60:0/3997659408 --> [v2:172.21.15.60:3300/0,v1:172.21.15.60:6789/0] -- mon_subscribe({mgrmap=0+}) -- 0x7f54d419cc50 con 0x7f54d4109060
2024-04-25T11:28:50.163 INFO:teuthology.orchestra.run.smithi060.stdout:/usr/bin/ceph: stderr
2024-04-25T11:28:49.324+0000 7f54dc08d700 1 -- 172.21.15.60:0/3997659408 --> [v2:172.21.15.60:3300/0,v1:172.21.15.60:6789/0] -- mon_subscribe({osdmap=0}) -- 0x7f54d419f8e0 con 0x7f54d4109060
2024-04-25T11:28:50.163 INFO:teuthology.orchestra.run.smithi060.stdout:/usr/bin/ceph: stderr
2024-04-25T11:28:49.325+0000 7f54caffd700 1 -- 172.21.15.60:0/3997659408 <== mon.0 v2:172.21.15.60:3300/0 4 ==== mgrmap(e 7) ==== 46452+0+0 (secure 0 0 0) 0x7f54d0024430 con 0x7f54d4109060
2024-04-25T11:28:50.163 INFO:teuthology.orchestra.run.smithi060.stdout:/usr/bin/ceph: stderr
2024-04-25T11:28:49.325+0000 7f54dc08d700 1 -- 172.21.15.60:0/3997659408 --> [v2:172.21.15.60:3300/0,v1:172.21.15.60:6789/0] -- mon_command({"prefix": "get_command_descriptions"} v 0) -- 0x7f54d40640a0 con 0x7f54d4109060
2024-04-25T11:28:50.163 INFO:teuthology.orchestra.run.smithi060.stdout:/usr/bin/ceph: stderr
2024-04-25T11:28:49.326+0000 7f54caffd700 1 --2- 172.21.15.60:0/3997659408 >> [v2:172.21.15.60:6800/2088664007,v1:172.21.15.60:6801/2088664007] conn(0x7f54c0039450 0x7f54c003b910 unknown :-1 s=NONE pgs=0 cs=0 l=1 rev1=0 crypto rx=0 tx=0 comp rx=0 tx=0).connect
2024-04-25T11:28:50.163 INFO:teuthology.orchestra.run.smithi060.stdout:/usr/bin/ceph: stderr
2024-04-25T11:28:49.326+0000 7f54caffd700 1 -- 172.21.15.60:0/3997659408 <== mon.0 v2:172.21.15.60:3300/0 5 ==== osd_map(2..2 src has 1..2) ==== 940+0+0 (secure 0 0 0) 0x7f54d004d8a0 con 0x7f54d4109060
2024-04-25T11:28:50.164 INFO:teuthology.orchestra.run.smithi060.stdout:/usr/bin/ceph: stderr
2024-04-25T11:28:49.326+0000 7f54d9628700 1 --2- 172.21.15.60:0/3997659408 >> [v2:172.21.15.60:6800/2088664007,v1:172.21.15.60:6801/2088664007] conn(0x7f54c0039450 0x7f54c003b910 unknown :-1 s=BANNER_CONNECTING pgs=0 cs=0 l=1 rev1=0 crypto rx=0 tx=0 comp rx=0 tx=0)._handle_peer_banner_payload supported=3 required=0
2024-04-25T11:28:50.164 INFO:teuthology.orchestra.run.smithi060.stdout:/usr/bin/ceph: stderr
2024-04-25T11:28:49.326+0000 7f54d9628700 1 --2- 172.21.15.60:0/3997659408 >> [v2:172.21.15.60:6800/2088664007,v1:172.21.15.60:6801/2088664007] conn(0x7f54c0039450 0x7f54c003b910 secure :-1 s=READY pgs=7 cs=0 l=1 rev1=1 crypto rx=0x7f54c4006fd0 tx=0x7f54c4006e40 comp rx=0 tx=0).ready entity=mgr.14120 client_cookie=0 server_cookie=0 in_seq=0 out_seq=0
2024-04-25T11:28:50.164 INFO:teuthology.orchestra.run.smithi060.stdout:/usr/bin/ceph: stderr
2024-04-25T11:28:49.331+0000 7f54caffd700 1 -- 172.21.15.60:0/3997659408 <== mon.0 v2:172.21.15.60:3300/0 6 ==== mon_command_ack([{"prefix": "get_command_descriptions"}]=0 v0) ==== 72+0+188370 (secure 0 0 0) 0x7f54d002d3f0 con 0x7f54d4109060
2024-04-25T11:28:50.164 INFO:teuthology.orchestra.run.smithi060.stdout:/usr/bin/ceph: stderr
2024-04-25T11:28:49.557+0000 7f54dc08d700 1 -- 172.21.15.60:0/3997659408 --> [v2:172.21.15.60:6800/2088664007,v1:172.21.15.60:6801/2088664007] -- mgr_command(tid 0: {"prefix": "orch set backend", "module_name": "cephadm", "target": ["mon-mgr", ""]}) -- 0x7f54d419fab0 con 0x7f54c0039450
2024-04-25T11:28:50.164 INFO:teuthology.orchestra.run.smithi060.stdout:/usr/bin/ceph: stderr
2024-04-25T11:28:49.561+0000 7f54caffd700 1 -- 172.21.15.60:0/3997659408 <== mgr.14120 v2:172.21.15.60:6800/2088664007 1 ==== mgr_command_reply(tid 0: 0 ) ==== 8+0+0 (secure 0 0 0) 0x7f54d419fab0 con 0x7f54c0039450
2024-04-25T11:28:50.164 INFO:teuthology.orchestra.run.smithi060.stdout:/usr/bin/ceph: stderr
2024-04-25T11:28:49.564+0000 7f54dc08d700 1 -- 172.21.15.60:0/3997659408 >> [v2:172.21.15.60:6800/2088664007,v1:172.21.15.60:6801/2088664007] conn(0x7f54c0039450 msgr2=0x7f54c003b910 secure :-1 s=STATE_CONNECTION_ESTABLISHED l=1).mark_down
2024-04-25T11:28:50.164 INFO:teuthology.orchestra.run.smithi060.stdout:/usr/bin/ceph: stderr
2024-04-25T11:28:49.564+0000 7f54dc08d700 1 --2- 172.21.15.60:0/3997659408 >> [v2:172.21.15.60:6800/2088664007,v1:172.21.15.60:6801/2088664007] conn(0x7f54c0039450 0x7f54c003b910 secure :-1 s=READY pgs=7 cs=0 l=1 rev1=1 crypto rx=0x7f54c4006fd0 tx=0x7f54c4006e40 comp rx=0 tx=0).stop
2024-04-25T11:28:50.164 INFO:teuthology.orchestra.run.smithi060.stdout:/usr/bin/ceph: stderr
2024-04-25T11:28:49.564+0000 7f54dc08d700 1 -- 172.21.15.60:0/3997659408 >> [v2:172.21.15.60:3300/0,v1:172.21.15.60:6789/0] conn(0x7f54d4109060 msgr2=0x7f54d419c420 secure :-1 s=STATE_CONNECTION_ESTABLISHED l=1).mark_down
2024-04-25T11:28:50.164 INFO:teuthology.orchestra.run.smithi060.stdout:/usr/bin/ceph: stderr
2024-04-25T11:28:49.564+0000 7f54dc08d700 1 --2- 172.21.15.60:0/3997659408 >> [v2:172.21.15.60:3300/0,v1:172.21.15.60:6789/0] conn(0x7f54d4109060 0x7f54d419c420 secure :-1 s=READY pgs=38 cs=0 l=1 rev1=1 crypto rx=0x7f54d0003f40 tx=0x7f54d0011890 comp rx=0 tx=0).stop
2024-04-25T11:28:50.164 INFO:teuthology.orchestra.run.smithi060.stdout:/usr/bin/ceph: stderr
2024-04-25T11:28:49.564+0000 7f54dc08d700 1 -- 172.21.15.60:0/3997659408 shutdown_connections
2024-04-25T11:28:50.164 INFO:teuthology.orchestra.run.smithi060.stdout:/usr/bin/ceph: stderr
2024-04-25T11:28:49.564+0000 7f54dc08d700 1 --2- 172.21.15.60:0/3997659408 >> [v2:172.21.15.60:6800/2088664007,v1:172.21.15.60:6801/2088664007] conn(0x7f54c0039450 0x7f54c003b910 unknown :-1 s=CLOSED pgs=7 cs=0 l=1 rev1=1 crypto rx=0 tx=0 comp rx=0 tx=0).stop
2024-04-25T11:28:50.164 INFO:teuthology.orchestra.run.smithi060.stdout:/usr/bin/ceph: stderr
2024-04-25T11:28:49.564+0000 7f54dc08d700 1 --2- 172.21.15.60:0/3997659408 >> [v2:172.21.15.60:3300/0,v1:172.21.15.60:6789/0] conn(0x7f54d4109060 0x7f54d419c420 unknown :-1 s=CLOSED pgs=38 cs=0 l=1 rev1=1 crypto rx=0 tx=0 comp rx=0 tx=0).stop
2024-04-25T11:28:50.164 INFO:teuthology.orchestra.run.smithi060.stdout:/usr/bin/ceph: stderr
2024-04-25T11:28:49.564+0000 7f54dc08d700 1 -- 172.21.15.60:0/3997659408 >> 172.21.15.60:0/3997659408 conn(0x7f54d4102ab0 msgr2=0x7f54d4103610 unknown :-1 s=STATE_NONE l=0).mark_down
2024-04-25T11:28:50.164 INFO:teuthology.orchestra.run.smithi060.stdout:/usr/bin/ceph: stderr
2024-04-25T11:28:49.564+0000 7f54dc08d700 1 -- 172.21.15.60:0/3997659408 shutdown_connections
2024-04-25T11:28:50.164 INFO:teuthology.orchestra.run.smithi060.stdout:/usr/bin/ceph: stderr
2024-04-25T11:28:49.564+0000 7f54dc08d700 1 -- 172.21.15.60:0/3997659408 wait complete.
2024-04-25T11:28:51.354 INFO:teuthology.orchestra.run.smithi060.stdout:/usr/bin/ceph: stdout value unchanged
2024-04-25T11:28:51.359 INFO:teuthology.orchestra.run.smithi060.stdout:/usr/bin/ceph: stderr
2024-04-25T11:28:50.631+0000 7f1d313d4700 1 Processor -- start
2024-04-25T11:28:51.359 INFO:teuthology.orchestra.run.smithi060.stdout:/usr/bin/ceph: stderr
2024-04-25T11:28:50.631+0000 7f1d313d4700 1 -- start start
2024-04-25T11:28:51.360 INFO:teuthology.orchestra.run.smithi060.stdout:/usr/bin/ceph: stderr
2024-04-25T11:28:50.631+0000 7f1d313d4700 1 --2- >> [v2:172.21.15.60:3300/0,v1:172.21.15.60:6789/0] conn(0x7f1d2c108600 0x7f1d2c108a20 unknown :-1 s=NONE pgs=0 cs=0 l=0 rev1=0 crypto rx=0 tx=0 comp rx=0 tx=0).connect
2024-04-25T11:28:51.360 INFO:teuthology.orchestra.run.smithi060.stdout:/usr/bin/ceph: stderr
2024-04-25T11:28:50.631+0000 7f1d313d4700 1 -- --> [v2:172.21.15.60:3300/0,v1:172.21.15.60:6789/0] -- mon_getmap magic: 0 -- 0x7f1d2c108ff0 con 0x7f1d2c108600
2024-04-25T11:28:51.360 INFO:teuthology.orchestra.run.smithi060.stdout:/usr/bin/ceph: stderr
2024-04-25T11:28:50.631+0000 7f1d2affd700 1 --2- >> [v2:172.21.15.60:3300/0,v1:172.21.15.60:6789/0] conn(0x7f1d2c108600 0x7f1d2c108a20 unknown :-1 s=BANNER_CONNECTING pgs=0 cs=0 l=0 rev1=0 crypto rx=0 tx=0 comp rx=0 tx=0)._handle_peer_banner_payload supported=3 required=0
2024-04-25T11:28:51.360 INFO:teuthology.orchestra.run.smithi060.stdout:/usr/bin/ceph: stderr
2024-04-25T11:28:50.631+0000 7f1d2affd700 1 --2- >> [v2:172.21.15.60:3300/0,v1:172.21.15.60:6789/0] conn(0x7f1d2c108600 0x7f1d2c108a20 unknown :-1 s=HELLO_CONNECTING pgs=0 cs=0 l=0 rev1=1 crypto rx=0 tx=0 comp rx=0 tx=0).handle_hello peer v2:172.21.15.60:3300/0 says I am v2:172.21.15.60:42696/0 (socket says 172.21.15.60:42696)
2024-04-25T11:28:51.360 INFO:teuthology.orchestra.run.smithi060.stdout:/usr/bin/ceph: stderr
2024-04-25T11:28:50.631+0000 7f1d2affd700 1 -- 172.21.15.60:0/3310450252 learned_addr learned my addr 172.21.15.60:0/3310450252 (peer_addr_for_me v2:172.21.15.60:0/0)
2024-04-25T11:28:51.360 INFO:teuthology.orchestra.run.smithi060.stdout:/usr/bin/ceph: stderr
2024-04-25T11:28:50.631+0000 7f1d2affd700 1 -- 172.21.15.60:0/3310450252 --> [v2:172.21.15.60:3300/0,v1:172.21.15.60:6789/0] -- mon_subscribe({config=0+,monmap=0+}) -- 0x7f1d2c1097b0 con 0x7f1d2c108600
2024-04-25T11:28:51.360 INFO:teuthology.orchestra.run.smithi060.stdout:/usr/bin/ceph: stderr
2024-04-25T11:28:50.632+0000 7f1d2affd700 1 --2- 172.21.15.60:0/3310450252 >> [v2:172.21.15.60:3300/0,v1:172.21.15.60:6789/0] conn(0x7f1d2c108600 0x7f1d2c108a20 secure :-1 s=READY pgs=39 cs=0 l=1 rev1=1 crypto rx=0x7f1d1c0098a0 tx=0x7f1d1c009bb0 comp rx=0 tx=0).ready entity=mon.0 client_cookie=a5b726009f65f4d1 server_cookie=0 in_seq=0 out_seq=0
2024-04-25T11:28:51.360 INFO:teuthology.orchestra.run.smithi060.stdout:/usr/bin/ceph: stderr
2024-04-25T11:28:50.632+0000 7f1d29ffb700 1 -- 172.21.15.60:0/3310450252 <== mon.0 v2:172.21.15.60:3300/0 1 ==== mon_map magic: 0 ==== 205+0+0 (secure 0 0 0) 0x7f1d1c004160 con 0x7f1d2c108600
2024-04-25T11:28:51.360 INFO:teuthology.orchestra.run.smithi060.stdout:/usr/bin/ceph: stderr
2024-04-25T11:28:50.632+0000 7f1d29ffb700 1 -- 172.21.15.60:0/3310450252 <== mon.0 v2:172.21.15.60:3300/0 2 ==== config(26 keys) ==== 1070+0+0 (secure 0 0 0) 0x7f1d1c004300 con 0x7f1d2c108600
2024-04-25T11:28:51.360 INFO:teuthology.orchestra.run.smithi060.stdout:/usr/bin/ceph: stderr
2024-04-25T11:28:50.632+0000 7f1d29ffb700 1 -- 172.21.15.60:0/3310450252 <== mon.0 v2:172.21.15.60:3300/0 3 ==== mon_map magic: 0 ==== 205+0+0 (secure 0 0 0) 0x7f1d1c011af0 con 0x7f1d2c108600
2024-04-25T11:28:51.360 INFO:teuthology.orchestra.run.smithi060.stdout:/usr/bin/ceph: stderr
2024-04-25T11:28:50.632+0000 7f1d313d4700 1 -- 172.21.15.60:0/3310450252 >> [v2:172.21.15.60:3300/0,v1:172.21.15.60:6789/0] conn(0x7f1d2c108600 msgr2=0x7f1d2c108a20 secure :-1 s=STATE_CONNECTION_ESTABLISHED l=1).mark_down
2024-04-25T11:28:51.361 INFO:teuthology.orchestra.run.smithi060.stdout:/usr/bin/ceph: stderr
2024-04-25T11:28:50.632+0000 7f1d313d4700 1 --2- 172.21.15.60:0/3310450252 >> [v2:172.21.15.60:3300/0,v1:172.21.15.60:6789/0] conn(0x7f1d2c108600 0x7f1d2c108a20 secure :-1 s=READY pgs=39 cs=0 l=1 rev1=1 crypto rx=0x7f1d1c0098a0 tx=0x7f1d1c009bb0 comp rx=0 tx=0).stop
2024-04-25T11:28:51.361 INFO:teuthology.orchestra.run.smithi060.stdout:/usr/bin/ceph: stderr
2024-04-25T11:28:50.632+0000 7f1d313d4700 1 -- 172.21.15.60:0/3310450252 shutdown_connections
2024-04-25T11:28:51.361 INFO:teuthology.orchestra.run.smithi060.stdout:/usr/bin/ceph: stderr
2024-04-25T11:28:50.632+0000 7f1d313d4700 1 --2- 172.21.15.60:0/3310450252 >> [v2:172.21.15.60:3300/0,v1:172.21.15.60:6789/0] conn(0x7f1d2c108600 0x7f1d2c108a20 unknown :-1 s=CLOSED pgs=39 cs=0 l=1 rev1=1 crypto rx=0 tx=0 comp rx=0 tx=0).stop
2024-04-25T11:28:51.361 INFO:teuthology.orchestra.run.smithi060.stdout:/usr/bin/ceph: stderr
2024-04-25T11:28:50.632+0000 7f1d313d4700 1 -- 172.21.15.60:0/3310450252 >> 172.21.15.60:0/3310450252 conn(0x7f1d2c103bc0 msgr2=0x7f1d2c105fe0 unknown :-1 s=STATE_NONE l=0).mark_down
2024-04-25T11:28:51.361 INFO:teuthology.orchestra.run.smithi060.stdout:/usr/bin/ceph: stderr
2024-04-25T11:28:50.633+0000 7f1d313d4700 1 -- 172.21.15.60:0/3310450252 shutdown_connections
2024-04-25T11:28:51.361 INFO:teuthology.orchestra.run.smithi060.stdout:/usr/bin/ceph: stderr
2024-04-25T11:28:50.633+0000 7f1d313d4700 1 -- 172.21.15.60:0/3310450252 wait complete.
2024-04-25T11:28:51.361 INFO:teuthology.orchestra.run.smithi060.stdout:/usr/bin/ceph: stderr
2024-04-25T11:28:50.633+0000 7f1d313d4700 1 Processor -- start
2024-04-25T11:28:51.361 INFO:teuthology.orchestra.run.smithi060.stdout:/usr/bin/ceph: stderr
2024-04-25T11:28:50.633+0000 7f1d313d4700 1 -- start start
2024-04-25T11:28:51.361 INFO:teuthology.orchestra.run.smithi060.stdout:/usr/bin/ceph: stderr
2024-04-25T11:28:50.634+0000 7f1d313d4700 1 --2- >> [v2:172.21.15.60:3300/0,v1:172.21.15.60:6789/0] conn(0x7f1d2c108600 0x7f1d2c19c490 unknown :-1 s=NONE pgs=0 cs=0 l=1 rev1=0 crypto rx=0 tx=0 comp rx=0 tx=0).connect
2024-04-25T11:28:51.361 INFO:teuthology.orchestra.run.smithi060.stdout:/usr/bin/ceph: stderr
2024-04-25T11:28:50.634+0000 7f1d313d4700 1 -- --> [v2:172.21.15.60:3300/0,v1:172.21.15.60:6789/0] -- mon_getmap magic: 0 -- 0x7f1d2c10c9e0 con 0x7f1d2c108600
2024-04-25T11:28:51.361 INFO:teuthology.orchestra.run.smithi060.stdout:/usr/bin/ceph: stderr
2024-04-25T11:28:50.634+0000 7f1d2affd700 1 --2- >> [v2:172.21.15.60:3300/0,v1:172.21.15.60:6789/0] conn(0x7f1d2c108600 0x7f1d2c19c490 unknown :-1 s=BANNER_CONNECTING pgs=0 cs=0 l=1 rev1=0 crypto rx=0 tx=0 comp rx=0 tx=0)._handle_peer_banner_payload supported=3 required=0
2024-04-25T11:28:51.361 INFO:teuthology.orchestra.run.smithi060.stdout:/usr/bin/ceph: stderr
2024-04-25T11:28:50.634+0000 7f1d2affd700 1 --2- >> [v2:172.21.15.60:3300/0,v1:172.21.15.60:6789/0] conn(0x7f1d2c108600 0x7f1d2c19c490 unknown :-1 s=HELLO_CONNECTING pgs=0 cs=0 l=1 rev1=1 crypto rx=0 tx=0 comp rx=0 tx=0).handle_hello peer v2:172.21.15.60:3300/0 says I am v2:172.21.15.60:42708/0 (socket says 172.21.15.60:42708)
2024-04-25T11:28:51.361 INFO:teuthology.orchestra.run.smithi060.stdout:/usr/bin/ceph: stderr
2024-04-25T11:28:50.634+0000 7f1d2affd700 1 -- 172.21.15.60:0/2614326143 learned_addr learned my addr 172.21.15.60:0/2614326143 (peer_addr_for_me v2:172.21.15.60:0/0)
2024-04-25T11:28:51.362 INFO:teuthology.orchestra.run.smithi060.stdout:/usr/bin/ceph: stderr
2024-04-25T11:28:50.634+0000 7f1d2affd700 1 -- 172.21.15.60:0/2614326143 --> [v2:172.21.15.60:3300/0,v1:172.21.15.60:6789/0] -- mon_subscribe({config=0+,monmap=0+}) -- 0x7f1d2c19c9d0 con 0x7f1d2c108600
2024-04-25T11:28:51.362 INFO:teuthology.orchestra.run.smithi060.stdout:/usr/bin/ceph: stderr
2024-04-25T11:28:50.634+0000 7f1d2affd700 1 --2- 172.21.15.60:0/2614326143 >> [v2:172.21.15.60:3300/0,v1:172.21.15.60:6789/0] conn(0x7f1d2c108600 0x7f1d2c19c490 secure :-1 s=READY pgs=40 cs=0 l=1 rev1=1 crypto rx=0x7f1d1c000c00 tx=0x7f1d1c011b70 comp rx=0 tx=0).ready entity=mon.0 client_cookie=0 server_cookie=0 in_seq=0 out_seq=0
2024-04-25T11:28:51.362 INFO:teuthology.orchestra.run.smithi060.stdout:/usr/bin/ceph: stderr
2024-04-25T11:28:50.634+0000 7f1d13fff700 1 -- 172.21.15.60:0/2614326143 <== mon.0 v2:172.21.15.60:3300/0 1 ==== mon_map magic: 0 ==== 205+0+0 (secure 0 0 0) 0x7f1d1c003b20 con 0x7f1d2c108600
2024-04-25T11:28:51.362 INFO:teuthology.orchestra.run.smithi060.stdout:/usr/bin/ceph: stderr
2024-04-25T11:28:50.634+0000 7f1d313d4700 1 -- 172.21.15.60:0/2614326143 --> [v2:172.21.15.60:3300/0,v1:172.21.15.60:6789/0] -- mon_subscribe({mgrmap=0+}) -- 0x7f1d2c19cc60 con 0x7f1d2c108600
2024-04-25T11:28:51.362 INFO:teuthology.orchestra.run.smithi060.stdout:/usr/bin/ceph: stderr
2024-04-25T11:28:50.634+0000 7f1d13fff700 1 -- 172.21.15.60:0/2614326143 <== mon.0 v2:172.21.15.60:3300/0 2 ==== config(26 keys) ==== 1070+0+0 (secure 0 0 0) 0x7f1d1c01a8c0 con 0x7f1d2c108600
2024-04-25T11:28:51.362 INFO:teuthology.orchestra.run.smithi060.stdout:/usr/bin/ceph: stderr
2024-04-25T11:28:50.634+0000 7f1d13fff700 1 -- 172.21.15.60:0/2614326143 <== mon.0 v2:172.21.15.60:3300/0 3 ==== mon_map magic: 0 ==== 205+0+0 (secure 0 0 0) 0x7f1d1c024940 con 0x7f1d2c108600
2024-04-25T11:28:51.362 INFO:teuthology.orchestra.run.smithi060.stdout:/usr/bin/ceph: stderr
2024-04-25T11:28:50.634+0000 7f1d313d4700 1 -- 172.21.15.60:0/2614326143 --> [v2:172.21.15.60:3300/0,v1:172.21.15.60:6789/0] -- mon_subscribe({osdmap=0}) -- 0x7f1d2c19f950 con 0x7f1d2c108600
2024-04-25T11:28:51.362 INFO:teuthology.orchestra.run.smithi060.stdout:/usr/bin/ceph: stderr
2024-04-25T11:28:50.635+0000 7f1d13fff700 1 -- 172.21.15.60:0/2614326143 <== mon.0 v2:172.21.15.60:3300/0 4 ==== mgrmap(e 8) ==== 46558+0+0 (secure 0 0 0) 0x7f1d1c022020 con 0x7f1d2c108600
2024-04-25T11:28:51.362 INFO:teuthology.orchestra.run.smithi060.stdout:/usr/bin/ceph: stderr
2024-04-25T11:28:50.635+0000 7f1d13fff700 1 --2- 172.21.15.60:0/2614326143 >> [v2:172.21.15.60:6800/2088664007,v1:172.21.15.60:6801/2088664007] conn(0x7f1d140395b0 0x7f1d1403ba70 unknown :-1 s=NONE pgs=0 cs=0 l=1 rev1=0 crypto rx=0 tx=0 comp rx=0 tx=0).connect
2024-04-25T11:28:51.362 INFO:teuthology.orchestra.run.smithi060.stdout:/usr/bin/ceph: stderr
2024-04-25T11:28:50.636+0000 7f1d13fff700 1 -- 172.21.15.60:0/2614326143 <== mon.0 v2:172.21.15.60:3300/0 5 ==== osd_map(2..2 src has 1..2) ==== 940+0+0 (secure 0 0 0) 0x7f1d1c04db30 con 0x7f1d2c108600
2024-04-25T11:28:51.362 INFO:teuthology.orchestra.run.smithi060.stdout:/usr/bin/ceph: stderr
2024-04-25T11:28:50.636+0000 7f1d313d4700 1 -- 172.21.15.60:0/2614326143 --> [v2:172.21.15.60:3300/0,v1:172.21.15.60:6789/0] -- mon_command({"prefix": "get_command_descriptions"} v 0) -- 0x7f1d2c10cb60 con 0x7f1d2c108600
2024-04-25T11:28:51.362 INFO:teuthology.orchestra.run.smithi060.stdout:/usr/bin/ceph: stderr
2024-04-25T11:28:50.636+0000 7f1d2a7fc700 1 --2- 172.21.15.60:0/2614326143 >> [v2:172.21.15.60:6800/2088664007,v1:172.21.15.60:6801/2088664007] conn(0x7f1d140395b0 0x7f1d1403ba70 unknown :-1 s=BANNER_CONNECTING pgs=0 cs=0 l=1 rev1=0 crypto rx=0 tx=0 comp rx=0 tx=0)._handle_peer_banner_payload supported=3 required=0
2024-04-25T11:28:51.362 INFO:teuthology.orchestra.run.smithi060.stdout:/usr/bin/ceph: stderr
2024-04-25T11:28:50.636+0000 7f1d2a7fc700 1 --2- 172.21.15.60:0/2614326143 >> [v2:172.21.15.60:6800/2088664007,v1:172.21.15.60:6801/2088664007] conn(0x7f1d140395b0 0x7f1d1403ba70 secure :-1 s=READY pgs=8 cs=0 l=1 rev1=1 crypto rx=0x7f1d20006fd0 tx=0x7f1d20006e40 comp rx=0 tx=0).ready entity=mgr.14120 client_cookie=0 server_cookie=0 in_seq=0 out_seq=0
2024-04-25T11:28:51.363 INFO:teuthology.orchestra.run.smithi060.stdout:/usr/bin/ceph: stderr
2024-04-25T11:28:50.641+0000 7f1d13fff700 1 -- 172.21.15.60:0/2614326143 <== mon.0 v2:172.21.15.60:3300/0 6 ==== mon_command_ack([{"prefix": "get_command_descriptions"}]=0 v0) ==== 72+0+188370 (secure 0 0 0) 0x7f1d1c01aa70 con 0x7f1d2c108600
2024-04-25T11:28:51.363 INFO:teuthology.orchestra.run.smithi060.stdout:/usr/bin/ceph: stderr
2024-04-25T11:28:50.851+0000 7f1d313d4700 1 -- 172.21.15.60:0/2614326143 --> [v2:172.21.15.60:6800/2088664007,v1:172.21.15.60:6801/2088664007] -- mgr_command(tid 0: {"prefix": "cephadm set-user", "user": "root", "target": ["mon-mgr", ""]}) -- 0x7f1d2c104dc0 con 0x7f1d140395b0
2024-04-25T11:28:51.363 INFO:teuthology.orchestra.run.smithi060.stdout:/usr/bin/ceph: stderr
2024-04-25T11:28:50.852+0000 7f1d13fff700 1 -- 172.21.15.60:0/2614326143 <== mgr.14120 v2:172.21.15.60:6800/2088664007 1 ==== mgr_command_reply(tid 0: 0 ) ==== 8+0+16 (secure 0 0 0) 0x7f1d2c104dc0 con 0x7f1d140395b0
2024-04-25T11:28:51.363 INFO:teuthology.orchestra.run.smithi060.stdout:/usr/bin/ceph: stderr
2024-04-25T11:28:50.854+0000 7f1d313d4700 1 -- 172.21.15.60:0/2614326143 >> [v2:172.21.15.60:6800/2088664007,v1:172.21.15.60:6801/2088664007] conn(0x7f1d140395b0 msgr2=0x7f1d1403ba70 secure :-1 s=STATE_CONNECTION_ESTABLISHED l=1).mark_down
2024-04-25T11:28:51.363 INFO:teuthology.orchestra.run.smithi060.stdout:/usr/bin/ceph: stderr
2024-04-25T11:28:50.854+0000 7f1d313d4700 1 --2- 172.21.15.60:0/2614326143 >> [v2:172.21.15.60:6800/2088664007,v1:172.21.15.60:6801/2088664007] conn(0x7f1d140395b0 0x7f1d1403ba70 secure :-1 s=READY pgs=8 cs=0 l=1 rev1=1 crypto rx=0x7f1d20006fd0 tx=0x7f1d20006e40 comp rx=0 tx=0).stop
2024-04-25T11:28:51.363 INFO:teuthology.orchestra.run.smithi060.stdout:/usr/bin/ceph: stderr
2024-04-25T11:28:50.854+0000 7f1d313d4700 1 -- 172.21.15.60:0/2614326143 >> [v2:172.21.15.60:3300/0,v1:172.21.15.60:6789/0] conn(0x7f1d2c108600 msgr2=0x7f1d2c19c490 secure :-1 s=STATE_CONNECTION_ESTABLISHED l=1).mark_down
2024-04-25T11:28:51.363 INFO:teuthology.orchestra.run.smithi060.stdout:/usr/bin/ceph: stderr
2024-04-25T11:28:50.854+0000 7f1d313d4700 1 --2- 172.21.15.60:0/2614326143 >> [v2:172.21.15.60:3300/0,v1:172.21.15.60:6789/0] conn(0x7f1d2c108600 0x7f1d2c19c490 secure :-1 s=READY pgs=40 cs=0 l=1 rev1=1 crypto rx=0x7f1d1c000c00 tx=0x7f1d1c011b70 comp rx=0 tx=0).stop
2024-04-25T11:28:51.363 INFO:teuthology.orchestra.run.smithi060.stdout:/usr/bin/ceph: stderr
2024-04-25T11:28:50.854+0000 7f1d313d4700 1 -- 172.21.15.60:0/2614326143 shutdown_connections
2024-04-25T11:28:51.363 INFO:teuthology.orchestra.run.smithi060.stdout:/usr/bin/ceph: stderr
2024-04-25T11:28:50.854+0000 7f1d313d4700 1 --2- 172.21.15.60:0/2614326143 >> [v2:172.21.15.60:6800/2088664007,v1:172.21.15.60:6801/2088664007] conn(0x7f1d140395b0 0x7f1d1403ba70 unknown :-1 s=CLOSED pgs=8 cs=0 l=1 rev1=1 crypto rx=0 tx=0 comp rx=0 tx=0).stop
2024-04-25T11:28:51.363 INFO:teuthology.orchestra.run.smithi060.stdout:/usr/bin/ceph: stderr
2024-04-25T11:28:50.854+0000 7f1d313d4700 1 --2- 172.21.15.60:0/2614326143 >> [v2:172.21.15.60:3300/0,v1:172.21.15.60:6789/0] conn(0x7f1d2c108600 0x7f1d2c19c490 unknown :-1 s=CLOSED pgs=40 cs=0 l=1 rev1=1 crypto rx=0 tx=0 comp rx=0 tx=0).stop
2024-04-25T11:28:51.363 INFO:teuthology.orchestra.run.smithi060.stdout:/usr/bin/ceph: stderr
2024-04-25T11:28:50.854+0000 7f1d313d4700 1 -- 172.21.15.60:0/2614326143 >> 172.21.15.60:0/2614326143 conn(0x7f1d2c103bc0 msgr2=0x7f1d2c1046b0 unknown :-1 s=STATE_NONE l=0).mark_down
2024-04-25T11:28:51.363 INFO:teuthology.orchestra.run.smithi060.stdout:/usr/bin/ceph: stderr
2024-04-25T11:28:50.854+0000 7f1d313d4700 1 -- 172.21.15.60:0/2614326143 shutdown_connections
2024-04-25T11:28:51.363 INFO:teuthology.orchestra.run.smithi060.stdout:/usr/bin/ceph: stderr
2024-04-25T11:28:50.854+0000 7f1d313d4700 1 -- 172.21.15.60:0/2614326143 wait complete.
2024-04-25T11:28:51.363 INFO:teuthology.orchestra.run.smithi060.stdout:Generating ssh key...
2024-04-25T11:28:51.482 INFO:journalctl@ceph.mon.a.smithi060.stdout:Apr 25 11:28:51 smithi060 ceph-mon[29157]: [25/Apr/2024:11:28:49] ENGINE Bus STARTING
2024-04-25T11:28:51.482 INFO:journalctl@ceph.mon.a.smithi060.stdout:Apr 25 11:28:51 smithi060 ceph-mon[29157]: [25/Apr/2024:11:28:49] ENGINE Serving on https://172.21.15.60:7150
2024-04-25T11:28:51.482 INFO:journalctl@ceph.mon.a.smithi060.stdout:Apr 25 11:28:51 smithi060 ceph-mon[29157]: [25/Apr/2024:11:28:49] ENGINE Serving on http://172.21.15.60:8765
2024-04-25T11:28:51.482 INFO:journalctl@ceph.mon.a.smithi060.stdout:Apr 25 11:28:51 smithi060 ceph-mon[29157]: [25/Apr/2024:11:28:49] ENGINE Bus STARTED
2024-04-25T11:28:51.482 INFO:journalctl@ceph.mon.a.smithi060.stdout:Apr 25 11:28:51 smithi060 ceph-mon[29157]: from='client.14132 -' entity='client.admin' cmd=[{"prefix": "orch set backend", "module_name": "cephadm", "target": ["mon-mgr", ""]}]: dispatch
2024-04-25T11:28:51.482 INFO:journalctl@ceph.mon.a.smithi060.stdout:Apr 25 11:28:51 smithi060 ceph-mon[29157]: mgrmap e8: x(active, since 2s)
2024-04-25T11:28:52.492 INFO:journalctl@ceph.mon.a.smithi060.stdout:Apr 25 11:28:52 smithi060 ceph-mon[29157]: from='client.14134 -' entity='client.admin' cmd=[{"prefix": "cephadm set-user", "user": "root", "target": ["mon-mgr", ""]}]: dispatch
2024-04-25T11:28:52.493 INFO:journalctl@ceph.mgr.x.smithi060.stdout:Apr 25 11:28:52 smithi060 ceph-b9e17370-02f6-11ef-bc93-c7b262605968-mgr-x[29388]: Generating public/private rsa key pair.
2024-04-25T11:28:52.493 INFO:journalctl@ceph.mgr.x.smithi060.stdout:Apr 25 11:28:52 smithi060 ceph-b9e17370-02f6-11ef-bc93-c7b262605968-mgr-x[29388]: Your identification has been saved in /tmp/tmpar8w6v83/key.
2024-04-25T11:28:52.493 INFO:journalctl@ceph.mgr.x.smithi060.stdout:Apr 25 11:28:52 smithi060 ceph-b9e17370-02f6-11ef-bc93-c7b262605968-mgr-x[29388]: Your public key has been saved in /tmp/tmpar8w6v83/key.pub.
2024-04-25T11:28:52.493 INFO:journalctl@ceph.mgr.x.smithi060.stdout:Apr 25 11:28:52 smithi060 ceph-b9e17370-02f6-11ef-bc93-c7b262605968-mgr-x[29388]: The key fingerprint is:
2024-04-25T11:28:52.493 INFO:journalctl@ceph.mgr.x.smithi060.stdout:Apr 25 11:28:52 smithi060 ceph-b9e17370-02f6-11ef-bc93-c7b262605968-mgr-x[29388]: SHA256:0mkoZz6WStwfQLr2IjzDY5mQ98RIXulHX4uaTJBKUR8 ceph-b9e17370-02f6-11ef-bc93-c7b262605968
2024-04-25T11:28:52.493 INFO:journalctl@ceph.mgr.x.smithi060.stdout:Apr 25 11:28:52 smithi060 ceph-b9e17370-02f6-11ef-bc93-c7b262605968-mgr-x[29388]: The key's randomart image is:
2024-04-25T11:28:52.493 INFO:journalctl@ceph.mgr.x.smithi060.stdout:Apr 25 11:28:52 smithi060 ceph-b9e17370-02f6-11ef-bc93-c7b262605968-mgr-x[29388]: +---[RSA 3072]----+
2024-04-25T11:28:52.493 INFO:journalctl@ceph.mgr.x.smithi060.stdout:Apr 25 11:28:52 smithi060 ceph-b9e17370-02f6-11ef-bc93-c7b262605968-mgr-x[29388]: | .. E |
2024-04-25T11:28:52.494 INFO:journalctl@ceph.mgr.x.smithi060.stdout:Apr 25 11:28:52 smithi060 ceph-b9e17370-02f6-11ef-bc93-c7b262605968-mgr-x[29388]: | . . . |
2024-04-25T11:28:52.494 INFO:journalctl@ceph.mgr.x.smithi060.stdout:Apr 25 11:28:52 smithi060 ceph-b9e17370-02f6-11ef-bc93-c7b262605968-mgr-x[29388]: | . oo |
2024-04-25T11:28:52.494 INFO:journalctl@ceph.mgr.x.smithi060.stdout:Apr 25 11:28:52 smithi060 ceph-b9e17370-02f6-11ef-bc93-c7b262605968-mgr-x[29388]: | o =o.o .. |
2024-04-25T11:28:52.494 INFO:journalctl@ceph.mgr.x.smithi060.stdout:Apr 25 11:28:52 smithi060 ceph-b9e17370-02f6-11ef-bc93-c7b262605968-mgr-x[29388]: | = *oo*.So . |
2024-04-25T11:28:52.494 INFO:journalctl@ceph.mgr.x.smithi060.stdout:Apr 25 11:28:52 smithi060 ceph-b9e17370-02f6-11ef-bc93-c7b262605968-mgr-x[29388]: |o =.+Bo=o . |
2024-04-25T11:28:52.494 INFO:journalctl@ceph.mgr.x.smithi060.stdout:Apr 25 11:28:52 smithi060 ceph-b9e17370-02f6-11ef-bc93-c7b262605968-mgr-x[29388]: | = ==+*o. |
2024-04-25T11:28:52.494 INFO:journalctl@ceph.mgr.x.smithi060.stdout:Apr 25 11:28:52 smithi060 ceph-b9e17370-02f6-11ef-bc93-c7b262605968-mgr-x[29388]: | @oo++o . |
2024-04-25T11:28:52.494 INFO:journalctl@ceph.mgr.x.smithi060.stdout:Apr 25 11:28:52 smithi060 ceph-b9e17370-02f6-11ef-bc93-c7b262605968-mgr-x[29388]: | . =... . |
2024-04-25T11:28:52.494 INFO:journalctl@ceph.mgr.x.smithi060.stdout:Apr 25 11:28:52 smithi060 ceph-b9e17370-02f6-11ef-bc93-c7b262605968-mgr-x[29388]: +----[SHA256]-----+
2024-04-25T11:28:52.823 INFO:teuthology.orchestra.run.smithi060.stdout:/usr/bin/ceph: stderr
2024-04-25T11:28:51.781+0000 7fc0e484c700 1 Processor -- start
2024-04-25T11:28:52.823 INFO:teuthology.orchestra.run.smithi060.stdout:/usr/bin/ceph: stderr
2024-04-25T11:28:51.781+0000 7fc0e484c700 1 -- start start
2024-04-25T11:28:52.823 INFO:teuthology.orchestra.run.smithi060.stdout:/usr/bin/ceph: stderr
2024-04-25T11:28:51.782+0000 7fc0e484c700 1 --2- >> [v2:172.21.15.60:3300/0,v1:172.21.15.60:6789/0] conn(0x7fc0e0109d90 0x7fc0e010a1b0 unknown :-1 s=NONE pgs=0 cs=0 l=0 rev1=0 crypto rx=0 tx=0 comp rx=0 tx=0).connect
2024-04-25T11:28:52.823 INFO:teuthology.orchestra.run.smithi060.stdout:/usr/bin/ceph: stderr
2024-04-25T11:28:51.782+0000 7fc0e484c700 1 -- --> [v2:172.21.15.60:3300/0,v1:172.21.15.60:6789/0] -- mon_getmap magic: 0 -- 0x7fc0e010a780 con 0x7fc0e0109d90
2024-04-25T11:28:52.823 INFO:teuthology.orchestra.run.smithi060.stdout:/usr/bin/ceph: stderr
2024-04-25T11:28:51.782+0000 7fc0de59c700 1 --2- >> [v2:172.21.15.60:3300/0,v1:172.21.15.60:6789/0] conn(0x7fc0e0109d90 0x7fc0e010a1b0 unknown :-1 s=BANNER_CONNECTING pgs=0 cs=0 l=0 rev1=0 crypto rx=0 tx=0 comp rx=0 tx=0)._handle_peer_banner_payload supported=3 required=0
2024-04-25T11:28:52.823 INFO:teuthology.orchestra.run.smithi060.stdout:/usr/bin/ceph: stderr
