2024-04-25T11:34:36.309 INFO:teuthology.orchestra.run.smithi083.stdout:/usr/bin/ceph: stderr
2024-04-25T11:34:35.366+0000 7fac9effd700 1 -- 172.21.15.83:0/813897838 <== mon.0 v2:172.21.15.83:3300/0 3 ==== mon_map magic: 0 ==== 205+0+0 (secure 0 0 0) 0x7fac98017040 con 0x7faca0106e80
2024-04-25T11:34:36.309 INFO:teuthology.orchestra.run.smithi083.stdout:/usr/bin/ceph: stderr
2024-04-25T11:34:35.366+0000 7faca7de2700 1 -- 172.21.15.83:0/813897838 --> [v2:172.21.15.83:3300/0,v1:172.21.15.83:6789/0] -- mon_subscribe({osdmap=0}) -- 0x7faca01a1b70 con 0x7faca0106e80
2024-04-25T11:34:36.309 INFO:teuthology.orchestra.run.smithi083.stdout:/usr/bin/ceph: stderr
2024-04-25T11:34:35.367+0000 7fac9effd700 1 -- 172.21.15.83:0/813897838 <== mon.0 v2:172.21.15.83:3300/0 4 ==== mgrmap(e 8) ==== 46558+0+0 (secure 0 0 0) 0x7fac98023020 con 0x7faca0106e80
2024-04-25T11:34:36.309 INFO:teuthology.orchestra.run.smithi083.stdout:/usr/bin/ceph: stderr
2024-04-25T11:34:35.367+0000 7faca7de2700 1 -- 172.21.15.83:0/813897838 --> [v2:172.21.15.83:3300/0,v1:172.21.15.83:6789/0] -- mon_command({"prefix": "get_command_descriptions"} v 0) -- 0x7faca00640a0 con 0x7faca0106e80
2024-04-25T11:34:36.309 INFO:teuthology.orchestra.run.smithi083.stdout:/usr/bin/ceph: stderr
2024-04-25T11:34:35.367+0000 7fac9effd700 1 --2- 172.21.15.83:0/813897838 >> [v2:172.21.15.83:6800/1639787889,v1:172.21.15.83:6801/1639787889] conn(0x7fac88039560 0x7fac8803ba20 unknown :-1 s=NONE pgs=0 cs=0 l=1 rev1=0 crypto rx=0 tx=0 comp rx=0 tx=0).connect
2024-04-25T11:34:36.309 INFO:teuthology.orchestra.run.smithi083.stdout:/usr/bin/ceph: stderr
2024-04-25T11:34:35.367+0000 7fac9effd700 1 -- 172.21.15.83:0/813897838 <== mon.0 v2:172.21.15.83:3300/0 5 ==== osd_map(2..2 src has 1..2) ==== 940+0+0 (secure 0 0 0) 0x7fac9800f050 con 0x7faca0106e80
2024-04-25T11:34:36.309 INFO:teuthology.orchestra.run.smithi083.stdout:/usr/bin/ceph: stderr
2024-04-25T11:34:35.367+0000 7faca537d700 1 --2- 172.21.15.83:0/813897838 >> [v2:172.21.15.83:6800/1639787889,v1:172.21.15.83:6801/1639787889] conn(0x7fac88039560 0x7fac8803ba20 unknown :-1 s=BANNER_CONNECTING pgs=0 cs=0 l=1 rev1=0 crypto rx=0 tx=0 comp rx=0 tx=0)._handle_peer_banner_payload supported=3 required=0
2024-04-25T11:34:36.310 INFO:teuthology.orchestra.run.smithi083.stdout:/usr/bin/ceph: stderr
2024-04-25T11:34:35.368+0000 7faca537d700 1 --2- 172.21.15.83:0/813897838 >> [v2:172.21.15.83:6800/1639787889,v1:172.21.15.83:6801/1639787889] conn(0x7fac88039560 0x7fac8803ba20 secure :-1 s=READY pgs=12 cs=0 l=1 rev1=1 crypto rx=0x7fac94006fd0 tx=0x7fac94006e40 comp rx=0 tx=0).ready entity=mgr.14120 client_cookie=0 server_cookie=0 in_seq=0 out_seq=0
2024-04-25T11:34:36.310 INFO:teuthology.orchestra.run.smithi083.stdout:/usr/bin/ceph: stderr
2024-04-25T11:34:35.372+0000 7fac9effd700 1 -- 172.21.15.83:0/813897838 <== mon.0 v2:172.21.15.83:3300/0 6 ==== mon_command_ack([{"prefix": "get_command_descriptions"}]=0 v0) ==== 72+0+188370 (secure 0 0 0) 0x7fac9802a020 con 0x7faca0106e80
2024-04-25T11:34:36.310 INFO:teuthology.orchestra.run.smithi083.stdout:/usr/bin/ceph: stderr
2024-04-25T11:34:35.594+0000 7faca7de2700 1 -- 172.21.15.83:0/813897838 --> [v2:172.21.15.83:6800/1639787889,v1:172.21.15.83:6801/1639787889] -- mgr_command(tid 0: {"prefix": "orch apply", "service_type": "mon", "unmanaged": true, "target": ["mon-mgr", ""]}) -- 0x7faca002e2a0 con 0x7fac88039560
2024-04-25T11:34:36.310 INFO:teuthology.orchestra.run.smithi083.stdout:/usr/bin/ceph: stderr
2024-04-25T11:34:35.601+0000 7fac9effd700 1 -- 172.21.15.83:0/813897838 <== mgr.14120 v2:172.21.15.83:6800/1639787889 1 ==== mgr_command_reply(tid 0: 0 ) ==== 8+0+24 (secure 0 0 0) 0x7faca002e2a0 con 0x7fac88039560
2024-04-25T11:34:36.310 INFO:teuthology.orchestra.run.smithi083.stdout:/usr/bin/ceph: stderr
2024-04-25T11:34:35.603+0000 7faca7de2700 1 -- 172.21.15.83:0/813897838 >> [v2:172.21.15.83:6800/1639787889,v1:172.21.15.83:6801/1639787889] conn(0x7fac88039560 msgr2=0x7fac8803ba20 secure :-1 s=STATE_CONNECTION_ESTABLISHED l=1).mark_down
2024-04-25T11:34:36.310 INFO:teuthology.orchestra.run.smithi083.stdout:/usr/bin/ceph: stderr
2024-04-25T11:34:35.603+0000 7faca7de2700 1 --2- 172.21.15.83:0/813897838 >> [v2:172.21.15.83:6800/1639787889,v1:172.21.15.83:6801/1639787889] conn(0x7fac88039560 0x7fac8803ba20 secure :-1 s=READY pgs=12 cs=0 l=1 rev1=1 crypto rx=0x7fac94006fd0 tx=0x7fac94006e40 comp rx=0 tx=0).stop
2024-04-25T11:34:36.310 INFO:teuthology.orchestra.run.smithi083.stdout:/usr/bin/ceph: stderr
2024-04-25T11:34:35.603+0000 7faca7de2700 1 -- 172.21.15.83:0/813897838 >> [v2:172.21.15.83:3300/0,v1:172.21.15.83:6789/0] conn(0x7faca0106e80 msgr2=0x7faca019e6b0 secure :-1 s=STATE_CONNECTION_ESTABLISHED l=1).mark_down
2024-04-25T11:34:36.310 INFO:teuthology.orchestra.run.smithi083.stdout:/usr/bin/ceph: stderr
2024-04-25T11:34:35.603+0000 7faca7de2700 1 --2- 172.21.15.83:0/813897838 >> [v2:172.21.15.83:3300/0,v1:172.21.15.83:6789/0] conn(0x7faca0106e80 0x7faca019e6b0 secure :-1 s=READY pgs=48 cs=0 l=1 rev1=1 crypto rx=0x7fac9800b7b0 tx=0x7fac9800be20 comp rx=0 tx=0).stop
2024-04-25T11:34:36.310 INFO:teuthology.orchestra.run.smithi083.stdout:/usr/bin/ceph: stderr
2024-04-25T11:34:35.603+0000 7faca7de2700 1 -- 172.21.15.83:0/813897838 shutdown_connections
2024-04-25T11:34:36.310 INFO:teuthology.orchestra.run.smithi083.stdout:/usr/bin/ceph: stderr
2024-04-25T11:34:35.603+0000 7faca7de2700 1 --2- 172.21.15.83:0/813897838 >> [v2:172.21.15.83:6800/1639787889,v1:172.21.15.83:6801/1639787889] conn(0x7fac88039560 0x7fac8803ba20 unknown :-1 s=CLOSED pgs=12 cs=0 l=1 rev1=1 crypto rx=0 tx=0 comp rx=0 tx=0).stop
2024-04-25T11:34:36.310 INFO:teuthology.orchestra.run.smithi083.stdout:/usr/bin/ceph: stderr
2024-04-25T11:34:35.603+0000 7faca7de2700 1 --2- 172.21.15.83:0/813897838 >> [v2:172.21.15.83:3300/0,v1:172.21.15.83:6789/0] conn(0x7faca0106e80 0x7faca019e6b0 unknown :-1 s=CLOSED pgs=48 cs=0 l=1 rev1=1 crypto rx=0 tx=0 comp rx=0 tx=0).stop
2024-04-25T11:34:36.310 INFO:teuthology.orchestra.run.smithi083.stdout:/usr/bin/ceph: stderr
2024-04-25T11:34:35.603+0000 7faca7de2700 1 -- 172.21.15.83:0/813897838 >> 172.21.15.83:0/813897838 conn(0x7faca0102ac0 msgr2=0x7faca0195390 unknown :-1 s=STATE_NONE l=0).mark_down
2024-04-25T11:34:36.310 INFO:teuthology.orchestra.run.smithi083.stdout:/usr/bin/ceph: stderr
2024-04-25T11:34:35.603+0000 7faca7de2700 1 -- 172.21.15.83:0/813897838 shutdown_connections
2024-04-25T11:34:36.311 INFO:teuthology.orchestra.run.smithi083.stdout:/usr/bin/ceph: stderr
2024-04-25T11:34:35.603+0000 7faca7de2700 1 -- 172.21.15.83:0/813897838 wait complete.
2024-04-25T11:34:36.311 INFO:teuthology.orchestra.run.smithi083.stdout:Deploying unmanaged mgr service...
2024-04-25T11:34:36.845 INFO:journalctl@ceph.mon.a.smithi083.stdout:Apr 25 11:34:36 smithi083 ceph-mon[29330]: from='client.14142 -' entity='client.admin' cmd=[{"prefix": "orch apply", "service_type": "mon", "unmanaged": true, "target": ["mon-mgr", ""]}]: dispatch
2024-04-25T11:34:36.845 INFO:journalctl@ceph.mon.a.smithi083.stdout:Apr 25 11:34:36 smithi083 ceph-mon[29330]: Saving service mon spec with placement count:5
2024-04-25T11:34:36.845 INFO:journalctl@ceph.mon.a.smithi083.stdout:Apr 25 11:34:36 smithi083 ceph-mon[29330]: from='mgr.14120 172.21.15.83:0/844117575' entity='mgr.x'
2024-04-25T11:34:38.296 INFO:journalctl@ceph.mon.a.smithi083.stdout:Apr 25 11:34:37 smithi083 ceph-mon[29330]: from='client.14144 -' entity='client.admin' cmd=[{"prefix": "orch apply", "service_type": "mgr", "unmanaged": true, "target": ["mon-mgr", ""]}]: dispatch
2024-04-25T11:34:38.296 INFO:journalctl@ceph.mon.a.smithi083.stdout:Apr 25 11:34:37 smithi083 ceph-mon[29330]: Saving service mgr spec with placement count:2
2024-04-25T11:34:38.296 INFO:journalctl@ceph.mon.a.smithi083.stdout:Apr 25 11:34:37 smithi083 ceph-mon[29330]: from='mgr.14120 172.21.15.83:0/844117575' entity='mgr.x'
2024-04-25T11:34:38.296 INFO:journalctl@ceph.mon.a.smithi083.stdout:Apr 25 11:34:37 smithi083 ceph-mon[29330]: from='mgr.14120 172.21.15.83:0/844117575' entity='mgr.x'
2024-04-25T11:34:38.303 INFO:teuthology.orchestra.run.smithi083.stdout:/usr/bin/ceph: stdout Scheduled mgr update...
2024-04-25T11:34:38.303 INFO:teuthology.orchestra.run.smithi083.stdout:/usr/bin/ceph: stderr
2024-04-25T11:34:36.746+0000 7f9b5a3b1700 1 Processor -- start
2024-04-25T11:34:38.303 INFO:teuthology.orchestra.run.smithi083.stdout:/usr/bin/ceph: stderr
2024-04-25T11:34:36.746+0000 7f9b5a3b1700 1 -- start start
2024-04-25T11:34:38.303 INFO:teuthology.orchestra.run.smithi083.stdout:/usr/bin/ceph: stderr
2024-04-25T11:34:36.746+0000 7f9b5a3b1700 1 --2- >> [v2:172.21.15.83:3300/0,v1:172.21.15.83:6789/0] conn(0x7f9b54108600 0x7f9b54108a20 unknown :-1 s=NONE pgs=0 cs=0 l=0 rev1=0 crypto rx=0 tx=0 comp rx=0 tx=0).connect
2024-04-25T11:34:38.303 INFO:teuthology.orchestra.run.smithi083.stdout:/usr/bin/ceph: stderr
2024-04-25T11:34:36.746+0000 7f9b5a3b1700 1 -- --> [v2:172.21.15.83:3300/0,v1:172.21.15.83:6789/0] -- mon_getmap magic: 0 -- 0x7f9b54108ff0 con 0x7f9b54108600
2024-04-25T11:34:38.303 INFO:teuthology.orchestra.run.smithi083.stdout:/usr/bin/ceph: stderr
2024-04-25T11:34:36.746+0000 7f9b53fff700 1 --2- >> [v2:172.21.15.83:3300/0,v1:172.21.15.83:6789/0] conn(0x7f9b54108600 0x7f9b54108a20 unknown :-1 s=BANNER_CONNECTING pgs=0 cs=0 l=0 rev1=0 crypto rx=0 tx=0 comp rx=0 tx=0)._handle_peer_banner_payload supported=3 required=0
2024-04-25T11:34:38.303 INFO:teuthology.orchestra.run.smithi083.stdout:/usr/bin/ceph: stderr
2024-04-25T11:34:36.746+0000 7f9b53fff700 1 --2- >> [v2:172.21.15.83:3300/0,v1:172.21.15.83:6789/0] conn(0x7f9b54108600 0x7f9b54108a20 unknown :-1 s=HELLO_CONNECTING pgs=0 cs=0 l=0 rev1=1 crypto rx=0 tx=0 comp rx=0 tx=0).handle_hello peer v2:172.21.15.83:3300/0 says I am v2:172.21.15.83:53360/0 (socket says 172.21.15.83:53360)
2024-04-25T11:34:38.303 INFO:teuthology.orchestra.run.smithi083.stdout:/usr/bin/ceph: stderr
2024-04-25T11:34:36.746+0000 7f9b53fff700 1 -- 172.21.15.83:0/1782339684 learned_addr learned my addr 172.21.15.83:0/1782339684 (peer_addr_for_me v2:172.21.15.83:0/0)
2024-04-25T11:34:38.304 INFO:teuthology.orchestra.run.smithi083.stdout:/usr/bin/ceph: stderr
2024-04-25T11:34:36.746+0000 7f9b53fff700 1 -- 172.21.15.83:0/1782339684 --> [v2:172.21.15.83:3300/0,v1:172.21.15.83:6789/0] -- mon_subscribe({config=0+,monmap=0+}) -- 0x7f9b541097b0 con 0x7f9b54108600
2024-04-25T11:34:38.304 INFO:teuthology.orchestra.run.smithi083.stdout:/usr/bin/ceph: stderr
2024-04-25T11:34:36.746+0000 7f9b53fff700 1 --2- 172.21.15.83:0/1782339684 >> [v2:172.21.15.83:3300/0,v1:172.21.15.83:6789/0] conn(0x7f9b54108600 0x7f9b54108a20 secure :-1 s=READY pgs=49 cs=0 l=1 rev1=1 crypto rx=0x7f9b480098a0 tx=0x7f9b48009bb0 comp rx=0 tx=0).ready entity=mon.0 client_cookie=b1322b16648fbaf4 server_cookie=0 in_seq=0 out_seq=0
2024-04-25T11:34:38.304 INFO:teuthology.orchestra.run.smithi083.stdout:/usr/bin/ceph: stderr
2024-04-25T11:34:36.746+0000 7f9b52ffd700 1 -- 172.21.15.83:0/1782339684 <== mon.0 v2:172.21.15.83:3300/0 1 ==== mon_map magic: 0 ==== 205+0+0 (secure 0 0 0) 0x7f9b48004160 con 0x7f9b54108600
2024-04-25T11:34:38.304 INFO:teuthology.orchestra.run.smithi083.stdout:/usr/bin/ceph: stderr
2024-04-25T11:34:36.746+0000 7f9b52ffd700 1 -- 172.21.15.83:0/1782339684 <== mon.0 v2:172.21.15.83:3300/0 2 ==== config(26 keys) ==== 1070+0+0 (secure 0 0 0) 0x7f9b48004300 con 0x7f9b54108600
2024-04-25T11:34:38.304 INFO:teuthology.orchestra.run.smithi083.stdout:/usr/bin/ceph: stderr
2024-04-25T11:34:36.746+0000 7f9b52ffd700 1 -- 172.21.15.83:0/1782339684 <== mon.0 v2:172.21.15.83:3300/0 3 ==== mon_map magic: 0 ==== 205+0+0 (secure 0 0 0) 0x7f9b48011af0 con 0x7f9b54108600
2024-04-25T11:34:38.304 INFO:teuthology.orchestra.run.smithi083.stdout:/usr/bin/ceph: stderr
2024-04-25T11:34:36.747+0000 7f9b5a3b1700 1 -- 172.21.15.83:0/1782339684 >> [v2:172.21.15.83:3300/0,v1:172.21.15.83:6789/0] conn(0x7f9b54108600 msgr2=0x7f9b54108a20 secure :-1 s=STATE_CONNECTION_ESTABLISHED l=1).mark_down
2024-04-25T11:34:38.304 INFO:teuthology.orchestra.run.smithi083.stdout:/usr/bin/ceph: stderr
2024-04-25T11:34:36.747+0000 7f9b5a3b1700 1 --2- 172.21.15.83:0/1782339684 >> [v2:172.21.15.83:3300/0,v1:172.21.15.83:6789/0] conn(0x7f9b54108600 0x7f9b54108a20 secure :-1 s=READY pgs=49 cs=0 l=1 rev1=1 crypto rx=0x7f9b480098a0 tx=0x7f9b48009bb0 comp rx=0 tx=0).stop
2024-04-25T11:34:38.304 INFO:teuthology.orchestra.run.smithi083.stdout:/usr/bin/ceph: stderr
2024-04-25T11:34:36.747+0000 7f9b5a3b1700 1 -- 172.21.15.83:0/1782339684 shutdown_connections
2024-04-25T11:34:38.304 INFO:teuthology.orchestra.run.smithi083.stdout:/usr/bin/ceph: stderr
2024-04-25T11:34:36.747+0000 7f9b5a3b1700 1 --2- 172.21.15.83:0/1782339684 >> [v2:172.21.15.83:3300/0,v1:172.21.15.83:6789/0] conn(0x7f9b54108600 0x7f9b54108a20 unknown :-1 s=CLOSED pgs=49 cs=0 l=1 rev1=1 crypto rx=0 tx=0 comp rx=0 tx=0).stop
2024-04-25T11:34:38.304 INFO:teuthology.orchestra.run.smithi083.stdout:/usr/bin/ceph: stderr
2024-04-25T11:34:36.747+0000 7f9b5a3b1700 1 -- 172.21.15.83:0/1782339684 >> 172.21.15.83:0/1782339684 conn(0x7f9b54103bc0 msgr2=0x7f9b54105fe0 unknown :-1 s=STATE_NONE l=0).mark_down
2024-04-25T11:34:38.304 INFO:teuthology.orchestra.run.smithi083.stdout:/usr/bin/ceph: stderr
2024-04-25T11:34:36.747+0000 7f9b5a3b1700 1 -- 172.21.15.83:0/1782339684 shutdown_connections
2024-04-25T11:34:38.304 INFO:teuthology.orchestra.run.smithi083.stdout:/usr/bin/ceph: stderr
2024-04-25T11:34:36.747+0000 7f9b5a3b1700 1 -- 172.21.15.83:0/1782339684 wait complete.
2024-04-25T11:34:38.304 INFO:teuthology.orchestra.run.smithi083.stdout:/usr/bin/ceph: stderr
2024-04-25T11:34:36.748+0000 7f9b5a3b1700 1 Processor -- start
2024-04-25T11:34:38.304 INFO:teuthology.orchestra.run.smithi083.stdout:/usr/bin/ceph: stderr
2024-04-25T11:34:36.748+0000 7f9b5a3b1700 1 -- start start
2024-04-25T11:34:38.305 INFO:teuthology.orchestra.run.smithi083.stdout:/usr/bin/ceph: stderr
2024-04-25T11:34:36.748+0000 7f9b5a3b1700 1 --2- >> [v2:172.21.15.83:3300/0,v1:172.21.15.83:6789/0] conn(0x7f9b54108600 0x7f9b5407db50 unknown :-1 s=NONE pgs=0 cs=0 l=1 rev1=0 crypto rx=0 tx=0 comp rx=0 tx=0).connect
2024-04-25T11:34:38.305 INFO:teuthology.orchestra.run.smithi083.stdout:/usr/bin/ceph: stderr
2024-04-25T11:34:36.748+0000 7f9b5a3b1700 1 -- --> [v2:172.21.15.83:3300/0,v1:172.21.15.83:6789/0] -- mon_getmap magic: 0 -- 0x7f9b5410c9e0 con 0x7f9b54108600
2024-04-25T11:34:38.305 INFO:teuthology.orchestra.run.smithi083.stdout:/usr/bin/ceph: stderr
2024-04-25T11:34:36.748+0000 7f9b53fff700 1 --2- >> [v2:172.21.15.83:3300/0,v1:172.21.15.83:6789/0] conn(0x7f9b54108600 0x7f9b5407db50 unknown :-1 s=BANNER_CONNECTING pgs=0 cs=0 l=1 rev1=0 crypto rx=0 tx=0 comp rx=0 tx=0)._handle_peer_banner_payload supported=3 required=0
2024-04-25T11:34:38.305 INFO:teuthology.orchestra.run.smithi083.stdout:/usr/bin/ceph: stderr
2024-04-25T11:34:36.748+0000 7f9b53fff700 1 --2- >> [v2:172.21.15.83:3300/0,v1:172.21.15.83:6789/0] conn(0x7f9b54108600 0x7f9b5407db50 unknown :-1 s=HELLO_CONNECTING pgs=0 cs=0 l=1 rev1=1 crypto rx=0 tx=0 comp rx=0 tx=0).handle_hello peer v2:172.21.15.83:3300/0 says I am v2:172.21.15.83:53376/0 (socket says 172.21.15.83:53376)
2024-04-25T11:34:38.305 INFO:teuthology.orchestra.run.smithi083.stdout:/usr/bin/ceph: stderr
2024-04-25T11:34:36.748+0000 7f9b53fff700 1 -- 172.21.15.83:0/1837674518 learned_addr learned my addr 172.21.15.83:0/1837674518 (peer_addr_for_me v2:172.21.15.83:0/0)
2024-04-25T11:34:38.305 INFO:teuthology.orchestra.run.smithi083.stdout:/usr/bin/ceph: stderr
2024-04-25T11:34:36.748+0000 7f9b53fff700 1 -- 172.21.15.83:0/1837674518 --> [v2:172.21.15.83:3300/0,v1:172.21.15.83:6789/0] -- mon_subscribe({config=0+,monmap=0+}) -- 0x7f9b5407e090 con 0x7f9b54108600
2024-04-25T11:34:38.305 INFO:teuthology.orchestra.run.smithi083.stdout:/usr/bin/ceph: stderr
2024-04-25T11:34:36.748+0000 7f9b53fff700 1 --2- 172.21.15.83:0/1837674518 >> [v2:172.21.15.83:3300/0,v1:172.21.15.83:6789/0] conn(0x7f9b54108600 0x7f9b5407db50 secure :-1 s=READY pgs=50 cs=0 l=1 rev1=1 crypto rx=0x7f9b48000c00 tx=0x7f9b48011b70 comp rx=0 tx=0).ready entity=mon.0 client_cookie=0 server_cookie=0 in_seq=0 out_seq=0
2024-04-25T11:34:38.305 INFO:teuthology.orchestra.run.smithi083.stdout:/usr/bin/ceph: stderr
2024-04-25T11:34:36.748+0000 7f9b517fa700 1 -- 172.21.15.83:0/1837674518 <== mon.0 v2:172.21.15.83:3300/0 1 ==== mon_map magic: 0 ==== 205+0+0 (secure 0 0 0) 0x7f9b48003b20 con 0x7f9b54108600
2024-04-25T11:34:38.305 INFO:teuthology.orchestra.run.smithi083.stdout:/usr/bin/ceph: stderr
2024-04-25T11:34:36.749+0000 7f9b517fa700 1 -- 172.21.15.83:0/1837674518 <== mon.0 v2:172.21.15.83:3300/0 2 ==== config(26 keys) ==== 1070+0+0 (secure 0 0 0) 0x7f9b4801a8c0 con 0x7f9b54108600
2024-04-25T11:34:38.305 INFO:teuthology.orchestra.run.smithi083.stdout:/usr/bin/ceph: stderr
2024-04-25T11:34:36.749+0000 7f9b517fa700 1 -- 172.21.15.83:0/1837674518 <== mon.0 v2:172.21.15.83:3300/0 3 ==== mon_map magic: 0 ==== 205+0+0 (secure 0 0 0) 0x7f9b48024940 con 0x7f9b54108600
2024-04-25T11:34:38.305 INFO:teuthology.orchestra.run.smithi083.stdout:/usr/bin/ceph: stderr
2024-04-25T11:34:36.749+0000 7f9b5a3b1700 1 -- 172.21.15.83:0/1837674518 --> [v2:172.21.15.83:3300/0,v1:172.21.15.83:6789/0] -- mon_subscribe({mgrmap=0+}) -- 0x7f9b5407c280 con 0x7f9b54108600
2024-04-25T11:34:38.305 INFO:teuthology.orchestra.run.smithi083.stdout:/usr/bin/ceph: stderr
2024-04-25T11:34:36.749+0000 7f9b5a3b1700 1 -- 172.21.15.83:0/1837674518 --> [v2:172.21.15.83:3300/0,v1:172.21.15.83:6789/0] -- mon_subscribe({osdmap=0}) -- 0x7f9b5407c7c0 con 0x7f9b54108600
2024-04-25T11:34:38.305 INFO:teuthology.orchestra.run.smithi083.stdout:/usr/bin/ceph: stderr
2024-04-25T11:34:36.749+0000 7f9b517fa700 1 -- 172.21.15.83:0/1837674518 <== mon.0 v2:172.21.15.83:3300/0 4 ==== mgrmap(e 8) ==== 46558+0+0 (secure 0 0 0) 0x7f9b48022020 con 0x7f9b54108600
2024-04-25T11:34:38.305 INFO:teuthology.orchestra.run.smithi083.stdout:/usr/bin/ceph: stderr
2024-04-25T11:34:36.750+0000 7f9b5a3b1700 1 -- 172.21.15.83:0/1837674518 --> [v2:172.21.15.83:3300/0,v1:172.21.15.83:6789/0] -- mon_command({"prefix": "get_command_descriptions"} v 0) -- 0x7f9b540640a0 con 0x7f9b54108600
2024-04-25T11:34:38.306 INFO:teuthology.orchestra.run.smithi083.stdout:/usr/bin/ceph: stderr
2024-04-25T11:34:36.750+0000 7f9b517fa700 1 --2- 172.21.15.83:0/1837674518 >> [v2:172.21.15.83:6800/1639787889,v1:172.21.15.83:6801/1639787889] conn(0x7f9b3c0395b0 0x7f9b3c03ba70 unknown :-1 s=NONE pgs=0 cs=0 l=1 rev1=0 crypto rx=0 tx=0 comp rx=0 tx=0).connect
2024-04-25T11:34:38.306 INFO:teuthology.orchestra.run.smithi083.stdout:/usr/bin/ceph: stderr
2024-04-25T11:34:36.750+0000 7f9b517fa700 1 -- 172.21.15.83:0/1837674518 <== mon.0 v2:172.21.15.83:3300/0 5 ==== osd_map(2..2 src has 1..2) ==== 940+0+0 (secure 0 0 0) 0x7f9b4804d830 con 0x7f9b54108600
2024-04-25T11:34:38.306 INFO:teuthology.orchestra.run.smithi083.stdout:/usr/bin/ceph: stderr
2024-04-25T11:34:36.750+0000 7f9b537fe700 1 --2- 172.21.15.83:0/1837674518 >> [v2:172.21.15.83:6800/1639787889,v1:172.21.15.83:6801/1639787889] conn(0x7f9b3c0395b0 0x7f9b3c03ba70 unknown :-1 s=BANNER_CONNECTING pgs=0 cs=0 l=1 rev1=0 crypto rx=0 tx=0 comp rx=0 tx=0)._handle_peer_banner_payload supported=3 required=0
2024-04-25T11:34:38.306 INFO:teuthology.orchestra.run.smithi083.stdout:/usr/bin/ceph: stderr
2024-04-25T11:34:36.750+0000 7f9b537fe700 1 --2- 172.21.15.83:0/1837674518 >> [v2:172.21.15.83:6800/1639787889,v1:172.21.15.83:6801/1639787889] conn(0x7f9b3c0395b0 0x7f9b3c03ba70 secure :-1 s=READY pgs=13 cs=0 l=1 rev1=1 crypto rx=0x7f9b44006fd0 tx=0x7f9b44006e40 comp rx=0 tx=0).ready entity=mgr.14120 client_cookie=0 server_cookie=0 in_seq=0 out_seq=0
2024-04-25T11:34:38.306 INFO:teuthology.orchestra.run.smithi083.stdout:/usr/bin/ceph: stderr
2024-04-25T11:34:36.755+0000 7f9b517fa700 1 -- 172.21.15.83:0/1837674518 <== mon.0 v2:172.21.15.83:3300/0 6 ==== mon_command_ack([{"prefix": "get_command_descriptions"}]=0 v0) ==== 72+0+188370 (secure 0 0 0) 0x7f9b4800be50 con 0x7f9b54108600
2024-04-25T11:34:38.306 INFO:teuthology.orchestra.run.smithi083.stdout:/usr/bin/ceph: stderr
2024-04-25T11:34:36.973+0000 7f9b5a3b1700 1 -- 172.21.15.83:0/1837674518 --> [v2:172.21.15.83:6800/1639787889,v1:172.21.15.83:6801/1639787889] -- mgr_command(tid 0: {"prefix": "orch apply", "service_type": "mgr", "unmanaged": true, "target": ["mon-mgr", ""]}) -- 0x7f9b54104da0 con 0x7f9b3c0395b0
2024-04-25T11:34:38.306 INFO:teuthology.orchestra.run.smithi083.stdout:/usr/bin/ceph: stderr
2024-04-25T11:34:36.980+0000 7f9b517fa700 1 -- 172.21.15.83:0/1837674518 <== mgr.14120 v2:172.21.15.83:6800/1639787889 1 ==== mgr_command_reply(tid 0: 0 ) ==== 8+0+24 (secure 0 0 0) 0x7f9b54104da0 con 0x7f9b3c0395b0
2024-04-25T11:34:38.306 INFO:teuthology.orchestra.run.smithi083.stdout:/usr/bin/ceph: stderr
2024-04-25T11:34:36.982+0000 7f9b5a3b1700 1 -- 172.21.15.83:0/1837674518 >> [v2:172.21.15.83:6800/1639787889,v1:172.21.15.83:6801/1639787889] conn(0x7f9b3c0395b0 msgr2=0x7f9b3c03ba70 secure :-1 s=STATE_CONNECTION_ESTABLISHED l=1).mark_down
2024-04-25T11:34:38.306 INFO:teuthology.orchestra.run.smithi083.stdout:/usr/bin/ceph: stderr
2024-04-25T11:34:36.982+0000 7f9b5a3b1700 1 --2- 172.21.15.83:0/1837674518 >> [v2:172.21.15.83:6800/1639787889,v1:172.21.15.83:6801/1639787889] conn(0x7f9b3c0395b0 0x7f9b3c03ba70 secure :-1 s=READY pgs=13 cs=0 l=1 rev1=1 crypto rx=0x7f9b44006fd0 tx=0x7f9b44006e40 comp rx=0 tx=0).stop
2024-04-25T11:34:38.306 INFO:teuthology.orchestra.run.smithi083.stdout:/usr/bin/ceph: stderr
2024-04-25T11:34:36.982+0000 7f9b5a3b1700 1 -- 172.21.15.83:0/1837674518 >> [v2:172.21.15.83:3300/0,v1:172.21.15.83:6789/0] conn(0x7f9b54108600 msgr2=0x7f9b5407db50 secure :-1 s=STATE_CONNECTION_ESTABLISHED l=1).mark_down
2024-04-25T11:34:38.306 INFO:teuthology.orchestra.run.smithi083.stdout:/usr/bin/ceph: stderr
2024-04-25T11:34:36.982+0000 7f9b5a3b1700 1 --2- 172.21.15.83:0/1837674518 >> [v2:172.21.15.83:3300/0,v1:172.21.15.83:6789/0] conn(0x7f9b54108600 0x7f9b5407db50 secure :-1 s=READY pgs=50 cs=0 l=1 rev1=1 crypto rx=0x7f9b48000c00 tx=0x7f9b48011b70 comp rx=0 tx=0).stop
2024-04-25T11:34:38.306 INFO:teuthology.orchestra.run.smithi083.stdout:/usr/bin/ceph: stderr
2024-04-25T11:34:36.982+0000 7f9b5a3b1700 1 -- 172.21.15.83:0/1837674518 shutdown_connections
2024-04-25T11:34:38.306 INFO:teuthology.orchestra.run.smithi083.stdout:/usr/bin/ceph: stderr
2024-04-25T11:34:36.982+0000 7f9b5a3b1700 1 --2- 172.21.15.83:0/1837674518 >> [v2:172.21.15.83:6800/1639787889,v1:172.21.15.83:6801/1639787889] conn(0x7f9b3c0395b0 0x7f9b3c03ba70 unknown :-1 s=CLOSED pgs=13 cs=0 l=1 rev1=1 crypto rx=0 tx=0 comp rx=0 tx=0).stop
2024-04-25T11:34:38.307 INFO:teuthology.orchestra.run.smithi083.stdout:/usr/bin/ceph: stderr
2024-04-25T11:34:36.982+0000 7f9b5a3b1700 1 --2- 172.21.15.83:0/1837674518 >> [v2:172.21.15.83:3300/0,v1:172.21.15.83:6789/0] conn(0x7f9b54108600 0x7f9b5407db50 unknown :-1 s=CLOSED pgs=50 cs=0 l=1 rev1=1 crypto rx=0 tx=0 comp rx=0 tx=0).stop
2024-04-25T11:34:38.307 INFO:teuthology.orchestra.run.smithi083.stdout:/usr/bin/ceph: stderr
2024-04-25T11:34:36.982+0000 7f9b5a3b1700 1 -- 172.21.15.83:0/1837674518 >> 172.21.15.83:0/1837674518 conn(0x7f9b54103bc0 msgr2=0x7f9b54104690 unknown :-1 s=STATE_NONE l=0).mark_down
2024-04-25T11:34:38.307 INFO:teuthology.orchestra.run.smithi083.stdout:/usr/bin/ceph: stderr
2024-04-25T11:34:36.982+0000 7f9b5a3b1700 1 -- 172.21.15.83:0/1837674518 shutdown_connections
2024-04-25T11:34:38.307 INFO:teuthology.orchestra.run.smithi083.stdout:/usr/bin/ceph: stderr
2024-04-25T11:34:36.982+0000 7f9b5a3b1700 1 -- 172.21.15.83:0/1837674518 wait complete.
2024-04-25T11:34:39.526 INFO:teuthology.orchestra.run.smithi083.stdout:/usr/bin/ceph: stderr
2024-04-25T11:34:38.765+0000 7f9a48c9e700 1 Processor -- start
2024-04-25T11:34:39.526 INFO:teuthology.orchestra.run.smithi083.stdout:/usr/bin/ceph: stderr
2024-04-25T11:34:38.765+0000 7f9a48c9e700 1 -- start start
2024-04-25T11:34:39.527 INFO:teuthology.orchestra.run.smithi083.stdout:/usr/bin/ceph: stderr
2024-04-25T11:34:38.765+0000 7f9a48c9e700 1 --2- >> [v2:172.21.15.83:3300/0,v1:172.21.15.83:6789/0] conn(0x7f9a441085b0 0x7f9a441089d0 unknown :-1 s=NONE pgs=0 cs=0 l=0 rev1=0 crypto rx=0 tx=0 comp rx=0 tx=0).connect
2024-04-25T11:34:39.527 INFO:teuthology.orchestra.run.smithi083.stdout:/usr/bin/ceph: stderr
2024-04-25T11:34:38.765+0000 7f9a48c9e700 1 -- --> [v2:172.21.15.83:3300/0,v1:172.21.15.83:6789/0] -- mon_getmap magic: 0 -- 0x7f9a44108fa0 con 0x7f9a441085b0
2024-04-25T11:34:39.527 INFO:teuthology.orchestra.run.smithi083.stdout:/usr/bin/ceph: stderr
2024-04-25T11:34:38.766+0000 7f9a4259c700 1 --2- >> [v2:172.21.15.83:3300/0,v1:172.21.15.83:6789/0] conn(0x7f9a441085b0 0x7f9a441089d0 unknown :-1 s=BANNER_CONNECTING pgs=0 cs=0 l=0 rev1=0 crypto rx=0 tx=0 comp rx=0 tx=0)._handle_peer_banner_payload supported=3 required=0
2024-04-25T11:34:39.527 INFO:teuthology.orchestra.run.smithi083.stdout:/usr/bin/ceph: stderr
2024-04-25T11:34:38.766+0000 7f9a4259c700 1 --2- >> [v2:172.21.15.83:3300/0,v1:172.21.15.83:6789/0] conn(0x7f9a441085b0 0x7f9a441089d0 unknown :-1 s=HELLO_CONNECTING pgs=0 cs=0 l=0 rev1=1 crypto rx=0 tx=0 comp rx=0 tx=0).handle_hello peer v2:172.21.15.83:3300/0 says I am v2:172.21.15.83:53378/0 (socket says 172.21.15.83:53378)
2024-04-25T11:34:39.527 INFO:teuthology.orchestra.run.smithi083.stdout:/usr/bin/ceph: stderr
2024-04-25T11:34:38.766+0000 7f9a4259c700 1 -- 172.21.15.83:0/902040679 learned_addr learned my addr 172.21.15.83:0/902040679 (peer_addr_for_me v2:172.21.15.83:0/0)
2024-04-25T11:34:39.527 INFO:teuthology.orchestra.run.smithi083.stdout:/usr/bin/ceph: stderr
2024-04-25T11:34:38.766+0000 7f9a4259c700 1 -- 172.21.15.83:0/902040679 --> [v2:172.21.15.83:3300/0,v1:172.21.15.83:6789/0] -- mon_subscribe({config=0+,monmap=0+}) -- 0x7f9a44109760 con 0x7f9a441085b0
2024-04-25T11:34:39.527 INFO:teuthology.orchestra.run.smithi083.stdout:/usr/bin/ceph: stderr
2024-04-25T11:34:38.766+0000 7f9a4259c700 1 --2- 172.21.15.83:0/902040679 >> [v2:172.21.15.83:3300/0,v1:172.21.15.83:6789/0] conn(0x7f9a441085b0 0x7f9a441089d0 secure :-1 s=READY pgs=51 cs=0 l=1 rev1=1 crypto rx=0x7f9a380098a0 tx=0x7f9a38009bb0 comp rx=0 tx=0).ready entity=mon.0 client_cookie=ae681c67b0a3ec81 server_cookie=0 in_seq=0 out_seq=0
2024-04-25T11:34:39.527 INFO:teuthology.orchestra.run.smithi083.stdout:/usr/bin/ceph: stderr
2024-04-25T11:34:38.766+0000 7f9a4159a700 1 -- 172.21.15.83:0/902040679 <== mon.0 v2:172.21.15.83:3300/0 1 ==== mon_map magic: 0 ==== 205+0+0 (secure 0 0 0) 0x7f9a38004160 con 0x7f9a441085b0
2024-04-25T11:34:39.527 INFO:teuthology.orchestra.run.smithi083.stdout:/usr/bin/ceph: stderr
2024-04-25T11:34:38.766+0000 7f9a4159a700 1 -- 172.21.15.83:0/902040679 <== mon.0 v2:172.21.15.83:3300/0 2 ==== config(26 keys) ==== 1101+0+0 (secure 0 0 0) 0x7f9a38004300 con 0x7f9a441085b0
2024-04-25T11:34:39.527 INFO:teuthology.orchestra.run.smithi083.stdout:/usr/bin/ceph: stderr
2024-04-25T11:34:38.766+0000 7f9a4159a700 1 -- 172.21.15.83:0/902040679 <== mon.0 v2:172.21.15.83:3300/0 3 ==== mon_map magic: 0 ==== 205+0+0 (secure 0 0 0) 0x7f9a38011a20 con 0x7f9a441085b0
2024-04-25T11:34:39.527 INFO:teuthology.orchestra.run.smithi083.stdout:/usr/bin/ceph: stderr
2024-04-25T11:34:38.767+0000 7f9a48c9e700 1 -- 172.21.15.83:0/902040679 >> [v2:172.21.15.83:3300/0,v1:172.21.15.83:6789/0] conn(0x7f9a441085b0 msgr2=0x7f9a441089d0 secure :-1 s=STATE_CONNECTION_ESTABLISHED l=1).mark_down
2024-04-25T11:34:39.527 INFO:teuthology.orchestra.run.smithi083.stdout:/usr/bin/ceph: stderr
2024-04-25T11:34:38.767+0000 7f9a48c9e700 1 --2- 172.21.15.83:0/902040679 >> [v2:172.21.15.83:3300/0,v1:172.21.15.83:6789/0] conn(0x7f9a441085b0 0x7f9a441089d0 secure :-1 s=READY pgs=51 cs=0 l=1 rev1=1 crypto rx=0x7f9a380098a0 tx=0x7f9a38009bb0 comp rx=0 tx=0).stop
2024-04-25T11:34:39.527 INFO:teuthology.orchestra.run.smithi083.stdout:/usr/bin/ceph: stderr
2024-04-25T11:34:38.767+0000 7f9a48c9e700 1 -- 172.21.15.83:0/902040679 shutdown_connections
2024-04-25T11:34:39.527 INFO:teuthology.orchestra.run.smithi083.stdout:/usr/bin/ceph: stderr
2024-04-25T11:34:38.767+0000 7f9a48c9e700 1 --2- 172.21.15.83:0/902040679 >> [v2:172.21.15.83:3300/0,v1:172.21.15.83:6789/0] conn(0x7f9a441085b0 0x7f9a441089d0 unknown :-1 s=CLOSED pgs=51 cs=0 l=1 rev1=1 crypto rx=0 tx=0 comp rx=0 tx=0).stop
2024-04-25T11:34:39.528 INFO:teuthology.orchestra.run.smithi083.stdout:/usr/bin/ceph: stderr
2024-04-25T11:34:38.767+0000 7f9a48c9e700 1 -- 172.21.15.83:0/902040679 >> 172.21.15.83:0/902040679 conn(0x7f9a44103b70 msgr2=0x7f9a44105f90 unknown :-1 s=STATE_NONE l=0).mark_down
2024-04-25T11:34:39.528 INFO:teuthology.orchestra.run.smithi083.stdout:/usr/bin/ceph: stderr
2024-04-25T11:34:38.767+0000 7f9a48c9e700 1 -- 172.21.15.83:0/902040679 shutdown_connections
2024-04-25T11:34:39.528 INFO:teuthology.orchestra.run.smithi083.stdout:/usr/bin/ceph: stderr
2024-04-25T11:34:38.767+0000 7f9a48c9e700 1 -- 172.21.15.83:0/902040679 wait complete.
2024-04-25T11:34:39.528 INFO:teuthology.orchestra.run.smithi083.stdout:/usr/bin/ceph: stderr
2024-04-25T11:34:38.768+0000 7f9a48c9e700 1 Processor -- start
2024-04-25T11:34:39.528 INFO:teuthology.orchestra.run.smithi083.stdout:/usr/bin/ceph: stderr
2024-04-25T11:34:38.768+0000 7f9a48c9e700 1 -- start start
2024-04-25T11:34:39.528 INFO:teuthology.orchestra.run.smithi083.stdout:/usr/bin/ceph: stderr
2024-04-25T11:34:38.768+0000 7f9a48c9e700 1 --2- >> [v2:172.21.15.83:3300/0,v1:172.21.15.83:6789/0] conn(0x7f9a441085b0 0x7f9a4419c430 unknown :-1 s=NONE pgs=0 cs=0 l=1 rev1=0 crypto rx=0 tx=0 comp rx=0 tx=0).connect
2024-04-25T11:34:39.528 INFO:teuthology.orchestra.run.smithi083.stdout:/usr/bin/ceph: stderr
2024-04-25T11:34:38.768+0000 7f9a48c9e700 1 -- --> [v2:172.21.15.83:3300/0,v1:172.21.15.83:6789/0] -- mon_getmap magic: 0 -- 0x7f9a4410cb10 con 0x7f9a441085b0
2024-04-25T11:34:39.528 INFO:teuthology.orchestra.run.smithi083.stdout:/usr/bin/ceph: stderr
2024-04-25T11:34:38.768+0000 7f9a4259c700 1 --2- >> [v2:172.21.15.83:3300/0,v1:172.21.15.83:6789/0] conn(0x7f9a441085b0 0x7f9a4419c430 unknown :-1 s=BANNER_CONNECTING pgs=0 cs=0 l=1 rev1=0 crypto rx=0 tx=0 comp rx=0 tx=0)._handle_peer_banner_payload supported=3 required=0
2024-04-25T11:34:39.528 INFO:teuthology.orchestra.run.smithi083.stdout:/usr/bin/ceph: stderr
2024-04-25T11:34:38.768+0000 7f9a4259c700 1 --2- >> [v2:172.21.15.83:3300/0,v1:172.21.15.83:6789/0] conn(0x7f9a441085b0 0x7f9a4419c430 unknown :-1 s=HELLO_CONNECTING pgs=0 cs=0 l=1 rev1=1 crypto rx=0 tx=0 comp rx=0 tx=0).handle_hello peer v2:172.21.15.83:3300/0 says I am v2:172.21.15.83:53382/0 (socket says 172.21.15.83:53382)
2024-04-25T11:34:39.528 INFO:teuthology.orchestra.run.smithi083.stdout:/usr/bin/ceph: stderr
2024-04-25T11:34:38.768+0000 7f9a4259c700 1 -- 172.21.15.83:0/1413588084 learned_addr learned my addr 172.21.15.83:0/1413588084 (peer_addr_for_me v2:172.21.15.83:0/0)
2024-04-25T11:34:39.528 INFO:teuthology.orchestra.run.smithi083.stdout:/usr/bin/ceph: stderr
2024-04-25T11:34:38.769+0000 7f9a4259c700 1 -- 172.21.15.83:0/1413588084 --> [v2:172.21.15.83:3300/0,v1:172.21.15.83:6789/0] -- mon_subscribe({config=0+,monmap=0+}) -- 0x7f9a4419c970 con 0x7f9a441085b0
2024-04-25T11:34:39.528 INFO:teuthology.orchestra.run.smithi083.stdout:/usr/bin/ceph: stderr
2024-04-25T11:34:38.769+0000 7f9a4259c700 1 --2- 172.21.15.83:0/1413588084 >> [v2:172.21.15.83:3300/0,v1:172.21.15.83:6789/0] conn(0x7f9a441085b0 0x7f9a4419c430 secure :-1 s=READY pgs=52 cs=0 l=1 rev1=1 crypto rx=0x7f9a38009520 tx=0x7f9a38011aa0 comp rx=0 tx=0).ready entity=mon.0 client_cookie=0 server_cookie=0 in_seq=0 out_seq=0
2024-04-25T11:34:39.528 INFO:teuthology.orchestra.run.smithi083.stdout:/usr/bin/ceph: stderr
2024-04-25T11:34:38.769+0000 7f9a337fe700 1 -- 172.21.15.83:0/1413588084 <== mon.0 v2:172.21.15.83:3300/0 1 ==== mon_map magic: 0 ==== 205+0+0 (secure 0 0 0) 0x7f9a380039e0 con 0x7f9a441085b0
2024-04-25T11:34:39.528 INFO:teuthology.orchestra.run.smithi083.stdout:/usr/bin/ceph: stderr
2024-04-25T11:34:38.769+0000 7f9a48c9e700 1 -- 172.21.15.83:0/1413588084 --> [v2:172.21.15.83:3300/0,v1:172.21.15.83:6789/0] -- mon_subscribe({mgrmap=0+}) -- 0x7f9a4419cc00 con 0x7f9a441085b0
2024-04-25T11:34:39.528 INFO:teuthology.orchestra.run.smithi083.stdout:/usr/bin/ceph: stderr
2024-04-25T11:34:38.769+0000 7f9a337fe700 1 -- 172.21.15.83:0/1413588084 <== mon.0 v2:172.21.15.83:3300/0 2 ==== config(26 keys) ==== 1101+0+0 (secure 0 0 0) 0x7f9a3801b8f0 con 0x7f9a441085b0
2024-04-25T11:34:39.529 INFO:teuthology.orchestra.run.smithi083.stdout:/usr/bin/ceph: stderr
2024-04-25T11:34:38.769+0000 7f9a337fe700 1 -- 172.21.15.83:0/1413588084 <== mon.0 v2:172.21.15.83:3300/0 3 ==== mon_map magic: 0 ==== 205+0+0 (secure 0 0 0) 0x7f9a38019770 con 0x7f9a441085b0
2024-04-25T11:34:39.529 INFO:teuthology.orchestra.run.smithi083.stdout:/usr/bin/ceph: stderr
2024-04-25T11:34:38.769+0000 7f9a48c9e700 1 -- 172.21.15.83:0/1413588084 --> [v2:172.21.15.83:3300/0,v1:172.21.15.83:6789/0] -- mon_subscribe({osdmap=0}) -- 0x7f9a4419f8f0 con 0x7f9a441085b0
2024-04-25T11:34:39.529 INFO:teuthology.orchestra.run.smithi083.stdout:/usr/bin/ceph: stderr
2024-04-25T11:34:38.770+0000 7f9a337fe700 1 -- 172.21.15.83:0/1413588084 <== mon.0 v2:172.21.15.83:3300/0 4 ==== mgrmap(e 8) ==== 46558+0+0 (secure 0 0 0) 0x7f9a38019a70 con 0x7f9a441085b0
2024-04-25T11:34:39.529 INFO:teuthology.orchestra.run.smithi083.stdout:/usr/bin/ceph: stderr
2024-04-25T11:34:38.770+0000 7f9a337fe700 1 --2- 172.21.15.83:0/1413588084 >> [v2:172.21.15.83:6800/1639787889,v1:172.21.15.83:6801/1639787889] conn(0x7f9a2c0395b0 0x7f9a2c03ba70 unknown :-1 s=NONE pgs=0 cs=0 l=1 rev1=0 crypto rx=0 tx=0 comp rx=0 tx=0).connect
2024-04-25T11:34:39.529 INFO:teuthology.orchestra.run.smithi083.stdout:/usr/bin/ceph: stderr
2024-04-25T11:34:38.770+0000 7f9a337fe700 1 -- 172.21.15.83:0/1413588084 <== mon.0 v2:172.21.15.83:3300/0 5 ==== osd_map(2..2 src has 1..2) ==== 940+0+0 (secure 0 0 0) 0x7f9a3804e070 con 0x7f9a441085b0
2024-04-25T11:34:39.529 INFO:teuthology.orchestra.run.smithi083.stdout:/usr/bin/ceph: stderr
2024-04-25T11:34:38.770+0000 7f9a48c9e700 1 -- 172.21.15.83:0/1413588084 --> [v2:172.21.15.83:3300/0,v1:172.21.15.83:6789/0] -- mon_command({"prefix": "get_command_descriptions"} v 0) -- 0x7f9a4410cc90 con 0x7f9a441085b0
2024-04-25T11:34:39.529 INFO:teuthology.orchestra.run.smithi083.stdout:/usr/bin/ceph: stderr
2024-04-25T11:34:38.770+0000 7f9a41d9b700 1 --2- 172.21.15.83:0/1413588084 >> [v2:172.21.15.83:6800/1639787889,v1:172.21.15.83:6801/1639787889] conn(0x7f9a2c0395b0 0x7f9a2c03ba70 unknown :-1 s=BANNER_CONNECTING pgs=0 cs=0 l=1 rev1=0 crypto rx=0 tx=0 comp rx=0 tx=0)._handle_peer_banner_payload supported=3 required=0
2024-04-25T11:34:39.529 INFO:teuthology.orchestra.run.smithi083.stdout:/usr/bin/ceph: stderr
2024-04-25T11:34:38.771+0000 7f9a41d9b700 1 --2- 172.21.15.83:0/1413588084 >> [v2:172.21.15.83:6800/1639787889,v1:172.21.15.83:6801/1639787889] conn(0x7f9a2c0395b0 0x7f9a2c03ba70 secure :-1 s=READY pgs=14 cs=0 l=1 rev1=1 crypto rx=0x7f9a34006fd0 tx=0x7f9a34006e40 comp rx=0 tx=0).ready entity=mgr.14120 client_cookie=0 server_cookie=0 in_seq=0 out_seq=0
2024-04-25T11:34:39.529 INFO:teuthology.orchestra.run.smithi083.stdout:/usr/bin/ceph: stderr
2024-04-25T11:34:38.775+0000 7f9a337fe700 1 -- 172.21.15.83:0/1413588084 <== mon.0 v2:172.21.15.83:3300/0 6 ==== mon_command_ack([{"prefix": "get_command_descriptions"}]=0 v0) ==== 72+0+188370 (secure 0 0 0) 0x7f9a3801f030 con 0x7f9a441085b0
2024-04-25T11:34:39.529 INFO:teuthology.orchestra.run.smithi083.stdout:/usr/bin/ceph: stderr
2024-04-25T11:34:38.980+0000 7f9a48c9e700 1 -- 172.21.15.83:0/1413588084 --> [v2:172.21.15.83:3300/0,v1:172.21.15.83:6789/0] -- mon_command([{prefix=config set, name=mgr/cephadm/container_init}] v 0) -- 0x7f9a4419fd30 con 0x7f9a441085b0
2024-04-25T11:34:39.529 INFO:teuthology.orchestra.run.smithi083.stdout:/usr/bin/ceph: stderr
2024-04-25T11:34:38.982+0000 7f9a337fe700 1 -- 172.21.15.83:0/1413588084 <== mon.0 v2:172.21.15.83:3300/0 7 ==== mon_command_ack([{prefix=config set, name=mgr/cephadm/container_init}]=0 v7)=0 v7) ==== 142+0+0 (secure 0 0 0) 0x7f9a38019db0 con 0x7f9a441085b0
2024-04-25T11:34:39.529 INFO:teuthology.orchestra.run.smithi083.stdout:/usr/bin/ceph: stderr
2024-04-25T11:34:38.985+0000 7f9a48c9e700 1 -- 172.21.15.83:0/1413588084 >> [v2:172.21.15.83:6800/1639787889,v1:172.21.15.83:6801/1639787889] conn(0x7f9a2c0395b0 msgr2=0x7f9a2c03ba70 secure :-1 s=STATE_CONNECTION_ESTABLISHED l=1).mark_down
2024-04-25T11:34:39.529 INFO:teuthology.orchestra.run.smithi083.stdout:/usr/bin/ceph: stderr
2024-04-25T11:34:38.985+0000 7f9a48c9e700 1 --2- 172.21.15.83:0/1413588084 >> [v2:172.21.15.83:6800/1639787889,v1:172.21.15.83:6801/1639787889] conn(0x7f9a2c0395b0 0x7f9a2c03ba70 secure :-1 s=READY pgs=14 cs=0 l=1 rev1=1 crypto rx=0x7f9a34006fd0 tx=0x7f9a34006e40 comp rx=0 tx=0).stop
2024-04-25T11:34:39.530 INFO:teuthology.orchestra.run.smithi083.stdout:/usr/bin/ceph: stderr
2024-04-25T11:34:38.985+0000 7f9a48c9e700 1 -- 172.21.15.83:0/1413588084 >> [v2:172.21.15.83:3300/0,v1:172.21.15.83:6789/0] conn(0x7f9a441085b0 msgr2=0x7f9a4419c430 secure :-1 s=STATE_CONNECTION_ESTABLISHED l=1).mark_down
2024-04-25T11:34:39.530 INFO:teuthology.orchestra.run.smithi083.stdout:/usr/bin/ceph: stderr
2024-04-25T11:34:38.985+0000 7f9a48c9e700 1 --2- 172.21.15.83:0/1413588084 >> [v2:172.21.15.83:3300/0,v1:172.21.15.83:6789/0] conn(0x7f9a441085b0 0x7f9a4419c430 secure :-1 s=READY pgs=52 cs=0 l=1 rev1=1 crypto rx=0x7f9a38009520 tx=0x7f9a38011aa0 comp rx=0 tx=0).stop
2024-04-25T11:34:39.530 INFO:teuthology.orchestra.run.smithi083.stdout:/usr/bin/ceph: stderr
2024-04-25T11:34:38.985+0000 7f9a48c9e700 1 -- 172.21.15.83:0/1413588084 shutdown_connections
2024-04-25T11:34:39.530 INFO:teuthology.orchestra.run.smithi083.stdout:/usr/bin/ceph: stderr
2024-04-25T11:34:38.985+0000 7f9a48c9e700 1 --2- 172.21.15.83:0/1413588084 >> [v2:172.21.15.83:6800/1639787889,v1:172.21.15.83:6801/1639787889] conn(0x7f9a2c0395b0 0x7f9a2c03ba70 unknown :-1 s=CLOSED pgs=14 cs=0 l=1 rev1=1 crypto rx=0 tx=0 comp rx=0 tx=0).stop
2024-04-25T11:34:39.530 INFO:teuthology.orchestra.run.smithi083.stdout:/usr/bin/ceph: stderr
2024-04-25T11:34:38.986+0000 7f9a48c9e700 1 --2- 172.21.15.83:0/1413588084 >> [v2:172.21.15.83:3300/0,v1:172.21.15.83:6789/0] conn(0x7f9a441085b0 0x7f9a4419c430 unknown :-1 s=CLOSED pgs=52 cs=0 l=1 rev1=1 crypto rx=0 tx=0 comp rx=0 tx=0).stop
2024-04-25T11:34:39.530 INFO:teuthology.orchestra.run.smithi083.stdout:/usr/bin/ceph: stderr
2024-04-25T11:34:38.986+0000 7f9a48c9e700 1 -- 172.21.15.83:0/1413588084 >> 172.21.15.83:0/1413588084 conn(0x7f9a44103b70 msgr2=0x7f9a441046d0 unknown :-1 s=STATE_NONE l=0).mark_down
2024-04-25T11:34:39.530 INFO:teuthology.orchestra.run.smithi083.stdout:/usr/bin/ceph: stderr
2024-04-25T11:34:38.986+0000 7f9a48c9e700 1 -- 172.21.15.83:0/1413588084 shutdown_connections
2024-04-25T11:34:39.530 INFO:teuthology.orchestra.run.smithi083.stdout:/usr/bin/ceph: stderr
2024-04-25T11:34:38.986+0000 7f9a48c9e700 1 -- 172.21.15.83:0/1413588084 wait complete.
2024-04-25T11:34:39.855 INFO:journalctl@ceph.mon.a.smithi083.stdout:Apr 25 11:34:39 smithi083 ceph-mon[29330]: from='mgr.14120 172.21.15.83:0/844117575' entity='mgr.x'
2024-04-25T11:34:39.855 INFO:journalctl@ceph.mon.a.smithi083.stdout:Apr 25 11:34:39 smithi083 ceph-mon[29330]: from='client.? 172.21.15.83:0/1413588084' entity='client.admin'
2024-04-25T11:34:41.245 INFO:journalctl@ceph.mon.a.smithi083.stdout:Apr 25 11:34:41 smithi083 ceph-mon[29330]: from='client.? 172.21.15.83:0/4205219552' entity='client.admin'
2024-04-25T11:34:41.245 INFO:journalctl@ceph.mon.a.smithi083.stdout:Apr 25 11:34:41 smithi083 ceph-mon[29330]: from='mgr.14120 172.21.15.83:0/844117575' entity='mgr.x'
2024-04-25T11:34:41.252 INFO:teuthology.orchestra.run.smithi083.stdout:/usr/bin/ceph: stderr
2024-04-25T11:34:39.967+0000 7efd37f7c700 1 Processor -- start
2024-04-25T11:34:41.252 INFO:teuthology.orchestra.run.smithi083.stdout:/usr/bin/ceph: stderr
2024-04-25T11:34:39.967+0000 7efd37f7c700 1 -- start start
2024-04-25T11:34:41.253 INFO:teuthology.orchestra.run.smithi083.stdout:/usr/bin/ceph: stderr
2024-04-25T11:34:39.967+0000 7efd37f7c700 1 --2- >> [v2:172.21.15.83:3300/0,v1:172.21.15.83:6789/0] conn(0x7efd301074b0 0x7efd301078d0 unknown :-1 s=NONE pgs=0 cs=0 l=0 rev1=0 crypto rx=0 tx=0 comp rx=0 tx=0).connect
2024-04-25T11:34:41.253 INFO:teuthology.orchestra.run.smithi083.stdout:/usr/bin/ceph: stderr
2024-04-25T11:34:39.967+0000 7efd37f7c700 1 -- --> [v2:172.21.15.83:3300/0,v1:172.21.15.83:6789/0] -- mon_getmap magic: 0 -- 0x7efd30107ea0 con 0x7efd301074b0
2024-04-25T11:34:41.253 INFO:teuthology.orchestra.run.smithi083.stdout:/usr/bin/ceph: stderr
2024-04-25T11:34:39.968+0000 7efd35d18700 1 --2- >> [v2:172.21.15.83:3300/0,v1:172.21.15.83:6789/0] conn(0x7efd301074b0 0x7efd301078d0 unknown :-1 s=BANNER_CONNECTING pgs=0 cs=0 l=0 rev1=0 crypto rx=0 tx=0 comp rx=0 tx=0)._handle_peer_banner_payload supported=3 required=0
2024-04-25T11:34:41.253 INFO:teuthology.orchestra.run.smithi083.stdout:/usr/bin/ceph: stderr
2024-04-25T11:34:39.968+0000 7efd35d18700 1 --2- >> [v2:172.21.15.83:3300/0,v1:172.21.15.83:6789/0] conn(0x7efd301074b0 0x7efd301078d0 unknown :-1 s=HELLO_CONNECTING pgs=0 cs=0 l=0 rev1=1 crypto rx=0 tx=0 comp rx=0 tx=0).handle_hello peer v2:172.21.15.83:3300/0 says I am v2:172.21.15.83:53396/0 (socket says 172.21.15.83:53396)
2024-04-25T11:34:41.253 INFO:teuthology.orchestra.run.smithi083.stdout:/usr/bin/ceph: stderr
2024-04-25T11:34:39.968+0000 7efd35d18700 1 -- 172.21.15.83:0/915730413 learned_addr learned my addr 172.21.15.83:0/915730413 (peer_addr_for_me v2:172.21.15.83:0/0)
2024-04-25T11:34:41.253 INFO:teuthology.orchestra.run.smithi083.stdout:/usr/bin/ceph: stderr
2024-04-25T11:34:39.968+0000 7efd35d18700 1 -- 172.21.15.83:0/915730413 --> [v2:172.21.15.83:3300/0,v1:172.21.15.83:6789/0] -- mon_subscribe({config=0+,monmap=0+}) -- 0x7efd301086b0 con 0x7efd301074b0
2024-04-25T11:34:41.253 INFO:teuthology.orchestra.run.smithi083.stdout:/usr/bin/ceph: stderr
2024-04-25T11:34:39.968+0000 7efd35d18700 1 --2- 172.21.15.83:0/915730413 >> [v2:172.21.15.83:3300/0,v1:172.21.15.83:6789/0] conn(0x7efd301074b0 0x7efd301078d0 secure :-1 s=READY pgs=53 cs=0 l=1 rev1=1 crypto rx=0x7efd2c0098a0 tx=0x7efd2c009bb0 comp rx=0 tx=0).ready entity=mon.0 client_cookie=7c187dfee78fb03f server_cookie=0 in_seq=0 out_seq=0
2024-04-25T11:34:41.253 INFO:teuthology.orchestra.run.smithi083.stdout:/usr/bin/ceph: stderr
2024-04-25T11:34:39.968+0000 7efd34d16700 1 -- 172.21.15.83:0/915730413 <== mon.0 v2:172.21.15.83:3300/0 1 ==== mon_map magic: 0 ==== 205+0+0 (secure 0 0 0) 0x7efd2c004160 con 0x7efd301074b0
2024-04-25T11:34:41.253 INFO:teuthology.orchestra.run.smithi083.stdout:/usr/bin/ceph: stderr
2024-04-25T11:34:39.968+0000 7efd34d16700 1 -- 172.21.15.83:0/915730413 <== mon.0 v2:172.21.15.83:3300/0 2 ==== config(26 keys) ==== 1101+0+0 (secure 0 0 0) 0x7efd2c004300 con 0x7efd301074b0
2024-04-25T11:34:41.253 INFO:teuthology.orchestra.run.smithi083.stdout:/usr/bin/ceph: stderr
2024-04-25T11:34:39.968+0000 7efd34d16700 1 -- 172.21.15.83:0/915730413 <== mon.0 v2:172.21.15.83:3300/0 3 ==== mon_map magic: 0 ==== 205+0+0 (secure 0 0 0) 0x7efd2c011a20 con 0x7efd301074b0
2024-04-25T11:34:41.253 INFO:teuthology.orchestra.run.smithi083.stdout:/usr/bin/ceph: stderr
2024-04-25T11:34:39.969+0000 7efd37f7c700 1 -- 172.21.15.83:0/915730413 >> [v2:172.21.15.83:3300/0,v1:172.21.15.83:6789/0] conn(0x7efd301074b0 msgr2=0x7efd301078d0 secure :-1 s=STATE_CONNECTION_ESTABLISHED l=1).mark_down
2024-04-25T11:34:41.253 INFO:teuthology.orchestra.run.smithi083.stdout:/usr/bin/ceph: stderr
2024-04-25T11:34:39.969+0000 7efd37f7c700 1 --2- 172.21.15.83:0/915730413 >> [v2:172.21.15.83:3300/0,v1:172.21.15.83:6789/0] conn(0x7efd301074b0 0x7efd301078d0 secure :-1 s=READY pgs=53 cs=0 l=1 rev1=1 crypto rx=0x7efd2c0098a0 tx=0x7efd2c009bb0 comp rx=0 tx=0).stop
2024-04-25T11:34:41.253 INFO:teuthology.orchestra.run.smithi083.stdout:/usr/bin/ceph: stderr
2024-04-25T11:34:39.969+0000 7efd37f7c700 1 -- 172.21.15.83:0/915730413 shutdown_connections
2024-04-25T11:34:41.254 INFO:teuthology.orchestra.run.smithi083.stdout:/usr/bin/ceph: stderr
2024-04-25T11:34:39.969+0000 7efd37f7c700 1 --2- 172.21.15.83:0/915730413 >> [v2:172.21.15.83:3300/0,v1:172.21.15.83:6789/0] conn(0x7efd301074b0 0x7efd301078d0 unknown :-1 s=CLOSED pgs=53 cs=0 l=1 rev1=1 crypto rx=0 tx=0 comp rx=0 tx=0).stop
2024-04-25T11:34:41.254 INFO:teuthology.orchestra.run.smithi083.stdout:/usr/bin/ceph: stderr
2024-04-25T11:34:39.969+0000 7efd37f7c700 1 -- 172.21.15.83:0/915730413 >> 172.21.15.83:0/915730413 conn(0x7efd30102a30 msgr2=0x7efd30104e90 unknown :-1 s=STATE_NONE l=0).mark_down
2024-04-25T11:34:41.254 INFO:teuthology.orchestra.run.smithi083.stdout:/usr/bin/ceph: stderr
2024-04-25T11:34:39.969+0000 7efd37f7c700 1 -- 172.21.15.83:0/915730413 shutdown_connections
2024-04-25T11:34:41.254 INFO:teuthology.orchestra.run.smithi083.stdout:/usr/bin/ceph: stderr
2024-04-25T11:34:39.969+0000 7efd37f7c700 1 -- 172.21.15.83:0/915730413 wait complete.
2024-04-25T11:34:41.254 INFO:teuthology.orchestra.run.smithi083.stdout:/usr/bin/ceph: stderr
2024-04-25T11:34:39.969+0000 7efd37f7c700 1 Processor -- start
2024-04-25T11:34:41.254 INFO:teuthology.orchestra.run.smithi083.stdout:/usr/bin/ceph: stderr
2024-04-25T11:34:39.969+0000 7efd37f7c700 1 -- start start
2024-04-25T11:34:41.254 INFO:teuthology.orchestra.run.smithi083.stdout:/usr/bin/ceph: stderr
2024-04-25T11:34:39.970+0000 7efd37f7c700 1 --2- >> [v2:172.21.15.83:3300/0,v1:172.21.15.83:6789/0] conn(0x7efd301074b0 0x7efd3019b420 unknown :-1 s=NONE pgs=0 cs=0 l=1 rev1=0 crypto rx=0 tx=0 comp rx=0 tx=0).connect
2024-04-25T11:34:41.254 INFO:teuthology.orchestra.run.smithi083.stdout:/usr/bin/ceph: stderr
2024-04-25T11:34:39.970+0000 7efd37f7c700 1 -- --> [v2:172.21.15.83:3300/0,v1:172.21.15.83:6789/0] -- mon_getmap magic: 0 -- 0x7efd3010ba60 con 0x7efd301074b0
2024-04-25T11:34:41.254 INFO:teuthology.orchestra.run.smithi083.stdout:/usr/bin/ceph: stderr
2024-04-25T11:34:39.970+0000 7efd35d18700 1 --2- >> [v2:172.21.15.83:3300/0,v1:172.21.15.83:6789/0] conn(0x7efd301074b0 0x7efd3019b420 unknown :-1 s=BANNER_CONNECTING pgs=0 cs=0 l=1 rev1=0 crypto rx=0 tx=0 comp rx=0 tx=0)._handle_peer_banner_payload supported=3 required=0
2024-04-25T11:34:41.254 INFO:teuthology.orchestra.run.smithi083.stdout:/usr/bin/ceph: stderr
2024-04-25T11:34:39.970+0000 7efd35d18700 1 --2- >> [v2:172.21.15.83:3300/0,v1:172.21.15.83:6789/0] conn(0x7efd301074b0 0x7efd3019b420 unknown :-1 s=HELLO_CONNECTING pgs=0 cs=0 l=1 rev1=1 crypto rx=0 tx=0 comp rx=0 tx=0).handle_hello peer v2:172.21.15.83:3300/0 says I am v2:172.21.15.83:53406/0 (socket says 172.21.15.83:53406)
2024-04-25T11:34:41.254 INFO:teuthology.orchestra.run.smithi083.stdout:/usr/bin/ceph: stderr
2024-04-25T11:34:39.970+0000 7efd35d18700 1 -- 172.21.15.83:0/4205219552 learned_addr learned my addr 172.21.15.83:0/4205219552 (peer_addr_for_me v2:172.21.15.83:0/0)
2024-04-25T11:34:41.254 INFO:teuthology.orchestra.run.smithi083.stdout:/usr/bin/ceph: stderr
2024-04-25T11:34:39.970+0000 7efd35d18700 1 -- 172.21.15.83:0/4205219552 --> [v2:172.21.15.83:3300/0,v1:172.21.15.83:6789/0] -- mon_subscribe({config=0+,monmap=0+}) -- 0x7efd3019b960 con 0x7efd301074b0
2024-04-25T11:34:41.254 INFO:teuthology.orchestra.run.smithi083.stdout:/usr/bin/ceph: stderr
2024-04-25T11:34:39.970+0000 7efd35d18700 1 --2- 172.21.15.83:0/4205219552 >> [v2:172.21.15.83:3300/0,v1:172.21.15.83:6789/0] conn(0x7efd301074b0 0x7efd3019b420 secure :-1 s=READY pgs=54 cs=0 l=1 rev1=1 crypto rx=0x7efd2c000c00 tx=0x7efd2c011aa0 comp rx=0 tx=0).ready entity=mon.0 client_cookie=0 server_cookie=0 in_seq=0 out_seq=0
2024-04-25T11:34:41.255 INFO:teuthology.orchestra.run.smithi083.stdout:/usr/bin/ceph: stderr
2024-04-25T11:34:39.970+0000 7efd26ffd700 1 -- 172.21.15.83:0/4205219552 <== mon.0 v2:172.21.15.83:3300/0 1 ==== mon_map magic: 0 ==== 205+0+0 (secure 0 0 0) 0x7efd2c003aa0 con 0x7efd301074b0
2024-04-25T11:34:41.255 INFO:teuthology.orchestra.run.smithi083.stdout:/usr/bin/ceph: stderr
2024-04-25T11:34:39.970+0000 7efd26ffd700 1 -- 172.21.15.83:0/4205219552 <== mon.0 v2:172.21.15.83:3300/0 2 ==== config(26 keys) ==== 1101+0+0 (secure 0 0 0) 0x7efd2c01b8f0 con 0x7efd301074b0
2024-04-25T11:34:41.255 INFO:teuthology.orchestra.run.smithi083.stdout:/usr/bin/ceph: stderr
2024-04-25T11:34:39.970+0000 7efd37f7c700 1 -- 172.21.15.83:0/4205219552 --> [v2:172.21.15.83:3300/0,v1:172.21.15.83:6789/0] -- mon_subscribe({mgrmap=0+}) -- 0x7efd3019bbf0 con 0x7efd301074b0
2024-04-25T11:34:41.255 INFO:teuthology.orchestra.run.smithi083.stdout:/usr/bin/ceph: stderr
2024-04-25T11:34:39.970+0000 7efd26ffd700 1 -- 172.21.15.83:0/4205219552 <== mon.0 v2:172.21.15.83:3300/0 3 ==== mon_map magic: 0 ==== 205+0+0 (secure 0 0 0) 0x7efd2c023890 con 0x7efd301074b0
2024-04-25T11:34:41.255 INFO:teuthology.orchestra.run.smithi083.stdout:/usr/bin/ceph: stderr
2024-04-25T11:34:39.970+0000 7efd37f7c700 1 -- 172.21.15.83:0/4205219552 --> [v2:172.21.15.83:3300/0,v1:172.21.15.83:6789/0] -- mon_subscribe({osdmap=0}) -- 0x7efd3019e8e0 con 0x7efd301074b0
2024-04-25T11:34:41.255 INFO:teuthology.orchestra.run.smithi083.stdout:/usr/bin/ceph: stderr
2024-04-25T11:34:39.971+0000 7efd26ffd700 1 -- 172.21.15.83:0/4205219552 <== mon.0 v2:172.21.15.83:3300/0 4 ==== mgrmap(e 8) ==== 46558+0+0 (secure 0 0 0) 0x7efd2c01b440 con 0x7efd301074b0
2024-04-25T11:34:41.255 INFO:teuthology.orchestra.run.smithi083.stdout:/usr/bin/ceph: stderr
2024-04-25T11:34:39.971+0000 7efd37f7c700 1 -- 172.21.15.83:0/4205219552 --> [v2:172.21.15.83:3300/0,v1:172.21.15.83:6789/0] -- mon_command({"prefix": "get_command_descriptions"} v 0) -- 0x7efd3010bbe0 con 0x7efd301074b0
2024-04-25T11:34:41.255 INFO:teuthology.orchestra.run.smithi083.stdout:/usr/bin/ceph: stderr
