2024-04-25T11:34:53.727+0000 7f1cce59c700 1 --2- 172.21.15.83:0/1482905091 >> [v2:172.21.15.83:6800/1157946519,v1:172.21.15.83:6801/1157946519] conn(0x7f1cb80395b0 0x7f1cb803ba70 unknown :-1 s=BANNER_CONNECTING pgs=0 cs=0 l=1 rev1=0 crypto rx=0 tx=0 comp rx=0 tx=0)._handle_peer_banner_payload supported=3 required=0
2024-04-25T11:34:55.391 INFO:teuthology.orchestra.run.smithi083.stdout:/usr/bin/ceph: stderr
2024-04-25T11:34:53.727+0000 7f1cce59c700 1 --2- 172.21.15.83:0/1482905091 >> [v2:172.21.15.83:6800/1157946519,v1:172.21.15.83:6801/1157946519] conn(0x7f1cb80395b0 0x7f1cb803ba70 secure :-1 s=READY pgs=8 cs=0 l=1 rev1=1 crypto rx=0x7f1cc0006fd0 tx=0x7f1cc0006e40 comp rx=0 tx=0).ready entity=mgr.14152 client_cookie=0 server_cookie=0 in_seq=0 out_seq=0
2024-04-25T11:34:55.391 INFO:teuthology.orchestra.run.smithi083.stdout:/usr/bin/ceph: stderr
2024-04-25T11:34:53.732+0000 7f1cb7fff700 1 -- 172.21.15.83:0/1482905091 <== mon.0 v2:172.21.15.83:3300/0 6 ==== mon_command_ack([{"prefix": "get_command_descriptions"}]=0 v0) ==== 72+0+188370 (secure 0 0 0) 0x7f1cc4016dd0 con 0x7f1cd0108b40
2024-04-25T11:34:55.391 INFO:teuthology.orchestra.run.smithi083.stdout:/usr/bin/ceph: stderr
2024-04-25T11:34:53.970+0000 7f1cd524e700 1 -- 172.21.15.83:0/1482905091 --> [v2:172.21.15.83:6800/1157946519,v1:172.21.15.83:6801/1157946519] -- mgr_command(tid 0: {"prefix": "dashboard ac-user-create", "username": "admin", "rolename": "administrator", "force_password": true, "pwd_update_required": true, "target": ["mon-mgr", ""]}) -- 0x7f1cd019fa50 con 0x7f1cb80395b0
2024-04-25T11:34:55.391 INFO:teuthology.orchestra.run.smithi083.stdout:/usr/bin/ceph: stderr
2024-04-25T11:34:54.194+0000 7f1cb7fff700 1 -- 172.21.15.83:0/1482905091 <== mgr.14152 v2:172.21.15.83:6800/1157946519 1 ==== mgr_command_reply(tid 0: 0 ) ==== 8+0+252 (secure 0 0 0) 0x7f1cd019fa50 con 0x7f1cb80395b0
2024-04-25T11:34:55.391 INFO:teuthology.orchestra.run.smithi083.stdout:/usr/bin/ceph: stderr
2024-04-25T11:34:54.196+0000 7f1cd524e700 1 -- 172.21.15.83:0/1482905091 >> [v2:172.21.15.83:6800/1157946519,v1:172.21.15.83:6801/1157946519] conn(0x7f1cb80395b0 msgr2=0x7f1cb803ba70 secure :-1 s=STATE_CONNECTION_ESTABLISHED l=1).mark_down
2024-04-25T11:34:55.391 INFO:teuthology.orchestra.run.smithi083.stdout:/usr/bin/ceph: stderr
2024-04-25T11:34:54.196+0000 7f1cd524e700 1 --2- 172.21.15.83:0/1482905091 >> [v2:172.21.15.83:6800/1157946519,v1:172.21.15.83:6801/1157946519] conn(0x7f1cb80395b0 0x7f1cb803ba70 secure :-1 s=READY pgs=8 cs=0 l=1 rev1=1 crypto rx=0x7f1cc0006fd0 tx=0x7f1cc0006e40 comp rx=0 tx=0).stop
2024-04-25T11:34:55.391 INFO:teuthology.orchestra.run.smithi083.stdout:/usr/bin/ceph: stderr
2024-04-25T11:34:54.196+0000 7f1cd524e700 1 -- 172.21.15.83:0/1482905091 >> [v2:172.21.15.83:3300/0,v1:172.21.15.83:6789/0] conn(0x7f1cd0108b40 msgr2=0x7f1cd0107080 secure :-1 s=STATE_CONNECTION_ESTABLISHED l=1).mark_down
2024-04-25T11:34:55.391 INFO:teuthology.orchestra.run.smithi083.stdout:/usr/bin/ceph: stderr
2024-04-25T11:34:54.196+0000 7f1cd524e700 1 --2- 172.21.15.83:0/1482905091 >> [v2:172.21.15.83:3300/0,v1:172.21.15.83:6789/0] conn(0x7f1cd0108b40 0x7f1cd0107080 secure :-1 s=READY pgs=73 cs=0 l=1 rev1=1 crypto rx=0x7f1cc40116e0 tx=0x7f1cc4011aa0 comp rx=0 tx=0).stop
2024-04-25T11:34:55.391 INFO:teuthology.orchestra.run.smithi083.stdout:/usr/bin/ceph: stderr
2024-04-25T11:34:54.196+0000 7f1cd524e700 1 -- 172.21.15.83:0/1482905091 shutdown_connections
2024-04-25T11:34:55.391 INFO:teuthology.orchestra.run.smithi083.stdout:/usr/bin/ceph: stderr
2024-04-25T11:34:54.196+0000 7f1cd524e700 1 --2- 172.21.15.83:0/1482905091 >> [v2:172.21.15.83:6800/1157946519,v1:172.21.15.83:6801/1157946519] conn(0x7f1cb80395b0 0x7f1cb803ba70 unknown :-1 s=CLOSED pgs=8 cs=0 l=1 rev1=1 crypto rx=0 tx=0 comp rx=0 tx=0).stop
2024-04-25T11:34:55.391 INFO:teuthology.orchestra.run.smithi083.stdout:/usr/bin/ceph: stderr
2024-04-25T11:34:54.196+0000 7f1cd524e700 1 --2- 172.21.15.83:0/1482905091 >> [v2:172.21.15.83:3300/0,v1:172.21.15.83:6789/0] conn(0x7f1cd0108b40 0x7f1cd0107080 unknown :-1 s=CLOSED pgs=73 cs=0 l=1 rev1=1 crypto rx=0 tx=0 comp rx=0 tx=0).stop
2024-04-25T11:34:55.391 INFO:teuthology.orchestra.run.smithi083.stdout:/usr/bin/ceph: stderr
2024-04-25T11:34:54.196+0000 7f1cd524e700 1 -- 172.21.15.83:0/1482905091 >> 172.21.15.83:0/1482905091 conn(0x7f1cd0102200 msgr2=0x7f1cd0102c50 unknown :-1 s=STATE_NONE l=0).mark_down
2024-04-25T11:34:55.392 INFO:teuthology.orchestra.run.smithi083.stdout:/usr/bin/ceph: stderr
2024-04-25T11:34:54.197+0000 7f1cd524e700 1 -- 172.21.15.83:0/1482905091 shutdown_connections
2024-04-25T11:34:55.392 INFO:teuthology.orchestra.run.smithi083.stdout:/usr/bin/ceph: stderr
2024-04-25T11:34:54.197+0000 7f1cd524e700 1 -- 172.21.15.83:0/1482905091 wait complete.
2024-04-25T11:34:55.392 INFO:teuthology.orchestra.run.smithi083.stdout:Fetching dashboard port number...
2024-04-25T11:34:56.602 INFO:teuthology.orchestra.run.smithi083.stdout:/usr/bin/ceph: stdout 8443
2024-04-25T11:34:56.602 INFO:teuthology.orchestra.run.smithi083.stdout:/usr/bin/ceph: stderr
2024-04-25T11:34:55.828+0000 7f37a2dfa700 1 Processor -- start
2024-04-25T11:34:56.602 INFO:teuthology.orchestra.run.smithi083.stdout:/usr/bin/ceph: stderr
2024-04-25T11:34:55.828+0000 7f37a2dfa700 1 -- start start
2024-04-25T11:34:56.602 INFO:teuthology.orchestra.run.smithi083.stdout:/usr/bin/ceph: stderr
2024-04-25T11:34:55.828+0000 7f37a2dfa700 1 --2- >> [v2:172.21.15.83:3300/0,v1:172.21.15.83:6789/0] conn(0x7f379c1090a0 0x7f379c10b490 unknown :-1 s=NONE pgs=0 cs=0 l=0 rev1=0 crypto rx=0 tx=0 comp rx=0 tx=0).connect
2024-04-25T11:34:56.602 INFO:teuthology.orchestra.run.smithi083.stdout:/usr/bin/ceph: stderr
2024-04-25T11:34:55.828+0000 7f37a2dfa700 1 -- --> [v2:172.21.15.83:3300/0,v1:172.21.15.83:6789/0] -- mon_getmap magic: 0 -- 0x7f379c07be50 con 0x7f379c1090a0
2024-04-25T11:34:56.602 INFO:teuthology.orchestra.run.smithi083.stdout:/usr/bin/ceph: stderr
2024-04-25T11:34:55.828+0000 7f37a0b96700 1 --2- >> [v2:172.21.15.83:3300/0,v1:172.21.15.83:6789/0] conn(0x7f379c1090a0 0x7f379c10b490 unknown :-1 s=BANNER_CONNECTING pgs=0 cs=0 l=0 rev1=0 crypto rx=0 tx=0 comp rx=0 tx=0)._handle_peer_banner_payload supported=3 required=0
2024-04-25T11:34:56.602 INFO:teuthology.orchestra.run.smithi083.stdout:/usr/bin/ceph: stderr
2024-04-25T11:34:55.828+0000 7f37a0b96700 1 --2- >> [v2:172.21.15.83:3300/0,v1:172.21.15.83:6789/0] conn(0x7f379c1090a0 0x7f379c10b490 unknown :-1 s=HELLO_CONNECTING pgs=0 cs=0 l=0 rev1=1 crypto rx=0 tx=0 comp rx=0 tx=0).handle_hello peer v2:172.21.15.83:3300/0 says I am v2:172.21.15.83:53610/0 (socket says 172.21.15.83:53610)
2024-04-25T11:34:56.602 INFO:teuthology.orchestra.run.smithi083.stdout:/usr/bin/ceph: stderr
2024-04-25T11:34:55.828+0000 7f37a0b96700 1 -- 172.21.15.83:0/733964573 learned_addr learned my addr 172.21.15.83:0/733964573 (peer_addr_for_me v2:172.21.15.83:0/0)
2024-04-25T11:34:56.602 INFO:teuthology.orchestra.run.smithi083.stdout:/usr/bin/ceph: stderr
2024-04-25T11:34:55.828+0000 7f37a0b96700 1 -- 172.21.15.83:0/733964573 --> [v2:172.21.15.83:3300/0,v1:172.21.15.83:6789/0] -- mon_subscribe({config=0+,monmap=0+}) -- 0x7f379c10b9d0 con 0x7f379c1090a0
2024-04-25T11:34:56.602 INFO:teuthology.orchestra.run.smithi083.stdout:/usr/bin/ceph: stderr
2024-04-25T11:34:55.828+0000 7f37a0b96700 1 --2- 172.21.15.83:0/733964573 >> [v2:172.21.15.83:3300/0,v1:172.21.15.83:6789/0] conn(0x7f379c1090a0 0x7f379c10b490 secure :-1 s=READY pgs=74 cs=0 l=1 rev1=1 crypto rx=0x7f37900098a0 tx=0x7f3790009bb0 comp rx=0 tx=0).ready entity=mon.0 client_cookie=1eaed1345396b7cd server_cookie=0 in_seq=0 out_seq=0
2024-04-25T11:34:56.602 INFO:teuthology.orchestra.run.smithi083.stdout:/usr/bin/ceph: stderr
2024-04-25T11:34:55.829+0000 7f379b7fe700 1 -- 172.21.15.83:0/733964573 <== mon.0 v2:172.21.15.83:3300/0 1 ==== mon_map magic: 0 ==== 205+0+0 (secure 0 0 0) 0x7f3790004160 con 0x7f379c1090a0
2024-04-25T11:34:56.602 INFO:teuthology.orchestra.run.smithi083.stdout:/usr/bin/ceph: stderr
2024-04-25T11:34:55.829+0000 7f379b7fe700 1 -- 172.21.15.83:0/733964573 <== mon.0 v2:172.21.15.83:3300/0 2 ==== config(26 keys) ==== 1101+0+0 (secure 0 0 0) 0x7f3790004300 con 0x7f379c1090a0
2024-04-25T11:34:56.603 INFO:teuthology.orchestra.run.smithi083.stdout:/usr/bin/ceph: stderr
2024-04-25T11:34:55.829+0000 7f379b7fe700 1 -- 172.21.15.83:0/733964573 <== mon.0 v2:172.21.15.83:3300/0 3 ==== mon_map magic: 0 ==== 205+0+0 (secure 0 0 0) 0x7f3790011a20 con 0x7f379c1090a0
2024-04-25T11:34:56.603 INFO:teuthology.orchestra.run.smithi083.stdout:/usr/bin/ceph: stderr
2024-04-25T11:34:55.829+0000 7f37a2dfa700 1 -- 172.21.15.83:0/733964573 >> [v2:172.21.15.83:3300/0,v1:172.21.15.83:6789/0] conn(0x7f379c1090a0 msgr2=0x7f379c10b490 secure :-1 s=STATE_CONNECTION_ESTABLISHED l=1).mark_down
2024-04-25T11:34:56.603 INFO:teuthology.orchestra.run.smithi083.stdout:/usr/bin/ceph: stderr
2024-04-25T11:34:55.829+0000 7f37a2dfa700 1 --2- 172.21.15.83:0/733964573 >> [v2:172.21.15.83:3300/0,v1:172.21.15.83:6789/0] conn(0x7f379c1090a0 0x7f379c10b490 secure :-1 s=READY pgs=74 cs=0 l=1 rev1=1 crypto rx=0x7f37900098a0 tx=0x7f3790009bb0 comp rx=0 tx=0).stop
2024-04-25T11:34:56.603 INFO:teuthology.orchestra.run.smithi083.stdout:/usr/bin/ceph: stderr
2024-04-25T11:34:55.829+0000 7f37a2dfa700 1 -- 172.21.15.83:0/733964573 shutdown_connections
2024-04-25T11:34:56.603 INFO:teuthology.orchestra.run.smithi083.stdout:/usr/bin/ceph: stderr
2024-04-25T11:34:55.829+0000 7f37a2dfa700 1 --2- 172.21.15.83:0/733964573 >> [v2:172.21.15.83:3300/0,v1:172.21.15.83:6789/0] conn(0x7f379c1090a0 0x7f379c10b490 unknown :-1 s=CLOSED pgs=74 cs=0 l=1 rev1=1 crypto rx=0 tx=0 comp rx=0 tx=0).stop
2024-04-25T11:34:56.603 INFO:teuthology.orchestra.run.smithi083.stdout:/usr/bin/ceph: stderr
2024-04-25T11:34:55.829+0000 7f37a2dfa700 1 -- 172.21.15.83:0/733964573 >> 172.21.15.83:0/733964573 conn(0x7f379c102a70 msgr2=0x7f379c104ed0 unknown :-1 s=STATE_NONE l=0).mark_down
2024-04-25T11:34:56.603 INFO:teuthology.orchestra.run.smithi083.stdout:/usr/bin/ceph: stderr
2024-04-25T11:34:55.829+0000 7f37a2dfa700 1 -- 172.21.15.83:0/733964573 shutdown_connections
2024-04-25T11:34:56.603 INFO:teuthology.orchestra.run.smithi083.stdout:/usr/bin/ceph: stderr
2024-04-25T11:34:55.829+0000 7f37a2dfa700 1 -- 172.21.15.83:0/733964573 wait complete.
2024-04-25T11:34:56.603 INFO:teuthology.orchestra.run.smithi083.stdout:/usr/bin/ceph: stderr
2024-04-25T11:34:55.830+0000 7f37a2dfa700 1 Processor -- start
2024-04-25T11:34:56.603 INFO:teuthology.orchestra.run.smithi083.stdout:/usr/bin/ceph: stderr
2024-04-25T11:34:55.830+0000 7f37a2dfa700 1 -- start start
2024-04-25T11:34:56.603 INFO:teuthology.orchestra.run.smithi083.stdout:/usr/bin/ceph: stderr
2024-04-25T11:34:55.830+0000 7f37a2dfa700 1 --2- >> [v2:172.21.15.83:3300/0,v1:172.21.15.83:6789/0] conn(0x7f379c1090a0 0x7f379c19c430 unknown :-1 s=NONE pgs=0 cs=0 l=1 rev1=0 crypto rx=0 tx=0 comp rx=0 tx=0).connect
2024-04-25T11:34:56.603 INFO:teuthology.orchestra.run.smithi083.stdout:/usr/bin/ceph: stderr
2024-04-25T11:34:55.830+0000 7f37a2dfa700 1 -- --> [v2:172.21.15.83:3300/0,v1:172.21.15.83:6789/0] -- mon_getmap magic: 0 -- 0x7f379c10c9d0 con 0x7f379c1090a0
2024-04-25T11:34:56.603 INFO:teuthology.orchestra.run.smithi083.stdout:/usr/bin/ceph: stderr
2024-04-25T11:34:55.830+0000 7f37a0b96700 1 --2- >> [v2:172.21.15.83:3300/0,v1:172.21.15.83:6789/0] conn(0x7f379c1090a0 0x7f379c19c430 unknown :-1 s=BANNER_CONNECTING pgs=0 cs=0 l=1 rev1=0 crypto rx=0 tx=0 comp rx=0 tx=0)._handle_peer_banner_payload supported=3 required=0
2024-04-25T11:34:56.604 INFO:teuthology.orchestra.run.smithi083.stdout:/usr/bin/ceph: stderr
2024-04-25T11:34:55.830+0000 7f37a0b96700 1 --2- >> [v2:172.21.15.83:3300/0,v1:172.21.15.83:6789/0] conn(0x7f379c1090a0 0x7f379c19c430 unknown :-1 s=HELLO_CONNECTING pgs=0 cs=0 l=1 rev1=1 crypto rx=0 tx=0 comp rx=0 tx=0).handle_hello peer v2:172.21.15.83:3300/0 says I am v2:172.21.15.83:53620/0 (socket says 172.21.15.83:53620)
2024-04-25T11:34:56.604 INFO:teuthology.orchestra.run.smithi083.stdout:/usr/bin/ceph: stderr
2024-04-25T11:34:55.830+0000 7f37a0b96700 1 -- 172.21.15.83:0/2946707777 learned_addr learned my addr 172.21.15.83:0/2946707777 (peer_addr_for_me v2:172.21.15.83:0/0)
2024-04-25T11:34:56.604 INFO:teuthology.orchestra.run.smithi083.stdout:/usr/bin/ceph: stderr
2024-04-25T11:34:55.831+0000 7f37a0b96700 1 -- 172.21.15.83:0/2946707777 --> [v2:172.21.15.83:3300/0,v1:172.21.15.83:6789/0] -- mon_subscribe({config=0+,monmap=0+}) -- 0x7f379c19c970 con 0x7f379c1090a0
2024-04-25T11:34:56.604 INFO:teuthology.orchestra.run.smithi083.stdout:/usr/bin/ceph: stderr
2024-04-25T11:34:55.831+0000 7f37a0b96700 1 --2- 172.21.15.83:0/2946707777 >> [v2:172.21.15.83:3300/0,v1:172.21.15.83:6789/0] conn(0x7f379c1090a0 0x7f379c19c430 secure :-1 s=READY pgs=75 cs=0 l=1 rev1=1 crypto rx=0x7f37900116e0 tx=0x7f3790011aa0 comp rx=0 tx=0).ready entity=mon.0 client_cookie=0 server_cookie=0 in_seq=0 out_seq=0
2024-04-25T11:34:56.604 INFO:teuthology.orchestra.run.smithi083.stdout:/usr/bin/ceph: stderr
2024-04-25T11:34:55.831+0000 7f3799ffb700 1 -- 172.21.15.83:0/2946707777 <== mon.0 v2:172.21.15.83:3300/0 1 ==== mon_map magic: 0 ==== 205+0+0 (secure 0 0 0) 0x7f3790003a60 con 0x7f379c1090a0
2024-04-25T11:34:56.604 INFO:teuthology.orchestra.run.smithi083.stdout:/usr/bin/ceph: stderr
2024-04-25T11:34:55.831+0000 7f3799ffb700 1 -- 172.21.15.83:0/2946707777 <== mon.0 v2:172.21.15.83:3300/0 2 ==== config(26 keys) ==== 1101+0+0 (secure 0 0 0) 0x7f379001b8f0 con 0x7f379c1090a0
2024-04-25T11:34:56.604 INFO:teuthology.orchestra.run.smithi083.stdout:/usr/bin/ceph: stderr
2024-04-25T11:34:55.831+0000 7f3799ffb700 1 -- 172.21.15.83:0/2946707777 <== mon.0 v2:172.21.15.83:3300/0 3 ==== mon_map magic: 0 ==== 205+0+0 (secure 0 0 0) 0x7f3790019860 con 0x7f379c1090a0
2024-04-25T11:34:56.604 INFO:teuthology.orchestra.run.smithi083.stdout:/usr/bin/ceph: stderr
2024-04-25T11:34:55.831+0000 7f37a2dfa700 1 -- 172.21.15.83:0/2946707777 --> [v2:172.21.15.83:3300/0,v1:172.21.15.83:6789/0] -- mon_subscribe({mgrmap=0+}) -- 0x7f379c19cc00 con 0x7f379c1090a0
2024-04-25T11:34:56.604 INFO:teuthology.orchestra.run.smithi083.stdout:/usr/bin/ceph: stderr
2024-04-25T11:34:55.831+0000 7f37a2dfa700 1 -- 172.21.15.83:0/2946707777 --> [v2:172.21.15.83:3300/0,v1:172.21.15.83:6789/0] -- mon_subscribe({osdmap=0}) -- 0x7f379c19f8f0 con 0x7f379c1090a0
2024-04-25T11:34:56.604 INFO:teuthology.orchestra.run.smithi083.stdout:/usr/bin/ceph: stderr
2024-04-25T11:34:55.832+0000 7f3799ffb700 1 -- 172.21.15.83:0/2946707777 <== mon.0 v2:172.21.15.83:3300/0 4 ==== mgrmap(e 12) ==== 46571+0+0 (secure 0 0 0) 0x7f379001b440 con 0x7f379c1090a0
2024-04-25T11:34:56.604 INFO:teuthology.orchestra.run.smithi083.stdout:/usr/bin/ceph: stderr
2024-04-25T11:34:55.832+0000 7f37a2dfa700 1 -- 172.21.15.83:0/2946707777 --> [v2:172.21.15.83:3300/0,v1:172.21.15.83:6789/0] -- mon_command({"prefix": "get_command_descriptions"} v 0) -- 0x7f379c0640a0 con 0x7f379c1090a0
2024-04-25T11:34:56.604 INFO:teuthology.orchestra.run.smithi083.stdout:/usr/bin/ceph: stderr
2024-04-25T11:34:55.832+0000 7f3799ffb700 1 --2- 172.21.15.83:0/2946707777 >> [v2:172.21.15.83:6800/1157946519,v1:172.21.15.83:6801/1157946519] conn(0x7f378c039610 0x7f378c03bad0 unknown :-1 s=NONE pgs=0 cs=0 l=1 rev1=0 crypto rx=0 tx=0 comp rx=0 tx=0).connect
2024-04-25T11:34:56.604 INFO:teuthology.orchestra.run.smithi083.stdout:/usr/bin/ceph: stderr
2024-04-25T11:34:55.832+0000 7f3799ffb700 1 -- 172.21.15.83:0/2946707777 <== mon.0 v2:172.21.15.83:3300/0 5 ==== osd_map(3..3 src has 1..3) ==== 1155+0+0 (secure 0 0 0) 0x7f379004ddd0 con 0x7f379c1090a0
2024-04-25T11:34:56.604 INFO:teuthology.orchestra.run.smithi083.stdout:/usr/bin/ceph: stderr
2024-04-25T11:34:55.832+0000 7f379bfff700 1 --2- 172.21.15.83:0/2946707777 >> [v2:172.21.15.83:6800/1157946519,v1:172.21.15.83:6801/1157946519] conn(0x7f378c039610 0x7f378c03bad0 unknown :-1 s=BANNER_CONNECTING pgs=0 cs=0 l=1 rev1=0 crypto rx=0 tx=0 comp rx=0 tx=0)._handle_peer_banner_payload supported=3 required=0
2024-04-25T11:34:56.605 INFO:teuthology.orchestra.run.smithi083.stdout:/usr/bin/ceph: stderr
2024-04-25T11:34:55.833+0000 7f379bfff700 1 --2- 172.21.15.83:0/2946707777 >> [v2:172.21.15.83:6800/1157946519,v1:172.21.15.83:6801/1157946519] conn(0x7f378c039610 0x7f378c03bad0 secure :-1 s=READY pgs=9 cs=0 l=1 rev1=1 crypto rx=0x7f3788006fd0 tx=0x7f3788006e40 comp rx=0 tx=0).ready entity=mgr.14152 client_cookie=0 server_cookie=0 in_seq=0 out_seq=0
2024-04-25T11:34:56.605 INFO:teuthology.orchestra.run.smithi083.stdout:/usr/bin/ceph: stderr
2024-04-25T11:34:55.837+0000 7f3799ffb700 1 -- 172.21.15.83:0/2946707777 <== mon.0 v2:172.21.15.83:3300/0 6 ==== mon_command_ack([{"prefix": "get_command_descriptions"}]=0 v0) ==== 72+0+188370 (secure 0 0 0) 0x7f3790051030 con 0x7f379c1090a0
2024-04-25T11:34:56.605 INFO:teuthology.orchestra.run.smithi083.stdout:/usr/bin/ceph: stderr
2024-04-25T11:34:55.879+0000 7f3799ffb700 1 -- 172.21.15.83:0/2946707777 <== mon.0 v2:172.21.15.83:3300/0 7 ==== mgrmap(e 13) ==== 46614+0+0 (secure 0 0 0) 0x7f379000fb40 con 0x7f379c1090a0
2024-04-25T11:34:56.605 INFO:teuthology.orchestra.run.smithi083.stdout:/usr/bin/ceph: stderr
2024-04-25T11:34:56.035+0000 7f37a2dfa700 1 -- 172.21.15.83:0/2946707777 --> [v2:172.21.15.83:3300/0,v1:172.21.15.83:6789/0] -- mon_command({"prefix": "config get", "who": "mgr", "key": "mgr/dashboard/ssl_server_port"} v 0) -- 0x7f379c19fac0 con 0x7f379c1090a0
2024-04-25T11:34:56.605 INFO:teuthology.orchestra.run.smithi083.stdout:/usr/bin/ceph: stderr
2024-04-25T11:34:56.035+0000 7f3799ffb700 1 -- 172.21.15.83:0/2946707777 <== mon.0 v2:172.21.15.83:3300/0 8 ==== mon_command_ack([{"prefix": "config get", "who": "mgr", "key": "mgr/dashboard/ssl_server_port"}]=0 v8) ==== 112+0+5 (secure 0 0 0) 0x7f379001f030 con 0x7f379c1090a0
2024-04-25T11:34:56.605 INFO:teuthology.orchestra.run.smithi083.stdout:/usr/bin/ceph: stderr
2024-04-25T11:34:56.037+0000 7f37a2dfa700 1 -- 172.21.15.83:0/2946707777 >> [v2:172.21.15.83:6800/1157946519,v1:172.21.15.83:6801/1157946519] conn(0x7f378c039610 msgr2=0x7f378c03bad0 secure :-1 s=STATE_CONNECTION_ESTABLISHED l=1).mark_down
2024-04-25T11:34:56.605 INFO:teuthology.orchestra.run.smithi083.stdout:/usr/bin/ceph: stderr
2024-04-25T11:34:56.037+0000 7f37a2dfa700 1 --2- 172.21.15.83:0/2946707777 >> [v2:172.21.15.83:6800/1157946519,v1:172.21.15.83:6801/1157946519] conn(0x7f378c039610 0x7f378c03bad0 secure :-1 s=READY pgs=9 cs=0 l=1 rev1=1 crypto rx=0x7f3788006fd0 tx=0x7f3788006e40 comp rx=0 tx=0).stop
2024-04-25T11:34:56.605 INFO:teuthology.orchestra.run.smithi083.stdout:/usr/bin/ceph: stderr
2024-04-25T11:34:56.037+0000 7f37a2dfa700 1 -- 172.21.15.83:0/2946707777 >> [v2:172.21.15.83:3300/0,v1:172.21.15.83:6789/0] conn(0x7f379c1090a0 msgr2=0x7f379c19c430 secure :-1 s=STATE_CONNECTION_ESTABLISHED l=1).mark_down
2024-04-25T11:34:56.605 INFO:teuthology.orchestra.run.smithi083.stdout:/usr/bin/ceph: stderr
2024-04-25T11:34:56.037+0000 7f37a2dfa700 1 --2- 172.21.15.83:0/2946707777 >> [v2:172.21.15.83:3300/0,v1:172.21.15.83:6789/0] conn(0x7f379c1090a0 0x7f379c19c430 secure :-1 s=READY pgs=75 cs=0 l=1 rev1=1 crypto rx=0x7f37900116e0 tx=0x7f3790011aa0 comp rx=0 tx=0).stop
2024-04-25T11:34:56.605 INFO:teuthology.orchestra.run.smithi083.stdout:/usr/bin/ceph: stderr
2024-04-25T11:34:56.037+0000 7f37a2dfa700 1 -- 172.21.15.83:0/2946707777 shutdown_connections
2024-04-25T11:34:56.605 INFO:teuthology.orchestra.run.smithi083.stdout:/usr/bin/ceph: stderr
2024-04-25T11:34:56.037+0000 7f37a2dfa700 1 --2- 172.21.15.83:0/2946707777 >> [v2:172.21.15.83:6800/1157946519,v1:172.21.15.83:6801/1157946519] conn(0x7f378c039610 0x7f378c03bad0 unknown :-1 s=CLOSED pgs=9 cs=0 l=1 rev1=1 crypto rx=0 tx=0 comp rx=0 tx=0).stop
2024-04-25T11:34:56.605 INFO:teuthology.orchestra.run.smithi083.stdout:/usr/bin/ceph: stderr
2024-04-25T11:34:56.037+0000 7f37a2dfa700 1 --2- 172.21.15.83:0/2946707777 >> [v2:172.21.15.83:3300/0,v1:172.21.15.83:6789/0] conn(0x7f379c1090a0 0x7f379c19c430 unknown :-1 s=CLOSED pgs=75 cs=0 l=1 rev1=1 crypto rx=0 tx=0 comp rx=0 tx=0).stop
2024-04-25T11:34:56.605 INFO:teuthology.orchestra.run.smithi083.stdout:/usr/bin/ceph: stderr
2024-04-25T11:34:56.037+0000 7f37a2dfa700 1 -- 172.21.15.83:0/2946707777 >> 172.21.15.83:0/2946707777 conn(0x7f379c102a70 msgr2=0x7f379c103580 unknown :-1 s=STATE_NONE l=0).mark_down
2024-04-25T11:34:56.605 INFO:teuthology.orchestra.run.smithi083.stdout:/usr/bin/ceph: stderr
2024-04-25T11:34:56.037+0000 7f37a2dfa700 1 -- 172.21.15.83:0/2946707777 shutdown_connections
2024-04-25T11:34:56.606 INFO:teuthology.orchestra.run.smithi083.stdout:/usr/bin/ceph: stderr
2024-04-25T11:34:56.037+0000 7f37a2dfa700 1 -- 172.21.15.83:0/2946707777 wait complete.
2024-04-25T11:34:56.608 INFO:teuthology.orchestra.run.smithi083.stdout:Non-zero exit code 1 from systemctl is-enabled firewalld.service
2024-04-25T11:34:56.608 INFO:teuthology.orchestra.run.smithi083.stdout:systemctl: stdout disabled
2024-04-25T11:34:56.615 INFO:teuthology.orchestra.run.smithi083.stdout:Non-zero exit code 3 from systemctl is-active firewalld.service
2024-04-25T11:34:56.615 INFO:teuthology.orchestra.run.smithi083.stdout:systemctl: stdout inactive
2024-04-25T11:34:56.615 INFO:teuthology.orchestra.run.smithi083.stdout:firewalld.service is not enabled
2024-04-25T11:34:56.615 INFO:teuthology.orchestra.run.smithi083.stdout:Not possible to open ports <[8443]>. firewalld.service is not available
2024-04-25T11:34:56.616 INFO:teuthology.orchestra.run.smithi083.stdout:Ceph Dashboard is now available at:
2024-04-25T11:34:56.617 INFO:teuthology.orchestra.run.smithi083.stdout:
2024-04-25T11:34:56.617 INFO:teuthology.orchestra.run.smithi083.stdout: URL: https://smithi083:8443/
2024-04-25T11:34:56.617 INFO:teuthology.orchestra.run.smithi083.stdout: User: admin
2024-04-25T11:34:56.617 INFO:teuthology.orchestra.run.smithi083.stdout: Password: 0wrmay5udq
2024-04-25T11:34:56.617 INFO:teuthology.orchestra.run.smithi083.stdout:
2024-04-25T11:34:56.617 INFO:teuthology.orchestra.run.smithi083.stdout:Saving cluster configuration to /var/lib/ceph/7fcf54c6-02f7-11ef-bc93-c7b262605968/config directory
2024-04-25T11:34:56.618 INFO:teuthology.orchestra.run.smithi083.stdout:Enabling autotune for osd_memory_target
2024-04-25T11:34:57.157 INFO:journalctl@ceph.mon.a.smithi083.stdout:Apr 25 11:34:56 smithi083 ceph-mon[29330]: mgrmap e13: x(active, since 6s)
2024-04-25T11:34:57.157 INFO:journalctl@ceph.mon.a.smithi083.stdout:Apr 25 11:34:56 smithi083 ceph-mon[29330]: from='client.? 172.21.15.83:0/2946707777' entity='client.admin' cmd=[{"prefix": "config get", "who": "mgr", "key": "mgr/dashboard/ssl_server_port"}]: dispatch
2024-04-25T11:34:57.749 INFO:teuthology.orchestra.run.smithi083.stdout:/usr/bin/ceph: stderr
2024-04-25T11:34:57.076+0000 7feab9df2700 1 Processor -- start
2024-04-25T11:34:57.749 INFO:teuthology.orchestra.run.smithi083.stdout:/usr/bin/ceph: stderr
2024-04-25T11:34:57.076+0000 7feab9df2700 1 -- start start
2024-04-25T11:34:57.749 INFO:teuthology.orchestra.run.smithi083.stdout:/usr/bin/ceph: stderr
2024-04-25T11:34:57.076+0000 7feab9df2700 1 --2- >> [v2:172.21.15.83:3300/0,v1:172.21.15.83:6789/0] conn(0x7feab4106e90 0x7feab41072b0 unknown :-1 s=NONE pgs=0 cs=0 l=0 rev1=0 crypto rx=0 tx=0 comp rx=0 tx=0).connect
2024-04-25T11:34:57.749 INFO:teuthology.orchestra.run.smithi083.stdout:/usr/bin/ceph: stderr
2024-04-25T11:34:57.076+0000 7feab9df2700 1 -- --> [v2:172.21.15.83:3300/0,v1:172.21.15.83:6789/0] -- mon_getmap magic: 0 -- 0x7feab4063d00 con 0x7feab4106e90
2024-04-25T11:34:57.749 INFO:teuthology.orchestra.run.smithi083.stdout:/usr/bin/ceph: stderr
2024-04-25T11:34:57.076+0000 7feab37fe700 1 --2- >> [v2:172.21.15.83:3300/0,v1:172.21.15.83:6789/0] conn(0x7feab4106e90 0x7feab41072b0 unknown :-1 s=BANNER_CONNECTING pgs=0 cs=0 l=0 rev1=0 crypto rx=0 tx=0 comp rx=0 tx=0)._handle_peer_banner_payload supported=3 required=0
2024-04-25T11:34:57.750 INFO:teuthology.orchestra.run.smithi083.stdout:/usr/bin/ceph: stderr
2024-04-25T11:34:57.076+0000 7feab37fe700 1 --2- >> [v2:172.21.15.83:3300/0,v1:172.21.15.83:6789/0] conn(0x7feab4106e90 0x7feab41072b0 unknown :-1 s=HELLO_CONNECTING pgs=0 cs=0 l=0 rev1=1 crypto rx=0 tx=0 comp rx=0 tx=0).handle_hello peer v2:172.21.15.83:3300/0 says I am v2:172.21.15.83:53622/0 (socket says 172.21.15.83:53622)
2024-04-25T11:34:57.750 INFO:teuthology.orchestra.run.smithi083.stdout:/usr/bin/ceph: stderr
2024-04-25T11:34:57.076+0000 7feab37fe700 1 -- 172.21.15.83:0/731096353 learned_addr learned my addr 172.21.15.83:0/731096353 (peer_addr_for_me v2:172.21.15.83:0/0)
2024-04-25T11:34:57.750 INFO:teuthology.orchestra.run.smithi083.stdout:/usr/bin/ceph: stderr
2024-04-25T11:34:57.076+0000 7feab37fe700 1 -- 172.21.15.83:0/731096353 --> [v2:172.21.15.83:3300/0,v1:172.21.15.83:6789/0] -- mon_subscribe({config=0+,monmap=0+}) -- 0x7feab41077f0 con 0x7feab4106e90
2024-04-25T11:34:57.750 INFO:teuthology.orchestra.run.smithi083.stdout:/usr/bin/ceph: stderr
2024-04-25T11:34:57.077+0000 7feab37fe700 1 --2- 172.21.15.83:0/731096353 >> [v2:172.21.15.83:3300/0,v1:172.21.15.83:6789/0] conn(0x7feab4106e90 0x7feab41072b0 secure :-1 s=READY pgs=76 cs=0 l=1 rev1=1 crypto rx=0x7feaa40098a0 tx=0x7feaa4009bb0 comp rx=0 tx=0).ready entity=mon.0 client_cookie=3a36d07ae087f391 server_cookie=0 in_seq=0 out_seq=0
2024-04-25T11:34:57.750 INFO:teuthology.orchestra.run.smithi083.stdout:/usr/bin/ceph: stderr
2024-04-25T11:34:57.077+0000 7feab27fc700 1 -- 172.21.15.83:0/731096353 <== mon.0 v2:172.21.15.83:3300/0 1 ==== mon_map magic: 0 ==== 205+0+0 (secure 0 0 0) 0x7feaa4004160 con 0x7feab4106e90
2024-04-25T11:34:57.750 INFO:teuthology.orchestra.run.smithi083.stdout:/usr/bin/ceph: stderr
2024-04-25T11:34:57.077+0000 7feab27fc700 1 -- 172.21.15.83:0/731096353 <== mon.0 v2:172.21.15.83:3300/0 2 ==== config(26 keys) ==== 1101+0+0 (secure 0 0 0) 0x7feaa4004300 con 0x7feab4106e90
2024-04-25T11:34:57.750 INFO:teuthology.orchestra.run.smithi083.stdout:/usr/bin/ceph: stderr
2024-04-25T11:34:57.077+0000 7feab27fc700 1 -- 172.21.15.83:0/731096353 <== mon.0 v2:172.21.15.83:3300/0 3 ==== mon_map magic: 0 ==== 205+0+0 (secure 0 0 0) 0x7feaa4011a20 con 0x7feab4106e90
2024-04-25T11:34:57.750 INFO:teuthology.orchestra.run.smithi083.stdout:/usr/bin/ceph: stderr
2024-04-25T11:34:57.077+0000 7feab9df2700 1 -- 172.21.15.83:0/731096353 >> [v2:172.21.15.83:3300/0,v1:172.21.15.83:6789/0] conn(0x7feab4106e90 msgr2=0x7feab41072b0 secure :-1 s=STATE_CONNECTION_ESTABLISHED l=1).mark_down
2024-04-25T11:34:57.750 INFO:teuthology.orchestra.run.smithi083.stdout:/usr/bin/ceph: stderr
2024-04-25T11:34:57.077+0000 7feab9df2700 1 --2- 172.21.15.83:0/731096353 >> [v2:172.21.15.83:3300/0,v1:172.21.15.83:6789/0] conn(0x7feab4106e90 0x7feab41072b0 secure :-1 s=READY pgs=76 cs=0 l=1 rev1=1 crypto rx=0x7feaa40098a0 tx=0x7feaa4009bb0 comp rx=0 tx=0).stop
2024-04-25T11:34:57.750 INFO:teuthology.orchestra.run.smithi083.stdout:/usr/bin/ceph: stderr
2024-04-25T11:34:57.077+0000 7feab9df2700 1 -- 172.21.15.83:0/731096353 shutdown_connections
2024-04-25T11:34:57.750 INFO:teuthology.orchestra.run.smithi083.stdout:/usr/bin/ceph: stderr
2024-04-25T11:34:57.077+0000 7feab9df2700 1 --2- 172.21.15.83:0/731096353 >> [v2:172.21.15.83:3300/0,v1:172.21.15.83:6789/0] conn(0x7feab4106e90 0x7feab41072b0 unknown :-1 s=CLOSED pgs=76 cs=0 l=1 rev1=1 crypto rx=0 tx=0 comp rx=0 tx=0).stop
2024-04-25T11:34:57.750 INFO:teuthology.orchestra.run.smithi083.stdout:/usr/bin/ceph: stderr
2024-04-25T11:34:57.077+0000 7feab9df2700 1 -- 172.21.15.83:0/731096353 >> 172.21.15.83:0/731096353 conn(0x7feab4102ab0 msgr2=0x7feab4104ed0 unknown :-1 s=STATE_NONE l=0).mark_down
2024-04-25T11:34:57.751 INFO:teuthology.orchestra.run.smithi083.stdout:/usr/bin/ceph: stderr
2024-04-25T11:34:57.077+0000 7feab9df2700 1 -- 172.21.15.83:0/731096353 shutdown_connections
2024-04-25T11:34:57.751 INFO:teuthology.orchestra.run.smithi083.stdout:/usr/bin/ceph: stderr
2024-04-25T11:34:57.078+0000 7feab9df2700 1 -- 172.21.15.83:0/731096353 wait complete.
2024-04-25T11:34:57.751 INFO:teuthology.orchestra.run.smithi083.stdout:/usr/bin/ceph: stderr
2024-04-25T11:34:57.078+0000 7feab9df2700 1 Processor -- start
2024-04-25T11:34:57.751 INFO:teuthology.orchestra.run.smithi083.stdout:/usr/bin/ceph: stderr
2024-04-25T11:34:57.078+0000 7feab9df2700 1 -- start start
2024-04-25T11:34:57.751 INFO:teuthology.orchestra.run.smithi083.stdout:/usr/bin/ceph: stderr
2024-04-25T11:34:57.078+0000 7feab9df2700 1 --2- >> [v2:172.21.15.83:3300/0,v1:172.21.15.83:6789/0] conn(0x7feab4106e90 0x7feab419e610 unknown :-1 s=NONE pgs=0 cs=0 l=1 rev1=0 crypto rx=0 tx=0 comp rx=0 tx=0).connect
2024-04-25T11:34:57.751 INFO:teuthology.orchestra.run.smithi083.stdout:/usr/bin/ceph: stderr
2024-04-25T11:34:57.078+0000 7feab9df2700 1 -- --> [v2:172.21.15.83:3300/0,v1:172.21.15.83:6789/0] -- mon_getmap magic: 0 -- 0x7feab4108860 con 0x7feab4106e90
2024-04-25T11:34:57.751 INFO:teuthology.orchestra.run.smithi083.stdout:/usr/bin/ceph: stderr
2024-04-25T11:34:57.079+0000 7feab37fe700 1 --2- >> [v2:172.21.15.83:3300/0,v1:172.21.15.83:6789/0] conn(0x7feab4106e90 0x7feab419e610 unknown :-1 s=BANNER_CONNECTING pgs=0 cs=0 l=1 rev1=0 crypto rx=0 tx=0 comp rx=0 tx=0)._handle_peer_banner_payload supported=3 required=0
2024-04-25T11:34:57.751 INFO:teuthology.orchestra.run.smithi083.stdout:/usr/bin/ceph: stderr
2024-04-25T11:34:57.079+0000 7feab37fe700 1 --2- >> [v2:172.21.15.83:3300/0,v1:172.21.15.83:6789/0] conn(0x7feab4106e90 0x7feab419e610 unknown :-1 s=HELLO_CONNECTING pgs=0 cs=0 l=1 rev1=1 crypto rx=0 tx=0 comp rx=0 tx=0).handle_hello peer v2:172.21.15.83:3300/0 says I am v2:172.21.15.83:53624/0 (socket says 172.21.15.83:53624)
2024-04-25T11:34:57.751 INFO:teuthology.orchestra.run.smithi083.stdout:/usr/bin/ceph: stderr
2024-04-25T11:34:57.079+0000 7feab37fe700 1 -- 172.21.15.83:0/1306901479 learned_addr learned my addr 172.21.15.83:0/1306901479 (peer_addr_for_me v2:172.21.15.83:0/0)
2024-04-25T11:34:57.751 INFO:teuthology.orchestra.run.smithi083.stdout:/usr/bin/ceph: stderr
2024-04-25T11:34:57.079+0000 7feab37fe700 1 -- 172.21.15.83:0/1306901479 --> [v2:172.21.15.83:3300/0,v1:172.21.15.83:6789/0] -- mon_subscribe({config=0+,monmap=0+}) -- 0x7feab419eb50 con 0x7feab4106e90
2024-04-25T11:34:57.751 INFO:teuthology.orchestra.run.smithi083.stdout:/usr/bin/ceph: stderr
2024-04-25T11:34:57.079+0000 7feab37fe700 1 --2- 172.21.15.83:0/1306901479 >> [v2:172.21.15.83:3300/0,v1:172.21.15.83:6789/0] conn(0x7feab4106e90 0x7feab419e610 secure :-1 s=READY pgs=77 cs=0 l=1 rev1=1 crypto rx=0x7feaa4000c00 tx=0x7feaa4011aa0 comp rx=0 tx=0).ready entity=mon.0 client_cookie=0 server_cookie=0 in_seq=0 out_seq=0
2024-04-25T11:34:57.751 INFO:teuthology.orchestra.run.smithi083.stdout:/usr/bin/ceph: stderr
2024-04-25T11:34:57.079+0000 7feab0ff9700 1 -- 172.21.15.83:0/1306901479 <== mon.0 v2:172.21.15.83:3300/0 1 ==== mon_map magic: 0 ==== 205+0+0 (secure 0 0 0) 0x7feaa4003aa0 con 0x7feab4106e90
2024-04-25T11:34:57.751 INFO:teuthology.orchestra.run.smithi083.stdout:/usr/bin/ceph: stderr
2024-04-25T11:34:57.079+0000 7feab0ff9700 1 -- 172.21.15.83:0/1306901479 <== mon.0 v2:172.21.15.83:3300/0 2 ==== config(26 keys) ==== 1101+0+0 (secure 0 0 0) 0x7feaa401b8f0 con 0x7feab4106e90
2024-04-25T11:34:57.751 INFO:teuthology.orchestra.run.smithi083.stdout:/usr/bin/ceph: stderr
2024-04-25T11:34:57.079+0000 7feab9df2700 1 -- 172.21.15.83:0/1306901479 --> [v2:172.21.15.83:3300/0,v1:172.21.15.83:6789/0] -- mon_subscribe({mgrmap=0+}) -- 0x7feab419ede0 con 0x7feab4106e90
2024-04-25T11:34:57.752 INFO:teuthology.orchestra.run.smithi083.stdout:/usr/bin/ceph: stderr
2024-04-25T11:34:57.079+0000 7feab0ff9700 1 -- 172.21.15.83:0/1306901479 <== mon.0 v2:172.21.15.83:3300/0 3 ==== mon_map magic: 0 ==== 205+0+0 (secure 0 0 0) 0x7feaa4023870 con 0x7feab4106e90
2024-04-25T11:34:57.752 INFO:teuthology.orchestra.run.smithi083.stdout:/usr/bin/ceph: stderr
2024-04-25T11:34:57.079+0000 7feab9df2700 1 -- 172.21.15.83:0/1306901479 --> [v2:172.21.15.83:3300/0,v1:172.21.15.83:6789/0] -- mon_subscribe({osdmap=0}) -- 0x7feab41a1ad0 con 0x7feab4106e90
2024-04-25T11:34:57.752 INFO:teuthology.orchestra.run.smithi083.stdout:/usr/bin/ceph: stderr
2024-04-25T11:34:57.080+0000 7feab0ff9700 1 -- 172.21.15.83:0/1306901479 <== mon.0 v2:172.21.15.83:3300/0 4 ==== mgrmap(e 13) ==== 46614+0+0 (secure 0 0 0) 0x7feaa4023b20 con 0x7feab4106e90
2024-04-25T11:34:57.752 INFO:teuthology.orchestra.run.smithi083.stdout:/usr/bin/ceph: stderr
2024-04-25T11:34:57.080+0000 7feab9df2700 1 -- 172.21.15.83:0/1306901479 --> [v2:172.21.15.83:3300/0,v1:172.21.15.83:6789/0] -- mon_command({"prefix": "get_command_descriptions"} v 0) -- 0x7feab40640a0 con 0x7feab4106e90
2024-04-25T11:34:57.752 INFO:teuthology.orchestra.run.smithi083.stdout:/usr/bin/ceph: stderr
2024-04-25T11:34:57.080+0000 7feab0ff9700 1 --2- 172.21.15.83:0/1306901479 >> [v2:172.21.15.83:6800/1157946519,v1:172.21.15.83:6801/1157946519] conn(0x7fea9c039700 0x7fea9c03bbc0 unknown :-1 s=NONE pgs=0 cs=0 l=1 rev1=0 crypto rx=0 tx=0 comp rx=0 tx=0).connect
2024-04-25T11:34:57.752 INFO:teuthology.orchestra.run.smithi083.stdout:/usr/bin/ceph: stderr
2024-04-25T11:34:57.080+0000 7feab0ff9700 1 -- 172.21.15.83:0/1306901479 <== mon.0 v2:172.21.15.83:3300/0 5 ==== osd_map(3..3 src has 1..3) ==== 1155+0+0 (secure 0 0 0) 0x7feaa404e140 con 0x7feab4106e90
2024-04-25T11:34:57.752 INFO:teuthology.orchestra.run.smithi083.stdout:/usr/bin/ceph: stderr
2024-04-25T11:34:57.080+0000 7feab2ffd700 1 --2- 172.21.15.83:0/1306901479 >> [v2:172.21.15.83:6800/1157946519,v1:172.21.15.83:6801/1157946519] conn(0x7fea9c039700 0x7fea9c03bbc0 unknown :-1 s=BANNER_CONNECTING pgs=0 cs=0 l=1 rev1=0 crypto rx=0 tx=0 comp rx=0 tx=0)._handle_peer_banner_payload supported=3 required=0
2024-04-25T11:34:57.752 INFO:teuthology.orchestra.run.smithi083.stdout:/usr/bin/ceph: stderr
2024-04-25T11:34:57.081+0000 7feab2ffd700 1 --2- 172.21.15.83:0/1306901479 >> [v2:172.21.15.83:6800/1157946519,v1:172.21.15.83:6801/1157946519] conn(0x7fea9c039700 0x7fea9c03bbc0 secure :-1 s=READY pgs=10 cs=0 l=1 rev1=1 crypto rx=0x7feaa8006fd0 tx=0x7feaa8006e40 comp rx=0 tx=0).ready entity=mgr.14152 client_cookie=0 server_cookie=0 in_seq=0 out_seq=0
2024-04-25T11:34:57.752 INFO:teuthology.orchestra.run.smithi083.stdout:/usr/bin/ceph: stderr
2024-04-25T11:34:57.085+0000 7feab0ff9700 1 -- 172.21.15.83:0/1306901479 <== mon.0 v2:172.21.15.83:3300/0 6 ==== mon_command_ack([{"prefix": "get_command_descriptions"}]=0 v0) ==== 72+0+188370 (secure 0 0 0) 0x7feaa401f030 con 0x7feab4106e90
2024-04-25T11:34:57.752 INFO:teuthology.orchestra.run.smithi083.stdout:/usr/bin/ceph: stderr
2024-04-25T11:34:57.282+0000 7feab9df2700 1 -- 172.21.15.83:0/1306901479 --> [v2:172.21.15.83:3300/0,v1:172.21.15.83:6789/0] -- mon_command([{prefix=config set, name=osd_memory_target_autotune}] v 0) -- 0x7feab402e1b0 con 0x7feab4106e90
2024-04-25T11:34:57.752 INFO:teuthology.orchestra.run.smithi083.stdout:/usr/bin/ceph: stderr
2024-04-25T11:34:57.283+0000 7feab0ff9700 1 -- 172.21.15.83:0/1306901479 <== mon.0 v2:172.21.15.83:3300/0 7 ==== mon_command_ack([{prefix=config set, name=osd_memory_target_autotune}]=0 v8)=0 v8) ==== 127+0+0 (secure 0 0 0) 0x7feaa4023e10 con 0x7feab4106e90
2024-04-25T11:34:57.752 INFO:teuthology.orchestra.run.smithi083.stdout:/usr/bin/ceph: stderr
2024-04-25T11:34:57.285+0000 7feab9df2700 1 -- 172.21.15.83:0/1306901479 >> [v2:172.21.15.83:6800/1157946519,v1:172.21.15.83:6801/1157946519] conn(0x7fea9c039700 msgr2=0x7fea9c03bbc0 secure :-1 s=STATE_CONNECTION_ESTABLISHED l=1).mark_down
2024-04-25T11:34:57.752 INFO:teuthology.orchestra.run.smithi083.stdout:/usr/bin/ceph: stderr
2024-04-25T11:34:57.285+0000 7feab9df2700 1 --2- 172.21.15.83:0/1306901479 >> [v2:172.21.15.83:6800/1157946519,v1:172.21.15.83:6801/1157946519] conn(0x7fea9c039700 0x7fea9c03bbc0 secure :-1 s=READY pgs=10 cs=0 l=1 rev1=1 crypto rx=0x7feaa8006fd0 tx=0x7feaa8006e40 comp rx=0 tx=0).stop
2024-04-25T11:34:57.752 INFO:teuthology.orchestra.run.smithi083.stdout:/usr/bin/ceph: stderr
2024-04-25T11:34:57.285+0000 7feab9df2700 1 -- 172.21.15.83:0/1306901479 >> [v2:172.21.15.83:3300/0,v1:172.21.15.83:6789/0] conn(0x7feab4106e90 msgr2=0x7feab419e610 secure :-1 s=STATE_CONNECTION_ESTABLISHED l=1).mark_down
2024-04-25T11:34:57.753 INFO:teuthology.orchestra.run.smithi083.stdout:/usr/bin/ceph: stderr
2024-04-25T11:34:57.285+0000 7feab9df2700 1 --2- 172.21.15.83:0/1306901479 >> [v2:172.21.15.83:3300/0,v1:172.21.15.83:6789/0] conn(0x7feab4106e90 0x7feab419e610 secure :-1 s=READY pgs=77 cs=0 l=1 rev1=1 crypto rx=0x7feaa4000c00 tx=0x7feaa4011aa0 comp rx=0 tx=0).stop
2024-04-25T11:34:57.753 INFO:teuthology.orchestra.run.smithi083.stdout:/usr/bin/ceph: stderr
2024-04-25T11:34:57.285+0000 7feab9df2700 1 -- 172.21.15.83:0/1306901479 shutdown_connections
2024-04-25T11:34:57.753 INFO:teuthology.orchestra.run.smithi083.stdout:/usr/bin/ceph: stderr
2024-04-25T11:34:57.285+0000 7feab9df2700 1 --2- 172.21.15.83:0/1306901479 >> [v2:172.21.15.83:6800/1157946519,v1:172.21.15.83:6801/1157946519] conn(0x7fea9c039700 0x7fea9c03bbc0 unknown :-1 s=CLOSED pgs=10 cs=0 l=1 rev1=1 crypto rx=0 tx=0 comp rx=0 tx=0).stop
2024-04-25T11:34:57.753 INFO:teuthology.orchestra.run.smithi083.stdout:/usr/bin/ceph: stderr
2024-04-25T11:34:57.285+0000 7feab9df2700 1 --2- 172.21.15.83:0/1306901479 >> [v2:172.21.15.83:3300/0,v1:172.21.15.83:6789/0] conn(0x7feab4106e90 0x7feab419e610 unknown :-1 s=CLOSED pgs=77 cs=0 l=1 rev1=1 crypto rx=0 tx=0 comp rx=0 tx=0).stop
2024-04-25T11:34:57.753 INFO:teuthology.orchestra.run.smithi083.stdout:/usr/bin/ceph: stderr
2024-04-25T11:34:57.285+0000 7feab9df2700 1 -- 172.21.15.83:0/1306901479 >> 172.21.15.83:0/1306901479 conn(0x7feab4102ab0 msgr2=0x7feab41952b0 unknown :-1 s=STATE_NONE l=0).mark_down
2024-04-25T11:34:57.753 INFO:teuthology.orchestra.run.smithi083.stdout:/usr/bin/ceph: stderr
2024-04-25T11:34:57.285+0000 7feab9df2700 1 -- 172.21.15.83:0/1306901479 shutdown_connections
2024-04-25T11:34:57.753 INFO:teuthology.orchestra.run.smithi083.stdout:/usr/bin/ceph: stderr
2024-04-25T11:34:57.285+0000 7feab9df2700 1 -- 172.21.15.83:0/1306901479 wait complete.
2024-04-25T11:34:59.039 INFO:teuthology.orchestra.run.smithi083.stdout:/usr/bin/ceph: stderr
2024-04-25T11:34:58.173+0000 7fdec1b9f700 1 Processor -- start
2024-04-25T11:34:59.040 INFO:teuthology.orchestra.run.smithi083.stdout:/usr/bin/ceph: stderr
2024-04-25T11:34:58.173+0000 7fdec1b9f700 1 -- start start
2024-04-25T11:34:59.040 INFO:teuthology.orchestra.run.smithi083.stdout:/usr/bin/ceph: stderr
2024-04-25T11:34:58.173+0000 7fdec1b9f700 1 --2- >> [v2:172.21.15.83:3300/0,v1:172.21.15.83:6789/0] conn(0x7fdebc108600 0x7fdebc108a20 unknown :-1 s=NONE pgs=0 cs=0 l=0 rev1=0 crypto rx=0 tx=0 comp rx=0 tx=0).connect
2024-04-25T11:34:59.040 INFO:teuthology.orchestra.run.smithi083.stdout:/usr/bin/ceph: stderr
2024-04-25T11:34:58.173+0000 7fdec1b9f700 1 -- --> [v2:172.21.15.83:3300/0,v1:172.21.15.83:6789/0] -- mon_getmap magic: 0 -- 0x7fdebc108ff0 con 0x7fdebc108600
2024-04-25T11:34:59.040 INFO:teuthology.orchestra.run.smithi083.stdout:/usr/bin/ceph: stderr
2024-04-25T11:34:58.173+0000 7fdebb7fe700 1 --2- >> [v2:172.21.15.83:3300/0,v1:172.21.15.83:6789/0] conn(0x7fdebc108600 0x7fdebc108a20 unknown :-1 s=BANNER_CONNECTING pgs=0 cs=0 l=0 rev1=0 crypto rx=0 tx=0 comp rx=0 tx=0)._handle_peer_banner_payload supported=3 required=0
2024-04-25T11:34:59.040 INFO:teuthology.orchestra.run.smithi083.stdout:/usr/bin/ceph: stderr
2024-04-25T11:34:58.173+0000 7fdebb7fe700 1 --2- >> [v2:172.21.15.83:3300/0,v1:172.21.15.83:6789/0] conn(0x7fdebc108600 0x7fdebc108a20 unknown :-1 s=HELLO_CONNECTING pgs=0 cs=0 l=0 rev1=1 crypto rx=0 tx=0 comp rx=0 tx=0).handle_hello peer v2:172.21.15.83:3300/0 says I am v2:172.21.15.83:53636/0 (socket says 172.21.15.83:53636)
2024-04-25T11:34:59.040 INFO:teuthology.orchestra.run.smithi083.stdout:/usr/bin/ceph: stderr
2024-04-25T11:34:58.173+0000 7fdebb7fe700 1 -- 172.21.15.83:0/1819345298 learned_addr learned my addr 172.21.15.83:0/1819345298 (peer_addr_for_me v2:172.21.15.83:0/0)
2024-04-25T11:34:59.040 INFO:teuthology.orchestra.run.smithi083.stdout:/usr/bin/ceph: stderr
2024-04-25T11:34:58.173+0000 7fdebb7fe700 1 -- 172.21.15.83:0/1819345298 --> [v2:172.21.15.83:3300/0,v1:172.21.15.83:6789/0] -- mon_subscribe({config=0+,monmap=0+}) -- 0x7fdebc1097b0 con 0x7fdebc108600
2024-04-25T11:34:59.040 INFO:teuthology.orchestra.run.smithi083.stdout:/usr/bin/ceph: stderr
2024-04-25T11:34:58.173+0000 7fdebb7fe700 1 --2- 172.21.15.83:0/1819345298 >> [v2:172.21.15.83:3300/0,v1:172.21.15.83:6789/0] conn(0x7fdebc108600 0x7fdebc108a20 secure :-1 s=READY pgs=78 cs=0 l=1 rev1=1 crypto rx=0x7fdeac0098a0 tx=0x7fdeac009bb0 comp rx=0 tx=0).ready entity=mon.0 client_cookie=20fba10bcc2614f4 server_cookie=0 in_seq=0 out_seq=0
2024-04-25T11:34:59.040 INFO:teuthology.orchestra.run.smithi083.stdout:/usr/bin/ceph: stderr
2024-04-25T11:34:58.174+0000 7fdeba7fc700 1 -- 172.21.15.83:0/1819345298 <== mon.0 v2:172.21.15.83:3300/0 1 ==== mon_map magic: 0 ==== 205+0+0 (secure 0 0 0) 0x7fdeac004160 con 0x7fdebc108600
2024-04-25T11:34:59.040 INFO:teuthology.orchestra.run.smithi083.stdout:/usr/bin/ceph: stderr
2024-04-25T11:34:58.174+0000 7fdeba7fc700 1 -- 172.21.15.83:0/1819345298 <== mon.0 v2:172.21.15.83:3300/0 2 ==== config(26 keys) ==== 1101+0+0 (secure 0 0 0) 0x7fdeac004300 con 0x7fdebc108600
2024-04-25T11:34:59.041 INFO:teuthology.orchestra.run.smithi083.stdout:/usr/bin/ceph: stderr
2024-04-25T11:34:58.174+0000 7fdeba7fc700 1 -- 172.21.15.83:0/1819345298 <== mon.0 v2:172.21.15.83:3300/0 3 ==== mon_map magic: 0 ==== 205+0+0 (secure 0 0 0) 0x7fdeac011a20 con 0x7fdebc108600
2024-04-25T11:34:59.041 INFO:teuthology.orchestra.run.smithi083.stdout:/usr/bin/ceph: stderr
2024-04-25T11:34:58.174+0000 7fdec1b9f700 1 -- 172.21.15.83:0/1819345298 >> [v2:172.21.15.83:3300/0,v1:172.21.15.83:6789/0] conn(0x7fdebc108600 msgr2=0x7fdebc108a20 secure :-1 s=STATE_CONNECTION_ESTABLISHED l=1).mark_down
2024-04-25T11:34:59.041 INFO:teuthology.orchestra.run.smithi083.stdout:/usr/bin/ceph: stderr
2024-04-25T11:34:58.174+0000 7fdec1b9f700 1 --2- 172.21.15.83:0/1819345298 >> [v2:172.21.15.83:3300/0,v1:172.21.15.83:6789/0] conn(0x7fdebc108600 0x7fdebc108a20 secure :-1 s=READY pgs=78 cs=0 l=1 rev1=1 crypto rx=0x7fdeac0098a0 tx=0x7fdeac009bb0 comp rx=0 tx=0).stop
2024-04-25T11:34:59.041 INFO:teuthology.orchestra.run.smithi083.stdout:/usr/bin/ceph: stderr
2024-04-25T11:34:58.174+0000 7fdec1b9f700 1 -- 172.21.15.83:0/1819345298 shutdown_connections
2024-04-25T11:34:59.041 INFO:teuthology.orchestra.run.smithi083.stdout:/usr/bin/ceph: stderr
2024-04-25T11:34:58.174+0000 7fdec1b9f700 1 --2- 172.21.15.83:0/1819345298 >> [v2:172.21.15.83:3300/0,v1:172.21.15.83:6789/0] conn(0x7fdebc108600 0x7fdebc108a20 unknown :-1 s=CLOSED pgs=78 cs=0 l=1 rev1=1 crypto rx=0 tx=0 comp rx=0 tx=0).stop
2024-04-25T11:34:59.041 INFO:teuthology.orchestra.run.smithi083.stdout:/usr/bin/ceph: stderr
2024-04-25T11:34:58.174+0000 7fdec1b9f700 1 -- 172.21.15.83:0/1819345298 >> 172.21.15.83:0/1819345298 conn(0x7fdebc103bc0 msgr2=0x7fdebc105fe0 unknown :-1 s=STATE_NONE l=0).mark_down
2024-04-25T11:34:59.041 INFO:teuthology.orchestra.run.smithi083.stdout:/usr/bin/ceph: stderr
2024-04-25T11:34:58.174+0000 7fdec1b9f700 1 -- 172.21.15.83:0/1819345298 shutdown_connections
2024-04-25T11:34:59.041 INFO:teuthology.orchestra.run.smithi083.stdout:/usr/bin/ceph: stderr
2024-04-25T11:34:58.174+0000 7fdec1b9f700 1 -- 172.21.15.83:0/1819345298 wait complete.
2024-04-25T11:34:59.041 INFO:teuthology.orchestra.run.smithi083.stdout:/usr/bin/ceph: stderr
2024-04-25T11:34:58.175+0000 7fdec1b9f700 1 Processor -- start
2024-04-25T11:34:59.041 INFO:teuthology.orchestra.run.smithi083.stdout:/usr/bin/ceph: stderr
2024-04-25T11:34:58.175+0000 7fdec1b9f700 1 -- start start
2024-04-25T11:34:59.041 INFO:teuthology.orchestra.run.smithi083.stdout:/usr/bin/ceph: stderr
2024-04-25T11:34:58.175+0000 7fdec1b9f700 1 --2- >> [v2:172.21.15.83:3300/0,v1:172.21.15.83:6789/0] conn(0x7fdebc19c620 0x7fdebc19ca40 unknown :-1 s=NONE pgs=0 cs=0 l=1 rev1=0 crypto rx=0 tx=0 comp rx=0 tx=0).connect
2024-04-25T11:34:59.041 INFO:teuthology.orchestra.run.smithi083.stdout:/usr/bin/ceph: stderr
2024-04-25T11:34:58.175+0000 7fdec1b9f700 1 -- --> [v2:172.21.15.83:3300/0,v1:172.21.15.83:6789/0] -- mon_getmap magic: 0 -- 0x7fdebc10cb60 con 0x7fdebc19c620
2024-04-25T11:34:59.041 INFO:teuthology.orchestra.run.smithi083.stdout:/usr/bin/ceph: stderr
2024-04-25T11:34:58.175+0000 7fdebb7fe700 1 --2- >> [v2:172.21.15.83:3300/0,v1:172.21.15.83:6789/0] conn(0x7fdebc19c620 0x7fdebc19ca40 unknown :-1 s=BANNER_CONNECTING pgs=0 cs=0 l=1 rev1=0 crypto rx=0 tx=0 comp rx=0 tx=0)._handle_peer_banner_payload supported=3 required=0
2024-04-25T11:34:59.041 INFO:teuthology.orchestra.run.smithi083.stdout:/usr/bin/ceph: stderr
2024-04-25T11:34:58.175+0000 7fdebb7fe700 1 --2- >> [v2:172.21.15.83:3300/0,v1:172.21.15.83:6789/0] conn(0x7fdebc19c620 0x7fdebc19ca40 unknown :-1 s=HELLO_CONNECTING pgs=0 cs=0 l=1 rev1=1 crypto rx=0 tx=0 comp rx=0 tx=0).handle_hello peer v2:172.21.15.83:3300/0 says I am v2:172.21.15.83:53646/0 (socket says 172.21.15.83:53646)
2024-04-25T11:34:59.042 INFO:teuthology.orchestra.run.smithi083.stdout:/usr/bin/ceph: stderr
2024-04-25T11:34:58.175+0000 7fdebb7fe700 1 -- 172.21.15.83:0/3367465031 learned_addr learned my addr 172.21.15.83:0/3367465031 (peer_addr_for_me v2:172.21.15.83:0/0)
2024-04-25T11:34:59.042 INFO:teuthology.orchestra.run.smithi083.stdout:/usr/bin/ceph: stderr
2024-04-25T11:34:58.176+0000 7fdebb7fe700 1 -- 172.21.15.83:0/3367465031 --> [v2:172.21.15.83:3300/0,v1:172.21.15.83:6789/0] -- mon_subscribe({config=0+,monmap=0+}) -- 0x7fdebc19cf80 con 0x7fdebc19c620
2024-04-25T11:34:59.042 INFO:teuthology.orchestra.run.smithi083.stdout:/usr/bin/ceph: stderr
2024-04-25T11:34:58.176+0000 7fdebb7fe700 1 --2- 172.21.15.83:0/3367465031 >> [v2:172.21.15.83:3300/0,v1:172.21.15.83:6789/0] conn(0x7fdebc19c620 0x7fdebc19ca40 secure :-1 s=READY pgs=79 cs=0 l=1 rev1=1 crypto rx=0x7fdeac015000 tx=0x7fdeac0117c0 comp rx=0 tx=0).ready entity=mon.0 client_cookie=0 server_cookie=0 in_seq=0 out_seq=0
2024-04-25T11:34:59.042 INFO:teuthology.orchestra.run.smithi083.stdout:/usr/bin/ceph: stderr
2024-04-25T11:34:58.176+0000 7fdeb8ff9700 1 -- 172.21.15.83:0/3367465031 <== mon.0 v2:172.21.15.83:3300/0 1 ==== mon_map magic: 0 ==== 205+0+0 (secure 0 0 0) 0x7fdeac011ad0 con 0x7fdebc19c620
2024-04-25T11:34:59.042 INFO:teuthology.orchestra.run.smithi083.stdout:/usr/bin/ceph: stderr
2024-04-25T11:34:58.176+0000 7fdec1b9f700 1 -- 172.21.15.83:0/3367465031 --> [v2:172.21.15.83:3300/0,v1:172.21.15.83:6789/0] -- mon_subscribe({mgrmap=0+}) -- 0x7fdebc19d210 con 0x7fdebc19c620
2024-04-25T11:34:59.042 INFO:teuthology.orchestra.run.smithi083.stdout:/usr/bin/ceph: stderr
2024-04-25T11:34:58.176+0000 7fdeb8ff9700 1 -- 172.21.15.83:0/3367465031 <== mon.0 v2:172.21.15.83:3300/0 2 ==== config(26 keys) ==== 1101+0+0 (secure 0 0 0) 0x7fdeac003b50 con 0x7fdebc19c620
2024-04-25T11:34:59.042 INFO:teuthology.orchestra.run.smithi083.stdout:/usr/bin/ceph: stderr
2024-04-25T11:34:58.176+0000 7fdeb8ff9700 1 -- 172.21.15.83:0/3367465031 <== mon.0 v2:172.21.15.83:3300/0 3 ==== mon_map magic: 0 ==== 205+0+0 (secure 0 0 0) 0x7fdeac01be40 con 0x7fdebc19c620
2024-04-25T11:34:59.042 INFO:teuthology.orchestra.run.smithi083.stdout:/usr/bin/ceph: stderr
2024-04-25T11:34:58.176+0000 7fdec1b9f700 1 -- 172.21.15.83:0/3367465031 --> [v2:172.21.15.83:3300/0,v1:172.21.15.83:6789/0] -- mon_subscribe({osdmap=0}) -- 0x7fdebc19fcf0 con 0x7fdebc19c620
2024-04-25T11:34:59.042 INFO:teuthology.orchestra.run.smithi083.stdout:/usr/bin/ceph: stderr
2024-04-25T11:34:58.177+0000 7fdeb8ff9700 1 -- 172.21.15.83:0/3367465031 <== mon.0 v2:172.21.15.83:3300/0 4 ==== mgrmap(e 13) ==== 46614+0+0 (secure 0 0 0) 0x7fdeac01c450 con 0x7fdebc19c620
2024-04-25T11:34:59.042 INFO:teuthology.orchestra.run.smithi083.stdout:/usr/bin/ceph: stderr
2024-04-25T11:34:58.177+0000 7fdec1b9f700 1 -- 172.21.15.83:0/3367465031 --> [v2:172.21.15.83:3300/0,v1:172.21.15.83:6789/0] -- mon_command({"prefix": "get_command_descriptions"} v 0) -- 0x7fdebc10cce0 con 0x7fdebc19c620
2024-04-25T11:34:59.042 INFO:teuthology.orchestra.run.smithi083.stdout:/usr/bin/ceph: stderr
2024-04-25T11:34:58.177+0000 7fdeb8ff9700 1 --2- 172.21.15.83:0/3367465031 >> [v2:172.21.15.83:6800/1157946519,v1:172.21.15.83:6801/1157946519] conn(0x7fdea4039650 0x7fdea403bb10 unknown :-1 s=NONE pgs=0 cs=0 l=1 rev1=0 crypto rx=0 tx=0 comp rx=0 tx=0).connect
2024-04-25T11:34:59.042 INFO:teuthology.orchestra.run.smithi083.stdout:/usr/bin/ceph: stderr
2024-04-25T11:34:58.177+0000 7fdeb8ff9700 1 -- 172.21.15.83:0/3367465031 <== mon.0 v2:172.21.15.83:3300/0 5 ==== osd_map(3..3 src has 1..3) ==== 1155+0+0 (secure 0 0 0) 0x7fdeac04e490 con 0x7fdebc19c620
2024-04-25T11:34:59.042 INFO:teuthology.orchestra.run.smithi083.stdout:/usr/bin/ceph: stderr
2024-04-25T11:34:58.177+0000 7fdebaffd700 1 --2- 172.21.15.83:0/3367465031 >> [v2:172.21.15.83:6800/1157946519,v1:172.21.15.83:6801/1157946519] conn(0x7fdea4039650 0x7fdea403bb10 unknown :-1 s=BANNER_CONNECTING pgs=0 cs=0 l=1 rev1=0 crypto rx=0 tx=0 comp rx=0 tx=0)._handle_peer_banner_payload supported=3 required=0
2024-04-25T11:34:59.043 INFO:teuthology.orchestra.run.smithi083.stdout:/usr/bin/ceph: stderr
2024-04-25T11:34:58.177+0000 7fdebaffd700 1 --2- 172.21.15.83:0/3367465031 >> [v2:172.21.15.83:6800/1157946519,v1:172.21.15.83:6801/1157946519] conn(0x7fdea4039650 0x7fdea403bb10 secure :-1 s=READY pgs=11 cs=0 l=1 rev1=1 crypto rx=0x7fdeb0006fd0 tx=0x7fdeb0006e40 comp rx=0 tx=0).ready entity=mgr.14152 client_cookie=0 server_cookie=0 in_seq=0 out_seq=0
2024-04-25T11:34:59.043 INFO:teuthology.orchestra.run.smithi083.stdout:/usr/bin/ceph: stderr
2024-04-25T11:34:58.182+0000 7fdeb8ff9700 1 -- 172.21.15.83:0/3367465031 <== mon.0 v2:172.21.15.83:3300/0 6 ==== mon_command_ack([{"prefix": "get_command_descriptions"}]=0 v0) ==== 72+0+188370 (secure 0 0 0) 0x7fdeac00b640 con 0x7fdebc19c620
