2024-04-25T11:34:24.756 INFO:teuthology.orchestra.run.smithi083.stdout:/usr/bin/ceph: stderr
2024-04-25T11:34:24.168+0000 7f17d5d9b700 1 --2- 172.21.15.83:0/2106141325 >> [v2:172.21.15.83:6800/1639787889,v1:172.21.15.83:6801/1639787889] conn(0x7f17c003cc60 0x7f17c003f050 secure :-1 s=READY pgs=1 cs=0 l=1 rev1=1 crypto rx=0x7f17cc003a10 tx=0x7f17cc009290 comp rx=0 tx=0).ready entity=mgr.14120 client_cookie=0 server_cookie=0 in_seq=0 out_seq=0
2024-04-25T11:34:24.756 INFO:teuthology.orchestra.run.smithi083.stdout:/usr/bin/ceph: stderr
2024-04-25T11:34:24.168+0000 7f17c77fe700 1 -- 172.21.15.83:0/2106141325 <== mgr.14120 v2:172.21.15.83:6800/1639787889 1 ==== command_reply(tid 0: 0 ) ==== 8+0+7774 (secure 0 0 0) 0x7f17c8007da0 con 0x7f17c003cc60
2024-04-25T11:34:24.756 INFO:teuthology.orchestra.run.smithi083.stdout:/usr/bin/ceph: stderr
2024-04-25T11:34:24.174+0000 7f17dcd20700 1 -- 172.21.15.83:0/2106141325 --> [v2:172.21.15.83:6800/1639787889,v1:172.21.15.83:6801/1639787889] -- command(tid 1: {"prefix": "mgr_status"}) -- 0x7f17d8104e10 con 0x7f17c003cc60
2024-04-25T11:34:24.756 INFO:teuthology.orchestra.run.smithi083.stdout:/usr/bin/ceph: stderr
2024-04-25T11:34:24.175+0000 7f17c77fe700 1 -- 172.21.15.83:0/2106141325 <== mgr.14120 v2:172.21.15.83:6800/1639787889 2 ==== command_reply(tid 1: 0 ) ==== 8+0+51 (secure 0 0 0) 0x7f17d8104e10 con 0x7f17c003cc60
2024-04-25T11:34:24.756 INFO:teuthology.orchestra.run.smithi083.stdout:/usr/bin/ceph: stderr
2024-04-25T11:34:24.175+0000 7f17dcd20700 1 -- 172.21.15.83:0/2106141325 >> [v2:172.21.15.83:6800/1639787889,v1:172.21.15.83:6801/1639787889] conn(0x7f17c003cc60 msgr2=0x7f17c003f050 secure :-1 s=STATE_CONNECTION_ESTABLISHED l=1).mark_down
2024-04-25T11:34:24.757 INFO:teuthology.orchestra.run.smithi083.stdout:/usr/bin/ceph: stderr
2024-04-25T11:34:24.175+0000 7f17dcd20700 1 --2- 172.21.15.83:0/2106141325 >> [v2:172.21.15.83:6800/1639787889,v1:172.21.15.83:6801/1639787889] conn(0x7f17c003cc60 0x7f17c003f050 secure :-1 s=READY pgs=1 cs=0 l=1 rev1=1 crypto rx=0x7f17cc003a10 tx=0x7f17cc009290 comp rx=0 tx=0).stop
2024-04-25T11:34:24.757 INFO:teuthology.orchestra.run.smithi083.stdout:/usr/bin/ceph: stderr
2024-04-25T11:34:24.175+0000 7f17dcd20700 1 -- 172.21.15.83:0/2106141325 >> [v2:172.21.15.83:3300/0,v1:172.21.15.83:6789/0] conn(0x7f17d807de30 msgr2=0x7f17d819e670 secure :-1 s=STATE_CONNECTION_ESTABLISHED l=1).mark_down
2024-04-25T11:34:24.757 INFO:teuthology.orchestra.run.smithi083.stdout:/usr/bin/ceph: stderr
2024-04-25T11:34:24.175+0000 7f17dcd20700 1 --2- 172.21.15.83:0/2106141325 >> [v2:172.21.15.83:3300/0,v1:172.21.15.83:6789/0] conn(0x7f17d807de30 0x7f17d819e670 secure :-1 s=READY pgs=29 cs=0 l=1 rev1=1 crypto rx=0x7f17c8003f40 tx=0x7f17c8011890 comp rx=0 tx=0).stop
2024-04-25T11:34:24.757 INFO:teuthology.orchestra.run.smithi083.stdout:/usr/bin/ceph: stderr
2024-04-25T11:34:24.175+0000 7f17dcd20700 1 -- 172.21.15.83:0/2106141325 shutdown_connections
2024-04-25T11:34:24.757 INFO:teuthology.orchestra.run.smithi083.stdout:/usr/bin/ceph: stderr
2024-04-25T11:34:24.175+0000 7f17dcd20700 1 --2- 172.21.15.83:0/2106141325 >> [v2:172.21.15.83:6800/1639787889,v1:172.21.15.83:6801/1639787889] conn(0x7f17c003cc60 0x7f17c003f050 unknown :-1 s=CLOSED pgs=1 cs=0 l=1 rev1=1 crypto rx=0 tx=0 comp rx=0 tx=0).stop
2024-04-25T11:34:24.757 INFO:teuthology.orchestra.run.smithi083.stdout:/usr/bin/ceph: stderr
2024-04-25T11:34:24.175+0000 7f17dcd20700 1 --2- 172.21.15.83:0/2106141325 >> [v2:172.21.15.83:3300/0,v1:172.21.15.83:6789/0] conn(0x7f17d807de30 0x7f17d819e670 unknown :-1 s=CLOSED pgs=29 cs=0 l=1 rev1=1 crypto rx=0 tx=0 comp rx=0 tx=0).stop
2024-04-25T11:34:24.757 INFO:teuthology.orchestra.run.smithi083.stdout:/usr/bin/ceph: stderr
2024-04-25T11:34:24.175+0000 7f17dcd20700 1 --2- 172.21.15.83:0/2106141325 >> [v2:172.21.15.83:6800/3997740373,v1:172.21.15.83:6801/3997740373] conn(0x7f17c0039560 0x7f17c003ba20 unknown :-1 s=CLOSED pgs=0 cs=0 l=1 rev1=0 crypto rx=0 tx=0 comp rx=0 tx=0).stop
2024-04-25T11:34:24.757 INFO:teuthology.orchestra.run.smithi083.stdout:/usr/bin/ceph: stderr
2024-04-25T11:34:24.175+0000 7f17dcd20700 1 -- 172.21.15.83:0/2106141325 >> 172.21.15.83:0/2106141325 conn(0x7f17d8103b70 msgr2=0x7f17d8104700 unknown :-1 s=STATE_NONE l=0).mark_down
2024-04-25T11:34:24.757 INFO:teuthology.orchestra.run.smithi083.stdout:/usr/bin/ceph: stderr
2024-04-25T11:34:24.175+0000 7f17dcd20700 1 -- 172.21.15.83:0/2106141325 shutdown_connections
2024-04-25T11:34:24.757 INFO:teuthology.orchestra.run.smithi083.stdout:/usr/bin/ceph: stderr
2024-04-25T11:34:24.175+0000 7f17dcd20700 1 -- 172.21.15.83:0/2106141325 wait complete.
2024-04-25T11:34:24.758 INFO:teuthology.orchestra.run.smithi083.stdout:mgr epoch 5 is available
2024-04-25T11:34:24.758 INFO:teuthology.orchestra.run.smithi083.stdout:Setting orchestrator backend to cephadm...
2024-04-25T11:34:25.385 INFO:journalctl@ceph.mon.a.smithi083.stdout:Apr 25 11:34:25 smithi083 ceph-mon[29330]: from='client.14124 -' entity='client.admin' cmd=[{"prefix": "get_command_descriptions"}]: dispatch
2024-04-25T11:34:25.385 INFO:journalctl@ceph.mon.a.smithi083.stdout:Apr 25 11:34:25 smithi083 ceph-mon[29330]: from='client.14124 -' entity='client.admin' cmd=[{"prefix": "mgr_status"}]: dispatch
2024-04-25T11:34:25.385 INFO:journalctl@ceph.mon.a.smithi083.stdout:Apr 25 11:34:25 smithi083 ceph-mon[29330]: [25/Apr/2024:11:34:24] ENGINE Bus STARTING
2024-04-25T11:34:25.385 INFO:journalctl@ceph.mon.a.smithi083.stdout:Apr 25 11:34:25 smithi083 ceph-mon[29330]: [25/Apr/2024:11:34:24] ENGINE Serving on https://172.21.15.83:7150
2024-04-25T11:34:25.386 INFO:journalctl@ceph.mon.a.smithi083.stdout:Apr 25 11:34:25 smithi083 ceph-mon[29330]: from='mgr.14120 172.21.15.83:0/844117575' entity='mgr.x' cmd=[{"prefix": "config dump", "format": "json"}]: dispatch
2024-04-25T11:34:25.989 INFO:teuthology.orchestra.run.smithi083.stdout:/usr/bin/ceph: stderr
2024-04-25T11:34:25.172+0000 7f16e9ece700 1 Processor -- start
2024-04-25T11:34:25.989 INFO:teuthology.orchestra.run.smithi083.stdout:/usr/bin/ceph: stderr
2024-04-25T11:34:25.172+0000 7f16e9ece700 1 -- start start
2024-04-25T11:34:25.989 INFO:teuthology.orchestra.run.smithi083.stdout:/usr/bin/ceph: stderr
2024-04-25T11:34:25.172+0000 7f16e9ece700 1 --2- >> [v2:172.21.15.83:3300/0,v1:172.21.15.83:6789/0] conn(0x7f16e41068b0 0x7f16e4106cd0 unknown :-1 s=NONE pgs=0 cs=0 l=0 rev1=0 crypto rx=0 tx=0 comp rx=0 tx=0).connect
2024-04-25T11:34:25.989 INFO:teuthology.orchestra.run.smithi083.stdout:/usr/bin/ceph: stderr
2024-04-25T11:34:25.172+0000 7f16e9ece700 1 -- --> [v2:172.21.15.83:3300/0,v1:172.21.15.83:6789/0] -- mon_getmap magic: 0 -- 0x7f16e41072a0 con 0x7f16e41068b0
2024-04-25T11:34:25.989 INFO:teuthology.orchestra.run.smithi083.stdout:/usr/bin/ceph: stderr
2024-04-25T11:34:25.172+0000 7f16e37fe700 1 --2- >> [v2:172.21.15.83:3300/0,v1:172.21.15.83:6789/0] conn(0x7f16e41068b0 0x7f16e4106cd0 unknown :-1 s=BANNER_CONNECTING pgs=0 cs=0 l=0 rev1=0 crypto rx=0 tx=0 comp rx=0 tx=0)._handle_peer_banner_payload supported=3 required=0
2024-04-25T11:34:25.989 INFO:teuthology.orchestra.run.smithi083.stdout:/usr/bin/ceph: stderr
2024-04-25T11:34:25.172+0000 7f16e37fe700 1 --2- >> [v2:172.21.15.83:3300/0,v1:172.21.15.83:6789/0] conn(0x7f16e41068b0 0x7f16e4106cd0 unknown :-1 s=HELLO_CONNECTING pgs=0 cs=0 l=0 rev1=1 crypto rx=0 tx=0 comp rx=0 tx=0).handle_hello peer v2:172.21.15.83:3300/0 says I am v2:172.21.15.83:42120/0 (socket says 172.21.15.83:42120)
2024-04-25T11:34:25.989 INFO:teuthology.orchestra.run.smithi083.stdout:/usr/bin/ceph: stderr
2024-04-25T11:34:25.172+0000 7f16e37fe700 1 -- 172.21.15.83:0/2579169716 learned_addr learned my addr 172.21.15.83:0/2579169716 (peer_addr_for_me v2:172.21.15.83:0/0)
2024-04-25T11:34:25.989 INFO:teuthology.orchestra.run.smithi083.stdout:/usr/bin/ceph: stderr
2024-04-25T11:34:25.172+0000 7f16e37fe700 1 -- 172.21.15.83:0/2579169716 --> [v2:172.21.15.83:3300/0,v1:172.21.15.83:6789/0] -- mon_subscribe({config=0+,monmap=0+}) -- 0x7f16e4109890 con 0x7f16e41068b0
2024-04-25T11:34:25.989 INFO:teuthology.orchestra.run.smithi083.stdout:/usr/bin/ceph: stderr
2024-04-25T11:34:25.173+0000 7f16e37fe700 1 --2- 172.21.15.83:0/2579169716 >> [v2:172.21.15.83:3300/0,v1:172.21.15.83:6789/0] conn(0x7f16e41068b0 0x7f16e4106cd0 secure :-1 s=READY pgs=37 cs=0 l=1 rev1=1 crypto rx=0x7f16d40098a0 tx=0x7f16d4009bb0 comp rx=0 tx=0).ready entity=mon.0 client_cookie=dfb4a0e0988d19ff server_cookie=0 in_seq=0 out_seq=0
2024-04-25T11:34:25.990 INFO:teuthology.orchestra.run.smithi083.stdout:/usr/bin/ceph: stderr
2024-04-25T11:34:25.173+0000 7f16e27fc700 1 -- 172.21.15.83:0/2579169716 <== mon.0 v2:172.21.15.83:3300/0 1 ==== mon_map magic: 0 ==== 205+0+0 (secure 0 0 0) 0x7f16d4004160 con 0x7f16e41068b0
2024-04-25T11:34:25.990 INFO:teuthology.orchestra.run.smithi083.stdout:/usr/bin/ceph: stderr
2024-04-25T11:34:25.173+0000 7f16e27fc700 1 -- 172.21.15.83:0/2579169716 <== mon.0 v2:172.21.15.83:3300/0 2 ==== config(26 keys) ==== 1070+0+0 (secure 0 0 0) 0x7f16d4004300 con 0x7f16e41068b0
2024-04-25T11:34:25.990 INFO:teuthology.orchestra.run.smithi083.stdout:/usr/bin/ceph: stderr
2024-04-25T11:34:25.173+0000 7f16e27fc700 1 -- 172.21.15.83:0/2579169716 <== mon.0 v2:172.21.15.83:3300/0 3 ==== mon_map magic: 0 ==== 205+0+0 (secure 0 0 0) 0x7f16d4011af0 con 0x7f16e41068b0
2024-04-25T11:34:25.990 INFO:teuthology.orchestra.run.smithi083.stdout:/usr/bin/ceph: stderr
2024-04-25T11:34:25.173+0000 7f16e9ece700 1 -- 172.21.15.83:0/2579169716 >> [v2:172.21.15.83:3300/0,v1:172.21.15.83:6789/0] conn(0x7f16e41068b0 msgr2=0x7f16e4106cd0 secure :-1 s=STATE_CONNECTION_ESTABLISHED l=1).mark_down
2024-04-25T11:34:25.990 INFO:teuthology.orchestra.run.smithi083.stdout:/usr/bin/ceph: stderr
2024-04-25T11:34:25.173+0000 7f16e9ece700 1 --2- 172.21.15.83:0/2579169716 >> [v2:172.21.15.83:3300/0,v1:172.21.15.83:6789/0] conn(0x7f16e41068b0 0x7f16e4106cd0 secure :-1 s=READY pgs=37 cs=0 l=1 rev1=1 crypto rx=0x7f16d40098a0 tx=0x7f16d4009bb0 comp rx=0 tx=0).stop
2024-04-25T11:34:25.990 INFO:teuthology.orchestra.run.smithi083.stdout:/usr/bin/ceph: stderr
2024-04-25T11:34:25.173+0000 7f16e9ece700 1 -- 172.21.15.83:0/2579169716 shutdown_connections
2024-04-25T11:34:25.990 INFO:teuthology.orchestra.run.smithi083.stdout:/usr/bin/ceph: stderr
2024-04-25T11:34:25.173+0000 7f16e9ece700 1 --2- 172.21.15.83:0/2579169716 >> [v2:172.21.15.83:3300/0,v1:172.21.15.83:6789/0] conn(0x7f16e41068b0 0x7f16e4106cd0 unknown :-1 s=CLOSED pgs=37 cs=0 l=1 rev1=1 crypto rx=0 tx=0 comp rx=0 tx=0).stop
2024-04-25T11:34:25.990 INFO:teuthology.orchestra.run.smithi083.stdout:/usr/bin/ceph: stderr
2024-04-25T11:34:25.173+0000 7f16e9ece700 1 -- 172.21.15.83:0/2579169716 >> 172.21.15.83:0/2579169716 conn(0x7f16e4102230 msgr2=0x7f16e4104650 unknown :-1 s=STATE_NONE l=0).mark_down
2024-04-25T11:34:25.990 INFO:teuthology.orchestra.run.smithi083.stdout:/usr/bin/ceph: stderr
2024-04-25T11:34:25.173+0000 7f16e9ece700 1 -- 172.21.15.83:0/2579169716 shutdown_connections
2024-04-25T11:34:25.990 INFO:teuthology.orchestra.run.smithi083.stdout:/usr/bin/ceph: stderr
2024-04-25T11:34:25.173+0000 7f16e9ece700 1 -- 172.21.15.83:0/2579169716 wait complete.
2024-04-25T11:34:25.990 INFO:teuthology.orchestra.run.smithi083.stdout:/usr/bin/ceph: stderr
2024-04-25T11:34:25.174+0000 7f16e9ece700 1 Processor -- start
2024-04-25T11:34:25.990 INFO:teuthology.orchestra.run.smithi083.stdout:/usr/bin/ceph: stderr
2024-04-25T11:34:25.174+0000 7f16e9ece700 1 -- start start
2024-04-25T11:34:25.991 INFO:teuthology.orchestra.run.smithi083.stdout:/usr/bin/ceph: stderr
2024-04-25T11:34:25.174+0000 7f16e9ece700 1 --2- >> [v2:172.21.15.83:3300/0,v1:172.21.15.83:6789/0] conn(0x7f16e41068b0 0x7f16e419c510 unknown :-1 s=NONE pgs=0 cs=0 l=1 rev1=0 crypto rx=0 tx=0 comp rx=0 tx=0).connect
2024-04-25T11:34:25.991 INFO:teuthology.orchestra.run.smithi083.stdout:/usr/bin/ceph: stderr
2024-04-25T11:34:25.174+0000 7f16e9ece700 1 -- --> [v2:172.21.15.83:3300/0,v1:172.21.15.83:6789/0] -- mon_getmap magic: 0 -- 0x7f16e410cac0 con 0x7f16e41068b0
2024-04-25T11:34:25.991 INFO:teuthology.orchestra.run.smithi083.stdout:/usr/bin/ceph: stderr
2024-04-25T11:34:25.174+0000 7f16e37fe700 1 --2- >> [v2:172.21.15.83:3300/0,v1:172.21.15.83:6789/0] conn(0x7f16e41068b0 0x7f16e419c510 unknown :-1 s=BANNER_CONNECTING pgs=0 cs=0 l=1 rev1=0 crypto rx=0 tx=0 comp rx=0 tx=0)._handle_peer_banner_payload supported=3 required=0
2024-04-25T11:34:25.991 INFO:teuthology.orchestra.run.smithi083.stdout:/usr/bin/ceph: stderr
2024-04-25T11:34:25.174+0000 7f16e37fe700 1 --2- >> [v2:172.21.15.83:3300/0,v1:172.21.15.83:6789/0] conn(0x7f16e41068b0 0x7f16e419c510 unknown :-1 s=HELLO_CONNECTING pgs=0 cs=0 l=1 rev1=1 crypto rx=0 tx=0 comp rx=0 tx=0).handle_hello peer v2:172.21.15.83:3300/0 says I am v2:172.21.15.83:42128/0 (socket says 172.21.15.83:42128)
2024-04-25T11:34:25.991 INFO:teuthology.orchestra.run.smithi083.stdout:/usr/bin/ceph: stderr
2024-04-25T11:34:25.174+0000 7f16e37fe700 1 -- 172.21.15.83:0/2071495137 learned_addr learned my addr 172.21.15.83:0/2071495137 (peer_addr_for_me v2:172.21.15.83:0/0)
2024-04-25T11:34:25.991 INFO:teuthology.orchestra.run.smithi083.stdout:/usr/bin/ceph: stderr
2024-04-25T11:34:25.175+0000 7f16e37fe700 1 -- 172.21.15.83:0/2071495137 --> [v2:172.21.15.83:3300/0,v1:172.21.15.83:6789/0] -- mon_subscribe({config=0+,monmap=0+}) -- 0x7f16e419ca50 con 0x7f16e41068b0
2024-04-25T11:34:25.991 INFO:teuthology.orchestra.run.smithi083.stdout:/usr/bin/ceph: stderr
2024-04-25T11:34:25.175+0000 7f16e37fe700 1 --2- 172.21.15.83:0/2071495137 >> [v2:172.21.15.83:3300/0,v1:172.21.15.83:6789/0] conn(0x7f16e41068b0 0x7f16e419c510 secure :-1 s=READY pgs=38 cs=0 l=1 rev1=1 crypto rx=0x7f16d4000c00 tx=0x7f16d4011b70 comp rx=0 tx=0).ready entity=mon.0 client_cookie=0 server_cookie=0 in_seq=0 out_seq=0
2024-04-25T11:34:25.991 INFO:teuthology.orchestra.run.smithi083.stdout:/usr/bin/ceph: stderr
2024-04-25T11:34:25.175+0000 7f16e0ff9700 1 -- 172.21.15.83:0/2071495137 <== mon.0 v2:172.21.15.83:3300/0 1 ==== mon_map magic: 0 ==== 205+0+0 (secure 0 0 0) 0x7f16d4003b20 con 0x7f16e41068b0
2024-04-25T11:34:25.991 INFO:teuthology.orchestra.run.smithi083.stdout:/usr/bin/ceph: stderr
2024-04-25T11:34:25.175+0000 7f16e0ff9700 1 -- 172.21.15.83:0/2071495137 <== mon.0 v2:172.21.15.83:3300/0 2 ==== config(26 keys) ==== 1070+0+0 (secure 0 0 0) 0x7f16d401a8c0 con 0x7f16e41068b0
2024-04-25T11:34:25.991 INFO:teuthology.orchestra.run.smithi083.stdout:/usr/bin/ceph: stderr
2024-04-25T11:34:25.175+0000 7f16e0ff9700 1 -- 172.21.15.83:0/2071495137 <== mon.0 v2:172.21.15.83:3300/0 3 ==== mon_map magic: 0 ==== 205+0+0 (secure 0 0 0) 0x7f16d4024940 con 0x7f16e41068b0
2024-04-25T11:34:25.991 INFO:teuthology.orchestra.run.smithi083.stdout:/usr/bin/ceph: stderr
2024-04-25T11:34:25.175+0000 7f16e9ece700 1 -- 172.21.15.83:0/2071495137 --> [v2:172.21.15.83:3300/0,v1:172.21.15.83:6789/0] -- mon_subscribe({mgrmap=0+}) -- 0x7f16e419cce0 con 0x7f16e41068b0
2024-04-25T11:34:25.991 INFO:teuthology.orchestra.run.smithi083.stdout:/usr/bin/ceph: stderr
2024-04-25T11:34:25.175+0000 7f16e9ece700 1 -- 172.21.15.83:0/2071495137 --> [v2:172.21.15.83:3300/0,v1:172.21.15.83:6789/0] -- mon_subscribe({osdmap=0}) -- 0x7f16e419f9d0 con 0x7f16e41068b0
2024-04-25T11:34:25.991 INFO:teuthology.orchestra.run.smithi083.stdout:/usr/bin/ceph: stderr
2024-04-25T11:34:25.176+0000 7f16e0ff9700 1 -- 172.21.15.83:0/2071495137 <== mon.0 v2:172.21.15.83:3300/0 4 ==== mgrmap(e 7) ==== 46452+0+0 (secure 0 0 0) 0x7f16d4022020 con 0x7f16e41068b0
2024-04-25T11:34:25.992 INFO:teuthology.orchestra.run.smithi083.stdout:/usr/bin/ceph: stderr
2024-04-25T11:34:25.176+0000 7f16e9ece700 1 -- 172.21.15.83:0/2071495137 --> [v2:172.21.15.83:3300/0,v1:172.21.15.83:6789/0] -- mon_command({"prefix": "get_command_descriptions"} v 0) -- 0x7f16e40640a0 con 0x7f16e41068b0
2024-04-25T11:34:25.992 INFO:teuthology.orchestra.run.smithi083.stdout:/usr/bin/ceph: stderr
2024-04-25T11:34:25.176+0000 7f16e0ff9700 1 --2- 172.21.15.83:0/2071495137 >> [v2:172.21.15.83:6800/1639787889,v1:172.21.15.83:6801/1639787889] conn(0x7f16cc039490 0x7f16cc03b950 unknown :-1 s=NONE pgs=0 cs=0 l=1 rev1=0 crypto rx=0 tx=0 comp rx=0 tx=0).connect
2024-04-25T11:34:25.992 INFO:teuthology.orchestra.run.smithi083.stdout:/usr/bin/ceph: stderr
2024-04-25T11:34:25.176+0000 7f16e0ff9700 1 -- 172.21.15.83:0/2071495137 <== mon.0 v2:172.21.15.83:3300/0 5 ==== osd_map(2..2 src has 1..2) ==== 940+0+0 (secure 0 0 0) 0x7f16d404d7e0 con 0x7f16e41068b0
2024-04-25T11:34:25.992 INFO:teuthology.orchestra.run.smithi083.stdout:/usr/bin/ceph: stderr
2024-04-25T11:34:25.176+0000 7f16e2ffd700 1 --2- 172.21.15.83:0/2071495137 >> [v2:172.21.15.83:6800/1639787889,v1:172.21.15.83:6801/1639787889] conn(0x7f16cc039490 0x7f16cc03b950 unknown :-1 s=BANNER_CONNECTING pgs=0 cs=0 l=1 rev1=0 crypto rx=0 tx=0 comp rx=0 tx=0)._handle_peer_banner_payload supported=3 required=0
2024-04-25T11:34:25.992 INFO:teuthology.orchestra.run.smithi083.stdout:/usr/bin/ceph: stderr
2024-04-25T11:34:25.177+0000 7f16e2ffd700 1 --2- 172.21.15.83:0/2071495137 >> [v2:172.21.15.83:6800/1639787889,v1:172.21.15.83:6801/1639787889] conn(0x7f16cc039490 0x7f16cc03b950 secure :-1 s=READY pgs=7 cs=0 l=1 rev1=1 crypto rx=0x7f16d8006fd0 tx=0x7f16d8006e40 comp rx=0 tx=0).ready entity=mgr.14120 client_cookie=0 server_cookie=0 in_seq=0 out_seq=0
2024-04-25T11:34:25.992 INFO:teuthology.orchestra.run.smithi083.stdout:/usr/bin/ceph: stderr
2024-04-25T11:34:25.181+0000 7f16e0ff9700 1 -- 172.21.15.83:0/2071495137 <== mon.0 v2:172.21.15.83:3300/0 6 ==== mon_command_ack([{"prefix": "get_command_descriptions"}]=0 v0) ==== 72+0+188370 (secure 0 0 0) 0x7f16d402d3f0 con 0x7f16e41068b0
2024-04-25T11:34:25.992 INFO:teuthology.orchestra.run.smithi083.stdout:/usr/bin/ceph: stderr
2024-04-25T11:34:25.218+0000 7f16e0ff9700 1 -- 172.21.15.83:0/2071495137 <== mon.0 v2:172.21.15.83:3300/0 7 ==== mgrmap(e 8) ==== 46558+0+0 (secure 0 0 0) 0x7f16d4018350 con 0x7f16e41068b0
2024-04-25T11:34:25.992 INFO:teuthology.orchestra.run.smithi083.stdout:/usr/bin/ceph: stderr
2024-04-25T11:34:25.396+0000 7f16e9ece700 1 -- 172.21.15.83:0/2071495137 --> [v2:172.21.15.83:6800/1639787889,v1:172.21.15.83:6801/1639787889] -- mgr_command(tid 0: {"prefix": "orch set backend", "module_name": "cephadm", "target": ["mon-mgr", ""]}) -- 0x7f16e4103450 con 0x7f16cc039490
2024-04-25T11:34:25.992 INFO:teuthology.orchestra.run.smithi083.stdout:/usr/bin/ceph: stderr
2024-04-25T11:34:25.401+0000 7f16e0ff9700 1 -- 172.21.15.83:0/2071495137 <== mgr.14120 v2:172.21.15.83:6800/1639787889 1 ==== mgr_command_reply(tid 0: 0 ) ==== 8+0+0 (secure 0 0 0) 0x7f16e4103450 con 0x7f16cc039490
2024-04-25T11:34:25.992 INFO:teuthology.orchestra.run.smithi083.stdout:/usr/bin/ceph: stderr
2024-04-25T11:34:25.403+0000 7f16e9ece700 1 -- 172.21.15.83:0/2071495137 >> [v2:172.21.15.83:6800/1639787889,v1:172.21.15.83:6801/1639787889] conn(0x7f16cc039490 msgr2=0x7f16cc03b950 secure :-1 s=STATE_CONNECTION_ESTABLISHED l=1).mark_down
2024-04-25T11:34:25.992 INFO:teuthology.orchestra.run.smithi083.stdout:/usr/bin/ceph: stderr
2024-04-25T11:34:25.403+0000 7f16e9ece700 1 --2- 172.21.15.83:0/2071495137 >> [v2:172.21.15.83:6800/1639787889,v1:172.21.15.83:6801/1639787889] conn(0x7f16cc039490 0x7f16cc03b950 secure :-1 s=READY pgs=7 cs=0 l=1 rev1=1 crypto rx=0x7f16d8006fd0 tx=0x7f16d8006e40 comp rx=0 tx=0).stop
2024-04-25T11:34:25.992 INFO:teuthology.orchestra.run.smithi083.stdout:/usr/bin/ceph: stderr
2024-04-25T11:34:25.403+0000 7f16e9ece700 1 -- 172.21.15.83:0/2071495137 >> [v2:172.21.15.83:3300/0,v1:172.21.15.83:6789/0] conn(0x7f16e41068b0 msgr2=0x7f16e419c510 secure :-1 s=STATE_CONNECTION_ESTABLISHED l=1).mark_down
2024-04-25T11:34:25.992 INFO:teuthology.orchestra.run.smithi083.stdout:/usr/bin/ceph: stderr
2024-04-25T11:34:25.403+0000 7f16e9ece700 1 --2- 172.21.15.83:0/2071495137 >> [v2:172.21.15.83:3300/0,v1:172.21.15.83:6789/0] conn(0x7f16e41068b0 0x7f16e419c510 secure :-1 s=READY pgs=38 cs=0 l=1 rev1=1 crypto rx=0x7f16d4000c00 tx=0x7f16d4011b70 comp rx=0 tx=0).stop
2024-04-25T11:34:25.993 INFO:teuthology.orchestra.run.smithi083.stdout:/usr/bin/ceph: stderr
2024-04-25T11:34:25.404+0000 7f16e9ece700 1 -- 172.21.15.83:0/2071495137 shutdown_connections
2024-04-25T11:34:25.993 INFO:teuthology.orchestra.run.smithi083.stdout:/usr/bin/ceph: stderr
2024-04-25T11:34:25.404+0000 7f16e9ece700 1 --2- 172.21.15.83:0/2071495137 >> [v2:172.21.15.83:6800/1639787889,v1:172.21.15.83:6801/1639787889] conn(0x7f16cc039490 0x7f16cc03b950 unknown :-1 s=CLOSED pgs=7 cs=0 l=1 rev1=1 crypto rx=0 tx=0 comp rx=0 tx=0).stop
2024-04-25T11:34:25.993 INFO:teuthology.orchestra.run.smithi083.stdout:/usr/bin/ceph: stderr
2024-04-25T11:34:25.404+0000 7f16e9ece700 1 --2- 172.21.15.83:0/2071495137 >> [v2:172.21.15.83:3300/0,v1:172.21.15.83:6789/0] conn(0x7f16e41068b0 0x7f16e419c510 unknown :-1 s=CLOSED pgs=38 cs=0 l=1 rev1=1 crypto rx=0 tx=0 comp rx=0 tx=0).stop
2024-04-25T11:34:25.993 INFO:teuthology.orchestra.run.smithi083.stdout:/usr/bin/ceph: stderr
2024-04-25T11:34:25.404+0000 7f16e9ece700 1 -- 172.21.15.83:0/2071495137 >> 172.21.15.83:0/2071495137 conn(0x7f16e4102230 msgr2=0x7f16e4102d40 unknown :-1 s=STATE_NONE l=0).mark_down
2024-04-25T11:34:25.993 INFO:teuthology.orchestra.run.smithi083.stdout:/usr/bin/ceph: stderr
2024-04-25T11:34:25.404+0000 7f16e9ece700 1 -- 172.21.15.83:0/2071495137 shutdown_connections
2024-04-25T11:34:25.993 INFO:teuthology.orchestra.run.smithi083.stdout:/usr/bin/ceph: stderr
2024-04-25T11:34:25.404+0000 7f16e9ece700 1 -- 172.21.15.83:0/2071495137 wait complete.
2024-04-25T11:34:26.315 INFO:journalctl@ceph.mon.a.smithi083.stdout:Apr 25 11:34:26 smithi083 ceph-mon[29330]: [25/Apr/2024:11:34:24] ENGINE Serving on http://172.21.15.83:8765
2024-04-25T11:34:26.316 INFO:journalctl@ceph.mon.a.smithi083.stdout:Apr 25 11:34:26 smithi083 ceph-mon[29330]: [25/Apr/2024:11:34:24] ENGINE Bus STARTED
2024-04-25T11:34:26.316 INFO:journalctl@ceph.mon.a.smithi083.stdout:Apr 25 11:34:26 smithi083 ceph-mon[29330]: mgrmap e8: x(active, since 2s)
2024-04-25T11:34:26.316 INFO:journalctl@ceph.mon.a.smithi083.stdout:Apr 25 11:34:26 smithi083 ceph-mon[29330]: from='mgr.14120 172.21.15.83:0/844117575' entity='mgr.x'
2024-04-25T11:34:26.316 INFO:journalctl@ceph.mon.a.smithi083.stdout:Apr 25 11:34:26 smithi083 ceph-mon[29330]: from='mgr.14120 172.21.15.83:0/844117575' entity='mgr.x' cmd=[{"prefix": "config dump", "format": "json"}]: dispatch
2024-04-25T11:34:27.168 INFO:teuthology.orchestra.run.smithi083.stdout:/usr/bin/ceph: stdout value unchanged
2024-04-25T11:34:27.168 INFO:teuthology.orchestra.run.smithi083.stdout:/usr/bin/ceph: stderr
2024-04-25T11:34:26.428+0000 7f280ecde700 1 Processor -- start
2024-04-25T11:34:27.168 INFO:teuthology.orchestra.run.smithi083.stdout:/usr/bin/ceph: stderr
2024-04-25T11:34:26.428+0000 7f280ecde700 1 -- start start
2024-04-25T11:34:27.168 INFO:teuthology.orchestra.run.smithi083.stdout:/usr/bin/ceph: stderr
2024-04-25T11:34:26.429+0000 7f280ecde700 1 --2- >> [v2:172.21.15.83:3300/0,v1:172.21.15.83:6789/0] conn(0x7f28081085d0 0x7f28081089f0 unknown :-1 s=NONE pgs=0 cs=0 l=0 rev1=0 crypto rx=0 tx=0 comp rx=0 tx=0).connect
2024-04-25T11:34:27.168 INFO:teuthology.orchestra.run.smithi083.stdout:/usr/bin/ceph: stderr
2024-04-25T11:34:26.429+0000 7f280ecde700 1 -- --> [v2:172.21.15.83:3300/0,v1:172.21.15.83:6789/0] -- mon_getmap magic: 0 -- 0x7f2808108fc0 con 0x7f28081085d0
2024-04-25T11:34:27.168 INFO:teuthology.orchestra.run.smithi083.stdout:/usr/bin/ceph: stderr
2024-04-25T11:34:26.429+0000 7f280ca7a700 1 --2- >> [v2:172.21.15.83:3300/0,v1:172.21.15.83:6789/0] conn(0x7f28081085d0 0x7f28081089f0 unknown :-1 s=BANNER_CONNECTING pgs=0 cs=0 l=0 rev1=0 crypto rx=0 tx=0 comp rx=0 tx=0)._handle_peer_banner_payload supported=3 required=0
2024-04-25T11:34:27.168 INFO:teuthology.orchestra.run.smithi083.stdout:/usr/bin/ceph: stderr
2024-04-25T11:34:26.429+0000 7f280ca7a700 1 --2- >> [v2:172.21.15.83:3300/0,v1:172.21.15.83:6789/0] conn(0x7f28081085d0 0x7f28081089f0 unknown :-1 s=HELLO_CONNECTING pgs=0 cs=0 l=0 rev1=1 crypto rx=0 tx=0 comp rx=0 tx=0).handle_hello peer v2:172.21.15.83:3300/0 says I am v2:172.21.15.83:42134/0 (socket says 172.21.15.83:42134)
2024-04-25T11:34:27.168 INFO:teuthology.orchestra.run.smithi083.stdout:/usr/bin/ceph: stderr
2024-04-25T11:34:26.429+0000 7f280ca7a700 1 -- 172.21.15.83:0/197704413 learned_addr learned my addr 172.21.15.83:0/197704413 (peer_addr_for_me v2:172.21.15.83:0/0)
2024-04-25T11:34:27.169 INFO:teuthology.orchestra.run.smithi083.stdout:/usr/bin/ceph: stderr
2024-04-25T11:34:26.429+0000 7f280ca7a700 1 -- 172.21.15.83:0/197704413 --> [v2:172.21.15.83:3300/0,v1:172.21.15.83:6789/0] -- mon_subscribe({config=0+,monmap=0+}) -- 0x7f28081097d0 con 0x7f28081085d0
2024-04-25T11:34:27.169 INFO:teuthology.orchestra.run.smithi083.stdout:/usr/bin/ceph: stderr
2024-04-25T11:34:26.429+0000 7f280ca7a700 1 --2- 172.21.15.83:0/197704413 >> [v2:172.21.15.83:3300/0,v1:172.21.15.83:6789/0] conn(0x7f28081085d0 0x7f28081089f0 secure :-1 s=READY pgs=39 cs=0 l=1 rev1=1 crypto rx=0x7f27f80098a0 tx=0x7f27f8009bb0 comp rx=0 tx=0).ready entity=mon.0 client_cookie=ff8c7444be1cc336 server_cookie=0 in_seq=0 out_seq=0
2024-04-25T11:34:27.169 INFO:teuthology.orchestra.run.smithi083.stdout:/usr/bin/ceph: stderr
2024-04-25T11:34:26.429+0000 7f2807fff700 1 -- 172.21.15.83:0/197704413 <== mon.0 v2:172.21.15.83:3300/0 1 ==== mon_map magic: 0 ==== 205+0+0 (secure 0 0 0) 0x7f27f8004160 con 0x7f28081085d0
2024-04-25T11:34:27.169 INFO:teuthology.orchestra.run.smithi083.stdout:/usr/bin/ceph: stderr
2024-04-25T11:34:26.429+0000 7f2807fff700 1 -- 172.21.15.83:0/197704413 <== mon.0 v2:172.21.15.83:3300/0 2 ==== config(26 keys) ==== 1070+0+0 (secure 0 0 0) 0x7f27f8004300 con 0x7f28081085d0
2024-04-25T11:34:27.169 INFO:teuthology.orchestra.run.smithi083.stdout:/usr/bin/ceph: stderr
2024-04-25T11:34:26.429+0000 7f2807fff700 1 -- 172.21.15.83:0/197704413 <== mon.0 v2:172.21.15.83:3300/0 3 ==== mon_map magic: 0 ==== 205+0+0 (secure 0 0 0) 0x7f27f8011af0 con 0x7f28081085d0
2024-04-25T11:34:27.169 INFO:teuthology.orchestra.run.smithi083.stdout:/usr/bin/ceph: stderr
2024-04-25T11:34:26.430+0000 7f280ecde700 1 -- 172.21.15.83:0/197704413 >> [v2:172.21.15.83:3300/0,v1:172.21.15.83:6789/0] conn(0x7f28081085d0 msgr2=0x7f28081089f0 secure :-1 s=STATE_CONNECTION_ESTABLISHED l=1).mark_down
2024-04-25T11:34:27.169 INFO:teuthology.orchestra.run.smithi083.stdout:/usr/bin/ceph: stderr
2024-04-25T11:34:26.430+0000 7f280ecde700 1 --2- 172.21.15.83:0/197704413 >> [v2:172.21.15.83:3300/0,v1:172.21.15.83:6789/0] conn(0x7f28081085d0 0x7f28081089f0 secure :-1 s=READY pgs=39 cs=0 l=1 rev1=1 crypto rx=0x7f27f80098a0 tx=0x7f27f8009bb0 comp rx=0 tx=0).stop
2024-04-25T11:34:27.169 INFO:teuthology.orchestra.run.smithi083.stdout:/usr/bin/ceph: stderr
2024-04-25T11:34:26.430+0000 7f280ecde700 1 -- 172.21.15.83:0/197704413 shutdown_connections
2024-04-25T11:34:27.169 INFO:teuthology.orchestra.run.smithi083.stdout:/usr/bin/ceph: stderr
2024-04-25T11:34:26.430+0000 7f280ecde700 1 --2- 172.21.15.83:0/197704413 >> [v2:172.21.15.83:3300/0,v1:172.21.15.83:6789/0] conn(0x7f28081085d0 0x7f28081089f0 unknown :-1 s=CLOSED pgs=39 cs=0 l=1 rev1=1 crypto rx=0 tx=0 comp rx=0 tx=0).stop
2024-04-25T11:34:27.169 INFO:teuthology.orchestra.run.smithi083.stdout:/usr/bin/ceph: stderr
2024-04-25T11:34:26.430+0000 7f280ecde700 1 -- 172.21.15.83:0/197704413 >> 172.21.15.83:0/197704413 conn(0x7f2808103bf0 msgr2=0x7f2808106010 unknown :-1 s=STATE_NONE l=0).mark_down
2024-04-25T11:34:27.169 INFO:teuthology.orchestra.run.smithi083.stdout:/usr/bin/ceph: stderr
2024-04-25T11:34:26.430+0000 7f280ecde700 1 -- 172.21.15.83:0/197704413 shutdown_connections
2024-04-25T11:34:27.169 INFO:teuthology.orchestra.run.smithi083.stdout:/usr/bin/ceph: stderr
2024-04-25T11:34:26.430+0000 7f280ecde700 1 -- 172.21.15.83:0/197704413 wait complete.
2024-04-25T11:34:27.170 INFO:teuthology.orchestra.run.smithi083.stdout:/usr/bin/ceph: stderr
2024-04-25T11:34:26.431+0000 7f280ecde700 1 Processor -- start
2024-04-25T11:34:27.170 INFO:teuthology.orchestra.run.smithi083.stdout:/usr/bin/ceph: stderr
2024-04-25T11:34:26.431+0000 7f280ecde700 1 -- start start
2024-04-25T11:34:27.170 INFO:teuthology.orchestra.run.smithi083.stdout:/usr/bin/ceph: stderr
2024-04-25T11:34:26.431+0000 7f280ecde700 1 --2- >> [v2:172.21.15.83:3300/0,v1:172.21.15.83:6789/0] conn(0x7f28081085d0 0x7f280807ca40 unknown :-1 s=NONE pgs=0 cs=0 l=1 rev1=0 crypto rx=0 tx=0 comp rx=0 tx=0).connect
2024-04-25T11:34:27.170 INFO:teuthology.orchestra.run.smithi083.stdout:/usr/bin/ceph: stderr
2024-04-25T11:34:26.431+0000 7f280ecde700 1 -- --> [v2:172.21.15.83:3300/0,v1:172.21.15.83:6789/0] -- mon_getmap magic: 0 -- 0x7f280810ca00 con 0x7f28081085d0
2024-04-25T11:34:27.170 INFO:teuthology.orchestra.run.smithi083.stdout:/usr/bin/ceph: stderr
2024-04-25T11:34:26.431+0000 7f280ca7a700 1 --2- >> [v2:172.21.15.83:3300/0,v1:172.21.15.83:6789/0] conn(0x7f28081085d0 0x7f280807ca40 unknown :-1 s=BANNER_CONNECTING pgs=0 cs=0 l=1 rev1=0 crypto rx=0 tx=0 comp rx=0 tx=0)._handle_peer_banner_payload supported=3 required=0
2024-04-25T11:34:27.170 INFO:teuthology.orchestra.run.smithi083.stdout:/usr/bin/ceph: stderr
2024-04-25T11:34:26.431+0000 7f280ca7a700 1 --2- >> [v2:172.21.15.83:3300/0,v1:172.21.15.83:6789/0] conn(0x7f28081085d0 0x7f280807ca40 unknown :-1 s=HELLO_CONNECTING pgs=0 cs=0 l=1 rev1=1 crypto rx=0 tx=0 comp rx=0 tx=0).handle_hello peer v2:172.21.15.83:3300/0 says I am v2:172.21.15.83:42150/0 (socket says 172.21.15.83:42150)
2024-04-25T11:34:27.170 INFO:teuthology.orchestra.run.smithi083.stdout:/usr/bin/ceph: stderr
2024-04-25T11:34:26.431+0000 7f280ca7a700 1 -- 172.21.15.83:0/4045423301 learned_addr learned my addr 172.21.15.83:0/4045423301 (peer_addr_for_me v2:172.21.15.83:0/0)
2024-04-25T11:34:27.170 INFO:teuthology.orchestra.run.smithi083.stdout:/usr/bin/ceph: stderr
2024-04-25T11:34:26.431+0000 7f280ca7a700 1 -- 172.21.15.83:0/4045423301 --> [v2:172.21.15.83:3300/0,v1:172.21.15.83:6789/0] -- mon_subscribe({config=0+,monmap=0+}) -- 0x7f280807cf80 con 0x7f28081085d0
2024-04-25T11:34:27.170 INFO:teuthology.orchestra.run.smithi083.stdout:/usr/bin/ceph: stderr
2024-04-25T11:34:26.431+0000 7f280ca7a700 1 --2- 172.21.15.83:0/4045423301 >> [v2:172.21.15.83:3300/0,v1:172.21.15.83:6789/0] conn(0x7f28081085d0 0x7f280807ca40 secure :-1 s=READY pgs=40 cs=0 l=1 rev1=1 crypto rx=0x7f27f8000c00 tx=0x7f27f8011b70 comp rx=0 tx=0).ready entity=mon.0 client_cookie=0 server_cookie=0 in_seq=0 out_seq=0
2024-04-25T11:34:27.171 INFO:teuthology.orchestra.run.smithi083.stdout:/usr/bin/ceph: stderr
2024-04-25T11:34:26.431+0000 7f28067fc700 1 -- 172.21.15.83:0/4045423301 <== mon.0 v2:172.21.15.83:3300/0 1 ==== mon_map magic: 0 ==== 205+0+0 (secure 0 0 0) 0x7f27f8003b20 con 0x7f28081085d0
2024-04-25T11:34:27.171 INFO:teuthology.orchestra.run.smithi083.stdout:/usr/bin/ceph: stderr
2024-04-25T11:34:26.431+0000 7f28067fc700 1 -- 172.21.15.83:0/4045423301 <== mon.0 v2:172.21.15.83:3300/0 2 ==== config(26 keys) ==== 1070+0+0 (secure 0 0 0) 0x7f27f801a8c0 con 0x7f28081085d0
2024-04-25T11:34:27.171 INFO:teuthology.orchestra.run.smithi083.stdout:/usr/bin/ceph: stderr
2024-04-25T11:34:26.431+0000 7f280ecde700 1 -- 172.21.15.83:0/4045423301 --> [v2:172.21.15.83:3300/0,v1:172.21.15.83:6789/0] -- mon_subscribe({mgrmap=0+}) -- 0x7f280807b170 con 0x7f28081085d0
2024-04-25T11:34:27.171 INFO:teuthology.orchestra.run.smithi083.stdout:/usr/bin/ceph: stderr
2024-04-25T11:34:26.432+0000 7f28067fc700 1 -- 172.21.15.83:0/4045423301 <== mon.0 v2:172.21.15.83:3300/0 3 ==== mon_map magic: 0 ==== 205+0+0 (secure 0 0 0) 0x7f27f8024940 con 0x7f28081085d0
2024-04-25T11:34:27.171 INFO:teuthology.orchestra.run.smithi083.stdout:/usr/bin/ceph: stderr
2024-04-25T11:34:26.432+0000 7f280ecde700 1 -- 172.21.15.83:0/4045423301 --> [v2:172.21.15.83:3300/0,v1:172.21.15.83:6789/0] -- mon_subscribe({osdmap=0}) -- 0x7f280807b6b0 con 0x7f28081085d0
2024-04-25T11:34:27.171 INFO:teuthology.orchestra.run.smithi083.stdout:/usr/bin/ceph: stderr
2024-04-25T11:34:26.432+0000 7f28067fc700 1 -- 172.21.15.83:0/4045423301 <== mon.0 v2:172.21.15.83:3300/0 4 ==== mgrmap(e 8) ==== 46558+0+0 (secure 0 0 0) 0x7f27f8022020 con 0x7f28081085d0
2024-04-25T11:34:27.171 INFO:teuthology.orchestra.run.smithi083.stdout:/usr/bin/ceph: stderr
2024-04-25T11:34:26.432+0000 7f28067fc700 1 --2- 172.21.15.83:0/4045423301 >> [v2:172.21.15.83:6800/1639787889,v1:172.21.15.83:6801/1639787889] conn(0x7f27f4039600 0x7f27f403bac0 unknown :-1 s=NONE pgs=0 cs=0 l=1 rev1=0 crypto rx=0 tx=0 comp rx=0 tx=0).connect
2024-04-25T11:34:27.171 INFO:teuthology.orchestra.run.smithi083.stdout:/usr/bin/ceph: stderr
2024-04-25T11:34:26.433+0000 7f28067fc700 1 -- 172.21.15.83:0/4045423301 <== mon.0 v2:172.21.15.83:3300/0 5 ==== osd_map(2..2 src has 1..2) ==== 940+0+0 (secure 0 0 0) 0x7f27f804d7c0 con 0x7f28081085d0
2024-04-25T11:34:27.171 INFO:teuthology.orchestra.run.smithi083.stdout:/usr/bin/ceph: stderr
2024-04-25T11:34:26.433+0000 7f280ecde700 1 -- 172.21.15.83:0/4045423301 --> [v2:172.21.15.83:3300/0,v1:172.21.15.83:6789/0] -- mon_command({"prefix": "get_command_descriptions"} v 0) -- 0x7f2808069b80 con 0x7f28081085d0
2024-04-25T11:34:27.171 INFO:teuthology.orchestra.run.smithi083.stdout:/usr/bin/ceph: stderr
2024-04-25T11:34:26.433+0000 7f27fffff700 1 --2- 172.21.15.83:0/4045423301 >> [v2:172.21.15.83:6800/1639787889,v1:172.21.15.83:6801/1639787889] conn(0x7f27f4039600 0x7f27f403bac0 unknown :-1 s=BANNER_CONNECTING pgs=0 cs=0 l=1 rev1=0 crypto rx=0 tx=0 comp rx=0 tx=0)._handle_peer_banner_payload supported=3 required=0
2024-04-25T11:34:27.171 INFO:teuthology.orchestra.run.smithi083.stdout:/usr/bin/ceph: stderr
2024-04-25T11:34:26.433+0000 7f27fffff700 1 --2- 172.21.15.83:0/4045423301 >> [v2:172.21.15.83:6800/1639787889,v1:172.21.15.83:6801/1639787889] conn(0x7f27f4039600 0x7f27f403bac0 secure :-1 s=READY pgs=8 cs=0 l=1 rev1=1 crypto rx=0x7f27f0006fd0 tx=0x7f27f0006e40 comp rx=0 tx=0).ready entity=mgr.14120 client_cookie=0 server_cookie=0 in_seq=0 out_seq=0
2024-04-25T11:34:27.171 INFO:teuthology.orchestra.run.smithi083.stdout:/usr/bin/ceph: stderr
2024-04-25T11:34:26.438+0000 7f28067fc700 1 -- 172.21.15.83:0/4045423301 <== mon.0 v2:172.21.15.83:3300/0 6 ==== mon_command_ack([{"prefix": "get_command_descriptions"}]=0 v0) ==== 72+0+188370 (secure 0 0 0) 0x7f27f8021d80 con 0x7f28081085d0
2024-04-25T11:34:27.172 INFO:teuthology.orchestra.run.smithi083.stdout:/usr/bin/ceph: stderr
2024-04-25T11:34:26.636+0000 7f280ecde700 1 -- 172.21.15.83:0/4045423301 --> [v2:172.21.15.83:6800/1639787889,v1:172.21.15.83:6801/1639787889] -- mgr_command(tid 0: {"prefix": "cephadm set-user", "user": "root", "target": ["mon-mgr", ""]}) -- 0x7f280807c000 con 0x7f27f4039600
2024-04-25T11:34:27.172 INFO:teuthology.orchestra.run.smithi083.stdout:/usr/bin/ceph: stderr
2024-04-25T11:34:26.637+0000 7f28067fc700 1 -- 172.21.15.83:0/4045423301 <== mgr.14120 v2:172.21.15.83:6800/1639787889 1 ==== mgr_command_reply(tid 0: 0 ) ==== 8+0+16 (secure 0 0 0) 0x7f280807c000 con 0x7f27f4039600
2024-04-25T11:34:27.172 INFO:teuthology.orchestra.run.smithi083.stdout:/usr/bin/ceph: stderr
2024-04-25T11:34:26.639+0000 7f280ecde700 1 -- 172.21.15.83:0/4045423301 >> [v2:172.21.15.83:6800/1639787889,v1:172.21.15.83:6801/1639787889] conn(0x7f27f4039600 msgr2=0x7f27f403bac0 secure :-1 s=STATE_CONNECTION_ESTABLISHED l=1).mark_down
2024-04-25T11:34:27.172 INFO:teuthology.orchestra.run.smithi083.stdout:/usr/bin/ceph: stderr
2024-04-25T11:34:26.639+0000 7f280ecde700 1 --2- 172.21.15.83:0/4045423301 >> [v2:172.21.15.83:6800/1639787889,v1:172.21.15.83:6801/1639787889] conn(0x7f27f4039600 0x7f27f403bac0 secure :-1 s=READY pgs=8 cs=0 l=1 rev1=1 crypto rx=0x7f27f0006fd0 tx=0x7f27f0006e40 comp rx=0 tx=0).stop
2024-04-25T11:34:27.172 INFO:teuthology.orchestra.run.smithi083.stdout:/usr/bin/ceph: stderr
2024-04-25T11:34:26.639+0000 7f280ecde700 1 -- 172.21.15.83:0/4045423301 >> [v2:172.21.15.83:3300/0,v1:172.21.15.83:6789/0] conn(0x7f28081085d0 msgr2=0x7f280807ca40 secure :-1 s=STATE_CONNECTION_ESTABLISHED l=1).mark_down
2024-04-25T11:34:27.172 INFO:teuthology.orchestra.run.smithi083.stdout:/usr/bin/ceph: stderr
2024-04-25T11:34:26.639+0000 7f280ecde700 1 --2- 172.21.15.83:0/4045423301 >> [v2:172.21.15.83:3300/0,v1:172.21.15.83:6789/0] conn(0x7f28081085d0 0x7f280807ca40 secure :-1 s=READY pgs=40 cs=0 l=1 rev1=1 crypto rx=0x7f27f8000c00 tx=0x7f27f8011b70 comp rx=0 tx=0).stop
2024-04-25T11:34:27.172 INFO:teuthology.orchestra.run.smithi083.stdout:/usr/bin/ceph: stderr
2024-04-25T11:34:26.639+0000 7f280ecde700 1 -- 172.21.15.83:0/4045423301 shutdown_connections
2024-04-25T11:34:27.172 INFO:teuthology.orchestra.run.smithi083.stdout:/usr/bin/ceph: stderr
2024-04-25T11:34:26.639+0000 7f280ecde700 1 --2- 172.21.15.83:0/4045423301 >> [v2:172.21.15.83:6800/1639787889,v1:172.21.15.83:6801/1639787889] conn(0x7f27f4039600 0x7f27f403bac0 unknown :-1 s=CLOSED pgs=8 cs=0 l=1 rev1=1 crypto rx=0 tx=0 comp rx=0 tx=0).stop
2024-04-25T11:34:27.172 INFO:teuthology.orchestra.run.smithi083.stdout:/usr/bin/ceph: stderr
2024-04-25T11:34:26.639+0000 7f280ecde700 1 --2- 172.21.15.83:0/4045423301 >> [v2:172.21.15.83:3300/0,v1:172.21.15.83:6789/0] conn(0x7f28081085d0 0x7f280807ca40 unknown :-1 s=CLOSED pgs=40 cs=0 l=1 rev1=1 crypto rx=0 tx=0 comp rx=0 tx=0).stop
2024-04-25T11:34:27.172 INFO:teuthology.orchestra.run.smithi083.stdout:/usr/bin/ceph: stderr
2024-04-25T11:34:26.639+0000 7f280ecde700 1 -- 172.21.15.83:0/4045423301 >> 172.21.15.83:0/4045423301 conn(0x7f2808103bf0 msgr2=0x7f2808104760 unknown :-1 s=STATE_NONE l=0).mark_down
2024-04-25T11:34:27.172 INFO:teuthology.orchestra.run.smithi083.stdout:/usr/bin/ceph: stderr
2024-04-25T11:34:26.639+0000 7f280ecde700 1 -- 172.21.15.83:0/4045423301 shutdown_connections
2024-04-25T11:34:27.172 INFO:teuthology.orchestra.run.smithi083.stdout:/usr/bin/ceph: stderr
2024-04-25T11:34:26.639+0000 7f280ecde700 1 -- 172.21.15.83:0/4045423301 wait complete.
2024-04-25T11:34:27.173 INFO:teuthology.orchestra.run.smithi083.stdout:Generating ssh key...
2024-04-25T11:34:27.522 INFO:journalctl@ceph.mon.a.smithi083.stdout:Apr 25 11:34:27 smithi083 ceph-mon[29330]: from='client.14132 -' entity='client.admin' cmd=[{"prefix": "orch set backend", "module_name": "cephadm", "target": ["mon-mgr", ""]}]: dispatch
2024-04-25T11:34:28.157 INFO:journalctl@ceph.mgr.x.smithi083.stdout:Apr 25 11:34:27 smithi083 ceph-7fcf54c6-02f7-11ef-bc93-c7b262605968-mgr-x[29555]: Generating public/private rsa key pair.
2024-04-25T11:34:28.157 INFO:journalctl@ceph.mgr.x.smithi083.stdout:Apr 25 11:34:27 smithi083 ceph-7fcf54c6-02f7-11ef-bc93-c7b262605968-mgr-x[29555]: Your identification has been saved in /tmp/tmpll8x47n5/key.
2024-04-25T11:34:28.157 INFO:journalctl@ceph.mgr.x.smithi083.stdout:Apr 25 11:34:27 smithi083 ceph-7fcf54c6-02f7-11ef-bc93-c7b262605968-mgr-x[29555]: Your public key has been saved in /tmp/tmpll8x47n5/key.pub.
2024-04-25T11:34:28.158 INFO:journalctl@ceph.mgr.x.smithi083.stdout:Apr 25 11:34:27 smithi083 ceph-7fcf54c6-02f7-11ef-bc93-c7b262605968-mgr-x[29555]: The key fingerprint is:
2024-04-25T11:34:28.158 INFO:journalctl@ceph.mgr.x.smithi083.stdout:Apr 25 11:34:27 smithi083 ceph-7fcf54c6-02f7-11ef-bc93-c7b262605968-mgr-x[29555]: SHA256:/lz7VG8PcXnKl3dQJqgqWpPHtzJ4Rbn+w33ZJ5HHBT0 ceph-7fcf54c6-02f7-11ef-bc93-c7b262605968
2024-04-25T11:34:28.158 INFO:journalctl@ceph.mgr.x.smithi083.stdout:Apr 25 11:34:27 smithi083 ceph-7fcf54c6-02f7-11ef-bc93-c7b262605968-mgr-x[29555]: The key's randomart image is:
2024-04-25T11:34:28.158 INFO:journalctl@ceph.mgr.x.smithi083.stdout:Apr 25 11:34:27 smithi083 ceph-7fcf54c6-02f7-11ef-bc93-c7b262605968-mgr-x[29555]: +---[RSA 3072]----+
2024-04-25T11:34:28.158 INFO:journalctl@ceph.mgr.x.smithi083.stdout:Apr 25 11:34:27 smithi083 ceph-7fcf54c6-02f7-11ef-bc93-c7b262605968-mgr-x[29555]: | . |
2024-04-25T11:34:28.158 INFO:journalctl@ceph.mgr.x.smithi083.stdout:Apr 25 11:34:27 smithi083 ceph-7fcf54c6-02f7-11ef-bc93-c7b262605968-mgr-x[29555]: | ..E.|
2024-04-25T11:34:28.158 INFO:journalctl@ceph.mgr.x.smithi083.stdout:Apr 25 11:34:27 smithi083 ceph-7fcf54c6-02f7-11ef-bc93-c7b262605968-mgr-x[29555]: | .. ..+|
2024-04-25T11:34:28.158 INFO:journalctl@ceph.mgr.x.smithi083.stdout:Apr 25 11:34:27 smithi083 ceph-7fcf54c6-02f7-11ef-bc93-c7b262605968-mgr-x[29555]: | o. +o|
2024-04-25T11:34:28.158 INFO:journalctl@ceph.mgr.x.smithi083.stdout:Apr 25 11:34:27 smithi083 ceph-7fcf54c6-02f7-11ef-bc93-c7b262605968-mgr-x[29555]: | S... o+=|
2024-04-25T11:34:28.158 INFO:journalctl@ceph.mgr.x.smithi083.stdout:Apr 25 11:34:27 smithi083 ceph-7fcf54c6-02f7-11ef-bc93-c7b262605968-mgr-x[29555]: | + .o .o**|
2024-04-25T11:34:28.158 INFO:journalctl@ceph.mgr.x.smithi083.stdout:Apr 25 11:34:27 smithi083 ceph-7fcf54c6-02f7-11ef-bc93-c7b262605968-mgr-x[29555]: | =.=o....=+O|
2024-04-25T11:34:28.158 INFO:journalctl@ceph.mgr.x.smithi083.stdout:Apr 25 11:34:27 smithi083 ceph-7fcf54c6-02f7-11ef-bc93-c7b262605968-mgr-x[29555]: | o.+++.oooo=B|
2024-04-25T11:34:28.158 INFO:journalctl@ceph.mgr.x.smithi083.stdout:Apr 25 11:34:27 smithi083 ceph-7fcf54c6-02f7-11ef-bc93-c7b262605968-mgr-x[29555]: | . . o+.oo.oo|
2024-04-25T11:34:28.158 INFO:journalctl@ceph.mgr.x.smithi083.stdout:Apr 25 11:34:27 smithi083 ceph-7fcf54c6-02f7-11ef-bc93-c7b262605968-mgr-x[29555]: +----[SHA256]-----+
2024-04-25T11:34:28.450 INFO:teuthology.orchestra.run.smithi083.stdout:/usr/bin/ceph: stderr
2024-04-25T11:34:27.635+0000 7fbe978ce700 1 Processor -- start
2024-04-25T11:34:28.450 INFO:teuthology.orchestra.run.smithi083.stdout:/usr/bin/ceph: stderr
2024-04-25T11:34:27.635+0000 7fbe978ce700 1 -- start start
2024-04-25T11:34:28.450 INFO:teuthology.orchestra.run.smithi083.stdout:/usr/bin/ceph: stderr
2024-04-25T11:34:27.635+0000 7fbe978ce700 1 --2- >> [v2:172.21.15.83:3300/0,v1:172.21.15.83:6789/0] conn(0x7fbe90108ad0 0x7fbe90108ef0 unknown :-1 s=NONE pgs=0 cs=0 l=0 rev1=0 crypto rx=0 tx=0 comp rx=0 tx=0).connect
2024-04-25T11:34:28.450 INFO:teuthology.orchestra.run.smithi083.stdout:/usr/bin/ceph: stderr
2024-04-25T11:34:27.635+0000 7fbe978ce700 1 -- --> [v2:172.21.15.83:3300/0,v1:172.21.15.83:6789/0] -- mon_getmap magic: 0 -- 0x7fbe901094c0 con 0x7fbe90108ad0
2024-04-25T11:34:28.450 INFO:teuthology.orchestra.run.smithi083.stdout:/usr/bin/ceph: stderr
2024-04-25T11:34:27.636+0000 7fbe9566a700 1 --2- >> [v2:172.21.15.83:3300/0,v1:172.21.15.83:6789/0] conn(0x7fbe90108ad0 0x7fbe90108ef0 unknown :-1 s=BANNER_CONNECTING pgs=0 cs=0 l=0 rev1=0 crypto rx=0 tx=0 comp rx=0 tx=0)._handle_peer_banner_payload supported=3 required=0
2024-04-25T11:34:28.450 INFO:teuthology.orchestra.run.smithi083.stdout:/usr/bin/ceph: stderr
2024-04-25T11:34:27.636+0000 7fbe9566a700 1 --2- >> [v2:172.21.15.83:3300/0,v1:172.21.15.83:6789/0] conn(0x7fbe90108ad0 0x7fbe90108ef0 unknown :-1 s=HELLO_CONNECTING pgs=0 cs=0 l=0 rev1=1 crypto rx=0 tx=0 comp rx=0 tx=0).handle_hello peer v2:172.21.15.83:3300/0 says I am v2:172.21.15.83:42156/0 (socket says 172.21.15.83:42156)
2024-04-25T11:34:28.451 INFO:teuthology.orchestra.run.smithi083.stdout:/usr/bin/ceph: stderr
2024-04-25T11:34:27.636+0000 7fbe9566a700 1 -- 172.21.15.83:0/1800896332 learned_addr learned my addr 172.21.15.83:0/1800896332 (peer_addr_for_me v2:172.21.15.83:0/0)
2024-04-25T11:34:28.451 INFO:teuthology.orchestra.run.smithi083.stdout:/usr/bin/ceph: stderr
2024-04-25T11:34:27.636+0000 7fbe9566a700 1 -- 172.21.15.83:0/1800896332 --> [v2:172.21.15.83:3300/0,v1:172.21.15.83:6789/0] -- mon_subscribe({config=0+,monmap=0+}) -- 0x7fbe90107780 con 0x7fbe90108ad0
2024-04-25T11:34:28.451 INFO:teuthology.orchestra.run.smithi083.stdout:/usr/bin/ceph: stderr
2024-04-25T11:34:27.636+0000 7fbe9566a700 1 --2- 172.21.15.83:0/1800896332 >> [v2:172.21.15.83:3300/0,v1:172.21.15.83:6789/0] conn(0x7fbe90108ad0 0x7fbe90108ef0 secure :-1 s=READY pgs=41 cs=0 l=1 rev1=1 crypto rx=0x7fbe8c009e80 tx=0x7fbe8c00b330 comp rx=0 tx=0).ready entity=mon.0 client_cookie=c12a3299ee1a837f server_cookie=0 in_seq=0 out_seq=0
2024-04-25T11:34:28.451 INFO:teuthology.orchestra.run.smithi083.stdout:/usr/bin/ceph: stderr
2024-04-25T11:34:27.636+0000 7fbe87fff700 1 -- 172.21.15.83:0/1800896332 <== mon.0 v2:172.21.15.83:3300/0 1 ==== mon_map magic: 0 ==== 205+0+0 (secure 0 0 0) 0x7fbe8c017070 con 0x7fbe90108ad0
2024-04-25T11:34:28.451 INFO:teuthology.orchestra.run.smithi083.stdout:/usr/bin/ceph: stderr
2024-04-25T11:34:27.636+0000 7fbe87fff700 1 -- 172.21.15.83:0/1800896332 <== mon.0 v2:172.21.15.83:3300/0 2 ==== config(26 keys) ==== 1070+0+0 (secure 0 0 0) 0x7fbe8c00b8c0 con 0x7fbe90108ad0
2024-04-25T11:34:28.451 INFO:teuthology.orchestra.run.smithi083.stdout:/usr/bin/ceph: stderr
2024-04-25T11:34:27.636+0000 7fbe87fff700 1 -- 172.21.15.83:0/1800896332 <== mon.0 v2:172.21.15.83:3300/0 3 ==== mon_map magic: 0 ==== 205+0+0 (secure 0 0 0) 0x7fbe8c004490 con 0x7fbe90108ad0
2024-04-25T11:34:28.451 INFO:teuthology.orchestra.run.smithi083.stdout:/usr/bin/ceph: stderr
2024-04-25T11:34:27.637+0000 7fbe978ce700 1 -- 172.21.15.83:0/1800896332 >> [v2:172.21.15.83:3300/0,v1:172.21.15.83:6789/0] conn(0x7fbe90108ad0 msgr2=0x7fbe90108ef0 secure :-1 s=STATE_CONNECTION_ESTABLISHED l=1).mark_down
2024-04-25T11:34:28.451 INFO:teuthology.orchestra.run.smithi083.stdout:/usr/bin/ceph: stderr
2024-04-25T11:34:27.637+0000 7fbe978ce700 1 --2- 172.21.15.83:0/1800896332 >> [v2:172.21.15.83:3300/0,v1:172.21.15.83:6789/0] conn(0x7fbe90108ad0 0x7fbe90108ef0 secure :-1 s=READY pgs=41 cs=0 l=1 rev1=1 crypto rx=0x7fbe8c009e80 tx=0x7fbe8c00b330 comp rx=0 tx=0).stop
2024-04-25T11:34:28.451 INFO:teuthology.orchestra.run.smithi083.stdout:/usr/bin/ceph: stderr
2024-04-25T11:34:27.637+0000 7fbe978ce700 1 -- 172.21.15.83:0/1800896332 shutdown_connections
2024-04-25T11:34:28.451 INFO:teuthology.orchestra.run.smithi083.stdout:/usr/bin/ceph: stderr
2024-04-25T11:34:27.637+0000 7fbe978ce700 1 --2- 172.21.15.83:0/1800896332 >> [v2:172.21.15.83:3300/0,v1:172.21.15.83:6789/0] conn(0x7fbe90108ad0 0x7fbe90108ef0 unknown :-1 s=CLOSED pgs=41 cs=0 l=1 rev1=1 crypto rx=0 tx=0 comp rx=0 tx=0).stop
2024-04-25T11:34:28.451 INFO:teuthology.orchestra.run.smithi083.stdout:/usr/bin/ceph: stderr
2024-04-25T11:34:27.637+0000 7fbe978ce700 1 -- 172.21.15.83:0/1800896332 >> 172.21.15.83:0/1800896332 conn(0x7fbe90102230 msgr2=0x7fbe90104650 unknown :-1 s=STATE_NONE l=0).mark_down
2024-04-25T11:34:28.451 INFO:teuthology.orchestra.run.smithi083.stdout:/usr/bin/ceph: stderr
2024-04-25T11:34:27.637+0000 7fbe978ce700 1 -- 172.21.15.83:0/1800896332 shutdown_connections
2024-04-25T11:34:28.452 INFO:teuthology.orchestra.run.smithi083.stdout:/usr/bin/ceph: stderr
2024-04-25T11:34:27.637+0000 7fbe978ce700 1 -- 172.21.15.83:0/1800896332 wait complete.
2024-04-25T11:34:28.452 INFO:teuthology.orchestra.run.smithi083.stdout:/usr/bin/ceph: stderr
2024-04-25T11:34:27.637+0000 7fbe978ce700 1 Processor -- start
2024-04-25T11:34:28.452 INFO:teuthology.orchestra.run.smithi083.stdout:/usr/bin/ceph: stderr
2024-04-25T11:34:27.637+0000 7fbe978ce700 1 -- start start
2024-04-25T11:34:28.452 INFO:teuthology.orchestra.run.smithi083.stdout:/usr/bin/ceph: stderr
2024-04-25T11:34:27.637+0000 7fbe978ce700 1 --2- >> [v2:172.21.15.83:3300/0,v1:172.21.15.83:6789/0] conn(0x7fbe90108ad0 0x7fbe901070f0 unknown :-1 s=NONE pgs=0 cs=0 l=1 rev1=0 crypto rx=0 tx=0 comp rx=0 tx=0).connect
2024-04-25T11:34:28.452 INFO:teuthology.orchestra.run.smithi083.stdout:/usr/bin/ceph: stderr
2024-04-25T11:34:27.637+0000 7fbe978ce700 1 -- --> [v2:172.21.15.83:3300/0,v1:172.21.15.83:6789/0] -- mon_getmap magic: 0 -- 0x7fbe9010b9c0 con 0x7fbe90108ad0
2024-04-25T11:34:28.452 INFO:teuthology.orchestra.run.smithi083.stdout:/usr/bin/ceph: stderr
2024-04-25T11:34:27.638+0000 7fbe9566a700 1 --2- >> [v2:172.21.15.83:3300/0,v1:172.21.15.83:6789/0] conn(0x7fbe90108ad0 0x7fbe901070f0 unknown :-1 s=BANNER_CONNECTING pgs=0 cs=0 l=1 rev1=0 crypto rx=0 tx=0 comp rx=0 tx=0)._handle_peer_banner_payload supported=3 required=0
2024-04-25T11:34:28.452 INFO:teuthology.orchestra.run.smithi083.stdout:/usr/bin/ceph: stderr
2024-04-25T11:34:27.638+0000 7fbe9566a700 1 --2- >> [v2:172.21.15.83:3300/0,v1:172.21.15.83:6789/0] conn(0x7fbe90108ad0 0x7fbe901070f0 unknown :-1 s=HELLO_CONNECTING pgs=0 cs=0 l=1 rev1=1 crypto rx=0 tx=0 comp rx=0 tx=0).handle_hello peer v2:172.21.15.83:3300/0 says I am v2:172.21.15.83:42172/0 (socket says 172.21.15.83:42172)
2024-04-25T11:34:28.452 INFO:teuthology.orchestra.run.smithi083.stdout:/usr/bin/ceph: stderr
2024-04-25T11:34:27.638+0000 7fbe9566a700 1 -- 172.21.15.83:0/864763573 learned_addr learned my addr 172.21.15.83:0/864763573 (peer_addr_for_me v2:172.21.15.83:0/0)
2024-04-25T11:34:28.452 INFO:teuthology.orchestra.run.smithi083.stdout:/usr/bin/ceph: stderr
2024-04-25T11:34:27.638+0000 7fbe9566a700 1 -- 172.21.15.83:0/864763573 --> [v2:172.21.15.83:3300/0,v1:172.21.15.83:6789/0] -- mon_subscribe({config=0+,monmap=0+}) -- 0x7fbe9019f210 con 0x7fbe90108ad0
2024-04-25T11:34:28.452 INFO:teuthology.orchestra.run.smithi083.stdout:/usr/bin/ceph: stderr
2024-04-25T11:34:27.638+0000 7fbe9566a700 1 --2- 172.21.15.83:0/864763573 >> [v2:172.21.15.83:3300/0,v1:172.21.15.83:6789/0] conn(0x7fbe90108ad0 0x7fbe901070f0 secure :-1 s=READY pgs=42 cs=0 l=1 rev1=1 crypto rx=0x7fbe8c004a60 tx=0x7fbe8c00bd50 comp rx=0 tx=0).ready entity=mon.0 client_cookie=0 server_cookie=0 in_seq=0 out_seq=0
2024-04-25T11:34:28.452 INFO:teuthology.orchestra.run.smithi083.stdout:/usr/bin/ceph: stderr
2024-04-25T11:34:27.638+0000 7fbe867fc700 1 -- 172.21.15.83:0/864763573 <== mon.0 v2:172.21.15.83:3300/0 1 ==== mon_map magic: 0 ==== 205+0+0 (secure 0 0 0) 0x7fbe8c020020 con 0x7fbe90108ad0
2024-04-25T11:34:28.452 INFO:teuthology.orchestra.run.smithi083.stdout:/usr/bin/ceph: stderr
2024-04-25T11:34:27.638+0000 7fbe867fc700 1 -- 172.21.15.83:0/864763573 <== mon.0 v2:172.21.15.83:3300/0 2 ==== config(26 keys) ==== 1070+0+0 (secure 0 0 0) 0x7fbe8c003c60 con 0x7fbe90108ad0
2024-04-25T11:34:28.452 INFO:teuthology.orchestra.run.smithi083.stdout:/usr/bin/ceph: stderr
