2024-04-25T11:36:11.701+0000 7fc832037700 1 --2- >> [v2:172.21.15.106:3300/0,v1:172.21.15.106:6789/0] conn(0x7fc82c106c40 0x7fc82c19e3a0 unknown :-1 s=HELLO_CONNECTING pgs=0 cs=0 l=1 rev1=1 crypto rx=0 tx=0 comp rx=0 tx=0).handle_hello peer v2:172.21.15.106:3300/0 says I am v2:172.21.15.106:33074/0 (socket says 172.21.15.106:33074)
2024-04-25T11:36:17.751 INFO:teuthology.orchestra.run.smithi106.stdout:/usr/bin/ceph: stderr
2024-04-25T11:36:11.701+0000 7fc832037700 1 -- 172.21.15.106:0/584366246 learned_addr learned my addr 172.21.15.106:0/584366246 (peer_addr_for_me v2:172.21.15.106:0/0)
2024-04-25T11:36:17.752 INFO:teuthology.orchestra.run.smithi106.stdout:/usr/bin/ceph: stderr
2024-04-25T11:36:11.701+0000 7fc832037700 1 -- 172.21.15.106:0/584366246 --> [v2:172.21.15.106:3300/0,v1:172.21.15.106:6789/0] -- mon_subscribe({config=0+,monmap=0+}) -- 0x7fc82c19e8e0 con 0x7fc82c106c40
2024-04-25T11:36:17.752 INFO:teuthology.orchestra.run.smithi106.stdout:/usr/bin/ceph: stderr
2024-04-25T11:36:11.702+0000 7fc832037700 1 --2- 172.21.15.106:0/584366246 >> [v2:172.21.15.106:3300/0,v1:172.21.15.106:6789/0] conn(0x7fc82c106c40 0x7fc82c19e3a0 secure :-1 s=READY pgs=29 cs=0 l=1 rev1=1 crypto rx=0x7fc81c003f40 tx=0x7fc81c011890 comp rx=0 tx=0).ready entity=mon.0 client_cookie=0 server_cookie=0 in_seq=0 out_seq=0
2024-04-25T11:36:17.752 INFO:teuthology.orchestra.run.smithi106.stdout:/usr/bin/ceph: stderr
2024-04-25T11:36:11.702+0000 7fc8237fe700 1 -- 172.21.15.106:0/584366246 <== mon.0 v2:172.21.15.106:3300/0 1 ==== mon_map magic: 0 ==== 205+0+0 (secure 0 0 0) 0x7fc81c0038b0 con 0x7fc82c106c40
2024-04-25T11:36:17.752 INFO:teuthology.orchestra.run.smithi106.stdout:/usr/bin/ceph: stderr
2024-04-25T11:36:11.702+0000 7fc83429b700 1 -- 172.21.15.106:0/584366246 --> [v2:172.21.15.106:3300/0,v1:172.21.15.106:6789/0] -- mon_subscribe({mgrmap=0+}) -- 0x7fc82c19eb70 con 0x7fc82c106c40
2024-04-25T11:36:17.752 INFO:teuthology.orchestra.run.smithi106.stdout:/usr/bin/ceph: stderr
2024-04-25T11:36:11.702+0000 7fc83429b700 1 -- 172.21.15.106:0/584366246 --> [v2:172.21.15.106:3300/0,v1:172.21.15.106:6789/0] -- mon_subscribe({osdmap=0}) -- 0x7fc82c1a1860 con 0x7fc82c106c40
2024-04-25T11:36:17.752 INFO:teuthology.orchestra.run.smithi106.stdout:/usr/bin/ceph: stderr
2024-04-25T11:36:11.702+0000 7fc8237fe700 1 -- 172.21.15.106:0/584366246 <== mon.0 v2:172.21.15.106:3300/0 2 ==== config(26 keys) ==== 1070+0+0 (secure 0 0 0) 0x7fc81c003a50 con 0x7fc82c106c40
2024-04-25T11:36:17.752 INFO:teuthology.orchestra.run.smithi106.stdout:/usr/bin/ceph: stderr
2024-04-25T11:36:11.702+0000 7fc8237fe700 1 -- 172.21.15.106:0/584366246 <== mon.0 v2:172.21.15.106:3300/0 3 ==== mon_map magic: 0 ==== 205+0+0 (secure 0 0 0) 0x7fc81c01a5c0 con 0x7fc82c106c40
2024-04-25T11:36:17.752 INFO:teuthology.orchestra.run.smithi106.stdout:/usr/bin/ceph: stderr
2024-04-25T11:36:11.703+0000 7fc8237fe700 1 -- 172.21.15.106:0/584366246 <== mon.0 v2:172.21.15.106:3300/0 4 ==== mgrmap(e 5) ==== 46558+0+0 (secure 0 0 0) 0x7fc81c01a870 con 0x7fc82c106c40
2024-04-25T11:36:17.752 INFO:teuthology.orchestra.run.smithi106.stdout:/usr/bin/ceph: stderr
2024-04-25T11:36:11.703+0000 7fc8237fe700 1 --2- 172.21.15.106:0/584366246 >> [v2:172.21.15.106:6800/2106954536,v1:172.21.15.106:6801/2106954536] conn(0x7fc818039670 0x7fc81803bb30 unknown :-1 s=NONE pgs=0 cs=0 l=1 rev1=0 crypto rx=0 tx=0 comp rx=0 tx=0).connect
2024-04-25T11:36:17.752 INFO:teuthology.orchestra.run.smithi106.stdout:/usr/bin/ceph: stderr
2024-04-25T11:36:11.703+0000 7fc8237fe700 1 -- 172.21.15.106:0/584366246 --> [v2:172.21.15.106:6800/2106954536,v1:172.21.15.106:6801/2106954536] -- command(tid 0: {"prefix": "get_command_descriptions"}) -- 0x7fc81803c240 con 0x7fc818039670
2024-04-25T11:36:17.752 INFO:teuthology.orchestra.run.smithi106.stdout:/usr/bin/ceph: stderr
2024-04-25T11:36:11.703+0000 7fc8237fe700 1 -- 172.21.15.106:0/584366246 <== mon.0 v2:172.21.15.106:3300/0 5 ==== osd_map(1..1 src has 1..1) ==== 725+0+0 (secure 0 0 0) 0x7fc81c04da60 con 0x7fc82c106c40
2024-04-25T11:36:17.752 INFO:teuthology.orchestra.run.smithi106.stdout:/usr/bin/ceph: stderr
2024-04-25T11:36:11.703+0000 7fc831836700 1 -- 172.21.15.106:0/584366246 >> [v2:172.21.15.106:6800/2106954536,v1:172.21.15.106:6801/2106954536] conn(0x7fc818039670 msgr2=0x7fc81803bb30 unknown :-1 s=STATE_CONNECTING_RE l=1).process reconnect failed to v2:172.21.15.106:6800/2106954536
2024-04-25T11:36:17.752 INFO:teuthology.orchestra.run.smithi106.stdout:/usr/bin/ceph: stderr
2024-04-25T11:36:11.703+0000 7fc831836700 1 --2- 172.21.15.106:0/584366246 >> [v2:172.21.15.106:6800/2106954536,v1:172.21.15.106:6801/2106954536] conn(0x7fc818039670 0x7fc81803bb30 unknown :-1 s=START_CONNECT pgs=0 cs=0 l=1 rev1=0 crypto rx=0 tx=0 comp rx=0 tx=0)._fault waiting 0.200000
2024-04-25T11:36:17.752 INFO:teuthology.orchestra.run.smithi106.stdout:/usr/bin/ceph: stderr
2024-04-25T11:36:11.904+0000 7fc831836700 1 -- 172.21.15.106:0/584366246 >> [v2:172.21.15.106:6800/2106954536,v1:172.21.15.106:6801/2106954536] conn(0x7fc818039670 msgr2=0x7fc81803bb30 unknown :-1 s=STATE_CONNECTING_RE l=1).process reconnect failed to v2:172.21.15.106:6800/2106954536
2024-04-25T11:36:17.753 INFO:teuthology.orchestra.run.smithi106.stdout:/usr/bin/ceph: stderr
2024-04-25T11:36:11.904+0000 7fc831836700 1 --2- 172.21.15.106:0/584366246 >> [v2:172.21.15.106:6800/2106954536,v1:172.21.15.106:6801/2106954536] conn(0x7fc818039670 0x7fc81803bb30 unknown :-1 s=START_CONNECT pgs=0 cs=0 l=1 rev1=0 crypto rx=0 tx=0 comp rx=0 tx=0)._fault waiting 0.400000
2024-04-25T11:36:17.753 INFO:teuthology.orchestra.run.smithi106.stdout:/usr/bin/ceph: stderr
2024-04-25T11:36:12.305+0000 7fc831836700 1 -- 172.21.15.106:0/584366246 >> [v2:172.21.15.106:6800/2106954536,v1:172.21.15.106:6801/2106954536] conn(0x7fc818039670 msgr2=0x7fc81803bb30 unknown :-1 s=STATE_CONNECTING_RE l=1).process reconnect failed to v2:172.21.15.106:6800/2106954536
2024-04-25T11:36:17.753 INFO:teuthology.orchestra.run.smithi106.stdout:/usr/bin/ceph: stderr
2024-04-25T11:36:12.305+0000 7fc831836700 1 --2- 172.21.15.106:0/584366246 >> [v2:172.21.15.106:6800/2106954536,v1:172.21.15.106:6801/2106954536] conn(0x7fc818039670 0x7fc81803bb30 unknown :-1 s=START_CONNECT pgs=0 cs=0 l=1 rev1=0 crypto rx=0 tx=0 comp rx=0 tx=0)._fault waiting 0.800000
2024-04-25T11:36:17.753 INFO:teuthology.orchestra.run.smithi106.stdout:/usr/bin/ceph: stderr
2024-04-25T11:36:13.106+0000 7fc831836700 1 -- 172.21.15.106:0/584366246 >> [v2:172.21.15.106:6800/2106954536,v1:172.21.15.106:6801/2106954536] conn(0x7fc818039670 msgr2=0x7fc81803bb30 unknown :-1 s=STATE_CONNECTING_RE l=1).process reconnect failed to v2:172.21.15.106:6800/2106954536
2024-04-25T11:36:17.753 INFO:teuthology.orchestra.run.smithi106.stdout:/usr/bin/ceph: stderr
2024-04-25T11:36:13.106+0000 7fc831836700 1 --2- 172.21.15.106:0/584366246 >> [v2:172.21.15.106:6800/2106954536,v1:172.21.15.106:6801/2106954536] conn(0x7fc818039670 0x7fc81803bb30 unknown :-1 s=START_CONNECT pgs=0 cs=0 l=1 rev1=0 crypto rx=0 tx=0 comp rx=0 tx=0)._fault waiting 1.600000
2024-04-25T11:36:17.753 INFO:teuthology.orchestra.run.smithi106.stdout:/usr/bin/ceph: stderr
2024-04-25T11:36:14.707+0000 7fc831836700 1 -- 172.21.15.106:0/584366246 >> [v2:172.21.15.106:6800/2106954536,v1:172.21.15.106:6801/2106954536] conn(0x7fc818039670 msgr2=0x7fc81803bb30 unknown :-1 s=STATE_CONNECTING_RE l=1).process reconnect failed to v2:172.21.15.106:6800/2106954536
2024-04-25T11:36:17.753 INFO:teuthology.orchestra.run.smithi106.stdout:/usr/bin/ceph: stderr
2024-04-25T11:36:14.707+0000 7fc831836700 1 --2- 172.21.15.106:0/584366246 >> [v2:172.21.15.106:6800/2106954536,v1:172.21.15.106:6801/2106954536] conn(0x7fc818039670 0x7fc81803bb30 unknown :-1 s=START_CONNECT pgs=0 cs=0 l=1 rev1=0 crypto rx=0 tx=0 comp rx=0 tx=0)._fault waiting 3.200000
2024-04-25T11:36:17.753 INFO:teuthology.orchestra.run.smithi106.stdout:/usr/bin/ceph: stderr
2024-04-25T11:36:16.223+0000 7fc8237fe700 1 -- 172.21.15.106:0/584366246 <== mon.0 v2:172.21.15.106:3300/0 6 ==== mgrmap(e 6) ==== 46325+0+0 (secure 0 0 0) 0x7fc81c01abb0 con 0x7fc82c106c40
2024-04-25T11:36:17.753 INFO:teuthology.orchestra.run.smithi106.stdout:/usr/bin/ceph: stderr
2024-04-25T11:36:16.223+0000 7fc8237fe700 1 -- 172.21.15.106:0/584366246 >> [v2:172.21.15.106:6800/2106954536,v1:172.21.15.106:6801/2106954536] conn(0x7fc818039670 msgr2=0x7fc81803bb30 unknown :-1 s=STATE_CONNECTING l=1).mark_down
2024-04-25T11:36:17.753 INFO:teuthology.orchestra.run.smithi106.stdout:/usr/bin/ceph: stderr
2024-04-25T11:36:16.223+0000 7fc8237fe700 1 --2- 172.21.15.106:0/584366246 >> [v2:172.21.15.106:6800/2106954536,v1:172.21.15.106:6801/2106954536] conn(0x7fc818039670 0x7fc81803bb30 unknown :-1 s=START_CONNECT pgs=0 cs=0 l=1 rev1=0 crypto rx=0 tx=0 comp rx=0 tx=0).stop
2024-04-25T11:36:17.753 INFO:teuthology.orchestra.run.smithi106.stdout:/usr/bin/ceph: stderr
2024-04-25T11:36:17.224+0000 7fc8237fe700 1 -- 172.21.15.106:0/584366246 <== mon.0 v2:172.21.15.106:3300/0 7 ==== mgrmap(e 7) ==== 46452+0+0 (secure 0 0 0) 0x7fc81c04f8b0 con 0x7fc82c106c40
2024-04-25T11:36:17.753 INFO:teuthology.orchestra.run.smithi106.stdout:/usr/bin/ceph: stderr
2024-04-25T11:36:17.225+0000 7fc8237fe700 1 --2- 172.21.15.106:0/584366246 >> [v2:172.21.15.106:6800/400046033,v1:172.21.15.106:6801/400046033] conn(0x7fc81803cf60 0x7fc81803f350 unknown :-1 s=NONE pgs=0 cs=0 l=1 rev1=0 crypto rx=0 tx=0 comp rx=0 tx=0).connect
2024-04-25T11:36:17.753 INFO:teuthology.orchestra.run.smithi106.stdout:/usr/bin/ceph: stderr
2024-04-25T11:36:17.225+0000 7fc8237fe700 1 -- 172.21.15.106:0/584366246 --> [v2:172.21.15.106:6800/400046033,v1:172.21.15.106:6801/400046033] -- command(tid 0: {"prefix": "get_command_descriptions"}) -- 0x7fc81c016e70 con 0x7fc81803cf60
2024-04-25T11:36:17.753 INFO:teuthology.orchestra.run.smithi106.stdout:/usr/bin/ceph: stderr
2024-04-25T11:36:17.225+0000 7fc831836700 1 --2- 172.21.15.106:0/584366246 >> [v2:172.21.15.106:6800/400046033,v1:172.21.15.106:6801/400046033] conn(0x7fc81803cf60 0x7fc81803f350 unknown :-1 s=BANNER_CONNECTING pgs=0 cs=0 l=1 rev1=0 crypto rx=0 tx=0 comp rx=0 tx=0)._handle_peer_banner_payload supported=3 required=0
2024-04-25T11:36:17.754 INFO:teuthology.orchestra.run.smithi106.stdout:/usr/bin/ceph: stderr
2024-04-25T11:36:17.226+0000 7fc831836700 1 --2- 172.21.15.106:0/584366246 >> [v2:172.21.15.106:6800/400046033,v1:172.21.15.106:6801/400046033] conn(0x7fc81803cf60 0x7fc81803f350 secure :-1 s=READY pgs=2 cs=0 l=1 rev1=1 crypto rx=0x7fc828003a10 tx=0x7fc8280092b0 comp rx=0 tx=0).ready entity=mgr.14120 client_cookie=0 server_cookie=0 in_seq=0 out_seq=0
2024-04-25T11:36:17.754 INFO:teuthology.orchestra.run.smithi106.stdout:/usr/bin/ceph: stderr
2024-04-25T11:36:17.226+0000 7fc8237fe700 1 -- 172.21.15.106:0/584366246 <== mgr.14120 v2:172.21.15.106:6800/400046033 1 ==== command_reply(tid 0: 0 ) ==== 8+0+7774 (secure 0 0 0) 0x7fc81c016e70 con 0x7fc81803cf60
2024-04-25T11:36:17.754 INFO:teuthology.orchestra.run.smithi106.stdout:/usr/bin/ceph: stderr
2024-04-25T11:36:17.233+0000 7fc83429b700 1 -- 172.21.15.106:0/584366246 --> [v2:172.21.15.106:6800/400046033,v1:172.21.15.106:6801/400046033] -- command(tid 1: {"prefix": "mgr_status"}) -- 0x7fc810002630 con 0x7fc81803cf60
2024-04-25T11:36:17.754 INFO:teuthology.orchestra.run.smithi106.stdout:/usr/bin/ceph: stderr
2024-04-25T11:36:17.234+0000 7fc8237fe700 1 -- 172.21.15.106:0/584366246 <== mgr.14120 v2:172.21.15.106:6800/400046033 2 ==== command_reply(tid 1: 0 ) ==== 8+0+51 (secure 0 0 0) 0x7fc810002630 con 0x7fc81803cf60
2024-04-25T11:36:17.754 INFO:teuthology.orchestra.run.smithi106.stdout:/usr/bin/ceph: stderr
2024-04-25T11:36:17.234+0000 7fc83429b700 1 -- 172.21.15.106:0/584366246 >> [v2:172.21.15.106:6800/400046033,v1:172.21.15.106:6801/400046033] conn(0x7fc81803cf60 msgr2=0x7fc81803f350 secure :-1 s=STATE_CONNECTION_ESTABLISHED l=1).mark_down
2024-04-25T11:36:17.754 INFO:teuthology.orchestra.run.smithi106.stdout:/usr/bin/ceph: stderr
2024-04-25T11:36:17.234+0000 7fc83429b700 1 --2- 172.21.15.106:0/584366246 >> [v2:172.21.15.106:6800/400046033,v1:172.21.15.106:6801/400046033] conn(0x7fc81803cf60 0x7fc81803f350 secure :-1 s=READY pgs=2 cs=0 l=1 rev1=1 crypto rx=0x7fc828003a10 tx=0x7fc8280092b0 comp rx=0 tx=0).stop
2024-04-25T11:36:17.754 INFO:teuthology.orchestra.run.smithi106.stdout:/usr/bin/ceph: stderr
2024-04-25T11:36:17.234+0000 7fc83429b700 1 -- 172.21.15.106:0/584366246 >> [v2:172.21.15.106:3300/0,v1:172.21.15.106:6789/0] conn(0x7fc82c106c40 msgr2=0x7fc82c19e3a0 secure :-1 s=STATE_CONNECTION_ESTABLISHED l=1).mark_down
2024-04-25T11:36:17.754 INFO:teuthology.orchestra.run.smithi106.stdout:/usr/bin/ceph: stderr
2024-04-25T11:36:17.234+0000 7fc83429b700 1 --2- 172.21.15.106:0/584366246 >> [v2:172.21.15.106:3300/0,v1:172.21.15.106:6789/0] conn(0x7fc82c106c40 0x7fc82c19e3a0 secure :-1 s=READY pgs=29 cs=0 l=1 rev1=1 crypto rx=0x7fc81c003f40 tx=0x7fc81c011890 comp rx=0 tx=0).stop
2024-04-25T11:36:17.754 INFO:teuthology.orchestra.run.smithi106.stdout:/usr/bin/ceph: stderr
2024-04-25T11:36:17.234+0000 7fc83429b700 1 -- 172.21.15.106:0/584366246 shutdown_connections
2024-04-25T11:36:17.754 INFO:teuthology.orchestra.run.smithi106.stdout:/usr/bin/ceph: stderr
2024-04-25T11:36:17.234+0000 7fc83429b700 1 --2- 172.21.15.106:0/584366246 >> [v2:172.21.15.106:6800/400046033,v1:172.21.15.106:6801/400046033] conn(0x7fc81803cf60 0x7fc81803f350 unknown :-1 s=CLOSED pgs=2 cs=0 l=1 rev1=1 crypto rx=0 tx=0 comp rx=0 tx=0).stop
2024-04-25T11:36:17.754 INFO:teuthology.orchestra.run.smithi106.stdout:/usr/bin/ceph: stderr
2024-04-25T11:36:17.234+0000 7fc83429b700 1 --2- 172.21.15.106:0/584366246 >> [v2:172.21.15.106:3300/0,v1:172.21.15.106:6789/0] conn(0x7fc82c106c40 0x7fc82c19e3a0 unknown :-1 s=CLOSED pgs=29 cs=0 l=1 rev1=1 crypto rx=0 tx=0 comp rx=0 tx=0).stop
2024-04-25T11:36:17.754 INFO:teuthology.orchestra.run.smithi106.stdout:/usr/bin/ceph: stderr
2024-04-25T11:36:17.234+0000 7fc83429b700 1 --2- 172.21.15.106:0/584366246 >> [v2:172.21.15.106:6800/2106954536,v1:172.21.15.106:6801/2106954536] conn(0x7fc818039670 0x7fc81803bb30 unknown :-1 s=CLOSED pgs=0 cs=0 l=1 rev1=0 crypto rx=0 tx=0 comp rx=0 tx=0).stop
2024-04-25T11:36:17.754 INFO:teuthology.orchestra.run.smithi106.stdout:/usr/bin/ceph: stderr
2024-04-25T11:36:17.234+0000 7fc83429b700 1 -- 172.21.15.106:0/584366246 >> 172.21.15.106:0/584366246 conn(0x7fc82c102820 msgr2=0x7fc82c194ff0 unknown :-1 s=STATE_NONE l=0).mark_down
2024-04-25T11:36:17.755 INFO:teuthology.orchestra.run.smithi106.stdout:/usr/bin/ceph: stderr
2024-04-25T11:36:17.234+0000 7fc83429b700 1 -- 172.21.15.106:0/584366246 shutdown_connections
2024-04-25T11:36:17.755 INFO:teuthology.orchestra.run.smithi106.stdout:/usr/bin/ceph: stderr
2024-04-25T11:36:17.234+0000 7fc83429b700 1 -- 172.21.15.106:0/584366246 wait complete.
2024-04-25T11:36:17.755 INFO:teuthology.orchestra.run.smithi106.stdout:mgr epoch 5 is available
2024-04-25T11:36:17.755 INFO:teuthology.orchestra.run.smithi106.stdout:Setting orchestrator backend to cephadm...
2024-04-25T11:36:18.372 INFO:journalctl@ceph.mon.a.smithi106.stdout:Apr 25 11:36:18 smithi106 ceph-mon[29149]: [25/Apr/2024:11:36:17] ENGINE Bus STARTING
2024-04-25T11:36:18.372 INFO:journalctl@ceph.mon.a.smithi106.stdout:Apr 25 11:36:18 smithi106 ceph-mon[29149]: [25/Apr/2024:11:36:17] ENGINE Serving on https://172.21.15.106:7150
2024-04-25T11:36:18.372 INFO:journalctl@ceph.mon.a.smithi106.stdout:Apr 25 11:36:18 smithi106 ceph-mon[29149]: from='client.14124 -' entity='client.admin' cmd=[{"prefix": "get_command_descriptions"}]: dispatch
2024-04-25T11:36:18.372 INFO:journalctl@ceph.mon.a.smithi106.stdout:Apr 25 11:36:18 smithi106 ceph-mon[29149]: [25/Apr/2024:11:36:17] ENGINE Serving on http://172.21.15.106:8765
2024-04-25T11:36:18.372 INFO:journalctl@ceph.mon.a.smithi106.stdout:Apr 25 11:36:18 smithi106 ceph-mon[29149]: [25/Apr/2024:11:36:17] ENGINE Bus STARTED
2024-04-25T11:36:18.372 INFO:journalctl@ceph.mon.a.smithi106.stdout:Apr 25 11:36:18 smithi106 ceph-mon[29149]: from='client.14124 -' entity='client.admin' cmd=[{"prefix": "mgr_status"}]: dispatch
2024-04-25T11:36:18.913 INFO:teuthology.orchestra.run.smithi106.stdout:/usr/bin/ceph: stderr
2024-04-25T11:36:18.155+0000 7fb162175700 1 Processor -- start
2024-04-25T11:36:18.913 INFO:teuthology.orchestra.run.smithi106.stdout:/usr/bin/ceph: stderr
2024-04-25T11:36:18.155+0000 7fb162175700 1 -- start start
2024-04-25T11:36:18.913 INFO:teuthology.orchestra.run.smithi106.stdout:/usr/bin/ceph: stderr
2024-04-25T11:36:18.155+0000 7fb162175700 1 --2- >> [v2:172.21.15.106:3300/0,v1:172.21.15.106:6789/0] conn(0x7fb15c07de40 0x7fb15c07c2f0 unknown :-1 s=NONE pgs=0 cs=0 l=0 rev1=0 crypto rx=0 tx=0 comp rx=0 tx=0).connect
2024-04-25T11:36:18.913 INFO:teuthology.orchestra.run.smithi106.stdout:/usr/bin/ceph: stderr
2024-04-25T11:36:18.155+0000 7fb162175700 1 -- --> [v2:172.21.15.106:3300/0,v1:172.21.15.106:6789/0] -- mon_getmap magic: 0 -- 0x7fb15c07c8c0 con 0x7fb15c07de40
2024-04-25T11:36:18.913 INFO:teuthology.orchestra.run.smithi106.stdout:/usr/bin/ceph: stderr
2024-04-25T11:36:18.155+0000 7fb15b7fe700 1 --2- >> [v2:172.21.15.106:3300/0,v1:172.21.15.106:6789/0] conn(0x7fb15c07de40 0x7fb15c07c2f0 unknown :-1 s=BANNER_CONNECTING pgs=0 cs=0 l=0 rev1=0 crypto rx=0 tx=0 comp rx=0 tx=0)._handle_peer_banner_payload supported=3 required=0
2024-04-25T11:36:18.914 INFO:teuthology.orchestra.run.smithi106.stdout:/usr/bin/ceph: stderr
2024-04-25T11:36:18.155+0000 7fb15b7fe700 1 --2- >> [v2:172.21.15.106:3300/0,v1:172.21.15.106:6789/0] conn(0x7fb15c07de40 0x7fb15c07c2f0 unknown :-1 s=HELLO_CONNECTING pgs=0 cs=0 l=0 rev1=1 crypto rx=0 tx=0 comp rx=0 tx=0).handle_hello peer v2:172.21.15.106:3300/0 says I am v2:172.21.15.106:33134/0 (socket says 172.21.15.106:33134)
2024-04-25T11:36:18.914 INFO:teuthology.orchestra.run.smithi106.stdout:/usr/bin/ceph: stderr
2024-04-25T11:36:18.155+0000 7fb15b7fe700 1 -- 172.21.15.106:0/4213789858 learned_addr learned my addr 172.21.15.106:0/4213789858 (peer_addr_for_me v2:172.21.15.106:0/0)
2024-04-25T11:36:18.914 INFO:teuthology.orchestra.run.smithi106.stdout:/usr/bin/ceph: stderr
2024-04-25T11:36:18.156+0000 7fb15b7fe700 1 -- 172.21.15.106:0/4213789858 --> [v2:172.21.15.106:3300/0,v1:172.21.15.106:6789/0] -- mon_subscribe({config=0+,monmap=0+}) -- 0x7fb15c07ca40 con 0x7fb15c07de40
2024-04-25T11:36:18.914 INFO:teuthology.orchestra.run.smithi106.stdout:/usr/bin/ceph: stderr
2024-04-25T11:36:18.156+0000 7fb15b7fe700 1 --2- 172.21.15.106:0/4213789858 >> [v2:172.21.15.106:3300/0,v1:172.21.15.106:6789/0] conn(0x7fb15c07de40 0x7fb15c07c2f0 secure :-1 s=READY pgs=37 cs=0 l=1 rev1=1 crypto rx=0x7fb14c0098a0 tx=0x7fb14c009bb0 comp rx=0 tx=0).ready entity=mon.0 client_cookie=bcef754b26405951 server_cookie=0 in_seq=0 out_seq=0
2024-04-25T11:36:18.914 INFO:teuthology.orchestra.run.smithi106.stdout:/usr/bin/ceph: stderr
2024-04-25T11:36:18.156+0000 7fb15affd700 1 -- 172.21.15.106:0/4213789858 <== mon.0 v2:172.21.15.106:3300/0 1 ==== mon_map magic: 0 ==== 205+0+0 (secure 0 0 0) 0x7fb14c004160 con 0x7fb15c07de40
2024-04-25T11:36:18.914 INFO:teuthology.orchestra.run.smithi106.stdout:/usr/bin/ceph: stderr
2024-04-25T11:36:18.156+0000 7fb15affd700 1 -- 172.21.15.106:0/4213789858 <== mon.0 v2:172.21.15.106:3300/0 2 ==== config(26 keys) ==== 1070+0+0 (secure 0 0 0) 0x7fb14c004300 con 0x7fb15c07de40
2024-04-25T11:36:18.914 INFO:teuthology.orchestra.run.smithi106.stdout:/usr/bin/ceph: stderr
2024-04-25T11:36:18.156+0000 7fb15affd700 1 -- 172.21.15.106:0/4213789858 <== mon.0 v2:172.21.15.106:3300/0 3 ==== mon_map magic: 0 ==== 205+0+0 (secure 0 0 0) 0x7fb14c011af0 con 0x7fb15c07de40
2024-04-25T11:36:18.914 INFO:teuthology.orchestra.run.smithi106.stdout:/usr/bin/ceph: stderr
2024-04-25T11:36:18.156+0000 7fb162175700 1 -- 172.21.15.106:0/4213789858 >> [v2:172.21.15.106:3300/0,v1:172.21.15.106:6789/0] conn(0x7fb15c07de40 msgr2=0x7fb15c07c2f0 secure :-1 s=STATE_CONNECTION_ESTABLISHED l=1).mark_down
2024-04-25T11:36:18.914 INFO:teuthology.orchestra.run.smithi106.stdout:/usr/bin/ceph: stderr
2024-04-25T11:36:18.156+0000 7fb162175700 1 --2- 172.21.15.106:0/4213789858 >> [v2:172.21.15.106:3300/0,v1:172.21.15.106:6789/0] conn(0x7fb15c07de40 0x7fb15c07c2f0 secure :-1 s=READY pgs=37 cs=0 l=1 rev1=1 crypto rx=0x7fb14c0098a0 tx=0x7fb14c009bb0 comp rx=0 tx=0).stop
2024-04-25T11:36:18.914 INFO:teuthology.orchestra.run.smithi106.stdout:/usr/bin/ceph: stderr
2024-04-25T11:36:18.156+0000 7fb162175700 1 -- 172.21.15.106:0/4213789858 shutdown_connections
2024-04-25T11:36:18.914 INFO:teuthology.orchestra.run.smithi106.stdout:/usr/bin/ceph: stderr
2024-04-25T11:36:18.156+0000 7fb162175700 1 --2- 172.21.15.106:0/4213789858 >> [v2:172.21.15.106:3300/0,v1:172.21.15.106:6789/0] conn(0x7fb15c07de40 0x7fb15c07c2f0 unknown :-1 s=CLOSED pgs=37 cs=0 l=1 rev1=1 crypto rx=0 tx=0 comp rx=0 tx=0).stop
2024-04-25T11:36:18.914 INFO:teuthology.orchestra.run.smithi106.stdout:/usr/bin/ceph: stderr
2024-04-25T11:36:18.157+0000 7fb162175700 1 -- 172.21.15.106:0/4213789858 >> 172.21.15.106:0/4213789858 conn(0x7fb15c1039b0 msgr2=0x7fb15c105dd0 unknown :-1 s=STATE_NONE l=0).mark_down
2024-04-25T11:36:18.914 INFO:teuthology.orchestra.run.smithi106.stdout:/usr/bin/ceph: stderr
2024-04-25T11:36:18.157+0000 7fb162175700 1 -- 172.21.15.106:0/4213789858 shutdown_connections
2024-04-25T11:36:18.915 INFO:teuthology.orchestra.run.smithi106.stdout:/usr/bin/ceph: stderr
2024-04-25T11:36:18.157+0000 7fb162175700 1 -- 172.21.15.106:0/4213789858 wait complete.
2024-04-25T11:36:18.915 INFO:teuthology.orchestra.run.smithi106.stdout:/usr/bin/ceph: stderr
2024-04-25T11:36:18.157+0000 7fb162175700 1 Processor -- start
2024-04-25T11:36:18.915 INFO:teuthology.orchestra.run.smithi106.stdout:/usr/bin/ceph: stderr
2024-04-25T11:36:18.157+0000 7fb162175700 1 -- start start
2024-04-25T11:36:18.915 INFO:teuthology.orchestra.run.smithi106.stdout:/usr/bin/ceph: stderr
2024-04-25T11:36:18.157+0000 7fb162175700 1 --2- >> [v2:172.21.15.106:3300/0,v1:172.21.15.106:6789/0] conn(0x7fb15c07de40 0x7fb15c19e3e0 unknown :-1 s=NONE pgs=0 cs=0 l=1 rev1=0 crypto rx=0 tx=0 comp rx=0 tx=0).connect
2024-04-25T11:36:18.915 INFO:teuthology.orchestra.run.smithi106.stdout:/usr/bin/ceph: stderr
2024-04-25T11:36:18.157+0000 7fb162175700 1 -- --> [v2:172.21.15.106:3300/0,v1:172.21.15.106:6789/0] -- mon_getmap magic: 0 -- 0x7fb15c10e900 con 0x7fb15c07de40
2024-04-25T11:36:18.915 INFO:teuthology.orchestra.run.smithi106.stdout:/usr/bin/ceph: stderr
2024-04-25T11:36:18.158+0000 7fb15b7fe700 1 --2- >> [v2:172.21.15.106:3300/0,v1:172.21.15.106:6789/0] conn(0x7fb15c07de40 0x7fb15c19e3e0 unknown :-1 s=BANNER_CONNECTING pgs=0 cs=0 l=1 rev1=0 crypto rx=0 tx=0 comp rx=0 tx=0)._handle_peer_banner_payload supported=3 required=0
2024-04-25T11:36:18.915 INFO:teuthology.orchestra.run.smithi106.stdout:/usr/bin/ceph: stderr
2024-04-25T11:36:18.158+0000 7fb15b7fe700 1 --2- >> [v2:172.21.15.106:3300/0,v1:172.21.15.106:6789/0] conn(0x7fb15c07de40 0x7fb15c19e3e0 unknown :-1 s=HELLO_CONNECTING pgs=0 cs=0 l=1 rev1=1 crypto rx=0 tx=0 comp rx=0 tx=0).handle_hello peer v2:172.21.15.106:3300/0 says I am v2:172.21.15.106:33142/0 (socket says 172.21.15.106:33142)
2024-04-25T11:36:18.915 INFO:teuthology.orchestra.run.smithi106.stdout:/usr/bin/ceph: stderr
2024-04-25T11:36:18.158+0000 7fb15b7fe700 1 -- 172.21.15.106:0/2778483112 learned_addr learned my addr 172.21.15.106:0/2778483112 (peer_addr_for_me v2:172.21.15.106:0/0)
2024-04-25T11:36:18.915 INFO:teuthology.orchestra.run.smithi106.stdout:/usr/bin/ceph: stderr
2024-04-25T11:36:18.158+0000 7fb15b7fe700 1 -- 172.21.15.106:0/2778483112 --> [v2:172.21.15.106:3300/0,v1:172.21.15.106:6789/0] -- mon_subscribe({config=0+,monmap=0+}) -- 0x7fb15c19e920 con 0x7fb15c07de40
2024-04-25T11:36:18.915 INFO:teuthology.orchestra.run.smithi106.stdout:/usr/bin/ceph: stderr
2024-04-25T11:36:18.158+0000 7fb15b7fe700 1 --2- 172.21.15.106:0/2778483112 >> [v2:172.21.15.106:3300/0,v1:172.21.15.106:6789/0] conn(0x7fb15c07de40 0x7fb15c19e3e0 secure :-1 s=READY pgs=38 cs=0 l=1 rev1=1 crypto rx=0x7fb14c003f40 tx=0x7fb14c011890 comp rx=0 tx=0).ready entity=mon.0 client_cookie=0 server_cookie=0 in_seq=0 out_seq=0
2024-04-25T11:36:18.915 INFO:teuthology.orchestra.run.smithi106.stdout:/usr/bin/ceph: stderr
2024-04-25T11:36:18.158+0000 7fb1597fa700 1 -- 172.21.15.106:0/2778483112 <== mon.0 v2:172.21.15.106:3300/0 1 ==== mon_map magic: 0 ==== 205+0+0 (secure 0 0 0) 0x7fb14c0038b0 con 0x7fb15c07de40
2024-04-25T11:36:18.915 INFO:teuthology.orchestra.run.smithi106.stdout:/usr/bin/ceph: stderr
2024-04-25T11:36:18.158+0000 7fb1597fa700 1 -- 172.21.15.106:0/2778483112 <== mon.0 v2:172.21.15.106:3300/0 2 ==== config(26 keys) ==== 1070+0+0 (secure 0 0 0) 0x7fb14c003a50 con 0x7fb15c07de40
2024-04-25T11:36:18.915 INFO:teuthology.orchestra.run.smithi106.stdout:/usr/bin/ceph: stderr
2024-04-25T11:36:18.158+0000 7fb162175700 1 -- 172.21.15.106:0/2778483112 --> [v2:172.21.15.106:3300/0,v1:172.21.15.106:6789/0] -- mon_subscribe({mgrmap=0+}) -- 0x7fb15c19ebb0 con 0x7fb15c07de40
2024-04-25T11:36:18.916 INFO:teuthology.orchestra.run.smithi106.stdout:/usr/bin/ceph: stderr
2024-04-25T11:36:18.158+0000 7fb1597fa700 1 -- 172.21.15.106:0/2778483112 <== mon.0 v2:172.21.15.106:3300/0 3 ==== mon_map magic: 0 ==== 205+0+0 (secure 0 0 0) 0x7fb14c01a5c0 con 0x7fb15c07de40
2024-04-25T11:36:18.916 INFO:teuthology.orchestra.run.smithi106.stdout:/usr/bin/ceph: stderr
2024-04-25T11:36:18.158+0000 7fb162175700 1 -- 172.21.15.106:0/2778483112 --> [v2:172.21.15.106:3300/0,v1:172.21.15.106:6789/0] -- mon_subscribe({osdmap=0}) -- 0x7fb15c1a18a0 con 0x7fb15c07de40
2024-04-25T11:36:18.916 INFO:teuthology.orchestra.run.smithi106.stdout:/usr/bin/ceph: stderr
2024-04-25T11:36:18.159+0000 7fb1597fa700 1 -- 172.21.15.106:0/2778483112 <== mon.0 v2:172.21.15.106:3300/0 4 ==== mgrmap(e 7) ==== 46452+0+0 (secure 0 0 0) 0x7fb14c01a8c0 con 0x7fb15c07de40
2024-04-25T11:36:18.916 INFO:teuthology.orchestra.run.smithi106.stdout:/usr/bin/ceph: stderr
2024-04-25T11:36:18.159+0000 7fb1597fa700 1 --2- 172.21.15.106:0/2778483112 >> [v2:172.21.15.106:6800/400046033,v1:172.21.15.106:6801/400046033] conn(0x7fb148039510 0x7fb14803b9d0 unknown :-1 s=NONE pgs=0 cs=0 l=1 rev1=0 crypto rx=0 tx=0 comp rx=0 tx=0).connect
2024-04-25T11:36:18.916 INFO:teuthology.orchestra.run.smithi106.stdout:/usr/bin/ceph: stderr
2024-04-25T11:36:18.159+0000 7fb1597fa700 1 -- 172.21.15.106:0/2778483112 <== mon.0 v2:172.21.15.106:3300/0 5 ==== osd_map(2..2 src has 1..2) ==== 940+0+0 (secure 0 0 0) 0x7fb14c0248a0 con 0x7fb15c07de40
2024-04-25T11:36:18.916 INFO:teuthology.orchestra.run.smithi106.stdout:/usr/bin/ceph: stderr
2024-04-25T11:36:18.159+0000 7fb152ffd700 1 --2- 172.21.15.106:0/2778483112 >> [v2:172.21.15.106:6800/400046033,v1:172.21.15.106:6801/400046033] conn(0x7fb148039510 0x7fb14803b9d0 unknown :-1 s=BANNER_CONNECTING pgs=0 cs=0 l=1 rev1=0 crypto rx=0 tx=0 comp rx=0 tx=0)._handle_peer_banner_payload supported=3 required=0
2024-04-25T11:36:18.916 INFO:teuthology.orchestra.run.smithi106.stdout:/usr/bin/ceph: stderr
2024-04-25T11:36:18.159+0000 7fb162175700 1 -- 172.21.15.106:0/2778483112 --> [v2:172.21.15.106:3300/0,v1:172.21.15.106:6789/0] -- mon_command({"prefix": "get_command_descriptions"} v 0) -- 0x7fb15c0640a0 con 0x7fb15c07de40
2024-04-25T11:36:18.916 INFO:teuthology.orchestra.run.smithi106.stdout:/usr/bin/ceph: stderr
2024-04-25T11:36:18.160+0000 7fb152ffd700 1 --2- 172.21.15.106:0/2778483112 >> [v2:172.21.15.106:6800/400046033,v1:172.21.15.106:6801/400046033] conn(0x7fb148039510 0x7fb14803b9d0 secure :-1 s=READY pgs=7 cs=0 l=1 rev1=1 crypto rx=0x7fb144006fd0 tx=0x7fb144006e40 comp rx=0 tx=0).ready entity=mgr.14120 client_cookie=0 server_cookie=0 in_seq=0 out_seq=0
2024-04-25T11:36:18.916 INFO:teuthology.orchestra.run.smithi106.stdout:/usr/bin/ceph: stderr
2024-04-25T11:36:18.165+0000 7fb1597fa700 1 -- 172.21.15.106:0/2778483112 <== mon.0 v2:172.21.15.106:3300/0 6 ==== mon_command_ack([{"prefix": "get_command_descriptions"}]=0 v0) ==== 72+0+188370 (secure 0 0 0) 0x7fb14c019c70 con 0x7fb15c07de40
2024-04-25T11:36:18.916 INFO:teuthology.orchestra.run.smithi106.stdout:/usr/bin/ceph: stderr
2024-04-25T11:36:18.278+0000 7fb1597fa700 1 -- 172.21.15.106:0/2778483112 <== mon.0 v2:172.21.15.106:3300/0 7 ==== mgrmap(e 8) ==== 46558+0+0 (secure 0 0 0) 0x7fb14c047d10 con 0x7fb15c07de40
2024-04-25T11:36:18.916 INFO:teuthology.orchestra.run.smithi106.stdout:/usr/bin/ceph: stderr
2024-04-25T11:36:18.379+0000 7fb162175700 1 -- 172.21.15.106:0/2778483112 --> [v2:172.21.15.106:6800/400046033,v1:172.21.15.106:6801/400046033] -- mgr_command(tid 0: {"prefix": "orch set backend", "module_name": "cephadm", "target": ["mon-mgr", ""]}) -- 0x7fb15c104b60 con 0x7fb148039510
2024-04-25T11:36:18.916 INFO:teuthology.orchestra.run.smithi106.stdout:/usr/bin/ceph: stderr
2024-04-25T11:36:18.383+0000 7fb1597fa700 1 -- 172.21.15.106:0/2778483112 <== mgr.14120 v2:172.21.15.106:6800/400046033 1 ==== mgr_command_reply(tid 0: 0 ) ==== 8+0+0 (secure 0 0 0) 0x7fb15c104b60 con 0x7fb148039510
2024-04-25T11:36:18.916 INFO:teuthology.orchestra.run.smithi106.stdout:/usr/bin/ceph: stderr
2024-04-25T11:36:18.386+0000 7fb162175700 1 -- 172.21.15.106:0/2778483112 >> [v2:172.21.15.106:6800/400046033,v1:172.21.15.106:6801/400046033] conn(0x7fb148039510 msgr2=0x7fb14803b9d0 secure :-1 s=STATE_CONNECTION_ESTABLISHED l=1).mark_down
2024-04-25T11:36:18.916 INFO:teuthology.orchestra.run.smithi106.stdout:/usr/bin/ceph: stderr
2024-04-25T11:36:18.386+0000 7fb162175700 1 --2- 172.21.15.106:0/2778483112 >> [v2:172.21.15.106:6800/400046033,v1:172.21.15.106:6801/400046033] conn(0x7fb148039510 0x7fb14803b9d0 secure :-1 s=READY pgs=7 cs=0 l=1 rev1=1 crypto rx=0x7fb144006fd0 tx=0x7fb144006e40 comp rx=0 tx=0).stop
2024-04-25T11:36:18.917 INFO:teuthology.orchestra.run.smithi106.stdout:/usr/bin/ceph: stderr
2024-04-25T11:36:18.386+0000 7fb162175700 1 -- 172.21.15.106:0/2778483112 >> [v2:172.21.15.106:3300/0,v1:172.21.15.106:6789/0] conn(0x7fb15c07de40 msgr2=0x7fb15c19e3e0 secure :-1 s=STATE_CONNECTION_ESTABLISHED l=1).mark_down
2024-04-25T11:36:18.917 INFO:teuthology.orchestra.run.smithi106.stdout:/usr/bin/ceph: stderr
2024-04-25T11:36:18.386+0000 7fb162175700 1 --2- 172.21.15.106:0/2778483112 >> [v2:172.21.15.106:3300/0,v1:172.21.15.106:6789/0] conn(0x7fb15c07de40 0x7fb15c19e3e0 secure :-1 s=READY pgs=38 cs=0 l=1 rev1=1 crypto rx=0x7fb14c003f40 tx=0x7fb14c011890 comp rx=0 tx=0).stop
2024-04-25T11:36:18.917 INFO:teuthology.orchestra.run.smithi106.stdout:/usr/bin/ceph: stderr
2024-04-25T11:36:18.386+0000 7fb162175700 1 -- 172.21.15.106:0/2778483112 shutdown_connections
2024-04-25T11:36:18.917 INFO:teuthology.orchestra.run.smithi106.stdout:/usr/bin/ceph: stderr
2024-04-25T11:36:18.386+0000 7fb162175700 1 --2- 172.21.15.106:0/2778483112 >> [v2:172.21.15.106:6800/400046033,v1:172.21.15.106:6801/400046033] conn(0x7fb148039510 0x7fb14803b9d0 unknown :-1 s=CLOSED pgs=7 cs=0 l=1 rev1=1 crypto rx=0 tx=0 comp rx=0 tx=0).stop
2024-04-25T11:36:18.917 INFO:teuthology.orchestra.run.smithi106.stdout:/usr/bin/ceph: stderr
2024-04-25T11:36:18.386+0000 7fb162175700 1 --2- 172.21.15.106:0/2778483112 >> [v2:172.21.15.106:3300/0,v1:172.21.15.106:6789/0] conn(0x7fb15c07de40 0x7fb15c19e3e0 unknown :-1 s=CLOSED pgs=38 cs=0 l=1 rev1=1 crypto rx=0 tx=0 comp rx=0 tx=0).stop
2024-04-25T11:36:18.917 INFO:teuthology.orchestra.run.smithi106.stdout:/usr/bin/ceph: stderr
2024-04-25T11:36:18.386+0000 7fb162175700 1 -- 172.21.15.106:0/2778483112 >> 172.21.15.106:0/2778483112 conn(0x7fb15c1039b0 msgr2=0x7fb15c104450 unknown :-1 s=STATE_NONE l=0).mark_down
2024-04-25T11:36:18.917 INFO:teuthology.orchestra.run.smithi106.stdout:/usr/bin/ceph: stderr
2024-04-25T11:36:18.386+0000 7fb162175700 1 -- 172.21.15.106:0/2778483112 shutdown_connections
2024-04-25T11:36:18.917 INFO:teuthology.orchestra.run.smithi106.stdout:/usr/bin/ceph: stderr
2024-04-25T11:36:18.386+0000 7fb162175700 1 -- 172.21.15.106:0/2778483112 wait complete.
2024-04-25T11:36:19.298 INFO:journalctl@ceph.mon.a.smithi106.stdout:Apr 25 11:36:19 smithi106 ceph-mon[29149]: mgrmap e8: x(active, since 2s)
2024-04-25T11:36:19.299 INFO:journalctl@ceph.mon.a.smithi106.stdout:Apr 25 11:36:19 smithi106 ceph-mon[29149]: from='client.14132 -' entity='client.admin' cmd=[{"prefix": "orch set backend", "module_name": "cephadm", "target": ["mon-mgr", ""]}]: dispatch
2024-04-25T11:36:19.299 INFO:journalctl@ceph.mon.a.smithi106.stdout:Apr 25 11:36:19 smithi106 ceph-mon[29149]: from='mgr.14120 172.21.15.106:0/983911943' entity='mgr.x'
2024-04-25T11:36:19.299 INFO:journalctl@ceph.mon.a.smithi106.stdout:Apr 25 11:36:19 smithi106 ceph-mon[29149]: from='mgr.14120 172.21.15.106:0/983911943' entity='mgr.x' cmd=[{"prefix": "config dump", "format": "json"}]: dispatch
2024-04-25T11:36:20.059 INFO:teuthology.orchestra.run.smithi106.stdout:/usr/bin/ceph: stdout value unchanged
2024-04-25T11:36:20.060 INFO:teuthology.orchestra.run.smithi106.stdout:/usr/bin/ceph: stderr
2024-04-25T11:36:19.329+0000 7f68647cf700 1 Processor -- start
2024-04-25T11:36:20.060 INFO:teuthology.orchestra.run.smithi106.stdout:/usr/bin/ceph: stderr
2024-04-25T11:36:19.329+0000 7f68647cf700 1 -- start start
2024-04-25T11:36:20.060 INFO:teuthology.orchestra.run.smithi106.stdout:/usr/bin/ceph: stderr
2024-04-25T11:36:19.329+0000 7f68647cf700 1 --2- >> [v2:172.21.15.106:3300/0,v1:172.21.15.106:6789/0] conn(0x7f685c108e20 0x7f685c10b210 unknown :-1 s=NONE pgs=0 cs=0 l=0 rev1=0 crypto rx=0 tx=0 comp rx=0 tx=0).connect
2024-04-25T11:36:20.060 INFO:teuthology.orchestra.run.smithi106.stdout:/usr/bin/ceph: stderr
2024-04-25T11:36:19.329+0000 7f68647cf700 1 -- --> [v2:172.21.15.106:3300/0,v1:172.21.15.106:6789/0] -- mon_getmap magic: 0 -- 0x7f685c07be60 con 0x7f685c108e20
2024-04-25T11:36:20.060 INFO:teuthology.orchestra.run.smithi106.stdout:/usr/bin/ceph: stderr
2024-04-25T11:36:19.329+0000 7f686256b700 1 --2- >> [v2:172.21.15.106:3300/0,v1:172.21.15.106:6789/0] conn(0x7f685c108e20 0x7f685c10b210 unknown :-1 s=BANNER_CONNECTING pgs=0 cs=0 l=0 rev1=0 crypto rx=0 tx=0 comp rx=0 tx=0)._handle_peer_banner_payload supported=3 required=0
2024-04-25T11:36:20.060 INFO:teuthology.orchestra.run.smithi106.stdout:/usr/bin/ceph: stderr
2024-04-25T11:36:19.329+0000 7f686256b700 1 --2- >> [v2:172.21.15.106:3300/0,v1:172.21.15.106:6789/0] conn(0x7f685c108e20 0x7f685c10b210 unknown :-1 s=HELLO_CONNECTING pgs=0 cs=0 l=0 rev1=1 crypto rx=0 tx=0 comp rx=0 tx=0).handle_hello peer v2:172.21.15.106:3300/0 says I am v2:172.21.15.106:33148/0 (socket says 172.21.15.106:33148)
2024-04-25T11:36:20.060 INFO:teuthology.orchestra.run.smithi106.stdout:/usr/bin/ceph: stderr
2024-04-25T11:36:19.329+0000 7f686256b700 1 -- 172.21.15.106:0/3136469223 learned_addr learned my addr 172.21.15.106:0/3136469223 (peer_addr_for_me v2:172.21.15.106:0/0)
2024-04-25T11:36:20.060 INFO:teuthology.orchestra.run.smithi106.stdout:/usr/bin/ceph: stderr
2024-04-25T11:36:19.329+0000 7f686256b700 1 -- 172.21.15.106:0/3136469223 --> [v2:172.21.15.106:3300/0,v1:172.21.15.106:6789/0] -- mon_subscribe({config=0+,monmap=0+}) -- 0x7f685c10b750 con 0x7f685c108e20
2024-04-25T11:36:20.060 INFO:teuthology.orchestra.run.smithi106.stdout:/usr/bin/ceph: stderr
2024-04-25T11:36:19.330+0000 7f686256b700 1 --2- 172.21.15.106:0/3136469223 >> [v2:172.21.15.106:3300/0,v1:172.21.15.106:6789/0] conn(0x7f685c108e20 0x7f685c10b210 secure :-1 s=READY pgs=39 cs=0 l=1 rev1=1 crypto rx=0x7f68580098a0 tx=0x7f6858009bb0 comp rx=0 tx=0).ready entity=mon.0 client_cookie=b6bb8e994c328d80 server_cookie=0 in_seq=0 out_seq=0
2024-04-25T11:36:20.060 INFO:teuthology.orchestra.run.smithi106.stdout:/usr/bin/ceph: stderr
2024-04-25T11:36:19.330+0000 7f6861569700 1 -- 172.21.15.106:0/3136469223 <== mon.0 v2:172.21.15.106:3300/0 1 ==== mon_map magic: 0 ==== 205+0+0 (secure 0 0 0) 0x7f6858004160 con 0x7f685c108e20
2024-04-25T11:36:20.060 INFO:teuthology.orchestra.run.smithi106.stdout:/usr/bin/ceph: stderr
2024-04-25T11:36:19.330+0000 7f6861569700 1 -- 172.21.15.106:0/3136469223 <== mon.0 v2:172.21.15.106:3300/0 2 ==== config(26 keys) ==== 1070+0+0 (secure 0 0 0) 0x7f6858004300 con 0x7f685c108e20
2024-04-25T11:36:20.060 INFO:teuthology.orchestra.run.smithi106.stdout:/usr/bin/ceph: stderr
2024-04-25T11:36:19.330+0000 7f6861569700 1 -- 172.21.15.106:0/3136469223 <== mon.0 v2:172.21.15.106:3300/0 3 ==== mon_map magic: 0 ==== 205+0+0 (secure 0 0 0) 0x7f6858011af0 con 0x7f685c108e20
2024-04-25T11:36:20.060 INFO:teuthology.orchestra.run.smithi106.stdout:/usr/bin/ceph: stderr
2024-04-25T11:36:19.330+0000 7f68647cf700 1 -- 172.21.15.106:0/3136469223 >> [v2:172.21.15.106:3300/0,v1:172.21.15.106:6789/0] conn(0x7f685c108e20 msgr2=0x7f685c10b210 secure :-1 s=STATE_CONNECTION_ESTABLISHED l=1).mark_down
2024-04-25T11:36:20.061 INFO:teuthology.orchestra.run.smithi106.stdout:/usr/bin/ceph: stderr
2024-04-25T11:36:19.330+0000 7f68647cf700 1 --2- 172.21.15.106:0/3136469223 >> [v2:172.21.15.106:3300/0,v1:172.21.15.106:6789/0] conn(0x7f685c108e20 0x7f685c10b210 secure :-1 s=READY pgs=39 cs=0 l=1 rev1=1 crypto rx=0x7f68580098a0 tx=0x7f6858009bb0 comp rx=0 tx=0).stop
2024-04-25T11:36:20.061 INFO:teuthology.orchestra.run.smithi106.stdout:/usr/bin/ceph: stderr
2024-04-25T11:36:19.330+0000 7f68647cf700 1 -- 172.21.15.106:0/3136469223 shutdown_connections
2024-04-25T11:36:20.061 INFO:teuthology.orchestra.run.smithi106.stdout:/usr/bin/ceph: stderr
2024-04-25T11:36:19.330+0000 7f68647cf700 1 --2- 172.21.15.106:0/3136469223 >> [v2:172.21.15.106:3300/0,v1:172.21.15.106:6789/0] conn(0x7f685c108e20 0x7f685c10b210 unknown :-1 s=CLOSED pgs=39 cs=0 l=1 rev1=1 crypto rx=0 tx=0 comp rx=0 tx=0).stop
2024-04-25T11:36:20.061 INFO:teuthology.orchestra.run.smithi106.stdout:/usr/bin/ceph: stderr
2024-04-25T11:36:19.330+0000 7f68647cf700 1 -- 172.21.15.106:0/3136469223 >> 172.21.15.106:0/3136469223 conn(0x7f685c102850 msgr2=0x7f685c104c70 unknown :-1 s=STATE_NONE l=0).mark_down
2024-04-25T11:36:20.061 INFO:teuthology.orchestra.run.smithi106.stdout:/usr/bin/ceph: stderr
2024-04-25T11:36:19.330+0000 7f68647cf700 1 -- 172.21.15.106:0/3136469223 shutdown_connections
2024-04-25T11:36:20.061 INFO:teuthology.orchestra.run.smithi106.stdout:/usr/bin/ceph: stderr
2024-04-25T11:36:19.331+0000 7f68647cf700 1 -- 172.21.15.106:0/3136469223 wait complete.
2024-04-25T11:36:20.061 INFO:teuthology.orchestra.run.smithi106.stdout:/usr/bin/ceph: stderr
2024-04-25T11:36:19.331+0000 7f68647cf700 1 Processor -- start
2024-04-25T11:36:20.061 INFO:teuthology.orchestra.run.smithi106.stdout:/usr/bin/ceph: stderr
2024-04-25T11:36:19.331+0000 7f68647cf700 1 -- start start
2024-04-25T11:36:20.061 INFO:teuthology.orchestra.run.smithi106.stdout:/usr/bin/ceph: stderr
2024-04-25T11:36:19.331+0000 7f68647cf700 1 --2- >> [v2:172.21.15.106:3300/0,v1:172.21.15.106:6789/0] conn(0x7f685c108e20 0x7f685c19c1f0 unknown :-1 s=NONE pgs=0 cs=0 l=1 rev1=0 crypto rx=0 tx=0 comp rx=0 tx=0).connect
2024-04-25T11:36:20.061 INFO:teuthology.orchestra.run.smithi106.stdout:/usr/bin/ceph: stderr
2024-04-25T11:36:19.331+0000 7f68647cf700 1 -- --> [v2:172.21.15.106:3300/0,v1:172.21.15.106:6789/0] -- mon_getmap magic: 0 -- 0x7f685c10c710 con 0x7f685c108e20
2024-04-25T11:36:20.061 INFO:teuthology.orchestra.run.smithi106.stdout:/usr/bin/ceph: stderr
2024-04-25T11:36:19.331+0000 7f686256b700 1 --2- >> [v2:172.21.15.106:3300/0,v1:172.21.15.106:6789/0] conn(0x7f685c108e20 0x7f685c19c1f0 unknown :-1 s=BANNER_CONNECTING pgs=0 cs=0 l=1 rev1=0 crypto rx=0 tx=0 comp rx=0 tx=0)._handle_peer_banner_payload supported=3 required=0
2024-04-25T11:36:20.061 INFO:teuthology.orchestra.run.smithi106.stdout:/usr/bin/ceph: stderr
2024-04-25T11:36:19.331+0000 7f686256b700 1 --2- >> [v2:172.21.15.106:3300/0,v1:172.21.15.106:6789/0] conn(0x7f685c108e20 0x7f685c19c1f0 unknown :-1 s=HELLO_CONNECTING pgs=0 cs=0 l=1 rev1=1 crypto rx=0 tx=0 comp rx=0 tx=0).handle_hello peer v2:172.21.15.106:3300/0 says I am v2:172.21.15.106:33164/0 (socket says 172.21.15.106:33164)
2024-04-25T11:36:20.061 INFO:teuthology.orchestra.run.smithi106.stdout:/usr/bin/ceph: stderr
2024-04-25T11:36:19.331+0000 7f686256b700 1 -- 172.21.15.106:0/1621088040 learned_addr learned my addr 172.21.15.106:0/1621088040 (peer_addr_for_me v2:172.21.15.106:0/0)
2024-04-25T11:36:20.062 INFO:teuthology.orchestra.run.smithi106.stdout:/usr/bin/ceph: stderr
2024-04-25T11:36:19.332+0000 7f686256b700 1 -- 172.21.15.106:0/1621088040 --> [v2:172.21.15.106:3300/0,v1:172.21.15.106:6789/0] -- mon_subscribe({config=0+,monmap=0+}) -- 0x7f685c19c730 con 0x7f685c108e20
2024-04-25T11:36:20.062 INFO:teuthology.orchestra.run.smithi106.stdout:/usr/bin/ceph: stderr
2024-04-25T11:36:19.332+0000 7f686256b700 1 --2- 172.21.15.106:0/1621088040 >> [v2:172.21.15.106:3300/0,v1:172.21.15.106:6789/0] conn(0x7f685c108e20 0x7f685c19c1f0 secure :-1 s=READY pgs=40 cs=0 l=1 rev1=1 crypto rx=0x7f6858011ac0 tx=0x7f6858011ba0 comp rx=0 tx=0).ready entity=mon.0 client_cookie=0 server_cookie=0 in_seq=0 out_seq=0
2024-04-25T11:36:20.062 INFO:teuthology.orchestra.run.smithi106.stdout:/usr/bin/ceph: stderr
2024-04-25T11:36:19.332+0000 7f68537fe700 1 -- 172.21.15.106:0/1621088040 <== mon.0 v2:172.21.15.106:3300/0 1 ==== mon_map magic: 0 ==== 205+0+0 (secure 0 0 0) 0x7f6858003b20 con 0x7f685c108e20
2024-04-25T11:36:20.062 INFO:teuthology.orchestra.run.smithi106.stdout:/usr/bin/ceph: stderr
2024-04-25T11:36:19.332+0000 7f68537fe700 1 -- 172.21.15.106:0/1621088040 <== mon.0 v2:172.21.15.106:3300/0 2 ==== config(26 keys) ==== 1070+0+0 (secure 0 0 0) 0x7f685801a8c0 con 0x7f685c108e20
2024-04-25T11:36:20.062 INFO:teuthology.orchestra.run.smithi106.stdout:/usr/bin/ceph: stderr
2024-04-25T11:36:19.332+0000 7f68647cf700 1 -- 172.21.15.106:0/1621088040 --> [v2:172.21.15.106:3300/0,v1:172.21.15.106:6789/0] -- mon_subscribe({mgrmap=0+}) -- 0x7f685c19c9c0 con 0x7f685c108e20
2024-04-25T11:36:20.062 INFO:teuthology.orchestra.run.smithi106.stdout:/usr/bin/ceph: stderr
2024-04-25T11:36:19.332+0000 7f68537fe700 1 -- 172.21.15.106:0/1621088040 <== mon.0 v2:172.21.15.106:3300/0 3 ==== mon_map magic: 0 ==== 205+0+0 (secure 0 0 0) 0x7f68580248d0 con 0x7f685c108e20
2024-04-25T11:36:20.062 INFO:teuthology.orchestra.run.smithi106.stdout:/usr/bin/ceph: stderr
2024-04-25T11:36:19.332+0000 7f68647cf700 1 -- 172.21.15.106:0/1621088040 --> [v2:172.21.15.106:3300/0,v1:172.21.15.106:6789/0] -- mon_subscribe({osdmap=0}) -- 0x7f685c19f6b0 con 0x7f685c108e20
2024-04-25T11:36:20.062 INFO:teuthology.orchestra.run.smithi106.stdout:/usr/bin/ceph: stderr
2024-04-25T11:36:19.333+0000 7f68537fe700 1 -- 172.21.15.106:0/1621088040 <== mon.0 v2:172.21.15.106:3300/0 4 ==== mgrmap(e 8) ==== 46558+0+0 (secure 0 0 0) 0x7f6858022020 con 0x7f685c108e20
2024-04-25T11:36:20.062 INFO:teuthology.orchestra.run.smithi106.stdout:/usr/bin/ceph: stderr
2024-04-25T11:36:19.333+0000 7f68647cf700 1 -- 172.21.15.106:0/1621088040 --> [v2:172.21.15.106:3300/0,v1:172.21.15.106:6789/0] -- mon_command({"prefix": "get_command_descriptions"} v 0) -- 0x7f685c069b50 con 0x7f685c108e20
2024-04-25T11:36:20.062 INFO:teuthology.orchestra.run.smithi106.stdout:/usr/bin/ceph: stderr
2024-04-25T11:36:19.333+0000 7f68537fe700 1 --2- 172.21.15.106:0/1621088040 >> [v2:172.21.15.106:6800/400046033,v1:172.21.15.106:6801/400046033] conn(0x7f6848039670 0x7f684803bb30 unknown :-1 s=NONE pgs=0 cs=0 l=1 rev1=0 crypto rx=0 tx=0 comp rx=0 tx=0).connect
2024-04-25T11:36:20.062 INFO:teuthology.orchestra.run.smithi106.stdout:/usr/bin/ceph: stderr
2024-04-25T11:36:19.333+0000 7f68537fe700 1 -- 172.21.15.106:0/1621088040 <== mon.0 v2:172.21.15.106:3300/0 5 ==== osd_map(2..2 src has 1..2) ==== 940+0+0 (secure 0 0 0) 0x7f685804da00 con 0x7f685c108e20
2024-04-25T11:36:20.062 INFO:teuthology.orchestra.run.smithi106.stdout:/usr/bin/ceph: stderr
2024-04-25T11:36:19.333+0000 7f6861d6a700 1 --2- 172.21.15.106:0/1621088040 >> [v2:172.21.15.106:6800/400046033,v1:172.21.15.106:6801/400046033] conn(0x7f6848039670 0x7f684803bb30 unknown :-1 s=BANNER_CONNECTING pgs=0 cs=0 l=1 rev1=0 crypto rx=0 tx=0 comp rx=0 tx=0)._handle_peer_banner_payload supported=3 required=0
2024-04-25T11:36:20.063 INFO:teuthology.orchestra.run.smithi106.stdout:/usr/bin/ceph: stderr
2024-04-25T11:36:19.333+0000 7f6861d6a700 1 --2- 172.21.15.106:0/1621088040 >> [v2:172.21.15.106:6800/400046033,v1:172.21.15.106:6801/400046033] conn(0x7f6848039670 0x7f684803bb30 secure :-1 s=READY pgs=8 cs=0 l=1 rev1=1 crypto rx=0x7f684c006fd0 tx=0x7f684c006e40 comp rx=0 tx=0).ready entity=mgr.14120 client_cookie=0 server_cookie=0 in_seq=0 out_seq=0
2024-04-25T11:36:20.063 INFO:teuthology.orchestra.run.smithi106.stdout:/usr/bin/ceph: stderr
2024-04-25T11:36:19.338+0000 7f68537fe700 1 -- 172.21.15.106:0/1621088040 <== mon.0 v2:172.21.15.106:3300/0 6 ==== mon_command_ack([{"prefix": "get_command_descriptions"}]=0 v0) ==== 72+0+188370 (secure 0 0 0) 0x7f685801ade0 con 0x7f685c108e20
2024-04-25T11:36:20.063 INFO:teuthology.orchestra.run.smithi106.stdout:/usr/bin/ceph: stderr
2024-04-25T11:36:19.536+0000 7f68647cf700 1 -- 172.21.15.106:0/1621088040 --> [v2:172.21.15.106:6800/400046033,v1:172.21.15.106:6801/400046033] -- mgr_command(tid 0: {"prefix": "cephadm set-user", "user": "root", "target": ["mon-mgr", ""]}) -- 0x7f685c1039e0 con 0x7f6848039670
2024-04-25T11:36:20.063 INFO:teuthology.orchestra.run.smithi106.stdout:/usr/bin/ceph: stderr
2024-04-25T11:36:19.537+0000 7f68537fe700 1 -- 172.21.15.106:0/1621088040 <== mgr.14120 v2:172.21.15.106:6800/400046033 1 ==== mgr_command_reply(tid 0: 0 ) ==== 8+0+16 (secure 0 0 0) 0x7f685c1039e0 con 0x7f6848039670
2024-04-25T11:36:20.063 INFO:teuthology.orchestra.run.smithi106.stdout:/usr/bin/ceph: stderr
2024-04-25T11:36:19.539+0000 7f68647cf700 1 -- 172.21.15.106:0/1621088040 >> [v2:172.21.15.106:6800/400046033,v1:172.21.15.106:6801/400046033] conn(0x7f6848039670 msgr2=0x7f684803bb30 secure :-1 s=STATE_CONNECTION_ESTABLISHED l=1).mark_down
2024-04-25T11:36:20.063 INFO:teuthology.orchestra.run.smithi106.stdout:/usr/bin/ceph: stderr
2024-04-25T11:36:19.539+0000 7f68647cf700 1 --2- 172.21.15.106:0/1621088040 >> [v2:172.21.15.106:6800/400046033,v1:172.21.15.106:6801/400046033] conn(0x7f6848039670 0x7f684803bb30 secure :-1 s=READY pgs=8 cs=0 l=1 rev1=1 crypto rx=0x7f684c006fd0 tx=0x7f684c006e40 comp rx=0 tx=0).stop
2024-04-25T11:36:20.063 INFO:teuthology.orchestra.run.smithi106.stdout:/usr/bin/ceph: stderr
2024-04-25T11:36:19.539+0000 7f68647cf700 1 -- 172.21.15.106:0/1621088040 >> [v2:172.21.15.106:3300/0,v1:172.21.15.106:6789/0] conn(0x7f685c108e20 msgr2=0x7f685c19c1f0 secure :-1 s=STATE_CONNECTION_ESTABLISHED l=1).mark_down
2024-04-25T11:36:20.063 INFO:teuthology.orchestra.run.smithi106.stdout:/usr/bin/ceph: stderr
2024-04-25T11:36:19.539+0000 7f68647cf700 1 --2- 172.21.15.106:0/1621088040 >> [v2:172.21.15.106:3300/0,v1:172.21.15.106:6789/0] conn(0x7f685c108e20 0x7f685c19c1f0 secure :-1 s=READY pgs=40 cs=0 l=1 rev1=1 crypto rx=0x7f6858011ac0 tx=0x7f6858011ba0 comp rx=0 tx=0).stop
2024-04-25T11:36:20.063 INFO:teuthology.orchestra.run.smithi106.stdout:/usr/bin/ceph: stderr
2024-04-25T11:36:19.539+0000 7f68647cf700 1 -- 172.21.15.106:0/1621088040 shutdown_connections
2024-04-25T11:36:20.063 INFO:teuthology.orchestra.run.smithi106.stdout:/usr/bin/ceph: stderr
2024-04-25T11:36:19.539+0000 7f68647cf700 1 --2- 172.21.15.106:0/1621088040 >> [v2:172.21.15.106:6800/400046033,v1:172.21.15.106:6801/400046033] conn(0x7f6848039670 0x7f684803bb30 unknown :-1 s=CLOSED pgs=8 cs=0 l=1 rev1=1 crypto rx=0 tx=0 comp rx=0 tx=0).stop
2024-04-25T11:36:20.063 INFO:teuthology.orchestra.run.smithi106.stdout:/usr/bin/ceph: stderr
2024-04-25T11:36:19.539+0000 7f68647cf700 1 --2- 172.21.15.106:0/1621088040 >> [v2:172.21.15.106:3300/0,v1:172.21.15.106:6789/0] conn(0x7f685c108e20 0x7f685c19c1f0 unknown :-1 s=CLOSED pgs=40 cs=0 l=1 rev1=1 crypto rx=0 tx=0 comp rx=0 tx=0).stop
2024-04-25T11:36:20.063 INFO:teuthology.orchestra.run.smithi106.stdout:/usr/bin/ceph: stderr
2024-04-25T11:36:19.539+0000 7f68647cf700 1 -- 172.21.15.106:0/1621088040 >> 172.21.15.106:0/1621088040 conn(0x7f685c102850 msgr2=0x7f685c1032d0 unknown :-1 s=STATE_NONE l=0).mark_down
2024-04-25T11:36:20.063 INFO:teuthology.orchestra.run.smithi106.stdout:/usr/bin/ceph: stderr
2024-04-25T11:36:19.539+0000 7f68647cf700 1 -- 172.21.15.106:0/1621088040 shutdown_connections
2024-04-25T11:36:20.063 INFO:teuthology.orchestra.run.smithi106.stdout:/usr/bin/ceph: stderr
2024-04-25T11:36:19.539+0000 7f68647cf700 1 -- 172.21.15.106:0/1621088040 wait complete.
2024-04-25T11:36:20.064 INFO:teuthology.orchestra.run.smithi106.stdout:Generating ssh key...
2024-04-25T11:36:20.627 INFO:journalctl@ceph.mon.a.smithi106.stdout:Apr 25 11:36:20 smithi106 ceph-mon[29149]: from='client.14134 -' entity='client.admin' cmd=[{"prefix": "cephadm set-user", "user": "root", "target": ["mon-mgr", ""]}]: dispatch
2024-04-25T11:36:21.599 INFO:journalctl@ceph.mgr.x.smithi106.stdout:Apr 25 11:36:21 smithi106 ceph-d262c736-02f7-11ef-bc93-c7b262605968-mgr-x[29381]: Generating public/private rsa key pair.
2024-04-25T11:36:21.599 INFO:journalctl@ceph.mgr.x.smithi106.stdout:Apr 25 11:36:21 smithi106 ceph-d262c736-02f7-11ef-bc93-c7b262605968-mgr-x[29381]: Your identification has been saved in /tmp/tmp_56tgpxm/key.
2024-04-25T11:36:21.599 INFO:journalctl@ceph.mgr.x.smithi106.stdout:Apr 25 11:36:21 smithi106 ceph-d262c736-02f7-11ef-bc93-c7b262605968-mgr-x[29381]: Your public key has been saved in /tmp/tmp_56tgpxm/key.pub.
2024-04-25T11:36:21.600 INFO:journalctl@ceph.mgr.x.smithi106.stdout:Apr 25 11:36:21 smithi106 ceph-d262c736-02f7-11ef-bc93-c7b262605968-mgr-x[29381]: The key fingerprint is:
2024-04-25T11:36:21.600 INFO:journalctl@ceph.mgr.x.smithi106.stdout:Apr 25 11:36:21 smithi106 ceph-d262c736-02f7-11ef-bc93-c7b262605968-mgr-x[29381]: SHA256:EqavmltSlUqwPOiKVgLPoxzr6C2jcTEsMXm4306i9uY ceph-d262c736-02f7-11ef-bc93-c7b262605968
2024-04-25T11:36:21.600 INFO:journalctl@ceph.mgr.x.smithi106.stdout:Apr 25 11:36:21 smithi106 ceph-d262c736-02f7-11ef-bc93-c7b262605968-mgr-x[29381]: The key's randomart image is:
