2024-04-25T11:36:37.197+0000 7f6fe34da700 1 --2- 172.21.15.106:0/1727830263 >> [v2:172.21.15.106:6800/400046033,v1:172.21.15.106:6801/400046033] conn(0x7f6fc8039670 0x7f6fc803bb30 unknown :-1 s=CLOSED pgs=0 cs=0 l=1 rev1=0 crypto rx=0 tx=0 comp rx=0 tx=0).stop
2024-04-25T11:36:37.725 INFO:teuthology.orchestra.run.smithi106.stdout:/usr/bin/ceph: stderr
2024-04-25T11:36:37.197+0000 7f6fe34da700 1 --2- 172.21.15.106:0/1727830263 >> [v2:172.21.15.106:3300/0,v1:172.21.15.106:6789/0] conn(0x7f6fdc106c20 0x7f6fdc19e3c0 unknown :-1 s=CLOSED pgs=60 cs=0 l=1 rev1=1 crypto rx=0 tx=0 comp rx=0 tx=0).stop
2024-04-25T11:36:37.725 INFO:teuthology.orchestra.run.smithi106.stdout:/usr/bin/ceph: stderr
2024-04-25T11:36:37.197+0000 7f6fe34da700 1 -- 172.21.15.106:0/1727830263 >> 172.21.15.106:0/1727830263 conn(0x7f6fdc102820 msgr2=0x7f6fdc194fe0 unknown :-1 s=STATE_NONE l=0).mark_down
2024-04-25T11:36:37.725 INFO:teuthology.orchestra.run.smithi106.stdout:/usr/bin/ceph: stderr
2024-04-25T11:36:37.197+0000 7f6fe34da700 1 -- 172.21.15.106:0/1727830263 shutdown_connections
2024-04-25T11:36:37.725 INFO:teuthology.orchestra.run.smithi106.stdout:/usr/bin/ceph: stderr
2024-04-25T11:36:37.197+0000 7f6fe34da700 1 -- 172.21.15.106:0/1727830263 wait complete.
2024-04-25T11:36:37.725 INFO:teuthology.orchestra.run.smithi106.stdout:Waiting for the mgr to restart...
2024-04-25T11:36:37.725 INFO:teuthology.orchestra.run.smithi106.stdout:Waiting for mgr epoch 9...
2024-04-25T11:36:37.839 INFO:journalctl@ceph.mon.a.smithi106.stdout:Apr 25 11:36:37 smithi106 ceph-mon[29149]: from='client.? 172.21.15.106:0/1727830263' entity='client.admin' cmd=[{"prefix": "mgr stat"}]: dispatch
2024-04-25T11:36:38.147 INFO:journalctl@ceph.mgr.x.smithi106.stdout:Apr 25 11:36:37 smithi106 ceph-d262c736-02f7-11ef-bc93-c7b262605968-mgr-x[29381]:
2024-04-25T11:36:37.901+0000 7f8561237200 -1 mgr[py] Module telegraf has missing NOTIFY_TYPES member
2024-04-25T11:36:38.147 INFO:journalctl@ceph.mgr.x.smithi106.stdout:Apr 25 11:36:38 smithi106 ceph-d262c736-02f7-11ef-bc93-c7b262605968-mgr-x[29381]:
2024-04-25T11:36:38.077+0000 7f8561237200 -1 mgr[py] Module osd_support has missing NOTIFY_TYPES member
2024-04-25T11:36:38.494 INFO:journalctl@ceph.mgr.x.smithi106.stdout:Apr 25 11:36:38 smithi106 ceph-d262c736-02f7-11ef-bc93-c7b262605968-mgr-x[29381]:
2024-04-25T11:36:38.252+0000 7f8561237200 -1 mgr[py] Module iostat has missing NOTIFY_TYPES member
2024-04-25T11:36:38.822 INFO:journalctl@ceph.mgr.x.smithi106.stdout:Apr 25 11:36:38 smithi106 ceph-d262c736-02f7-11ef-bc93-c7b262605968-mgr-x[29381]:
2024-04-25T11:36:38.540+0000 7f8561237200 -1 mgr[py] Module alerts has missing NOTIFY_TYPES member
2024-04-25T11:36:38.822 INFO:journalctl@ceph.mgr.x.smithi106.stdout:Apr 25 11:36:38 smithi106 ceph-d262c736-02f7-11ef-bc93-c7b262605968-mgr-x[29381]:
2024-04-25T11:36:38.631+0000 7f8561237200 -1 mgr[py] Module selftest has missing NOTIFY_TYPES member
2024-04-25T11:36:38.822 INFO:journalctl@ceph.mgr.x.smithi106.stdout:Apr 25 11:36:38 smithi106 ceph-d262c736-02f7-11ef-bc93-c7b262605968-mgr-x[29381]:
2024-04-25T11:36:38.834+0000 7f8561237200 -1 mgr[py] Module pg_autoscaler has missing NOTIFY_TYPES member
2024-04-25T11:36:39.243 INFO:journalctl@ceph.mgr.x.smithi106.stdout:Apr 25 11:36:39 smithi106 ceph-d262c736-02f7-11ef-bc93-c7b262605968-mgr-x[29381]:
2024-04-25T11:36:39.028+0000 7f8561237200 -1 mgr[py] Module test_orchestrator has missing NOTIFY_TYPES member
2024-04-25T11:36:39.838 INFO:journalctl@ceph.mgr.x.smithi106.stdout:Apr 25 11:36:39 smithi106 ceph-d262c736-02f7-11ef-bc93-c7b262605968-mgr-x[29381]:
2024-04-25T11:36:39.620+0000 7f8561237200 -1 mgr[py] Module rook has missing NOTIFY_TYPES member
2024-04-25T11:36:40.129 INFO:journalctl@ceph.mgr.x.smithi106.stdout:Apr 25 11:36:40 smithi106 ceph-d262c736-02f7-11ef-bc93-c7b262605968-mgr-x[29381]:
2024-04-25T11:36:40.044+0000 7f8561237200 -1 mgr[py] Module volumes has missing NOTIFY_TYPES member
2024-04-25T11:36:40.129 INFO:journalctl@ceph.mgr.x.smithi106.stdout:Apr 25 11:36:40 smithi106 ceph-d262c736-02f7-11ef-bc93-c7b262605968-mgr-x[29381]:
2024-04-25T11:36:40.141+0000 7f8561237200 -1 mgr[py] Module crash has missing NOTIFY_TYPES member
2024-04-25T11:36:40.443 INFO:journalctl@ceph.mgr.x.smithi106.stdout:Apr 25 11:36:40 smithi106 ceph-d262c736-02f7-11ef-bc93-c7b262605968-mgr-x[29381]:
2024-04-25T11:36:40.342+0000 7f8561237200 -1 mgr[py] Module rgw has missing NOTIFY_TYPES member
2024-04-25T11:36:41.176 INFO:journalctl@ceph.mgr.x.smithi106.stdout:Apr 25 11:36:40 smithi106 ceph-d262c736-02f7-11ef-bc93-c7b262605968-mgr-x[29381]:
2024-04-25T11:36:40.866+0000 7f8561237200 -1 mgr[py] Module prometheus has missing NOTIFY_TYPES member
2024-04-25T11:36:41.177 INFO:journalctl@ceph.mgr.x.smithi106.stdout:Apr 25 11:36:40 smithi106 ceph-d262c736-02f7-11ef-bc93-c7b262605968-mgr-x[29381]:
2024-04-25T11:36:40.959+0000 7f8561237200 -1 mgr[py] Module devicehealth has missing NOTIFY_TYPES member
2024-04-25T11:36:41.493 INFO:journalctl@ceph.mgr.x.smithi106.stdout:Apr 25 11:36:41 smithi106 ceph-d262c736-02f7-11ef-bc93-c7b262605968-mgr-x[29381]:
2024-04-25T11:36:41.199+0000 7f8561237200 -1 mgr[py] Module telemetry has missing NOTIFY_TYPES member
2024-04-25T11:36:41.494 INFO:journalctl@ceph.mgr.x.smithi106.stdout:Apr 25 11:36:41 smithi106 ceph-d262c736-02f7-11ef-bc93-c7b262605968-mgr-x[29381]:
2024-04-25T11:36:41.331+0000 7f8561237200 -1 mgr[py] Module diskprediction_local has missing NOTIFY_TYPES member
2024-04-25T11:36:41.494 INFO:journalctl@ceph.mgr.x.smithi106.stdout:Apr 25 11:36:41 smithi106 ceph-d262c736-02f7-11ef-bc93-c7b262605968-mgr-x[29381]:
2024-04-25T11:36:41.427+0000 7f8561237200 -1 mgr[py] Module osd_perf_query has missing NOTIFY_TYPES member
2024-04-25T11:36:41.829 INFO:journalctl@ceph.mgr.x.smithi106.stdout:Apr 25 11:36:41 smithi106 ceph-d262c736-02f7-11ef-bc93-c7b262605968-mgr-x[29381]:
2024-04-25T11:36:41.543+0000 7f8561237200 -1 mgr[py] Module rbd_support has missing NOTIFY_TYPES member
2024-04-25T11:36:41.829 INFO:journalctl@ceph.mgr.x.smithi106.stdout:Apr 25 11:36:41 smithi106 ceph-d262c736-02f7-11ef-bc93-c7b262605968-mgr-x[29381]:
2024-04-25T11:36:41.840+0000 7f8561237200 -1 mgr[py] Module zabbix has missing NOTIFY_TYPES member
2024-04-25T11:36:42.696 INFO:journalctl@ceph.mgr.x.smithi106.stdout:Apr 25 11:36:42 smithi106 ceph-d262c736-02f7-11ef-bc93-c7b262605968-mgr-x[29381]:
2024-04-25T11:36:42.436+0000 7f8561237200 -1 mgr[py] Module status has missing NOTIFY_TYPES member
2024-04-25T11:36:42.696 INFO:journalctl@ceph.mgr.x.smithi106.stdout:Apr 25 11:36:42 smithi106 ceph-d262c736-02f7-11ef-bc93-c7b262605968-mgr-x[29381]:
2024-04-25T11:36:42.654+0000 7f8561237200 -1 mgr[py] Module nfs has missing NOTIFY_TYPES member
2024-04-25T11:36:42.994 INFO:journalctl@ceph.mon.a.smithi106.stdout:Apr 25 11:36:42 smithi106 ceph-mon[29149]: Active manager daemon x restarted
2024-04-25T11:36:42.994 INFO:journalctl@ceph.mon.a.smithi106.stdout:Apr 25 11:36:42 smithi106 ceph-mon[29149]: Activating manager daemon x
2024-04-25T11:36:42.994 INFO:journalctl@ceph.mon.a.smithi106.stdout:Apr 25 11:36:42 smithi106 ceph-mon[29149]: osdmap e3: 0 total, 0 up, 0 in
2024-04-25T11:36:42.994 INFO:journalctl@ceph.mon.a.smithi106.stdout:Apr 25 11:36:42 smithi106 ceph-mon[29149]: mgrmap e10: x(active, starting, since 0.00337563s)
2024-04-25T11:36:42.994 INFO:journalctl@ceph.mon.a.smithi106.stdout:Apr 25 11:36:42 smithi106 ceph-mon[29149]: from='mgr.14152 172.21.15.106:0/1244949212' entity='mgr.x' cmd=[{"prefix": "mon metadata", "id": "a"}]: dispatch
2024-04-25T11:36:42.994 INFO:journalctl@ceph.mon.a.smithi106.stdout:Apr 25 11:36:42 smithi106 ceph-mon[29149]: from='mgr.14152 172.21.15.106:0/1244949212' entity='mgr.x' cmd=[{"prefix": "mgr metadata", "who": "x", "id": "x"}]: dispatch
2024-04-25T11:36:42.994 INFO:journalctl@ceph.mon.a.smithi106.stdout:Apr 25 11:36:42 smithi106 ceph-mon[29149]: from='mgr.14152 172.21.15.106:0/1244949212' entity='mgr.x' cmd=[{"prefix": "mds metadata"}]: dispatch
2024-04-25T11:36:42.994 INFO:journalctl@ceph.mon.a.smithi106.stdout:Apr 25 11:36:42 smithi106 ceph-mon[29149]: from='mgr.14152 172.21.15.106:0/1244949212' entity='mgr.x' cmd=[{"prefix": "osd metadata"}]: dispatch
2024-04-25T11:36:42.994 INFO:journalctl@ceph.mon.a.smithi106.stdout:Apr 25 11:36:42 smithi106 ceph-mon[29149]: from='mgr.14152 172.21.15.106:0/1244949212' entity='mgr.x' cmd=[{"prefix": "mon metadata"}]: dispatch
2024-04-25T11:36:42.995 INFO:journalctl@ceph.mon.a.smithi106.stdout:Apr 25 11:36:42 smithi106 ceph-mon[29149]: Manager daemon x is now available
2024-04-25T11:36:42.995 INFO:journalctl@ceph.mon.a.smithi106.stdout:Apr 25 11:36:42 smithi106 ceph-mon[29149]: from='mgr.14152 172.21.15.106:0/1244949212' entity='mgr.x' cmd=[{"prefix": "config dump", "format": "json"}]: dispatch
2024-04-25T11:36:42.995 INFO:journalctl@ceph.mon.a.smithi106.stdout:Apr 25 11:36:42 smithi106 ceph-mon[29149]: from='mgr.14152 172.21.15.106:0/1244949212' entity='mgr.x' cmd=[{"prefix":"config rm","who":"mgr","name":"mgr/rbd_support/x/mirror_snapshot_schedule"}]: dispatch
2024-04-25T11:36:43.985 INFO:journalctl@ceph.mon.a.smithi106.stdout:Apr 25 11:36:43 smithi106 ceph-mon[29149]: from='mgr.14152 172.21.15.106:0/1244949212' entity='mgr.x' cmd=[{"prefix":"config rm","who":"mgr","name":"mgr/rbd_support/x/trash_purge_schedule"}]: dispatch
2024-04-25T11:36:43.986 INFO:journalctl@ceph.mon.a.smithi106.stdout:Apr 25 11:36:43 smithi106 ceph-mon[29149]: mgrmap e11: x(active, since 1.00623s)
2024-04-25T11:36:44.245 INFO:teuthology.orchestra.run.smithi106.stdout:/usr/bin/ceph: stdout {
2024-04-25T11:36:44.245 INFO:teuthology.orchestra.run.smithi106.stdout:/usr/bin/ceph: stdout "mgrmap_epoch": 11,
2024-04-25T11:36:44.245 INFO:teuthology.orchestra.run.smithi106.stdout:/usr/bin/ceph: stdout "initialized": true
2024-04-25T11:36:44.245 INFO:teuthology.orchestra.run.smithi106.stdout:/usr/bin/ceph: stdout }
2024-04-25T11:36:44.246 INFO:teuthology.orchestra.run.smithi106.stdout:/usr/bin/ceph: stderr
2024-04-25T11:36:38.179+0000 7f5b6d7dd700 1 Processor -- start
2024-04-25T11:36:44.246 INFO:teuthology.orchestra.run.smithi106.stdout:/usr/bin/ceph: stderr
2024-04-25T11:36:38.179+0000 7f5b6d7dd700 1 -- start start
2024-04-25T11:36:44.246 INFO:teuthology.orchestra.run.smithi106.stdout:/usr/bin/ceph: stderr
2024-04-25T11:36:38.179+0000 7f5b6d7dd700 1 --2- >> [v2:172.21.15.106:3300/0,v1:172.21.15.106:6789/0] conn(0x7f5b68108dd0 0x7f5b6810b1c0 unknown :-1 s=NONE pgs=0 cs=0 l=0 rev1=0 crypto rx=0 tx=0 comp rx=0 tx=0).connect
2024-04-25T11:36:44.246 INFO:teuthology.orchestra.run.smithi106.stdout:/usr/bin/ceph: stderr
2024-04-25T11:36:38.179+0000 7f5b6d7dd700 1 -- --> [v2:172.21.15.106:3300/0,v1:172.21.15.106:6789/0] -- mon_getmap magic: 0 -- 0x7f5b6807be80 con 0x7f5b68108dd0
2024-04-25T11:36:44.246 INFO:teuthology.orchestra.run.smithi106.stdout:/usr/bin/ceph: stderr
2024-04-25T11:36:38.179+0000 7f5b66ffd700 1 --2- >> [v2:172.21.15.106:3300/0,v1:172.21.15.106:6789/0] conn(0x7f5b68108dd0 0x7f5b6810b1c0 unknown :-1 s=BANNER_CONNECTING pgs=0 cs=0 l=0 rev1=0 crypto rx=0 tx=0 comp rx=0 tx=0)._handle_peer_banner_payload supported=3 required=0
2024-04-25T11:36:44.246 INFO:teuthology.orchestra.run.smithi106.stdout:/usr/bin/ceph: stderr
2024-04-25T11:36:38.179+0000 7f5b66ffd700 1 --2- >> [v2:172.21.15.106:3300/0,v1:172.21.15.106:6789/0] conn(0x7f5b68108dd0 0x7f5b6810b1c0 unknown :-1 s=HELLO_CONNECTING pgs=0 cs=0 l=0 rev1=1 crypto rx=0 tx=0 comp rx=0 tx=0).handle_hello peer v2:172.21.15.106:3300/0 says I am v2:172.21.15.106:46214/0 (socket says 172.21.15.106:46214)
2024-04-25T11:36:44.246 INFO:teuthology.orchestra.run.smithi106.stdout:/usr/bin/ceph: stderr
2024-04-25T11:36:38.179+0000 7f5b66ffd700 1 -- 172.21.15.106:0/4061792480 learned_addr learned my addr 172.21.15.106:0/4061792480 (peer_addr_for_me v2:172.21.15.106:0/0)
2024-04-25T11:36:44.246 INFO:teuthology.orchestra.run.smithi106.stdout:/usr/bin/ceph: stderr
2024-04-25T11:36:38.180+0000 7f5b66ffd700 1 -- 172.21.15.106:0/4061792480 --> [v2:172.21.15.106:3300/0,v1:172.21.15.106:6789/0] -- mon_subscribe({config=0+,monmap=0+}) -- 0x7f5b6810b700 con 0x7f5b68108dd0
2024-04-25T11:36:44.246 INFO:teuthology.orchestra.run.smithi106.stdout:/usr/bin/ceph: stderr
2024-04-25T11:36:38.180+0000 7f5b66ffd700 1 --2- 172.21.15.106:0/4061792480 >> [v2:172.21.15.106:3300/0,v1:172.21.15.106:6789/0] conn(0x7f5b68108dd0 0x7f5b6810b1c0 secure :-1 s=READY pgs=61 cs=0 l=1 rev1=1 crypto rx=0x7f5b5c0098a0 tx=0x7f5b5c009bb0 comp rx=0 tx=0).ready entity=mon.0 client_cookie=9de879211b3195b4 server_cookie=0 in_seq=0 out_seq=0
2024-04-25T11:36:44.246 INFO:teuthology.orchestra.run.smithi106.stdout:/usr/bin/ceph: stderr
2024-04-25T11:36:38.180+0000 7f5b65ffb700 1 -- 172.21.15.106:0/4061792480 <== mon.0 v2:172.21.15.106:3300/0 1 ==== mon_map magic: 0 ==== 205+0+0 (secure 0 0 0) 0x7f5b5c004160 con 0x7f5b68108dd0
2024-04-25T11:36:44.246 INFO:teuthology.orchestra.run.smithi106.stdout:/usr/bin/ceph: stderr
2024-04-25T11:36:38.180+0000 7f5b65ffb700 1 -- 172.21.15.106:0/4061792480 <== mon.0 v2:172.21.15.106:3300/0 2 ==== config(26 keys) ==== 1101+0+0 (secure 0 0 0) 0x7f5b5c004300 con 0x7f5b68108dd0
2024-04-25T11:36:44.246 INFO:teuthology.orchestra.run.smithi106.stdout:/usr/bin/ceph: stderr
2024-04-25T11:36:38.180+0000 7f5b65ffb700 1 -- 172.21.15.106:0/4061792480 <== mon.0 v2:172.21.15.106:3300/0 3 ==== mon_map magic: 0 ==== 205+0+0 (secure 0 0 0) 0x7f5b5c011a20 con 0x7f5b68108dd0
2024-04-25T11:36:44.246 INFO:teuthology.orchestra.run.smithi106.stdout:/usr/bin/ceph: stderr
2024-04-25T11:36:38.181+0000 7f5b6d7dd700 1 -- 172.21.15.106:0/4061792480 >> [v2:172.21.15.106:3300/0,v1:172.21.15.106:6789/0] conn(0x7f5b68108dd0 msgr2=0x7f5b6810b1c0 secure :-1 s=STATE_CONNECTION_ESTABLISHED l=1).mark_down
2024-04-25T11:36:44.247 INFO:teuthology.orchestra.run.smithi106.stdout:/usr/bin/ceph: stderr
2024-04-25T11:36:38.181+0000 7f5b6d7dd700 1 --2- 172.21.15.106:0/4061792480 >> [v2:172.21.15.106:3300/0,v1:172.21.15.106:6789/0] conn(0x7f5b68108dd0 0x7f5b6810b1c0 secure :-1 s=READY pgs=61 cs=0 l=1 rev1=1 crypto rx=0x7f5b5c0098a0 tx=0x7f5b5c009bb0 comp rx=0 tx=0).stop
2024-04-25T11:36:44.247 INFO:teuthology.orchestra.run.smithi106.stdout:/usr/bin/ceph: stderr
2024-04-25T11:36:38.181+0000 7f5b6d7dd700 1 -- 172.21.15.106:0/4061792480 shutdown_connections
2024-04-25T11:36:44.247 INFO:teuthology.orchestra.run.smithi106.stdout:/usr/bin/ceph: stderr
2024-04-25T11:36:38.181+0000 7f5b6d7dd700 1 --2- 172.21.15.106:0/4061792480 >> [v2:172.21.15.106:3300/0,v1:172.21.15.106:6789/0] conn(0x7f5b68108dd0 0x7f5b6810b1c0 unknown :-1 s=CLOSED pgs=61 cs=0 l=1 rev1=1 crypto rx=0 tx=0 comp rx=0 tx=0).stop
2024-04-25T11:36:44.247 INFO:teuthology.orchestra.run.smithi106.stdout:/usr/bin/ceph: stderr
2024-04-25T11:36:38.181+0000 7f5b6d7dd700 1 -- 172.21.15.106:0/4061792480 >> 172.21.15.106:0/4061792480 conn(0x7f5b68102820 msgr2=0x7f5b68104c40 unknown :-1 s=STATE_NONE l=0).mark_down
2024-04-25T11:36:44.247 INFO:teuthology.orchestra.run.smithi106.stdout:/usr/bin/ceph: stderr
2024-04-25T11:36:38.181+0000 7f5b6d7dd700 1 -- 172.21.15.106:0/4061792480 shutdown_connections
2024-04-25T11:36:44.247 INFO:teuthology.orchestra.run.smithi106.stdout:/usr/bin/ceph: stderr
2024-04-25T11:36:38.181+0000 7f5b6d7dd700 1 -- 172.21.15.106:0/4061792480 wait complete.
2024-04-25T11:36:44.247 INFO:teuthology.orchestra.run.smithi106.stdout:/usr/bin/ceph: stderr
2024-04-25T11:36:38.181+0000 7f5b6d7dd700 1 Processor -- start
2024-04-25T11:36:44.247 INFO:teuthology.orchestra.run.smithi106.stdout:/usr/bin/ceph: stderr
2024-04-25T11:36:38.181+0000 7f5b6d7dd700 1 -- start start
2024-04-25T11:36:44.247 INFO:teuthology.orchestra.run.smithi106.stdout:/usr/bin/ceph: stderr
2024-04-25T11:36:38.182+0000 7f5b6d7dd700 1 --2- >> [v2:172.21.15.106:3300/0,v1:172.21.15.106:6789/0] conn(0x7f5b68108dd0 0x7f5b68108650 unknown :-1 s=NONE pgs=0 cs=0 l=1 rev1=0 crypto rx=0 tx=0 comp rx=0 tx=0).connect
2024-04-25T11:36:44.247 INFO:teuthology.orchestra.run.smithi106.stdout:/usr/bin/ceph: stderr
2024-04-25T11:36:38.182+0000 7f5b6d7dd700 1 -- --> [v2:172.21.15.106:3300/0,v1:172.21.15.106:6789/0] -- mon_getmap magic: 0 -- 0x7f5b6810c6a0 con 0x7f5b68108dd0
2024-04-25T11:36:44.247 INFO:teuthology.orchestra.run.smithi106.stdout:/usr/bin/ceph: stderr
2024-04-25T11:36:38.182+0000 7f5b66ffd700 1 --2- >> [v2:172.21.15.106:3300/0,v1:172.21.15.106:6789/0] conn(0x7f5b68108dd0 0x7f5b68108650 unknown :-1 s=BANNER_CONNECTING pgs=0 cs=0 l=1 rev1=0 crypto rx=0 tx=0 comp rx=0 tx=0)._handle_peer_banner_payload supported=3 required=0
2024-04-25T11:36:44.247 INFO:teuthology.orchestra.run.smithi106.stdout:/usr/bin/ceph: stderr
2024-04-25T11:36:38.182+0000 7f5b66ffd700 1 --2- >> [v2:172.21.15.106:3300/0,v1:172.21.15.106:6789/0] conn(0x7f5b68108dd0 0x7f5b68108650 unknown :-1 s=HELLO_CONNECTING pgs=0 cs=0 l=1 rev1=1 crypto rx=0 tx=0 comp rx=0 tx=0).handle_hello peer v2:172.21.15.106:3300/0 says I am v2:172.21.15.106:46224/0 (socket says 172.21.15.106:46224)
2024-04-25T11:36:44.247 INFO:teuthology.orchestra.run.smithi106.stdout:/usr/bin/ceph: stderr
2024-04-25T11:36:38.182+0000 7f5b66ffd700 1 -- 172.21.15.106:0/1115864806 learned_addr learned my addr 172.21.15.106:0/1115864806 (peer_addr_for_me v2:172.21.15.106:0/0)
2024-04-25T11:36:44.247 INFO:teuthology.orchestra.run.smithi106.stdout:/usr/bin/ceph: stderr
2024-04-25T11:36:38.182+0000 7f5b66ffd700 1 -- 172.21.15.106:0/1115864806 --> [v2:172.21.15.106:3300/0,v1:172.21.15.106:6789/0] -- mon_subscribe({config=0+,monmap=0+}) -- 0x7f5b68108b90 con 0x7f5b68108dd0
2024-04-25T11:36:44.248 INFO:teuthology.orchestra.run.smithi106.stdout:/usr/bin/ceph: stderr
2024-04-25T11:36:38.182+0000 7f5b66ffd700 1 --2- 172.21.15.106:0/1115864806 >> [v2:172.21.15.106:3300/0,v1:172.21.15.106:6789/0] conn(0x7f5b68108dd0 0x7f5b68108650 secure :-1 s=READY pgs=62 cs=0 l=1 rev1=1 crypto rx=0x7f5b5c000c00 tx=0x7f5b5c011aa0 comp rx=0 tx=0).ready entity=mon.0 client_cookie=0 server_cookie=0 in_seq=0 out_seq=0
2024-04-25T11:36:44.248 INFO:teuthology.orchestra.run.smithi106.stdout:/usr/bin/ceph: stderr
2024-04-25T11:36:38.182+0000 7f5b4ffff700 1 -- 172.21.15.106:0/1115864806 <== mon.0 v2:172.21.15.106:3300/0 1 ==== mon_map magic: 0 ==== 205+0+0 (secure 0 0 0) 0x7f5b5c003aa0 con 0x7f5b68108dd0
2024-04-25T11:36:44.248 INFO:teuthology.orchestra.run.smithi106.stdout:/usr/bin/ceph: stderr
2024-04-25T11:36:38.182+0000 7f5b4ffff700 1 -- 172.21.15.106:0/1115864806 <== mon.0 v2:172.21.15.106:3300/0 2 ==== config(26 keys) ==== 1101+0+0 (secure 0 0 0) 0x7f5b5c01b8f0 con 0x7f5b68108dd0
2024-04-25T11:36:44.248 INFO:teuthology.orchestra.run.smithi106.stdout:/usr/bin/ceph: stderr
2024-04-25T11:36:38.182+0000 7f5b6d7dd700 1 -- 172.21.15.106:0/1115864806 --> [v2:172.21.15.106:3300/0,v1:172.21.15.106:6789/0] -- mon_subscribe({mgrmap=0+}) -- 0x7f5b68106d80 con 0x7f5b68108dd0
2024-04-25T11:36:44.248 INFO:teuthology.orchestra.run.smithi106.stdout:/usr/bin/ceph: stderr
2024-04-25T11:36:38.182+0000 7f5b4ffff700 1 -- 172.21.15.106:0/1115864806 <== mon.0 v2:172.21.15.106:3300/0 3 ==== mon_map magic: 0 ==== 205+0+0 (secure 0 0 0) 0x7f5b5c023870 con 0x7f5b68108dd0
2024-04-25T11:36:44.248 INFO:teuthology.orchestra.run.smithi106.stdout:/usr/bin/ceph: stderr
2024-04-25T11:36:38.182+0000 7f5b6d7dd700 1 -- 172.21.15.106:0/1115864806 --> [v2:172.21.15.106:3300/0,v1:172.21.15.106:6789/0] -- mon_subscribe({osdmap=0}) -- 0x7f5b681072c0 con 0x7f5b68108dd0
2024-04-25T11:36:44.248 INFO:teuthology.orchestra.run.smithi106.stdout:/usr/bin/ceph: stderr
2024-04-25T11:36:38.183+0000 7f5b4ffff700 1 -- 172.21.15.106:0/1115864806 <== mon.0 v2:172.21.15.106:3300/0 4 ==== mgrmap(e 9) ==== 46571+0+0 (secure 0 0 0) 0x7f5b5c023b70 con 0x7f5b68108dd0
2024-04-25T11:36:44.248 INFO:teuthology.orchestra.run.smithi106.stdout:/usr/bin/ceph: stderr
2024-04-25T11:36:38.183+0000 7f5b4ffff700 1 --2- 172.21.15.106:0/1115864806 >> [v2:172.21.15.106:6800/400046033,v1:172.21.15.106:6801/400046033] conn(0x7f5b500396c0 0x7f5b5003bb80 unknown :-1 s=NONE pgs=0 cs=0 l=1 rev1=0 crypto rx=0 tx=0 comp rx=0 tx=0).connect
2024-04-25T11:36:44.248 INFO:teuthology.orchestra.run.smithi106.stdout:/usr/bin/ceph: stderr
2024-04-25T11:36:38.183+0000 7f5b4ffff700 1 -- 172.21.15.106:0/1115864806 --> [v2:172.21.15.106:6800/400046033,v1:172.21.15.106:6801/400046033] -- command(tid 0: {"prefix": "get_command_descriptions"}) -- 0x7f5b5003c290 con 0x7f5b500396c0
2024-04-25T11:36:44.248 INFO:teuthology.orchestra.run.smithi106.stdout:/usr/bin/ceph: stderr
2024-04-25T11:36:38.183+0000 7f5b667fc700 1 -- 172.21.15.106:0/1115864806 >> [v2:172.21.15.106:6800/400046033,v1:172.21.15.106:6801/400046033] conn(0x7f5b500396c0 msgr2=0x7f5b5003bb80 unknown :-1 s=STATE_CONNECTING_RE l=1).process reconnect failed to v2:172.21.15.106:6800/400046033
2024-04-25T11:36:44.248 INFO:teuthology.orchestra.run.smithi106.stdout:/usr/bin/ceph: stderr
2024-04-25T11:36:38.183+0000 7f5b4ffff700 1 -- 172.21.15.106:0/1115864806 <== mon.0 v2:172.21.15.106:3300/0 5 ==== osd_map(2..2 src has 1..2) ==== 940+0+0 (secure 0 0 0) 0x7f5b5c04de60 con 0x7f5b68108dd0
2024-04-25T11:36:44.248 INFO:teuthology.orchestra.run.smithi106.stdout:/usr/bin/ceph: stderr
2024-04-25T11:36:38.184+0000 7f5b667fc700 1 --2- 172.21.15.106:0/1115864806 >> [v2:172.21.15.106:6800/400046033,v1:172.21.15.106:6801/400046033] conn(0x7f5b500396c0 0x7f5b5003bb80 unknown :-1 s=START_CONNECT pgs=0 cs=0 l=1 rev1=0 crypto rx=0 tx=0 comp rx=0 tx=0)._fault waiting 0.200000
2024-04-25T11:36:44.248 INFO:teuthology.orchestra.run.smithi106.stdout:/usr/bin/ceph: stderr
2024-04-25T11:36:38.385+0000 7f5b667fc700 1 -- 172.21.15.106:0/1115864806 >> [v2:172.21.15.106:6800/400046033,v1:172.21.15.106:6801/400046033] conn(0x7f5b500396c0 msgr2=0x7f5b5003bb80 unknown :-1 s=STATE_CONNECTING_RE l=1).process reconnect failed to v2:172.21.15.106:6800/400046033
2024-04-25T11:36:44.249 INFO:teuthology.orchestra.run.smithi106.stdout:/usr/bin/ceph: stderr
2024-04-25T11:36:38.385+0000 7f5b667fc700 1 --2- 172.21.15.106:0/1115864806 >> [v2:172.21.15.106:6800/400046033,v1:172.21.15.106:6801/400046033] conn(0x7f5b500396c0 0x7f5b5003bb80 unknown :-1 s=START_CONNECT pgs=0 cs=0 l=1 rev1=0 crypto rx=0 tx=0 comp rx=0 tx=0)._fault waiting 0.400000
2024-04-25T11:36:44.249 INFO:teuthology.orchestra.run.smithi106.stdout:/usr/bin/ceph: stderr
2024-04-25T11:36:38.786+0000 7f5b667fc700 1 -- 172.21.15.106:0/1115864806 >> [v2:172.21.15.106:6800/400046033,v1:172.21.15.106:6801/400046033] conn(0x7f5b500396c0 msgr2=0x7f5b5003bb80 unknown :-1 s=STATE_CONNECTING_RE l=1).process reconnect failed to v2:172.21.15.106:6800/400046033
2024-04-25T11:36:44.249 INFO:teuthology.orchestra.run.smithi106.stdout:/usr/bin/ceph: stderr
2024-04-25T11:36:38.786+0000 7f5b667fc700 1 --2- 172.21.15.106:0/1115864806 >> [v2:172.21.15.106:6800/400046033,v1:172.21.15.106:6801/400046033] conn(0x7f5b500396c0 0x7f5b5003bb80 unknown :-1 s=START_CONNECT pgs=0 cs=0 l=1 rev1=0 crypto rx=0 tx=0 comp rx=0 tx=0)._fault waiting 0.800000
2024-04-25T11:36:44.249 INFO:teuthology.orchestra.run.smithi106.stdout:/usr/bin/ceph: stderr
2024-04-25T11:36:39.587+0000 7f5b667fc700 1 -- 172.21.15.106:0/1115864806 >> [v2:172.21.15.106:6800/400046033,v1:172.21.15.106:6801/400046033] conn(0x7f5b500396c0 msgr2=0x7f5b5003bb80 unknown :-1 s=STATE_CONNECTING_RE l=1).process reconnect failed to v2:172.21.15.106:6800/400046033
2024-04-25T11:36:44.249 INFO:teuthology.orchestra.run.smithi106.stdout:/usr/bin/ceph: stderr
2024-04-25T11:36:39.587+0000 7f5b667fc700 1 --2- 172.21.15.106:0/1115864806 >> [v2:172.21.15.106:6800/400046033,v1:172.21.15.106:6801/400046033] conn(0x7f5b500396c0 0x7f5b5003bb80 unknown :-1 s=START_CONNECT pgs=0 cs=0 l=1 rev1=0 crypto rx=0 tx=0 comp rx=0 tx=0)._fault waiting 1.600000
2024-04-25T11:36:44.249 INFO:teuthology.orchestra.run.smithi106.stdout:/usr/bin/ceph: stderr
2024-04-25T11:36:41.187+0000 7f5b667fc700 1 -- 172.21.15.106:0/1115864806 >> [v2:172.21.15.106:6800/400046033,v1:172.21.15.106:6801/400046033] conn(0x7f5b500396c0 msgr2=0x7f5b5003bb80 unknown :-1 s=STATE_CONNECTING_RE l=1).process reconnect failed to v2:172.21.15.106:6800/400046033
2024-04-25T11:36:44.249 INFO:teuthology.orchestra.run.smithi106.stdout:/usr/bin/ceph: stderr
2024-04-25T11:36:41.187+0000 7f5b667fc700 1 --2- 172.21.15.106:0/1115864806 >> [v2:172.21.15.106:6800/400046033,v1:172.21.15.106:6801/400046033] conn(0x7f5b500396c0 0x7f5b5003bb80 unknown :-1 s=START_CONNECT pgs=0 cs=0 l=1 rev1=0 crypto rx=0 tx=0 comp rx=0 tx=0)._fault waiting 3.200000
2024-04-25T11:36:44.249 INFO:teuthology.orchestra.run.smithi106.stdout:/usr/bin/ceph: stderr
2024-04-25T11:36:42.658+0000 7f5b4ffff700 1 -- 172.21.15.106:0/1115864806 <== mon.0 v2:172.21.15.106:3300/0 6 ==== mgrmap(e 10) ==== 46338+0+0 (secure 0 0 0) 0x7f5b5c02c3f0 con 0x7f5b68108dd0
2024-04-25T11:36:44.249 INFO:teuthology.orchestra.run.smithi106.stdout:/usr/bin/ceph: stderr
2024-04-25T11:36:42.658+0000 7f5b4ffff700 1 -- 172.21.15.106:0/1115864806 >> [v2:172.21.15.106:6800/400046033,v1:172.21.15.106:6801/400046033] conn(0x7f5b500396c0 msgr2=0x7f5b5003bb80 unknown :-1 s=STATE_CONNECTING l=1).mark_down
2024-04-25T11:36:44.249 INFO:teuthology.orchestra.run.smithi106.stdout:/usr/bin/ceph: stderr
2024-04-25T11:36:42.658+0000 7f5b4ffff700 1 --2- 172.21.15.106:0/1115864806 >> [v2:172.21.15.106:6800/400046033,v1:172.21.15.106:6801/400046033] conn(0x7f5b500396c0 0x7f5b5003bb80 unknown :-1 s=START_CONNECT pgs=0 cs=0 l=1 rev1=0 crypto rx=0 tx=0 comp rx=0 tx=0).stop
2024-04-25T11:36:44.249 INFO:teuthology.orchestra.run.smithi106.stdout:/usr/bin/ceph: stderr
2024-04-25T11:36:43.660+0000 7f5b4ffff700 1 -- 172.21.15.106:0/1115864806 <== mon.0 v2:172.21.15.106:3300/0 7 ==== mgrmap(e 11) ==== 46465+0+0 (secure 0 0 0) 0x7f5b5c016860 con 0x7f5b68108dd0
2024-04-25T11:36:44.249 INFO:teuthology.orchestra.run.smithi106.stdout:/usr/bin/ceph: stderr
2024-04-25T11:36:43.660+0000 7f5b4ffff700 1 --2- 172.21.15.106:0/1115864806 >> [v2:172.21.15.106:6800/3165777379,v1:172.21.15.106:6801/3165777379] conn(0x7f5b5003cfb0 0x7f5b5003f3a0 unknown :-1 s=NONE pgs=0 cs=0 l=1 rev1=0 crypto rx=0 tx=0 comp rx=0 tx=0).connect
2024-04-25T11:36:44.249 INFO:teuthology.orchestra.run.smithi106.stdout:/usr/bin/ceph: stderr
2024-04-25T11:36:43.660+0000 7f5b4ffff700 1 -- 172.21.15.106:0/1115864806 --> [v2:172.21.15.106:6800/3165777379,v1:172.21.15.106:6801/3165777379] -- command(tid 0: {"prefix": "get_command_descriptions"}) -- 0x7f5b5003c290 con 0x7f5b5003cfb0
2024-04-25T11:36:44.250 INFO:teuthology.orchestra.run.smithi106.stdout:/usr/bin/ceph: stderr
2024-04-25T11:36:43.661+0000 7f5b667fc700 1 --2- 172.21.15.106:0/1115864806 >> [v2:172.21.15.106:6800/3165777379,v1:172.21.15.106:6801/3165777379] conn(0x7f5b5003cfb0 0x7f5b5003f3a0 unknown :-1 s=BANNER_CONNECTING pgs=0 cs=0 l=1 rev1=0 crypto rx=0 tx=0 comp rx=0 tx=0)._handle_peer_banner_payload supported=3 required=0
2024-04-25T11:36:44.250 INFO:teuthology.orchestra.run.smithi106.stdout:/usr/bin/ceph: stderr
2024-04-25T11:36:43.661+0000 7f5b667fc700 1 --2- 172.21.15.106:0/1115864806 >> [v2:172.21.15.106:6800/3165777379,v1:172.21.15.106:6801/3165777379] conn(0x7f5b5003cfb0 0x7f5b5003f3a0 secure :-1 s=READY pgs=2 cs=0 l=1 rev1=1 crypto rx=0x7f5b58003a10 tx=0x7f5b580092b0 comp rx=0 tx=0).ready entity=mgr.14152 client_cookie=0 server_cookie=0 in_seq=0 out_seq=0
2024-04-25T11:36:44.250 INFO:teuthology.orchestra.run.smithi106.stdout:/usr/bin/ceph: stderr
2024-04-25T11:36:43.662+0000 7f5b4ffff700 1 -- 172.21.15.106:0/1115864806 <== mgr.14152 v2:172.21.15.106:6800/3165777379 1 ==== command_reply(tid 0: 0 ) ==== 8+0+7774 (secure 0 0 0) 0x7f5b5003c290 con 0x7f5b5003cfb0
2024-04-25T11:36:44.250 INFO:teuthology.orchestra.run.smithi106.stdout:/usr/bin/ceph: stderr
2024-04-25T11:36:43.668+0000 7f5b6d7dd700 1 -- 172.21.15.106:0/1115864806 --> [v2:172.21.15.106:6800/3165777379,v1:172.21.15.106:6801/3165777379] -- command(tid 1: {"prefix": "mgr_status"}) -- 0x7f5b68069b50 con 0x7f5b5003cfb0
2024-04-25T11:36:44.250 INFO:teuthology.orchestra.run.smithi106.stdout:/usr/bin/ceph: stderr
2024-04-25T11:36:43.668+0000 7f5b4ffff700 1 -- 172.21.15.106:0/1115864806 <== mgr.14152 v2:172.21.15.106:6800/3165777379 2 ==== command_reply(tid 1: 0 ) ==== 8+0+52 (secure 0 0 0) 0x7f5b68069b50 con 0x7f5b5003cfb0
2024-04-25T11:36:44.250 INFO:teuthology.orchestra.run.smithi106.stdout:/usr/bin/ceph: stderr
2024-04-25T11:36:43.669+0000 7f5b6d7dd700 1 -- 172.21.15.106:0/1115864806 >> [v2:172.21.15.106:6800/3165777379,v1:172.21.15.106:6801/3165777379] conn(0x7f5b5003cfb0 msgr2=0x7f5b5003f3a0 secure :-1 s=STATE_CONNECTION_ESTABLISHED l=1).mark_down
2024-04-25T11:36:44.250 INFO:teuthology.orchestra.run.smithi106.stdout:/usr/bin/ceph: stderr
2024-04-25T11:36:43.669+0000 7f5b6d7dd700 1 --2- 172.21.15.106:0/1115864806 >> [v2:172.21.15.106:6800/3165777379,v1:172.21.15.106:6801/3165777379] conn(0x7f5b5003cfb0 0x7f5b5003f3a0 secure :-1 s=READY pgs=2 cs=0 l=1 rev1=1 crypto rx=0x7f5b58003a10 tx=0x7f5b580092b0 comp rx=0 tx=0).stop
2024-04-25T11:36:44.250 INFO:teuthology.orchestra.run.smithi106.stdout:/usr/bin/ceph: stderr
2024-04-25T11:36:43.669+0000 7f5b6d7dd700 1 -- 172.21.15.106:0/1115864806 >> [v2:172.21.15.106:3300/0,v1:172.21.15.106:6789/0] conn(0x7f5b68108dd0 msgr2=0x7f5b68108650 secure :-1 s=STATE_CONNECTION_ESTABLISHED l=1).mark_down
2024-04-25T11:36:44.250 INFO:teuthology.orchestra.run.smithi106.stdout:/usr/bin/ceph: stderr
2024-04-25T11:36:43.669+0000 7f5b6d7dd700 1 --2- 172.21.15.106:0/1115864806 >> [v2:172.21.15.106:3300/0,v1:172.21.15.106:6789/0] conn(0x7f5b68108dd0 0x7f5b68108650 secure :-1 s=READY pgs=62 cs=0 l=1 rev1=1 crypto rx=0x7f5b5c000c00 tx=0x7f5b5c011aa0 comp rx=0 tx=0).stop
2024-04-25T11:36:44.250 INFO:teuthology.orchestra.run.smithi106.stdout:/usr/bin/ceph: stderr
2024-04-25T11:36:43.669+0000 7f5b6d7dd700 1 -- 172.21.15.106:0/1115864806 shutdown_connections
2024-04-25T11:36:44.250 INFO:teuthology.orchestra.run.smithi106.stdout:/usr/bin/ceph: stderr
2024-04-25T11:36:43.669+0000 7f5b6d7dd700 1 --2- 172.21.15.106:0/1115864806 >> [v2:172.21.15.106:3300/0,v1:172.21.15.106:6789/0] conn(0x7f5b68108dd0 0x7f5b68108650 unknown :-1 s=CLOSED pgs=62 cs=0 l=1 rev1=1 crypto rx=0 tx=0 comp rx=0 tx=0).stop
2024-04-25T11:36:44.250 INFO:teuthology.orchestra.run.smithi106.stdout:/usr/bin/ceph: stderr
2024-04-25T11:36:43.669+0000 7f5b6d7dd700 1 --2- 172.21.15.106:0/1115864806 >> [v2:172.21.15.106:6800/3165777379,v1:172.21.15.106:6801/3165777379] conn(0x7f5b5003cfb0 0x7f5b5003f3a0 unknown :-1 s=CLOSED pgs=2 cs=0 l=1 rev1=1 crypto rx=0 tx=0 comp rx=0 tx=0).stop
2024-04-25T11:36:44.250 INFO:teuthology.orchestra.run.smithi106.stdout:/usr/bin/ceph: stderr
2024-04-25T11:36:43.669+0000 7f5b6d7dd700 1 --2- 172.21.15.106:0/1115864806 >> [v2:172.21.15.106:6800/400046033,v1:172.21.15.106:6801/400046033] conn(0x7f5b500396c0 0x7f5b5003bb80 unknown :-1 s=CLOSED pgs=0 cs=0 l=1 rev1=0 crypto rx=0 tx=0 comp rx=0 tx=0).stop
2024-04-25T11:36:44.251 INFO:teuthology.orchestra.run.smithi106.stdout:/usr/bin/ceph: stderr
2024-04-25T11:36:43.669+0000 7f5b6d7dd700 1 -- 172.21.15.106:0/1115864806 >> 172.21.15.106:0/1115864806 conn(0x7f5b68102820 msgr2=0x7f5b68103290 unknown :-1 s=STATE_NONE l=0).mark_down
2024-04-25T11:36:44.251 INFO:teuthology.orchestra.run.smithi106.stdout:/usr/bin/ceph: stderr
2024-04-25T11:36:43.669+0000 7f5b6d7dd700 1 -- 172.21.15.106:0/1115864806 shutdown_connections
2024-04-25T11:36:44.251 INFO:teuthology.orchestra.run.smithi106.stdout:/usr/bin/ceph: stderr
2024-04-25T11:36:43.669+0000 7f5b6d7dd700 1 -- 172.21.15.106:0/1115864806 wait complete.
2024-04-25T11:36:44.251 INFO:teuthology.orchestra.run.smithi106.stdout:mgr epoch 9 is available
2024-04-25T11:36:44.251 INFO:teuthology.orchestra.run.smithi106.stdout:Generating a dashboard self-signed certificate...
2024-04-25T11:36:44.797 INFO:journalctl@ceph.mon.a.smithi106.stdout:Apr 25 11:36:44 smithi106 ceph-mon[29149]: [25/Apr/2024:11:36:42] ENGINE Bus STARTING
2024-04-25T11:36:44.798 INFO:journalctl@ceph.mon.a.smithi106.stdout:Apr 25 11:36:44 smithi106 ceph-mon[29149]: [25/Apr/2024:11:36:43] ENGINE Serving on https://172.21.15.106:7150
2024-04-25T11:36:44.798 INFO:journalctl@ceph.mon.a.smithi106.stdout:Apr 25 11:36:44 smithi106 ceph-mon[29149]: [25/Apr/2024:11:36:43] ENGINE Serving on http://172.21.15.106:8765
2024-04-25T11:36:44.798 INFO:journalctl@ceph.mon.a.smithi106.stdout:Apr 25 11:36:44 smithi106 ceph-mon[29149]: [25/Apr/2024:11:36:43] ENGINE Bus STARTED
2024-04-25T11:36:44.798 INFO:journalctl@ceph.mon.a.smithi106.stdout:Apr 25 11:36:44 smithi106 ceph-mon[29149]: from='client.14156 -' entity='client.admin' cmd=[{"prefix": "get_command_descriptions"}]: dispatch
2024-04-25T11:36:44.798 INFO:journalctl@ceph.mon.a.smithi106.stdout:Apr 25 11:36:44 smithi106 ceph-mon[29149]: from='client.14156 -' entity='client.admin' cmd=[{"prefix": "mgr_status"}]: dispatch
2024-04-25T11:36:45.993 INFO:journalctl@ceph.mon.a.smithi106.stdout:Apr 25 11:36:45 smithi106 ceph-mon[29149]: mgrmap e12: x(active, since 2s)
2024-04-25T11:36:45.994 INFO:journalctl@ceph.mon.a.smithi106.stdout:Apr 25 11:36:45 smithi106 ceph-mon[29149]: from='mgr.14152 172.21.15.106:0/1244949212' entity='mgr.x'
2024-04-25T11:36:45.994 INFO:journalctl@ceph.mon.a.smithi106.stdout:Apr 25 11:36:45 smithi106 ceph-mon[29149]: from='mgr.14152 172.21.15.106:0/1244949212' entity='mgr.x'
2024-04-25T11:36:45.994 INFO:journalctl@ceph.mon.a.smithi106.stdout:Apr 25 11:36:45 smithi106 ceph-mon[29149]: from='mgr.14152 172.21.15.106:0/1244949212' entity='mgr.x'
2024-04-25T11:36:46.034 INFO:teuthology.orchestra.run.smithi106.stdout:/usr/bin/ceph: stdout Self-signed certificate created
2024-04-25T11:36:46.034 INFO:teuthology.orchestra.run.smithi106.stdout:/usr/bin/ceph: stderr
2024-04-25T11:36:44.837+0000 7f013feda700 1 Processor -- start
2024-04-25T11:36:46.034 INFO:teuthology.orchestra.run.smithi106.stdout:/usr/bin/ceph: stderr
2024-04-25T11:36:44.837+0000 7f013feda700 1 -- start start
2024-04-25T11:36:46.034 INFO:teuthology.orchestra.run.smithi106.stdout:/usr/bin/ceph: stderr
2024-04-25T11:36:44.837+0000 7f013feda700 1 --2- >> [v2:172.21.15.106:3300/0,v1:172.21.15.106:6789/0] conn(0x7f0138108340 0x7f0138108760 unknown :-1 s=NONE pgs=0 cs=0 l=0 rev1=0 crypto rx=0 tx=0 comp rx=0 tx=0).connect
2024-04-25T11:36:46.034 INFO:teuthology.orchestra.run.smithi106.stdout:/usr/bin/ceph: stderr
2024-04-25T11:36:44.837+0000 7f013feda700 1 -- --> [v2:172.21.15.106:3300/0,v1:172.21.15.106:6789/0] -- mon_getmap magic: 0 -- 0x7f0138108d30 con 0x7f0138108340
2024-04-25T11:36:46.034 INFO:teuthology.orchestra.run.smithi106.stdout:/usr/bin/ceph: stderr
2024-04-25T11:36:44.837+0000 7f013dc76700 1 --2- >> [v2:172.21.15.106:3300/0,v1:172.21.15.106:6789/0] conn(0x7f0138108340 0x7f0138108760 unknown :-1 s=BANNER_CONNECTING pgs=0 cs=0 l=0 rev1=0 crypto rx=0 tx=0 comp rx=0 tx=0)._handle_peer_banner_payload supported=3 required=0
2024-04-25T11:36:46.034 INFO:teuthology.orchestra.run.smithi106.stdout:/usr/bin/ceph: stderr
2024-04-25T11:36:44.837+0000 7f013dc76700 1 --2- >> [v2:172.21.15.106:3300/0,v1:172.21.15.106:6789/0] conn(0x7f0138108340 0x7f0138108760 unknown :-1 s=HELLO_CONNECTING pgs=0 cs=0 l=0 rev1=1 crypto rx=0 tx=0 comp rx=0 tx=0).handle_hello peer v2:172.21.15.106:3300/0 says I am v2:172.21.15.106:41842/0 (socket says 172.21.15.106:41842)
2024-04-25T11:36:46.035 INFO:teuthology.orchestra.run.smithi106.stdout:/usr/bin/ceph: stderr
2024-04-25T11:36:44.837+0000 7f013dc76700 1 -- 172.21.15.106:0/2061714384 learned_addr learned my addr 172.21.15.106:0/2061714384 (peer_addr_for_me v2:172.21.15.106:0/0)
2024-04-25T11:36:46.035 INFO:teuthology.orchestra.run.smithi106.stdout:/usr/bin/ceph: stderr
2024-04-25T11:36:44.838+0000 7f013dc76700 1 -- 172.21.15.106:0/2061714384 --> [v2:172.21.15.106:3300/0,v1:172.21.15.106:6789/0] -- mon_subscribe({config=0+,monmap=0+}) -- 0x7f0138109540 con 0x7f0138108340
2024-04-25T11:36:46.035 INFO:teuthology.orchestra.run.smithi106.stdout:/usr/bin/ceph: stderr
2024-04-25T11:36:44.838+0000 7f013dc76700 1 --2- 172.21.15.106:0/2061714384 >> [v2:172.21.15.106:3300/0,v1:172.21.15.106:6789/0] conn(0x7f0138108340 0x7f0138108760 secure :-1 s=READY pgs=70 cs=0 l=1 rev1=1 crypto rx=0x7f01340098a0 tx=0x7f0134009bb0 comp rx=0 tx=0).ready entity=mon.0 client_cookie=61d8584e7dbb5ecd server_cookie=0 in_seq=0 out_seq=0
2024-04-25T11:36:46.035 INFO:teuthology.orchestra.run.smithi106.stdout:/usr/bin/ceph: stderr
2024-04-25T11:36:44.838+0000 7f013cc74700 1 -- 172.21.15.106:0/2061714384 <== mon.0 v2:172.21.15.106:3300/0 1 ==== mon_map magic: 0 ==== 205+0+0 (secure 0 0 0) 0x7f0134004160 con 0x7f0138108340
2024-04-25T11:36:46.035 INFO:teuthology.orchestra.run.smithi106.stdout:/usr/bin/ceph: stderr
2024-04-25T11:36:44.838+0000 7f013cc74700 1 -- 172.21.15.106:0/2061714384 <== mon.0 v2:172.21.15.106:3300/0 2 ==== config(26 keys) ==== 1101+0+0 (secure 0 0 0) 0x7f0134004300 con 0x7f0138108340
2024-04-25T11:36:46.035 INFO:teuthology.orchestra.run.smithi106.stdout:/usr/bin/ceph: stderr
2024-04-25T11:36:44.838+0000 7f013cc74700 1 -- 172.21.15.106:0/2061714384 <== mon.0 v2:172.21.15.106:3300/0 3 ==== mon_map magic: 0 ==== 205+0+0 (secure 0 0 0) 0x7f0134011a20 con 0x7f0138108340
2024-04-25T11:36:46.035 INFO:teuthology.orchestra.run.smithi106.stdout:/usr/bin/ceph: stderr
2024-04-25T11:36:44.839+0000 7f013feda700 1 -- 172.21.15.106:0/2061714384 >> [v2:172.21.15.106:3300/0,v1:172.21.15.106:6789/0] conn(0x7f0138108340 msgr2=0x7f0138108760 secure :-1 s=STATE_CONNECTION_ESTABLISHED l=1).mark_down
2024-04-25T11:36:46.035 INFO:teuthology.orchestra.run.smithi106.stdout:/usr/bin/ceph: stderr
2024-04-25T11:36:44.839+0000 7f013feda700 1 --2- 172.21.15.106:0/2061714384 >> [v2:172.21.15.106:3300/0,v1:172.21.15.106:6789/0] conn(0x7f0138108340 0x7f0138108760 secure :-1 s=READY pgs=70 cs=0 l=1 rev1=1 crypto rx=0x7f01340098a0 tx=0x7f0134009bb0 comp rx=0 tx=0).stop
2024-04-25T11:36:46.035 INFO:teuthology.orchestra.run.smithi106.stdout:/usr/bin/ceph: stderr
2024-04-25T11:36:44.839+0000 7f013feda700 1 -- 172.21.15.106:0/2061714384 shutdown_connections
2024-04-25T11:36:46.035 INFO:teuthology.orchestra.run.smithi106.stdout:/usr/bin/ceph: stderr
2024-04-25T11:36:44.839+0000 7f013feda700 1 --2- 172.21.15.106:0/2061714384 >> [v2:172.21.15.106:3300/0,v1:172.21.15.106:6789/0] conn(0x7f0138108340 0x7f0138108760 unknown :-1 s=CLOSED pgs=70 cs=0 l=1 rev1=1 crypto rx=0 tx=0 comp rx=0 tx=0).stop
2024-04-25T11:36:46.035 INFO:teuthology.orchestra.run.smithi106.stdout:/usr/bin/ceph: stderr
2024-04-25T11:36:44.839+0000 7f013feda700 1 -- 172.21.15.106:0/2061714384 >> 172.21.15.106:0/2061714384 conn(0x7f01381038e0 msgr2=0x7f0138105d20 unknown :-1 s=STATE_NONE l=0).mark_down
2024-04-25T11:36:46.035 INFO:teuthology.orchestra.run.smithi106.stdout:/usr/bin/ceph: stderr
2024-04-25T11:36:44.839+0000 7f013feda700 1 -- 172.21.15.106:0/2061714384 shutdown_connections
2024-04-25T11:36:46.035 INFO:teuthology.orchestra.run.smithi106.stdout:/usr/bin/ceph: stderr
2024-04-25T11:36:44.839+0000 7f013feda700 1 -- 172.21.15.106:0/2061714384 wait complete.
2024-04-25T11:36:46.036 INFO:teuthology.orchestra.run.smithi106.stdout:/usr/bin/ceph: stderr
2024-04-25T11:36:44.839+0000 7f013feda700 1 Processor -- start
2024-04-25T11:36:46.036 INFO:teuthology.orchestra.run.smithi106.stdout:/usr/bin/ceph: stderr
2024-04-25T11:36:44.839+0000 7f013feda700 1 -- start start
2024-04-25T11:36:46.036 INFO:teuthology.orchestra.run.smithi106.stdout:/usr/bin/ceph: stderr
2024-04-25T11:36:44.839+0000 7f013feda700 1 --2- >> [v2:172.21.15.106:3300/0,v1:172.21.15.106:6789/0] conn(0x7f0138108340 0x7f013807db60 unknown :-1 s=NONE pgs=0 cs=0 l=1 rev1=0 crypto rx=0 tx=0 comp rx=0 tx=0).connect
2024-04-25T11:36:46.036 INFO:teuthology.orchestra.run.smithi106.stdout:/usr/bin/ceph: stderr
2024-04-25T11:36:44.839+0000 7f013feda700 1 -- --> [v2:172.21.15.106:3300/0,v1:172.21.15.106:6789/0] -- mon_getmap magic: 0 -- 0x7f013810c8f0 con 0x7f0138108340
2024-04-25T11:36:46.036 INFO:teuthology.orchestra.run.smithi106.stdout:/usr/bin/ceph: stderr
2024-04-25T11:36:44.840+0000 7f013dc76700 1 --2- >> [v2:172.21.15.106:3300/0,v1:172.21.15.106:6789/0] conn(0x7f0138108340 0x7f013807db60 unknown :-1 s=BANNER_CONNECTING pgs=0 cs=0 l=1 rev1=0 crypto rx=0 tx=0 comp rx=0 tx=0)._handle_peer_banner_payload supported=3 required=0
2024-04-25T11:36:46.036 INFO:teuthology.orchestra.run.smithi106.stdout:/usr/bin/ceph: stderr
2024-04-25T11:36:44.840+0000 7f013dc76700 1 --2- >> [v2:172.21.15.106:3300/0,v1:172.21.15.106:6789/0] conn(0x7f0138108340 0x7f013807db60 unknown :-1 s=HELLO_CONNECTING pgs=0 cs=0 l=1 rev1=1 crypto rx=0 tx=0 comp rx=0 tx=0).handle_hello peer v2:172.21.15.106:3300/0 says I am v2:172.21.15.106:41850/0 (socket says 172.21.15.106:41850)
2024-04-25T11:36:46.036 INFO:teuthology.orchestra.run.smithi106.stdout:/usr/bin/ceph: stderr
2024-04-25T11:36:44.840+0000 7f013dc76700 1 -- 172.21.15.106:0/2358603866 learned_addr learned my addr 172.21.15.106:0/2358603866 (peer_addr_for_me v2:172.21.15.106:0/0)
2024-04-25T11:36:46.036 INFO:teuthology.orchestra.run.smithi106.stdout:/usr/bin/ceph: stderr
2024-04-25T11:36:44.840+0000 7f013dc76700 1 -- 172.21.15.106:0/2358603866 --> [v2:172.21.15.106:3300/0,v1:172.21.15.106:6789/0] -- mon_subscribe({config=0+,monmap=0+}) -- 0x7f013807e0a0 con 0x7f0138108340
2024-04-25T11:36:46.036 INFO:teuthology.orchestra.run.smithi106.stdout:/usr/bin/ceph: stderr
2024-04-25T11:36:44.840+0000 7f013dc76700 1 --2- 172.21.15.106:0/2358603866 >> [v2:172.21.15.106:3300/0,v1:172.21.15.106:6789/0] conn(0x7f0138108340 0x7f013807db60 secure :-1 s=READY pgs=71 cs=0 l=1 rev1=1 crypto rx=0x7f01340116e0 tx=0x7f0134011aa0 comp rx=0 tx=0).ready entity=mon.0 client_cookie=0 server_cookie=0 in_seq=0 out_seq=0
2024-04-25T11:36:46.036 INFO:teuthology.orchestra.run.smithi106.stdout:/usr/bin/ceph: stderr
2024-04-25T11:36:44.840+0000 7f012effd700 1 -- 172.21.15.106:0/2358603866 <== mon.0 v2:172.21.15.106:3300/0 1 ==== mon_map magic: 0 ==== 205+0+0 (secure 0 0 0) 0x7f01340039e0 con 0x7f0138108340
2024-04-25T11:36:46.036 INFO:teuthology.orchestra.run.smithi106.stdout:/usr/bin/ceph: stderr
2024-04-25T11:36:44.840+0000 7f012effd700 1 -- 172.21.15.106:0/2358603866 <== mon.0 v2:172.21.15.106:3300/0 2 ==== config(26 keys) ==== 1101+0+0 (secure 0 0 0) 0x7f013401b8f0 con 0x7f0138108340
2024-04-25T11:36:46.036 INFO:teuthology.orchestra.run.smithi106.stdout:/usr/bin/ceph: stderr
2024-04-25T11:36:44.840+0000 7f013feda700 1 -- 172.21.15.106:0/2358603866 --> [v2:172.21.15.106:3300/0,v1:172.21.15.106:6789/0] -- mon_subscribe({mgrmap=0+}) -- 0x7f013807c290 con 0x7f0138108340
2024-04-25T11:36:46.036 INFO:teuthology.orchestra.run.smithi106.stdout:/usr/bin/ceph: stderr
2024-04-25T11:36:44.840+0000 7f012effd700 1 -- 172.21.15.106:0/2358603866 <== mon.0 v2:172.21.15.106:3300/0 3 ==== mon_map magic: 0 ==== 205+0+0 (secure 0 0 0) 0x7f0134023760 con 0x7f0138108340
2024-04-25T11:36:46.037 INFO:teuthology.orchestra.run.smithi106.stdout:/usr/bin/ceph: stderr
2024-04-25T11:36:44.840+0000 7f013feda700 1 -- 172.21.15.106:0/2358603866 --> [v2:172.21.15.106:3300/0,v1:172.21.15.106:6789/0] -- mon_subscribe({osdmap=0}) -- 0x7f013807c7d0 con 0x7f0138108340
2024-04-25T11:36:46.037 INFO:teuthology.orchestra.run.smithi106.stdout:/usr/bin/ceph: stderr
2024-04-25T11:36:44.841+0000 7f012effd700 1 -- 172.21.15.106:0/2358603866 <== mon.0 v2:172.21.15.106:3300/0 4 ==== mgrmap(e 12) ==== 46571+0+0 (secure 0 0 0) 0x7f01340239d0 con 0x7f0138108340
2024-04-25T11:36:46.037 INFO:teuthology.orchestra.run.smithi106.stdout:/usr/bin/ceph: stderr
2024-04-25T11:36:44.841+0000 7f013feda700 1 -- 172.21.15.106:0/2358603866 --> [v2:172.21.15.106:3300/0,v1:172.21.15.106:6789/0] -- mon_command({"prefix": "get_command_descriptions"} v 0) -- 0x7f01380640a0 con 0x7f0138108340
2024-04-25T11:36:46.037 INFO:teuthology.orchestra.run.smithi106.stdout:/usr/bin/ceph: stderr
2024-04-25T11:36:44.841+0000 7f012effd700 1 --2- 172.21.15.106:0/2358603866 >> [v2:172.21.15.106:6800/3165777379,v1:172.21.15.106:6801/3165777379] conn(0x7f0124039670 0x7f012403bb30 unknown :-1 s=NONE pgs=0 cs=0 l=1 rev1=0 crypto rx=0 tx=0 comp rx=0 tx=0).connect
2024-04-25T11:36:46.037 INFO:teuthology.orchestra.run.smithi106.stdout:/usr/bin/ceph: stderr
2024-04-25T11:36:44.841+0000 7f012effd700 1 -- 172.21.15.106:0/2358603866 <== mon.0 v2:172.21.15.106:3300/0 5 ==== osd_map(3..3 src has 1..3) ==== 1155+0+0 (secure 0 0 0) 0x7f013404e1a0 con 0x7f0138108340
2024-04-25T11:36:46.037 INFO:teuthology.orchestra.run.smithi106.stdout:/usr/bin/ceph: stderr
2024-04-25T11:36:44.841+0000 7f013d475700 1 --2- 172.21.15.106:0/2358603866 >> [v2:172.21.15.106:6800/3165777379,v1:172.21.15.106:6801/3165777379] conn(0x7f0124039670 0x7f012403bb30 unknown :-1 s=BANNER_CONNECTING pgs=0 cs=0 l=1 rev1=0 crypto rx=0 tx=0 comp rx=0 tx=0)._handle_peer_banner_payload supported=3 required=0
2024-04-25T11:36:46.037 INFO:teuthology.orchestra.run.smithi106.stdout:/usr/bin/ceph: stderr
2024-04-25T11:36:44.842+0000 7f013d475700 1 --2- 172.21.15.106:0/2358603866 >> [v2:172.21.15.106:6800/3165777379,v1:172.21.15.106:6801/3165777379] conn(0x7f0124039670 0x7f012403bb30 secure :-1 s=READY pgs=7 cs=0 l=1 rev1=1 crypto rx=0x7f0128006fd0 tx=0x7f0128006e40 comp rx=0 tx=0).ready entity=mgr.14152 client_cookie=0 server_cookie=0 in_seq=0 out_seq=0
2024-04-25T11:36:46.037 INFO:teuthology.orchestra.run.smithi106.stdout:/usr/bin/ceph: stderr
2024-04-25T11:36:44.846+0000 7f012effd700 1 -- 172.21.15.106:0/2358603866 <== mon.0 v2:172.21.15.106:3300/0 6 ==== mon_command_ack([{"prefix": "get_command_descriptions"}]=0 v0) ==== 72+0+188370 (secure 0 0 0) 0x7f013401f030 con 0x7f0138108340
2024-04-25T11:36:46.037 INFO:teuthology.orchestra.run.smithi106.stdout:/usr/bin/ceph: stderr
2024-04-25T11:36:45.059+0000 7f013feda700 1 -- 172.21.15.106:0/2358603866 --> [v2:172.21.15.106:6800/3165777379,v1:172.21.15.106:6801/3165777379] -- mgr_command(tid 0: {"prefix": "dashboard create-self-signed-cert", "target": ["mon-mgr", ""]}) -- 0x7f013807d0e0 con 0x7f0124039670
2024-04-25T11:36:46.037 INFO:teuthology.orchestra.run.smithi106.stdout:/usr/bin/ceph: stderr
2024-04-25T11:36:45.428+0000 7f012effd700 1 -- 172.21.15.106:0/2358603866 <== mgr.14152 v2:172.21.15.106:6800/3165777379 1 ==== mgr_command_reply(tid 0: 0 ) ==== 8+0+32 (secure 0 0 0) 0x7f013807d0e0 con 0x7f0124039670
2024-04-25T11:36:46.037 INFO:teuthology.orchestra.run.smithi106.stdout:/usr/bin/ceph: stderr
2024-04-25T11:36:45.430+0000 7f013feda700 1 -- 172.21.15.106:0/2358603866 >> [v2:172.21.15.106:6800/3165777379,v1:172.21.15.106:6801/3165777379] conn(0x7f0124039670 msgr2=0x7f012403bb30 secure :-1 s=STATE_CONNECTION_ESTABLISHED l=1).mark_down
2024-04-25T11:36:46.037 INFO:teuthology.orchestra.run.smithi106.stdout:/usr/bin/ceph: stderr
2024-04-25T11:36:45.430+0000 7f013feda700 1 --2- 172.21.15.106:0/2358603866 >> [v2:172.21.15.106:6800/3165777379,v1:172.21.15.106:6801/3165777379] conn(0x7f0124039670 0x7f012403bb30 secure :-1 s=READY pgs=7 cs=0 l=1 rev1=1 crypto rx=0x7f0128006fd0 tx=0x7f0128006e40 comp rx=0 tx=0).stop
2024-04-25T11:36:46.037 INFO:teuthology.orchestra.run.smithi106.stdout:/usr/bin/ceph: stderr
2024-04-25T11:36:45.430+0000 7f013feda700 1 -- 172.21.15.106:0/2358603866 >> [v2:172.21.15.106:3300/0,v1:172.21.15.106:6789/0] conn(0x7f0138108340 msgr2=0x7f013807db60 secure :-1 s=STATE_CONNECTION_ESTABLISHED l=1).mark_down
2024-04-25T11:36:46.037 INFO:teuthology.orchestra.run.smithi106.stdout:/usr/bin/ceph: stderr
2024-04-25T11:36:45.430+0000 7f013feda700 1 --2- 172.21.15.106:0/2358603866 >> [v2:172.21.15.106:3300/0,v1:172.21.15.106:6789/0] conn(0x7f0138108340 0x7f013807db60 secure :-1 s=READY pgs=71 cs=0 l=1 rev1=1 crypto rx=0x7f01340116e0 tx=0x7f0134011aa0 comp rx=0 tx=0).stop
2024-04-25T11:36:46.038 INFO:teuthology.orchestra.run.smithi106.stdout:/usr/bin/ceph: stderr
2024-04-25T11:36:45.430+0000 7f013feda700 1 -- 172.21.15.106:0/2358603866 shutdown_connections
2024-04-25T11:36:46.038 INFO:teuthology.orchestra.run.smithi106.stdout:/usr/bin/ceph: stderr
2024-04-25T11:36:45.430+0000 7f013feda700 1 --2- 172.21.15.106:0/2358603866 >> [v2:172.21.15.106:6800/3165777379,v1:172.21.15.106:6801/3165777379] conn(0x7f0124039670 0x7f012403bb30 unknown :-1 s=CLOSED pgs=7 cs=0 l=1 rev1=1 crypto rx=0 tx=0 comp rx=0 tx=0).stop
2024-04-25T11:36:46.038 INFO:teuthology.orchestra.run.smithi106.stdout:/usr/bin/ceph: stderr
2024-04-25T11:36:45.430+0000 7f013feda700 1 --2- 172.21.15.106:0/2358603866 >> [v2:172.21.15.106:3300/0,v1:172.21.15.106:6789/0] conn(0x7f0138108340 0x7f013807db60 unknown :-1 s=CLOSED pgs=71 cs=0 l=1 rev1=1 crypto rx=0 tx=0 comp rx=0 tx=0).stop
2024-04-25T11:36:46.038 INFO:teuthology.orchestra.run.smithi106.stdout:/usr/bin/ceph: stderr
2024-04-25T11:36:45.430+0000 7f013feda700 1 -- 172.21.15.106:0/2358603866 >> 172.21.15.106:0/2358603866 conn(0x7f01381038e0 msgr2=0x7f0138104340 unknown :-1 s=STATE_NONE l=0).mark_down
2024-04-25T11:36:46.038 INFO:teuthology.orchestra.run.smithi106.stdout:/usr/bin/ceph: stderr
2024-04-25T11:36:45.431+0000 7f013feda700 1 -- 172.21.15.106:0/2358603866 shutdown_connections
2024-04-25T11:36:46.038 INFO:teuthology.orchestra.run.smithi106.stdout:/usr/bin/ceph: stderr
2024-04-25T11:36:45.431+0000 7f013feda700 1 -- 172.21.15.106:0/2358603866 wait complete.
2024-04-25T11:36:46.038 INFO:teuthology.orchestra.run.smithi106.stdout:Creating initial admin user...
2024-04-25T11:36:46.941 INFO:journalctl@ceph.mon.a.smithi106.stdout:Apr 25 11:36:46 smithi106 ceph-mon[29149]: from='client.14164 -' entity='client.admin' cmd=[{"prefix": "dashboard create-self-signed-cert", "target": ["mon-mgr", ""]}]: dispatch
2024-04-25T11:36:46.941 INFO:journalctl@ceph.mon.a.smithi106.stdout:Apr 25 11:36:46 smithi106 ceph-mon[29149]: from='mgr.14152 172.21.15.106:0/1244949212' entity='mgr.x'
2024-04-25T11:36:47.981 INFO:journalctl@ceph.mon.a.smithi106.stdout:Apr 25 11:36:47 smithi106 ceph-mon[29149]: from='client.14166 -' entity='client.admin' cmd=[{"prefix": "dashboard ac-user-create", "username": "admin", "rolename": "administrator", "force_password": true, "pwd_update_required": true, "target": ["mon-mgr", ""]}]: dispatch
