2024-04-25T11:45:57.243 INFO:teuthology.orchestra.run.smithi026.stdout:/usr/bin/ceph: stderr
2024-04-25T11:45:55.991+0000 7fb1b0c1c700 1 -- 172.21.15.26:0/1174378469 learned_addr learned my addr 172.21.15.26:0/1174378469 (peer_addr_for_me v2:172.21.15.26:0/0)
2024-04-25T11:45:57.243 INFO:teuthology.orchestra.run.smithi026.stdout:/usr/bin/ceph: stderr
2024-04-25T11:45:55.992+0000 7fb1b0c1c700 1 -- 172.21.15.26:0/1174378469 --> [v2:172.21.15.26:3300/0,v1:172.21.15.26:6789/0] -- mon_subscribe({config=0+,monmap=0+}) -- 0x7fb1ac19eb70 con 0x7fb1ac106e30
2024-04-25T11:45:57.243 INFO:teuthology.orchestra.run.smithi026.stdout:/usr/bin/ceph: stderr
2024-04-25T11:45:55.992+0000 7fb1b0c1c700 1 --2- 172.21.15.26:0/1174378469 >> [v2:172.21.15.26:3300/0,v1:172.21.15.26:6789/0] conn(0x7fb1ac106e30 0x7fb1ac19e630 secure :-1 s=READY pgs=54 cs=0 l=1 rev1=1 crypto rx=0x7fb1a0004660 tx=0x7fb1a0011aa0 comp rx=0 tx=0).ready entity=mon.0 client_cookie=0 server_cookie=0 in_seq=0 out_seq=0
2024-04-25T11:45:57.243 INFO:teuthology.orchestra.run.smithi026.stdout:/usr/bin/ceph: stderr
2024-04-25T11:45:55.992+0000 7fb1a9ffb700 1 -- 172.21.15.26:0/1174378469 <== mon.0 v2:172.21.15.26:3300/0 1 ==== mon_map magic: 0 ==== 205+0+0 (secure 0 0 0) 0x7fb1a0003aa0 con 0x7fb1ac106e30
2024-04-25T11:45:57.243 INFO:teuthology.orchestra.run.smithi026.stdout:/usr/bin/ceph: stderr
2024-04-25T11:45:55.992+0000 7fb1a9ffb700 1 -- 172.21.15.26:0/1174378469 <== mon.0 v2:172.21.15.26:3300/0 2 ==== config(26 keys) ==== 1101+0+0 (secure 0 0 0) 0x7fb1a001b8f0 con 0x7fb1ac106e30
2024-04-25T11:45:57.243 INFO:teuthology.orchestra.run.smithi026.stdout:/usr/bin/ceph: stderr
2024-04-25T11:45:55.992+0000 7fb1b2e80700 1 -- 172.21.15.26:0/1174378469 --> [v2:172.21.15.26:3300/0,v1:172.21.15.26:6789/0] -- mon_subscribe({mgrmap=0+}) -- 0x7fb1ac19ee00 con 0x7fb1ac106e30
2024-04-25T11:45:57.243 INFO:teuthology.orchestra.run.smithi026.stdout:/usr/bin/ceph: stderr
2024-04-25T11:45:55.992+0000 7fb1a9ffb700 1 -- 172.21.15.26:0/1174378469 <== mon.0 v2:172.21.15.26:3300/0 3 ==== mon_map magic: 0 ==== 205+0+0 (secure 0 0 0) 0x7fb1a0023900 con 0x7fb1ac106e30
2024-04-25T11:45:57.243 INFO:teuthology.orchestra.run.smithi026.stdout:/usr/bin/ceph: stderr
2024-04-25T11:45:55.993+0000 7fb1b2e80700 1 -- 172.21.15.26:0/1174378469 --> [v2:172.21.15.26:3300/0,v1:172.21.15.26:6789/0] -- mon_subscribe({osdmap=0}) -- 0x7fb1ac1a1af0 con 0x7fb1ac106e30
2024-04-25T11:45:57.243 INFO:teuthology.orchestra.run.smithi026.stdout:/usr/bin/ceph: stderr
2024-04-25T11:45:55.994+0000 7fb1a9ffb700 1 -- 172.21.15.26:0/1174378469 <== mon.0 v2:172.21.15.26:3300/0 4 ==== mgrmap(e 8) ==== 46558+0+0 (secure 0 0 0) 0x7fb1a0023bc0 con 0x7fb1ac106e30
2024-04-25T11:45:57.243 INFO:teuthology.orchestra.run.smithi026.stdout:/usr/bin/ceph: stderr
2024-04-25T11:45:55.994+0000 7fb1b2e80700 1 -- 172.21.15.26:0/1174378469 --> [v2:172.21.15.26:3300/0,v1:172.21.15.26:6789/0] -- mon_command({"prefix": "get_command_descriptions"} v 0) -- 0x7fb1ac0640a0 con 0x7fb1ac106e30
2024-04-25T11:45:57.243 INFO:teuthology.orchestra.run.smithi026.stdout:/usr/bin/ceph: stderr
2024-04-25T11:45:55.994+0000 7fb1a9ffb700 1 --2- 172.21.15.26:0/1174378469 >> [v2:172.21.15.26:6800/2167213637,v1:172.21.15.26:6801/2167213637] conn(0x7fb19c0395b0 0x7fb19c03ba70 unknown :-1 s=NONE pgs=0 cs=0 l=1 rev1=0 crypto rx=0 tx=0 comp rx=0 tx=0).connect
2024-04-25T11:45:57.244 INFO:teuthology.orchestra.run.smithi026.stdout:/usr/bin/ceph: stderr
2024-04-25T11:45:55.994+0000 7fb1a9ffb700 1 -- 172.21.15.26:0/1174378469 <== mon.0 v2:172.21.15.26:3300/0 5 ==== osd_map(2..2 src has 1..2) ==== 940+0+0 (secure 0 0 0) 0x7fb1a004e090 con 0x7fb1ac106e30
2024-04-25T11:45:57.244 INFO:teuthology.orchestra.run.smithi026.stdout:/usr/bin/ceph: stderr
2024-04-25T11:45:55.994+0000 7fb1abfff700 1 --2- 172.21.15.26:0/1174378469 >> [v2:172.21.15.26:6800/2167213637,v1:172.21.15.26:6801/2167213637] conn(0x7fb19c0395b0 0x7fb19c03ba70 unknown :-1 s=BANNER_CONNECTING pgs=0 cs=0 l=1 rev1=0 crypto rx=0 tx=0 comp rx=0 tx=0)._handle_peer_banner_payload supported=3 required=0
2024-04-25T11:45:57.244 INFO:teuthology.orchestra.run.smithi026.stdout:/usr/bin/ceph: stderr
2024-04-25T11:45:55.995+0000 7fb1abfff700 1 --2- 172.21.15.26:0/1174378469 >> [v2:172.21.15.26:6800/2167213637,v1:172.21.15.26:6801/2167213637] conn(0x7fb19c0395b0 0x7fb19c03ba70 secure :-1 s=READY pgs=15 cs=0 l=1 rev1=1 crypto rx=0x7fb198006fd0 tx=0x7fb198006e40 comp rx=0 tx=0).ready entity=mgr.14120 client_cookie=0 server_cookie=0 in_seq=0 out_seq=0
2024-04-25T11:45:57.244 INFO:teuthology.orchestra.run.smithi026.stdout:/usr/bin/ceph: stderr
2024-04-25T11:45:56.000+0000 7fb1a9ffb700 1 -- 172.21.15.26:0/1174378469 <== mon.0 v2:172.21.15.26:3300/0 6 ==== mon_command_ack([{"prefix": "get_command_descriptions"}]=0 v0) ==== 72+0+188370 (secure 0 0 0) 0x7fb1a001f030 con 0x7fb1ac106e30
2024-04-25T11:45:57.244 INFO:teuthology.orchestra.run.smithi026.stdout:/usr/bin/ceph: stderr
2024-04-25T11:45:56.289+0000 7fb1b2e80700 1 -- 172.21.15.26:0/1174378469 --> [v2:172.21.15.26:3300/0,v1:172.21.15.26:6789/0] -- mon_command([{prefix=config set, name=mgr/dashboard/ssl_server_port}] v 0) -- 0x7fb1ac02e330 con 0x7fb1ac106e30
2024-04-25T11:45:57.244 INFO:teuthology.orchestra.run.smithi026.stdout:/usr/bin/ceph: stderr
2024-04-25T11:45:56.293+0000 7fb1a9ffb700 1 -- 172.21.15.26:0/1174378469 <== mon.0 v2:172.21.15.26:3300/0 7 ==== mon_command_ack([{prefix=config set, name=mgr/dashboard/ssl_server_port}]=0 v8)=0 v8) ==== 130+0+0 (secure 0 0 0) 0x7fb1a0018e30 con 0x7fb1ac106e30
2024-04-25T11:45:57.244 INFO:teuthology.orchestra.run.smithi026.stdout:/usr/bin/ceph: stderr
2024-04-25T11:45:56.295+0000 7fb1b2e80700 1 -- 172.21.15.26:0/1174378469 >> [v2:172.21.15.26:6800/2167213637,v1:172.21.15.26:6801/2167213637] conn(0x7fb19c0395b0 msgr2=0x7fb19c03ba70 secure :-1 s=STATE_CONNECTION_ESTABLISHED l=1).mark_down
2024-04-25T11:45:57.244 INFO:teuthology.orchestra.run.smithi026.stdout:/usr/bin/ceph: stderr
2024-04-25T11:45:56.295+0000 7fb1b2e80700 1 --2- 172.21.15.26:0/1174378469 >> [v2:172.21.15.26:6800/2167213637,v1:172.21.15.26:6801/2167213637] conn(0x7fb19c0395b0 0x7fb19c03ba70 secure :-1 s=READY pgs=15 cs=0 l=1 rev1=1 crypto rx=0x7fb198006fd0 tx=0x7fb198006e40 comp rx=0 tx=0).stop
2024-04-25T11:45:57.244 INFO:teuthology.orchestra.run.smithi026.stdout:/usr/bin/ceph: stderr
2024-04-25T11:45:56.295+0000 7fb1b2e80700 1 -- 172.21.15.26:0/1174378469 >> [v2:172.21.15.26:3300/0,v1:172.21.15.26:6789/0] conn(0x7fb1ac106e30 msgr2=0x7fb1ac19e630 secure :-1 s=STATE_CONNECTION_ESTABLISHED l=1).mark_down
2024-04-25T11:45:57.244 INFO:teuthology.orchestra.run.smithi026.stdout:/usr/bin/ceph: stderr
2024-04-25T11:45:56.295+0000 7fb1b2e80700 1 --2- 172.21.15.26:0/1174378469 >> [v2:172.21.15.26:3300/0,v1:172.21.15.26:6789/0] conn(0x7fb1ac106e30 0x7fb1ac19e630 secure :-1 s=READY pgs=54 cs=0 l=1 rev1=1 crypto rx=0x7fb1a0004660 tx=0x7fb1a0011aa0 comp rx=0 tx=0).stop
2024-04-25T11:45:57.244 INFO:teuthology.orchestra.run.smithi026.stdout:/usr/bin/ceph: stderr
2024-04-25T11:45:56.296+0000 7fb1b2e80700 1 -- 172.21.15.26:0/1174378469 shutdown_connections
2024-04-25T11:45:57.244 INFO:teuthology.orchestra.run.smithi026.stdout:/usr/bin/ceph: stderr
2024-04-25T11:45:56.296+0000 7fb1b2e80700 1 --2- 172.21.15.26:0/1174378469 >> [v2:172.21.15.26:6800/2167213637,v1:172.21.15.26:6801/2167213637] conn(0x7fb19c0395b0 0x7fb19c03ba70 unknown :-1 s=CLOSED pgs=15 cs=0 l=1 rev1=1 crypto rx=0 tx=0 comp rx=0 tx=0).stop
2024-04-25T11:45:57.244 INFO:teuthology.orchestra.run.smithi026.stdout:/usr/bin/ceph: stderr
2024-04-25T11:45:56.296+0000 7fb1b2e80700 1 --2- 172.21.15.26:0/1174378469 >> [v2:172.21.15.26:3300/0,v1:172.21.15.26:6789/0] conn(0x7fb1ac106e30 0x7fb1ac19e630 unknown :-1 s=CLOSED pgs=54 cs=0 l=1 rev1=1 crypto rx=0 tx=0 comp rx=0 tx=0).stop
2024-04-25T11:45:57.245 INFO:teuthology.orchestra.run.smithi026.stdout:/usr/bin/ceph: stderr
2024-04-25T11:45:56.296+0000 7fb1b2e80700 1 -- 172.21.15.26:0/1174378469 >> 172.21.15.26:0/1174378469 conn(0x7fb1ac102a50 msgr2=0x7fb1ac1952a0 unknown :-1 s=STATE_NONE l=0).mark_down
2024-04-25T11:45:57.245 INFO:teuthology.orchestra.run.smithi026.stdout:/usr/bin/ceph: stderr
2024-04-25T11:45:56.296+0000 7fb1b2e80700 1 -- 172.21.15.26:0/1174378469 shutdown_connections
2024-04-25T11:45:57.245 INFO:teuthology.orchestra.run.smithi026.stdout:/usr/bin/ceph: stderr
2024-04-25T11:45:56.296+0000 7fb1b2e80700 1 -- 172.21.15.26:0/1174378469 wait complete.
2024-04-25T11:45:57.245 INFO:teuthology.orchestra.run.smithi026.stdout:Enabling the dashboard module...
2024-04-25T11:45:57.531 INFO:journalctl@ceph.mon.a.smithi026.stdout:Apr 25 11:45:57 smithi026 ceph-mon[29430]: from='client.? 172.21.15.26:0/1174378469' entity='client.admin'
2024-04-25T11:45:57.531 INFO:journalctl@ceph.mon.a.smithi026.stdout:Apr 25 11:45:57 smithi026 ceph-mon[29430]: from='mgr.14120 172.21.15.26:0/3962300101' entity='mgr.x'
2024-04-25T11:45:58.312 INFO:journalctl@ceph.mon.a.smithi026.stdout:Apr 25 11:45:58 smithi026 ceph-mon[29430]: from='client.? 172.21.15.26:0/1080508901' entity='client.admin' cmd=[{"prefix": "mgr module enable", "module": "dashboard"}]: dispatch
2024-04-25T11:45:58.312 INFO:journalctl@ceph.mon.a.smithi026.stdout:Apr 25 11:45:58 smithi026 ceph-mon[29430]: from='mgr.14120 172.21.15.26:0/3962300101' entity='mgr.x'
2024-04-25T11:45:58.632 INFO:journalctl@ceph.mgr.x.smithi026.stdout:Apr 25 11:45:58 smithi026 ceph-1dd3e028-02f9-11ef-bc93-c7b262605968-mgr-x[29660]: ignoring --setuser ceph since I am not root
2024-04-25T11:45:58.632 INFO:journalctl@ceph.mgr.x.smithi026.stdout:Apr 25 11:45:58 smithi026 ceph-1dd3e028-02f9-11ef-bc93-c7b262605968-mgr-x[29660]: ignoring --setgroup ceph since I am not root
2024-04-25T11:45:58.632 INFO:journalctl@ceph.mgr.x.smithi026.stdout:Apr 25 11:45:58 smithi026 ceph-1dd3e028-02f9-11ef-bc93-c7b262605968-mgr-x[29660]:
2024-04-25T11:45:58.486+0000 7f275e2f3200 -1 mgr[py] Module balancer has missing NOTIFY_TYPES member
2024-04-25T11:45:58.884 INFO:journalctl@ceph.mgr.x.smithi026.stdout:Apr 25 11:45:58 smithi026 ceph-1dd3e028-02f9-11ef-bc93-c7b262605968-mgr-x[29660]:
2024-04-25T11:45:58.686+0000 7f275e2f3200 -1 mgr[py] Module orchestrator has missing NOTIFY_TYPES member
2024-04-25T11:45:58.884 INFO:journalctl@ceph.mgr.x.smithi026.stdout:Apr 25 11:45:58 smithi026 ceph-1dd3e028-02f9-11ef-bc93-c7b262605968-mgr-x[29660]:
2024-04-25T11:45:58.792+0000 7f275e2f3200 -1 mgr[py] Module snap_schedule has missing NOTIFY_TYPES member
2024-04-25T11:45:58.890 INFO:teuthology.orchestra.run.smithi026.stdout:/usr/bin/ceph: stderr
2024-04-25T11:45:57.767+0000 7f51b806c700 1 Processor -- start
2024-04-25T11:45:58.890 INFO:teuthology.orchestra.run.smithi026.stdout:/usr/bin/ceph: stderr
2024-04-25T11:45:57.767+0000 7f51b806c700 1 -- start start
2024-04-25T11:45:58.890 INFO:teuthology.orchestra.run.smithi026.stdout:/usr/bin/ceph: stderr
2024-04-25T11:45:57.767+0000 7f51b806c700 1 --2- >> [v2:172.21.15.26:3300/0,v1:172.21.15.26:6789/0] conn(0x7f51b0108b20 0x7f51b0108f40 unknown :-1 s=NONE pgs=0 cs=0 l=0 rev1=0 crypto rx=0 tx=0 comp rx=0 tx=0).connect
2024-04-25T11:45:58.890 INFO:teuthology.orchestra.run.smithi026.stdout:/usr/bin/ceph: stderr
2024-04-25T11:45:57.767+0000 7f51b806c700 1 -- --> [v2:172.21.15.26:3300/0,v1:172.21.15.26:6789/0] -- mon_getmap magic: 0 -- 0x7f51b0107060 con 0x7f51b0108b20
2024-04-25T11:45:58.890 INFO:teuthology.orchestra.run.smithi026.stdout:/usr/bin/ceph: stderr
2024-04-25T11:45:57.767+0000 7f51b5e08700 1 --2- >> [v2:172.21.15.26:3300/0,v1:172.21.15.26:6789/0] conn(0x7f51b0108b20 0x7f51b0108f40 unknown :-1 s=BANNER_CONNECTING pgs=0 cs=0 l=0 rev1=0 crypto rx=0 tx=0 comp rx=0 tx=0)._handle_peer_banner_payload supported=3 required=0
2024-04-25T11:45:58.890 INFO:teuthology.orchestra.run.smithi026.stdout:/usr/bin/ceph: stderr
2024-04-25T11:45:57.767+0000 7f51b5e08700 1 --2- >> [v2:172.21.15.26:3300/0,v1:172.21.15.26:6789/0] conn(0x7f51b0108b20 0x7f51b0108f40 unknown :-1 s=HELLO_CONNECTING pgs=0 cs=0 l=0 rev1=1 crypto rx=0 tx=0 comp rx=0 tx=0).handle_hello peer v2:172.21.15.26:3300/0 says I am v2:172.21.15.26:49944/0 (socket says 172.21.15.26:49944)
2024-04-25T11:45:58.890 INFO:teuthology.orchestra.run.smithi026.stdout:/usr/bin/ceph: stderr
2024-04-25T11:45:57.767+0000 7f51b5e08700 1 -- 172.21.15.26:0/2320650709 learned_addr learned my addr 172.21.15.26:0/2320650709 (peer_addr_for_me v2:172.21.15.26:0/0)
2024-04-25T11:45:58.890 INFO:teuthology.orchestra.run.smithi026.stdout:/usr/bin/ceph: stderr
2024-04-25T11:45:57.768+0000 7f51b5e08700 1 -- 172.21.15.26:0/2320650709 --> [v2:172.21.15.26:3300/0,v1:172.21.15.26:6789/0] -- mon_subscribe({config=0+,monmap=0+}) -- 0x7f51b01071e0 con 0x7f51b0108b20
2024-04-25T11:45:58.891 INFO:teuthology.orchestra.run.smithi026.stdout:/usr/bin/ceph: stderr
2024-04-25T11:45:57.768+0000 7f51b5e08700 1 --2- 172.21.15.26:0/2320650709 >> [v2:172.21.15.26:3300/0,v1:172.21.15.26:6789/0] conn(0x7f51b0108b20 0x7f51b0108f40 secure :-1 s=READY pgs=55 cs=0 l=1 rev1=1 crypto rx=0x7f51ac0098a0 tx=0x7f51ac009bb0 comp rx=0 tx=0).ready entity=mon.0 client_cookie=cadc27c2cbff664b server_cookie=0 in_seq=0 out_seq=0
2024-04-25T11:45:58.891 INFO:teuthology.orchestra.run.smithi026.stdout:/usr/bin/ceph: stderr
2024-04-25T11:45:57.768+0000 7f51b4e06700 1 -- 172.21.15.26:0/2320650709 <== mon.0 v2:172.21.15.26:3300/0 1 ==== mon_map magic: 0 ==== 205+0+0 (secure 0 0 0) 0x7f51ac004160 con 0x7f51b0108b20
2024-04-25T11:45:58.891 INFO:teuthology.orchestra.run.smithi026.stdout:/usr/bin/ceph: stderr
2024-04-25T11:45:57.768+0000 7f51b4e06700 1 -- 172.21.15.26:0/2320650709 <== mon.0 v2:172.21.15.26:3300/0 2 ==== config(26 keys) ==== 1101+0+0 (secure 0 0 0) 0x7f51ac004300 con 0x7f51b0108b20
2024-04-25T11:45:58.891 INFO:teuthology.orchestra.run.smithi026.stdout:/usr/bin/ceph: stderr
2024-04-25T11:45:57.768+0000 7f51b4e06700 1 -- 172.21.15.26:0/2320650709 <== mon.0 v2:172.21.15.26:3300/0 3 ==== mon_map magic: 0 ==== 205+0+0 (secure 0 0 0) 0x7f51ac011a20 con 0x7f51b0108b20
2024-04-25T11:45:58.891 INFO:teuthology.orchestra.run.smithi026.stdout:/usr/bin/ceph: stderr
2024-04-25T11:45:57.769+0000 7f51b806c700 1 -- 172.21.15.26:0/2320650709 >> [v2:172.21.15.26:3300/0,v1:172.21.15.26:6789/0] conn(0x7f51b0108b20 msgr2=0x7f51b0108f40 secure :-1 s=STATE_CONNECTION_ESTABLISHED l=1).mark_down
2024-04-25T11:45:58.891 INFO:teuthology.orchestra.run.smithi026.stdout:/usr/bin/ceph: stderr
2024-04-25T11:45:57.769+0000 7f51b806c700 1 --2- 172.21.15.26:0/2320650709 >> [v2:172.21.15.26:3300/0,v1:172.21.15.26:6789/0] conn(0x7f51b0108b20 0x7f51b0108f40 secure :-1 s=READY pgs=55 cs=0 l=1 rev1=1 crypto rx=0x7f51ac0098a0 tx=0x7f51ac009bb0 comp rx=0 tx=0).stop
2024-04-25T11:45:58.891 INFO:teuthology.orchestra.run.smithi026.stdout:/usr/bin/ceph: stderr
2024-04-25T11:45:57.769+0000 7f51b806c700 1 -- 172.21.15.26:0/2320650709 shutdown_connections
2024-04-25T11:45:58.891 INFO:teuthology.orchestra.run.smithi026.stdout:/usr/bin/ceph: stderr
2024-04-25T11:45:57.769+0000 7f51b806c700 1 --2- 172.21.15.26:0/2320650709 >> [v2:172.21.15.26:3300/0,v1:172.21.15.26:6789/0] conn(0x7f51b0108b20 0x7f51b0108f40 unknown :-1 s=CLOSED pgs=55 cs=0 l=1 rev1=1 crypto rx=0 tx=0 comp rx=0 tx=0).stop
2024-04-25T11:45:58.891 INFO:teuthology.orchestra.run.smithi026.stdout:/usr/bin/ceph: stderr
2024-04-25T11:45:57.769+0000 7f51b806c700 1 -- 172.21.15.26:0/2320650709 >> 172.21.15.26:0/2320650709 conn(0x7f51b0102a60 msgr2=0x7f51b0104e80 unknown :-1 s=STATE_NONE l=0).mark_down
2024-04-25T11:45:58.891 INFO:teuthology.orchestra.run.smithi026.stdout:/usr/bin/ceph: stderr
2024-04-25T11:45:57.769+0000 7f51b806c700 1 -- 172.21.15.26:0/2320650709 shutdown_connections
2024-04-25T11:45:58.891 INFO:teuthology.orchestra.run.smithi026.stdout:/usr/bin/ceph: stderr
2024-04-25T11:45:57.769+0000 7f51b806c700 1 -- 172.21.15.26:0/2320650709 wait complete.
2024-04-25T11:45:58.891 INFO:teuthology.orchestra.run.smithi026.stdout:/usr/bin/ceph: stderr
2024-04-25T11:45:57.769+0000 7f51b806c700 1 Processor -- start
2024-04-25T11:45:58.891 INFO:teuthology.orchestra.run.smithi026.stdout:/usr/bin/ceph: stderr
2024-04-25T11:45:57.769+0000 7f51b806c700 1 -- start start
2024-04-25T11:45:58.891 INFO:teuthology.orchestra.run.smithi026.stdout:/usr/bin/ceph: stderr
2024-04-25T11:45:57.770+0000 7f51b806c700 1 --2- >> [v2:172.21.15.26:3300/0,v1:172.21.15.26:6789/0] conn(0x7f51b0108b20 0x7f51b007ba80 unknown :-1 s=NONE pgs=0 cs=0 l=1 rev1=0 crypto rx=0 tx=0 comp rx=0 tx=0).connect
2024-04-25T11:45:58.892 INFO:teuthology.orchestra.run.smithi026.stdout:/usr/bin/ceph: stderr
2024-04-25T11:45:57.770+0000 7f51b806c700 1 -- --> [v2:172.21.15.26:3300/0,v1:172.21.15.26:6789/0] -- mon_getmap magic: 0 -- 0x7f51b010b9f0 con 0x7f51b0108b20
2024-04-25T11:45:58.892 INFO:teuthology.orchestra.run.smithi026.stdout:/usr/bin/ceph: stderr
2024-04-25T11:45:57.770+0000 7f51b5e08700 1 --2- >> [v2:172.21.15.26:3300/0,v1:172.21.15.26:6789/0] conn(0x7f51b0108b20 0x7f51b007ba80 unknown :-1 s=BANNER_CONNECTING pgs=0 cs=0 l=1 rev1=0 crypto rx=0 tx=0 comp rx=0 tx=0)._handle_peer_banner_payload supported=3 required=0
2024-04-25T11:45:58.892 INFO:teuthology.orchestra.run.smithi026.stdout:/usr/bin/ceph: stderr
2024-04-25T11:45:57.770+0000 7f51b5e08700 1 --2- >> [v2:172.21.15.26:3300/0,v1:172.21.15.26:6789/0] conn(0x7f51b0108b20 0x7f51b007ba80 unknown :-1 s=HELLO_CONNECTING pgs=0 cs=0 l=1 rev1=1 crypto rx=0 tx=0 comp rx=0 tx=0).handle_hello peer v2:172.21.15.26:3300/0 says I am v2:172.21.15.26:49946/0 (socket says 172.21.15.26:49946)
2024-04-25T11:45:58.892 INFO:teuthology.orchestra.run.smithi026.stdout:/usr/bin/ceph: stderr
2024-04-25T11:45:57.770+0000 7f51b5e08700 1 -- 172.21.15.26:0/1080508901 learned_addr learned my addr 172.21.15.26:0/1080508901 (peer_addr_for_me v2:172.21.15.26:0/0)
2024-04-25T11:45:58.892 INFO:teuthology.orchestra.run.smithi026.stdout:/usr/bin/ceph: stderr
2024-04-25T11:45:57.770+0000 7f51b5e08700 1 -- 172.21.15.26:0/1080508901 --> [v2:172.21.15.26:3300/0,v1:172.21.15.26:6789/0] -- mon_subscribe({config=0+,monmap=0+}) -- 0x7f51b019f2d0 con 0x7f51b0108b20
2024-04-25T11:45:58.892 INFO:teuthology.orchestra.run.smithi026.stdout:/usr/bin/ceph: stderr
2024-04-25T11:45:57.770+0000 7f51b5e08700 1 --2- 172.21.15.26:0/1080508901 >> [v2:172.21.15.26:3300/0,v1:172.21.15.26:6789/0] conn(0x7f51b0108b20 0x7f51b007ba80 secure :-1 s=READY pgs=56 cs=0 l=1 rev1=1 crypto rx=0x7f51ac0119f0 tx=0x7f51ac011ad0 comp rx=0 tx=0).ready entity=mon.0 client_cookie=0 server_cookie=0 in_seq=0 out_seq=0
2024-04-25T11:45:58.892 INFO:teuthology.orchestra.run.smithi026.stdout:/usr/bin/ceph: stderr
2024-04-25T11:45:57.770+0000 7f51a6ffd700 1 -- 172.21.15.26:0/1080508901 <== mon.0 v2:172.21.15.26:3300/0 1 ==== mon_map magic: 0 ==== 205+0+0 (secure 0 0 0) 0x7f51ac0039e0 con 0x7f51b0108b20
2024-04-25T11:45:58.892 INFO:teuthology.orchestra.run.smithi026.stdout:/usr/bin/ceph: stderr
2024-04-25T11:45:57.770+0000 7f51b806c700 1 -- 172.21.15.26:0/1080508901 --> [v2:172.21.15.26:3300/0,v1:172.21.15.26:6789/0] -- mon_subscribe({mgrmap=0+}) -- 0x7f51b019f4a0 con 0x7f51b0108b20
2024-04-25T11:45:58.892 INFO:teuthology.orchestra.run.smithi026.stdout:/usr/bin/ceph: stderr
2024-04-25T11:45:57.770+0000 7f51a6ffd700 1 -- 172.21.15.26:0/1080508901 <== mon.0 v2:172.21.15.26:3300/0 2 ==== config(26 keys) ==== 1101+0+0 (secure 0 0 0) 0x7f51ac01b8f0 con 0x7f51b0108b20
2024-04-25T11:45:58.892 INFO:teuthology.orchestra.run.smithi026.stdout:/usr/bin/ceph: stderr
2024-04-25T11:45:57.770+0000 7f51a6ffd700 1 -- 172.21.15.26:0/1080508901 <== mon.0 v2:172.21.15.26:3300/0 3 ==== mon_map magic: 0 ==== 205+0+0 (secure 0 0 0) 0x7f51ac0237a0 con 0x7f51b0108b20
2024-04-25T11:45:58.892 INFO:teuthology.orchestra.run.smithi026.stdout:/usr/bin/ceph: stderr
2024-04-25T11:45:57.770+0000 7f51b806c700 1 -- 172.21.15.26:0/1080508901 --> [v2:172.21.15.26:3300/0,v1:172.21.15.26:6789/0] -- mon_subscribe({osdmap=0}) -- 0x7f51b019f8c0 con 0x7f51b0108b20
2024-04-25T11:45:58.892 INFO:teuthology.orchestra.run.smithi026.stdout:/usr/bin/ceph: stderr
2024-04-25T11:45:57.771+0000 7f51a6ffd700 1 -- 172.21.15.26:0/1080508901 <== mon.0 v2:172.21.15.26:3300/0 4 ==== mgrmap(e 8) ==== 46558+0+0 (secure 0 0 0) 0x7f51ac02c3f0 con 0x7f51b0108b20
2024-04-25T11:45:58.892 INFO:teuthology.orchestra.run.smithi026.stdout:/usr/bin/ceph: stderr
2024-04-25T11:45:57.771+0000 7f51a6ffd700 1 --2- 172.21.15.26:0/1080508901 >> [v2:172.21.15.26:6800/2167213637,v1:172.21.15.26:6801/2167213637] conn(0x7f519c0395b0 0x7f519c03ba70 unknown :-1 s=NONE pgs=0 cs=0 l=1 rev1=0 crypto rx=0 tx=0 comp rx=0 tx=0).connect
2024-04-25T11:45:58.893 INFO:teuthology.orchestra.run.smithi026.stdout:/usr/bin/ceph: stderr
2024-04-25T11:45:57.771+0000 7f51a6ffd700 1 -- 172.21.15.26:0/1080508901 <== mon.0 v2:172.21.15.26:3300/0 5 ==== osd_map(2..2 src has 1..2) ==== 940+0+0 (secure 0 0 0) 0x7f51ac04e460 con 0x7f51b0108b20
2024-04-25T11:45:58.893 INFO:teuthology.orchestra.run.smithi026.stdout:/usr/bin/ceph: stderr
2024-04-25T11:45:57.771+0000 7f51b5607700 1 --2- 172.21.15.26:0/1080508901 >> [v2:172.21.15.26:6800/2167213637,v1:172.21.15.26:6801/2167213637] conn(0x7f519c0395b0 0x7f519c03ba70 unknown :-1 s=BANNER_CONNECTING pgs=0 cs=0 l=1 rev1=0 crypto rx=0 tx=0 comp rx=0 tx=0)._handle_peer_banner_payload supported=3 required=0
2024-04-25T11:45:58.893 INFO:teuthology.orchestra.run.smithi026.stdout:/usr/bin/ceph: stderr
2024-04-25T11:45:57.772+0000 7f51b806c700 1 -- 172.21.15.26:0/1080508901 --> [v2:172.21.15.26:3300/0,v1:172.21.15.26:6789/0] -- mon_command({"prefix": "get_command_descriptions"} v 0) -- 0x7f51b010bb70 con 0x7f51b0108b20
2024-04-25T11:45:58.893 INFO:teuthology.orchestra.run.smithi026.stdout:/usr/bin/ceph: stderr
2024-04-25T11:45:57.772+0000 7f51b5607700 1 --2- 172.21.15.26:0/1080508901 >> [v2:172.21.15.26:6800/2167213637,v1:172.21.15.26:6801/2167213637] conn(0x7f519c0395b0 0x7f519c03ba70 secure :-1 s=READY pgs=16 cs=0 l=1 rev1=1 crypto rx=0x7f51a0006fd0 tx=0x7f51a0006e40 comp rx=0 tx=0).ready entity=mgr.14120 client_cookie=0 server_cookie=0 in_seq=0 out_seq=0
2024-04-25T11:45:58.893 INFO:teuthology.orchestra.run.smithi026.stdout:/usr/bin/ceph: stderr
2024-04-25T11:45:57.781+0000 7f51a6ffd700 1 -- 172.21.15.26:0/1080508901 <== mon.0 v2:172.21.15.26:3300/0 6 ==== mon_command_ack([{"prefix": "get_command_descriptions"}]=0 v0) ==== 72+0+188370 (secure 0 0 0) 0x7f51ac01f030 con 0x7f51b0108b20
2024-04-25T11:45:58.893 INFO:teuthology.orchestra.run.smithi026.stdout:/usr/bin/ceph: stderr
2024-04-25T11:45:58.067+0000 7f51b806c700 1 -- 172.21.15.26:0/1080508901 --> [v2:172.21.15.26:3300/0,v1:172.21.15.26:6789/0] -- mon_command({"prefix": "mgr module enable", "module": "dashboard"} v 0) -- 0x7f51b019fe30 con 0x7f51b0108b20
2024-04-25T11:45:58.893 INFO:teuthology.orchestra.run.smithi026.stdout:/usr/bin/ceph: stderr
2024-04-25T11:45:58.294+0000 7f51a6ffd700 1 -- 172.21.15.26:0/1080508901 <== mon.0 v2:172.21.15.26:3300/0 7 ==== mon_command_ack([{"prefix": "mgr module enable", "module": "dashboard"}]=0 v9) ==== 88+0+0 (secure 0 0 0) 0x7f51ac041030 con 0x7f51b0108b20
2024-04-25T11:45:58.893 INFO:teuthology.orchestra.run.smithi026.stdout:/usr/bin/ceph: stderr
2024-04-25T11:45:58.296+0000 7f51a6ffd700 1 -- 172.21.15.26:0/1080508901 <== mon.0 v2:172.21.15.26:3300/0 8 ==== mgrmap(e 9) ==== 46571+0+0 (secure 0 0 0) 0x7f51ac02c910 con 0x7f51b0108b20
2024-04-25T11:45:58.893 INFO:teuthology.orchestra.run.smithi026.stdout:/usr/bin/ceph: stderr
2024-04-25T11:45:58.298+0000 7f51b806c700 1 -- 172.21.15.26:0/1080508901 >> [v2:172.21.15.26:6800/2167213637,v1:172.21.15.26:6801/2167213637] conn(0x7f519c0395b0 msgr2=0x7f519c03ba70 secure :-1 s=STATE_CONNECTION_ESTABLISHED l=1).mark_down
2024-04-25T11:45:58.893 INFO:teuthology.orchestra.run.smithi026.stdout:/usr/bin/ceph: stderr
2024-04-25T11:45:58.298+0000 7f51b806c700 1 --2- 172.21.15.26:0/1080508901 >> [v2:172.21.15.26:6800/2167213637,v1:172.21.15.26:6801/2167213637] conn(0x7f519c0395b0 0x7f519c03ba70 secure :-1 s=READY pgs=16 cs=0 l=1 rev1=1 crypto rx=0x7f51a0006fd0 tx=0x7f51a0006e40 comp rx=0 tx=0).stop
2024-04-25T11:45:58.893 INFO:teuthology.orchestra.run.smithi026.stdout:/usr/bin/ceph: stderr
2024-04-25T11:45:58.298+0000 7f51b806c700 1 -- 172.21.15.26:0/1080508901 >> [v2:172.21.15.26:3300/0,v1:172.21.15.26:6789/0] conn(0x7f51b0108b20 msgr2=0x7f51b007ba80 secure :-1 s=STATE_CONNECTION_ESTABLISHED l=1).mark_down
2024-04-25T11:45:58.893 INFO:teuthology.orchestra.run.smithi026.stdout:/usr/bin/ceph: stderr
2024-04-25T11:45:58.298+0000 7f51b806c700 1 --2- 172.21.15.26:0/1080508901 >> [v2:172.21.15.26:3300/0,v1:172.21.15.26:6789/0] conn(0x7f51b0108b20 0x7f51b007ba80 secure :-1 s=READY pgs=56 cs=0 l=1 rev1=1 crypto rx=0x7f51ac0119f0 tx=0x7f51ac011ad0 comp rx=0 tx=0).stop
2024-04-25T11:45:58.893 INFO:teuthology.orchestra.run.smithi026.stdout:/usr/bin/ceph: stderr
2024-04-25T11:45:58.298+0000 7f51b806c700 1 -- 172.21.15.26:0/1080508901 shutdown_connections
2024-04-25T11:45:58.893 INFO:teuthology.orchestra.run.smithi026.stdout:/usr/bin/ceph: stderr
2024-04-25T11:45:58.298+0000 7f51b806c700 1 --2- 172.21.15.26:0/1080508901 >> [v2:172.21.15.26:6800/2167213637,v1:172.21.15.26:6801/2167213637] conn(0x7f519c0395b0 0x7f519c03ba70 unknown :-1 s=CLOSED pgs=16 cs=0 l=1 rev1=1 crypto rx=0 tx=0 comp rx=0 tx=0).stop
2024-04-25T11:45:58.894 INFO:teuthology.orchestra.run.smithi026.stdout:/usr/bin/ceph: stderr
2024-04-25T11:45:58.298+0000 7f51b806c700 1 --2- 172.21.15.26:0/1080508901 >> [v2:172.21.15.26:3300/0,v1:172.21.15.26:6789/0] conn(0x7f51b0108b20 0x7f51b007ba80 unknown :-1 s=CLOSED pgs=56 cs=0 l=1 rev1=1 crypto rx=0 tx=0 comp rx=0 tx=0).stop
2024-04-25T11:45:58.894 INFO:teuthology.orchestra.run.smithi026.stdout:/usr/bin/ceph: stderr
2024-04-25T11:45:58.298+0000 7f51b806c700 1 -- 172.21.15.26:0/1080508901 >> 172.21.15.26:0/1080508901 conn(0x7f51b0102a60 msgr2=0x7f51b0103550 unknown :-1 s=STATE_NONE l=0).mark_down
2024-04-25T11:45:58.894 INFO:teuthology.orchestra.run.smithi026.stdout:/usr/bin/ceph: stderr
2024-04-25T11:45:58.298+0000 7f51b806c700 1 -- 172.21.15.26:0/1080508901 shutdown_connections
2024-04-25T11:45:58.894 INFO:teuthology.orchestra.run.smithi026.stdout:/usr/bin/ceph: stderr
2024-04-25T11:45:58.298+0000 7f51b806c700 1 -- 172.21.15.26:0/1080508901 wait complete.
2024-04-25T11:45:59.149 INFO:journalctl@ceph.mgr.x.smithi026.stdout:Apr 25 11:45:59 smithi026 ceph-1dd3e028-02f9-11ef-bc93-c7b262605968-mgr-x[29660]:
2024-04-25T11:45:59.127+0000 7f275e2f3200 -1 mgr[py] Module progress has missing NOTIFY_TYPES member
2024-04-25T11:45:59.449 INFO:journalctl@ceph.mon.a.smithi026.stdout:Apr 25 11:45:59 smithi026 ceph-mon[29430]: from='client.? 172.21.15.26:0/1080508901' entity='client.admin' cmd='[{"prefix": "mgr module enable", "module": "dashboard"}]': finished
2024-04-25T11:45:59.449 INFO:journalctl@ceph.mon.a.smithi026.stdout:Apr 25 11:45:59 smithi026 ceph-mon[29430]: mgrmap e9: x(active, since 19s)
2024-04-25T11:45:59.449 INFO:journalctl@ceph.mgr.x.smithi026.stdout:Apr 25 11:45:59 smithi026 ceph-1dd3e028-02f9-11ef-bc93-c7b262605968-mgr-x[29660]:
2024-04-25T11:45:59.218+0000 7f275e2f3200 -1 mgr[py] Module influx has missing NOTIFY_TYPES member
2024-04-25T11:46:00.658 INFO:journalctl@ceph.mon.a.smithi026.stdout:Apr 25 11:46:00 smithi026 ceph-mon[29430]: from='client.? 172.21.15.26:0/4234374477' entity='client.admin' cmd=[{"prefix": "mgr stat"}]: dispatch
2024-04-25T11:46:00.658 INFO:journalctl@ceph.mgr.x.smithi026.stdout:Apr 25 11:46:00 smithi026 ceph-1dd3e028-02f9-11ef-bc93-c7b262605968-mgr-x[29660]:
2024-04-25T11:46:00.494+0000 7f275e2f3200 -1 mgr[py] Module telegraf has missing NOTIFY_TYPES member
2024-04-25T11:46:00.691 INFO:teuthology.orchestra.run.smithi026.stdout:/usr/bin/ceph: stdout {
2024-04-25T11:46:00.692 INFO:teuthology.orchestra.run.smithi026.stdout:/usr/bin/ceph: stdout "epoch": 9,
2024-04-25T11:46:00.692 INFO:teuthology.orchestra.run.smithi026.stdout:/usr/bin/ceph: stdout "available": true,
2024-04-25T11:46:00.692 INFO:teuthology.orchestra.run.smithi026.stdout:/usr/bin/ceph: stdout "active_name": "x",
2024-04-25T11:46:00.692 INFO:teuthology.orchestra.run.smithi026.stdout:/usr/bin/ceph: stdout "num_standby": 0
2024-04-25T11:46:00.692 INFO:teuthology.orchestra.run.smithi026.stdout:/usr/bin/ceph: stdout }
2024-04-25T11:46:00.692 INFO:teuthology.orchestra.run.smithi026.stdout:/usr/bin/ceph: stderr
2024-04-25T11:45:59.362+0000 7f5ac0847700 1 Processor -- start
2024-04-25T11:46:00.692 INFO:teuthology.orchestra.run.smithi026.stdout:/usr/bin/ceph: stderr
2024-04-25T11:45:59.362+0000 7f5ac0847700 1 -- start start
2024-04-25T11:46:00.692 INFO:teuthology.orchestra.run.smithi026.stdout:/usr/bin/ceph: stderr
2024-04-25T11:45:59.362+0000 7f5ac0847700 1 --2- >> [v2:172.21.15.26:3300/0,v1:172.21.15.26:6789/0] conn(0x7f5abc108fc0 0x7f5abc10b3b0 unknown :-1 s=NONE pgs=0 cs=0 l=0 rev1=0 crypto rx=0 tx=0 comp rx=0 tx=0).connect
2024-04-25T11:46:00.692 INFO:teuthology.orchestra.run.smithi026.stdout:/usr/bin/ceph: stderr
2024-04-25T11:45:59.362+0000 7f5ac0847700 1 -- --> [v2:172.21.15.26:3300/0,v1:172.21.15.26:6789/0] -- mon_getmap magic: 0 -- 0x7f5abc07bec0 con 0x7f5abc108fc0
2024-04-25T11:46:00.692 INFO:teuthology.orchestra.run.smithi026.stdout:/usr/bin/ceph: stderr
2024-04-25T11:45:59.363+0000 7f5aba59c700 1 --2- >> [v2:172.21.15.26:3300/0,v1:172.21.15.26:6789/0] conn(0x7f5abc108fc0 0x7f5abc10b3b0 unknown :-1 s=BANNER_CONNECTING pgs=0 cs=0 l=0 rev1=0 crypto rx=0 tx=0 comp rx=0 tx=0)._handle_peer_banner_payload supported=3 required=0
2024-04-25T11:46:00.692 INFO:teuthology.orchestra.run.smithi026.stdout:/usr/bin/ceph: stderr
2024-04-25T11:45:59.363+0000 7f5aba59c700 1 --2- >> [v2:172.21.15.26:3300/0,v1:172.21.15.26:6789/0] conn(0x7f5abc108fc0 0x7f5abc10b3b0 unknown :-1 s=HELLO_CONNECTING pgs=0 cs=0 l=0 rev1=1 crypto rx=0 tx=0 comp rx=0 tx=0).handle_hello peer v2:172.21.15.26:3300/0 says I am v2:172.21.15.26:49964/0 (socket says 172.21.15.26:49964)
2024-04-25T11:46:00.692 INFO:teuthology.orchestra.run.smithi026.stdout:/usr/bin/ceph: stderr
2024-04-25T11:45:59.363+0000 7f5aba59c700 1 -- 172.21.15.26:0/3866869165 learned_addr learned my addr 172.21.15.26:0/3866869165 (peer_addr_for_me v2:172.21.15.26:0/0)
2024-04-25T11:46:00.692 INFO:teuthology.orchestra.run.smithi026.stdout:/usr/bin/ceph: stderr
2024-04-25T11:45:59.363+0000 7f5aba59c700 1 -- 172.21.15.26:0/3866869165 --> [v2:172.21.15.26:3300/0,v1:172.21.15.26:6789/0] -- mon_subscribe({config=0+,monmap=0+}) -- 0x7f5abc10b8f0 con 0x7f5abc108fc0
2024-04-25T11:46:00.693 INFO:teuthology.orchestra.run.smithi026.stdout:/usr/bin/ceph: stderr
2024-04-25T11:45:59.363+0000 7f5aba59c700 1 --2- 172.21.15.26:0/3866869165 >> [v2:172.21.15.26:3300/0,v1:172.21.15.26:6789/0] conn(0x7f5abc108fc0 0x7f5abc10b3b0 secure :-1 s=READY pgs=59 cs=0 l=1 rev1=1 crypto rx=0x7f5aa40098a0 tx=0x7f5aa4009bb0 comp rx=0 tx=0).ready entity=mon.0 client_cookie=2bc8c51464e46df server_cookie=0 in_seq=0 out_seq=0
2024-04-25T11:46:00.693 INFO:teuthology.orchestra.run.smithi026.stdout:/usr/bin/ceph: stderr
2024-04-25T11:45:59.363+0000 7f5ab959a700 1 -- 172.21.15.26:0/3866869165 <== mon.0 v2:172.21.15.26:3300/0 1 ==== mon_map magic: 0 ==== 205+0+0 (secure 0 0 0) 0x7f5aa4004160 con 0x7f5abc108fc0
2024-04-25T11:46:00.693 INFO:teuthology.orchestra.run.smithi026.stdout:/usr/bin/ceph: stderr
2024-04-25T11:45:59.363+0000 7f5ab959a700 1 -- 172.21.15.26:0/3866869165 <== mon.0 v2:172.21.15.26:3300/0 2 ==== config(26 keys) ==== 1101+0+0 (secure 0 0 0) 0x7f5aa4004300 con 0x7f5abc108fc0
2024-04-25T11:46:00.693 INFO:teuthology.orchestra.run.smithi026.stdout:/usr/bin/ceph: stderr
2024-04-25T11:45:59.363+0000 7f5ab959a700 1 -- 172.21.15.26:0/3866869165 <== mon.0 v2:172.21.15.26:3300/0 3 ==== mon_map magic: 0 ==== 205+0+0 (secure 0 0 0) 0x7f5aa4011a20 con 0x7f5abc108fc0
2024-04-25T11:46:00.693 INFO:teuthology.orchestra.run.smithi026.stdout:/usr/bin/ceph: stderr
2024-04-25T11:45:59.364+0000 7f5ac0847700 1 -- 172.21.15.26:0/3866869165 >> [v2:172.21.15.26:3300/0,v1:172.21.15.26:6789/0] conn(0x7f5abc108fc0 msgr2=0x7f5abc10b3b0 secure :-1 s=STATE_CONNECTION_ESTABLISHED l=1).mark_down
2024-04-25T11:46:00.693 INFO:teuthology.orchestra.run.smithi026.stdout:/usr/bin/ceph: stderr
2024-04-25T11:45:59.364+0000 7f5ac0847700 1 --2- 172.21.15.26:0/3866869165 >> [v2:172.21.15.26:3300/0,v1:172.21.15.26:6789/0] conn(0x7f5abc108fc0 0x7f5abc10b3b0 secure :-1 s=READY pgs=59 cs=0 l=1 rev1=1 crypto rx=0x7f5aa40098a0 tx=0x7f5aa4009bb0 comp rx=0 tx=0).stop
2024-04-25T11:46:00.693 INFO:teuthology.orchestra.run.smithi026.stdout:/usr/bin/ceph: stderr
2024-04-25T11:45:59.364+0000 7f5ac0847700 1 -- 172.21.15.26:0/3866869165 shutdown_connections
2024-04-25T11:46:00.693 INFO:teuthology.orchestra.run.smithi026.stdout:/usr/bin/ceph: stderr
2024-04-25T11:45:59.364+0000 7f5ac0847700 1 --2- 172.21.15.26:0/3866869165 >> [v2:172.21.15.26:3300/0,v1:172.21.15.26:6789/0] conn(0x7f5abc108fc0 0x7f5abc10b3b0 unknown :-1 s=CLOSED pgs=59 cs=0 l=1 rev1=1 crypto rx=0 tx=0 comp rx=0 tx=0).stop
2024-04-25T11:46:00.693 INFO:teuthology.orchestra.run.smithi026.stdout:/usr/bin/ceph: stderr
2024-04-25T11:45:59.364+0000 7f5ac0847700 1 -- 172.21.15.26:0/3866869165 >> 172.21.15.26:0/3866869165 conn(0x7f5abc102a50 msgr2=0x7f5abc104e70 unknown :-1 s=STATE_NONE l=0).mark_down
2024-04-25T11:46:00.693 INFO:teuthology.orchestra.run.smithi026.stdout:/usr/bin/ceph: stderr
2024-04-25T11:45:59.364+0000 7f5ac0847700 1 -- 172.21.15.26:0/3866869165 shutdown_connections
2024-04-25T11:46:00.693 INFO:teuthology.orchestra.run.smithi026.stdout:/usr/bin/ceph: stderr
2024-04-25T11:45:59.364+0000 7f5ac0847700 1 -- 172.21.15.26:0/3866869165 wait complete.
2024-04-25T11:46:00.693 INFO:teuthology.orchestra.run.smithi026.stdout:/usr/bin/ceph: stderr
2024-04-25T11:45:59.365+0000 7f5ac0847700 1 Processor -- start
2024-04-25T11:46:00.693 INFO:teuthology.orchestra.run.smithi026.stdout:/usr/bin/ceph: stderr
2024-04-25T11:45:59.365+0000 7f5ac0847700 1 -- start start
2024-04-25T11:46:00.693 INFO:teuthology.orchestra.run.smithi026.stdout:/usr/bin/ceph: stderr
2024-04-25T11:45:59.365+0000 7f5ac0847700 1 --2- >> [v2:172.21.15.26:3300/0,v1:172.21.15.26:6789/0] conn(0x7f5abc108fc0 0x7f5abc19c460 unknown :-1 s=NONE pgs=0 cs=0 l=1 rev1=0 crypto rx=0 tx=0 comp rx=0 tx=0).connect
2024-04-25T11:46:00.694 INFO:teuthology.orchestra.run.smithi026.stdout:/usr/bin/ceph: stderr
2024-04-25T11:45:59.365+0000 7f5ac0847700 1 -- --> [v2:172.21.15.26:3300/0,v1:172.21.15.26:6789/0] -- mon_getmap magic: 0 -- 0x7f5abc10c900 con 0x7f5abc108fc0
2024-04-25T11:46:00.694 INFO:teuthology.orchestra.run.smithi026.stdout:/usr/bin/ceph: stderr
2024-04-25T11:45:59.365+0000 7f5aba59c700 1 --2- >> [v2:172.21.15.26:3300/0,v1:172.21.15.26:6789/0] conn(0x7f5abc108fc0 0x7f5abc19c460 unknown :-1 s=BANNER_CONNECTING pgs=0 cs=0 l=1 rev1=0 crypto rx=0 tx=0 comp rx=0 tx=0)._handle_peer_banner_payload supported=3 required=0
2024-04-25T11:46:00.694 INFO:teuthology.orchestra.run.smithi026.stdout:/usr/bin/ceph: stderr
2024-04-25T11:45:59.365+0000 7f5aba59c700 1 --2- >> [v2:172.21.15.26:3300/0,v1:172.21.15.26:6789/0] conn(0x7f5abc108fc0 0x7f5abc19c460 unknown :-1 s=HELLO_CONNECTING pgs=0 cs=0 l=1 rev1=1 crypto rx=0 tx=0 comp rx=0 tx=0).handle_hello peer v2:172.21.15.26:3300/0 says I am v2:172.21.15.26:49970/0 (socket says 172.21.15.26:49970)
2024-04-25T11:46:00.694 INFO:teuthology.orchestra.run.smithi026.stdout:/usr/bin/ceph: stderr
2024-04-25T11:45:59.365+0000 7f5aba59c700 1 -- 172.21.15.26:0/4234374477 learned_addr learned my addr 172.21.15.26:0/4234374477 (peer_addr_for_me v2:172.21.15.26:0/0)
2024-04-25T11:46:00.694 INFO:teuthology.orchestra.run.smithi026.stdout:/usr/bin/ceph: stderr
2024-04-25T11:45:59.366+0000 7f5aba59c700 1 -- 172.21.15.26:0/4234374477 --> [v2:172.21.15.26:3300/0,v1:172.21.15.26:6789/0] -- mon_subscribe({config=0+,monmap=0+}) -- 0x7f5abc19c9a0 con 0x7f5abc108fc0
2024-04-25T11:46:00.694 INFO:teuthology.orchestra.run.smithi026.stdout:/usr/bin/ceph: stderr
2024-04-25T11:45:59.366+0000 7f5aba59c700 1 --2- 172.21.15.26:0/4234374477 >> [v2:172.21.15.26:3300/0,v1:172.21.15.26:6789/0] conn(0x7f5abc108fc0 0x7f5abc19c460 secure :-1 s=READY pgs=60 cs=0 l=1 rev1=1 crypto rx=0x7f5aa40116e0 tx=0x7f5aa4011aa0 comp rx=0 tx=0).ready entity=mon.0 client_cookie=0 server_cookie=0 in_seq=0 out_seq=0
2024-04-25T11:46:00.694 INFO:teuthology.orchestra.run.smithi026.stdout:/usr/bin/ceph: stderr
2024-04-25T11:45:59.366+0000 7f5ab37fe700 1 -- 172.21.15.26:0/4234374477 <== mon.0 v2:172.21.15.26:3300/0 1 ==== mon_map magic: 0 ==== 205+0+0 (secure 0 0 0) 0x7f5aa4003b20 con 0x7f5abc108fc0
2024-04-25T11:46:00.694 INFO:teuthology.orchestra.run.smithi026.stdout:/usr/bin/ceph: stderr
2024-04-25T11:45:59.366+0000 7f5ab37fe700 1 -- 172.21.15.26:0/4234374477 <== mon.0 v2:172.21.15.26:3300/0 2 ==== config(26 keys) ==== 1101+0+0 (secure 0 0 0) 0x7f5aa401b8f0 con 0x7f5abc108fc0
2024-04-25T11:46:00.694 INFO:teuthology.orchestra.run.smithi026.stdout:/usr/bin/ceph: stderr
2024-04-25T11:45:59.366+0000 7f5ab37fe700 1 -- 172.21.15.26:0/4234374477 <== mon.0 v2:172.21.15.26:3300/0 3 ==== mon_map magic: 0 ==== 205+0+0 (secure 0 0 0) 0x7f5aa40238c0 con 0x7f5abc108fc0
2024-04-25T11:46:00.694 INFO:teuthology.orchestra.run.smithi026.stdout:/usr/bin/ceph: stderr
2024-04-25T11:45:59.366+0000 7f5ac0847700 1 -- 172.21.15.26:0/4234374477 --> [v2:172.21.15.26:3300/0,v1:172.21.15.26:6789/0] -- mon_subscribe({mgrmap=0+}) -- 0x7f5abc19cc30 con 0x7f5abc108fc0
2024-04-25T11:46:00.694 INFO:teuthology.orchestra.run.smithi026.stdout:/usr/bin/ceph: stderr
2024-04-25T11:45:59.366+0000 7f5ac0847700 1 -- 172.21.15.26:0/4234374477 --> [v2:172.21.15.26:3300/0,v1:172.21.15.26:6789/0] -- mon_subscribe({osdmap=0}) -- 0x7f5abc19f920 con 0x7f5abc108fc0
2024-04-25T11:46:00.694 INFO:teuthology.orchestra.run.smithi026.stdout:/usr/bin/ceph: stderr
2024-04-25T11:45:59.367+0000 7f5ac0847700 1 -- 172.21.15.26:0/4234374477 --> [v2:172.21.15.26:3300/0,v1:172.21.15.26:6789/0] -- mon_command({"prefix": "get_command_descriptions"} v 0) -- 0x7f5abc0640a0 con 0x7f5abc108fc0
2024-04-25T11:46:00.694 INFO:teuthology.orchestra.run.smithi026.stdout:/usr/bin/ceph: stderr
2024-04-25T11:45:59.367+0000 7f5ab37fe700 1 -- 172.21.15.26:0/4234374477 <== mon.0 v2:172.21.15.26:3300/0 4 ==== mgrmap(e 9) ==== 46571+0+0 (secure 0 0 0) 0x7f5aa4023a60 con 0x7f5abc108fc0
2024-04-25T11:46:00.694 INFO:teuthology.orchestra.run.smithi026.stdout:/usr/bin/ceph: stderr
2024-04-25T11:45:59.367+0000 7f5ab37fe700 1 --2- 172.21.15.26:0/4234374477 >> [v2:172.21.15.26:6800/2167213637,v1:172.21.15.26:6801/2167213637] conn(0x7f5aa8039610 0x7f5aa803bad0 unknown :-1 s=NONE pgs=0 cs=0 l=1 rev1=0 crypto rx=0 tx=0 comp rx=0 tx=0).connect
2024-04-25T11:46:00.695 INFO:teuthology.orchestra.run.smithi026.stdout:/usr/bin/ceph: stderr
2024-04-25T11:45:59.367+0000 7f5ab37fe700 1 -- 172.21.15.26:0/4234374477 <== mon.0 v2:172.21.15.26:3300/0 5 ==== osd_map(2..2 src has 1..2) ==== 940+0+0 (secure 0 0 0) 0x7f5aa404e030 con 0x7f5abc108fc0
2024-04-25T11:46:00.695 INFO:teuthology.orchestra.run.smithi026.stdout:/usr/bin/ceph: stderr
2024-04-25T11:45:59.367+0000 7f5ab9d9b700 1 -- 172.21.15.26:0/4234374477 >> [v2:172.21.15.26:6800/2167213637,v1:172.21.15.26:6801/2167213637] conn(0x7f5aa8039610 msgr2=0x7f5aa803bad0 unknown :-1 s=STATE_CONNECTING_RE l=1).process reconnect failed to v2:172.21.15.26:6800/2167213637
2024-04-25T11:46:00.695 INFO:teuthology.orchestra.run.smithi026.stdout:/usr/bin/ceph: stderr
2024-04-25T11:45:59.368+0000 7f5ab9d9b700 1 --2- 172.21.15.26:0/4234374477 >> [v2:172.21.15.26:6800/2167213637,v1:172.21.15.26:6801/2167213637] conn(0x7f5aa8039610 0x7f5aa803bad0 unknown :-1 s=START_CONNECT pgs=0 cs=0 l=1 rev1=0 crypto rx=0 tx=0 comp rx=0 tx=0)._fault waiting 0.200000
2024-04-25T11:46:00.695 INFO:teuthology.orchestra.run.smithi026.stdout:/usr/bin/ceph: stderr
2024-04-25T11:45:59.373+0000 7f5ab37fe700 1 -- 172.21.15.26:0/4234374477 <== mon.0 v2:172.21.15.26:3300/0 6 ==== mon_command_ack([{"prefix": "get_command_descriptions"}]=0 v0) ==== 72+0+188370 (secure 0 0 0) 0x7f5aa401f030 con 0x7f5abc108fc0
2024-04-25T11:46:00.695 INFO:teuthology.orchestra.run.smithi026.stdout:/usr/bin/ceph: stderr
2024-04-25T11:45:59.569+0000 7f5ab9d9b700 1 -- 172.21.15.26:0/4234374477 >> [v2:172.21.15.26:6800/2167213637,v1:172.21.15.26:6801/2167213637] conn(0x7f5aa8039610 msgr2=0x7f5aa803bad0 unknown :-1 s=STATE_CONNECTING_RE l=1).process reconnect failed to v2:172.21.15.26:6800/2167213637
2024-04-25T11:46:00.695 INFO:teuthology.orchestra.run.smithi026.stdout:/usr/bin/ceph: stderr
2024-04-25T11:45:59.569+0000 7f5ab9d9b700 1 --2- 172.21.15.26:0/4234374477 >> [v2:172.21.15.26:6800/2167213637,v1:172.21.15.26:6801/2167213637] conn(0x7f5aa8039610 0x7f5aa803bad0 unknown :-1 s=START_CONNECT pgs=0 cs=0 l=1 rev1=0 crypto rx=0 tx=0 comp rx=0 tx=0)._fault waiting 0.400000
2024-04-25T11:46:00.695 INFO:teuthology.orchestra.run.smithi026.stdout:/usr/bin/ceph: stderr
2024-04-25T11:45:59.694+0000 7f5ac0847700 1 -- 172.21.15.26:0/4234374477 --> [v2:172.21.15.26:3300/0,v1:172.21.15.26:6789/0] -- mon_command({"prefix": "mgr stat"} v 0) -- 0x7f5abc19faf0 con 0x7f5abc108fc0
2024-04-25T11:46:00.695 INFO:teuthology.orchestra.run.smithi026.stdout:/usr/bin/ceph: stderr
2024-04-25T11:45:59.695+0000 7f5ab37fe700 1 -- 172.21.15.26:0/4234374477 <== mon.0 v2:172.21.15.26:3300/0 7 ==== mon_command_ack([{"prefix": "mgr stat"}]=0 v9) ==== 56+0+88 (secure 0 0 0) 0x7f5aa4010380 con 0x7f5abc108fc0
2024-04-25T11:46:00.695 INFO:teuthology.orchestra.run.smithi026.stdout:/usr/bin/ceph: stderr
2024-04-25T11:45:59.697+0000 7f5ac0847700 1 -- 172.21.15.26:0/4234374477 >> [v2:172.21.15.26:6800/2167213637,v1:172.21.15.26:6801/2167213637] conn(0x7f5aa8039610 msgr2=0x7f5aa803bad0 unknown :-1 s=STATE_CONNECTING l=1).mark_down
2024-04-25T11:46:00.695 INFO:teuthology.orchestra.run.smithi026.stdout:/usr/bin/ceph: stderr
2024-04-25T11:45:59.697+0000 7f5ac0847700 1 --2- 172.21.15.26:0/4234374477 >> [v2:172.21.15.26:6800/2167213637,v1:172.21.15.26:6801/2167213637] conn(0x7f5aa8039610 0x7f5aa803bad0 unknown :-1 s=START_CONNECT pgs=0 cs=0 l=1 rev1=0 crypto rx=0 tx=0 comp rx=0 tx=0).stop
2024-04-25T11:46:00.695 INFO:teuthology.orchestra.run.smithi026.stdout:/usr/bin/ceph: stderr
2024-04-25T11:45:59.697+0000 7f5ac0847700 1 -- 172.21.15.26:0/4234374477 >> [v2:172.21.15.26:3300/0,v1:172.21.15.26:6789/0] conn(0x7f5abc108fc0 msgr2=0x7f5abc19c460 secure :-1 s=STATE_CONNECTION_ESTABLISHED l=1).mark_down
2024-04-25T11:46:00.695 INFO:teuthology.orchestra.run.smithi026.stdout:/usr/bin/ceph: stderr
2024-04-25T11:45:59.697+0000 7f5ac0847700 1 --2- 172.21.15.26:0/4234374477 >> [v2:172.21.15.26:3300/0,v1:172.21.15.26:6789/0] conn(0x7f5abc108fc0 0x7f5abc19c460 secure :-1 s=READY pgs=60 cs=0 l=1 rev1=1 crypto rx=0x7f5aa40116e0 tx=0x7f5aa4011aa0 comp rx=0 tx=0).stop
2024-04-25T11:46:00.695 INFO:teuthology.orchestra.run.smithi026.stdout:/usr/bin/ceph: stderr
2024-04-25T11:45:59.697+0000 7f5ac0847700 1 -- 172.21.15.26:0/4234374477 shutdown_connections
2024-04-25T11:46:00.695 INFO:teuthology.orchestra.run.smithi026.stdout:/usr/bin/ceph: stderr
2024-04-25T11:45:59.697+0000 7f5ac0847700 1 --2- 172.21.15.26:0/4234374477 >> [v2:172.21.15.26:6800/2167213637,v1:172.21.15.26:6801/2167213637] conn(0x7f5aa8039610 0x7f5aa803bad0 unknown :-1 s=CLOSED pgs=0 cs=0 l=1 rev1=0 crypto rx=0 tx=0 comp rx=0 tx=0).stop
2024-04-25T11:46:00.696 INFO:teuthology.orchestra.run.smithi026.stdout:/usr/bin/ceph: stderr
2024-04-25T11:45:59.697+0000 7f5ac0847700 1 --2- 172.21.15.26:0/4234374477 >> [v2:172.21.15.26:3300/0,v1:172.21.15.26:6789/0] conn(0x7f5abc108fc0 0x7f5abc19c460 unknown :-1 s=CLOSED pgs=60 cs=0 l=1 rev1=1 crypto rx=0 tx=0 comp rx=0 tx=0).stop
2024-04-25T11:46:00.696 INFO:teuthology.orchestra.run.smithi026.stdout:/usr/bin/ceph: stderr
2024-04-25T11:45:59.697+0000 7f5ac0847700 1 -- 172.21.15.26:0/4234374477 >> 172.21.15.26:0/4234374477 conn(0x7f5abc102a50 msgr2=0x7f5abc103540 unknown :-1 s=STATE_NONE l=0).mark_down
2024-04-25T11:46:00.696 INFO:teuthology.orchestra.run.smithi026.stdout:/usr/bin/ceph: stderr
2024-04-25T11:45:59.697+0000 7f5ac0847700 1 -- 172.21.15.26:0/4234374477 shutdown_connections
2024-04-25T11:46:00.696 INFO:teuthology.orchestra.run.smithi026.stdout:/usr/bin/ceph: stderr
2024-04-25T11:45:59.697+0000 7f5ac0847700 1 -- 172.21.15.26:0/4234374477 wait complete.
2024-04-25T11:46:00.696 INFO:teuthology.orchestra.run.smithi026.stdout:Waiting for the mgr to restart...
2024-04-25T11:46:00.696 INFO:teuthology.orchestra.run.smithi026.stdout:Waiting for mgr epoch 9...
2024-04-25T11:46:00.949 INFO:journalctl@ceph.mgr.x.smithi026.stdout:Apr 25 11:46:00 smithi026 ceph-1dd3e028-02f9-11ef-bc93-c7b262605968-mgr-x[29660]:
2024-04-25T11:46:00.672+0000 7f275e2f3200 -1 mgr[py] Module osd_support has missing NOTIFY_TYPES member
2024-04-25T11:46:00.949 INFO:journalctl@ceph.mgr.x.smithi026.stdout:Apr 25 11:46:00 smithi026 ceph-1dd3e028-02f9-11ef-bc93-c7b262605968-mgr-x[29660]:
2024-04-25T11:46:00.857+0000 7f275e2f3200 -1 mgr[py] Module iostat has missing NOTIFY_TYPES member
2024-04-25T11:46:01.343 INFO:journalctl@ceph.mgr.x.smithi026.stdout:Apr 25 11:46:01 smithi026 ceph-1dd3e028-02f9-11ef-bc93-c7b262605968-mgr-x[29660]:
2024-04-25T11:46:01.160+0000 7f275e2f3200 -1 mgr[py] Module alerts has missing NOTIFY_TYPES member
2024-04-25T11:46:01.343 INFO:journalctl@ceph.mgr.x.smithi026.stdout:Apr 25 11:46:01 smithi026 ceph-1dd3e028-02f9-11ef-bc93-c7b262605968-mgr-x[29660]:
2024-04-25T11:46:01.256+0000 7f275e2f3200 -1 mgr[py] Module selftest has missing NOTIFY_TYPES member
2024-04-25T11:46:01.667 INFO:journalctl@ceph.mgr.x.smithi026.stdout:Apr 25 11:46:01 smithi026 ceph-1dd3e028-02f9-11ef-bc93-c7b262605968-mgr-x[29660]:
2024-04-25T11:46:01.473+0000 7f275e2f3200 -1 mgr[py] Module pg_autoscaler has missing NOTIFY_TYPES member
2024-04-25T11:46:01.949 INFO:journalctl@ceph.mgr.x.smithi026.stdout:Apr 25 11:46:01 smithi026 ceph-1dd3e028-02f9-11ef-bc93-c7b262605968-mgr-x[29660]:
2024-04-25T11:46:01.681+0000 7f275e2f3200 -1 mgr[py] Module test_orchestrator has missing NOTIFY_TYPES member
2024-04-25T11:46:02.449 INFO:journalctl@ceph.mgr.x.smithi026.stdout:Apr 25 11:46:02 smithi026 ceph-1dd3e028-02f9-11ef-bc93-c7b262605968-mgr-x[29660]:
2024-04-25T11:46:02.308+0000 7f275e2f3200 -1 mgr[py] Module rook has missing NOTIFY_TYPES member
2024-04-25T11:46:03.048 INFO:journalctl@ceph.mgr.x.smithi026.stdout:Apr 25 11:46:02 smithi026 ceph-1dd3e028-02f9-11ef-bc93-c7b262605968-mgr-x[29660]:
2024-04-25T11:46:02.750+0000 7f275e2f3200 -1 mgr[py] Module volumes has missing NOTIFY_TYPES member
2024-04-25T11:46:03.048 INFO:journalctl@ceph.mgr.x.smithi026.stdout:Apr 25 11:46:02 smithi026 ceph-1dd3e028-02f9-11ef-bc93-c7b262605968-mgr-x[29660]:
2024-04-25T11:46:02.851+0000 7f275e2f3200 -1 mgr[py] Module crash has missing NOTIFY_TYPES member
2024-04-25T11:46:03.048 INFO:journalctl@ceph.mgr.x.smithi026.stdout:Apr 25 11:46:03 smithi026 ceph-1dd3e028-02f9-11ef-bc93-c7b262605968-mgr-x[29660]:
2024-04-25T11:46:03.061+0000 7f275e2f3200 -1 mgr[py] Module rgw has missing NOTIFY_TYPES member
2024-04-25T11:46:03.945 INFO:journalctl@ceph.mgr.x.smithi026.stdout:Apr 25 11:46:03 smithi026 ceph-1dd3e028-02f9-11ef-bc93-c7b262605968-mgr-x[29660]:
2024-04-25T11:46:03.608+0000 7f275e2f3200 -1 mgr[py] Module prometheus has missing NOTIFY_TYPES member
2024-04-25T11:46:03.945 INFO:journalctl@ceph.mgr.x.smithi026.stdout:Apr 25 11:46:03 smithi026 ceph-1dd3e028-02f9-11ef-bc93-c7b262605968-mgr-x[29660]:
2024-04-25T11:46:03.704+0000 7f275e2f3200 -1 mgr[py] Module devicehealth has missing NOTIFY_TYPES member
2024-04-25T11:46:04.199 INFO:journalctl@ceph.mgr.x.smithi026.stdout:Apr 25 11:46:03 smithi026 ceph-1dd3e028-02f9-11ef-bc93-c7b262605968-mgr-x[29660]:
2024-04-25T11:46:03.959+0000 7f275e2f3200 -1 mgr[py] Module telemetry has missing NOTIFY_TYPES member
2024-04-25T11:46:04.199 INFO:journalctl@ceph.mgr.x.smithi026.stdout:Apr 25 11:46:04 smithi026 ceph-1dd3e028-02f9-11ef-bc93-c7b262605968-mgr-x[29660]:
2024-04-25T11:46:04.098+0000 7f275e2f3200 -1 mgr[py] Module diskprediction_local has missing NOTIFY_TYPES member
2024-04-25T11:46:04.199 INFO:journalctl@ceph.mgr.x.smithi026.stdout:Apr 25 11:46:04 smithi026 ceph-1dd3e028-02f9-11ef-bc93-c7b262605968-mgr-x[29660]:
2024-04-25T11:46:04.198+0000 7f275e2f3200 -1 mgr[py] Module osd_perf_query has missing NOTIFY_TYPES member
2024-04-25T11:46:04.576 INFO:journalctl@ceph.mgr.x.smithi026.stdout:Apr 25 11:46:04 smithi026 ceph-1dd3e028-02f9-11ef-bc93-c7b262605968-mgr-x[29660]:
2024-04-25T11:46:04.318+0000 7f275e2f3200 -1 mgr[py] Module rbd_support has missing NOTIFY_TYPES member
2024-04-25T11:46:04.949 INFO:journalctl@ceph.mgr.x.smithi026.stdout:Apr 25 11:46:04 smithi026 ceph-1dd3e028-02f9-11ef-bc93-c7b262605968-mgr-x[29660]:
2024-04-25T11:46:04.629+0000 7f275e2f3200 -1 mgr[py] Module zabbix has missing NOTIFY_TYPES member
2024-04-25T11:46:05.525 INFO:journalctl@ceph.mgr.x.smithi026.stdout:Apr 25 11:46:05 smithi026 ceph-1dd3e028-02f9-11ef-bc93-c7b262605968-mgr-x[29660]:
2024-04-25T11:46:05.259+0000 7f275e2f3200 -1 mgr[py] Module status has missing NOTIFY_TYPES member
2024-04-25T11:46:05.525 INFO:journalctl@ceph.mgr.x.smithi026.stdout:Apr 25 11:46:05 smithi026 ceph-1dd3e028-02f9-11ef-bc93-c7b262605968-mgr-x[29660]:
2024-04-25T11:46:05.485+0000 7f275e2f3200 -1 mgr[py] Module nfs has missing NOTIFY_TYPES member
2024-04-25T11:46:05.949 INFO:journalctl@ceph.mon.a.smithi026.stdout:Apr 25 11:46:05 smithi026 ceph-mon[29430]: Active manager daemon x restarted
2024-04-25T11:46:05.949 INFO:journalctl@ceph.mon.a.smithi026.stdout:Apr 25 11:46:05 smithi026 ceph-mon[29430]: Activating manager daemon x
2024-04-25T11:46:05.949 INFO:journalctl@ceph.mon.a.smithi026.stdout:Apr 25 11:46:05 smithi026 ceph-mon[29430]: osdmap e3: 0 total, 0 up, 0 in
2024-04-25T11:46:05.950 INFO:journalctl@ceph.mon.a.smithi026.stdout:Apr 25 11:46:05 smithi026 ceph-mon[29430]: mgrmap e10: x(active, starting, since 0.00322575s)
2024-04-25T11:46:05.950 INFO:journalctl@ceph.mon.a.smithi026.stdout:Apr 25 11:46:05 smithi026 ceph-mon[29430]: from='mgr.14152 172.21.15.26:0/74283606' entity='mgr.x' cmd=[{"prefix": "mon metadata", "id": "a"}]: dispatch
