2024-04-25T11:45:43.255+0000 7f47d7fb5700 1 --2- 172.21.15.26:0/1736910443 >> [v2:172.21.15.26:3300/0,v1:172.21.15.26:6789/0] conn(0x7f47d0108ae0 0x7f47d0108f00 unknown :-1 s=CLOSED pgs=41 cs=0 l=1 rev1=1 crypto rx=0 tx=0 comp rx=0 tx=0).stop
2024-04-25T11:45:44.393 INFO:teuthology.orchestra.run.smithi026.stdout:/usr/bin/ceph: stderr
2024-04-25T11:45:43.255+0000 7f47d7fb5700 1 -- 172.21.15.26:0/1736910443 >> 172.21.15.26:0/1736910443 conn(0x7f47d01021a0 msgr2=0x7f47d01045c0 unknown :-1 s=STATE_NONE l=0).mark_down
2024-04-25T11:45:44.393 INFO:teuthology.orchestra.run.smithi026.stdout:/usr/bin/ceph: stderr
2024-04-25T11:45:43.255+0000 7f47d7fb5700 1 -- 172.21.15.26:0/1736910443 shutdown_connections
2024-04-25T11:45:44.393 INFO:teuthology.orchestra.run.smithi026.stdout:/usr/bin/ceph: stderr
2024-04-25T11:45:43.255+0000 7f47d7fb5700 1 -- 172.21.15.26:0/1736910443 wait complete.
2024-04-25T11:45:44.393 INFO:teuthology.orchestra.run.smithi026.stdout:/usr/bin/ceph: stderr
2024-04-25T11:45:43.255+0000 7f47d7fb5700 1 Processor -- start
2024-04-25T11:45:44.393 INFO:teuthology.orchestra.run.smithi026.stdout:/usr/bin/ceph: stderr
2024-04-25T11:45:43.256+0000 7f47d7fb5700 1 -- start start
2024-04-25T11:45:44.393 INFO:teuthology.orchestra.run.smithi026.stdout:/usr/bin/ceph: stderr
2024-04-25T11:45:43.256+0000 7f47d7fb5700 1 --2- >> [v2:172.21.15.26:3300/0,v1:172.21.15.26:6789/0] conn(0x7f47d0108ae0 0x7f47d019e660 unknown :-1 s=NONE pgs=0 cs=0 l=1 rev1=0 crypto rx=0 tx=0 comp rx=0 tx=0).connect
2024-04-25T11:45:44.393 INFO:teuthology.orchestra.run.smithi026.stdout:/usr/bin/ceph: stderr
2024-04-25T11:45:43.256+0000 7f47d7fb5700 1 -- --> [v2:172.21.15.26:3300/0,v1:172.21.15.26:6789/0] -- mon_getmap magic: 0 -- 0x7f47d0107600 con 0x7f47d0108ae0
2024-04-25T11:45:44.393 INFO:teuthology.orchestra.run.smithi026.stdout:/usr/bin/ceph: stderr
2024-04-25T11:45:43.256+0000 7f47d5d51700 1 --2- >> [v2:172.21.15.26:3300/0,v1:172.21.15.26:6789/0] conn(0x7f47d0108ae0 0x7f47d019e660 unknown :-1 s=BANNER_CONNECTING pgs=0 cs=0 l=1 rev1=0 crypto rx=0 tx=0 comp rx=0 tx=0)._handle_peer_banner_payload supported=3 required=0
2024-04-25T11:45:44.393 INFO:teuthology.orchestra.run.smithi026.stdout:/usr/bin/ceph: stderr
2024-04-25T11:45:43.256+0000 7f47d5d51700 1 --2- >> [v2:172.21.15.26:3300/0,v1:172.21.15.26:6789/0] conn(0x7f47d0108ae0 0x7f47d019e660 unknown :-1 s=HELLO_CONNECTING pgs=0 cs=0 l=1 rev1=1 crypto rx=0 tx=0 comp rx=0 tx=0).handle_hello peer v2:172.21.15.26:3300/0 says I am v2:172.21.15.26:44400/0 (socket says 172.21.15.26:44400)
2024-04-25T11:45:44.394 INFO:teuthology.orchestra.run.smithi026.stdout:/usr/bin/ceph: stderr
2024-04-25T11:45:43.256+0000 7f47d5d51700 1 -- 172.21.15.26:0/3473974939 learned_addr learned my addr 172.21.15.26:0/3473974939 (peer_addr_for_me v2:172.21.15.26:0/0)
2024-04-25T11:45:44.394 INFO:teuthology.orchestra.run.smithi026.stdout:/usr/bin/ceph: stderr
2024-04-25T11:45:43.256+0000 7f47d5d51700 1 -- 172.21.15.26:0/3473974939 --> [v2:172.21.15.26:3300/0,v1:172.21.15.26:6789/0] -- mon_subscribe({config=0+,monmap=0+}) -- 0x7f47d019eba0 con 0x7f47d0108ae0
2024-04-25T11:45:44.394 INFO:teuthology.orchestra.run.smithi026.stdout:/usr/bin/ceph: stderr
2024-04-25T11:45:43.256+0000 7f47d5d51700 1 --2- 172.21.15.26:0/3473974939 >> [v2:172.21.15.26:3300/0,v1:172.21.15.26:6789/0] conn(0x7f47d0108ae0 0x7f47d019e660 secure :-1 s=READY pgs=42 cs=0 l=1 rev1=1 crypto rx=0x7f47cc003f40 tx=0x7f47cc011890 comp rx=0 tx=0).ready entity=mon.0 client_cookie=0 server_cookie=0 in_seq=0 out_seq=0
2024-04-25T11:45:44.394 INFO:teuthology.orchestra.run.smithi026.stdout:/usr/bin/ceph: stderr
2024-04-25T11:45:43.256+0000 7f47c6ffd700 1 -- 172.21.15.26:0/3473974939 <== mon.0 v2:172.21.15.26:3300/0 1 ==== mon_map magic: 0 ==== 205+0+0 (secure 0 0 0) 0x7f47cc0038b0 con 0x7f47d0108ae0
2024-04-25T11:45:44.394 INFO:teuthology.orchestra.run.smithi026.stdout:/usr/bin/ceph: stderr
2024-04-25T11:45:43.256+0000 7f47c6ffd700 1 -- 172.21.15.26:0/3473974939 <== mon.0 v2:172.21.15.26:3300/0 2 ==== config(26 keys) ==== 1070+0+0 (secure 0 0 0) 0x7f47cc003a50 con 0x7f47d0108ae0
2024-04-25T11:45:44.394 INFO:teuthology.orchestra.run.smithi026.stdout:/usr/bin/ceph: stderr
2024-04-25T11:45:43.257+0000 7f47d7fb5700 1 -- 172.21.15.26:0/3473974939 --> [v2:172.21.15.26:3300/0,v1:172.21.15.26:6789/0] -- mon_subscribe({mgrmap=0+}) -- 0x7f47d019ee30 con 0x7f47d0108ae0
2024-04-25T11:45:44.394 INFO:teuthology.orchestra.run.smithi026.stdout:/usr/bin/ceph: stderr
2024-04-25T11:45:43.257+0000 7f47c6ffd700 1 -- 172.21.15.26:0/3473974939 <== mon.0 v2:172.21.15.26:3300/0 3 ==== mon_map magic: 0 ==== 205+0+0 (secure 0 0 0) 0x7f47cc01a5c0 con 0x7f47d0108ae0
2024-04-25T11:45:44.394 INFO:teuthology.orchestra.run.smithi026.stdout:/usr/bin/ceph: stderr
2024-04-25T11:45:43.257+0000 7f47d7fb5700 1 -- 172.21.15.26:0/3473974939 --> [v2:172.21.15.26:3300/0,v1:172.21.15.26:6789/0] -- mon_subscribe({osdmap=0}) -- 0x7f47d01a1b20 con 0x7f47d0108ae0
2024-04-25T11:45:44.394 INFO:teuthology.orchestra.run.smithi026.stdout:/usr/bin/ceph: stderr
2024-04-25T11:45:43.257+0000 7f47c6ffd700 1 -- 172.21.15.26:0/3473974939 <== mon.0 v2:172.21.15.26:3300/0 4 ==== mgrmap(e 8) ==== 46558+0+0 (secure 0 0 0) 0x7f47cc01a870 con 0x7f47d0108ae0
2024-04-25T11:45:44.394 INFO:teuthology.orchestra.run.smithi026.stdout:/usr/bin/ceph: stderr
2024-04-25T11:45:43.258+0000 7f47c6ffd700 1 --2- 172.21.15.26:0/3473974939 >> [v2:172.21.15.26:6800/2167213637,v1:172.21.15.26:6801/2167213637] conn(0x7f47bc0395b0 0x7f47bc03ba70 unknown :-1 s=NONE pgs=0 cs=0 l=1 rev1=0 crypto rx=0 tx=0 comp rx=0 tx=0).connect
2024-04-25T11:45:44.394 INFO:teuthology.orchestra.run.smithi026.stdout:/usr/bin/ceph: stderr
2024-04-25T11:45:43.258+0000 7f47c6ffd700 1 -- 172.21.15.26:0/3473974939 <== mon.0 v2:172.21.15.26:3300/0 5 ==== osd_map(2..2 src has 1..2) ==== 940+0+0 (secure 0 0 0) 0x7f47cc04da80 con 0x7f47d0108ae0
2024-04-25T11:45:44.394 INFO:teuthology.orchestra.run.smithi026.stdout:/usr/bin/ceph: stderr
2024-04-25T11:45:43.258+0000 7f47d7fb5700 1 -- 172.21.15.26:0/3473974939 --> [v2:172.21.15.26:3300/0,v1:172.21.15.26:6789/0] -- mon_command({"prefix": "get_command_descriptions"} v 0) -- 0x7f47d00640a0 con 0x7f47d0108ae0
2024-04-25T11:45:44.394 INFO:teuthology.orchestra.run.smithi026.stdout:/usr/bin/ceph: stderr
2024-04-25T11:45:43.258+0000 7f47d5550700 1 --2- 172.21.15.26:0/3473974939 >> [v2:172.21.15.26:6800/2167213637,v1:172.21.15.26:6801/2167213637] conn(0x7f47bc0395b0 0x7f47bc03ba70 unknown :-1 s=BANNER_CONNECTING pgs=0 cs=0 l=1 rev1=0 crypto rx=0 tx=0 comp rx=0 tx=0)._handle_peer_banner_payload supported=3 required=0
2024-04-25T11:45:44.395 INFO:teuthology.orchestra.run.smithi026.stdout:/usr/bin/ceph: stderr
2024-04-25T11:45:43.258+0000 7f47d5550700 1 --2- 172.21.15.26:0/3473974939 >> [v2:172.21.15.26:6800/2167213637,v1:172.21.15.26:6801/2167213637] conn(0x7f47bc0395b0 0x7f47bc03ba70 secure :-1 s=READY pgs=9 cs=0 l=1 rev1=1 crypto rx=0x7f47c0006fd0 tx=0x7f47c0006e40 comp rx=0 tx=0).ready entity=mgr.14120 client_cookie=0 server_cookie=0 in_seq=0 out_seq=0
2024-04-25T11:45:44.395 INFO:teuthology.orchestra.run.smithi026.stdout:/usr/bin/ceph: stderr
2024-04-25T11:45:43.263+0000 7f47c6ffd700 1 -- 172.21.15.26:0/3473974939 <== mon.0 v2:172.21.15.26:3300/0 6 ==== mon_command_ack([{"prefix": "get_command_descriptions"}]=0 v0) ==== 72+0+188370 (secure 0 0 0) 0x7f47cc019c70 con 0x7f47d0108ae0
2024-04-25T11:45:44.395 INFO:teuthology.orchestra.run.smithi026.stdout:/usr/bin/ceph: stderr
2024-04-25T11:45:43.472+0000 7f47d7fb5700 1 -- 172.21.15.26:0/3473974939 --> [v2:172.21.15.26:6800/2167213637,v1:172.21.15.26:6801/2167213637] -- mgr_command(tid 0: {"prefix": "cephadm generate-key", "target": ["mon-mgr", ""]}) -- 0x7f47d002e220 con 0x7f47bc0395b0
2024-04-25T11:45:44.395 INFO:teuthology.orchestra.run.smithi026.stdout:/usr/bin/ceph: stderr
2024-04-25T11:45:43.867+0000 7f47c6ffd700 1 -- 172.21.15.26:0/3473974939 <== mgr.14120 v2:172.21.15.26:6800/2167213637 1 ==== mgr_command_reply(tid 0: 0 ) ==== 8+0+0 (secure 0 0 0) 0x7f47d002e220 con 0x7f47bc0395b0
2024-04-25T11:45:44.395 INFO:teuthology.orchestra.run.smithi026.stdout:/usr/bin/ceph: stderr
2024-04-25T11:45:43.869+0000 7f47d7fb5700 1 -- 172.21.15.26:0/3473974939 >> [v2:172.21.15.26:6800/2167213637,v1:172.21.15.26:6801/2167213637] conn(0x7f47bc0395b0 msgr2=0x7f47bc03ba70 secure :-1 s=STATE_CONNECTION_ESTABLISHED l=1).mark_down
2024-04-25T11:45:44.395 INFO:teuthology.orchestra.run.smithi026.stdout:/usr/bin/ceph: stderr
2024-04-25T11:45:43.869+0000 7f47d7fb5700 1 --2- 172.21.15.26:0/3473974939 >> [v2:172.21.15.26:6800/2167213637,v1:172.21.15.26:6801/2167213637] conn(0x7f47bc0395b0 0x7f47bc03ba70 secure :-1 s=READY pgs=9 cs=0 l=1 rev1=1 crypto rx=0x7f47c0006fd0 tx=0x7f47c0006e40 comp rx=0 tx=0).stop
2024-04-25T11:45:44.395 INFO:teuthology.orchestra.run.smithi026.stdout:/usr/bin/ceph: stderr
2024-04-25T11:45:43.869+0000 7f47d7fb5700 1 -- 172.21.15.26:0/3473974939 >> [v2:172.21.15.26:3300/0,v1:172.21.15.26:6789/0] conn(0x7f47d0108ae0 msgr2=0x7f47d019e660 secure :-1 s=STATE_CONNECTION_ESTABLISHED l=1).mark_down
2024-04-25T11:45:44.395 INFO:teuthology.orchestra.run.smithi026.stdout:/usr/bin/ceph: stderr
2024-04-25T11:45:43.869+0000 7f47d7fb5700 1 --2- 172.21.15.26:0/3473974939 >> [v2:172.21.15.26:3300/0,v1:172.21.15.26:6789/0] conn(0x7f47d0108ae0 0x7f47d019e660 secure :-1 s=READY pgs=42 cs=0 l=1 rev1=1 crypto rx=0x7f47cc003f40 tx=0x7f47cc011890 comp rx=0 tx=0).stop
2024-04-25T11:45:44.395 INFO:teuthology.orchestra.run.smithi026.stdout:/usr/bin/ceph: stderr
2024-04-25T11:45:43.869+0000 7f47d7fb5700 1 -- 172.21.15.26:0/3473974939 shutdown_connections
2024-04-25T11:45:44.395 INFO:teuthology.orchestra.run.smithi026.stdout:/usr/bin/ceph: stderr
2024-04-25T11:45:43.869+0000 7f47d7fb5700 1 --2- 172.21.15.26:0/3473974939 >> [v2:172.21.15.26:6800/2167213637,v1:172.21.15.26:6801/2167213637] conn(0x7f47bc0395b0 0x7f47bc03ba70 unknown :-1 s=CLOSED pgs=9 cs=0 l=1 rev1=1 crypto rx=0 tx=0 comp rx=0 tx=0).stop
2024-04-25T11:45:44.395 INFO:teuthology.orchestra.run.smithi026.stdout:/usr/bin/ceph: stderr
2024-04-25T11:45:43.869+0000 7f47d7fb5700 1 --2- 172.21.15.26:0/3473974939 >> [v2:172.21.15.26:3300/0,v1:172.21.15.26:6789/0] conn(0x7f47d0108ae0 0x7f47d019e660 unknown :-1 s=CLOSED pgs=42 cs=0 l=1 rev1=1 crypto rx=0 tx=0 comp rx=0 tx=0).stop
2024-04-25T11:45:44.395 INFO:teuthology.orchestra.run.smithi026.stdout:/usr/bin/ceph: stderr
2024-04-25T11:45:43.869+0000 7f47d7fb5700 1 -- 172.21.15.26:0/3473974939 >> 172.21.15.26:0/3473974939 conn(0x7f47d01021a0 msgr2=0x7f47d0195280 unknown :-1 s=STATE_NONE l=0).mark_down
2024-04-25T11:45:44.395 INFO:teuthology.orchestra.run.smithi026.stdout:/usr/bin/ceph: stderr
2024-04-25T11:45:43.869+0000 7f47d7fb5700 1 -- 172.21.15.26:0/3473974939 shutdown_connections
2024-04-25T11:45:44.395 INFO:teuthology.orchestra.run.smithi026.stdout:/usr/bin/ceph: stderr
2024-04-25T11:45:43.869+0000 7f47d7fb5700 1 -- 172.21.15.26:0/3473974939 wait complete.
2024-04-25T11:45:44.949 INFO:journalctl@ceph.mon.a.smithi026.stdout:Apr 25 11:45:44 smithi026 ceph-mon[29430]: from='mgr.14120 172.21.15.26:0/3962300101' entity='mgr.x'
2024-04-25T11:45:44.949 INFO:journalctl@ceph.mon.a.smithi026.stdout:Apr 25 11:45:44 smithi026 ceph-mon[29430]: from='mgr.14120 172.21.15.26:0/3962300101' entity='mgr.x'
2024-04-25T11:45:45.555 INFO:teuthology.orchestra.run.smithi026.stdout:/usr/bin/ceph: stdout ssh-rsa AAAAB3NzaC1yc2EAAAADAQABAAABgQDG5425eur3PrwFTH5n5ra/vFpgSywcbqvZoEw+Va5dcrxbhruE1NuZUJ1RQldJevYLAdYSXeJDMw52nhFyxzOofnVMInbLGnmv099g8Kw2kOQgywSclZ7g4xgDsjg+50Hp+xoSlK1jIb7x/iXnBPhsMTdI1ZqWjiEvn56mLjljvUHI0oHE44rmYdO6iOJddfLhJ3JsCxWMZvSvzely9UHnpAjHIVLHUthxEVTDAqfPtC2vHCyDvS0DoYlwHaBGNPm1Z3HJe0JY/CpsAiMCfS2Hi8tr2fEj433te1++vncgMXxJ3cdae/De08Z1jVxQeHrrUlJ5fLXvQ7jq7GB3s7m46KwmZE5s4dzX7neQd6JAaB6co/zXyU+vYtR+3N2Hx+A27c+otFwJommBA64UyspA2HD+lMAhAdl442JiSaNjIzk40euAlv5pNoVqkKsvoIq56gx7QL8a1c+HBh1gnyEBjOqC0U+8LfMj+mm146MZenP3bYUmKFivjyGZNVqmB8s= ceph-1dd3e028-02f9-11ef-bc93-c7b262605968
2024-04-25T11:45:45.555 INFO:teuthology.orchestra.run.smithi026.stdout:/usr/bin/ceph: stderr
2024-04-25T11:45:44.800+0000 7f2b74007700 1 Processor -- start
2024-04-25T11:45:45.555 INFO:teuthology.orchestra.run.smithi026.stdout:/usr/bin/ceph: stderr
2024-04-25T11:45:44.800+0000 7f2b74007700 1 -- start start
2024-04-25T11:45:45.555 INFO:teuthology.orchestra.run.smithi026.stdout:/usr/bin/ceph: stderr
2024-04-25T11:45:44.800+0000 7f2b74007700 1 --2- >> [v2:172.21.15.26:3300/0,v1:172.21.15.26:6789/0] conn(0x7f2b6c07de40 0x7f2b6c07c2f0 unknown :-1 s=NONE pgs=0 cs=0 l=0 rev1=0 crypto rx=0 tx=0 comp rx=0 tx=0).connect
2024-04-25T11:45:45.556 INFO:teuthology.orchestra.run.smithi026.stdout:/usr/bin/ceph: stderr
2024-04-25T11:45:44.800+0000 7f2b74007700 1 -- --> [v2:172.21.15.26:3300/0,v1:172.21.15.26:6789/0] -- mon_getmap magic: 0 -- 0x7f2b6c07c830 con 0x7f2b6c07de40
2024-04-25T11:45:45.556 INFO:teuthology.orchestra.run.smithi026.stdout:/usr/bin/ceph: stderr
2024-04-25T11:45:44.801+0000 7f2b71da3700 1 --2- >> [v2:172.21.15.26:3300/0,v1:172.21.15.26:6789/0] conn(0x7f2b6c07de40 0x7f2b6c07c2f0 unknown :-1 s=BANNER_CONNECTING pgs=0 cs=0 l=0 rev1=0 crypto rx=0 tx=0 comp rx=0 tx=0)._handle_peer_banner_payload supported=3 required=0
2024-04-25T11:45:45.556 INFO:teuthology.orchestra.run.smithi026.stdout:/usr/bin/ceph: stderr
2024-04-25T11:45:44.801+0000 7f2b71da3700 1 --2- >> [v2:172.21.15.26:3300/0,v1:172.21.15.26:6789/0] conn(0x7f2b6c07de40 0x7f2b6c07c2f0 unknown :-1 s=HELLO_CONNECTING pgs=0 cs=0 l=0 rev1=1 crypto rx=0 tx=0 comp rx=0 tx=0).handle_hello peer v2:172.21.15.26:3300/0 says I am v2:172.21.15.26:35174/0 (socket says 172.21.15.26:35174)
2024-04-25T11:45:45.556 INFO:teuthology.orchestra.run.smithi026.stdout:/usr/bin/ceph: stderr
2024-04-25T11:45:44.801+0000 7f2b71da3700 1 -- 172.21.15.26:0/3329321125 learned_addr learned my addr 172.21.15.26:0/3329321125 (peer_addr_for_me v2:172.21.15.26:0/0)
2024-04-25T11:45:45.556 INFO:teuthology.orchestra.run.smithi026.stdout:/usr/bin/ceph: stderr
2024-04-25T11:45:44.801+0000 7f2b71da3700 1 -- 172.21.15.26:0/3329321125 --> [v2:172.21.15.26:3300/0,v1:172.21.15.26:6789/0] -- mon_subscribe({config=0+,monmap=0+}) -- 0x7f2b6c07c9b0 con 0x7f2b6c07de40
2024-04-25T11:45:45.556 INFO:teuthology.orchestra.run.smithi026.stdout:/usr/bin/ceph: stderr
2024-04-25T11:45:44.801+0000 7f2b71da3700 1 --2- 172.21.15.26:0/3329321125 >> [v2:172.21.15.26:3300/0,v1:172.21.15.26:6789/0] conn(0x7f2b6c07de40 0x7f2b6c07c2f0 secure :-1 s=READY pgs=43 cs=0 l=1 rev1=1 crypto rx=0x7f2b64009e80 tx=0x7f2b6400b330 comp rx=0 tx=0).ready entity=mon.0 client_cookie=623528a9172de8d5 server_cookie=0 in_seq=0 out_seq=0
2024-04-25T11:45:45.556 INFO:teuthology.orchestra.run.smithi026.stdout:/usr/bin/ceph: stderr
2024-04-25T11:45:44.801+0000 7f2b70da1700 1 -- 172.21.15.26:0/3329321125 <== mon.0 v2:172.21.15.26:3300/0 1 ==== mon_map magic: 0 ==== 205+0+0 (secure 0 0 0) 0x7f2b64017070 con 0x7f2b6c07de40
2024-04-25T11:45:45.556 INFO:teuthology.orchestra.run.smithi026.stdout:/usr/bin/ceph: stderr
2024-04-25T11:45:44.801+0000 7f2b70da1700 1 -- 172.21.15.26:0/3329321125 <== mon.0 v2:172.21.15.26:3300/0 2 ==== config(26 keys) ==== 1070+0+0 (secure 0 0 0) 0x7f2b6400b8c0 con 0x7f2b6c07de40
2024-04-25T11:45:45.556 INFO:teuthology.orchestra.run.smithi026.stdout:/usr/bin/ceph: stderr
2024-04-25T11:45:44.801+0000 7f2b70da1700 1 -- 172.21.15.26:0/3329321125 <== mon.0 v2:172.21.15.26:3300/0 3 ==== mon_map magic: 0 ==== 205+0+0 (secure 0 0 0) 0x7f2b64004490 con 0x7f2b6c07de40
2024-04-25T11:45:45.556 INFO:teuthology.orchestra.run.smithi026.stdout:/usr/bin/ceph: stderr
2024-04-25T11:45:44.802+0000 7f2b74007700 1 -- 172.21.15.26:0/3329321125 >> [v2:172.21.15.26:3300/0,v1:172.21.15.26:6789/0] conn(0x7f2b6c07de40 msgr2=0x7f2b6c07c2f0 secure :-1 s=STATE_CONNECTION_ESTABLISHED l=1).mark_down
2024-04-25T11:45:45.556 INFO:teuthology.orchestra.run.smithi026.stdout:/usr/bin/ceph: stderr
2024-04-25T11:45:44.802+0000 7f2b74007700 1 --2- 172.21.15.26:0/3329321125 >> [v2:172.21.15.26:3300/0,v1:172.21.15.26:6789/0] conn(0x7f2b6c07de40 0x7f2b6c07c2f0 secure :-1 s=READY pgs=43 cs=0 l=1 rev1=1 crypto rx=0x7f2b64009e80 tx=0x7f2b6400b330 comp rx=0 tx=0).stop
2024-04-25T11:45:45.556 INFO:teuthology.orchestra.run.smithi026.stdout:/usr/bin/ceph: stderr
2024-04-25T11:45:44.802+0000 7f2b74007700 1 -- 172.21.15.26:0/3329321125 shutdown_connections
2024-04-25T11:45:45.556 INFO:teuthology.orchestra.run.smithi026.stdout:/usr/bin/ceph: stderr
2024-04-25T11:45:44.802+0000 7f2b74007700 1 --2- 172.21.15.26:0/3329321125 >> [v2:172.21.15.26:3300/0,v1:172.21.15.26:6789/0] conn(0x7f2b6c07de40 0x7f2b6c07c2f0 unknown :-1 s=CLOSED pgs=43 cs=0 l=1 rev1=1 crypto rx=0 tx=0 comp rx=0 tx=0).stop
2024-04-25T11:45:45.556 INFO:teuthology.orchestra.run.smithi026.stdout:/usr/bin/ceph: stderr
2024-04-25T11:45:44.802+0000 7f2b74007700 1 -- 172.21.15.26:0/3329321125 >> 172.21.15.26:0/3329321125 conn(0x7f2b6c103b70 msgr2=0x7f2b6c105f90 unknown :-1 s=STATE_NONE l=0).mark_down
2024-04-25T11:45:45.557 INFO:teuthology.orchestra.run.smithi026.stdout:/usr/bin/ceph: stderr
2024-04-25T11:45:44.802+0000 7f2b74007700 1 -- 172.21.15.26:0/3329321125 shutdown_connections
2024-04-25T11:45:45.557 INFO:teuthology.orchestra.run.smithi026.stdout:/usr/bin/ceph: stderr
2024-04-25T11:45:44.802+0000 7f2b74007700 1 -- 172.21.15.26:0/3329321125 wait complete.
2024-04-25T11:45:45.557 INFO:teuthology.orchestra.run.smithi026.stdout:/usr/bin/ceph: stderr
2024-04-25T11:45:44.802+0000 7f2b74007700 1 Processor -- start
2024-04-25T11:45:45.557 INFO:teuthology.orchestra.run.smithi026.stdout:/usr/bin/ceph: stderr
2024-04-25T11:45:44.803+0000 7f2b74007700 1 -- start start
2024-04-25T11:45:45.557 INFO:teuthology.orchestra.run.smithi026.stdout:/usr/bin/ceph: stderr
2024-04-25T11:45:44.803+0000 7f2b74007700 1 --2- >> [v2:172.21.15.26:3300/0,v1:172.21.15.26:6789/0] conn(0x7f2b6c07de40 0x7f2b6c19e660 unknown :-1 s=NONE pgs=0 cs=0 l=1 rev1=0 crypto rx=0 tx=0 comp rx=0 tx=0).connect
2024-04-25T11:45:45.557 INFO:teuthology.orchestra.run.smithi026.stdout:/usr/bin/ceph: stderr
2024-04-25T11:45:44.803+0000 7f2b74007700 1 -- --> [v2:172.21.15.26:3300/0,v1:172.21.15.26:6789/0] -- mon_getmap magic: 0 -- 0x7f2b6c10eae0 con 0x7f2b6c07de40
2024-04-25T11:45:45.557 INFO:teuthology.orchestra.run.smithi026.stdout:/usr/bin/ceph: stderr
2024-04-25T11:45:44.803+0000 7f2b71da3700 1 --2- >> [v2:172.21.15.26:3300/0,v1:172.21.15.26:6789/0] conn(0x7f2b6c07de40 0x7f2b6c19e660 unknown :-1 s=BANNER_CONNECTING pgs=0 cs=0 l=1 rev1=0 crypto rx=0 tx=0 comp rx=0 tx=0)._handle_peer_banner_payload supported=3 required=0
2024-04-25T11:45:45.557 INFO:teuthology.orchestra.run.smithi026.stdout:/usr/bin/ceph: stderr
2024-04-25T11:45:44.803+0000 7f2b71da3700 1 --2- >> [v2:172.21.15.26:3300/0,v1:172.21.15.26:6789/0] conn(0x7f2b6c07de40 0x7f2b6c19e660 unknown :-1 s=HELLO_CONNECTING pgs=0 cs=0 l=1 rev1=1 crypto rx=0 tx=0 comp rx=0 tx=0).handle_hello peer v2:172.21.15.26:3300/0 says I am v2:172.21.15.26:35180/0 (socket says 172.21.15.26:35180)
2024-04-25T11:45:45.557 INFO:teuthology.orchestra.run.smithi026.stdout:/usr/bin/ceph: stderr
2024-04-25T11:45:44.803+0000 7f2b71da3700 1 -- 172.21.15.26:0/2221994784 learned_addr learned my addr 172.21.15.26:0/2221994784 (peer_addr_for_me v2:172.21.15.26:0/0)
2024-04-25T11:45:45.557 INFO:teuthology.orchestra.run.smithi026.stdout:/usr/bin/ceph: stderr
2024-04-25T11:45:44.803+0000 7f2b71da3700 1 -- 172.21.15.26:0/2221994784 --> [v2:172.21.15.26:3300/0,v1:172.21.15.26:6789/0] -- mon_subscribe({config=0+,monmap=0+}) -- 0x7f2b6c19eba0 con 0x7f2b6c07de40
2024-04-25T11:45:45.557 INFO:teuthology.orchestra.run.smithi026.stdout:/usr/bin/ceph: stderr
2024-04-25T11:45:44.803+0000 7f2b71da3700 1 --2- 172.21.15.26:0/2221994784 >> [v2:172.21.15.26:3300/0,v1:172.21.15.26:6789/0] conn(0x7f2b6c07de40 0x7f2b6c19e660 secure :-1 s=READY pgs=44 cs=0 l=1 rev1=1 crypto rx=0x7f2b6400b7b0 tx=0x7f2b6400bdc0 comp rx=0 tx=0).ready entity=mon.0 client_cookie=0 server_cookie=0 in_seq=0 out_seq=0
2024-04-25T11:45:45.557 INFO:teuthology.orchestra.run.smithi026.stdout:/usr/bin/ceph: stderr
2024-04-25T11:45:44.803+0000 7f2b6affd700 1 -- 172.21.15.26:0/2221994784 <== mon.0 v2:172.21.15.26:3300/0 1 ==== mon_map magic: 0 ==== 205+0+0 (secure 0 0 0) 0x7f2b64020020 con 0x7f2b6c07de40
2024-04-25T11:45:45.557 INFO:teuthology.orchestra.run.smithi026.stdout:/usr/bin/ceph: stderr
2024-04-25T11:45:44.803+0000 7f2b6affd700 1 -- 172.21.15.26:0/2221994784 <== mon.0 v2:172.21.15.26:3300/0 2 ==== config(26 keys) ==== 1070+0+0 (secure 0 0 0) 0x7f2b64012430 con 0x7f2b6c07de40
2024-04-25T11:45:45.557 INFO:teuthology.orchestra.run.smithi026.stdout:/usr/bin/ceph: stderr
2024-04-25T11:45:44.803+0000 7f2b74007700 1 -- 172.21.15.26:0/2221994784 --> [v2:172.21.15.26:3300/0,v1:172.21.15.26:6789/0] -- mon_subscribe({mgrmap=0+}) -- 0x7f2b6c19ee30 con 0x7f2b6c07de40
2024-04-25T11:45:45.557 INFO:teuthology.orchestra.run.smithi026.stdout:/usr/bin/ceph: stderr
2024-04-25T11:45:44.803+0000 7f2b6affd700 1 -- 172.21.15.26:0/2221994784 <== mon.0 v2:172.21.15.26:3300/0 3 ==== mon_map magic: 0 ==== 205+0+0 (secure 0 0 0) 0x7f2b64017040 con 0x7f2b6c07de40
2024-04-25T11:45:45.558 INFO:teuthology.orchestra.run.smithi026.stdout:/usr/bin/ceph: stderr
2024-04-25T11:45:44.803+0000 7f2b74007700 1 -- 172.21.15.26:0/2221994784 --> [v2:172.21.15.26:3300/0,v1:172.21.15.26:6789/0] -- mon_subscribe({osdmap=0}) -- 0x7f2b6c1a1b20 con 0x7f2b6c07de40
2024-04-25T11:45:45.558 INFO:teuthology.orchestra.run.smithi026.stdout:/usr/bin/ceph: stderr
2024-04-25T11:45:44.804+0000 7f2b6affd700 1 -- 172.21.15.26:0/2221994784 <== mon.0 v2:172.21.15.26:3300/0 4 ==== mgrmap(e 8) ==== 46558+0+0 (secure 0 0 0) 0x7f2b64023020 con 0x7f2b6c07de40
2024-04-25T11:45:45.558 INFO:teuthology.orchestra.run.smithi026.stdout:/usr/bin/ceph: stderr
2024-04-25T11:45:44.804+0000 7f2b74007700 1 -- 172.21.15.26:0/2221994784 --> [v2:172.21.15.26:3300/0,v1:172.21.15.26:6789/0] -- mon_command({"prefix": "get_command_descriptions"} v 0) -- 0x7f2b6c0640a0 con 0x7f2b6c07de40
2024-04-25T11:45:45.558 INFO:teuthology.orchestra.run.smithi026.stdout:/usr/bin/ceph: stderr
2024-04-25T11:45:44.804+0000 7f2b6affd700 1 --2- 172.21.15.26:0/2221994784 >> [v2:172.21.15.26:6800/2167213637,v1:172.21.15.26:6801/2167213637] conn(0x7f2b540395b0 0x7f2b5403ba70 unknown :-1 s=NONE pgs=0 cs=0 l=1 rev1=0 crypto rx=0 tx=0 comp rx=0 tx=0).connect
2024-04-25T11:45:45.558 INFO:teuthology.orchestra.run.smithi026.stdout:/usr/bin/ceph: stderr
2024-04-25T11:45:44.805+0000 7f2b6affd700 1 -- 172.21.15.26:0/2221994784 <== mon.0 v2:172.21.15.26:3300/0 5 ==== osd_map(2..2 src has 1..2) ==== 940+0+0 (secure 0 0 0) 0x7f2b6400f050 con 0x7f2b6c07de40
2024-04-25T11:45:45.558 INFO:teuthology.orchestra.run.smithi026.stdout:/usr/bin/ceph: stderr
2024-04-25T11:45:44.805+0000 7f2b715a2700 1 --2- 172.21.15.26:0/2221994784 >> [v2:172.21.15.26:6800/2167213637,v1:172.21.15.26:6801/2167213637] conn(0x7f2b540395b0 0x7f2b5403ba70 unknown :-1 s=BANNER_CONNECTING pgs=0 cs=0 l=1 rev1=0 crypto rx=0 tx=0 comp rx=0 tx=0)._handle_peer_banner_payload supported=3 required=0
2024-04-25T11:45:45.558 INFO:teuthology.orchestra.run.smithi026.stdout:/usr/bin/ceph: stderr
2024-04-25T11:45:44.805+0000 7f2b715a2700 1 --2- 172.21.15.26:0/2221994784 >> [v2:172.21.15.26:6800/2167213637,v1:172.21.15.26:6801/2167213637] conn(0x7f2b540395b0 0x7f2b5403ba70 secure :-1 s=READY pgs=10 cs=0 l=1 rev1=1 crypto rx=0x7f2b60006fd0 tx=0x7f2b60006e40 comp rx=0 tx=0).ready entity=mgr.14120 client_cookie=0 server_cookie=0 in_seq=0 out_seq=0
2024-04-25T11:45:45.558 INFO:teuthology.orchestra.run.smithi026.stdout:/usr/bin/ceph: stderr
2024-04-25T11:45:44.810+0000 7f2b6affd700 1 -- 172.21.15.26:0/2221994784 <== mon.0 v2:172.21.15.26:3300/0 6 ==== mon_command_ack([{"prefix": "get_command_descriptions"}]=0 v0) ==== 72+0+188370 (secure 0 0 0) 0x7f2b6402a020 con 0x7f2b6c07de40
2024-04-25T11:45:45.558 INFO:teuthology.orchestra.run.smithi026.stdout:/usr/bin/ceph: stderr
2024-04-25T11:45:45.020+0000 7f2b74007700 1 -- 172.21.15.26:0/2221994784 --> [v2:172.21.15.26:6800/2167213637,v1:172.21.15.26:6801/2167213637] -- mgr_command(tid 0: {"prefix": "cephadm get-pub-key", "target": ["mon-mgr", ""]}) -- 0x7f2b6c104db0 con 0x7f2b540395b0
2024-04-25T11:45:45.558 INFO:teuthology.orchestra.run.smithi026.stdout:/usr/bin/ceph: stderr
2024-04-25T11:45:45.020+0000 7f2b6affd700 1 -- 172.21.15.26:0/2221994784 <== mgr.14120 v2:172.21.15.26:6800/2167213637 1 ==== mgr_command_reply(tid 0: 0 ) ==== 8+0+595 (secure 0 0 0) 0x7f2b6c104db0 con 0x7f2b540395b0
2024-04-25T11:45:45.558 INFO:teuthology.orchestra.run.smithi026.stdout:/usr/bin/ceph: stderr
2024-04-25T11:45:45.022+0000 7f2b74007700 1 -- 172.21.15.26:0/2221994784 >> [v2:172.21.15.26:6800/2167213637,v1:172.21.15.26:6801/2167213637] conn(0x7f2b540395b0 msgr2=0x7f2b5403ba70 secure :-1 s=STATE_CONNECTION_ESTABLISHED l=1).mark_down
2024-04-25T11:45:45.558 INFO:teuthology.orchestra.run.smithi026.stdout:/usr/bin/ceph: stderr
2024-04-25T11:45:45.022+0000 7f2b74007700 1 --2- 172.21.15.26:0/2221994784 >> [v2:172.21.15.26:6800/2167213637,v1:172.21.15.26:6801/2167213637] conn(0x7f2b540395b0 0x7f2b5403ba70 secure :-1 s=READY pgs=10 cs=0 l=1 rev1=1 crypto rx=0x7f2b60006fd0 tx=0x7f2b60006e40 comp rx=0 tx=0).stop
2024-04-25T11:45:45.559 INFO:teuthology.orchestra.run.smithi026.stdout:/usr/bin/ceph: stderr
2024-04-25T11:45:45.022+0000 7f2b74007700 1 -- 172.21.15.26:0/2221994784 >> [v2:172.21.15.26:3300/0,v1:172.21.15.26:6789/0] conn(0x7f2b6c07de40 msgr2=0x7f2b6c19e660 secure :-1 s=STATE_CONNECTION_ESTABLISHED l=1).mark_down
2024-04-25T11:45:45.559 INFO:teuthology.orchestra.run.smithi026.stdout:/usr/bin/ceph: stderr
2024-04-25T11:45:45.022+0000 7f2b74007700 1 --2- 172.21.15.26:0/2221994784 >> [v2:172.21.15.26:3300/0,v1:172.21.15.26:6789/0] conn(0x7f2b6c07de40 0x7f2b6c19e660 secure :-1 s=READY pgs=44 cs=0 l=1 rev1=1 crypto rx=0x7f2b6400b7b0 tx=0x7f2b6400bdc0 comp rx=0 tx=0).stop
2024-04-25T11:45:45.559 INFO:teuthology.orchestra.run.smithi026.stdout:/usr/bin/ceph: stderr
2024-04-25T11:45:45.022+0000 7f2b74007700 1 -- 172.21.15.26:0/2221994784 shutdown_connections
2024-04-25T11:45:45.559 INFO:teuthology.orchestra.run.smithi026.stdout:/usr/bin/ceph: stderr
2024-04-25T11:45:45.022+0000 7f2b74007700 1 --2- 172.21.15.26:0/2221994784 >> [v2:172.21.15.26:6800/2167213637,v1:172.21.15.26:6801/2167213637] conn(0x7f2b540395b0 0x7f2b5403ba70 unknown :-1 s=CLOSED pgs=10 cs=0 l=1 rev1=1 crypto rx=0 tx=0 comp rx=0 tx=0).stop
2024-04-25T11:45:45.559 INFO:teuthology.orchestra.run.smithi026.stdout:/usr/bin/ceph: stderr
2024-04-25T11:45:45.022+0000 7f2b74007700 1 --2- 172.21.15.26:0/2221994784 >> [v2:172.21.15.26:3300/0,v1:172.21.15.26:6789/0] conn(0x7f2b6c07de40 0x7f2b6c19e660 unknown :-1 s=CLOSED pgs=44 cs=0 l=1 rev1=1 crypto rx=0 tx=0 comp rx=0 tx=0).stop
2024-04-25T11:45:45.559 INFO:teuthology.orchestra.run.smithi026.stdout:/usr/bin/ceph: stderr
2024-04-25T11:45:45.022+0000 7f2b74007700 1 -- 172.21.15.26:0/2221994784 >> 172.21.15.26:0/2221994784 conn(0x7f2b6c103b70 msgr2=0x7f2b6c1046a0 unknown :-1 s=STATE_NONE l=0).mark_down
2024-04-25T11:45:45.559 INFO:teuthology.orchestra.run.smithi026.stdout:/usr/bin/ceph: stderr
2024-04-25T11:45:45.023+0000 7f2b74007700 1 -- 172.21.15.26:0/2221994784 shutdown_connections
2024-04-25T11:45:45.559 INFO:teuthology.orchestra.run.smithi026.stdout:/usr/bin/ceph: stderr
2024-04-25T11:45:45.023+0000 7f2b74007700 1 -- 172.21.15.26:0/2221994784 wait complete.
2024-04-25T11:45:45.559 INFO:teuthology.orchestra.run.smithi026.stdout:Wrote public SSH key to /home/ubuntu/cephtest/ceph.pub
2024-04-25T11:45:45.559 INFO:teuthology.orchestra.run.smithi026.stdout:Adding key to root@localhost authorized_keys...
2024-04-25T11:45:45.559 INFO:teuthology.orchestra.run.smithi026.stdout:Adding host smithi026...
2024-04-25T11:45:45.933 INFO:journalctl@ceph.mon.a.smithi026.stdout:Apr 25 11:45:45 smithi026 ceph-mon[29430]: from='client.14138 -' entity='client.admin' cmd=[{"prefix": "cephadm get-pub-key", "target": ["mon-mgr", ""]}]: dispatch
2024-04-25T11:45:47.110 INFO:journalctl@ceph.mon.a.smithi026.stdout:Apr 25 11:45:46 smithi026 ceph-mon[29430]: from='client.14140 -' entity='client.admin' cmd=[{"prefix": "orch host add", "hostname": "smithi026", "addr": "172.21.15.26", "target": ["mon-mgr", ""]}]: dispatch
2024-04-25T11:45:48.199 INFO:journalctl@ceph.mon.a.smithi026.stdout:Apr 25 11:45:47 smithi026 ceph-mon[29430]: Deploying cephadm binary to smithi026
2024-04-25T11:45:51.023 INFO:teuthology.orchestra.run.smithi026.stdout:/usr/bin/ceph: stdout Added host 'smithi026' with addr '172.21.15.26'
2024-04-25T11:45:51.023 INFO:teuthology.orchestra.run.smithi026.stdout:/usr/bin/ceph: stderr
2024-04-25T11:45:45.958+0000 7fdf1f103700 1 Processor -- start
2024-04-25T11:45:51.023 INFO:teuthology.orchestra.run.smithi026.stdout:/usr/bin/ceph: stderr
2024-04-25T11:45:45.958+0000 7fdf1f103700 1 -- start start
2024-04-25T11:45:51.023 INFO:teuthology.orchestra.run.smithi026.stdout:/usr/bin/ceph: stderr
2024-04-25T11:45:45.958+0000 7fdf1f103700 1 --2- >> [v2:172.21.15.26:3300/0,v1:172.21.15.26:6789/0] conn(0x7fdf18106830 0x7fdf18106c50 unknown :-1 s=NONE pgs=0 cs=0 l=0 rev1=0 crypto rx=0 tx=0 comp rx=0 tx=0).connect
2024-04-25T11:45:51.023 INFO:teuthology.orchestra.run.smithi026.stdout:/usr/bin/ceph: stderr
2024-04-25T11:45:45.958+0000 7fdf1f103700 1 -- --> [v2:172.21.15.26:3300/0,v1:172.21.15.26:6789/0] -- mon_getmap magic: 0 -- 0x7fdf18107220 con 0x7fdf18106830
2024-04-25T11:45:51.023 INFO:teuthology.orchestra.run.smithi026.stdout:/usr/bin/ceph: stderr
2024-04-25T11:45:45.959+0000 7fdf1ce9f700 1 --2- >> [v2:172.21.15.26:3300/0,v1:172.21.15.26:6789/0] conn(0x7fdf18106830 0x7fdf18106c50 unknown :-1 s=BANNER_CONNECTING pgs=0 cs=0 l=0 rev1=0 crypto rx=0 tx=0 comp rx=0 tx=0)._handle_peer_banner_payload supported=3 required=0
2024-04-25T11:45:51.023 INFO:teuthology.orchestra.run.smithi026.stdout:/usr/bin/ceph: stderr
2024-04-25T11:45:45.959+0000 7fdf1ce9f700 1 --2- >> [v2:172.21.15.26:3300/0,v1:172.21.15.26:6789/0] conn(0x7fdf18106830 0x7fdf18106c50 unknown :-1 s=HELLO_CONNECTING pgs=0 cs=0 l=0 rev1=1 crypto rx=0 tx=0 comp rx=0 tx=0).handle_hello peer v2:172.21.15.26:3300/0 says I am v2:172.21.15.26:35182/0 (socket says 172.21.15.26:35182)
2024-04-25T11:45:51.023 INFO:teuthology.orchestra.run.smithi026.stdout:/usr/bin/ceph: stderr
2024-04-25T11:45:45.959+0000 7fdf1ce9f700 1 -- 172.21.15.26:0/186253831 learned_addr learned my addr 172.21.15.26:0/186253831 (peer_addr_for_me v2:172.21.15.26:0/0)
2024-04-25T11:45:51.024 INFO:teuthology.orchestra.run.smithi026.stdout:/usr/bin/ceph: stderr
2024-04-25T11:45:45.959+0000 7fdf1ce9f700 1 -- 172.21.15.26:0/186253831 --> [v2:172.21.15.26:3300/0,v1:172.21.15.26:6789/0] -- mon_subscribe({config=0+,monmap=0+}) -- 0x7fdf181073a0 con 0x7fdf18106830
2024-04-25T11:45:51.024 INFO:teuthology.orchestra.run.smithi026.stdout:/usr/bin/ceph: stderr
2024-04-25T11:45:45.959+0000 7fdf1ce9f700 1 --2- 172.21.15.26:0/186253831 >> [v2:172.21.15.26:3300/0,v1:172.21.15.26:6789/0] conn(0x7fdf18106830 0x7fdf18106c50 secure :-1 s=READY pgs=45 cs=0 l=1 rev1=1 crypto rx=0x7fdf080098a0 tx=0x7fdf08009bb0 comp rx=0 tx=0).ready entity=mon.0 client_cookie=885ce23ff2a27deb server_cookie=0 in_seq=0 out_seq=0
2024-04-25T11:45:51.024 INFO:teuthology.orchestra.run.smithi026.stdout:/usr/bin/ceph: stderr
2024-04-25T11:45:45.959+0000 7fdf177fe700 1 -- 172.21.15.26:0/186253831 <== mon.0 v2:172.21.15.26:3300/0 1 ==== mon_map magic: 0 ==== 205+0+0 (secure 0 0 0) 0x7fdf08004160 con 0x7fdf18106830
2024-04-25T11:45:51.024 INFO:teuthology.orchestra.run.smithi026.stdout:/usr/bin/ceph: stderr
2024-04-25T11:45:45.959+0000 7fdf177fe700 1 -- 172.21.15.26:0/186253831 <== mon.0 v2:172.21.15.26:3300/0 2 ==== config(26 keys) ==== 1070+0+0 (secure 0 0 0) 0x7fdf08004300 con 0x7fdf18106830
2024-04-25T11:45:51.024 INFO:teuthology.orchestra.run.smithi026.stdout:/usr/bin/ceph: stderr
2024-04-25T11:45:45.959+0000 7fdf177fe700 1 -- 172.21.15.26:0/186253831 <== mon.0 v2:172.21.15.26:3300/0 3 ==== mon_map magic: 0 ==== 205+0+0 (secure 0 0 0) 0x7fdf08011af0 con 0x7fdf18106830
2024-04-25T11:45:51.024 INFO:teuthology.orchestra.run.smithi026.stdout:/usr/bin/ceph: stderr
2024-04-25T11:45:45.960+0000 7fdf1f103700 1 -- 172.21.15.26:0/186253831 >> [v2:172.21.15.26:3300/0,v1:172.21.15.26:6789/0] conn(0x7fdf18106830 msgr2=0x7fdf18106c50 secure :-1 s=STATE_CONNECTION_ESTABLISHED l=1).mark_down
2024-04-25T11:45:51.024 INFO:teuthology.orchestra.run.smithi026.stdout:/usr/bin/ceph: stderr
2024-04-25T11:45:45.960+0000 7fdf1f103700 1 --2- 172.21.15.26:0/186253831 >> [v2:172.21.15.26:3300/0,v1:172.21.15.26:6789/0] conn(0x7fdf18106830 0x7fdf18106c50 secure :-1 s=READY pgs=45 cs=0 l=1 rev1=1 crypto rx=0x7fdf080098a0 tx=0x7fdf08009bb0 comp rx=0 tx=0).stop
2024-04-25T11:45:51.024 INFO:teuthology.orchestra.run.smithi026.stdout:/usr/bin/ceph: stderr
2024-04-25T11:45:45.960+0000 7fdf1f103700 1 -- 172.21.15.26:0/186253831 shutdown_connections
2024-04-25T11:45:51.024 INFO:teuthology.orchestra.run.smithi026.stdout:/usr/bin/ceph: stderr
2024-04-25T11:45:45.960+0000 7fdf1f103700 1 --2- 172.21.15.26:0/186253831 >> [v2:172.21.15.26:3300/0,v1:172.21.15.26:6789/0] conn(0x7fdf18106830 0x7fdf18106c50 unknown :-1 s=CLOSED pgs=45 cs=0 l=1 rev1=1 crypto rx=0 tx=0 comp rx=0 tx=0).stop
2024-04-25T11:45:51.024 INFO:teuthology.orchestra.run.smithi026.stdout:/usr/bin/ceph: stderr
2024-04-25T11:45:45.960+0000 7fdf1f103700 1 -- 172.21.15.26:0/186253831 >> 172.21.15.26:0/186253831 conn(0x7fdf18102190 msgr2=0x7fdf181045b0 unknown :-1 s=STATE_NONE l=0).mark_down
2024-04-25T11:45:51.024 INFO:teuthology.orchestra.run.smithi026.stdout:/usr/bin/ceph: stderr
2024-04-25T11:45:45.960+0000 7fdf1f103700 1 -- 172.21.15.26:0/186253831 shutdown_connections
2024-04-25T11:45:51.025 INFO:teuthology.orchestra.run.smithi026.stdout:/usr/bin/ceph: stderr
2024-04-25T11:45:45.960+0000 7fdf1f103700 1 -- 172.21.15.26:0/186253831 wait complete.
2024-04-25T11:45:51.025 INFO:teuthology.orchestra.run.smithi026.stdout:/usr/bin/ceph: stderr
2024-04-25T11:45:45.961+0000 7fdf1f103700 1 Processor -- start
2024-04-25T11:45:51.025 INFO:teuthology.orchestra.run.smithi026.stdout:/usr/bin/ceph: stderr
2024-04-25T11:45:45.961+0000 7fdf1f103700 1 -- start start
2024-04-25T11:45:51.025 INFO:teuthology.orchestra.run.smithi026.stdout:/usr/bin/ceph: stderr
2024-04-25T11:45:45.961+0000 7fdf1f103700 1 --2- >> [v2:172.21.15.26:3300/0,v1:172.21.15.26:6789/0] conn(0x7fdf18106830 0x7fdf1819c440 unknown :-1 s=NONE pgs=0 cs=0 l=1 rev1=0 crypto rx=0 tx=0 comp rx=0 tx=0).connect
2024-04-25T11:45:51.025 INFO:teuthology.orchestra.run.smithi026.stdout:/usr/bin/ceph: stderr
2024-04-25T11:45:45.961+0000 7fdf1f103700 1 -- --> [v2:172.21.15.26:3300/0,v1:172.21.15.26:6789/0] -- mon_getmap magic: 0 -- 0x7fdf1810a690 con 0x7fdf18106830
2024-04-25T11:45:51.025 INFO:teuthology.orchestra.run.smithi026.stdout:/usr/bin/ceph: stderr
2024-04-25T11:45:45.961+0000 7fdf1ce9f700 1 --2- >> [v2:172.21.15.26:3300/0,v1:172.21.15.26:6789/0] conn(0x7fdf18106830 0x7fdf1819c440 unknown :-1 s=BANNER_CONNECTING pgs=0 cs=0 l=1 rev1=0 crypto rx=0 tx=0 comp rx=0 tx=0)._handle_peer_banner_payload supported=3 required=0
2024-04-25T11:45:51.025 INFO:teuthology.orchestra.run.smithi026.stdout:/usr/bin/ceph: stderr
2024-04-25T11:45:45.961+0000 7fdf1ce9f700 1 --2- >> [v2:172.21.15.26:3300/0,v1:172.21.15.26:6789/0] conn(0x7fdf18106830 0x7fdf1819c440 unknown :-1 s=HELLO_CONNECTING pgs=0 cs=0 l=1 rev1=1 crypto rx=0 tx=0 comp rx=0 tx=0).handle_hello peer v2:172.21.15.26:3300/0 says I am v2:172.21.15.26:35198/0 (socket says 172.21.15.26:35198)
2024-04-25T11:45:51.025 INFO:teuthology.orchestra.run.smithi026.stdout:/usr/bin/ceph: stderr
2024-04-25T11:45:45.961+0000 7fdf1ce9f700 1 -- 172.21.15.26:0/964611732 learned_addr learned my addr 172.21.15.26:0/964611732 (peer_addr_for_me v2:172.21.15.26:0/0)
2024-04-25T11:45:51.025 INFO:teuthology.orchestra.run.smithi026.stdout:/usr/bin/ceph: stderr
2024-04-25T11:45:45.961+0000 7fdf1ce9f700 1 -- 172.21.15.26:0/964611732 --> [v2:172.21.15.26:3300/0,v1:172.21.15.26:6789/0] -- mon_subscribe({config=0+,monmap=0+}) -- 0x7fdf1819c980 con 0x7fdf18106830
2024-04-25T11:45:51.025 INFO:teuthology.orchestra.run.smithi026.stdout:/usr/bin/ceph: stderr
2024-04-25T11:45:45.961+0000 7fdf1ce9f700 1 --2- 172.21.15.26:0/964611732 >> [v2:172.21.15.26:3300/0,v1:172.21.15.26:6789/0] conn(0x7fdf18106830 0x7fdf1819c440 secure :-1 s=READY pgs=46 cs=0 l=1 rev1=1 crypto rx=0x7fdf08000c00 tx=0x7fdf08011b70 comp rx=0 tx=0).ready entity=mon.0 client_cookie=0 server_cookie=0 in_seq=0 out_seq=0
2024-04-25T11:45:51.025 INFO:teuthology.orchestra.run.smithi026.stdout:/usr/bin/ceph: stderr
2024-04-25T11:45:45.961+0000 7fdf15ffb700 1 -- 172.21.15.26:0/964611732 <== mon.0 v2:172.21.15.26:3300/0 1 ==== mon_map magic: 0 ==== 205+0+0 (secure 0 0 0) 0x7fdf08003b20 con 0x7fdf18106830
2024-04-25T11:45:51.025 INFO:teuthology.orchestra.run.smithi026.stdout:/usr/bin/ceph: stderr
2024-04-25T11:45:45.962+0000 7fdf15ffb700 1 -- 172.21.15.26:0/964611732 <== mon.0 v2:172.21.15.26:3300/0 2 ==== config(26 keys) ==== 1070+0+0 (secure 0 0 0) 0x7fdf0801a8c0 con 0x7fdf18106830
2024-04-25T11:45:51.026 INFO:teuthology.orchestra.run.smithi026.stdout:/usr/bin/ceph: stderr
2024-04-25T11:45:45.962+0000 7fdf1f103700 1 -- 172.21.15.26:0/964611732 --> [v2:172.21.15.26:3300/0,v1:172.21.15.26:6789/0] -- mon_subscribe({mgrmap=0+}) -- 0x7fdf1819cc70 con 0x7fdf18106830
2024-04-25T11:45:51.026 INFO:teuthology.orchestra.run.smithi026.stdout:/usr/bin/ceph: stderr
2024-04-25T11:45:45.962+0000 7fdf15ffb700 1 -- 172.21.15.26:0/964611732 <== mon.0 v2:172.21.15.26:3300/0 3 ==== mon_map magic: 0 ==== 205+0+0 (secure 0 0 0) 0x7fdf08024940 con 0x7fdf18106830
2024-04-25T11:45:51.026 INFO:teuthology.orchestra.run.smithi026.stdout:/usr/bin/ceph: stderr
2024-04-25T11:45:45.962+0000 7fdf1f103700 1 -- 172.21.15.26:0/964611732 --> [v2:172.21.15.26:3300/0,v1:172.21.15.26:6789/0] -- mon_subscribe({osdmap=0}) -- 0x7fdf1819f900 con 0x7fdf18106830
2024-04-25T11:45:51.026 INFO:teuthology.orchestra.run.smithi026.stdout:/usr/bin/ceph: stderr
2024-04-25T11:45:45.963+0000 7fdf15ffb700 1 -- 172.21.15.26:0/964611732 <== mon.0 v2:172.21.15.26:3300/0 4 ==== mgrmap(e 8) ==== 46558+0+0 (secure 0 0 0) 0x7fdf08022020 con 0x7fdf18106830
2024-04-25T11:45:51.026 INFO:teuthology.orchestra.run.smithi026.stdout:/usr/bin/ceph: stderr
2024-04-25T11:45:45.963+0000 7fdf1f103700 1 -- 172.21.15.26:0/964611732 --> [v2:172.21.15.26:3300/0,v1:172.21.15.26:6789/0] -- mon_command({"prefix": "get_command_descriptions"} v 0) -- 0x7fdf1810cae0 con 0x7fdf18106830
2024-04-25T11:45:51.026 INFO:teuthology.orchestra.run.smithi026.stdout:/usr/bin/ceph: stderr
2024-04-25T11:45:45.963+0000 7fdf15ffb700 1 --2- 172.21.15.26:0/964611732 >> [v2:172.21.15.26:6800/2167213637,v1:172.21.15.26:6801/2167213637] conn(0x7fdf000395b0 0x7fdf0003ba70 unknown :-1 s=NONE pgs=0 cs=0 l=1 rev1=0 crypto rx=0 tx=0 comp rx=0 tx=0).connect
2024-04-25T11:45:51.026 INFO:teuthology.orchestra.run.smithi026.stdout:/usr/bin/ceph: stderr
2024-04-25T11:45:45.963+0000 7fdf15ffb700 1 -- 172.21.15.26:0/964611732 <== mon.0 v2:172.21.15.26:3300/0 5 ==== osd_map(2..2 src has 1..2) ==== 940+0+0 (secure 0 0 0) 0x7fdf0804d810 con 0x7fdf18106830
2024-04-25T11:45:51.026 INFO:teuthology.orchestra.run.smithi026.stdout:/usr/bin/ceph: stderr
2024-04-25T11:45:45.963+0000 7fdf17fff700 1 --2- 172.21.15.26:0/964611732 >> [v2:172.21.15.26:6800/2167213637,v1:172.21.15.26:6801/2167213637] conn(0x7fdf000395b0 0x7fdf0003ba70 unknown :-1 s=BANNER_CONNECTING pgs=0 cs=0 l=1 rev1=0 crypto rx=0 tx=0 comp rx=0 tx=0)._handle_peer_banner_payload supported=3 required=0
2024-04-25T11:45:51.026 INFO:teuthology.orchestra.run.smithi026.stdout:/usr/bin/ceph: stderr
2024-04-25T11:45:45.963+0000 7fdf17fff700 1 --2- 172.21.15.26:0/964611732 >> [v2:172.21.15.26:6800/2167213637,v1:172.21.15.26:6801/2167213637] conn(0x7fdf000395b0 0x7fdf0003ba70 secure :-1 s=READY pgs=11 cs=0 l=1 rev1=1 crypto rx=0x7fdf0c006fd0 tx=0x7fdf0c006e40 comp rx=0 tx=0).ready entity=mgr.14120 client_cookie=0 server_cookie=0 in_seq=0 out_seq=0
2024-04-25T11:45:51.026 INFO:teuthology.orchestra.run.smithi026.stdout:/usr/bin/ceph: stderr
2024-04-25T11:45:45.968+0000 7fdf15ffb700 1 -- 172.21.15.26:0/964611732 <== mon.0 v2:172.21.15.26:3300/0 6 ==== mon_command_ack([{"prefix": "get_command_descriptions"}]=0 v0) ==== 72+0+188370 (secure 0 0 0) 0x7fdf0802d3f0 con 0x7fdf18106830
2024-04-25T11:45:51.026 INFO:teuthology.orchestra.run.smithi026.stdout:/usr/bin/ceph: stderr
2024-04-25T11:45:46.186+0000 7fdf1f103700 1 -- 172.21.15.26:0/964611732 --> [v2:172.21.15.26:6800/2167213637,v1:172.21.15.26:6801/2167213637] -- mgr_command(tid 0: {"prefix": "orch host add", "hostname": "smithi026", "addr": "172.21.15.26", "target": ["mon-mgr", ""]}) -- 0x7fdf181033b0 con 0x7fdf000395b0
2024-04-25T11:45:51.026 INFO:teuthology.orchestra.run.smithi026.stdout:/usr/bin/ceph: stderr
2024-04-25T11:45:50.453+0000 7fdf15ffb700 1 -- 172.21.15.26:0/964611732 <== mgr.14120 v2:172.21.15.26:6800/2167213637 1 ==== mgr_command_reply(tid 0: 0 ) ==== 8+0+48 (secure 0 0 0) 0x7fdf181033b0 con 0x7fdf000395b0
2024-04-25T11:45:51.027 INFO:teuthology.orchestra.run.smithi026.stdout:/usr/bin/ceph: stderr
2024-04-25T11:45:50.455+0000 7fdf1f103700 1 -- 172.21.15.26:0/964611732 >> [v2:172.21.15.26:6800/2167213637,v1:172.21.15.26:6801/2167213637] conn(0x7fdf000395b0 msgr2=0x7fdf0003ba70 secure :-1 s=STATE_CONNECTION_ESTABLISHED l=1).mark_down
2024-04-25T11:45:51.027 INFO:teuthology.orchestra.run.smithi026.stdout:/usr/bin/ceph: stderr
2024-04-25T11:45:50.455+0000 7fdf1f103700 1 --2- 172.21.15.26:0/964611732 >> [v2:172.21.15.26:6800/2167213637,v1:172.21.15.26:6801/2167213637] conn(0x7fdf000395b0 0x7fdf0003ba70 secure :-1 s=READY pgs=11 cs=0 l=1 rev1=1 crypto rx=0x7fdf0c006fd0 tx=0x7fdf0c006e40 comp rx=0 tx=0).stop
2024-04-25T11:45:51.027 INFO:teuthology.orchestra.run.smithi026.stdout:/usr/bin/ceph: stderr
2024-04-25T11:45:50.455+0000 7fdf1f103700 1 -- 172.21.15.26:0/964611732 >> [v2:172.21.15.26:3300/0,v1:172.21.15.26:6789/0] conn(0x7fdf18106830 msgr2=0x7fdf1819c440 secure :-1 s=STATE_CONNECTION_ESTABLISHED l=1).mark_down
2024-04-25T11:45:51.027 INFO:teuthology.orchestra.run.smithi026.stdout:/usr/bin/ceph: stderr
2024-04-25T11:45:50.455+0000 7fdf1f103700 1 --2- 172.21.15.26:0/964611732 >> [v2:172.21.15.26:3300/0,v1:172.21.15.26:6789/0] conn(0x7fdf18106830 0x7fdf1819c440 secure :-1 s=READY pgs=46 cs=0 l=1 rev1=1 crypto rx=0x7fdf08000c00 tx=0x7fdf08011b70 comp rx=0 tx=0).stop
2024-04-25T11:45:51.027 INFO:teuthology.orchestra.run.smithi026.stdout:/usr/bin/ceph: stderr
2024-04-25T11:45:50.455+0000 7fdf1f103700 1 -- 172.21.15.26:0/964611732 shutdown_connections
2024-04-25T11:45:51.027 INFO:teuthology.orchestra.run.smithi026.stdout:/usr/bin/ceph: stderr
2024-04-25T11:45:50.455+0000 7fdf1f103700 1 --2- 172.21.15.26:0/964611732 >> [v2:172.21.15.26:6800/2167213637,v1:172.21.15.26:6801/2167213637] conn(0x7fdf000395b0 0x7fdf0003ba70 unknown :-1 s=CLOSED pgs=11 cs=0 l=1 rev1=1 crypto rx=0 tx=0 comp rx=0 tx=0).stop
2024-04-25T11:45:51.027 INFO:teuthology.orchestra.run.smithi026.stdout:/usr/bin/ceph: stderr
2024-04-25T11:45:50.455+0000 7fdf1f103700 1 --2- 172.21.15.26:0/964611732 >> [v2:172.21.15.26:3300/0,v1:172.21.15.26:6789/0] conn(0x7fdf18106830 0x7fdf1819c440 unknown :-1 s=CLOSED pgs=46 cs=0 l=1 rev1=1 crypto rx=0 tx=0 comp rx=0 tx=0).stop
2024-04-25T11:45:51.027 INFO:teuthology.orchestra.run.smithi026.stdout:/usr/bin/ceph: stderr
2024-04-25T11:45:50.455+0000 7fdf1f103700 1 -- 172.21.15.26:0/964611732 >> 172.21.15.26:0/964611732 conn(0x7fdf18102190 msgr2=0x7fdf18102ca0 unknown :-1 s=STATE_NONE l=0).mark_down
2024-04-25T11:45:51.027 INFO:teuthology.orchestra.run.smithi026.stdout:/usr/bin/ceph: stderr
2024-04-25T11:45:50.456+0000 7fdf1f103700 1 -- 172.21.15.26:0/964611732 shutdown_connections
2024-04-25T11:45:51.027 INFO:teuthology.orchestra.run.smithi026.stdout:/usr/bin/ceph: stderr
2024-04-25T11:45:50.456+0000 7fdf1f103700 1 -- 172.21.15.26:0/964611732 wait complete.
2024-04-25T11:45:51.027 INFO:teuthology.orchestra.run.smithi026.stdout:Deploying unmanaged mon service...
2024-04-25T11:45:51.646 INFO:journalctl@ceph.mon.a.smithi026.stdout:Apr 25 11:45:51 smithi026 ceph-mon[29430]: from='mgr.14120 172.21.15.26:0/3962300101' entity='mgr.x'
2024-04-25T11:45:51.646 INFO:journalctl@ceph.mon.a.smithi026.stdout:Apr 25 11:45:51 smithi026 ceph-mon[29430]: Added host smithi026
2024-04-25T11:45:51.646 INFO:journalctl@ceph.mon.a.smithi026.stdout:Apr 25 11:45:51 smithi026 ceph-mon[29430]: from='mgr.14120 172.21.15.26:0/3962300101' entity='mgr.x' cmd=[{"prefix": "config dump", "format": "json"}]: dispatch
2024-04-25T11:45:52.196 INFO:teuthology.orchestra.run.smithi026.stdout:/usr/bin/ceph: stdout Scheduled mon update...
2024-04-25T11:45:52.196 INFO:teuthology.orchestra.run.smithi026.stdout:/usr/bin/ceph: stderr
2024-04-25T11:45:51.407+0000 7ff56c6b6700 1 Processor -- start
2024-04-25T11:45:52.196 INFO:teuthology.orchestra.run.smithi026.stdout:/usr/bin/ceph: stderr
2024-04-25T11:45:51.408+0000 7ff56c6b6700 1 -- start start
2024-04-25T11:45:52.196 INFO:teuthology.orchestra.run.smithi026.stdout:/usr/bin/ceph: stderr
2024-04-25T11:45:51.408+0000 7ff56c6b6700 1 --2- >> [v2:172.21.15.26:3300/0,v1:172.21.15.26:6789/0] conn(0x7ff564106e00 0x7ff564107220 unknown :-1 s=NONE pgs=0 cs=0 l=0 rev1=0 crypto rx=0 tx=0 comp rx=0 tx=0).connect
2024-04-25T11:45:52.196 INFO:teuthology.orchestra.run.smithi026.stdout:/usr/bin/ceph: stderr
2024-04-25T11:45:51.408+0000 7ff56c6b6700 1 -- --> [v2:172.21.15.26:3300/0,v1:172.21.15.26:6789/0] -- mon_getmap magic: 0 -- 0x7ff56407bf60 con 0x7ff564106e00
2024-04-25T11:45:52.197 INFO:teuthology.orchestra.run.smithi026.stdout:/usr/bin/ceph: stderr
2024-04-25T11:45:51.408+0000 7ff56a452700 1 --2- >> [v2:172.21.15.26:3300/0,v1:172.21.15.26:6789/0] conn(0x7ff564106e00 0x7ff564107220 unknown :-1 s=BANNER_CONNECTING pgs=0 cs=0 l=0 rev1=0 crypto rx=0 tx=0 comp rx=0 tx=0)._handle_peer_banner_payload supported=3 required=0
2024-04-25T11:45:52.197 INFO:teuthology.orchestra.run.smithi026.stdout:/usr/bin/ceph: stderr
2024-04-25T11:45:51.408+0000 7ff56a452700 1 --2- >> [v2:172.21.15.26:3300/0,v1:172.21.15.26:6789/0] conn(0x7ff564106e00 0x7ff564107220 unknown :-1 s=HELLO_CONNECTING pgs=0 cs=0 l=0 rev1=1 crypto rx=0 tx=0 comp rx=0 tx=0).handle_hello peer v2:172.21.15.26:3300/0 says I am v2:172.21.15.26:35206/0 (socket says 172.21.15.26:35206)
2024-04-25T11:45:52.197 INFO:teuthology.orchestra.run.smithi026.stdout:/usr/bin/ceph: stderr
2024-04-25T11:45:51.409+0000 7ff56a452700 1 -- 172.21.15.26:0/987881092 learned_addr learned my addr 172.21.15.26:0/987881092 (peer_addr_for_me v2:172.21.15.26:0/0)
2024-04-25T11:45:52.197 INFO:teuthology.orchestra.run.smithi026.stdout:/usr/bin/ceph: stderr
2024-04-25T11:45:51.409+0000 7ff56a452700 1 -- 172.21.15.26:0/987881092 --> [v2:172.21.15.26:3300/0,v1:172.21.15.26:6789/0] -- mon_subscribe({config=0+,monmap=0+}) -- 0x7ff564107760 con 0x7ff564106e00
2024-04-25T11:45:52.197 INFO:teuthology.orchestra.run.smithi026.stdout:/usr/bin/ceph: stderr
2024-04-25T11:45:51.409+0000 7ff56a452700 1 --2- 172.21.15.26:0/987881092 >> [v2:172.21.15.26:3300/0,v1:172.21.15.26:6789/0] conn(0x7ff564106e00 0x7ff564107220 secure :-1 s=READY pgs=47 cs=0 l=1 rev1=1 crypto rx=0x7ff5600098a0 tx=0x7ff560009bb0 comp rx=0 tx=0).ready entity=mon.0 client_cookie=c1a36dca1a6f7181 server_cookie=0 in_seq=0 out_seq=0
2024-04-25T11:45:52.197 INFO:teuthology.orchestra.run.smithi026.stdout:/usr/bin/ceph: stderr
2024-04-25T11:45:51.409+0000 7ff569450700 1 -- 172.21.15.26:0/987881092 <== mon.0 v2:172.21.15.26:3300/0 1 ==== mon_map magic: 0 ==== 205+0+0 (secure 0 0 0) 0x7ff560004160 con 0x7ff564106e00
2024-04-25T11:45:52.197 INFO:teuthology.orchestra.run.smithi026.stdout:/usr/bin/ceph: stderr
2024-04-25T11:45:51.409+0000 7ff569450700 1 -- 172.21.15.26:0/987881092 <== mon.0 v2:172.21.15.26:3300/0 2 ==== config(26 keys) ==== 1070+0+0 (secure 0 0 0) 0x7ff560004300 con 0x7ff564106e00
2024-04-25T11:45:52.197 INFO:teuthology.orchestra.run.smithi026.stdout:/usr/bin/ceph: stderr
2024-04-25T11:45:51.409+0000 7ff569450700 1 -- 172.21.15.26:0/987881092 <== mon.0 v2:172.21.15.26:3300/0 3 ==== mon_map magic: 0 ==== 205+0+0 (secure 0 0 0) 0x7ff560011af0 con 0x7ff564106e00
2024-04-25T11:45:52.197 INFO:teuthology.orchestra.run.smithi026.stdout:/usr/bin/ceph: stderr
2024-04-25T11:45:51.410+0000 7ff56c6b6700 1 -- 172.21.15.26:0/987881092 >> [v2:172.21.15.26:3300/0,v1:172.21.15.26:6789/0] conn(0x7ff564106e00 msgr2=0x7ff564107220 secure :-1 s=STATE_CONNECTION_ESTABLISHED l=1).mark_down
2024-04-25T11:45:52.197 INFO:teuthology.orchestra.run.smithi026.stdout:/usr/bin/ceph: stderr
2024-04-25T11:45:51.410+0000 7ff56c6b6700 1 --2- 172.21.15.26:0/987881092 >> [v2:172.21.15.26:3300/0,v1:172.21.15.26:6789/0] conn(0x7ff564106e00 0x7ff564107220 secure :-1 s=READY pgs=47 cs=0 l=1 rev1=1 crypto rx=0x7ff5600098a0 tx=0x7ff560009bb0 comp rx=0 tx=0).stop
2024-04-25T11:45:52.197 INFO:teuthology.orchestra.run.smithi026.stdout:/usr/bin/ceph: stderr
2024-04-25T11:45:51.410+0000 7ff56c6b6700 1 -- 172.21.15.26:0/987881092 shutdown_connections
2024-04-25T11:45:52.197 INFO:teuthology.orchestra.run.smithi026.stdout:/usr/bin/ceph: stderr
2024-04-25T11:45:51.410+0000 7ff56c6b6700 1 --2- 172.21.15.26:0/987881092 >> [v2:172.21.15.26:3300/0,v1:172.21.15.26:6789/0] conn(0x7ff564106e00 0x7ff564107220 unknown :-1 s=CLOSED pgs=47 cs=0 l=1 rev1=1 crypto rx=0 tx=0 comp rx=0 tx=0).stop
2024-04-25T11:45:52.197 INFO:teuthology.orchestra.run.smithi026.stdout:/usr/bin/ceph: stderr
2024-04-25T11:45:51.410+0000 7ff56c6b6700 1 -- 172.21.15.26:0/987881092 >> 172.21.15.26:0/987881092 conn(0x7ff564102a60 msgr2=0x7ff564104e80 unknown :-1 s=STATE_NONE l=0).mark_down
2024-04-25T11:45:52.198 INFO:teuthology.orchestra.run.smithi026.stdout:/usr/bin/ceph: stderr
2024-04-25T11:45:51.410+0000 7ff56c6b6700 1 -- 172.21.15.26:0/987881092 shutdown_connections
2024-04-25T11:45:52.198 INFO:teuthology.orchestra.run.smithi026.stdout:/usr/bin/ceph: stderr
