2024-04-25T11:51:20.505 INFO:journalctl@ceph.mgr.x.smithi073.stdout:Apr 25 11:51:20 smithi073 ceph-e24ce666-02f9-11ef-bc93-c7b262605968-mgr-x[29942]: | +.+*..= . |
2024-04-25T11:51:20.505 INFO:journalctl@ceph.mgr.x.smithi073.stdout:Apr 25 11:51:20 smithi073 ceph-e24ce666-02f9-11ef-bc93-c7b262605968-mgr-x[29942]: | .+ + .o |
2024-04-25T11:51:20.505 INFO:journalctl@ceph.mgr.x.smithi073.stdout:Apr 25 11:51:20 smithi073 ceph-e24ce666-02f9-11ef-bc93-c7b262605968-mgr-x[29942]: | o . |
2024-04-25T11:51:20.506 INFO:journalctl@ceph.mgr.x.smithi073.stdout:Apr 25 11:51:20 smithi073 ceph-e24ce666-02f9-11ef-bc93-c7b262605968-mgr-x[29942]: | ... |
2024-04-25T11:51:20.506 INFO:journalctl@ceph.mgr.x.smithi073.stdout:Apr 25 11:51:20 smithi073 ceph-e24ce666-02f9-11ef-bc93-c7b262605968-mgr-x[29942]: +----[SHA256]-----+
2024-04-25T11:51:20.788 INFO:teuthology.orchestra.run.smithi073.stdout:/usr/bin/ceph: stderr
2024-04-25T11:51:19.633+0000 7f282ee44700 1 Processor -- start
2024-04-25T11:51:20.788 INFO:teuthology.orchestra.run.smithi073.stdout:/usr/bin/ceph: stderr
2024-04-25T11:51:19.633+0000 7f282ee44700 1 -- start start
2024-04-25T11:51:20.788 INFO:teuthology.orchestra.run.smithi073.stdout:/usr/bin/ceph: stderr
2024-04-25T11:51:19.633+0000 7f282ee44700 1 --2- >> [v2:172.21.15.73:3300/0,v1:172.21.15.73:6789/0] conn(0x7f2828108560 0x7f2828108980 unknown :-1 s=NONE pgs=0 cs=0 l=0 rev1=0 crypto rx=0 tx=0 comp rx=0 tx=0).connect
2024-04-25T11:51:20.788 INFO:teuthology.orchestra.run.smithi073.stdout:/usr/bin/ceph: stderr
2024-04-25T11:51:19.633+0000 7f282ee44700 1 -- --> [v2:172.21.15.73:3300/0,v1:172.21.15.73:6789/0] -- mon_getmap magic: 0 -- 0x7f2828108f50 con 0x7f2828108560
2024-04-25T11:51:20.788 INFO:teuthology.orchestra.run.smithi073.stdout:/usr/bin/ceph: stderr
2024-04-25T11:51:19.634+0000 7f282cbe0700 1 --2- >> [v2:172.21.15.73:3300/0,v1:172.21.15.73:6789/0] conn(0x7f2828108560 0x7f2828108980 unknown :-1 s=BANNER_CONNECTING pgs=0 cs=0 l=0 rev1=0 crypto rx=0 tx=0 comp rx=0 tx=0)._handle_peer_banner_payload supported=3 required=0
2024-04-25T11:51:20.788 INFO:teuthology.orchestra.run.smithi073.stdout:/usr/bin/ceph: stderr
2024-04-25T11:51:19.634+0000 7f282cbe0700 1 --2- >> [v2:172.21.15.73:3300/0,v1:172.21.15.73:6789/0] conn(0x7f2828108560 0x7f2828108980 unknown :-1 s=HELLO_CONNECTING pgs=0 cs=0 l=0 rev1=1 crypto rx=0 tx=0 comp rx=0 tx=0).handle_hello peer v2:172.21.15.73:3300/0 says I am v2:172.21.15.73:54068/0 (socket says 172.21.15.73:54068)
2024-04-25T11:51:20.788 INFO:teuthology.orchestra.run.smithi073.stdout:/usr/bin/ceph: stderr
2024-04-25T11:51:19.634+0000 7f282cbe0700 1 -- 172.21.15.73:0/466882710 learned_addr learned my addr 172.21.15.73:0/466882710 (peer_addr_for_me v2:172.21.15.73:0/0)
2024-04-25T11:51:20.788 INFO:teuthology.orchestra.run.smithi073.stdout:/usr/bin/ceph: stderr
2024-04-25T11:51:19.634+0000 7f282cbe0700 1 -- 172.21.15.73:0/466882710 --> [v2:172.21.15.73:3300/0,v1:172.21.15.73:6789/0] -- mon_subscribe({config=0+,monmap=0+}) -- 0x7f2828109710 con 0x7f2828108560
2024-04-25T11:51:20.788 INFO:teuthology.orchestra.run.smithi073.stdout:/usr/bin/ceph: stderr
2024-04-25T11:51:19.634+0000 7f282cbe0700 1 --2- 172.21.15.73:0/466882710 >> [v2:172.21.15.73:3300/0,v1:172.21.15.73:6789/0] conn(0x7f2828108560 0x7f2828108980 secure :-1 s=READY pgs=41 cs=0 l=1 rev1=1 crypto rx=0x7f2820009e80 tx=0x7f282000b330 comp rx=0 tx=0).ready entity=mon.0 client_cookie=751aa1b47a73dc0a server_cookie=0 in_seq=0 out_seq=0
2024-04-25T11:51:20.789 INFO:teuthology.orchestra.run.smithi073.stdout:/usr/bin/ceph: stderr
2024-04-25T11:51:19.634+0000 7f28277fe700 1 -- 172.21.15.73:0/466882710 <== mon.0 v2:172.21.15.73:3300/0 1 ==== mon_map magic: 0 ==== 205+0+0 (secure 0 0 0) 0x7f2820017070 con 0x7f2828108560
2024-04-25T11:51:20.789 INFO:teuthology.orchestra.run.smithi073.stdout:/usr/bin/ceph: stderr
2024-04-25T11:51:19.634+0000 7f28277fe700 1 -- 172.21.15.73:0/466882710 <== mon.0 v2:172.21.15.73:3300/0 2 ==== config(26 keys) ==== 1070+0+0 (secure 0 0 0) 0x7f282000b8c0 con 0x7f2828108560
2024-04-25T11:51:20.789 INFO:teuthology.orchestra.run.smithi073.stdout:/usr/bin/ceph: stderr
2024-04-25T11:51:19.634+0000 7f28277fe700 1 -- 172.21.15.73:0/466882710 <== mon.0 v2:172.21.15.73:3300/0 3 ==== mon_map magic: 0 ==== 205+0+0 (secure 0 0 0) 0x7f2820004490 con 0x7f2828108560
2024-04-25T11:51:20.789 INFO:teuthology.orchestra.run.smithi073.stdout:/usr/bin/ceph: stderr
2024-04-25T11:51:19.635+0000 7f282ee44700 1 -- 172.21.15.73:0/466882710 >> [v2:172.21.15.73:3300/0,v1:172.21.15.73:6789/0] conn(0x7f2828108560 msgr2=0x7f2828108980 secure :-1 s=STATE_CONNECTION_ESTABLISHED l=1).mark_down
2024-04-25T11:51:20.789 INFO:teuthology.orchestra.run.smithi073.stdout:/usr/bin/ceph: stderr
2024-04-25T11:51:19.635+0000 7f282ee44700 1 --2- 172.21.15.73:0/466882710 >> [v2:172.21.15.73:3300/0,v1:172.21.15.73:6789/0] conn(0x7f2828108560 0x7f2828108980 secure :-1 s=READY pgs=41 cs=0 l=1 rev1=1 crypto rx=0x7f2820009e80 tx=0x7f282000b330 comp rx=0 tx=0).stop
2024-04-25T11:51:20.789 INFO:teuthology.orchestra.run.smithi073.stdout:/usr/bin/ceph: stderr
2024-04-25T11:51:19.635+0000 7f282ee44700 1 -- 172.21.15.73:0/466882710 shutdown_connections
2024-04-25T11:51:20.789 INFO:teuthology.orchestra.run.smithi073.stdout:/usr/bin/ceph: stderr
2024-04-25T11:51:19.635+0000 7f282ee44700 1 --2- 172.21.15.73:0/466882710 >> [v2:172.21.15.73:3300/0,v1:172.21.15.73:6789/0] conn(0x7f2828108560 0x7f2828108980 unknown :-1 s=CLOSED pgs=41 cs=0 l=1 rev1=1 crypto rx=0 tx=0 comp rx=0 tx=0).stop
2024-04-25T11:51:20.789 INFO:teuthology.orchestra.run.smithi073.stdout:/usr/bin/ceph: stderr
2024-04-25T11:51:19.635+0000 7f282ee44700 1 -- 172.21.15.73:0/466882710 >> 172.21.15.73:0/466882710 conn(0x7f2828103b40 msgr2=0x7f2828105f60 unknown :-1 s=STATE_NONE l=0).mark_down
2024-04-25T11:51:20.789 INFO:teuthology.orchestra.run.smithi073.stdout:/usr/bin/ceph: stderr
2024-04-25T11:51:19.635+0000 7f282ee44700 1 -- 172.21.15.73:0/466882710 shutdown_connections
2024-04-25T11:51:20.789 INFO:teuthology.orchestra.run.smithi073.stdout:/usr/bin/ceph: stderr
2024-04-25T11:51:19.635+0000 7f282ee44700 1 -- 172.21.15.73:0/466882710 wait complete.
2024-04-25T11:51:20.789 INFO:teuthology.orchestra.run.smithi073.stdout:/usr/bin/ceph: stderr
2024-04-25T11:51:19.636+0000 7f282ee44700 1 Processor -- start
2024-04-25T11:51:20.789 INFO:teuthology.orchestra.run.smithi073.stdout:/usr/bin/ceph: stderr
2024-04-25T11:51:19.636+0000 7f282ee44700 1 -- start start
2024-04-25T11:51:20.789 INFO:teuthology.orchestra.run.smithi073.stdout:/usr/bin/ceph: stderr
2024-04-25T11:51:19.636+0000 7f282ee44700 1 --2- >> [v2:172.21.15.73:3300/0,v1:172.21.15.73:6789/0] conn(0x7f2828108560 0x7f282819c4a0 unknown :-1 s=NONE pgs=0 cs=0 l=1 rev1=0 crypto rx=0 tx=0 comp rx=0 tx=0).connect
2024-04-25T11:51:20.789 INFO:teuthology.orchestra.run.smithi073.stdout:/usr/bin/ceph: stderr
2024-04-25T11:51:19.636+0000 7f282ee44700 1 -- --> [v2:172.21.15.73:3300/0,v1:172.21.15.73:6789/0] -- mon_getmap magic: 0 -- 0x7f282810cac0 con 0x7f2828108560
2024-04-25T11:51:20.790 INFO:teuthology.orchestra.run.smithi073.stdout:/usr/bin/ceph: stderr
2024-04-25T11:51:19.636+0000 7f282cbe0700 1 --2- >> [v2:172.21.15.73:3300/0,v1:172.21.15.73:6789/0] conn(0x7f2828108560 0x7f282819c4a0 unknown :-1 s=BANNER_CONNECTING pgs=0 cs=0 l=1 rev1=0 crypto rx=0 tx=0 comp rx=0 tx=0)._handle_peer_banner_payload supported=3 required=0
2024-04-25T11:51:20.790 INFO:teuthology.orchestra.run.smithi073.stdout:/usr/bin/ceph: stderr
2024-04-25T11:51:19.636+0000 7f282cbe0700 1 --2- >> [v2:172.21.15.73:3300/0,v1:172.21.15.73:6789/0] conn(0x7f2828108560 0x7f282819c4a0 unknown :-1 s=HELLO_CONNECTING pgs=0 cs=0 l=1 rev1=1 crypto rx=0 tx=0 comp rx=0 tx=0).handle_hello peer v2:172.21.15.73:3300/0 says I am v2:172.21.15.73:54080/0 (socket says 172.21.15.73:54080)
2024-04-25T11:51:20.790 INFO:teuthology.orchestra.run.smithi073.stdout:/usr/bin/ceph: stderr
2024-04-25T11:51:19.636+0000 7f282cbe0700 1 -- 172.21.15.73:0/1750285059 learned_addr learned my addr 172.21.15.73:0/1750285059 (peer_addr_for_me v2:172.21.15.73:0/0)
2024-04-25T11:51:20.790 INFO:teuthology.orchestra.run.smithi073.stdout:/usr/bin/ceph: stderr
2024-04-25T11:51:19.636+0000 7f282cbe0700 1 -- 172.21.15.73:0/1750285059 --> [v2:172.21.15.73:3300/0,v1:172.21.15.73:6789/0] -- mon_subscribe({config=0+,monmap=0+}) -- 0x7f282819c9e0 con 0x7f2828108560
2024-04-25T11:51:20.790 INFO:teuthology.orchestra.run.smithi073.stdout:/usr/bin/ceph: stderr
2024-04-25T11:51:19.636+0000 7f282cbe0700 1 --2- 172.21.15.73:0/1750285059 >> [v2:172.21.15.73:3300/0,v1:172.21.15.73:6789/0] conn(0x7f2828108560 0x7f282819c4a0 secure :-1 s=READY pgs=42 cs=0 l=1 rev1=1 crypto rx=0x7f2820004a60 tx=0x7f282000bd50 comp rx=0 tx=0).ready entity=mon.0 client_cookie=0 server_cookie=0 in_seq=0 out_seq=0
2024-04-25T11:51:20.790 INFO:teuthology.orchestra.run.smithi073.stdout:/usr/bin/ceph: stderr
2024-04-25T11:51:19.636+0000 7f2825ffb700 1 -- 172.21.15.73:0/1750285059 <== mon.0 v2:172.21.15.73:3300/0 1 ==== mon_map magic: 0 ==== 205+0+0 (secure 0 0 0) 0x7f2820020020 con 0x7f2828108560
2024-04-25T11:51:20.790 INFO:teuthology.orchestra.run.smithi073.stdout:/usr/bin/ceph: stderr
2024-04-25T11:51:19.636+0000 7f2825ffb700 1 -- 172.21.15.73:0/1750285059 <== mon.0 v2:172.21.15.73:3300/0 2 ==== config(26 keys) ==== 1070+0+0 (secure 0 0 0) 0x7f2820012430 con 0x7f2828108560
2024-04-25T11:51:20.790 INFO:teuthology.orchestra.run.smithi073.stdout:/usr/bin/ceph: stderr
2024-04-25T11:51:19.636+0000 7f282ee44700 1 -- 172.21.15.73:0/1750285059 --> [v2:172.21.15.73:3300/0,v1:172.21.15.73:6789/0] -- mon_subscribe({mgrmap=0+}) -- 0x7f282819cc70 con 0x7f2828108560
2024-04-25T11:51:20.790 INFO:teuthology.orchestra.run.smithi073.stdout:/usr/bin/ceph: stderr
2024-04-25T11:51:19.637+0000 7f2825ffb700 1 -- 172.21.15.73:0/1750285059 <== mon.0 v2:172.21.15.73:3300/0 3 ==== mon_map magic: 0 ==== 205+0+0 (secure 0 0 0) 0x7f2820017040 con 0x7f2828108560
2024-04-25T11:51:20.790 INFO:teuthology.orchestra.run.smithi073.stdout:/usr/bin/ceph: stderr
2024-04-25T11:51:19.637+0000 7f282ee44700 1 -- 172.21.15.73:0/1750285059 --> [v2:172.21.15.73:3300/0,v1:172.21.15.73:6789/0] -- mon_subscribe({osdmap=0}) -- 0x7f282819f960 con 0x7f2828108560
2024-04-25T11:51:20.790 INFO:teuthology.orchestra.run.smithi073.stdout:/usr/bin/ceph: stderr
2024-04-25T11:51:19.637+0000 7f2825ffb700 1 -- 172.21.15.73:0/1750285059 <== mon.0 v2:172.21.15.73:3300/0 4 ==== mgrmap(e 8) ==== 46558+0+0 (secure 0 0 0) 0x7f2820023020 con 0x7f2828108560
2024-04-25T11:51:20.790 INFO:teuthology.orchestra.run.smithi073.stdout:/usr/bin/ceph: stderr
2024-04-25T11:51:19.638+0000 7f282ee44700 1 -- 172.21.15.73:0/1750285059 --> [v2:172.21.15.73:3300/0,v1:172.21.15.73:6789/0] -- mon_command({"prefix": "get_command_descriptions"} v 0) -- 0x7f28280640a0 con 0x7f2828108560
2024-04-25T11:51:20.790 INFO:teuthology.orchestra.run.smithi073.stdout:/usr/bin/ceph: stderr
2024-04-25T11:51:19.638+0000 7f2825ffb700 1 --2- 172.21.15.73:0/1750285059 >> [v2:172.21.15.73:6800/3517725804,v1:172.21.15.73:6801/3517725804] conn(0x7f28140395b0 0x7f281403ba70 unknown :-1 s=NONE pgs=0 cs=0 l=1 rev1=0 crypto rx=0 tx=0 comp rx=0 tx=0).connect
2024-04-25T11:51:20.791 INFO:teuthology.orchestra.run.smithi073.stdout:/usr/bin/ceph: stderr
2024-04-25T11:51:19.638+0000 7f2825ffb700 1 -- 172.21.15.73:0/1750285059 <== mon.0 v2:172.21.15.73:3300/0 5 ==== osd_map(2..2 src has 1..2) ==== 940+0+0 (secure 0 0 0) 0x7f282000f050 con 0x7f2828108560
2024-04-25T11:51:20.791 INFO:teuthology.orchestra.run.smithi073.stdout:/usr/bin/ceph: stderr
2024-04-25T11:51:19.638+0000 7f2827fff700 1 --2- 172.21.15.73:0/1750285059 >> [v2:172.21.15.73:6800/3517725804,v1:172.21.15.73:6801/3517725804] conn(0x7f28140395b0 0x7f281403ba70 unknown :-1 s=BANNER_CONNECTING pgs=0 cs=0 l=1 rev1=0 crypto rx=0 tx=0 comp rx=0 tx=0)._handle_peer_banner_payload supported=3 required=0
2024-04-25T11:51:20.791 INFO:teuthology.orchestra.run.smithi073.stdout:/usr/bin/ceph: stderr
2024-04-25T11:51:19.638+0000 7f2827fff700 1 --2- 172.21.15.73:0/1750285059 >> [v2:172.21.15.73:6800/3517725804,v1:172.21.15.73:6801/3517725804] conn(0x7f28140395b0 0x7f281403ba70 secure :-1 s=READY pgs=9 cs=0 l=1 rev1=1 crypto rx=0x7f2810006fd0 tx=0x7f2810006e40 comp rx=0 tx=0).ready entity=mgr.14120 client_cookie=0 server_cookie=0 in_seq=0 out_seq=0
2024-04-25T11:51:20.791 INFO:teuthology.orchestra.run.smithi073.stdout:/usr/bin/ceph: stderr
2024-04-25T11:51:19.643+0000 7f2825ffb700 1 -- 172.21.15.73:0/1750285059 <== mon.0 v2:172.21.15.73:3300/0 6 ==== mon_command_ack([{"prefix": "get_command_descriptions"}]=0 v0) ==== 72+0+188370 (secure 0 0 0) 0x7f282002a020 con 0x7f2828108560
2024-04-25T11:51:20.791 INFO:teuthology.orchestra.run.smithi073.stdout:/usr/bin/ceph: stderr
2024-04-25T11:51:19.839+0000 7f282ee44700 1 -- 172.21.15.73:0/1750285059 --> [v2:172.21.15.73:6800/3517725804,v1:172.21.15.73:6801/3517725804] -- mgr_command(tid 0: {"prefix": "cephadm generate-key", "target": ["mon-mgr", ""]}) -- 0x7f2828104e00 con 0x7f28140395b0
2024-04-25T11:51:20.791 INFO:teuthology.orchestra.run.smithi073.stdout:/usr/bin/ceph: stderr
2024-04-25T11:51:20.219+0000 7f2825ffb700 1 -- 172.21.15.73:0/1750285059 <== mgr.14120 v2:172.21.15.73:6800/3517725804 1 ==== mgr_command_reply(tid 0: 0 ) ==== 8+0+0 (secure 0 0 0) 0x7f2828104e00 con 0x7f28140395b0
2024-04-25T11:51:20.791 INFO:teuthology.orchestra.run.smithi073.stdout:/usr/bin/ceph: stderr
2024-04-25T11:51:20.221+0000 7f282ee44700 1 -- 172.21.15.73:0/1750285059 >> [v2:172.21.15.73:6800/3517725804,v1:172.21.15.73:6801/3517725804] conn(0x7f28140395b0 msgr2=0x7f281403ba70 secure :-1 s=STATE_CONNECTION_ESTABLISHED l=1).mark_down
2024-04-25T11:51:20.791 INFO:teuthology.orchestra.run.smithi073.stdout:/usr/bin/ceph: stderr
2024-04-25T11:51:20.221+0000 7f282ee44700 1 --2- 172.21.15.73:0/1750285059 >> [v2:172.21.15.73:6800/3517725804,v1:172.21.15.73:6801/3517725804] conn(0x7f28140395b0 0x7f281403ba70 secure :-1 s=READY pgs=9 cs=0 l=1 rev1=1 crypto rx=0x7f2810006fd0 tx=0x7f2810006e40 comp rx=0 tx=0).stop
2024-04-25T11:51:20.791 INFO:teuthology.orchestra.run.smithi073.stdout:/usr/bin/ceph: stderr
2024-04-25T11:51:20.221+0000 7f282ee44700 1 -- 172.21.15.73:0/1750285059 >> [v2:172.21.15.73:3300/0,v1:172.21.15.73:6789/0] conn(0x7f2828108560 msgr2=0x7f282819c4a0 secure :-1 s=STATE_CONNECTION_ESTABLISHED l=1).mark_down
2024-04-25T11:51:20.791 INFO:teuthology.orchestra.run.smithi073.stdout:/usr/bin/ceph: stderr
2024-04-25T11:51:20.221+0000 7f282ee44700 1 --2- 172.21.15.73:0/1750285059 >> [v2:172.21.15.73:3300/0,v1:172.21.15.73:6789/0] conn(0x7f2828108560 0x7f282819c4a0 secure :-1 s=READY pgs=42 cs=0 l=1 rev1=1 crypto rx=0x7f2820004a60 tx=0x7f282000bd50 comp rx=0 tx=0).stop
2024-04-25T11:51:20.791 INFO:teuthology.orchestra.run.smithi073.stdout:/usr/bin/ceph: stderr
2024-04-25T11:51:20.222+0000 7f282ee44700 1 -- 172.21.15.73:0/1750285059 shutdown_connections
2024-04-25T11:51:20.791 INFO:teuthology.orchestra.run.smithi073.stdout:/usr/bin/ceph: stderr
2024-04-25T11:51:20.222+0000 7f282ee44700 1 --2- 172.21.15.73:0/1750285059 >> [v2:172.21.15.73:6800/3517725804,v1:172.21.15.73:6801/3517725804] conn(0x7f28140395b0 0x7f281403ba70 unknown :-1 s=CLOSED pgs=9 cs=0 l=1 rev1=1 crypto rx=0 tx=0 comp rx=0 tx=0).stop
2024-04-25T11:51:20.791 INFO:teuthology.orchestra.run.smithi073.stdout:/usr/bin/ceph: stderr
2024-04-25T11:51:20.222+0000 7f282ee44700 1 --2- 172.21.15.73:0/1750285059 >> [v2:172.21.15.73:3300/0,v1:172.21.15.73:6789/0] conn(0x7f2828108560 0x7f282819c4a0 unknown :-1 s=CLOSED pgs=42 cs=0 l=1 rev1=1 crypto rx=0 tx=0 comp rx=0 tx=0).stop
2024-04-25T11:51:20.792 INFO:teuthology.orchestra.run.smithi073.stdout:/usr/bin/ceph: stderr
2024-04-25T11:51:20.222+0000 7f282ee44700 1 -- 172.21.15.73:0/1750285059 >> 172.21.15.73:0/1750285059 conn(0x7f2828103b40 msgr2=0x7f28281046f0 unknown :-1 s=STATE_NONE l=0).mark_down
2024-04-25T11:51:20.792 INFO:teuthology.orchestra.run.smithi073.stdout:/usr/bin/ceph: stderr
2024-04-25T11:51:20.222+0000 7f282ee44700 1 -- 172.21.15.73:0/1750285059 shutdown_connections
2024-04-25T11:51:20.792 INFO:teuthology.orchestra.run.smithi073.stdout:/usr/bin/ceph: stderr
2024-04-25T11:51:20.222+0000 7f282ee44700 1 -- 172.21.15.73:0/1750285059 wait complete.
2024-04-25T11:51:21.417 INFO:journalctl@ceph.mon.a.smithi073.stdout:Apr 25 11:51:21 smithi073 ceph-mon[29711]: from='client.14136 -' entity='client.admin' cmd=[{"prefix": "cephadm generate-key", "target": ["mon-mgr", ""]}]: dispatch
2024-04-25T11:51:21.417 INFO:journalctl@ceph.mon.a.smithi073.stdout:Apr 25 11:51:21 smithi073 ceph-mon[29711]: Generating ssh key...
2024-04-25T11:51:21.955 INFO:teuthology.orchestra.run.smithi073.stdout:/usr/bin/ceph: stdout ssh-rsa AAAAB3NzaC1yc2EAAAADAQABAAABgQCqpE3Lfeh9FG2SXdku5oloukin8uY4AStB7W4OADLE+N0mNGwkyqrPIqJ3FtzmW8whDPEAqU/5anwZbejdz1FTYaHt2RXuSIx3LtgiNbBzskhiEdunqN2Bu5UJ7WyN3tTaMR3YG6Fp329dfnsM6tttKO+4l8QZvQdVffz5kPUiG2mmwcZI+aBU6x/DJngY1yalxVMxW0E1dAWXDoX1smWD+Rxaz9GDVPUBr8zf+UWkKrtvBnKgbpCxzMiNxEJoJizke5FLb5lGCjMfvtK5k9vssUNjLdHL1WsByCJGdjogmPf91USuXy60I/GJNMZE/s0+vjCRaCJC8UWf58yJcjUQxF/kAu+JLmu9XM4jFQC3znkLz2KMMzr/REwEyaTuNyMebsPNx/9ApOnlUpkRORJyCn82+KHZ9LdhXteO6oQSg2Pqp17ikjO1NUDGyd7cVxuJlg536vIQf9foBGXZfFjFEny4eCAY+1Ga20449mCEWgivOnKgmuc86FHhFMDiYwE= ceph-e24ce666-02f9-11ef-bc93-c7b262605968
2024-04-25T11:51:21.955 INFO:teuthology.orchestra.run.smithi073.stdout:/usr/bin/ceph: stderr
2024-04-25T11:51:21.221+0000 7f88f7bb6700 1 Processor -- start
2024-04-25T11:51:21.955 INFO:teuthology.orchestra.run.smithi073.stdout:/usr/bin/ceph: stderr
2024-04-25T11:51:21.221+0000 7f88f7bb6700 1 -- start start
2024-04-25T11:51:21.955 INFO:teuthology.orchestra.run.smithi073.stdout:/usr/bin/ceph: stderr
2024-04-25T11:51:21.221+0000 7f88f7bb6700 1 --2- >> [v2:172.21.15.73:3300/0,v1:172.21.15.73:6789/0] conn(0x7f88f007de40 0x7f88f007c2f0 unknown :-1 s=NONE pgs=0 cs=0 l=0 rev1=0 crypto rx=0 tx=0 comp rx=0 tx=0).connect
2024-04-25T11:51:21.955 INFO:teuthology.orchestra.run.smithi073.stdout:/usr/bin/ceph: stderr
2024-04-25T11:51:21.221+0000 7f88f7bb6700 1 -- --> [v2:172.21.15.73:3300/0,v1:172.21.15.73:6789/0] -- mon_getmap magic: 0 -- 0x7f88f007c830 con 0x7f88f007de40
2024-04-25T11:51:21.956 INFO:teuthology.orchestra.run.smithi073.stdout:/usr/bin/ceph: stderr
2024-04-25T11:51:21.221+0000 7f88f5952700 1 --2- >> [v2:172.21.15.73:3300/0,v1:172.21.15.73:6789/0] conn(0x7f88f007de40 0x7f88f007c2f0 unknown :-1 s=BANNER_CONNECTING pgs=0 cs=0 l=0 rev1=0 crypto rx=0 tx=0 comp rx=0 tx=0)._handle_peer_banner_payload supported=3 required=0
2024-04-25T11:51:21.956 INFO:teuthology.orchestra.run.smithi073.stdout:/usr/bin/ceph: stderr
2024-04-25T11:51:21.222+0000 7f88f5952700 1 --2- >> [v2:172.21.15.73:3300/0,v1:172.21.15.73:6789/0] conn(0x7f88f007de40 0x7f88f007c2f0 unknown :-1 s=HELLO_CONNECTING pgs=0 cs=0 l=0 rev1=1 crypto rx=0 tx=0 comp rx=0 tx=0).handle_hello peer v2:172.21.15.73:3300/0 says I am v2:172.21.15.73:54084/0 (socket says 172.21.15.73:54084)
2024-04-25T11:51:21.956 INFO:teuthology.orchestra.run.smithi073.stdout:/usr/bin/ceph: stderr
2024-04-25T11:51:21.222+0000 7f88f5952700 1 -- 172.21.15.73:0/1185853889 learned_addr learned my addr 172.21.15.73:0/1185853889 (peer_addr_for_me v2:172.21.15.73:0/0)
2024-04-25T11:51:21.956 INFO:teuthology.orchestra.run.smithi073.stdout:/usr/bin/ceph: stderr
2024-04-25T11:51:21.222+0000 7f88f5952700 1 -- 172.21.15.73:0/1185853889 --> [v2:172.21.15.73:3300/0,v1:172.21.15.73:6789/0] -- mon_subscribe({config=0+,monmap=0+}) -- 0x7f88f007c9b0 con 0x7f88f007de40
2024-04-25T11:51:21.956 INFO:teuthology.orchestra.run.smithi073.stdout:/usr/bin/ceph: stderr
2024-04-25T11:51:21.222+0000 7f88f5952700 1 --2- 172.21.15.73:0/1185853889 >> [v2:172.21.15.73:3300/0,v1:172.21.15.73:6789/0] conn(0x7f88f007de40 0x7f88f007c2f0 secure :-1 s=READY pgs=43 cs=0 l=1 rev1=1 crypto rx=0x7f88ec009e80 tx=0x7f88ec00b330 comp rx=0 tx=0).ready entity=mon.0 client_cookie=448a657d21f19a09 server_cookie=0 in_seq=0 out_seq=0
2024-04-25T11:51:21.956 INFO:teuthology.orchestra.run.smithi073.stdout:/usr/bin/ceph: stderr
2024-04-25T11:51:21.222+0000 7f88f4950700 1 -- 172.21.15.73:0/1185853889 <== mon.0 v2:172.21.15.73:3300/0 1 ==== mon_map magic: 0 ==== 205+0+0 (secure 0 0 0) 0x7f88ec017070 con 0x7f88f007de40
2024-04-25T11:51:21.956 INFO:teuthology.orchestra.run.smithi073.stdout:/usr/bin/ceph: stderr
2024-04-25T11:51:21.222+0000 7f88f4950700 1 -- 172.21.15.73:0/1185853889 <== mon.0 v2:172.21.15.73:3300/0 2 ==== config(26 keys) ==== 1070+0+0 (secure 0 0 0) 0x7f88ec00b8c0 con 0x7f88f007de40
2024-04-25T11:51:21.956 INFO:teuthology.orchestra.run.smithi073.stdout:/usr/bin/ceph: stderr
2024-04-25T11:51:21.222+0000 7f88f4950700 1 -- 172.21.15.73:0/1185853889 <== mon.0 v2:172.21.15.73:3300/0 3 ==== mon_map magic: 0 ==== 205+0+0 (secure 0 0 0) 0x7f88ec004490 con 0x7f88f007de40
2024-04-25T11:51:21.956 INFO:teuthology.orchestra.run.smithi073.stdout:/usr/bin/ceph: stderr
2024-04-25T11:51:21.223+0000 7f88f7bb6700 1 -- 172.21.15.73:0/1185853889 >> [v2:172.21.15.73:3300/0,v1:172.21.15.73:6789/0] conn(0x7f88f007de40 msgr2=0x7f88f007c2f0 secure :-1 s=STATE_CONNECTION_ESTABLISHED l=1).mark_down
2024-04-25T11:51:21.956 INFO:teuthology.orchestra.run.smithi073.stdout:/usr/bin/ceph: stderr
2024-04-25T11:51:21.223+0000 7f88f7bb6700 1 --2- 172.21.15.73:0/1185853889 >> [v2:172.21.15.73:3300/0,v1:172.21.15.73:6789/0] conn(0x7f88f007de40 0x7f88f007c2f0 secure :-1 s=READY pgs=43 cs=0 l=1 rev1=1 crypto rx=0x7f88ec009e80 tx=0x7f88ec00b330 comp rx=0 tx=0).stop
2024-04-25T11:51:21.956 INFO:teuthology.orchestra.run.smithi073.stdout:/usr/bin/ceph: stderr
2024-04-25T11:51:21.223+0000 7f88f7bb6700 1 -- 172.21.15.73:0/1185853889 shutdown_connections
2024-04-25T11:51:21.956 INFO:teuthology.orchestra.run.smithi073.stdout:/usr/bin/ceph: stderr
2024-04-25T11:51:21.223+0000 7f88f7bb6700 1 --2- 172.21.15.73:0/1185853889 >> [v2:172.21.15.73:3300/0,v1:172.21.15.73:6789/0] conn(0x7f88f007de40 0x7f88f007c2f0 unknown :-1 s=CLOSED pgs=43 cs=0 l=1 rev1=1 crypto rx=0 tx=0 comp rx=0 tx=0).stop
2024-04-25T11:51:21.957 INFO:teuthology.orchestra.run.smithi073.stdout:/usr/bin/ceph: stderr
2024-04-25T11:51:21.223+0000 7f88f7bb6700 1 -- 172.21.15.73:0/1185853889 >> 172.21.15.73:0/1185853889 conn(0x7f88f0103b40 msgr2=0x7f88f0105f60 unknown :-1 s=STATE_NONE l=0).mark_down
2024-04-25T11:51:21.957 INFO:teuthology.orchestra.run.smithi073.stdout:/usr/bin/ceph: stderr
2024-04-25T11:51:21.223+0000 7f88f7bb6700 1 -- 172.21.15.73:0/1185853889 shutdown_connections
2024-04-25T11:51:21.957 INFO:teuthology.orchestra.run.smithi073.stdout:/usr/bin/ceph: stderr
2024-04-25T11:51:21.223+0000 7f88f7bb6700 1 -- 172.21.15.73:0/1185853889 wait complete.
2024-04-25T11:51:21.957 INFO:teuthology.orchestra.run.smithi073.stdout:/usr/bin/ceph: stderr
2024-04-25T11:51:21.223+0000 7f88f7bb6700 1 Processor -- start
2024-04-25T11:51:21.957 INFO:teuthology.orchestra.run.smithi073.stdout:/usr/bin/ceph: stderr
2024-04-25T11:51:21.223+0000 7f88f7bb6700 1 -- start start
2024-04-25T11:51:21.957 INFO:teuthology.orchestra.run.smithi073.stdout:/usr/bin/ceph: stderr
2024-04-25T11:51:21.224+0000 7f88f7bb6700 1 --2- >> [v2:172.21.15.73:3300/0,v1:172.21.15.73:6789/0] conn(0x7f88f007de40 0x7f88f019e660 unknown :-1 s=NONE pgs=0 cs=0 l=1 rev1=0 crypto rx=0 tx=0 comp rx=0 tx=0).connect
2024-04-25T11:51:21.957 INFO:teuthology.orchestra.run.smithi073.stdout:/usr/bin/ceph: stderr
2024-04-25T11:51:21.224+0000 7f88f7bb6700 1 -- --> [v2:172.21.15.73:3300/0,v1:172.21.15.73:6789/0] -- mon_getmap magic: 0 -- 0x7f88f010ead0 con 0x7f88f007de40
2024-04-25T11:51:21.957 INFO:teuthology.orchestra.run.smithi073.stdout:/usr/bin/ceph: stderr
2024-04-25T11:51:21.224+0000 7f88f5952700 1 --2- >> [v2:172.21.15.73:3300/0,v1:172.21.15.73:6789/0] conn(0x7f88f007de40 0x7f88f019e660 unknown :-1 s=BANNER_CONNECTING pgs=0 cs=0 l=1 rev1=0 crypto rx=0 tx=0 comp rx=0 tx=0)._handle_peer_banner_payload supported=3 required=0
2024-04-25T11:51:21.957 INFO:teuthology.orchestra.run.smithi073.stdout:/usr/bin/ceph: stderr
2024-04-25T11:51:21.224+0000 7f88f5952700 1 --2- >> [v2:172.21.15.73:3300/0,v1:172.21.15.73:6789/0] conn(0x7f88f007de40 0x7f88f019e660 unknown :-1 s=HELLO_CONNECTING pgs=0 cs=0 l=1 rev1=1 crypto rx=0 tx=0 comp rx=0 tx=0).handle_hello peer v2:172.21.15.73:3300/0 says I am v2:172.21.15.73:54090/0 (socket says 172.21.15.73:54090)
2024-04-25T11:51:21.957 INFO:teuthology.orchestra.run.smithi073.stdout:/usr/bin/ceph: stderr
2024-04-25T11:51:21.224+0000 7f88f5952700 1 -- 172.21.15.73:0/1304085663 learned_addr learned my addr 172.21.15.73:0/1304085663 (peer_addr_for_me v2:172.21.15.73:0/0)
2024-04-25T11:51:21.957 INFO:teuthology.orchestra.run.smithi073.stdout:/usr/bin/ceph: stderr
2024-04-25T11:51:21.224+0000 7f88f5952700 1 -- 172.21.15.73:0/1304085663 --> [v2:172.21.15.73:3300/0,v1:172.21.15.73:6789/0] -- mon_subscribe({config=0+,monmap=0+}) -- 0x7f88f019eba0 con 0x7f88f007de40
2024-04-25T11:51:21.957 INFO:teuthology.orchestra.run.smithi073.stdout:/usr/bin/ceph: stderr
2024-04-25T11:51:21.224+0000 7f88f5952700 1 --2- 172.21.15.73:0/1304085663 >> [v2:172.21.15.73:3300/0,v1:172.21.15.73:6789/0] conn(0x7f88f007de40 0x7f88f019e660 secure :-1 s=READY pgs=44 cs=0 l=1 rev1=1 crypto rx=0x7f88ec00b7b0 tx=0x7f88ec00bdc0 comp rx=0 tx=0).ready entity=mon.0 client_cookie=0 server_cookie=0 in_seq=0 out_seq=0
2024-04-25T11:51:21.957 INFO:teuthology.orchestra.run.smithi073.stdout:/usr/bin/ceph: stderr
2024-04-25T11:51:21.224+0000 7f88e6ffd700 1 -- 172.21.15.73:0/1304085663 <== mon.0 v2:172.21.15.73:3300/0 1 ==== mon_map magic: 0 ==== 205+0+0 (secure 0 0 0) 0x7f88ec020020 con 0x7f88f007de40
2024-04-25T11:51:21.957 INFO:teuthology.orchestra.run.smithi073.stdout:/usr/bin/ceph: stderr
2024-04-25T11:51:21.224+0000 7f88e6ffd700 1 -- 172.21.15.73:0/1304085663 <== mon.0 v2:172.21.15.73:3300/0 2 ==== config(26 keys) ==== 1070+0+0 (secure 0 0 0) 0x7f88ec012430 con 0x7f88f007de40
2024-04-25T11:51:21.958 INFO:teuthology.orchestra.run.smithi073.stdout:/usr/bin/ceph: stderr
2024-04-25T11:51:21.224+0000 7f88f7bb6700 1 -- 172.21.15.73:0/1304085663 --> [v2:172.21.15.73:3300/0,v1:172.21.15.73:6789/0] -- mon_subscribe({mgrmap=0+}) -- 0x7f88f019ee30 con 0x7f88f007de40
2024-04-25T11:51:21.958 INFO:teuthology.orchestra.run.smithi073.stdout:/usr/bin/ceph: stderr
2024-04-25T11:51:21.224+0000 7f88e6ffd700 1 -- 172.21.15.73:0/1304085663 <== mon.0 v2:172.21.15.73:3300/0 3 ==== mon_map magic: 0 ==== 205+0+0 (secure 0 0 0) 0x7f88ec017040 con 0x7f88f007de40
2024-04-25T11:51:21.958 INFO:teuthology.orchestra.run.smithi073.stdout:/usr/bin/ceph: stderr
2024-04-25T11:51:21.224+0000 7f88f7bb6700 1 -- 172.21.15.73:0/1304085663 --> [v2:172.21.15.73:3300/0,v1:172.21.15.73:6789/0] -- mon_subscribe({osdmap=0}) -- 0x7f88f01a1b20 con 0x7f88f007de40
2024-04-25T11:51:21.958 INFO:teuthology.orchestra.run.smithi073.stdout:/usr/bin/ceph: stderr
2024-04-25T11:51:21.225+0000 7f88e6ffd700 1 -- 172.21.15.73:0/1304085663 <== mon.0 v2:172.21.15.73:3300/0 4 ==== mgrmap(e 8) ==== 46558+0+0 (secure 0 0 0) 0x7f88ec023020 con 0x7f88f007de40
2024-04-25T11:51:21.958 INFO:teuthology.orchestra.run.smithi073.stdout:/usr/bin/ceph: stderr
2024-04-25T11:51:21.225+0000 7f88e6ffd700 1 --2- 172.21.15.73:0/1304085663 >> [v2:172.21.15.73:6800/3517725804,v1:172.21.15.73:6801/3517725804] conn(0x7f88dc039560 0x7f88dc03ba20 unknown :-1 s=NONE pgs=0 cs=0 l=1 rev1=0 crypto rx=0 tx=0 comp rx=0 tx=0).connect
2024-04-25T11:51:21.958 INFO:teuthology.orchestra.run.smithi073.stdout:/usr/bin/ceph: stderr
2024-04-25T11:51:21.225+0000 7f88e6ffd700 1 -- 172.21.15.73:0/1304085663 <== mon.0 v2:172.21.15.73:3300/0 5 ==== osd_map(2..2 src has 1..2) ==== 940+0+0 (secure 0 0 0) 0x7f88ec00f050 con 0x7f88f007de40
2024-04-25T11:51:21.958 INFO:teuthology.orchestra.run.smithi073.stdout:/usr/bin/ceph: stderr
2024-04-25T11:51:21.225+0000 7f88f5151700 1 --2- 172.21.15.73:0/1304085663 >> [v2:172.21.15.73:6800/3517725804,v1:172.21.15.73:6801/3517725804] conn(0x7f88dc039560 0x7f88dc03ba20 unknown :-1 s=BANNER_CONNECTING pgs=0 cs=0 l=1 rev1=0 crypto rx=0 tx=0 comp rx=0 tx=0)._handle_peer_banner_payload supported=3 required=0
2024-04-25T11:51:21.958 INFO:teuthology.orchestra.run.smithi073.stdout:/usr/bin/ceph: stderr
2024-04-25T11:51:21.225+0000 7f88f7bb6700 1 -- 172.21.15.73:0/1304085663 --> [v2:172.21.15.73:3300/0,v1:172.21.15.73:6789/0] -- mon_command({"prefix": "get_command_descriptions"} v 0) -- 0x7f88f00640a0 con 0x7f88f007de40
2024-04-25T11:51:21.958 INFO:teuthology.orchestra.run.smithi073.stdout:/usr/bin/ceph: stderr
2024-04-25T11:51:21.226+0000 7f88f5151700 1 --2- 172.21.15.73:0/1304085663 >> [v2:172.21.15.73:6800/3517725804,v1:172.21.15.73:6801/3517725804] conn(0x7f88dc039560 0x7f88dc03ba20 secure :-1 s=READY pgs=10 cs=0 l=1 rev1=1 crypto rx=0x7f88e0006fd0 tx=0x7f88e0006e40 comp rx=0 tx=0).ready entity=mgr.14120 client_cookie=0 server_cookie=0 in_seq=0 out_seq=0
2024-04-25T11:51:21.958 INFO:teuthology.orchestra.run.smithi073.stdout:/usr/bin/ceph: stderr
2024-04-25T11:51:21.230+0000 7f88e6ffd700 1 -- 172.21.15.73:0/1304085663 <== mon.0 v2:172.21.15.73:3300/0 6 ==== mon_command_ack([{"prefix": "get_command_descriptions"}]=0 v0) ==== 72+0+188370 (secure 0 0 0) 0x7f88ec02a020 con 0x7f88f007de40
2024-04-25T11:51:21.958 INFO:teuthology.orchestra.run.smithi073.stdout:/usr/bin/ceph: stderr
2024-04-25T11:51:21.432+0000 7f88f7bb6700 1 -- 172.21.15.73:0/1304085663 --> [v2:172.21.15.73:6800/3517725804,v1:172.21.15.73:6801/3517725804] -- mgr_command(tid 0: {"prefix": "cephadm get-pub-key", "target": ["mon-mgr", ""]}) -- 0x7f88f0104db0 con 0x7f88dc039560
2024-04-25T11:51:21.958 INFO:teuthology.orchestra.run.smithi073.stdout:/usr/bin/ceph: stderr
2024-04-25T11:51:21.433+0000 7f88e6ffd700 1 -- 172.21.15.73:0/1304085663 <== mgr.14120 v2:172.21.15.73:6800/3517725804 1 ==== mgr_command_reply(tid 0: 0 ) ==== 8+0+595 (secure 0 0 0) 0x7f88f0104db0 con 0x7f88dc039560
2024-04-25T11:51:21.959 INFO:teuthology.orchestra.run.smithi073.stdout:/usr/bin/ceph: stderr
2024-04-25T11:51:21.435+0000 7f88f7bb6700 1 -- 172.21.15.73:0/1304085663 >> [v2:172.21.15.73:6800/3517725804,v1:172.21.15.73:6801/3517725804] conn(0x7f88dc039560 msgr2=0x7f88dc03ba20 secure :-1 s=STATE_CONNECTION_ESTABLISHED l=1).mark_down
2024-04-25T11:51:21.959 INFO:teuthology.orchestra.run.smithi073.stdout:/usr/bin/ceph: stderr
2024-04-25T11:51:21.435+0000 7f88f7bb6700 1 --2- 172.21.15.73:0/1304085663 >> [v2:172.21.15.73:6800/3517725804,v1:172.21.15.73:6801/3517725804] conn(0x7f88dc039560 0x7f88dc03ba20 secure :-1 s=READY pgs=10 cs=0 l=1 rev1=1 crypto rx=0x7f88e0006fd0 tx=0x7f88e0006e40 comp rx=0 tx=0).stop
2024-04-25T11:51:21.959 INFO:teuthology.orchestra.run.smithi073.stdout:/usr/bin/ceph: stderr
2024-04-25T11:51:21.435+0000 7f88f7bb6700 1 -- 172.21.15.73:0/1304085663 >> [v2:172.21.15.73:3300/0,v1:172.21.15.73:6789/0] conn(0x7f88f007de40 msgr2=0x7f88f019e660 secure :-1 s=STATE_CONNECTION_ESTABLISHED l=1).mark_down
2024-04-25T11:51:21.959 INFO:teuthology.orchestra.run.smithi073.stdout:/usr/bin/ceph: stderr
2024-04-25T11:51:21.435+0000 7f88f7bb6700 1 --2- 172.21.15.73:0/1304085663 >> [v2:172.21.15.73:3300/0,v1:172.21.15.73:6789/0] conn(0x7f88f007de40 0x7f88f019e660 secure :-1 s=READY pgs=44 cs=0 l=1 rev1=1 crypto rx=0x7f88ec00b7b0 tx=0x7f88ec00bdc0 comp rx=0 tx=0).stop
2024-04-25T11:51:21.959 INFO:teuthology.orchestra.run.smithi073.stdout:/usr/bin/ceph: stderr
2024-04-25T11:51:21.435+0000 7f88f7bb6700 1 -- 172.21.15.73:0/1304085663 shutdown_connections
2024-04-25T11:51:21.959 INFO:teuthology.orchestra.run.smithi073.stdout:/usr/bin/ceph: stderr
2024-04-25T11:51:21.435+0000 7f88f7bb6700 1 --2- 172.21.15.73:0/1304085663 >> [v2:172.21.15.73:6800/3517725804,v1:172.21.15.73:6801/3517725804] conn(0x7f88dc039560 0x7f88dc03ba20 unknown :-1 s=CLOSED pgs=10 cs=0 l=1 rev1=1 crypto rx=0 tx=0 comp rx=0 tx=0).stop
2024-04-25T11:51:21.959 INFO:teuthology.orchestra.run.smithi073.stdout:/usr/bin/ceph: stderr
2024-04-25T11:51:21.435+0000 7f88f7bb6700 1 --2- 172.21.15.73:0/1304085663 >> [v2:172.21.15.73:3300/0,v1:172.21.15.73:6789/0] conn(0x7f88f007de40 0x7f88f019e660 unknown :-1 s=CLOSED pgs=44 cs=0 l=1 rev1=1 crypto rx=0 tx=0 comp rx=0 tx=0).stop
2024-04-25T11:51:21.959 INFO:teuthology.orchestra.run.smithi073.stdout:/usr/bin/ceph: stderr
2024-04-25T11:51:21.435+0000 7f88f7bb6700 1 -- 172.21.15.73:0/1304085663 >> 172.21.15.73:0/1304085663 conn(0x7f88f0103b40 msgr2=0x7f88f01046a0 unknown :-1 s=STATE_NONE l=0).mark_down
2024-04-25T11:51:21.959 INFO:teuthology.orchestra.run.smithi073.stdout:/usr/bin/ceph: stderr
2024-04-25T11:51:21.435+0000 7f88f7bb6700 1 -- 172.21.15.73:0/1304085663 shutdown_connections
2024-04-25T11:51:21.959 INFO:teuthology.orchestra.run.smithi073.stdout:/usr/bin/ceph: stderr
2024-04-25T11:51:21.435+0000 7f88f7bb6700 1 -- 172.21.15.73:0/1304085663 wait complete.
2024-04-25T11:51:21.959 INFO:teuthology.orchestra.run.smithi073.stdout:Wrote public SSH key to /home/ubuntu/cephtest/ceph.pub
2024-04-25T11:51:21.959 INFO:teuthology.orchestra.run.smithi073.stdout:Adding key to root@localhost authorized_keys...
2024-04-25T11:51:21.959 INFO:teuthology.orchestra.run.smithi073.stdout:Adding host smithi073...
2024-04-25T11:51:22.717 INFO:journalctl@ceph.mon.a.smithi073.stdout:Apr 25 11:51:22 smithi073 ceph-mon[29711]: from='client.14138 -' entity='client.admin' cmd=[{"prefix": "cephadm get-pub-key", "target": ["mon-mgr", ""]}]: dispatch
2024-04-25T11:51:23.576 INFO:journalctl@ceph.mon.a.smithi073.stdout:Apr 25 11:51:23 smithi073 ceph-mon[29711]: from='client.14140 -' entity='client.admin' cmd=[{"prefix": "orch host add", "hostname": "smithi073", "addr": "172.21.15.73", "target": ["mon-mgr", ""]}]: dispatch
2024-04-25T11:51:23.577 INFO:journalctl@ceph.mon.a.smithi073.stdout:Apr 25 11:51:23 smithi073 ceph-mon[29711]: Deploying cephadm binary to smithi073
2024-04-25T11:51:27.185 INFO:teuthology.orchestra.run.smithi073.stdout:/usr/bin/ceph: stdout Added host 'smithi073' with addr '172.21.15.73'
2024-04-25T11:51:27.185 INFO:teuthology.orchestra.run.smithi073.stdout:/usr/bin/ceph: stderr
2024-04-25T11:51:22.372+0000 7f9bc57f7700 1 Processor -- start
2024-04-25T11:51:27.185 INFO:teuthology.orchestra.run.smithi073.stdout:/usr/bin/ceph: stderr
2024-04-25T11:51:22.372+0000 7f9bc57f7700 1 -- start start
2024-04-25T11:51:27.185 INFO:teuthology.orchestra.run.smithi073.stdout:/usr/bin/ceph: stderr
2024-04-25T11:51:22.372+0000 7f9bc57f7700 1 --2- >> [v2:172.21.15.73:3300/0,v1:172.21.15.73:6789/0] conn(0x7f9bc0107930 0x7f9bc0107d50 unknown :-1 s=NONE pgs=0 cs=0 l=0 rev1=0 crypto rx=0 tx=0 comp rx=0 tx=0).connect
2024-04-25T11:51:27.185 INFO:teuthology.orchestra.run.smithi073.stdout:/usr/bin/ceph: stderr
2024-04-25T11:51:22.372+0000 7f9bc57f7700 1 -- --> [v2:172.21.15.73:3300/0,v1:172.21.15.73:6789/0] -- mon_getmap magic: 0 -- 0x7f9bc0108320 con 0x7f9bc0107930
2024-04-25T11:51:27.185 INFO:teuthology.orchestra.run.smithi073.stdout:/usr/bin/ceph: stderr
2024-04-25T11:51:22.372+0000 7f9bbeffd700 1 --2- >> [v2:172.21.15.73:3300/0,v1:172.21.15.73:6789/0] conn(0x7f9bc0107930 0x7f9bc0107d50 unknown :-1 s=BANNER_CONNECTING pgs=0 cs=0 l=0 rev1=0 crypto rx=0 tx=0 comp rx=0 tx=0)._handle_peer_banner_payload supported=3 required=0
2024-04-25T11:51:27.185 INFO:teuthology.orchestra.run.smithi073.stdout:/usr/bin/ceph: stderr
2024-04-25T11:51:22.372+0000 7f9bbeffd700 1 --2- >> [v2:172.21.15.73:3300/0,v1:172.21.15.73:6789/0] conn(0x7f9bc0107930 0x7f9bc0107d50 unknown :-1 s=HELLO_CONNECTING pgs=0 cs=0 l=0 rev1=1 crypto rx=0 tx=0 comp rx=0 tx=0).handle_hello peer v2:172.21.15.73:3300/0 says I am v2:172.21.15.73:54092/0 (socket says 172.21.15.73:54092)
2024-04-25T11:51:27.186 INFO:teuthology.orchestra.run.smithi073.stdout:/usr/bin/ceph: stderr
2024-04-25T11:51:22.372+0000 7f9bbeffd700 1 -- 172.21.15.73:0/4113061276 learned_addr learned my addr 172.21.15.73:0/4113061276 (peer_addr_for_me v2:172.21.15.73:0/0)
2024-04-25T11:51:27.186 INFO:teuthology.orchestra.run.smithi073.stdout:/usr/bin/ceph: stderr
2024-04-25T11:51:22.372+0000 7f9bbeffd700 1 -- 172.21.15.73:0/4113061276 --> [v2:172.21.15.73:3300/0,v1:172.21.15.73:6789/0] -- mon_subscribe({config=0+,monmap=0+}) -- 0x7f9bc0108650 con 0x7f9bc0107930
2024-04-25T11:51:27.186 INFO:teuthology.orchestra.run.smithi073.stdout:/usr/bin/ceph: stderr
2024-04-25T11:51:22.373+0000 7f9bbeffd700 1 --2- 172.21.15.73:0/4113061276 >> [v2:172.21.15.73:3300/0,v1:172.21.15.73:6789/0] conn(0x7f9bc0107930 0x7f9bc0107d50 secure :-1 s=READY pgs=45 cs=0 l=1 rev1=1 crypto rx=0x7f9bb00098a0 tx=0x7f9bb0009bb0 comp rx=0 tx=0).ready entity=mon.0 client_cookie=1a78a00b60c482a1 server_cookie=0 in_seq=0 out_seq=0
2024-04-25T11:51:27.186 INFO:teuthology.orchestra.run.smithi073.stdout:/usr/bin/ceph: stderr
2024-04-25T11:51:22.373+0000 7f9bbdffb700 1 -- 172.21.15.73:0/4113061276 <== mon.0 v2:172.21.15.73:3300/0 1 ==== mon_map magic: 0 ==== 205+0+0 (secure 0 0 0) 0x7f9bb0004160 con 0x7f9bc0107930
2024-04-25T11:51:27.186 INFO:teuthology.orchestra.run.smithi073.stdout:/usr/bin/ceph: stderr
2024-04-25T11:51:22.373+0000 7f9bbdffb700 1 -- 172.21.15.73:0/4113061276 <== mon.0 v2:172.21.15.73:3300/0 2 ==== config(26 keys) ==== 1070+0+0 (secure 0 0 0) 0x7f9bb0004300 con 0x7f9bc0107930
2024-04-25T11:51:27.186 INFO:teuthology.orchestra.run.smithi073.stdout:/usr/bin/ceph: stderr
2024-04-25T11:51:22.373+0000 7f9bbdffb700 1 -- 172.21.15.73:0/4113061276 <== mon.0 v2:172.21.15.73:3300/0 3 ==== mon_map magic: 0 ==== 205+0+0 (secure 0 0 0) 0x7f9bb0011af0 con 0x7f9bc0107930
2024-04-25T11:51:27.186 INFO:teuthology.orchestra.run.smithi073.stdout:/usr/bin/ceph: stderr
2024-04-25T11:51:22.373+0000 7f9bc57f7700 1 -- 172.21.15.73:0/4113061276 >> [v2:172.21.15.73:3300/0,v1:172.21.15.73:6789/0] conn(0x7f9bc0107930 msgr2=0x7f9bc0107d50 secure :-1 s=STATE_CONNECTION_ESTABLISHED l=1).mark_down
2024-04-25T11:51:27.186 INFO:teuthology.orchestra.run.smithi073.stdout:/usr/bin/ceph: stderr
2024-04-25T11:51:22.373+0000 7f9bc57f7700 1 --2- 172.21.15.73:0/4113061276 >> [v2:172.21.15.73:3300/0,v1:172.21.15.73:6789/0] conn(0x7f9bc0107930 0x7f9bc0107d50 secure :-1 s=READY pgs=45 cs=0 l=1 rev1=1 crypto rx=0x7f9bb00098a0 tx=0x7f9bb0009bb0 comp rx=0 tx=0).stop
2024-04-25T11:51:27.186 INFO:teuthology.orchestra.run.smithi073.stdout:/usr/bin/ceph: stderr
2024-04-25T11:51:22.373+0000 7f9bc57f7700 1 -- 172.21.15.73:0/4113061276 shutdown_connections
2024-04-25T11:51:27.186 INFO:teuthology.orchestra.run.smithi073.stdout:/usr/bin/ceph: stderr
2024-04-25T11:51:22.373+0000 7f9bc57f7700 1 --2- 172.21.15.73:0/4113061276 >> [v2:172.21.15.73:3300/0,v1:172.21.15.73:6789/0] conn(0x7f9bc0107930 0x7f9bc0107d50 unknown :-1 s=CLOSED pgs=45 cs=0 l=1 rev1=1 crypto rx=0 tx=0 comp rx=0 tx=0).stop
2024-04-25T11:51:27.186 INFO:teuthology.orchestra.run.smithi073.stdout:/usr/bin/ceph: stderr
2024-04-25T11:51:22.373+0000 7f9bc57f7700 1 -- 172.21.15.73:0/4113061276 >> 172.21.15.73:0/4113061276 conn(0x7f9bc0102150 msgr2=0x7f9bc0104590 unknown :-1 s=STATE_NONE l=0).mark_down
2024-04-25T11:51:27.186 INFO:teuthology.orchestra.run.smithi073.stdout:/usr/bin/ceph: stderr
2024-04-25T11:51:22.373+0000 7f9bc57f7700 1 -- 172.21.15.73:0/4113061276 shutdown_connections
2024-04-25T11:51:27.187 INFO:teuthology.orchestra.run.smithi073.stdout:/usr/bin/ceph: stderr
2024-04-25T11:51:22.373+0000 7f9bc57f7700 1 -- 172.21.15.73:0/4113061276 wait complete.
2024-04-25T11:51:27.187 INFO:teuthology.orchestra.run.smithi073.stdout:/usr/bin/ceph: stderr
2024-04-25T11:51:22.374+0000 7f9bc57f7700 1 Processor -- start
2024-04-25T11:51:27.187 INFO:teuthology.orchestra.run.smithi073.stdout:/usr/bin/ceph: stderr
2024-04-25T11:51:22.374+0000 7f9bc57f7700 1 -- start start
2024-04-25T11:51:27.187 INFO:teuthology.orchestra.run.smithi073.stdout:/usr/bin/ceph: stderr
2024-04-25T11:51:22.374+0000 7f9bc57f7700 1 --2- >> [v2:172.21.15.73:3300/0,v1:172.21.15.73:6789/0] conn(0x7f9bc0107930 0x7f9bc019c4a0 unknown :-1 s=NONE pgs=0 cs=0 l=1 rev1=0 crypto rx=0 tx=0 comp rx=0 tx=0).connect
2024-04-25T11:51:27.187 INFO:teuthology.orchestra.run.smithi073.stdout:/usr/bin/ceph: stderr
2024-04-25T11:51:22.374+0000 7f9bc57f7700 1 -- --> [v2:172.21.15.73:3300/0,v1:172.21.15.73:6789/0] -- mon_getmap magic: 0 -- 0x7f9bc010ba00 con 0x7f9bc0107930
2024-04-25T11:51:27.187 INFO:teuthology.orchestra.run.smithi073.stdout:/usr/bin/ceph: stderr
2024-04-25T11:51:22.374+0000 7f9bbeffd700 1 --2- >> [v2:172.21.15.73:3300/0,v1:172.21.15.73:6789/0] conn(0x7f9bc0107930 0x7f9bc019c4a0 unknown :-1 s=BANNER_CONNECTING pgs=0 cs=0 l=1 rev1=0 crypto rx=0 tx=0 comp rx=0 tx=0)._handle_peer_banner_payload supported=3 required=0
2024-04-25T11:51:27.187 INFO:teuthology.orchestra.run.smithi073.stdout:/usr/bin/ceph: stderr
2024-04-25T11:51:22.374+0000 7f9bbeffd700 1 --2- >> [v2:172.21.15.73:3300/0,v1:172.21.15.73:6789/0] conn(0x7f9bc0107930 0x7f9bc019c4a0 unknown :-1 s=HELLO_CONNECTING pgs=0 cs=0 l=1 rev1=1 crypto rx=0 tx=0 comp rx=0 tx=0).handle_hello peer v2:172.21.15.73:3300/0 says I am v2:172.21.15.73:54098/0 (socket says 172.21.15.73:54098)
2024-04-25T11:51:27.187 INFO:teuthology.orchestra.run.smithi073.stdout:/usr/bin/ceph: stderr
2024-04-25T11:51:22.374+0000 7f9bbeffd700 1 -- 172.21.15.73:0/2991613346 learned_addr learned my addr 172.21.15.73:0/2991613346 (peer_addr_for_me v2:172.21.15.73:0/0)
2024-04-25T11:51:27.187 INFO:teuthology.orchestra.run.smithi073.stdout:/usr/bin/ceph: stderr
2024-04-25T11:51:22.375+0000 7f9bbeffd700 1 -- 172.21.15.73:0/2991613346 --> [v2:172.21.15.73:3300/0,v1:172.21.15.73:6789/0] -- mon_subscribe({config=0+,monmap=0+}) -- 0x7f9bc019c9e0 con 0x7f9bc0107930
2024-04-25T11:51:27.187 INFO:teuthology.orchestra.run.smithi073.stdout:/usr/bin/ceph: stderr
2024-04-25T11:51:22.375+0000 7f9bbeffd700 1 --2- 172.21.15.73:0/2991613346 >> [v2:172.21.15.73:3300/0,v1:172.21.15.73:6789/0] conn(0x7f9bc0107930 0x7f9bc019c4a0 secure :-1 s=READY pgs=46 cs=0 l=1 rev1=1 crypto rx=0x7f9bb0011ac0 tx=0x7f9bb0011ba0 comp rx=0 tx=0).ready entity=mon.0 client_cookie=0 server_cookie=0 in_seq=0 out_seq=0
2024-04-25T11:51:27.187 INFO:teuthology.orchestra.run.smithi073.stdout:/usr/bin/ceph: stderr
2024-04-25T11:51:22.375+0000 7f9ba7fff700 1 -- 172.21.15.73:0/2991613346 <== mon.0 v2:172.21.15.73:3300/0 1 ==== mon_map magic: 0 ==== 205+0+0 (secure 0 0 0) 0x7f9bb0003b20 con 0x7f9bc0107930
2024-04-25T11:51:27.187 INFO:teuthology.orchestra.run.smithi073.stdout:/usr/bin/ceph: stderr
2024-04-25T11:51:22.375+0000 7f9ba7fff700 1 -- 172.21.15.73:0/2991613346 <== mon.0 v2:172.21.15.73:3300/0 2 ==== config(26 keys) ==== 1070+0+0 (secure 0 0 0) 0x7f9bb001a8c0 con 0x7f9bc0107930
2024-04-25T11:51:27.187 INFO:teuthology.orchestra.run.smithi073.stdout:/usr/bin/ceph: stderr
2024-04-25T11:51:22.375+0000 7f9ba7fff700 1 -- 172.21.15.73:0/2991613346 <== mon.0 v2:172.21.15.73:3300/0 3 ==== mon_map magic: 0 ==== 205+0+0 (secure 0 0 0) 0x7f9bb00248d0 con 0x7f9bc0107930
2024-04-25T11:51:27.187 INFO:teuthology.orchestra.run.smithi073.stdout:/usr/bin/ceph: stderr
2024-04-25T11:51:22.375+0000 7f9bc57f7700 1 -- 172.21.15.73:0/2991613346 --> [v2:172.21.15.73:3300/0,v1:172.21.15.73:6789/0] -- mon_subscribe({mgrmap=0+}) -- 0x7f9bc019cc70 con 0x7f9bc0107930
2024-04-25T11:51:27.188 INFO:teuthology.orchestra.run.smithi073.stdout:/usr/bin/ceph: stderr
2024-04-25T11:51:22.375+0000 7f9bc57f7700 1 -- 172.21.15.73:0/2991613346 --> [v2:172.21.15.73:3300/0,v1:172.21.15.73:6789/0] -- mon_subscribe({osdmap=0}) -- 0x7f9bc019f960 con 0x7f9bc0107930
2024-04-25T11:51:27.188 INFO:teuthology.orchestra.run.smithi073.stdout:/usr/bin/ceph: stderr
2024-04-25T11:51:22.376+0000 7f9ba7fff700 1 -- 172.21.15.73:0/2991613346 <== mon.0 v2:172.21.15.73:3300/0 4 ==== mgrmap(e 8) ==== 46558+0+0 (secure 0 0 0) 0x7f9bb0022020 con 0x7f9bc0107930
2024-04-25T11:51:27.188 INFO:teuthology.orchestra.run.smithi073.stdout:/usr/bin/ceph: stderr
2024-04-25T11:51:22.376+0000 7f9bc57f7700 1 -- 172.21.15.73:0/2991613346 --> [v2:172.21.15.73:3300/0,v1:172.21.15.73:6789/0] -- mon_command({"prefix": "get_command_descriptions"} v 0) -- 0x7f9bc00640a0 con 0x7f9bc0107930
2024-04-25T11:51:27.188 INFO:teuthology.orchestra.run.smithi073.stdout:/usr/bin/ceph: stderr
2024-04-25T11:51:22.376+0000 7f9ba7fff700 1 --2- 172.21.15.73:0/2991613346 >> [v2:172.21.15.73:6800/3517725804,v1:172.21.15.73:6801/3517725804] conn(0x7f9ba8039600 0x7f9ba803bac0 unknown :-1 s=NONE pgs=0 cs=0 l=1 rev1=0 crypto rx=0 tx=0 comp rx=0 tx=0).connect
2024-04-25T11:51:27.188 INFO:teuthology.orchestra.run.smithi073.stdout:/usr/bin/ceph: stderr
2024-04-25T11:51:22.376+0000 7f9ba7fff700 1 -- 172.21.15.73:0/2991613346 <== mon.0 v2:172.21.15.73:3300/0 5 ==== osd_map(2..2 src has 1..2) ==== 940+0+0 (secure 0 0 0) 0x7f9bb004da10 con 0x7f9bc0107930
2024-04-25T11:51:27.188 INFO:teuthology.orchestra.run.smithi073.stdout:/usr/bin/ceph: stderr
2024-04-25T11:51:22.376+0000 7f9bbe7fc700 1 --2- 172.21.15.73:0/2991613346 >> [v2:172.21.15.73:6800/3517725804,v1:172.21.15.73:6801/3517725804] conn(0x7f9ba8039600 0x7f9ba803bac0 unknown :-1 s=BANNER_CONNECTING pgs=0 cs=0 l=1 rev1=0 crypto rx=0 tx=0 comp rx=0 tx=0)._handle_peer_banner_payload supported=3 required=0
2024-04-25T11:51:27.188 INFO:teuthology.orchestra.run.smithi073.stdout:/usr/bin/ceph: stderr
2024-04-25T11:51:22.376+0000 7f9bbe7fc700 1 --2- 172.21.15.73:0/2991613346 >> [v2:172.21.15.73:6800/3517725804,v1:172.21.15.73:6801/3517725804] conn(0x7f9ba8039600 0x7f9ba803bac0 secure :-1 s=READY pgs=11 cs=0 l=1 rev1=1 crypto rx=0x7f9bb4006fd0 tx=0x7f9bb4006e40 comp rx=0 tx=0).ready entity=mgr.14120 client_cookie=0 server_cookie=0 in_seq=0 out_seq=0
2024-04-25T11:51:27.188 INFO:teuthology.orchestra.run.smithi073.stdout:/usr/bin/ceph: stderr
2024-04-25T11:51:22.381+0000 7f9ba7fff700 1 -- 172.21.15.73:0/2991613346 <== mon.0 v2:172.21.15.73:3300/0 6 ==== mon_command_ack([{"prefix": "get_command_descriptions"}]=0 v0) ==== 72+0+188370 (secure 0 0 0) 0x7f9bb001ade0 con 0x7f9bc0107930
2024-04-25T11:51:27.188 INFO:teuthology.orchestra.run.smithi073.stdout:/usr/bin/ceph: stderr
2024-04-25T11:51:22.585+0000 7f9bc57f7700 1 -- 172.21.15.73:0/2991613346 --> [v2:172.21.15.73:6800/3517725804,v1:172.21.15.73:6801/3517725804] -- mgr_command(tid 0: {"prefix": "orch host add", "hostname": "smithi073", "addr": "172.21.15.73", "target": ["mon-mgr", ""]}) -- 0x7f9bc0103350 con 0x7f9ba8039600
2024-04-25T11:51:27.188 INFO:teuthology.orchestra.run.smithi073.stdout:/usr/bin/ceph: stderr
2024-04-25T11:51:26.645+0000 7f9ba7fff700 1 -- 172.21.15.73:0/2991613346 <== mgr.14120 v2:172.21.15.73:6800/3517725804 1 ==== mgr_command_reply(tid 0: 0 ) ==== 8+0+48 (secure 0 0 0) 0x7f9bc0103350 con 0x7f9ba8039600
2024-04-25T11:51:27.188 INFO:teuthology.orchestra.run.smithi073.stdout:/usr/bin/ceph: stderr
2024-04-25T11:51:26.647+0000 7f9bc57f7700 1 -- 172.21.15.73:0/2991613346 >> [v2:172.21.15.73:6800/3517725804,v1:172.21.15.73:6801/3517725804] conn(0x7f9ba8039600 msgr2=0x7f9ba803bac0 secure :-1 s=STATE_CONNECTION_ESTABLISHED l=1).mark_down
2024-04-25T11:51:27.188 INFO:teuthology.orchestra.run.smithi073.stdout:/usr/bin/ceph: stderr
2024-04-25T11:51:26.647+0000 7f9bc57f7700 1 --2- 172.21.15.73:0/2991613346 >> [v2:172.21.15.73:6800/3517725804,v1:172.21.15.73:6801/3517725804] conn(0x7f9ba8039600 0x7f9ba803bac0 secure :-1 s=READY pgs=11 cs=0 l=1 rev1=1 crypto rx=0x7f9bb4006fd0 tx=0x7f9bb4006e40 comp rx=0 tx=0).stop
2024-04-25T11:51:27.189 INFO:teuthology.orchestra.run.smithi073.stdout:/usr/bin/ceph: stderr
2024-04-25T11:51:26.647+0000 7f9bc57f7700 1 -- 172.21.15.73:0/2991613346 >> [v2:172.21.15.73:3300/0,v1:172.21.15.73:6789/0] conn(0x7f9bc0107930 msgr2=0x7f9bc019c4a0 secure :-1 s=STATE_CONNECTION_ESTABLISHED l=1).mark_down
2024-04-25T11:51:27.189 INFO:teuthology.orchestra.run.smithi073.stdout:/usr/bin/ceph: stderr
2024-04-25T11:51:26.647+0000 7f9bc57f7700 1 --2- 172.21.15.73:0/2991613346 >> [v2:172.21.15.73:3300/0,v1:172.21.15.73:6789/0] conn(0x7f9bc0107930 0x7f9bc019c4a0 secure :-1 s=READY pgs=46 cs=0 l=1 rev1=1 crypto rx=0x7f9bb0011ac0 tx=0x7f9bb0011ba0 comp rx=0 tx=0).stop
2024-04-25T11:51:27.189 INFO:teuthology.orchestra.run.smithi073.stdout:/usr/bin/ceph: stderr
2024-04-25T11:51:26.647+0000 7f9bc57f7700 1 -- 172.21.15.73:0/2991613346 shutdown_connections
2024-04-25T11:51:27.189 INFO:teuthology.orchestra.run.smithi073.stdout:/usr/bin/ceph: stderr
2024-04-25T11:51:26.647+0000 7f9bc57f7700 1 --2- 172.21.15.73:0/2991613346 >> [v2:172.21.15.73:6800/3517725804,v1:172.21.15.73:6801/3517725804] conn(0x7f9ba8039600 0x7f9ba803bac0 unknown :-1 s=CLOSED pgs=11 cs=0 l=1 rev1=1 crypto rx=0 tx=0 comp rx=0 tx=0).stop
2024-04-25T11:51:27.189 INFO:teuthology.orchestra.run.smithi073.stdout:/usr/bin/ceph: stderr
2024-04-25T11:51:26.647+0000 7f9bc57f7700 1 --2- 172.21.15.73:0/2991613346 >> [v2:172.21.15.73:3300/0,v1:172.21.15.73:6789/0] conn(0x7f9bc0107930 0x7f9bc019c4a0 unknown :-1 s=CLOSED pgs=46 cs=0 l=1 rev1=1 crypto rx=0 tx=0 comp rx=0 tx=0).stop
2024-04-25T11:51:27.189 INFO:teuthology.orchestra.run.smithi073.stdout:/usr/bin/ceph: stderr
2024-04-25T11:51:26.647+0000 7f9bc57f7700 1 -- 172.21.15.73:0/2991613346 >> 172.21.15.73:0/2991613346 conn(0x7f9bc0102150 msgr2=0x7f9bc0102c40 unknown :-1 s=STATE_NONE l=0).mark_down
2024-04-25T11:51:27.189 INFO:teuthology.orchestra.run.smithi073.stdout:/usr/bin/ceph: stderr
2024-04-25T11:51:26.648+0000 7f9bc57f7700 1 -- 172.21.15.73:0/2991613346 shutdown_connections
2024-04-25T11:51:27.189 INFO:teuthology.orchestra.run.smithi073.stdout:/usr/bin/ceph: stderr
2024-04-25T11:51:26.648+0000 7f9bc57f7700 1 -- 172.21.15.73:0/2991613346 wait complete.
2024-04-25T11:51:27.189 INFO:teuthology.orchestra.run.smithi073.stdout:Deploying unmanaged mon service...
2024-04-25T11:51:27.726 INFO:journalctl@ceph.mon.a.smithi073.stdout:Apr 25 11:51:27 smithi073 ceph-mon[29711]: from='mgr.14120 172.21.15.73:0/3985189670' entity='mgr.x'
2024-04-25T11:51:27.727 INFO:journalctl@ceph.mon.a.smithi073.stdout:Apr 25 11:51:27 smithi073 ceph-mon[29711]: Added host smithi073
2024-04-25T11:51:27.727 INFO:journalctl@ceph.mon.a.smithi073.stdout:Apr 25 11:51:27 smithi073 ceph-mon[29711]: from='mgr.14120 172.21.15.73:0/3985189670' entity='mgr.x' cmd=[{"prefix": "config dump", "format": "json"}]: dispatch
