2024-04-25T11:55:32.582+0000 7fc74cff9700 1 -- 172.21.15.69:0/787460184 --> [v2:172.21.15.69:6800/2142218707,v1:172.21.15.69:6801/2142218707] -- command(tid 0: {"prefix": "get_command_descriptions"}) -- 0x7fc74401eec0 con 0x7fc73803cea0
2024-04-25T11:55:33.189 INFO:teuthology.orchestra.run.smithi069.stdout:/usr/bin/ceph: stderr
2024-04-25T11:55:32.582+0000 7fc74effd700 1 --2- 172.21.15.69:0/787460184 >> [v2:172.21.15.69:6800/2142218707,v1:172.21.15.69:6801/2142218707] conn(0x7fc73803cea0 0x7fc73803f290 unknown :-1 s=BANNER_CONNECTING pgs=0 cs=0 l=1 rev1=0 crypto rx=0 tx=0 comp rx=0 tx=0)._handle_peer_banner_payload supported=3 required=0
2024-04-25T11:55:33.189 INFO:teuthology.orchestra.run.smithi069.stdout:/usr/bin/ceph: stderr
2024-04-25T11:55:32.583+0000 7fc74effd700 1 --2- 172.21.15.69:0/787460184 >> [v2:172.21.15.69:6800/2142218707,v1:172.21.15.69:6801/2142218707] conn(0x7fc73803cea0 0x7fc73803f290 secure :-1 s=READY pgs=2 cs=0 l=1 rev1=1 crypto rx=0x7fc740003a10 tx=0x7fc740009290 comp rx=0 tx=0).ready entity=mgr.14120 client_cookie=0 server_cookie=0 in_seq=0 out_seq=0
2024-04-25T11:55:33.189 INFO:teuthology.orchestra.run.smithi069.stdout:/usr/bin/ceph: stderr
2024-04-25T11:55:32.584+0000 7fc74cff9700 1 -- 172.21.15.69:0/787460184 <== mgr.14120 v2:172.21.15.69:6800/2142218707 1 ==== command_reply(tid 0: 0 ) ==== 8+0+7774 (secure 0 0 0) 0x7fc74401eec0 con 0x7fc73803cea0
2024-04-25T11:55:33.189 INFO:teuthology.orchestra.run.smithi069.stdout:/usr/bin/ceph: stderr
2024-04-25T11:55:32.590+0000 7fc755ca0700 1 -- 172.21.15.69:0/787460184 --> [v2:172.21.15.69:6800/2142218707,v1:172.21.15.69:6801/2142218707] -- command(tid 1: {"prefix": "mgr_status"}) -- 0x7fc750069ba0 con 0x7fc73803cea0
2024-04-25T11:55:33.189 INFO:teuthology.orchestra.run.smithi069.stdout:/usr/bin/ceph: stderr
2024-04-25T11:55:32.590+0000 7fc74cff9700 1 -- 172.21.15.69:0/787460184 <== mgr.14120 v2:172.21.15.69:6800/2142218707 2 ==== command_reply(tid 1: 0 ) ==== 8+0+51 (secure 0 0 0) 0x7fc750069ba0 con 0x7fc73803cea0
2024-04-25T11:55:33.189 INFO:teuthology.orchestra.run.smithi069.stdout:/usr/bin/ceph: stderr
2024-04-25T11:55:32.590+0000 7fc755ca0700 1 -- 172.21.15.69:0/787460184 >> [v2:172.21.15.69:6800/2142218707,v1:172.21.15.69:6801/2142218707] conn(0x7fc73803cea0 msgr2=0x7fc73803f290 secure :-1 s=STATE_CONNECTION_ESTABLISHED l=1).mark_down
2024-04-25T11:55:33.189 INFO:teuthology.orchestra.run.smithi069.stdout:/usr/bin/ceph: stderr
2024-04-25T11:55:32.590+0000 7fc755ca0700 1 --2- 172.21.15.69:0/787460184 >> [v2:172.21.15.69:6800/2142218707,v1:172.21.15.69:6801/2142218707] conn(0x7fc73803cea0 0x7fc73803f290 secure :-1 s=READY pgs=2 cs=0 l=1 rev1=1 crypto rx=0x7fc740003a10 tx=0x7fc740009290 comp rx=0 tx=0).stop
2024-04-25T11:55:33.190 INFO:teuthology.orchestra.run.smithi069.stdout:/usr/bin/ceph: stderr
2024-04-25T11:55:32.590+0000 7fc755ca0700 1 -- 172.21.15.69:0/787460184 >> [v2:172.21.15.69:3300/0,v1:172.21.15.69:6789/0] conn(0x7fc750108a00 msgr2=0x7fc75019e600 secure :-1 s=STATE_CONNECTION_ESTABLISHED l=1).mark_down
2024-04-25T11:55:33.190 INFO:teuthology.orchestra.run.smithi069.stdout:/usr/bin/ceph: stderr
2024-04-25T11:55:32.590+0000 7fc755ca0700 1 --2- 172.21.15.69:0/787460184 >> [v2:172.21.15.69:3300/0,v1:172.21.15.69:6789/0] conn(0x7fc750108a00 0x7fc75019e600 secure :-1 s=READY pgs=29 cs=0 l=1 rev1=1 crypto rx=0x7fc744011ac0 tx=0x7fc744011ba0 comp rx=0 tx=0).stop
2024-04-25T11:55:33.190 INFO:teuthology.orchestra.run.smithi069.stdout:/usr/bin/ceph: stderr
2024-04-25T11:55:32.590+0000 7fc755ca0700 1 -- 172.21.15.69:0/787460184 shutdown_connections
2024-04-25T11:55:33.190 INFO:teuthology.orchestra.run.smithi069.stdout:/usr/bin/ceph: stderr
2024-04-25T11:55:32.590+0000 7fc755ca0700 1 --2- 172.21.15.69:0/787460184 >> [v2:172.21.15.69:6800/2142218707,v1:172.21.15.69:6801/2142218707] conn(0x7fc73803cea0 0x7fc73803f290 unknown :-1 s=CLOSED pgs=2 cs=0 l=1 rev1=1 crypto rx=0 tx=0 comp rx=0 tx=0).stop
2024-04-25T11:55:33.190 INFO:teuthology.orchestra.run.smithi069.stdout:/usr/bin/ceph: stderr
2024-04-25T11:55:32.590+0000 7fc755ca0700 1 --2- 172.21.15.69:0/787460184 >> [v2:172.21.15.69:3300/0,v1:172.21.15.69:6789/0] conn(0x7fc750108a00 0x7fc75019e600 unknown :-1 s=CLOSED pgs=29 cs=0 l=1 rev1=1 crypto rx=0 tx=0 comp rx=0 tx=0).stop
2024-04-25T11:55:33.190 INFO:teuthology.orchestra.run.smithi069.stdout:/usr/bin/ceph: stderr
2024-04-25T11:55:32.590+0000 7fc755ca0700 1 --2- 172.21.15.69:0/787460184 >> [v2:172.21.15.69:6800/3774018036,v1:172.21.15.69:6801/3774018036] conn(0x7fc7380395b0 0x7fc73803ba70 unknown :-1 s=CLOSED pgs=0 cs=0 l=1 rev1=0 crypto rx=0 tx=0 comp rx=0 tx=0).stop
2024-04-25T11:55:33.190 INFO:teuthology.orchestra.run.smithi069.stdout:/usr/bin/ceph: stderr
2024-04-25T11:55:32.591+0000 7fc755ca0700 1 -- 172.21.15.69:0/787460184 >> 172.21.15.69:0/787460184 conn(0x7fc750102150 msgr2=0x7fc750194c20 unknown :-1 s=STATE_NONE l=0).mark_down
2024-04-25T11:55:33.190 INFO:teuthology.orchestra.run.smithi069.stdout:/usr/bin/ceph: stderr
2024-04-25T11:55:32.591+0000 7fc755ca0700 1 -- 172.21.15.69:0/787460184 shutdown_connections
2024-04-25T11:55:33.190 INFO:teuthology.orchestra.run.smithi069.stdout:/usr/bin/ceph: stderr
2024-04-25T11:55:32.591+0000 7fc755ca0700 1 -- 172.21.15.69:0/787460184 wait complete.
2024-04-25T11:55:33.190 INFO:teuthology.orchestra.run.smithi069.stdout:mgr epoch 5 is available
2024-04-25T11:55:33.190 INFO:teuthology.orchestra.run.smithi069.stdout:Setting orchestrator backend to cephadm...
2024-04-25T11:55:33.836 INFO:journalctl@ceph.mon.a.smithi069.stdout:Apr 25 11:55:33 smithi069 ceph-mon[29470]: from='client.14124 -' entity='client.admin' cmd=[{"prefix": "get_command_descriptions"}]: dispatch
2024-04-25T11:55:33.836 INFO:journalctl@ceph.mon.a.smithi069.stdout:Apr 25 11:55:33 smithi069 ceph-mon[29470]: from='client.14124 -' entity='client.admin' cmd=[{"prefix": "mgr_status"}]: dispatch
2024-04-25T11:55:33.836 INFO:journalctl@ceph.mon.a.smithi069.stdout:Apr 25 11:55:33 smithi069 ceph-mon[29470]: [25/Apr/2024:11:55:32] ENGINE Bus STARTING
2024-04-25T11:55:33.836 INFO:journalctl@ceph.mon.a.smithi069.stdout:Apr 25 11:55:33 smithi069 ceph-mon[29470]: [25/Apr/2024:11:55:32] ENGINE Serving on https://172.21.15.69:7150
2024-04-25T11:55:33.836 INFO:journalctl@ceph.mon.a.smithi069.stdout:Apr 25 11:55:33 smithi069 ceph-mon[29470]: [25/Apr/2024:11:55:32] ENGINE Serving on http://172.21.15.69:8765
2024-04-25T11:55:33.836 INFO:journalctl@ceph.mon.a.smithi069.stdout:Apr 25 11:55:33 smithi069 ceph-mon[29470]: [25/Apr/2024:11:55:32] ENGINE Bus STARTED
2024-04-25T11:55:33.836 INFO:journalctl@ceph.mon.a.smithi069.stdout:Apr 25 11:55:33 smithi069 ceph-mon[29470]: from='mgr.14120 172.21.15.69:0/1616045892' entity='mgr.x' cmd=[{"prefix": "config dump", "format": "json"}]: dispatch
2024-04-25T11:55:34.396 INFO:teuthology.orchestra.run.smithi069.stdout:/usr/bin/ceph: stderr
2024-04-25T11:55:33.620+0000 7fe813010700 1 Processor -- start
2024-04-25T11:55:34.397 INFO:teuthology.orchestra.run.smithi069.stdout:/usr/bin/ceph: stderr
2024-04-25T11:55:33.620+0000 7fe813010700 1 -- start start
2024-04-25T11:55:34.397 INFO:teuthology.orchestra.run.smithi069.stdout:/usr/bin/ceph: stderr
2024-04-25T11:55:33.621+0000 7fe813010700 1 --2- >> [v2:172.21.15.69:3300/0,v1:172.21.15.69:6789/0] conn(0x7fe80c108ff0 0x7fe80c10b3e0 unknown :-1 s=NONE pgs=0 cs=0 l=0 rev1=0 crypto rx=0 tx=0 comp rx=0 tx=0).connect
2024-04-25T11:55:34.397 INFO:teuthology.orchestra.run.smithi069.stdout:/usr/bin/ceph: stderr
2024-04-25T11:55:33.621+0000 7fe813010700 1 -- --> [v2:172.21.15.69:3300/0,v1:172.21.15.69:6789/0] -- mon_getmap magic: 0 -- 0x7fe80c07be60 con 0x7fe80c108ff0
2024-04-25T11:55:34.397 INFO:teuthology.orchestra.run.smithi069.stdout:/usr/bin/ceph: stderr
2024-04-25T11:55:33.621+0000 7fe810dac700 1 --2- >> [v2:172.21.15.69:3300/0,v1:172.21.15.69:6789/0] conn(0x7fe80c108ff0 0x7fe80c10b3e0 unknown :-1 s=BANNER_CONNECTING pgs=0 cs=0 l=0 rev1=0 crypto rx=0 tx=0 comp rx=0 tx=0)._handle_peer_banner_payload supported=3 required=0
2024-04-25T11:55:34.397 INFO:teuthology.orchestra.run.smithi069.stdout:/usr/bin/ceph: stderr
2024-04-25T11:55:33.621+0000 7fe810dac700 1 --2- >> [v2:172.21.15.69:3300/0,v1:172.21.15.69:6789/0] conn(0x7fe80c108ff0 0x7fe80c10b3e0 unknown :-1 s=HELLO_CONNECTING pgs=0 cs=0 l=0 rev1=1 crypto rx=0 tx=0 comp rx=0 tx=0).handle_hello peer v2:172.21.15.69:3300/0 says I am v2:172.21.15.69:39338/0 (socket says 172.21.15.69:39338)
2024-04-25T11:55:34.397 INFO:teuthology.orchestra.run.smithi069.stdout:/usr/bin/ceph: stderr
2024-04-25T11:55:33.621+0000 7fe810dac700 1 -- 172.21.15.69:0/1791003220 learned_addr learned my addr 172.21.15.69:0/1791003220 (peer_addr_for_me v2:172.21.15.69:0/0)
2024-04-25T11:55:34.397 INFO:teuthology.orchestra.run.smithi069.stdout:/usr/bin/ceph: stderr
2024-04-25T11:55:33.621+0000 7fe810dac700 1 -- 172.21.15.69:0/1791003220 --> [v2:172.21.15.69:3300/0,v1:172.21.15.69:6789/0] -- mon_subscribe({config=0+,monmap=0+}) -- 0x7fe80c10b920 con 0x7fe80c108ff0
2024-04-25T11:55:34.397 INFO:teuthology.orchestra.run.smithi069.stdout:/usr/bin/ceph: stderr
2024-04-25T11:55:33.621+0000 7fe810dac700 1 --2- 172.21.15.69:0/1791003220 >> [v2:172.21.15.69:3300/0,v1:172.21.15.69:6789/0] conn(0x7fe80c108ff0 0x7fe80c10b3e0 secure :-1 s=READY pgs=37 cs=0 l=1 rev1=1 crypto rx=0x7fe8000098a0 tx=0x7fe800009bb0 comp rx=0 tx=0).ready entity=mon.0 client_cookie=4a284ab18ddfbe79 server_cookie=0 in_seq=0 out_seq=0
2024-04-25T11:55:34.397 INFO:teuthology.orchestra.run.smithi069.stdout:/usr/bin/ceph: stderr
2024-04-25T11:55:33.621+0000 7fe80b7fe700 1 -- 172.21.15.69:0/1791003220 <== mon.0 v2:172.21.15.69:3300/0 1 ==== mon_map magic: 0 ==== 205+0+0 (secure 0 0 0) 0x7fe800004160 con 0x7fe80c108ff0
2024-04-25T11:55:34.397 INFO:teuthology.orchestra.run.smithi069.stdout:/usr/bin/ceph: stderr
2024-04-25T11:55:33.621+0000 7fe80b7fe700 1 -- 172.21.15.69:0/1791003220 <== mon.0 v2:172.21.15.69:3300/0 2 ==== config(26 keys) ==== 1070+0+0 (secure 0 0 0) 0x7fe800004300 con 0x7fe80c108ff0
2024-04-25T11:55:34.398 INFO:teuthology.orchestra.run.smithi069.stdout:/usr/bin/ceph: stderr
2024-04-25T11:55:33.621+0000 7fe80b7fe700 1 -- 172.21.15.69:0/1791003220 <== mon.0 v2:172.21.15.69:3300/0 3 ==== mon_map magic: 0 ==== 205+0+0 (secure 0 0 0) 0x7fe800011af0 con 0x7fe80c108ff0
2024-04-25T11:55:34.398 INFO:teuthology.orchestra.run.smithi069.stdout:/usr/bin/ceph: stderr
2024-04-25T11:55:33.622+0000 7fe813010700 1 -- 172.21.15.69:0/1791003220 >> [v2:172.21.15.69:3300/0,v1:172.21.15.69:6789/0] conn(0x7fe80c108ff0 msgr2=0x7fe80c10b3e0 secure :-1 s=STATE_CONNECTION_ESTABLISHED l=1).mark_down
2024-04-25T11:55:34.398 INFO:teuthology.orchestra.run.smithi069.stdout:/usr/bin/ceph: stderr
2024-04-25T11:55:33.622+0000 7fe813010700 1 --2- 172.21.15.69:0/1791003220 >> [v2:172.21.15.69:3300/0,v1:172.21.15.69:6789/0] conn(0x7fe80c108ff0 0x7fe80c10b3e0 secure :-1 s=READY pgs=37 cs=0 l=1 rev1=1 crypto rx=0x7fe8000098a0 tx=0x7fe800009bb0 comp rx=0 tx=0).stop
2024-04-25T11:55:34.398 INFO:teuthology.orchestra.run.smithi069.stdout:/usr/bin/ceph: stderr
2024-04-25T11:55:33.622+0000 7fe813010700 1 -- 172.21.15.69:0/1791003220 shutdown_connections
2024-04-25T11:55:34.398 INFO:teuthology.orchestra.run.smithi069.stdout:/usr/bin/ceph: stderr
2024-04-25T11:55:33.622+0000 7fe813010700 1 --2- 172.21.15.69:0/1791003220 >> [v2:172.21.15.69:3300/0,v1:172.21.15.69:6789/0] conn(0x7fe80c108ff0 0x7fe80c10b3e0 unknown :-1 s=CLOSED pgs=37 cs=0 l=1 rev1=1 crypto rx=0 tx=0 comp rx=0 tx=0).stop
2024-04-25T11:55:34.398 INFO:teuthology.orchestra.run.smithi069.stdout:/usr/bin/ceph: stderr
2024-04-25T11:55:33.622+0000 7fe813010700 1 -- 172.21.15.69:0/1791003220 >> 172.21.15.69:0/1791003220 conn(0x7fe80c102a00 msgr2=0x7fe80c104e20 unknown :-1 s=STATE_NONE l=0).mark_down
2024-04-25T11:55:34.398 INFO:teuthology.orchestra.run.smithi069.stdout:/usr/bin/ceph: stderr
2024-04-25T11:55:33.622+0000 7fe813010700 1 -- 172.21.15.69:0/1791003220 shutdown_connections
2024-04-25T11:55:34.398 INFO:teuthology.orchestra.run.smithi069.stdout:/usr/bin/ceph: stderr
2024-04-25T11:55:33.622+0000 7fe813010700 1 -- 172.21.15.69:0/1791003220 wait complete.
2024-04-25T11:55:34.398 INFO:teuthology.orchestra.run.smithi069.stdout:/usr/bin/ceph: stderr
2024-04-25T11:55:33.622+0000 7fe813010700 1 Processor -- start
2024-04-25T11:55:34.398 INFO:teuthology.orchestra.run.smithi069.stdout:/usr/bin/ceph: stderr
2024-04-25T11:55:33.623+0000 7fe813010700 1 -- start start
2024-04-25T11:55:34.398 INFO:teuthology.orchestra.run.smithi069.stdout:/usr/bin/ceph: stderr
2024-04-25T11:55:33.623+0000 7fe813010700 1 --2- >> [v2:172.21.15.69:3300/0,v1:172.21.15.69:6789/0] conn(0x7fe80c108ff0 0x7fe80c108870 unknown :-1 s=NONE pgs=0 cs=0 l=1 rev1=0 crypto rx=0 tx=0 comp rx=0 tx=0).connect
2024-04-25T11:55:34.398 INFO:teuthology.orchestra.run.smithi069.stdout:/usr/bin/ceph: stderr
2024-04-25T11:55:33.623+0000 7fe813010700 1 -- --> [v2:172.21.15.69:3300/0,v1:172.21.15.69:6789/0] -- mon_getmap magic: 0 -- 0x7fe80c10c890 con 0x7fe80c108ff0
2024-04-25T11:55:34.399 INFO:teuthology.orchestra.run.smithi069.stdout:/usr/bin/ceph: stderr
2024-04-25T11:55:33.623+0000 7fe810dac700 1 --2- >> [v2:172.21.15.69:3300/0,v1:172.21.15.69:6789/0] conn(0x7fe80c108ff0 0x7fe80c108870 unknown :-1 s=BANNER_CONNECTING pgs=0 cs=0 l=1 rev1=0 crypto rx=0 tx=0 comp rx=0 tx=0)._handle_peer_banner_payload supported=3 required=0
2024-04-25T11:55:34.399 INFO:teuthology.orchestra.run.smithi069.stdout:/usr/bin/ceph: stderr
2024-04-25T11:55:33.623+0000 7fe810dac700 1 --2- >> [v2:172.21.15.69:3300/0,v1:172.21.15.69:6789/0] conn(0x7fe80c108ff0 0x7fe80c108870 unknown :-1 s=HELLO_CONNECTING pgs=0 cs=0 l=1 rev1=1 crypto rx=0 tx=0 comp rx=0 tx=0).handle_hello peer v2:172.21.15.69:3300/0 says I am v2:172.21.15.69:39348/0 (socket says 172.21.15.69:39348)
2024-04-25T11:55:34.399 INFO:teuthology.orchestra.run.smithi069.stdout:/usr/bin/ceph: stderr
2024-04-25T11:55:33.623+0000 7fe810dac700 1 -- 172.21.15.69:0/551813572 learned_addr learned my addr 172.21.15.69:0/551813572 (peer_addr_for_me v2:172.21.15.69:0/0)
2024-04-25T11:55:34.399 INFO:teuthology.orchestra.run.smithi069.stdout:/usr/bin/ceph: stderr
2024-04-25T11:55:33.623+0000 7fe810dac700 1 -- 172.21.15.69:0/551813572 --> [v2:172.21.15.69:3300/0,v1:172.21.15.69:6789/0] -- mon_subscribe({config=0+,monmap=0+}) -- 0x7fe80c108db0 con 0x7fe80c108ff0
2024-04-25T11:55:34.399 INFO:teuthology.orchestra.run.smithi069.stdout:/usr/bin/ceph: stderr
2024-04-25T11:55:33.623+0000 7fe810dac700 1 --2- 172.21.15.69:0/551813572 >> [v2:172.21.15.69:3300/0,v1:172.21.15.69:6789/0] conn(0x7fe80c108ff0 0x7fe80c108870 secure :-1 s=READY pgs=38 cs=0 l=1 rev1=1 crypto rx=0x7fe800009fb0 tx=0x7fe800011940 comp rx=0 tx=0).ready entity=mon.0 client_cookie=0 server_cookie=0 in_seq=0 out_seq=0
2024-04-25T11:55:34.399 INFO:teuthology.orchestra.run.smithi069.stdout:/usr/bin/ceph: stderr
2024-04-25T11:55:33.623+0000 7fe809ffb700 1 -- 172.21.15.69:0/551813572 <== mon.0 v2:172.21.15.69:3300/0 1 ==== mon_map magic: 0 ==== 205+0+0 (secure 0 0 0) 0x7fe8000036a0 con 0x7fe80c108ff0
2024-04-25T11:55:34.399 INFO:teuthology.orchestra.run.smithi069.stdout:/usr/bin/ceph: stderr
2024-04-25T11:55:33.623+0000 7fe809ffb700 1 -- 172.21.15.69:0/551813572 <== mon.0 v2:172.21.15.69:3300/0 2 ==== config(26 keys) ==== 1070+0+0 (secure 0 0 0) 0x7fe80001a430 con 0x7fe80c108ff0
2024-04-25T11:55:34.399 INFO:teuthology.orchestra.run.smithi069.stdout:/usr/bin/ceph: stderr
2024-04-25T11:55:33.623+0000 7fe813010700 1 -- 172.21.15.69:0/551813572 --> [v2:172.21.15.69:3300/0,v1:172.21.15.69:6789/0] -- mon_subscribe({mgrmap=0+}) -- 0x7fe80c106fa0 con 0x7fe80c108ff0
2024-04-25T11:55:34.399 INFO:teuthology.orchestra.run.smithi069.stdout:/usr/bin/ceph: stderr
2024-04-25T11:55:33.623+0000 7fe809ffb700 1 -- 172.21.15.69:0/551813572 <== mon.0 v2:172.21.15.69:3300/0 3 ==== mon_map magic: 0 ==== 205+0+0 (secure 0 0 0) 0x7fe800019550 con 0x7fe80c108ff0
2024-04-25T11:55:34.399 INFO:teuthology.orchestra.run.smithi069.stdout:/usr/bin/ceph: stderr
2024-04-25T11:55:33.624+0000 7fe813010700 1 -- 172.21.15.69:0/551813572 --> [v2:172.21.15.69:3300/0,v1:172.21.15.69:6789/0] -- mon_subscribe({osdmap=0}) -- 0x7fe80c1074e0 con 0x7fe80c108ff0
2024-04-25T11:55:34.399 INFO:teuthology.orchestra.run.smithi069.stdout:/usr/bin/ceph: stderr
2024-04-25T11:55:33.624+0000 7fe809ffb700 1 -- 172.21.15.69:0/551813572 <== mon.0 v2:172.21.15.69:3300/0 4 ==== mgrmap(e 7) ==== 46452+0+0 (secure 0 0 0) 0x7fe800019800 con 0x7fe80c108ff0
2024-04-25T11:55:34.400 INFO:teuthology.orchestra.run.smithi069.stdout:/usr/bin/ceph: stderr
2024-04-25T11:55:33.625+0000 7fe809ffb700 1 --2- 172.21.15.69:0/551813572 >> [v2:172.21.15.69:6800/2142218707,v1:172.21.15.69:6801/2142218707] conn(0x7fe7fc039480 0x7fe7fc03b940 unknown :-1 s=NONE pgs=0 cs=0 l=1 rev1=0 crypto rx=0 tx=0 comp rx=0 tx=0).connect
2024-04-25T11:55:34.400 INFO:teuthology.orchestra.run.smithi069.stdout:/usr/bin/ceph: stderr
2024-04-25T11:55:33.625+0000 7fe809ffb700 1 -- 172.21.15.69:0/551813572 <== mon.0 v2:172.21.15.69:3300/0 5 ==== osd_map(2..2 src has 1..2) ==== 940+0+0 (secure 0 0 0) 0x7fe80004d740 con 0x7fe80c108ff0
2024-04-25T11:55:34.400 INFO:teuthology.orchestra.run.smithi069.stdout:/usr/bin/ceph: stderr
2024-04-25T11:55:33.625+0000 7fe813010700 1 -- 172.21.15.69:0/551813572 --> [v2:172.21.15.69:3300/0,v1:172.21.15.69:6789/0] -- mon_command({"prefix": "get_command_descriptions"} v 0) -- 0x7fe80c0640a0 con 0x7fe80c108ff0
2024-04-25T11:55:34.400 INFO:teuthology.orchestra.run.smithi069.stdout:/usr/bin/ceph: stderr
2024-04-25T11:55:33.625+0000 7fe80bfff700 1 --2- 172.21.15.69:0/551813572 >> [v2:172.21.15.69:6800/2142218707,v1:172.21.15.69:6801/2142218707] conn(0x7fe7fc039480 0x7fe7fc03b940 unknown :-1 s=BANNER_CONNECTING pgs=0 cs=0 l=1 rev1=0 crypto rx=0 tx=0 comp rx=0 tx=0)._handle_peer_banner_payload supported=3 required=0
2024-04-25T11:55:34.400 INFO:teuthology.orchestra.run.smithi069.stdout:/usr/bin/ceph: stderr
2024-04-25T11:55:33.625+0000 7fe80bfff700 1 --2- 172.21.15.69:0/551813572 >> [v2:172.21.15.69:6800/2142218707,v1:172.21.15.69:6801/2142218707] conn(0x7fe7fc039480 0x7fe7fc03b940 secure :-1 s=READY pgs=7 cs=0 l=1 rev1=1 crypto rx=0x7fe7f8006fd0 tx=0x7fe7f8006e40 comp rx=0 tx=0).ready entity=mgr.14120 client_cookie=0 server_cookie=0 in_seq=0 out_seq=0
2024-04-25T11:55:34.400 INFO:teuthology.orchestra.run.smithi069.stdout:/usr/bin/ceph: stderr
2024-04-25T11:55:33.630+0000 7fe809ffb700 1 -- 172.21.15.69:0/551813572 <== mon.0 v2:172.21.15.69:3300/0 6 ==== mon_command_ack([{"prefix": "get_command_descriptions"}]=0 v0) ==== 72+0+188370 (secure 0 0 0) 0x7fe800023c90 con 0x7fe80c108ff0
2024-04-25T11:55:34.400 INFO:teuthology.orchestra.run.smithi069.stdout:/usr/bin/ceph: stderr
2024-04-25T11:55:33.641+0000 7fe809ffb700 1 -- 172.21.15.69:0/551813572 <== mon.0 v2:172.21.15.69:3300/0 7 ==== mgrmap(e 8) ==== 46558+0+0 (secure 0 0 0) 0x7fe80002d960 con 0x7fe80c108ff0
2024-04-25T11:55:34.400 INFO:teuthology.orchestra.run.smithi069.stdout:/usr/bin/ceph: stderr
2024-04-25T11:55:33.844+0000 7fe813010700 1 -- 172.21.15.69:0/551813572 --> [v2:172.21.15.69:6800/2142218707,v1:172.21.15.69:6801/2142218707] -- mgr_command(tid 0: {"prefix": "orch set backend", "module_name": "cephadm", "target": ["mon-mgr", ""]}) -- 0x7fe80c107e10 con 0x7fe7fc039480
2024-04-25T11:55:34.400 INFO:teuthology.orchestra.run.smithi069.stdout:/usr/bin/ceph: stderr
2024-04-25T11:55:33.849+0000 7fe809ffb700 1 -- 172.21.15.69:0/551813572 <== mgr.14120 v2:172.21.15.69:6800/2142218707 1 ==== mgr_command_reply(tid 0: 0 ) ==== 8+0+0 (secure 0 0 0) 0x7fe80c107e10 con 0x7fe7fc039480
2024-04-25T11:55:34.400 INFO:teuthology.orchestra.run.smithi069.stdout:/usr/bin/ceph: stderr
2024-04-25T11:55:33.851+0000 7fe813010700 1 -- 172.21.15.69:0/551813572 >> [v2:172.21.15.69:6800/2142218707,v1:172.21.15.69:6801/2142218707] conn(0x7fe7fc039480 msgr2=0x7fe7fc03b940 secure :-1 s=STATE_CONNECTION_ESTABLISHED l=1).mark_down
2024-04-25T11:55:34.400 INFO:teuthology.orchestra.run.smithi069.stdout:/usr/bin/ceph: stderr
2024-04-25T11:55:33.851+0000 7fe813010700 1 --2- 172.21.15.69:0/551813572 >> [v2:172.21.15.69:6800/2142218707,v1:172.21.15.69:6801/2142218707] conn(0x7fe7fc039480 0x7fe7fc03b940 secure :-1 s=READY pgs=7 cs=0 l=1 rev1=1 crypto rx=0x7fe7f8006fd0 tx=0x7fe7f8006e40 comp rx=0 tx=0).stop
2024-04-25T11:55:34.400 INFO:teuthology.orchestra.run.smithi069.stdout:/usr/bin/ceph: stderr
2024-04-25T11:55:33.851+0000 7fe813010700 1 -- 172.21.15.69:0/551813572 >> [v2:172.21.15.69:3300/0,v1:172.21.15.69:6789/0] conn(0x7fe80c108ff0 msgr2=0x7fe80c108870 secure :-1 s=STATE_CONNECTION_ESTABLISHED l=1).mark_down
2024-04-25T11:55:34.401 INFO:teuthology.orchestra.run.smithi069.stdout:/usr/bin/ceph: stderr
2024-04-25T11:55:33.851+0000 7fe813010700 1 --2- 172.21.15.69:0/551813572 >> [v2:172.21.15.69:3300/0,v1:172.21.15.69:6789/0] conn(0x7fe80c108ff0 0x7fe80c108870 secure :-1 s=READY pgs=38 cs=0 l=1 rev1=1 crypto rx=0x7fe800009fb0 tx=0x7fe800011940 comp rx=0 tx=0).stop
2024-04-25T11:55:34.401 INFO:teuthology.orchestra.run.smithi069.stdout:/usr/bin/ceph: stderr
2024-04-25T11:55:33.852+0000 7fe813010700 1 -- 172.21.15.69:0/551813572 shutdown_connections
2024-04-25T11:55:34.401 INFO:teuthology.orchestra.run.smithi069.stdout:/usr/bin/ceph: stderr
2024-04-25T11:55:33.852+0000 7fe813010700 1 --2- 172.21.15.69:0/551813572 >> [v2:172.21.15.69:6800/2142218707,v1:172.21.15.69:6801/2142218707] conn(0x7fe7fc039480 0x7fe7fc03b940 unknown :-1 s=CLOSED pgs=7 cs=0 l=1 rev1=1 crypto rx=0 tx=0 comp rx=0 tx=0).stop
2024-04-25T11:55:34.401 INFO:teuthology.orchestra.run.smithi069.stdout:/usr/bin/ceph: stderr
2024-04-25T11:55:33.852+0000 7fe813010700 1 --2- 172.21.15.69:0/551813572 >> [v2:172.21.15.69:3300/0,v1:172.21.15.69:6789/0] conn(0x7fe80c108ff0 0x7fe80c108870 unknown :-1 s=CLOSED pgs=38 cs=0 l=1 rev1=1 crypto rx=0 tx=0 comp rx=0 tx=0).stop
2024-04-25T11:55:34.401 INFO:teuthology.orchestra.run.smithi069.stdout:/usr/bin/ceph: stderr
2024-04-25T11:55:33.852+0000 7fe813010700 1 -- 172.21.15.69:0/551813572 >> 172.21.15.69:0/551813572 conn(0x7fe80c102a00 msgr2=0x7fe80c103570 unknown :-1 s=STATE_NONE l=0).mark_down
2024-04-25T11:55:34.401 INFO:teuthology.orchestra.run.smithi069.stdout:/usr/bin/ceph: stderr
2024-04-25T11:55:33.852+0000 7fe813010700 1 -- 172.21.15.69:0/551813572 shutdown_connections
2024-04-25T11:55:34.401 INFO:teuthology.orchestra.run.smithi069.stdout:/usr/bin/ceph: stderr
2024-04-25T11:55:33.852+0000 7fe813010700 1 -- 172.21.15.69:0/551813572 wait complete.
2024-04-25T11:55:34.700 INFO:journalctl@ceph.mon.a.smithi069.stdout:Apr 25 11:55:34 smithi069 ceph-mon[29470]: mgrmap e8: x(active, since 2s)
2024-04-25T11:55:34.700 INFO:journalctl@ceph.mon.a.smithi069.stdout:Apr 25 11:55:34 smithi069 ceph-mon[29470]: from='client.14132 -' entity='client.admin' cmd=[{"prefix": "orch set backend", "module_name": "cephadm", "target": ["mon-mgr", ""]}]: dispatch
2024-04-25T11:55:34.700 INFO:journalctl@ceph.mon.a.smithi069.stdout:Apr 25 11:55:34 smithi069 ceph-mon[29470]: from='mgr.14120 172.21.15.69:0/1616045892' entity='mgr.x'
2024-04-25T11:55:34.700 INFO:journalctl@ceph.mon.a.smithi069.stdout:Apr 25 11:55:34 smithi069 ceph-mon[29470]: from='mgr.14120 172.21.15.69:0/1616045892' entity='mgr.x' cmd=[{"prefix": "config dump", "format": "json"}]: dispatch
2024-04-25T11:55:35.603 INFO:teuthology.orchestra.run.smithi069.stdout:/usr/bin/ceph: stdout value unchanged
2024-04-25T11:55:35.603 INFO:teuthology.orchestra.run.smithi069.stdout:/usr/bin/ceph: stderr
2024-04-25T11:55:34.844+0000 7fa7c221c700 1 Processor -- start
2024-04-25T11:55:35.603 INFO:teuthology.orchestra.run.smithi069.stdout:/usr/bin/ceph: stderr
2024-04-25T11:55:34.844+0000 7fa7c221c700 1 -- start start
2024-04-25T11:55:35.603 INFO:teuthology.orchestra.run.smithi069.stdout:/usr/bin/ceph: stderr
2024-04-25T11:55:34.844+0000 7fa7c221c700 1 --2- >> [v2:172.21.15.69:3300/0,v1:172.21.15.69:6789/0] conn(0x7fa7bc1067f0 0x7fa7bc106c10 unknown :-1 s=NONE pgs=0 cs=0 l=0 rev1=0 crypto rx=0 tx=0 comp rx=0 tx=0).connect
2024-04-25T11:55:35.603 INFO:teuthology.orchestra.run.smithi069.stdout:/usr/bin/ceph: stderr
2024-04-25T11:55:34.844+0000 7fa7c221c700 1 -- --> [v2:172.21.15.69:3300/0,v1:172.21.15.69:6789/0] -- mon_getmap magic: 0 -- 0x7fa7bc1071e0 con 0x7fa7bc1067f0
2024-04-25T11:55:35.603 INFO:teuthology.orchestra.run.smithi069.stdout:/usr/bin/ceph: stderr
2024-04-25T11:55:34.844+0000 7fa7bb7fe700 1 --2- >> [v2:172.21.15.69:3300/0,v1:172.21.15.69:6789/0] conn(0x7fa7bc1067f0 0x7fa7bc106c10 unknown :-1 s=BANNER_CONNECTING pgs=0 cs=0 l=0 rev1=0 crypto rx=0 tx=0 comp rx=0 tx=0)._handle_peer_banner_payload supported=3 required=0
2024-04-25T11:55:35.603 INFO:teuthology.orchestra.run.smithi069.stdout:/usr/bin/ceph: stderr
2024-04-25T11:55:34.844+0000 7fa7bb7fe700 1 --2- >> [v2:172.21.15.69:3300/0,v1:172.21.15.69:6789/0] conn(0x7fa7bc1067f0 0x7fa7bc106c10 unknown :-1 s=HELLO_CONNECTING pgs=0 cs=0 l=0 rev1=1 crypto rx=0 tx=0 comp rx=0 tx=0).handle_hello peer v2:172.21.15.69:3300/0 says I am v2:172.21.15.69:39350/0 (socket says 172.21.15.69:39350)
2024-04-25T11:55:35.603 INFO:teuthology.orchestra.run.smithi069.stdout:/usr/bin/ceph: stderr
2024-04-25T11:55:34.844+0000 7fa7bb7fe700 1 -- 172.21.15.69:0/248466380 learned_addr learned my addr 172.21.15.69:0/248466380 (peer_addr_for_me v2:172.21.15.69:0/0)
2024-04-25T11:55:35.604 INFO:teuthology.orchestra.run.smithi069.stdout:/usr/bin/ceph: stderr
2024-04-25T11:55:34.844+0000 7fa7bb7fe700 1 -- 172.21.15.69:0/248466380 --> [v2:172.21.15.69:3300/0,v1:172.21.15.69:6789/0] -- mon_subscribe({config=0+,monmap=0+}) -- 0x7fa7bc1097d0 con 0x7fa7bc1067f0
2024-04-25T11:55:35.604 INFO:teuthology.orchestra.run.smithi069.stdout:/usr/bin/ceph: stderr
2024-04-25T11:55:34.844+0000 7fa7bb7fe700 1 --2- 172.21.15.69:0/248466380 >> [v2:172.21.15.69:3300/0,v1:172.21.15.69:6789/0] conn(0x7fa7bc1067f0 0x7fa7bc106c10 secure :-1 s=READY pgs=39 cs=0 l=1 rev1=1 crypto rx=0x7fa7ac0098a0 tx=0x7fa7ac009bb0 comp rx=0 tx=0).ready entity=mon.0 client_cookie=d6b6091d374c27c2 server_cookie=0 in_seq=0 out_seq=0
2024-04-25T11:55:35.604 INFO:teuthology.orchestra.run.smithi069.stdout:/usr/bin/ceph: stderr
2024-04-25T11:55:34.845+0000 7fa7baffd700 1 -- 172.21.15.69:0/248466380 <== mon.0 v2:172.21.15.69:3300/0 1 ==== mon_map magic: 0 ==== 205+0+0 (secure 0 0 0) 0x7fa7ac004160 con 0x7fa7bc1067f0
2024-04-25T11:55:35.604 INFO:teuthology.orchestra.run.smithi069.stdout:/usr/bin/ceph: stderr
2024-04-25T11:55:34.845+0000 7fa7baffd700 1 -- 172.21.15.69:0/248466380 <== mon.0 v2:172.21.15.69:3300/0 2 ==== config(26 keys) ==== 1070+0+0 (secure 0 0 0) 0x7fa7ac004300 con 0x7fa7bc1067f0
2024-04-25T11:55:35.604 INFO:teuthology.orchestra.run.smithi069.stdout:/usr/bin/ceph: stderr
2024-04-25T11:55:34.845+0000 7fa7baffd700 1 -- 172.21.15.69:0/248466380 <== mon.0 v2:172.21.15.69:3300/0 3 ==== mon_map magic: 0 ==== 205+0+0 (secure 0 0 0) 0x7fa7ac011af0 con 0x7fa7bc1067f0
2024-04-25T11:55:35.604 INFO:teuthology.orchestra.run.smithi069.stdout:/usr/bin/ceph: stderr
2024-04-25T11:55:34.845+0000 7fa7c221c700 1 -- 172.21.15.69:0/248466380 >> [v2:172.21.15.69:3300/0,v1:172.21.15.69:6789/0] conn(0x7fa7bc1067f0 msgr2=0x7fa7bc106c10 secure :-1 s=STATE_CONNECTION_ESTABLISHED l=1).mark_down
2024-04-25T11:55:35.604 INFO:teuthology.orchestra.run.smithi069.stdout:/usr/bin/ceph: stderr
2024-04-25T11:55:34.845+0000 7fa7c221c700 1 --2- 172.21.15.69:0/248466380 >> [v2:172.21.15.69:3300/0,v1:172.21.15.69:6789/0] conn(0x7fa7bc1067f0 0x7fa7bc106c10 secure :-1 s=READY pgs=39 cs=0 l=1 rev1=1 crypto rx=0x7fa7ac0098a0 tx=0x7fa7ac009bb0 comp rx=0 tx=0).stop
2024-04-25T11:55:35.604 INFO:teuthology.orchestra.run.smithi069.stdout:/usr/bin/ceph: stderr
2024-04-25T11:55:34.845+0000 7fa7c221c700 1 -- 172.21.15.69:0/248466380 shutdown_connections
2024-04-25T11:55:35.604 INFO:teuthology.orchestra.run.smithi069.stdout:/usr/bin/ceph: stderr
2024-04-25T11:55:34.845+0000 7fa7c221c700 1 --2- 172.21.15.69:0/248466380 >> [v2:172.21.15.69:3300/0,v1:172.21.15.69:6789/0] conn(0x7fa7bc1067f0 0x7fa7bc106c10 unknown :-1 s=CLOSED pgs=39 cs=0 l=1 rev1=1 crypto rx=0 tx=0 comp rx=0 tx=0).stop
2024-04-25T11:55:35.604 INFO:teuthology.orchestra.run.smithi069.stdout:/usr/bin/ceph: stderr
2024-04-25T11:55:34.845+0000 7fa7c221c700 1 -- 172.21.15.69:0/248466380 >> 172.21.15.69:0/248466380 conn(0x7fa7bc102150 msgr2=0x7fa7bc104590 unknown :-1 s=STATE_NONE l=0).mark_down
2024-04-25T11:55:35.604 INFO:teuthology.orchestra.run.smithi069.stdout:/usr/bin/ceph: stderr
2024-04-25T11:55:34.845+0000 7fa7c221c700 1 -- 172.21.15.69:0/248466380 shutdown_connections
2024-04-25T11:55:35.605 INFO:teuthology.orchestra.run.smithi069.stdout:/usr/bin/ceph: stderr
2024-04-25T11:55:34.845+0000 7fa7c221c700 1 -- 172.21.15.69:0/248466380 wait complete.
2024-04-25T11:55:35.605 INFO:teuthology.orchestra.run.smithi069.stdout:/usr/bin/ceph: stderr
2024-04-25T11:55:34.846+0000 7fa7c221c700 1 Processor -- start
2024-04-25T11:55:35.605 INFO:teuthology.orchestra.run.smithi069.stdout:/usr/bin/ceph: stderr
2024-04-25T11:55:34.846+0000 7fa7c221c700 1 -- start start
2024-04-25T11:55:35.605 INFO:teuthology.orchestra.run.smithi069.stdout:/usr/bin/ceph: stderr
2024-04-25T11:55:34.846+0000 7fa7c221c700 1 --2- >> [v2:172.21.15.69:3300/0,v1:172.21.15.69:6789/0] conn(0x7fa7bc1067f0 0x7fa7bc19c4c0 unknown :-1 s=NONE pgs=0 cs=0 l=1 rev1=0 crypto rx=0 tx=0 comp rx=0 tx=0).connect
2024-04-25T11:55:35.605 INFO:teuthology.orchestra.run.smithi069.stdout:/usr/bin/ceph: stderr
2024-04-25T11:55:34.846+0000 7fa7c221c700 1 -- --> [v2:172.21.15.69:3300/0,v1:172.21.15.69:6789/0] -- mon_getmap magic: 0 -- 0x7fa7bc10cb80 con 0x7fa7bc1067f0
2024-04-25T11:55:35.605 INFO:teuthology.orchestra.run.smithi069.stdout:/usr/bin/ceph: stderr
2024-04-25T11:55:34.846+0000 7fa7bb7fe700 1 --2- >> [v2:172.21.15.69:3300/0,v1:172.21.15.69:6789/0] conn(0x7fa7bc1067f0 0x7fa7bc19c4c0 unknown :-1 s=BANNER_CONNECTING pgs=0 cs=0 l=1 rev1=0 crypto rx=0 tx=0 comp rx=0 tx=0)._handle_peer_banner_payload supported=3 required=0
2024-04-25T11:55:35.605 INFO:teuthology.orchestra.run.smithi069.stdout:/usr/bin/ceph: stderr
2024-04-25T11:55:34.846+0000 7fa7bb7fe700 1 --2- >> [v2:172.21.15.69:3300/0,v1:172.21.15.69:6789/0] conn(0x7fa7bc1067f0 0x7fa7bc19c4c0 unknown :-1 s=HELLO_CONNECTING pgs=0 cs=0 l=1 rev1=1 crypto rx=0 tx=0 comp rx=0 tx=0).handle_hello peer v2:172.21.15.69:3300/0 says I am v2:172.21.15.69:39360/0 (socket says 172.21.15.69:39360)
2024-04-25T11:55:35.605 INFO:teuthology.orchestra.run.smithi069.stdout:/usr/bin/ceph: stderr
2024-04-25T11:55:34.846+0000 7fa7bb7fe700 1 -- 172.21.15.69:0/3394960407 learned_addr learned my addr 172.21.15.69:0/3394960407 (peer_addr_for_me v2:172.21.15.69:0/0)
2024-04-25T11:55:35.605 INFO:teuthology.orchestra.run.smithi069.stdout:/usr/bin/ceph: stderr
2024-04-25T11:55:34.846+0000 7fa7bb7fe700 1 -- 172.21.15.69:0/3394960407 --> [v2:172.21.15.69:3300/0,v1:172.21.15.69:6789/0] -- mon_subscribe({config=0+,monmap=0+}) -- 0x7fa7bc19ca00 con 0x7fa7bc1067f0
2024-04-25T11:55:35.605 INFO:teuthology.orchestra.run.smithi069.stdout:/usr/bin/ceph: stderr
2024-04-25T11:55:34.847+0000 7fa7bb7fe700 1 --2- 172.21.15.69:0/3394960407 >> [v2:172.21.15.69:3300/0,v1:172.21.15.69:6789/0] conn(0x7fa7bc1067f0 0x7fa7bc19c4c0 secure :-1 s=READY pgs=40 cs=0 l=1 rev1=1 crypto rx=0x7fa7ac000c00 tx=0x7fa7ac011b70 comp rx=0 tx=0).ready entity=mon.0 client_cookie=0 server_cookie=0 in_seq=0 out_seq=0
2024-04-25T11:55:35.605 INFO:teuthology.orchestra.run.smithi069.stdout:/usr/bin/ceph: stderr
2024-04-25T11:55:34.847+0000 7fa7b97fa700 1 -- 172.21.15.69:0/3394960407 <== mon.0 v2:172.21.15.69:3300/0 1 ==== mon_map magic: 0 ==== 205+0+0 (secure 0 0 0) 0x7fa7ac003b20 con 0x7fa7bc1067f0
2024-04-25T11:55:35.605 INFO:teuthology.orchestra.run.smithi069.stdout:/usr/bin/ceph: stderr
2024-04-25T11:55:34.847+0000 7fa7c221c700 1 -- 172.21.15.69:0/3394960407 --> [v2:172.21.15.69:3300/0,v1:172.21.15.69:6789/0] -- mon_subscribe({mgrmap=0+}) -- 0x7fa7bc19cc90 con 0x7fa7bc1067f0
2024-04-25T11:55:35.606 INFO:teuthology.orchestra.run.smithi069.stdout:/usr/bin/ceph: stderr
2024-04-25T11:55:34.847+0000 7fa7b97fa700 1 -- 172.21.15.69:0/3394960407 <== mon.0 v2:172.21.15.69:3300/0 2 ==== config(26 keys) ==== 1070+0+0 (secure 0 0 0) 0x7fa7ac01a8c0 con 0x7fa7bc1067f0
2024-04-25T11:55:35.606 INFO:teuthology.orchestra.run.smithi069.stdout:/usr/bin/ceph: stderr
2024-04-25T11:55:34.847+0000 7fa7b97fa700 1 -- 172.21.15.69:0/3394960407 <== mon.0 v2:172.21.15.69:3300/0 3 ==== mon_map magic: 0 ==== 205+0+0 (secure 0 0 0) 0x7fa7ac024940 con 0x7fa7bc1067f0
2024-04-25T11:55:35.606 INFO:teuthology.orchestra.run.smithi069.stdout:/usr/bin/ceph: stderr
2024-04-25T11:55:34.847+0000 7fa7c221c700 1 -- 172.21.15.69:0/3394960407 --> [v2:172.21.15.69:3300/0,v1:172.21.15.69:6789/0] -- mon_subscribe({osdmap=0}) -- 0x7fa7bc19f980 con 0x7fa7bc1067f0
2024-04-25T11:55:35.606 INFO:teuthology.orchestra.run.smithi069.stdout:/usr/bin/ceph: stderr
2024-04-25T11:55:34.848+0000 7fa7b97fa700 1 -- 172.21.15.69:0/3394960407 <== mon.0 v2:172.21.15.69:3300/0 4 ==== mgrmap(e 8) ==== 46558+0+0 (secure 0 0 0) 0x7fa7ac022020 con 0x7fa7bc1067f0
2024-04-25T11:55:35.606 INFO:teuthology.orchestra.run.smithi069.stdout:/usr/bin/ceph: stderr
2024-04-25T11:55:34.848+0000 7fa7b97fa700 1 --2- 172.21.15.69:0/3394960407 >> [v2:172.21.15.69:6800/2142218707,v1:172.21.15.69:6801/2142218707] conn(0x7fa7a80395b0 0x7fa7a803ba70 unknown :-1 s=NONE pgs=0 cs=0 l=1 rev1=0 crypto rx=0 tx=0 comp rx=0 tx=0).connect
2024-04-25T11:55:35.606 INFO:teuthology.orchestra.run.smithi069.stdout:/usr/bin/ceph: stderr
2024-04-25T11:55:34.848+0000 7fa7b97fa700 1 -- 172.21.15.69:0/3394960407 <== mon.0 v2:172.21.15.69:3300/0 5 ==== osd_map(2..2 src has 1..2) ==== 940+0+0 (secure 0 0 0) 0x7fa7ac04e7e0 con 0x7fa7bc1067f0
2024-04-25T11:55:35.606 INFO:teuthology.orchestra.run.smithi069.stdout:/usr/bin/ceph: stderr
2024-04-25T11:55:34.848+0000 7fa7b2ffd700 1 --2- 172.21.15.69:0/3394960407 >> [v2:172.21.15.69:6800/2142218707,v1:172.21.15.69:6801/2142218707] conn(0x7fa7a80395b0 0x7fa7a803ba70 unknown :-1 s=BANNER_CONNECTING pgs=0 cs=0 l=1 rev1=0 crypto rx=0 tx=0 comp rx=0 tx=0)._handle_peer_banner_payload supported=3 required=0
2024-04-25T11:55:35.606 INFO:teuthology.orchestra.run.smithi069.stdout:/usr/bin/ceph: stderr
2024-04-25T11:55:34.848+0000 7fa7c221c700 1 -- 172.21.15.69:0/3394960407 --> [v2:172.21.15.69:3300/0,v1:172.21.15.69:6789/0] -- mon_command({"prefix": "get_command_descriptions"} v 0) -- 0x7fa7bc069ba0 con 0x7fa7bc1067f0
2024-04-25T11:55:35.606 INFO:teuthology.orchestra.run.smithi069.stdout:/usr/bin/ceph: stderr
2024-04-25T11:55:34.848+0000 7fa7b2ffd700 1 --2- 172.21.15.69:0/3394960407 >> [v2:172.21.15.69:6800/2142218707,v1:172.21.15.69:6801/2142218707] conn(0x7fa7a80395b0 0x7fa7a803ba70 secure :-1 s=READY pgs=8 cs=0 l=1 rev1=1 crypto rx=0x7fa7a4006fd0 tx=0x7fa7a4006e40 comp rx=0 tx=0).ready entity=mgr.14120 client_cookie=0 server_cookie=0 in_seq=0 out_seq=0
2024-04-25T11:55:35.606 INFO:teuthology.orchestra.run.smithi069.stdout:/usr/bin/ceph: stderr
2024-04-25T11:55:34.853+0000 7fa7b97fa700 1 -- 172.21.15.69:0/3394960407 <== mon.0 v2:172.21.15.69:3300/0 6 ==== mon_command_ack([{"prefix": "get_command_descriptions"}]=0 v0) ==== 72+0+188370 (secure 0 0 0) 0x7fa7ac021d80 con 0x7fa7bc1067f0
2024-04-25T11:55:35.606 INFO:teuthology.orchestra.run.smithi069.stdout:/usr/bin/ceph: stderr
2024-04-25T11:55:35.050+0000 7fa7c221c700 1 -- 172.21.15.69:0/3394960407 --> [v2:172.21.15.69:6800/2142218707,v1:172.21.15.69:6801/2142218707] -- mgr_command(tid 0: {"prefix": "cephadm set-user", "user": "root", "target": ["mon-mgr", ""]}) -- 0x7fa7bc103350 con 0x7fa7a80395b0
2024-04-25T11:55:35.607 INFO:teuthology.orchestra.run.smithi069.stdout:/usr/bin/ceph: stderr
2024-04-25T11:55:35.051+0000 7fa7b97fa700 1 -- 172.21.15.69:0/3394960407 <== mgr.14120 v2:172.21.15.69:6800/2142218707 1 ==== mgr_command_reply(tid 0: 0 ) ==== 8+0+16 (secure 0 0 0) 0x7fa7bc103350 con 0x7fa7a80395b0
2024-04-25T11:55:35.607 INFO:teuthology.orchestra.run.smithi069.stdout:/usr/bin/ceph: stderr
2024-04-25T11:55:35.053+0000 7fa7c221c700 1 -- 172.21.15.69:0/3394960407 >> [v2:172.21.15.69:6800/2142218707,v1:172.21.15.69:6801/2142218707] conn(0x7fa7a80395b0 msgr2=0x7fa7a803ba70 secure :-1 s=STATE_CONNECTION_ESTABLISHED l=1).mark_down
2024-04-25T11:55:35.607 INFO:teuthology.orchestra.run.smithi069.stdout:/usr/bin/ceph: stderr
2024-04-25T11:55:35.053+0000 7fa7c221c700 1 --2- 172.21.15.69:0/3394960407 >> [v2:172.21.15.69:6800/2142218707,v1:172.21.15.69:6801/2142218707] conn(0x7fa7a80395b0 0x7fa7a803ba70 secure :-1 s=READY pgs=8 cs=0 l=1 rev1=1 crypto rx=0x7fa7a4006fd0 tx=0x7fa7a4006e40 comp rx=0 tx=0).stop
2024-04-25T11:55:35.607 INFO:teuthology.orchestra.run.smithi069.stdout:/usr/bin/ceph: stderr
2024-04-25T11:55:35.053+0000 7fa7c221c700 1 -- 172.21.15.69:0/3394960407 >> [v2:172.21.15.69:3300/0,v1:172.21.15.69:6789/0] conn(0x7fa7bc1067f0 msgr2=0x7fa7bc19c4c0 secure :-1 s=STATE_CONNECTION_ESTABLISHED l=1).mark_down
2024-04-25T11:55:35.607 INFO:teuthology.orchestra.run.smithi069.stdout:/usr/bin/ceph: stderr
2024-04-25T11:55:35.053+0000 7fa7c221c700 1 --2- 172.21.15.69:0/3394960407 >> [v2:172.21.15.69:3300/0,v1:172.21.15.69:6789/0] conn(0x7fa7bc1067f0 0x7fa7bc19c4c0 secure :-1 s=READY pgs=40 cs=0 l=1 rev1=1 crypto rx=0x7fa7ac000c00 tx=0x7fa7ac011b70 comp rx=0 tx=0).stop
2024-04-25T11:55:35.607 INFO:teuthology.orchestra.run.smithi069.stdout:/usr/bin/ceph: stderr
2024-04-25T11:55:35.053+0000 7fa7c221c700 1 -- 172.21.15.69:0/3394960407 shutdown_connections
2024-04-25T11:55:35.607 INFO:teuthology.orchestra.run.smithi069.stdout:/usr/bin/ceph: stderr
2024-04-25T11:55:35.053+0000 7fa7c221c700 1 --2- 172.21.15.69:0/3394960407 >> [v2:172.21.15.69:6800/2142218707,v1:172.21.15.69:6801/2142218707] conn(0x7fa7a80395b0 0x7fa7a803ba70 unknown :-1 s=CLOSED pgs=8 cs=0 l=1 rev1=1 crypto rx=0 tx=0 comp rx=0 tx=0).stop
2024-04-25T11:55:35.607 INFO:teuthology.orchestra.run.smithi069.stdout:/usr/bin/ceph: stderr
2024-04-25T11:55:35.053+0000 7fa7c221c700 1 --2- 172.21.15.69:0/3394960407 >> [v2:172.21.15.69:3300/0,v1:172.21.15.69:6789/0] conn(0x7fa7bc1067f0 0x7fa7bc19c4c0 unknown :-1 s=CLOSED pgs=40 cs=0 l=1 rev1=1 crypto rx=0 tx=0 comp rx=0 tx=0).stop
2024-04-25T11:55:35.607 INFO:teuthology.orchestra.run.smithi069.stdout:/usr/bin/ceph: stderr
2024-04-25T11:55:35.053+0000 7fa7c221c700 1 -- 172.21.15.69:0/3394960407 >> 172.21.15.69:0/3394960407 conn(0x7fa7bc102150 msgr2=0x7fa7bc102c40 unknown :-1 s=STATE_NONE l=0).mark_down
2024-04-25T11:55:35.607 INFO:teuthology.orchestra.run.smithi069.stdout:/usr/bin/ceph: stderr
2024-04-25T11:55:35.053+0000 7fa7c221c700 1 -- 172.21.15.69:0/3394960407 shutdown_connections
2024-04-25T11:55:35.607 INFO:teuthology.orchestra.run.smithi069.stdout:/usr/bin/ceph: stderr
2024-04-25T11:55:35.053+0000 7fa7c221c700 1 -- 172.21.15.69:0/3394960407 wait complete.
2024-04-25T11:55:35.607 INFO:teuthology.orchestra.run.smithi069.stdout:Generating ssh key...
2024-04-25T11:55:35.988 INFO:journalctl@ceph.mon.a.smithi069.stdout:Apr 25 11:55:35 smithi069 ceph-mon[29470]: from='client.14134 -' entity='client.admin' cmd=[{"prefix": "cephadm set-user", "user": "root", "target": ["mon-mgr", ""]}]: dispatch
2024-04-25T11:55:36.800 INFO:journalctl@ceph.mgr.x.smithi069.stdout:Apr 25 11:55:36 smithi069 ceph-78c87038-02fa-11ef-bc93-c7b262605968-mgr-x[29701]: Generating public/private rsa key pair.
2024-04-25T11:55:36.800 INFO:journalctl@ceph.mgr.x.smithi069.stdout:Apr 25 11:55:36 smithi069 ceph-78c87038-02fa-11ef-bc93-c7b262605968-mgr-x[29701]: Your identification has been saved in /tmp/tmpsc961ct5/key.
2024-04-25T11:55:36.800 INFO:journalctl@ceph.mgr.x.smithi069.stdout:Apr 25 11:55:36 smithi069 ceph-78c87038-02fa-11ef-bc93-c7b262605968-mgr-x[29701]: Your public key has been saved in /tmp/tmpsc961ct5/key.pub.
2024-04-25T11:55:36.800 INFO:journalctl@ceph.mgr.x.smithi069.stdout:Apr 25 11:55:36 smithi069 ceph-78c87038-02fa-11ef-bc93-c7b262605968-mgr-x[29701]: The key fingerprint is:
2024-04-25T11:55:36.801 INFO:journalctl@ceph.mgr.x.smithi069.stdout:Apr 25 11:55:36 smithi069 ceph-78c87038-02fa-11ef-bc93-c7b262605968-mgr-x[29701]: SHA256:fIjlBI5Zm6SyomlNaIF6K9DKE9RCQoodTktb5tOomsw ceph-78c87038-02fa-11ef-bc93-c7b262605968
2024-04-25T11:55:36.801 INFO:journalctl@ceph.mgr.x.smithi069.stdout:Apr 25 11:55:36 smithi069 ceph-78c87038-02fa-11ef-bc93-c7b262605968-mgr-x[29701]: The key's randomart image is:
2024-04-25T11:55:36.801 INFO:journalctl@ceph.mgr.x.smithi069.stdout:Apr 25 11:55:36 smithi069 ceph-78c87038-02fa-11ef-bc93-c7b262605968-mgr-x[29701]: +---[RSA 3072]----+
2024-04-25T11:55:36.801 INFO:journalctl@ceph.mgr.x.smithi069.stdout:Apr 25 11:55:36 smithi069 ceph-78c87038-02fa-11ef-bc93-c7b262605968-mgr-x[29701]: |oo+ o + |
2024-04-25T11:55:36.801 INFO:journalctl@ceph.mgr.x.smithi069.stdout:Apr 25 11:55:36 smithi069 ceph-78c87038-02fa-11ef-bc93-c7b262605968-mgr-x[29701]: |*=.B X + |
2024-04-25T11:55:36.801 INFO:journalctl@ceph.mgr.x.smithi069.stdout:Apr 25 11:55:36 smithi069 ceph-78c87038-02fa-11ef-bc93-c7b262605968-mgr-x[29701]: |++*.B = o |
2024-04-25T11:55:36.801 INFO:journalctl@ceph.mgr.x.smithi069.stdout:Apr 25 11:55:36 smithi069 ceph-78c87038-02fa-11ef-bc93-c7b262605968-mgr-x[29701]: |o.++ . * . |
2024-04-25T11:55:36.801 INFO:journalctl@ceph.mgr.x.smithi069.stdout:Apr 25 11:55:36 smithi069 ceph-78c87038-02fa-11ef-bc93-c7b262605968-mgr-x[29701]: |++=. . S . |
2024-04-25T11:55:36.801 INFO:journalctl@ceph.mgr.x.smithi069.stdout:Apr 25 11:55:36 smithi069 ceph-78c87038-02fa-11ef-bc93-c7b262605968-mgr-x[29701]: |BB+. . |
2024-04-25T11:55:36.801 INFO:journalctl@ceph.mgr.x.smithi069.stdout:Apr 25 11:55:36 smithi069 ceph-78c87038-02fa-11ef-bc93-c7b262605968-mgr-x[29701]: |BE.. |
2024-04-25T11:55:36.801 INFO:journalctl@ceph.mgr.x.smithi069.stdout:Apr 25 11:55:36 smithi069 ceph-78c87038-02fa-11ef-bc93-c7b262605968-mgr-x[29701]: |... |
2024-04-25T11:55:36.801 INFO:journalctl@ceph.mgr.x.smithi069.stdout:Apr 25 11:55:36 smithi069 ceph-78c87038-02fa-11ef-bc93-c7b262605968-mgr-x[29701]: | |
2024-04-25T11:55:36.801 INFO:journalctl@ceph.mgr.x.smithi069.stdout:Apr 25 11:55:36 smithi069 ceph-78c87038-02fa-11ef-bc93-c7b262605968-mgr-x[29701]: +----[SHA256]-----+
2024-04-25T11:55:37.075 INFO:teuthology.orchestra.run.smithi069.stdout:/usr/bin/ceph: stderr
2024-04-25T11:55:36.037+0000 7f56ce52b700 1 Processor -- start
2024-04-25T11:55:37.076 INFO:teuthology.orchestra.run.smithi069.stdout:/usr/bin/ceph: stderr
2024-04-25T11:55:36.037+0000 7f56ce52b700 1 -- start start
2024-04-25T11:55:37.076 INFO:teuthology.orchestra.run.smithi069.stdout:/usr/bin/ceph: stderr
2024-04-25T11:55:36.037+0000 7f56ce52b700 1 --2- >> [v2:172.21.15.69:3300/0,v1:172.21.15.69:6789/0] conn(0x7f56c8107400 0x7f56c8107820 unknown :-1 s=NONE pgs=0 cs=0 l=0 rev1=0 crypto rx=0 tx=0 comp rx=0 tx=0).connect
2024-04-25T11:55:37.076 INFO:teuthology.orchestra.run.smithi069.stdout:/usr/bin/ceph: stderr
2024-04-25T11:55:36.037+0000 7f56ce52b700 1 -- --> [v2:172.21.15.69:3300/0,v1:172.21.15.69:6789/0] -- mon_getmap magic: 0 -- 0x7f56c8107df0 con 0x7f56c8107400
2024-04-25T11:55:37.076 INFO:teuthology.orchestra.run.smithi069.stdout:/usr/bin/ceph: stderr
2024-04-25T11:55:36.037+0000 7f56c7fff700 1 --2- >> [v2:172.21.15.69:3300/0,v1:172.21.15.69:6789/0] conn(0x7f56c8107400 0x7f56c8107820 unknown :-1 s=BANNER_CONNECTING pgs=0 cs=0 l=0 rev1=0 crypto rx=0 tx=0 comp rx=0 tx=0)._handle_peer_banner_payload supported=3 required=0
2024-04-25T11:55:37.076 INFO:teuthology.orchestra.run.smithi069.stdout:/usr/bin/ceph: stderr
2024-04-25T11:55:36.037+0000 7f56c7fff700 1 --2- >> [v2:172.21.15.69:3300/0,v1:172.21.15.69:6789/0] conn(0x7f56c8107400 0x7f56c8107820 unknown :-1 s=HELLO_CONNECTING pgs=0 cs=0 l=0 rev1=1 crypto rx=0 tx=0 comp rx=0 tx=0).handle_hello peer v2:172.21.15.69:3300/0 says I am v2:172.21.15.69:39372/0 (socket says 172.21.15.69:39372)
2024-04-25T11:55:37.076 INFO:teuthology.orchestra.run.smithi069.stdout:/usr/bin/ceph: stderr
2024-04-25T11:55:36.037+0000 7f56c7fff700 1 -- 172.21.15.69:0/415521592 learned_addr learned my addr 172.21.15.69:0/415521592 (peer_addr_for_me v2:172.21.15.69:0/0)
2024-04-25T11:55:37.076 INFO:teuthology.orchestra.run.smithi069.stdout:/usr/bin/ceph: stderr
2024-04-25T11:55:36.038+0000 7f56c7fff700 1 -- 172.21.15.69:0/415521592 --> [v2:172.21.15.69:3300/0,v1:172.21.15.69:6789/0] -- mon_subscribe({config=0+,monmap=0+}) -- 0x7f56c8108600 con 0x7f56c8107400
2024-04-25T11:55:37.076 INFO:teuthology.orchestra.run.smithi069.stdout:/usr/bin/ceph: stderr
2024-04-25T11:55:36.038+0000 7f56c7fff700 1 --2- 172.21.15.69:0/415521592 >> [v2:172.21.15.69:3300/0,v1:172.21.15.69:6789/0] conn(0x7f56c8107400 0x7f56c8107820 secure :-1 s=READY pgs=41 cs=0 l=1 rev1=1 crypto rx=0x7f56b800bb40 tx=0x7f56b800be50 comp rx=0 tx=0).ready entity=mon.0 client_cookie=89df5bbca68452f4 server_cookie=0 in_seq=0 out_seq=0
2024-04-25T11:55:37.076 INFO:teuthology.orchestra.run.smithi069.stdout:/usr/bin/ceph: stderr
2024-04-25T11:55:36.038+0000 7f56c6ffd700 1 -- 172.21.15.69:0/415521592 <== mon.0 v2:172.21.15.69:3300/0 1 ==== mon_map magic: 0 ==== 205+0+0 (secure 0 0 0) 0x7f56b800dbe0 con 0x7f56c8107400
2024-04-25T11:55:37.076 INFO:teuthology.orchestra.run.smithi069.stdout:/usr/bin/ceph: stderr
2024-04-25T11:55:36.038+0000 7f56c6ffd700 1 -- 172.21.15.69:0/415521592 <== mon.0 v2:172.21.15.69:3300/0 2 ==== config(26 keys) ==== 1070+0+0 (secure 0 0 0) 0x7f56b80044c0 con 0x7f56c8107400
2024-04-25T11:55:37.076 INFO:teuthology.orchestra.run.smithi069.stdout:/usr/bin/ceph: stderr
2024-04-25T11:55:36.038+0000 7f56c6ffd700 1 -- 172.21.15.69:0/415521592 <== mon.0 v2:172.21.15.69:3300/0 3 ==== mon_map magic: 0 ==== 205+0+0 (secure 0 0 0) 0x7f56b8010470 con 0x7f56c8107400
2024-04-25T11:55:37.076 INFO:teuthology.orchestra.run.smithi069.stdout:/usr/bin/ceph: stderr
2024-04-25T11:55:36.039+0000 7f56ce52b700 1 -- 172.21.15.69:0/415521592 >> [v2:172.21.15.69:3300/0,v1:172.21.15.69:6789/0] conn(0x7f56c8107400 msgr2=0x7f56c8107820 secure :-1 s=STATE_CONNECTION_ESTABLISHED l=1).mark_down
2024-04-25T11:55:37.076 INFO:teuthology.orchestra.run.smithi069.stdout:/usr/bin/ceph: stderr
2024-04-25T11:55:36.039+0000 7f56ce52b700 1 --2- 172.21.15.69:0/415521592 >> [v2:172.21.15.69:3300/0,v1:172.21.15.69:6789/0] conn(0x7f56c8107400 0x7f56c8107820 secure :-1 s=READY pgs=41 cs=0 l=1 rev1=1 crypto rx=0x7f56b800bb40 tx=0x7f56b800be50 comp rx=0 tx=0).stop
2024-04-25T11:55:37.077 INFO:teuthology.orchestra.run.smithi069.stdout:/usr/bin/ceph: stderr
2024-04-25T11:55:36.039+0000 7f56ce52b700 1 -- 172.21.15.69:0/415521592 shutdown_connections
2024-04-25T11:55:37.077 INFO:teuthology.orchestra.run.smithi069.stdout:/usr/bin/ceph: stderr
2024-04-25T11:55:36.039+0000 7f56ce52b700 1 --2- 172.21.15.69:0/415521592 >> [v2:172.21.15.69:3300/0,v1:172.21.15.69:6789/0] conn(0x7f56c8107400 0x7f56c8107820 unknown :-1 s=CLOSED pgs=41 cs=0 l=1 rev1=1 crypto rx=0 tx=0 comp rx=0 tx=0).stop
2024-04-25T11:55:37.077 INFO:teuthology.orchestra.run.smithi069.stdout:/usr/bin/ceph: stderr
2024-04-25T11:55:36.039+0000 7f56ce52b700 1 -- 172.21.15.69:0/415521592 >> 172.21.15.69:0/415521592 conn(0x7f56c81029a0 msgr2=0x7f56c8104de0 unknown :-1 s=STATE_NONE l=0).mark_down
2024-04-25T11:55:37.077 INFO:teuthology.orchestra.run.smithi069.stdout:/usr/bin/ceph: stderr
2024-04-25T11:55:36.039+0000 7f56ce52b700 1 -- 172.21.15.69:0/415521592 shutdown_connections
2024-04-25T11:55:37.077 INFO:teuthology.orchestra.run.smithi069.stdout:/usr/bin/ceph: stderr
2024-04-25T11:55:36.039+0000 7f56ce52b700 1 -- 172.21.15.69:0/415521592 wait complete.
2024-04-25T11:55:37.077 INFO:teuthology.orchestra.run.smithi069.stdout:/usr/bin/ceph: stderr
2024-04-25T11:55:36.039+0000 7f56ce52b700 1 Processor -- start
2024-04-25T11:55:37.077 INFO:teuthology.orchestra.run.smithi069.stdout:/usr/bin/ceph: stderr
2024-04-25T11:55:36.039+0000 7f56ce52b700 1 -- start start
2024-04-25T11:55:37.077 INFO:teuthology.orchestra.run.smithi069.stdout:/usr/bin/ceph: stderr
2024-04-25T11:55:36.040+0000 7f56ce52b700 1 --2- >> [v2:172.21.15.69:3300/0,v1:172.21.15.69:6789/0] conn(0x7f56c8107400 0x7f56c819a280 unknown :-1 s=NONE pgs=0 cs=0 l=1 rev1=0 crypto rx=0 tx=0 comp rx=0 tx=0).connect
2024-04-25T11:55:37.077 INFO:teuthology.orchestra.run.smithi069.stdout:/usr/bin/ceph: stderr
2024-04-25T11:55:36.040+0000 7f56ce52b700 1 -- --> [v2:172.21.15.69:3300/0,v1:172.21.15.69:6789/0] -- mon_getmap magic: 0 -- 0x7f56c807afe0 con 0x7f56c8107400
2024-04-25T11:55:37.077 INFO:teuthology.orchestra.run.smithi069.stdout:/usr/bin/ceph: stderr
2024-04-25T11:55:36.040+0000 7f56c7fff700 1 --2- >> [v2:172.21.15.69:3300/0,v1:172.21.15.69:6789/0] conn(0x7f56c8107400 0x7f56c819a280 unknown :-1 s=BANNER_CONNECTING pgs=0 cs=0 l=1 rev1=0 crypto rx=0 tx=0 comp rx=0 tx=0)._handle_peer_banner_payload supported=3 required=0
2024-04-25T11:55:37.077 INFO:teuthology.orchestra.run.smithi069.stdout:/usr/bin/ceph: stderr
2024-04-25T11:55:36.040+0000 7f56c7fff700 1 --2- >> [v2:172.21.15.69:3300/0,v1:172.21.15.69:6789/0] conn(0x7f56c8107400 0x7f56c819a280 unknown :-1 s=HELLO_CONNECTING pgs=0 cs=0 l=1 rev1=1 crypto rx=0 tx=0 comp rx=0 tx=0).handle_hello peer v2:172.21.15.69:3300/0 says I am v2:172.21.15.69:39378/0 (socket says 172.21.15.69:39378)
2024-04-25T11:55:37.077 INFO:teuthology.orchestra.run.smithi069.stdout:/usr/bin/ceph: stderr
2024-04-25T11:55:36.040+0000 7f56c7fff700 1 -- 172.21.15.69:0/4012618746 learned_addr learned my addr 172.21.15.69:0/4012618746 (peer_addr_for_me v2:172.21.15.69:0/0)
2024-04-25T11:55:37.077 INFO:teuthology.orchestra.run.smithi069.stdout:/usr/bin/ceph: stderr
2024-04-25T11:55:36.040+0000 7f56c7fff700 1 -- 172.21.15.69:0/4012618746 --> [v2:172.21.15.69:3300/0,v1:172.21.15.69:6789/0] -- mon_subscribe({config=0+,monmap=0+}) -- 0x7f56c819a7c0 con 0x7f56c8107400
2024-04-25T11:55:37.077 INFO:teuthology.orchestra.run.smithi069.stdout:/usr/bin/ceph: stderr
