2024-04-25T11:55:48.808+0000 7f62a0a08700 1 -- 172.21.15.69:0/2603118893 --> [v2:172.21.15.69:3300/0,v1:172.21.15.69:6789/0] -- mon_command({"prefix": "get_command_descriptions"} v 0) -- 0x7f629c0640a0 con 0x7f629c109010
2024-04-25T11:55:49.545 INFO:teuthology.orchestra.run.smithi069.stdout:/usr/bin/ceph: stderr
2024-04-25T11:55:48.808+0000 7f628b7fe700 1 --2- 172.21.15.69:0/2603118893 >> [v2:172.21.15.69:6800/2142218707,v1:172.21.15.69:6801/2142218707] conn(0x7f6284039560 0x7f628403ba20 unknown :-1 s=NONE pgs=0 cs=0 l=1 rev1=0 crypto rx=0 tx=0 comp rx=0 tx=0).connect
2024-04-25T11:55:49.545 INFO:teuthology.orchestra.run.smithi069.stdout:/usr/bin/ceph: stderr
2024-04-25T11:55:48.808+0000 7f628b7fe700 1 -- 172.21.15.69:0/2603118893 <== mon.0 v2:172.21.15.69:3300/0 5 ==== osd_map(2..2 src has 1..2) ==== 940+0+0 (secure 0 0 0) 0x7f628c04e180 con 0x7f629c109010
2024-04-25T11:55:49.545 INFO:teuthology.orchestra.run.smithi069.stdout:/usr/bin/ceph: stderr
2024-04-25T11:55:48.808+0000 7f6299d9b700 1 --2- 172.21.15.69:0/2603118893 >> [v2:172.21.15.69:6800/2142218707,v1:172.21.15.69:6801/2142218707] conn(0x7f6284039560 0x7f628403ba20 unknown :-1 s=BANNER_CONNECTING pgs=0 cs=0 l=1 rev1=0 crypto rx=0 tx=0 comp rx=0 tx=0)._handle_peer_banner_payload supported=3 required=0
2024-04-25T11:55:49.545 INFO:teuthology.orchestra.run.smithi069.stdout:/usr/bin/ceph: stderr
2024-04-25T11:55:48.809+0000 7f6299d9b700 1 --2- 172.21.15.69:0/2603118893 >> [v2:172.21.15.69:6800/2142218707,v1:172.21.15.69:6801/2142218707] conn(0x7f6284039560 0x7f628403ba20 secure :-1 s=READY pgs=15 cs=0 l=1 rev1=1 crypto rx=0x7f6290006fd0 tx=0x7f6290006e40 comp rx=0 tx=0).ready entity=mgr.14120 client_cookie=0 server_cookie=0 in_seq=0 out_seq=0
2024-04-25T11:55:49.545 INFO:teuthology.orchestra.run.smithi069.stdout:/usr/bin/ceph: stderr
2024-04-25T11:55:48.813+0000 7f628b7fe700 1 -- 172.21.15.69:0/2603118893 <== mon.0 v2:172.21.15.69:3300/0 6 ==== mon_command_ack([{"prefix": "get_command_descriptions"}]=0 v0) ==== 72+0+188370 (secure 0 0 0) 0x7f628c01f030 con 0x7f629c109010
2024-04-25T11:55:49.545 INFO:teuthology.orchestra.run.smithi069.stdout:/usr/bin/ceph: stderr
2024-04-25T11:55:49.017+0000 7f62a0a08700 1 -- 172.21.15.69:0/2603118893 --> [v2:172.21.15.69:3300/0,v1:172.21.15.69:6789/0] -- mon_command([{prefix=config set, name=mgr/dashboard/ssl_server_port}] v 0) -- 0x7f629c19ff70 con 0x7f629c109010
2024-04-25T11:55:49.545 INFO:teuthology.orchestra.run.smithi069.stdout:/usr/bin/ceph: stderr
2024-04-25T11:55:49.019+0000 7f628b7fe700 1 -- 172.21.15.69:0/2603118893 <== mon.0 v2:172.21.15.69:3300/0 7 ==== mon_command_ack([{prefix=config set, name=mgr/dashboard/ssl_server_port}]=0 v8)=0 v8) ==== 130+0+0 (secure 0 0 0) 0x7f628c018350 con 0x7f629c109010
2024-04-25T11:55:49.545 INFO:teuthology.orchestra.run.smithi069.stdout:/usr/bin/ceph: stderr
2024-04-25T11:55:49.022+0000 7f62a0a08700 1 -- 172.21.15.69:0/2603118893 >> [v2:172.21.15.69:6800/2142218707,v1:172.21.15.69:6801/2142218707] conn(0x7f6284039560 msgr2=0x7f628403ba20 secure :-1 s=STATE_CONNECTION_ESTABLISHED l=1).mark_down
2024-04-25T11:55:49.545 INFO:teuthology.orchestra.run.smithi069.stdout:/usr/bin/ceph: stderr
2024-04-25T11:55:49.022+0000 7f62a0a08700 1 --2- 172.21.15.69:0/2603118893 >> [v2:172.21.15.69:6800/2142218707,v1:172.21.15.69:6801/2142218707] conn(0x7f6284039560 0x7f628403ba20 secure :-1 s=READY pgs=15 cs=0 l=1 rev1=1 crypto rx=0x7f6290006fd0 tx=0x7f6290006e40 comp rx=0 tx=0).stop
2024-04-25T11:55:49.545 INFO:teuthology.orchestra.run.smithi069.stdout:/usr/bin/ceph: stderr
2024-04-25T11:55:49.022+0000 7f62a0a08700 1 -- 172.21.15.69:0/2603118893 >> [v2:172.21.15.69:3300/0,v1:172.21.15.69:6789/0] conn(0x7f629c109010 msgr2=0x7f629c19c490 secure :-1 s=STATE_CONNECTION_ESTABLISHED l=1).mark_down
2024-04-25T11:55:49.545 INFO:teuthology.orchestra.run.smithi069.stdout:/usr/bin/ceph: stderr
2024-04-25T11:55:49.022+0000 7f62a0a08700 1 --2- 172.21.15.69:0/2603118893 >> [v2:172.21.15.69:3300/0,v1:172.21.15.69:6789/0] conn(0x7f629c109010 0x7f629c19c490 secure :-1 s=READY pgs=54 cs=0 l=1 rev1=1 crypto rx=0x7f628c0116e0 tx=0x7f628c011aa0 comp rx=0 tx=0).stop
2024-04-25T11:55:49.545 INFO:teuthology.orchestra.run.smithi069.stdout:/usr/bin/ceph: stderr
2024-04-25T11:55:49.022+0000 7f62a0a08700 1 -- 172.21.15.69:0/2603118893 shutdown_connections
2024-04-25T11:55:49.546 INFO:teuthology.orchestra.run.smithi069.stdout:/usr/bin/ceph: stderr
2024-04-25T11:55:49.022+0000 7f62a0a08700 1 --2- 172.21.15.69:0/2603118893 >> [v2:172.21.15.69:6800/2142218707,v1:172.21.15.69:6801/2142218707] conn(0x7f6284039560 0x7f628403ba20 unknown :-1 s=CLOSED pgs=15 cs=0 l=1 rev1=1 crypto rx=0 tx=0 comp rx=0 tx=0).stop
2024-04-25T11:55:49.546 INFO:teuthology.orchestra.run.smithi069.stdout:/usr/bin/ceph: stderr
2024-04-25T11:55:49.022+0000 7f62a0a08700 1 --2- 172.21.15.69:0/2603118893 >> [v2:172.21.15.69:3300/0,v1:172.21.15.69:6789/0] conn(0x7f629c109010 0x7f629c19c490 unknown :-1 s=CLOSED pgs=54 cs=0 l=1 rev1=1 crypto rx=0 tx=0 comp rx=0 tx=0).stop
2024-04-25T11:55:49.546 INFO:teuthology.orchestra.run.smithi069.stdout:/usr/bin/ceph: stderr
2024-04-25T11:55:49.022+0000 7f62a0a08700 1 -- 172.21.15.69:0/2603118893 >> 172.21.15.69:0/2603118893 conn(0x7f629c1029e0 msgr2=0x7f629c103500 unknown :-1 s=STATE_NONE l=0).mark_down
2024-04-25T11:55:49.546 INFO:teuthology.orchestra.run.smithi069.stdout:/usr/bin/ceph: stderr
2024-04-25T11:55:49.022+0000 7f62a0a08700 1 -- 172.21.15.69:0/2603118893 shutdown_connections
2024-04-25T11:55:49.546 INFO:teuthology.orchestra.run.smithi069.stdout:/usr/bin/ceph: stderr
2024-04-25T11:55:49.022+0000 7f62a0a08700 1 -- 172.21.15.69:0/2603118893 wait complete.
2024-04-25T11:55:49.546 INFO:teuthology.orchestra.run.smithi069.stdout:Enabling the dashboard module...
2024-04-25T11:55:50.261 INFO:journalctl@ceph.mon.a.smithi069.stdout:Apr 25 11:55:50 smithi069 ceph-mon[29470]: from='client.? 172.21.15.69:0/2603118893' entity='client.admin'
2024-04-25T11:55:50.261 INFO:journalctl@ceph.mon.a.smithi069.stdout:Apr 25 11:55:50 smithi069 ceph-mon[29470]: from='mgr.14120 172.21.15.69:0/1616045892' entity='mgr.x'
2024-04-25T11:55:51.197 INFO:journalctl@ceph.mon.a.smithi069.stdout:Apr 25 11:55:51 smithi069 ceph-mon[29470]: from='client.? 172.21.15.69:0/3948360561' entity='client.admin' cmd=[{"prefix": "mgr module enable", "module": "dashboard"}]: dispatch
2024-04-25T11:55:51.197 INFO:journalctl@ceph.mon.a.smithi069.stdout:Apr 25 11:55:51 smithi069 ceph-mon[29470]: from='mgr.14120 172.21.15.69:0/1616045892' entity='mgr.x'
2024-04-25T11:55:51.197 INFO:journalctl@ceph.mgr.x.smithi069.stdout:Apr 25 11:55:51 smithi069 ceph-78c87038-02fa-11ef-bc93-c7b262605968-mgr-x[29701]: ignoring --setuser ceph since I am not root
2024-04-25T11:55:51.197 INFO:journalctl@ceph.mgr.x.smithi069.stdout:Apr 25 11:55:51 smithi069 ceph-78c87038-02fa-11ef-bc93-c7b262605968-mgr-x[29701]: ignoring --setgroup ceph since I am not root
2024-04-25T11:55:51.197 INFO:journalctl@ceph.mgr.x.smithi069.stdout:Apr 25 11:55:51 smithi069 ceph-78c87038-02fa-11ef-bc93-c7b262605968-mgr-x[29701]:
2024-04-25T11:55:51.206+0000 7f3c1b0d9200 -1 mgr[py] Module balancer has missing NOTIFY_TYPES member
2024-04-25T11:55:51.450 INFO:journalctl@ceph.mgr.x.smithi069.stdout:Apr 25 11:55:51 smithi069 ceph-78c87038-02fa-11ef-bc93-c7b262605968-mgr-x[29701]:
2024-04-25T11:55:51.391+0000 7f3c1b0d9200 -1 mgr[py] Module orchestrator has missing NOTIFY_TYPES member
2024-04-25T11:55:51.738 INFO:journalctl@ceph.mgr.x.smithi069.stdout:Apr 25 11:55:51 smithi069 ceph-78c87038-02fa-11ef-bc93-c7b262605968-mgr-x[29701]:
2024-04-25T11:55:51.497+0000 7f3c1b0d9200 -1 mgr[py] Module snap_schedule has missing NOTIFY_TYPES member
2024-04-25T11:55:52.014 INFO:journalctl@ceph.mgr.x.smithi069.stdout:Apr 25 11:55:51 smithi069 ceph-78c87038-02fa-11ef-bc93-c7b262605968-mgr-x[29701]:
2024-04-25T11:55:51.809+0000 7f3c1b0d9200 -1 mgr[py] Module progress has missing NOTIFY_TYPES member
2024-04-25T11:55:52.014 INFO:journalctl@ceph.mgr.x.smithi069.stdout:Apr 25 11:55:51 smithi069 ceph-78c87038-02fa-11ef-bc93-c7b262605968-mgr-x[29701]:
2024-04-25T11:55:51.894+0000 7f3c1b0d9200 -1 mgr[py] Module influx has missing NOTIFY_TYPES member
2024-04-25T11:55:52.298 INFO:journalctl@ceph.mon.a.smithi069.stdout:Apr 25 11:55:52 smithi069 ceph-mon[29470]: from='client.? 172.21.15.69:0/3948360561' entity='client.admin' cmd='[{"prefix": "mgr module enable", "module": "dashboard"}]': finished
2024-04-25T11:55:52.298 INFO:journalctl@ceph.mon.a.smithi069.stdout:Apr 25 11:55:52 smithi069 ceph-mon[29470]: mgrmap e9: x(active, since 19s)
2024-04-25T11:55:52.305 INFO:teuthology.orchestra.run.smithi069.stdout:/usr/bin/ceph: stderr
2024-04-25T11:55:49.992+0000 7fa215c35700 1 Processor -- start
2024-04-25T11:55:52.305 INFO:teuthology.orchestra.run.smithi069.stdout:/usr/bin/ceph: stderr
2024-04-25T11:55:49.992+0000 7fa215c35700 1 -- start start
2024-04-25T11:55:52.305 INFO:teuthology.orchestra.run.smithi069.stdout:/usr/bin/ceph: stderr
2024-04-25T11:55:49.993+0000 7fa215c35700 1 --2- >> [v2:172.21.15.69:3300/0,v1:172.21.15.69:6789/0] conn(0x7fa210108b20 0x7fa210108f40 unknown :-1 s=NONE pgs=0 cs=0 l=0 rev1=0 crypto rx=0 tx=0 comp rx=0 tx=0).connect
2024-04-25T11:55:52.305 INFO:teuthology.orchestra.run.smithi069.stdout:/usr/bin/ceph: stderr
2024-04-25T11:55:49.993+0000 7fa215c35700 1 -- --> [v2:172.21.15.69:3300/0,v1:172.21.15.69:6789/0] -- mon_getmap magic: 0 -- 0x7fa210107060 con 0x7fa210108b20
2024-04-25T11:55:52.305 INFO:teuthology.orchestra.run.smithi069.stdout:/usr/bin/ceph: stderr
2024-04-25T11:55:49.993+0000 7fa20f7fe700 1 --2- >> [v2:172.21.15.69:3300/0,v1:172.21.15.69:6789/0] conn(0x7fa210108b20 0x7fa210108f40 unknown :-1 s=BANNER_CONNECTING pgs=0 cs=0 l=0 rev1=0 crypto rx=0 tx=0 comp rx=0 tx=0)._handle_peer_banner_payload supported=3 required=0
2024-04-25T11:55:52.306 INFO:teuthology.orchestra.run.smithi069.stdout:/usr/bin/ceph: stderr
2024-04-25T11:55:49.993+0000 7fa20f7fe700 1 --2- >> [v2:172.21.15.69:3300/0,v1:172.21.15.69:6789/0] conn(0x7fa210108b20 0x7fa210108f40 unknown :-1 s=HELLO_CONNECTING pgs=0 cs=0 l=0 rev1=1 crypto rx=0 tx=0 comp rx=0 tx=0).handle_hello peer v2:172.21.15.69:3300/0 says I am v2:172.21.15.69:39336/0 (socket says 172.21.15.69:39336)
2024-04-25T11:55:52.306 INFO:teuthology.orchestra.run.smithi069.stdout:/usr/bin/ceph: stderr
2024-04-25T11:55:49.993+0000 7fa20f7fe700 1 -- 172.21.15.69:0/437320959 learned_addr learned my addr 172.21.15.69:0/437320959 (peer_addr_for_me v2:172.21.15.69:0/0)
2024-04-25T11:55:52.306 INFO:teuthology.orchestra.run.smithi069.stdout:/usr/bin/ceph: stderr
2024-04-25T11:55:49.993+0000 7fa20f7fe700 1 -- 172.21.15.69:0/437320959 --> [v2:172.21.15.69:3300/0,v1:172.21.15.69:6789/0] -- mon_subscribe({config=0+,monmap=0+}) -- 0x7fa2101071e0 con 0x7fa210108b20
2024-04-25T11:55:52.306 INFO:teuthology.orchestra.run.smithi069.stdout:/usr/bin/ceph: stderr
2024-04-25T11:55:49.993+0000 7fa20f7fe700 1 --2- 172.21.15.69:0/437320959 >> [v2:172.21.15.69:3300/0,v1:172.21.15.69:6789/0] conn(0x7fa210108b20 0x7fa210108f40 secure :-1 s=READY pgs=55 cs=0 l=1 rev1=1 crypto rx=0x7fa2000098a0 tx=0x7fa200009bb0 comp rx=0 tx=0).ready entity=mon.0 client_cookie=30952483dccccf4a server_cookie=0 in_seq=0 out_seq=0
2024-04-25T11:55:52.306 INFO:teuthology.orchestra.run.smithi069.stdout:/usr/bin/ceph: stderr
2024-04-25T11:55:49.993+0000 7fa20e7fc700 1 -- 172.21.15.69:0/437320959 <== mon.0 v2:172.21.15.69:3300/0 1 ==== mon_map magic: 0 ==== 205+0+0 (secure 0 0 0) 0x7fa200004160 con 0x7fa210108b20
2024-04-25T11:55:52.306 INFO:teuthology.orchestra.run.smithi069.stdout:/usr/bin/ceph: stderr
2024-04-25T11:55:49.993+0000 7fa20e7fc700 1 -- 172.21.15.69:0/437320959 <== mon.0 v2:172.21.15.69:3300/0 2 ==== config(26 keys) ==== 1101+0+0 (secure 0 0 0) 0x7fa200004300 con 0x7fa210108b20
2024-04-25T11:55:52.306 INFO:teuthology.orchestra.run.smithi069.stdout:/usr/bin/ceph: stderr
2024-04-25T11:55:49.993+0000 7fa20e7fc700 1 -- 172.21.15.69:0/437320959 <== mon.0 v2:172.21.15.69:3300/0 3 ==== mon_map magic: 0 ==== 205+0+0 (secure 0 0 0) 0x7fa200011a20 con 0x7fa210108b20
2024-04-25T11:55:52.306 INFO:teuthology.orchestra.run.smithi069.stdout:/usr/bin/ceph: stderr
2024-04-25T11:55:49.994+0000 7fa215c35700 1 -- 172.21.15.69:0/437320959 >> [v2:172.21.15.69:3300/0,v1:172.21.15.69:6789/0] conn(0x7fa210108b20 msgr2=0x7fa210108f40 secure :-1 s=STATE_CONNECTION_ESTABLISHED l=1).mark_down
2024-04-25T11:55:52.306 INFO:teuthology.orchestra.run.smithi069.stdout:/usr/bin/ceph: stderr
2024-04-25T11:55:49.994+0000 7fa215c35700 1 --2- 172.21.15.69:0/437320959 >> [v2:172.21.15.69:3300/0,v1:172.21.15.69:6789/0] conn(0x7fa210108b20 0x7fa210108f40 secure :-1 s=READY pgs=55 cs=0 l=1 rev1=1 crypto rx=0x7fa2000098a0 tx=0x7fa200009bb0 comp rx=0 tx=0).stop
2024-04-25T11:55:52.306 INFO:teuthology.orchestra.run.smithi069.stdout:/usr/bin/ceph: stderr
2024-04-25T11:55:49.994+0000 7fa215c35700 1 -- 172.21.15.69:0/437320959 shutdown_connections
2024-04-25T11:55:52.306 INFO:teuthology.orchestra.run.smithi069.stdout:/usr/bin/ceph: stderr
2024-04-25T11:55:49.994+0000 7fa215c35700 1 --2- 172.21.15.69:0/437320959 >> [v2:172.21.15.69:3300/0,v1:172.21.15.69:6789/0] conn(0x7fa210108b20 0x7fa210108f40 unknown :-1 s=CLOSED pgs=55 cs=0 l=1 rev1=1 crypto rx=0 tx=0 comp rx=0 tx=0).stop
2024-04-25T11:55:52.306 INFO:teuthology.orchestra.run.smithi069.stdout:/usr/bin/ceph: stderr
2024-04-25T11:55:49.994+0000 7fa215c35700 1 -- 172.21.15.69:0/437320959 >> 172.21.15.69:0/437320959 conn(0x7fa210102a60 msgr2=0x7fa210104e80 unknown :-1 s=STATE_NONE l=0).mark_down
2024-04-25T11:55:52.307 INFO:teuthology.orchestra.run.smithi069.stdout:/usr/bin/ceph: stderr
2024-04-25T11:55:49.994+0000 7fa215c35700 1 -- 172.21.15.69:0/437320959 shutdown_connections
2024-04-25T11:55:52.307 INFO:teuthology.orchestra.run.smithi069.stdout:/usr/bin/ceph: stderr
2024-04-25T11:55:49.994+0000 7fa215c35700 1 -- 172.21.15.69:0/437320959 wait complete.
2024-04-25T11:55:52.307 INFO:teuthology.orchestra.run.smithi069.stdout:/usr/bin/ceph: stderr
2024-04-25T11:55:49.995+0000 7fa215c35700 1 Processor -- start
2024-04-25T11:55:52.307 INFO:teuthology.orchestra.run.smithi069.stdout:/usr/bin/ceph: stderr
2024-04-25T11:55:49.995+0000 7fa215c35700 1 -- start start
2024-04-25T11:55:52.307 INFO:teuthology.orchestra.run.smithi069.stdout:/usr/bin/ceph: stderr
2024-04-25T11:55:49.995+0000 7fa215c35700 1 --2- >> [v2:172.21.15.69:3300/0,v1:172.21.15.69:6789/0] conn(0x7fa210108b20 0x7fa21019b4a0 unknown :-1 s=NONE pgs=0 cs=0 l=1 rev1=0 crypto rx=0 tx=0 comp rx=0 tx=0).connect
2024-04-25T11:55:52.307 INFO:teuthology.orchestra.run.smithi069.stdout:/usr/bin/ceph: stderr
2024-04-25T11:55:49.995+0000 7fa215c35700 1 -- --> [v2:172.21.15.69:3300/0,v1:172.21.15.69:6789/0] -- mon_getmap magic: 0 -- 0x7fa21010b9f0 con 0x7fa210108b20
2024-04-25T11:55:52.307 INFO:teuthology.orchestra.run.smithi069.stdout:/usr/bin/ceph: stderr
2024-04-25T11:55:49.995+0000 7fa20f7fe700 1 --2- >> [v2:172.21.15.69:3300/0,v1:172.21.15.69:6789/0] conn(0x7fa210108b20 0x7fa21019b4a0 unknown :-1 s=BANNER_CONNECTING pgs=0 cs=0 l=1 rev1=0 crypto rx=0 tx=0 comp rx=0 tx=0)._handle_peer_banner_payload supported=3 required=0
2024-04-25T11:55:52.307 INFO:teuthology.orchestra.run.smithi069.stdout:/usr/bin/ceph: stderr
2024-04-25T11:55:49.995+0000 7fa20f7fe700 1 --2- >> [v2:172.21.15.69:3300/0,v1:172.21.15.69:6789/0] conn(0x7fa210108b20 0x7fa21019b4a0 unknown :-1 s=HELLO_CONNECTING pgs=0 cs=0 l=1 rev1=1 crypto rx=0 tx=0 comp rx=0 tx=0).handle_hello peer v2:172.21.15.69:3300/0 says I am v2:172.21.15.69:39340/0 (socket says 172.21.15.69:39340)
2024-04-25T11:55:52.307 INFO:teuthology.orchestra.run.smithi069.stdout:/usr/bin/ceph: stderr
2024-04-25T11:55:49.995+0000 7fa20f7fe700 1 -- 172.21.15.69:0/3948360561 learned_addr learned my addr 172.21.15.69:0/3948360561 (peer_addr_for_me v2:172.21.15.69:0/0)
2024-04-25T11:55:52.307 INFO:teuthology.orchestra.run.smithi069.stdout:/usr/bin/ceph: stderr
2024-04-25T11:55:49.995+0000 7fa20f7fe700 1 -- 172.21.15.69:0/3948360561 --> [v2:172.21.15.69:3300/0,v1:172.21.15.69:6789/0] -- mon_subscribe({config=0+,monmap=0+}) -- 0x7fa21019b9e0 con 0x7fa210108b20
2024-04-25T11:55:52.307 INFO:teuthology.orchestra.run.smithi069.stdout:/usr/bin/ceph: stderr
2024-04-25T11:55:49.996+0000 7fa20f7fe700 1 --2- 172.21.15.69:0/3948360561 >> [v2:172.21.15.69:3300/0,v1:172.21.15.69:6789/0] conn(0x7fa210108b20 0x7fa21019b4a0 secure :-1 s=READY pgs=56 cs=0 l=1 rev1=1 crypto rx=0x7fa2000119f0 tx=0x7fa200011ad0 comp rx=0 tx=0).ready entity=mon.0 client_cookie=0 server_cookie=0 in_seq=0 out_seq=0
2024-04-25T11:55:52.307 INFO:teuthology.orchestra.run.smithi069.stdout:/usr/bin/ceph: stderr
2024-04-25T11:55:49.996+0000 7fa20cff9700 1 -- 172.21.15.69:0/3948360561 <== mon.0 v2:172.21.15.69:3300/0 1 ==== mon_map magic: 0 ==== 205+0+0 (secure 0 0 0) 0x7fa2000039e0 con 0x7fa210108b20
2024-04-25T11:55:52.307 INFO:teuthology.orchestra.run.smithi069.stdout:/usr/bin/ceph: stderr
2024-04-25T11:55:49.996+0000 7fa215c35700 1 -- 172.21.15.69:0/3948360561 --> [v2:172.21.15.69:3300/0,v1:172.21.15.69:6789/0] -- mon_subscribe({mgrmap=0+}) -- 0x7fa21019bc70 con 0x7fa210108b20
2024-04-25T11:55:52.307 INFO:teuthology.orchestra.run.smithi069.stdout:/usr/bin/ceph: stderr
2024-04-25T11:55:49.996+0000 7fa20cff9700 1 -- 172.21.15.69:0/3948360561 <== mon.0 v2:172.21.15.69:3300/0 2 ==== config(26 keys) ==== 1101+0+0 (secure 0 0 0) 0x7fa20001b8f0 con 0x7fa210108b20
2024-04-25T11:55:52.308 INFO:teuthology.orchestra.run.smithi069.stdout:/usr/bin/ceph: stderr
2024-04-25T11:55:49.996+0000 7fa20cff9700 1 -- 172.21.15.69:0/3948360561 <== mon.0 v2:172.21.15.69:3300/0 3 ==== mon_map magic: 0 ==== 205+0+0 (secure 0 0 0) 0x7fa2000237a0 con 0x7fa210108b20
2024-04-25T11:55:52.308 INFO:teuthology.orchestra.run.smithi069.stdout:/usr/bin/ceph: stderr
2024-04-25T11:55:49.996+0000 7fa215c35700 1 -- 172.21.15.69:0/3948360561 --> [v2:172.21.15.69:3300/0,v1:172.21.15.69:6789/0] -- mon_subscribe({osdmap=0}) -- 0x7fa21019e960 con 0x7fa210108b20
2024-04-25T11:55:52.308 INFO:teuthology.orchestra.run.smithi069.stdout:/usr/bin/ceph: stderr
2024-04-25T11:55:49.997+0000 7fa20cff9700 1 -- 172.21.15.69:0/3948360561 <== mon.0 v2:172.21.15.69:3300/0 4 ==== mgrmap(e 8) ==== 46558+0+0 (secure 0 0 0) 0x7fa20002c3f0 con 0x7fa210108b20
2024-04-25T11:55:52.308 INFO:teuthology.orchestra.run.smithi069.stdout:/usr/bin/ceph: stderr
2024-04-25T11:55:49.997+0000 7fa20cff9700 1 --2- 172.21.15.69:0/3948360561 >> [v2:172.21.15.69:6800/2142218707,v1:172.21.15.69:6801/2142218707] conn(0x7fa1f80395b0 0x7fa1f803ba70 unknown :-1 s=NONE pgs=0 cs=0 l=1 rev1=0 crypto rx=0 tx=0 comp rx=0 tx=0).connect
2024-04-25T11:55:52.308 INFO:teuthology.orchestra.run.smithi069.stdout:/usr/bin/ceph: stderr
2024-04-25T11:55:49.997+0000 7fa20cff9700 1 -- 172.21.15.69:0/3948360561 <== mon.0 v2:172.21.15.69:3300/0 5 ==== osd_map(2..2 src has 1..2) ==== 940+0+0 (secure 0 0 0) 0x7fa20004de60 con 0x7fa210108b20
2024-04-25T11:55:52.308 INFO:teuthology.orchestra.run.smithi069.stdout:/usr/bin/ceph: stderr
2024-04-25T11:55:49.997+0000 7fa215c35700 1 -- 172.21.15.69:0/3948360561 --> [v2:172.21.15.69:3300/0,v1:172.21.15.69:6789/0] -- mon_command({"prefix": "get_command_descriptions"} v 0) -- 0x7fa21010bb70 con 0x7fa210108b20
2024-04-25T11:55:52.308 INFO:teuthology.orchestra.run.smithi069.stdout:/usr/bin/ceph: stderr
2024-04-25T11:55:49.997+0000 7fa20effd700 1 --2- 172.21.15.69:0/3948360561 >> [v2:172.21.15.69:6800/2142218707,v1:172.21.15.69:6801/2142218707] conn(0x7fa1f80395b0 0x7fa1f803ba70 unknown :-1 s=BANNER_CONNECTING pgs=0 cs=0 l=1 rev1=0 crypto rx=0 tx=0 comp rx=0 tx=0)._handle_peer_banner_payload supported=3 required=0
2024-04-25T11:55:52.308 INFO:teuthology.orchestra.run.smithi069.stdout:/usr/bin/ceph: stderr
2024-04-25T11:55:49.997+0000 7fa20effd700 1 --2- 172.21.15.69:0/3948360561 >> [v2:172.21.15.69:6800/2142218707,v1:172.21.15.69:6801/2142218707] conn(0x7fa1f80395b0 0x7fa1f803ba70 secure :-1 s=READY pgs=16 cs=0 l=1 rev1=1 crypto rx=0x7fa204006fd0 tx=0x7fa204006e40 comp rx=0 tx=0).ready entity=mgr.14120 client_cookie=0 server_cookie=0 in_seq=0 out_seq=0
2024-04-25T11:55:52.308 INFO:teuthology.orchestra.run.smithi069.stdout:/usr/bin/ceph: stderr
2024-04-25T11:55:50.002+0000 7fa20cff9700 1 -- 172.21.15.69:0/3948360561 <== mon.0 v2:172.21.15.69:3300/0 6 ==== mon_command_ack([{"prefix": "get_command_descriptions"}]=0 v0) ==== 72+0+188370 (secure 0 0 0) 0x7fa20001f030 con 0x7fa210108b20
2024-04-25T11:55:52.308 INFO:teuthology.orchestra.run.smithi069.stdout:/usr/bin/ceph: stderr
2024-04-25T11:55:50.270+0000 7fa215c35700 1 -- 172.21.15.69:0/3948360561 --> [v2:172.21.15.69:3300/0,v1:172.21.15.69:6789/0] -- mon_command({"prefix": "mgr module enable", "module": "dashboard"} v 0) -- 0x7fa21019ed80 con 0x7fa210108b20
2024-04-25T11:55:52.308 INFO:teuthology.orchestra.run.smithi069.stdout:/usr/bin/ceph: stderr
2024-04-25T11:55:51.022+0000 7fa20cff9700 1 -- 172.21.15.69:0/3948360561 <== mon.0 v2:172.21.15.69:3300/0 7 ==== mon_command_ack([{"prefix": "mgr module enable", "module": "dashboard"}]=0 v9) ==== 88+0+0 (secure 0 0 0) 0x7fa20002b7a0 con 0x7fa210108b20
2024-04-25T11:55:52.308 INFO:teuthology.orchestra.run.smithi069.stdout:/usr/bin/ceph: stderr
2024-04-25T11:55:51.024+0000 7fa20cff9700 1 -- 172.21.15.69:0/3948360561 <== mon.0 v2:172.21.15.69:3300/0 8 ==== mgrmap(e 9) ==== 46571+0+0 (secure 0 0 0) 0x7fa20000bcd0 con 0x7fa210108b20
2024-04-25T11:55:52.308 INFO:teuthology.orchestra.run.smithi069.stdout:/usr/bin/ceph: stderr
2024-04-25T11:55:51.025+0000 7fa215c35700 1 -- 172.21.15.69:0/3948360561 >> [v2:172.21.15.69:6800/2142218707,v1:172.21.15.69:6801/2142218707] conn(0x7fa1f80395b0 msgr2=0x7fa1f803ba70 secure :-1 s=STATE_CONNECTION_ESTABLISHED l=1).mark_down
2024-04-25T11:55:52.309 INFO:teuthology.orchestra.run.smithi069.stdout:/usr/bin/ceph: stderr
2024-04-25T11:55:51.025+0000 7fa215c35700 1 --2- 172.21.15.69:0/3948360561 >> [v2:172.21.15.69:6800/2142218707,v1:172.21.15.69:6801/2142218707] conn(0x7fa1f80395b0 0x7fa1f803ba70 secure :-1 s=READY pgs=16 cs=0 l=1 rev1=1 crypto rx=0x7fa204006fd0 tx=0x7fa204006e40 comp rx=0 tx=0).stop
2024-04-25T11:55:52.309 INFO:teuthology.orchestra.run.smithi069.stdout:/usr/bin/ceph: stderr
2024-04-25T11:55:51.025+0000 7fa215c35700 1 -- 172.21.15.69:0/3948360561 >> [v2:172.21.15.69:3300/0,v1:172.21.15.69:6789/0] conn(0x7fa210108b20 msgr2=0x7fa21019b4a0 secure :-1 s=STATE_CONNECTION_ESTABLISHED l=1).mark_down
2024-04-25T11:55:52.309 INFO:teuthology.orchestra.run.smithi069.stdout:/usr/bin/ceph: stderr
2024-04-25T11:55:51.025+0000 7fa215c35700 1 --2- 172.21.15.69:0/3948360561 >> [v2:172.21.15.69:3300/0,v1:172.21.15.69:6789/0] conn(0x7fa210108b20 0x7fa21019b4a0 secure :-1 s=READY pgs=56 cs=0 l=1 rev1=1 crypto rx=0x7fa2000119f0 tx=0x7fa200011ad0 comp rx=0 tx=0).stop
2024-04-25T11:55:52.309 INFO:teuthology.orchestra.run.smithi069.stdout:/usr/bin/ceph: stderr
2024-04-25T11:55:51.025+0000 7fa215c35700 1 -- 172.21.15.69:0/3948360561 shutdown_connections
2024-04-25T11:55:52.309 INFO:teuthology.orchestra.run.smithi069.stdout:/usr/bin/ceph: stderr
2024-04-25T11:55:51.025+0000 7fa215c35700 1 --2- 172.21.15.69:0/3948360561 >> [v2:172.21.15.69:6800/2142218707,v1:172.21.15.69:6801/2142218707] conn(0x7fa1f80395b0 0x7fa1f803ba70 unknown :-1 s=CLOSED pgs=16 cs=0 l=1 rev1=1 crypto rx=0 tx=0 comp rx=0 tx=0).stop
2024-04-25T11:55:52.309 INFO:teuthology.orchestra.run.smithi069.stdout:/usr/bin/ceph: stderr
2024-04-25T11:55:51.025+0000 7fa215c35700 1 --2- 172.21.15.69:0/3948360561 >> [v2:172.21.15.69:3300/0,v1:172.21.15.69:6789/0] conn(0x7fa210108b20 0x7fa21019b4a0 unknown :-1 s=CLOSED pgs=56 cs=0 l=1 rev1=1 crypto rx=0 tx=0 comp rx=0 tx=0).stop
2024-04-25T11:55:52.309 INFO:teuthology.orchestra.run.smithi069.stdout:/usr/bin/ceph: stderr
2024-04-25T11:55:51.025+0000 7fa215c35700 1 -- 172.21.15.69:0/3948360561 >> 172.21.15.69:0/3948360561 conn(0x7fa210102a60 msgr2=0x7fa210103550 unknown :-1 s=STATE_NONE l=0).mark_down
2024-04-25T11:55:52.309 INFO:teuthology.orchestra.run.smithi069.stdout:/usr/bin/ceph: stderr
2024-04-25T11:55:51.026+0000 7fa215c35700 1 -- 172.21.15.69:0/3948360561 shutdown_connections
2024-04-25T11:55:52.309 INFO:teuthology.orchestra.run.smithi069.stdout:/usr/bin/ceph: stderr
2024-04-25T11:55:51.026+0000 7fa215c35700 1 -- 172.21.15.69:0/3948360561 wait complete.
2024-04-25T11:55:53.289 INFO:journalctl@ceph.mon.a.smithi069.stdout:Apr 25 11:55:53 smithi069 ceph-mon[29470]: from='client.? 172.21.15.69:0/2624916127' entity='client.admin' cmd=[{"prefix": "mgr stat"}]: dispatch
2024-04-25T11:55:53.289 INFO:journalctl@ceph.mgr.x.smithi069.stdout:Apr 25 11:55:53 smithi069 ceph-78c87038-02fa-11ef-bc93-c7b262605968-mgr-x[29701]:
2024-04-25T11:55:53.125+0000 7f3c1b0d9200 -1 mgr[py] Module telegraf has missing NOTIFY_TYPES member
2024-04-25T11:55:53.289 INFO:journalctl@ceph.mgr.x.smithi069.stdout:Apr 25 11:55:53 smithi069 ceph-78c87038-02fa-11ef-bc93-c7b262605968-mgr-x[29701]:
2024-04-25T11:55:53.298+0000 7f3c1b0d9200 -1 mgr[py] Module osd_support has missing NOTIFY_TYPES member
2024-04-25T11:55:53.637 INFO:journalctl@ceph.mgr.x.smithi069.stdout:Apr 25 11:55:53 smithi069 ceph-78c87038-02fa-11ef-bc93-c7b262605968-mgr-x[29701]:
2024-04-25T11:55:53.472+0000 7f3c1b0d9200 -1 mgr[py] Module iostat has missing NOTIFY_TYPES member
2024-04-25T11:55:53.645 INFO:teuthology.orchestra.run.smithi069.stdout:/usr/bin/ceph: stdout {
2024-04-25T11:55:53.645 INFO:teuthology.orchestra.run.smithi069.stdout:/usr/bin/ceph: stdout "epoch": 9,
2024-04-25T11:55:53.645 INFO:teuthology.orchestra.run.smithi069.stdout:/usr/bin/ceph: stdout "available": true,
2024-04-25T11:55:53.646 INFO:teuthology.orchestra.run.smithi069.stdout:/usr/bin/ceph: stdout "active_name": "x",
2024-04-25T11:55:53.646 INFO:teuthology.orchestra.run.smithi069.stdout:/usr/bin/ceph: stdout "num_standby": 0
2024-04-25T11:55:53.646 INFO:teuthology.orchestra.run.smithi069.stdout:/usr/bin/ceph: stdout }
2024-04-25T11:55:53.646 INFO:teuthology.orchestra.run.smithi069.stdout:/usr/bin/ceph: stderr
2024-04-25T11:55:52.759+0000 7fe8214f4700 1 Processor -- start
2024-04-25T11:55:53.646 INFO:teuthology.orchestra.run.smithi069.stdout:/usr/bin/ceph: stderr
2024-04-25T11:55:52.759+0000 7fe8214f4700 1 -- start start
2024-04-25T11:55:53.646 INFO:teuthology.orchestra.run.smithi069.stdout:/usr/bin/ceph: stderr
2024-04-25T11:55:52.759+0000 7fe8214f4700 1 --2- >> [v2:172.21.15.69:3300/0,v1:172.21.15.69:6789/0] conn(0x7fe81c109000 0x7fe81c10b3f0 unknown :-1 s=NONE pgs=0 cs=0 l=0 rev1=0 crypto rx=0 tx=0 comp rx=0 tx=0).connect
2024-04-25T11:55:53.646 INFO:teuthology.orchestra.run.smithi069.stdout:/usr/bin/ceph: stderr
2024-04-25T11:55:52.759+0000 7fe8214f4700 1 -- --> [v2:172.21.15.69:3300/0,v1:172.21.15.69:6789/0] -- mon_getmap magic: 0 -- 0x7fe81c07be80 con 0x7fe81c109000
2024-04-25T11:55:53.646 INFO:teuthology.orchestra.run.smithi069.stdout:/usr/bin/ceph: stderr
2024-04-25T11:55:52.760+0000 7fe81affd700 1 --2- >> [v2:172.21.15.69:3300/0,v1:172.21.15.69:6789/0] conn(0x7fe81c109000 0x7fe81c10b3f0 unknown :-1 s=BANNER_CONNECTING pgs=0 cs=0 l=0 rev1=0 crypto rx=0 tx=0 comp rx=0 tx=0)._handle_peer_banner_payload supported=3 required=0
2024-04-25T11:55:53.646 INFO:teuthology.orchestra.run.smithi069.stdout:/usr/bin/ceph: stderr
2024-04-25T11:55:52.760+0000 7fe81affd700 1 --2- >> [v2:172.21.15.69:3300/0,v1:172.21.15.69:6789/0] conn(0x7fe81c109000 0x7fe81c10b3f0 unknown :-1 s=HELLO_CONNECTING pgs=0 cs=0 l=0 rev1=1 crypto rx=0 tx=0 comp rx=0 tx=0).handle_hello peer v2:172.21.15.69:3300/0 says I am v2:172.21.15.69:39370/0 (socket says 172.21.15.69:39370)
2024-04-25T11:55:53.646 INFO:teuthology.orchestra.run.smithi069.stdout:/usr/bin/ceph: stderr
2024-04-25T11:55:52.760+0000 7fe81affd700 1 -- 172.21.15.69:0/2416935024 learned_addr learned my addr 172.21.15.69:0/2416935024 (peer_addr_for_me v2:172.21.15.69:0/0)
2024-04-25T11:55:53.646 INFO:teuthology.orchestra.run.smithi069.stdout:/usr/bin/ceph: stderr
2024-04-25T11:55:52.760+0000 7fe81affd700 1 -- 172.21.15.69:0/2416935024 --> [v2:172.21.15.69:3300/0,v1:172.21.15.69:6789/0] -- mon_subscribe({config=0+,monmap=0+}) -- 0x7fe81c10b930 con 0x7fe81c109000
2024-04-25T11:55:53.646 INFO:teuthology.orchestra.run.smithi069.stdout:/usr/bin/ceph: stderr
2024-04-25T11:55:52.760+0000 7fe81affd700 1 --2- 172.21.15.69:0/2416935024 >> [v2:172.21.15.69:3300/0,v1:172.21.15.69:6789/0] conn(0x7fe81c109000 0x7fe81c10b3f0 secure :-1 s=READY pgs=59 cs=0 l=1 rev1=1 crypto rx=0x7fe80c0098a0 tx=0x7fe80c009bb0 comp rx=0 tx=0).ready entity=mon.0 client_cookie=7f3ecbedea838790 server_cookie=0 in_seq=0 out_seq=0
2024-04-25T11:55:53.646 INFO:teuthology.orchestra.run.smithi069.stdout:/usr/bin/ceph: stderr
2024-04-25T11:55:52.760+0000 7fe819ffb700 1 -- 172.21.15.69:0/2416935024 <== mon.0 v2:172.21.15.69:3300/0 1 ==== mon_map magic: 0 ==== 205+0+0 (secure 0 0 0) 0x7fe80c004160 con 0x7fe81c109000
2024-04-25T11:55:53.647 INFO:teuthology.orchestra.run.smithi069.stdout:/usr/bin/ceph: stderr
2024-04-25T11:55:52.760+0000 7fe819ffb700 1 -- 172.21.15.69:0/2416935024 <== mon.0 v2:172.21.15.69:3300/0 2 ==== config(26 keys) ==== 1101+0+0 (secure 0 0 0) 0x7fe80c004300 con 0x7fe81c109000
2024-04-25T11:55:53.647 INFO:teuthology.orchestra.run.smithi069.stdout:/usr/bin/ceph: stderr
2024-04-25T11:55:52.760+0000 7fe819ffb700 1 -- 172.21.15.69:0/2416935024 <== mon.0 v2:172.21.15.69:3300/0 3 ==== mon_map magic: 0 ==== 205+0+0 (secure 0 0 0) 0x7fe80c011a20 con 0x7fe81c109000
2024-04-25T11:55:53.647 INFO:teuthology.orchestra.run.smithi069.stdout:/usr/bin/ceph: stderr
2024-04-25T11:55:52.761+0000 7fe8214f4700 1 -- 172.21.15.69:0/2416935024 >> [v2:172.21.15.69:3300/0,v1:172.21.15.69:6789/0] conn(0x7fe81c109000 msgr2=0x7fe81c10b3f0 secure :-1 s=STATE_CONNECTION_ESTABLISHED l=1).mark_down
2024-04-25T11:55:53.647 INFO:teuthology.orchestra.run.smithi069.stdout:/usr/bin/ceph: stderr
2024-04-25T11:55:52.761+0000 7fe8214f4700 1 --2- 172.21.15.69:0/2416935024 >> [v2:172.21.15.69:3300/0,v1:172.21.15.69:6789/0] conn(0x7fe81c109000 0x7fe81c10b3f0 secure :-1 s=READY pgs=59 cs=0 l=1 rev1=1 crypto rx=0x7fe80c0098a0 tx=0x7fe80c009bb0 comp rx=0 tx=0).stop
2024-04-25T11:55:53.647 INFO:teuthology.orchestra.run.smithi069.stdout:/usr/bin/ceph: stderr
2024-04-25T11:55:52.761+0000 7fe8214f4700 1 -- 172.21.15.69:0/2416935024 shutdown_connections
2024-04-25T11:55:53.647 INFO:teuthology.orchestra.run.smithi069.stdout:/usr/bin/ceph: stderr
2024-04-25T11:55:52.761+0000 7fe8214f4700 1 --2- 172.21.15.69:0/2416935024 >> [v2:172.21.15.69:3300/0,v1:172.21.15.69:6789/0] conn(0x7fe81c109000 0x7fe81c10b3f0 unknown :-1 s=CLOSED pgs=59 cs=0 l=1 rev1=1 crypto rx=0 tx=0 comp rx=0 tx=0).stop
2024-04-25T11:55:53.647 INFO:teuthology.orchestra.run.smithi069.stdout:/usr/bin/ceph: stderr
2024-04-25T11:55:52.761+0000 7fe8214f4700 1 -- 172.21.15.69:0/2416935024 >> 172.21.15.69:0/2416935024 conn(0x7fe81c102a50 msgr2=0x7fe81c104e70 unknown :-1 s=STATE_NONE l=0).mark_down
2024-04-25T11:55:53.647 INFO:teuthology.orchestra.run.smithi069.stdout:/usr/bin/ceph: stderr
2024-04-25T11:55:52.761+0000 7fe8214f4700 1 -- 172.21.15.69:0/2416935024 shutdown_connections
2024-04-25T11:55:53.647 INFO:teuthology.orchestra.run.smithi069.stdout:/usr/bin/ceph: stderr
2024-04-25T11:55:52.761+0000 7fe8214f4700 1 -- 172.21.15.69:0/2416935024 wait complete.
2024-04-25T11:55:53.647 INFO:teuthology.orchestra.run.smithi069.stdout:/usr/bin/ceph: stderr
2024-04-25T11:55:52.762+0000 7fe8214f4700 1 Processor -- start
2024-04-25T11:55:53.647 INFO:teuthology.orchestra.run.smithi069.stdout:/usr/bin/ceph: stderr
2024-04-25T11:55:52.762+0000 7fe8214f4700 1 -- start start
2024-04-25T11:55:53.647 INFO:teuthology.orchestra.run.smithi069.stdout:/usr/bin/ceph: stderr
2024-04-25T11:55:52.763+0000 7fe8214f4700 1 --2- >> [v2:172.21.15.69:3300/0,v1:172.21.15.69:6789/0] conn(0x7fe81c109000 0x7fe81c19c450 unknown :-1 s=NONE pgs=0 cs=0 l=1 rev1=0 crypto rx=0 tx=0 comp rx=0 tx=0).connect
2024-04-25T11:55:53.647 INFO:teuthology.orchestra.run.smithi069.stdout:/usr/bin/ceph: stderr
2024-04-25T11:55:52.763+0000 7fe8214f4700 1 -- --> [v2:172.21.15.69:3300/0,v1:172.21.15.69:6789/0] -- mon_getmap magic: 0 -- 0x7fe81c10c930 con 0x7fe81c109000
2024-04-25T11:55:53.647 INFO:teuthology.orchestra.run.smithi069.stdout:/usr/bin/ceph: stderr
2024-04-25T11:55:52.763+0000 7fe81affd700 1 --2- >> [v2:172.21.15.69:3300/0,v1:172.21.15.69:6789/0] conn(0x7fe81c109000 0x7fe81c19c450 unknown :-1 s=BANNER_CONNECTING pgs=0 cs=0 l=1 rev1=0 crypto rx=0 tx=0 comp rx=0 tx=0)._handle_peer_banner_payload supported=3 required=0
2024-04-25T11:55:53.648 INFO:teuthology.orchestra.run.smithi069.stdout:/usr/bin/ceph: stderr
2024-04-25T11:55:52.763+0000 7fe81affd700 1 --2- >> [v2:172.21.15.69:3300/0,v1:172.21.15.69:6789/0] conn(0x7fe81c109000 0x7fe81c19c450 unknown :-1 s=HELLO_CONNECTING pgs=0 cs=0 l=1 rev1=1 crypto rx=0 tx=0 comp rx=0 tx=0).handle_hello peer v2:172.21.15.69:3300/0 says I am v2:172.21.15.69:39382/0 (socket says 172.21.15.69:39382)
2024-04-25T11:55:53.648 INFO:teuthology.orchestra.run.smithi069.stdout:/usr/bin/ceph: stderr
2024-04-25T11:55:52.763+0000 7fe81affd700 1 -- 172.21.15.69:0/2624916127 learned_addr learned my addr 172.21.15.69:0/2624916127 (peer_addr_for_me v2:172.21.15.69:0/0)
2024-04-25T11:55:53.648 INFO:teuthology.orchestra.run.smithi069.stdout:/usr/bin/ceph: stderr
2024-04-25T11:55:52.763+0000 7fe81affd700 1 -- 172.21.15.69:0/2624916127 --> [v2:172.21.15.69:3300/0,v1:172.21.15.69:6789/0] -- mon_subscribe({config=0+,monmap=0+}) -- 0x7fe81c19c990 con 0x7fe81c109000
2024-04-25T11:55:53.648 INFO:teuthology.orchestra.run.smithi069.stdout:/usr/bin/ceph: stderr
2024-04-25T11:55:52.763+0000 7fe81affd700 1 --2- 172.21.15.69:0/2624916127 >> [v2:172.21.15.69:3300/0,v1:172.21.15.69:6789/0] conn(0x7fe81c109000 0x7fe81c19c450 secure :-1 s=READY pgs=60 cs=0 l=1 rev1=1 crypto rx=0x7fe80c0116e0 tx=0x7fe80c011aa0 comp rx=0 tx=0).ready entity=mon.0 client_cookie=0 server_cookie=0 in_seq=0 out_seq=0
2024-04-25T11:55:53.648 INFO:teuthology.orchestra.run.smithi069.stdout:/usr/bin/ceph: stderr
2024-04-25T11:55:52.763+0000 7fe803fff700 1 -- 172.21.15.69:0/2624916127 <== mon.0 v2:172.21.15.69:3300/0 1 ==== mon_map magic: 0 ==== 205+0+0 (secure 0 0 0) 0x7fe80c003b20 con 0x7fe81c109000
2024-04-25T11:55:53.648 INFO:teuthology.orchestra.run.smithi069.stdout:/usr/bin/ceph: stderr
2024-04-25T11:55:52.763+0000 7fe8214f4700 1 -- 172.21.15.69:0/2624916127 --> [v2:172.21.15.69:3300/0,v1:172.21.15.69:6789/0] -- mon_subscribe({mgrmap=0+}) -- 0x7fe81c19cc20 con 0x7fe81c109000
2024-04-25T11:55:53.648 INFO:teuthology.orchestra.run.smithi069.stdout:/usr/bin/ceph: stderr
2024-04-25T11:55:52.763+0000 7fe8214f4700 1 -- 172.21.15.69:0/2624916127 --> [v2:172.21.15.69:3300/0,v1:172.21.15.69:6789/0] -- mon_subscribe({osdmap=0}) -- 0x7fe81c19f910 con 0x7fe81c109000
2024-04-25T11:55:53.648 INFO:teuthology.orchestra.run.smithi069.stdout:/usr/bin/ceph: stderr
2024-04-25T11:55:52.763+0000 7fe803fff700 1 -- 172.21.15.69:0/2624916127 <== mon.0 v2:172.21.15.69:3300/0 2 ==== config(26 keys) ==== 1101+0+0 (secure 0 0 0) 0x7fe80c01b8f0 con 0x7fe81c109000
2024-04-25T11:55:53.648 INFO:teuthology.orchestra.run.smithi069.stdout:/usr/bin/ceph: stderr
2024-04-25T11:55:52.763+0000 7fe803fff700 1 -- 172.21.15.69:0/2624916127 <== mon.0 v2:172.21.15.69:3300/0 3 ==== mon_map magic: 0 ==== 205+0+0 (secure 0 0 0) 0x7fe80c0238c0 con 0x7fe81c109000
2024-04-25T11:55:53.648 INFO:teuthology.orchestra.run.smithi069.stdout:/usr/bin/ceph: stderr
2024-04-25T11:55:52.764+0000 7fe803fff700 1 -- 172.21.15.69:0/2624916127 <== mon.0 v2:172.21.15.69:3300/0 4 ==== mgrmap(e 9) ==== 46571+0+0 (secure 0 0 0) 0x7fe80c023b40 con 0x7fe81c109000
2024-04-25T11:55:53.648 INFO:teuthology.orchestra.run.smithi069.stdout:/usr/bin/ceph: stderr
2024-04-25T11:55:52.764+0000 7fe803fff700 1 --2- 172.21.15.69:0/2624916127 >> [v2:172.21.15.69:6800/2142218707,v1:172.21.15.69:6801/2142218707] conn(0x7fe804039610 0x7fe80403bad0 unknown :-1 s=NONE pgs=0 cs=0 l=1 rev1=0 crypto rx=0 tx=0 comp rx=0 tx=0).connect
2024-04-25T11:55:53.648 INFO:teuthology.orchestra.run.smithi069.stdout:/usr/bin/ceph: stderr
2024-04-25T11:55:52.764+0000 7fe803fff700 1 -- 172.21.15.69:0/2624916127 <== mon.0 v2:172.21.15.69:3300/0 5 ==== osd_map(2..2 src has 1..2) ==== 940+0+0 (secure 0 0 0) 0x7fe80c04efa0 con 0x7fe81c109000
2024-04-25T11:55:53.648 INFO:teuthology.orchestra.run.smithi069.stdout:/usr/bin/ceph: stderr
2024-04-25T11:55:52.764+0000 7fe8214f4700 1 -- 172.21.15.69:0/2624916127 --> [v2:172.21.15.69:3300/0,v1:172.21.15.69:6789/0] -- mon_command({"prefix": "get_command_descriptions"} v 0) -- 0x7fe808005360 con 0x7fe81c109000
2024-04-25T11:55:53.648 INFO:teuthology.orchestra.run.smithi069.stdout:/usr/bin/ceph: stderr
2024-04-25T11:55:52.764+0000 7fe81a7fc700 1 -- 172.21.15.69:0/2624916127 >> [v2:172.21.15.69:6800/2142218707,v1:172.21.15.69:6801/2142218707] conn(0x7fe804039610 msgr2=0x7fe80403bad0 unknown :-1 s=STATE_CONNECTING_RE l=1).process reconnect failed to v2:172.21.15.69:6800/2142218707
2024-04-25T11:55:53.649 INFO:teuthology.orchestra.run.smithi069.stdout:/usr/bin/ceph: stderr
2024-04-25T11:55:52.764+0000 7fe81a7fc700 1 --2- 172.21.15.69:0/2624916127 >> [v2:172.21.15.69:6800/2142218707,v1:172.21.15.69:6801/2142218707] conn(0x7fe804039610 0x7fe80403bad0 unknown :-1 s=START_CONNECT pgs=0 cs=0 l=1 rev1=0 crypto rx=0 tx=0 comp rx=0 tx=0)._fault waiting 0.200000
2024-04-25T11:55:53.649 INFO:teuthology.orchestra.run.smithi069.stdout:/usr/bin/ceph: stderr
2024-04-25T11:55:52.769+0000 7fe803fff700 1 -- 172.21.15.69:0/2624916127 <== mon.0 v2:172.21.15.69:3300/0 6 ==== mon_command_ack([{"prefix": "get_command_descriptions"}]=0 v0) ==== 72+0+188370 (secure 0 0 0) 0x7fe80c01f030 con 0x7fe81c109000
2024-04-25T11:55:53.649 INFO:teuthology.orchestra.run.smithi069.stdout:/usr/bin/ceph: stderr
2024-04-25T11:55:52.965+0000 7fe81a7fc700 1 -- 172.21.15.69:0/2624916127 >> [v2:172.21.15.69:6800/2142218707,v1:172.21.15.69:6801/2142218707] conn(0x7fe804039610 msgr2=0x7fe80403bad0 unknown :-1 s=STATE_CONNECTING_RE l=1).process reconnect failed to v2:172.21.15.69:6800/2142218707
2024-04-25T11:55:53.649 INFO:teuthology.orchestra.run.smithi069.stdout:/usr/bin/ceph: stderr
2024-04-25T11:55:52.965+0000 7fe81a7fc700 1 --2- 172.21.15.69:0/2624916127 >> [v2:172.21.15.69:6800/2142218707,v1:172.21.15.69:6801/2142218707] conn(0x7fe804039610 0x7fe80403bad0 unknown :-1 s=START_CONNECT pgs=0 cs=0 l=1 rev1=0 crypto rx=0 tx=0 comp rx=0 tx=0)._fault waiting 0.400000
2024-04-25T11:55:53.649 INFO:teuthology.orchestra.run.smithi069.stdout:/usr/bin/ceph: stderr
2024-04-25T11:55:53.035+0000 7fe8214f4700 1 -- 172.21.15.69:0/2624916127 --> [v2:172.21.15.69:3300/0,v1:172.21.15.69:6789/0] -- mon_command({"prefix": "mgr stat"} v 0) -- 0x7fe808005e60 con 0x7fe81c109000
2024-04-25T11:55:53.649 INFO:teuthology.orchestra.run.smithi069.stdout:/usr/bin/ceph: stderr
2024-04-25T11:55:53.035+0000 7fe803fff700 1 -- 172.21.15.69:0/2624916127 <== mon.0 v2:172.21.15.69:3300/0 7 ==== mon_command_ack([{"prefix": "mgr stat"}]=0 v9) ==== 56+0+88 (secure 0 0 0) 0x7fe80c010380 con 0x7fe81c109000
2024-04-25T11:55:53.649 INFO:teuthology.orchestra.run.smithi069.stdout:/usr/bin/ceph: stderr
2024-04-25T11:55:53.037+0000 7fe8214f4700 1 -- 172.21.15.69:0/2624916127 >> [v2:172.21.15.69:6800/2142218707,v1:172.21.15.69:6801/2142218707] conn(0x7fe804039610 msgr2=0x7fe80403bad0 unknown :-1 s=STATE_CONNECTING l=1).mark_down
2024-04-25T11:55:53.649 INFO:teuthology.orchestra.run.smithi069.stdout:/usr/bin/ceph: stderr
2024-04-25T11:55:53.037+0000 7fe8214f4700 1 --2- 172.21.15.69:0/2624916127 >> [v2:172.21.15.69:6800/2142218707,v1:172.21.15.69:6801/2142218707] conn(0x7fe804039610 0x7fe80403bad0 unknown :-1 s=START_CONNECT pgs=0 cs=0 l=1 rev1=0 crypto rx=0 tx=0 comp rx=0 tx=0).stop
2024-04-25T11:55:53.649 INFO:teuthology.orchestra.run.smithi069.stdout:/usr/bin/ceph: stderr
2024-04-25T11:55:53.037+0000 7fe8214f4700 1 -- 172.21.15.69:0/2624916127 >> [v2:172.21.15.69:3300/0,v1:172.21.15.69:6789/0] conn(0x7fe81c109000 msgr2=0x7fe81c19c450 secure :-1 s=STATE_CONNECTION_ESTABLISHED l=1).mark_down
2024-04-25T11:55:53.649 INFO:teuthology.orchestra.run.smithi069.stdout:/usr/bin/ceph: stderr
2024-04-25T11:55:53.037+0000 7fe8214f4700 1 --2- 172.21.15.69:0/2624916127 >> [v2:172.21.15.69:3300/0,v1:172.21.15.69:6789/0] conn(0x7fe81c109000 0x7fe81c19c450 secure :-1 s=READY pgs=60 cs=0 l=1 rev1=1 crypto rx=0x7fe80c0116e0 tx=0x7fe80c011aa0 comp rx=0 tx=0).stop
2024-04-25T11:55:53.649 INFO:teuthology.orchestra.run.smithi069.stdout:/usr/bin/ceph: stderr
2024-04-25T11:55:53.038+0000 7fe8214f4700 1 -- 172.21.15.69:0/2624916127 shutdown_connections
2024-04-25T11:55:53.649 INFO:teuthology.orchestra.run.smithi069.stdout:/usr/bin/ceph: stderr
2024-04-25T11:55:53.038+0000 7fe8214f4700 1 --2- 172.21.15.69:0/2624916127 >> [v2:172.21.15.69:6800/2142218707,v1:172.21.15.69:6801/2142218707] conn(0x7fe804039610 0x7fe80403bad0 unknown :-1 s=CLOSED pgs=0 cs=0 l=1 rev1=0 crypto rx=0 tx=0 comp rx=0 tx=0).stop
2024-04-25T11:55:53.649 INFO:teuthology.orchestra.run.smithi069.stdout:/usr/bin/ceph: stderr
2024-04-25T11:55:53.038+0000 7fe8214f4700 1 --2- 172.21.15.69:0/2624916127 >> [v2:172.21.15.69:3300/0,v1:172.21.15.69:6789/0] conn(0x7fe81c109000 0x7fe81c19c450 unknown :-1 s=CLOSED pgs=60 cs=0 l=1 rev1=1 crypto rx=0 tx=0 comp rx=0 tx=0).stop
2024-04-25T11:55:53.649 INFO:teuthology.orchestra.run.smithi069.stdout:/usr/bin/ceph: stderr
2024-04-25T11:55:53.038+0000 7fe8214f4700 1 -- 172.21.15.69:0/2624916127 >> 172.21.15.69:0/2624916127 conn(0x7fe81c102a50 msgr2=0x7fe81c103540 unknown :-1 s=STATE_NONE l=0).mark_down
2024-04-25T11:55:53.649 INFO:teuthology.orchestra.run.smithi069.stdout:/usr/bin/ceph: stderr
2024-04-25T11:55:53.038+0000 7fe8214f4700 1 -- 172.21.15.69:0/2624916127 shutdown_connections
2024-04-25T11:55:53.650 INFO:teuthology.orchestra.run.smithi069.stdout:/usr/bin/ceph: stderr
2024-04-25T11:55:53.038+0000 7fe8214f4700 1 -- 172.21.15.69:0/2624916127 wait complete.
2024-04-25T11:55:53.650 INFO:teuthology.orchestra.run.smithi069.stdout:Waiting for the mgr to restart...
2024-04-25T11:55:53.650 INFO:teuthology.orchestra.run.smithi069.stdout:Waiting for mgr epoch 9...
2024-04-25T11:55:53.887 INFO:journalctl@ceph.mgr.x.smithi069.stdout:Apr 25 11:55:53 smithi069 ceph-78c87038-02fa-11ef-bc93-c7b262605968-mgr-x[29701]:
2024-04-25T11:55:53.770+0000 7f3c1b0d9200 -1 mgr[py] Module alerts has missing NOTIFY_TYPES member
2024-04-25T11:55:53.888 INFO:journalctl@ceph.mgr.x.smithi069.stdout:Apr 25 11:55:53 smithi069 ceph-78c87038-02fa-11ef-bc93-c7b262605968-mgr-x[29701]:
2024-04-25T11:55:53.865+0000 7f3c1b0d9200 -1 mgr[py] Module selftest has missing NOTIFY_TYPES member
2024-04-25T11:55:54.200 INFO:journalctl@ceph.mgr.x.smithi069.stdout:Apr 25 11:55:54 smithi069 ceph-78c87038-02fa-11ef-bc93-c7b262605968-mgr-x[29701]:
2024-04-25T11:55:54.079+0000 7f3c1b0d9200 -1 mgr[py] Module pg_autoscaler has missing NOTIFY_TYPES member
2024-04-25T11:55:54.697 INFO:journalctl@ceph.mgr.x.smithi069.stdout:Apr 25 11:55:54 smithi069 ceph-78c87038-02fa-11ef-bc93-c7b262605968-mgr-x[29701]:
2024-04-25T11:55:54.279+0000 7f3c1b0d9200 -1 mgr[py] Module test_orchestrator has missing NOTIFY_TYPES member
2024-04-25T11:55:54.950 INFO:journalctl@ceph.mgr.x.smithi069.stdout:Apr 25 11:55:54 smithi069 ceph-78c87038-02fa-11ef-bc93-c7b262605968-mgr-x[29701]:
2024-04-25T11:55:54.880+0000 7f3c1b0d9200 -1 mgr[py] Module rook has missing NOTIFY_TYPES member
2024-04-25T11:55:55.606 INFO:journalctl@ceph.mgr.x.smithi069.stdout:Apr 25 11:55:55 smithi069 ceph-78c87038-02fa-11ef-bc93-c7b262605968-mgr-x[29701]:
2024-04-25T11:55:55.311+0000 7f3c1b0d9200 -1 mgr[py] Module volumes has missing NOTIFY_TYPES member
2024-04-25T11:55:55.606 INFO:journalctl@ceph.mgr.x.smithi069.stdout:Apr 25 11:55:55 smithi069 ceph-78c87038-02fa-11ef-bc93-c7b262605968-mgr-x[29701]:
2024-04-25T11:55:55.407+0000 7f3c1b0d9200 -1 mgr[py] Module crash has missing NOTIFY_TYPES member
2024-04-25T11:55:55.606 INFO:journalctl@ceph.mgr.x.smithi069.stdout:Apr 25 11:55:55 smithi069 ceph-78c87038-02fa-11ef-bc93-c7b262605968-mgr-x[29701]:
2024-04-25T11:55:55.615+0000 7f3c1b0d9200 -1 mgr[py] Module rgw has missing NOTIFY_TYPES member
2024-04-25T11:55:56.450 INFO:journalctl@ceph.mgr.x.smithi069.stdout:Apr 25 11:55:56 smithi069 ceph-78c87038-02fa-11ef-bc93-c7b262605968-mgr-x[29701]:
2024-04-25T11:55:56.140+0000 7f3c1b0d9200 -1 mgr[py] Module prometheus has missing NOTIFY_TYPES member
2024-04-25T11:55:56.450 INFO:journalctl@ceph.mgr.x.smithi069.stdout:Apr 25 11:55:56 smithi069 ceph-78c87038-02fa-11ef-bc93-c7b262605968-mgr-x[29701]:
2024-04-25T11:55:56.234+0000 7f3c1b0d9200 -1 mgr[py] Module devicehealth has missing NOTIFY_TYPES member
2024-04-25T11:55:56.814 INFO:journalctl@ceph.mgr.x.smithi069.stdout:Apr 25 11:55:56 smithi069 ceph-78c87038-02fa-11ef-bc93-c7b262605968-mgr-x[29701]:
2024-04-25T11:55:56.478+0000 7f3c1b0d9200 -1 mgr[py] Module telemetry has missing NOTIFY_TYPES member
2024-04-25T11:55:56.814 INFO:journalctl@ceph.mgr.x.smithi069.stdout:Apr 25 11:55:56 smithi069 ceph-78c87038-02fa-11ef-bc93-c7b262605968-mgr-x[29701]:
2024-04-25T11:55:56.612+0000 7f3c1b0d9200 -1 mgr[py] Module diskprediction_local has missing NOTIFY_TYPES member
2024-04-25T11:55:56.815 INFO:journalctl@ceph.mgr.x.smithi069.stdout:Apr 25 11:55:56 smithi069 ceph-78c87038-02fa-11ef-bc93-c7b262605968-mgr-x[29701]:
2024-04-25T11:55:56.708+0000 7f3c1b0d9200 -1 mgr[py] Module osd_perf_query has missing NOTIFY_TYPES member
2024-04-25T11:55:56.815 INFO:journalctl@ceph.mgr.x.smithi069.stdout:Apr 25 11:55:56 smithi069 ceph-78c87038-02fa-11ef-bc93-c7b262605968-mgr-x[29701]:
2024-04-25T11:55:56.823+0000 7f3c1b0d9200 -1 mgr[py] Module rbd_support has missing NOTIFY_TYPES member
2024-04-25T11:55:57.450 INFO:journalctl@ceph.mgr.x.smithi069.stdout:Apr 25 11:55:57 smithi069 ceph-78c87038-02fa-11ef-bc93-c7b262605968-mgr-x[29701]:
2024-04-25T11:55:57.125+0000 7f3c1b0d9200 -1 mgr[py] Module zabbix has missing NOTIFY_TYPES member
2024-04-25T11:55:57.993 INFO:journalctl@ceph.mgr.x.smithi069.stdout:Apr 25 11:55:57 smithi069 ceph-78c87038-02fa-11ef-bc93-c7b262605968-mgr-x[29701]:
2024-04-25T11:55:57.730+0000 7f3c1b0d9200 -1 mgr[py] Module status has missing NOTIFY_TYPES member
2024-04-25T11:55:57.993 INFO:journalctl@ceph.mgr.x.smithi069.stdout:Apr 25 11:55:57 smithi069 ceph-78c87038-02fa-11ef-bc93-c7b262605968-mgr-x[29701]:
2024-04-25T11:55:57.948+0000 7f3c1b0d9200 -1 mgr[py] Module nfs has missing NOTIFY_TYPES member
2024-04-25T11:55:58.450 INFO:journalctl@ceph.mon.a.smithi069.stdout:Apr 25 11:55:58 smithi069 ceph-mon[29470]: Active manager daemon x restarted
2024-04-25T11:55:58.450 INFO:journalctl@ceph.mon.a.smithi069.stdout:Apr 25 11:55:58 smithi069 ceph-mon[29470]: Activating manager daemon x
2024-04-25T11:55:58.451 INFO:journalctl@ceph.mon.a.smithi069.stdout:Apr 25 11:55:58 smithi069 ceph-mon[29470]: osdmap e3: 0 total, 0 up, 0 in
2024-04-25T11:55:58.451 INFO:journalctl@ceph.mon.a.smithi069.stdout:Apr 25 11:55:58 smithi069 ceph-mon[29470]: mgrmap e10: x(active, starting, since 0.00344477s)
2024-04-25T11:55:58.451 INFO:journalctl@ceph.mon.a.smithi069.stdout:Apr 25 11:55:58 smithi069 ceph-mon[29470]: from='mgr.14152 172.21.15.69:0/2569297019' entity='mgr.x' cmd=[{"prefix": "mon metadata", "id": "a"}]: dispatch
2024-04-25T11:55:58.451 INFO:journalctl@ceph.mon.a.smithi069.stdout:Apr 25 11:55:58 smithi069 ceph-mon[29470]: from='mgr.14152 172.21.15.69:0/2569297019' entity='mgr.x' cmd=[{"prefix": "mgr metadata", "who": "x", "id": "x"}]: dispatch
2024-04-25T11:55:58.451 INFO:journalctl@ceph.mon.a.smithi069.stdout:Apr 25 11:55:58 smithi069 ceph-mon[29470]: from='mgr.14152 172.21.15.69:0/2569297019' entity='mgr.x' cmd=[{"prefix": "mds metadata"}]: dispatch
2024-04-25T11:55:58.451 INFO:journalctl@ceph.mon.a.smithi069.stdout:Apr 25 11:55:58 smithi069 ceph-mon[29470]: from='mgr.14152 172.21.15.69:0/2569297019' entity='mgr.x' cmd=[{"prefix": "osd metadata"}]: dispatch
2024-04-25T11:55:58.451 INFO:journalctl@ceph.mon.a.smithi069.stdout:Apr 25 11:55:58 smithi069 ceph-mon[29470]: from='mgr.14152 172.21.15.69:0/2569297019' entity='mgr.x' cmd=[{"prefix": "mon metadata"}]: dispatch
2024-04-25T11:55:58.451 INFO:journalctl@ceph.mon.a.smithi069.stdout:Apr 25 11:55:58 smithi069 ceph-mon[29470]: Manager daemon x is now available
2024-04-25T11:55:58.451 INFO:journalctl@ceph.mon.a.smithi069.stdout:Apr 25 11:55:58 smithi069 ceph-mon[29470]: from='mgr.14152 172.21.15.69:0/2569297019' entity='mgr.x' cmd=[{"prefix": "config dump", "format": "json"}]: dispatch
2024-04-25T11:55:58.451 INFO:journalctl@ceph.mon.a.smithi069.stdout:Apr 25 11:55:58 smithi069 ceph-mon[29470]: from='mgr.14152 172.21.15.69:0/2569297019' entity='mgr.x' cmd=[{"prefix":"config rm","who":"mgr","name":"mgr/rbd_support/x/mirror_snapshot_schedule"}]: dispatch
2024-04-25T11:55:58.451 INFO:journalctl@ceph.mon.a.smithi069.stdout:Apr 25 11:55:58 smithi069 ceph-mon[29470]: from='mgr.14152 172.21.15.69:0/2569297019' entity='mgr.x' cmd=[{"prefix":"config rm","who":"mgr","name":"mgr/rbd_support/x/trash_purge_schedule"}]: dispatch
2024-04-25T11:55:59.757 INFO:teuthology.orchestra.run.smithi069.stdout:/usr/bin/ceph: stdout {
2024-04-25T11:55:59.758 INFO:teuthology.orchestra.run.smithi069.stdout:/usr/bin/ceph: stdout "mgrmap_epoch": 11,
2024-04-25T11:55:59.758 INFO:teuthology.orchestra.run.smithi069.stdout:/usr/bin/ceph: stdout "initialized": true
2024-04-25T11:55:59.758 INFO:teuthology.orchestra.run.smithi069.stdout:/usr/bin/ceph: stdout }
2024-04-25T11:55:59.758 INFO:teuthology.orchestra.run.smithi069.stdout:/usr/bin/ceph: stderr
2024-04-25T11:55:54.100+0000 7f1f4cac4700 1 Processor -- start
2024-04-25T11:55:59.758 INFO:teuthology.orchestra.run.smithi069.stdout:/usr/bin/ceph: stderr
2024-04-25T11:55:54.100+0000 7f1f4cac4700 1 -- start start
2024-04-25T11:55:59.758 INFO:teuthology.orchestra.run.smithi069.stdout:/usr/bin/ceph: stderr
2024-04-25T11:55:54.100+0000 7f1f4cac4700 1 --2- >> [v2:172.21.15.69:3300/0,v1:172.21.15.69:6789/0] conn(0x7f1f48109080 0x7f1f4810b470 unknown :-1 s=NONE pgs=0 cs=0 l=0 rev1=0 crypto rx=0 tx=0 comp rx=0 tx=0).connect
