2024-04-25T11:57:40.195+0000 7f3b32ffd700 1 --2- 172.21.15.19:0/831716782 >> [v2:172.21.15.19:6800/963006875,v1:172.21.15.19:6801/963006875] conn(0x7f3b28039620 0x7f3b2803bae0 unknown :-1 s=NONE pgs=0 cs=0 l=1 rev1=0 crypto rx=0 tx=0 comp rx=0 tx=0).connect
2024-04-25T11:57:41.005 INFO:teuthology.orchestra.run.smithi019.stdout:/usr/bin/ceph: stderr
2024-04-25T11:57:40.196+0000 7f3b32ffd700 1 -- 172.21.15.19:0/831716782 <== mon.0 v2:172.21.15.19:3300/0 5 ==== osd_map(2..2 src has 1..2) ==== 940+0+0 (secure 0 0 0) 0x7f3b3804d8f0 con 0x7f3b3c07de00
2024-04-25T11:57:41.005 INFO:teuthology.orchestra.run.smithi019.stdout:/usr/bin/ceph: stderr
2024-04-25T11:57:40.196+0000 7f3b413f5700 1 --2- 172.21.15.19:0/831716782 >> [v2:172.21.15.19:6800/963006875,v1:172.21.15.19:6801/963006875] conn(0x7f3b28039620 0x7f3b2803bae0 unknown :-1 s=BANNER_CONNECTING pgs=0 cs=0 l=1 rev1=0 crypto rx=0 tx=0 comp rx=0 tx=0)._handle_peer_banner_payload supported=3 required=0
2024-04-25T11:57:41.006 INFO:teuthology.orchestra.run.smithi019.stdout:/usr/bin/ceph: stderr
2024-04-25T11:57:40.196+0000 7f3b413f5700 1 --2- 172.21.15.19:0/831716782 >> [v2:172.21.15.19:6800/963006875,v1:172.21.15.19:6801/963006875] conn(0x7f3b28039620 0x7f3b2803bae0 secure :-1 s=READY pgs=12 cs=0 l=1 rev1=1 crypto rx=0x7f3b2c006fd0 tx=0x7f3b2c006e40 comp rx=0 tx=0).ready entity=mgr.14120 client_cookie=0 server_cookie=0 in_seq=0 out_seq=0
2024-04-25T11:57:41.006 INFO:teuthology.orchestra.run.smithi019.stdout:/usr/bin/ceph: stderr
2024-04-25T11:57:40.201+0000 7f3b32ffd700 1 -- 172.21.15.19:0/831716782 <== mon.0 v2:172.21.15.19:3300/0 6 ==== mon_command_ack([{"prefix": "get_command_descriptions"}]=0 v0) ==== 72+0+188370 (secure 0 0 0) 0x7f3b38011e20 con 0x7f3b3c07de00
2024-04-25T11:57:41.006 INFO:teuthology.orchestra.run.smithi019.stdout:/usr/bin/ceph: stderr
2024-04-25T11:57:40.422+0000 7f3b43e5a700 1 -- 172.21.15.19:0/831716782 --> [v2:172.21.15.19:6800/963006875,v1:172.21.15.19:6801/963006875] -- mgr_command(tid 0: {"prefix": "orch apply", "service_type": "mon", "unmanaged": true, "target": ["mon-mgr", ""]}) -- 0x7f3b3c104d30 con 0x7f3b28039620
2024-04-25T11:57:41.006 INFO:teuthology.orchestra.run.smithi019.stdout:/usr/bin/ceph: stderr
2024-04-25T11:57:40.430+0000 7f3b32ffd700 1 -- 172.21.15.19:0/831716782 <== mgr.14120 v2:172.21.15.19:6800/963006875 1 ==== mgr_command_reply(tid 0: 0 ) ==== 8+0+24 (secure 0 0 0) 0x7f3b3c104d30 con 0x7f3b28039620
2024-04-25T11:57:41.006 INFO:teuthology.orchestra.run.smithi019.stdout:/usr/bin/ceph: stderr
2024-04-25T11:57:40.432+0000 7f3b43e5a700 1 -- 172.21.15.19:0/831716782 >> [v2:172.21.15.19:6800/963006875,v1:172.21.15.19:6801/963006875] conn(0x7f3b28039620 msgr2=0x7f3b2803bae0 secure :-1 s=STATE_CONNECTION_ESTABLISHED l=1).mark_down
2024-04-25T11:57:41.006 INFO:teuthology.orchestra.run.smithi019.stdout:/usr/bin/ceph: stderr
2024-04-25T11:57:40.432+0000 7f3b43e5a700 1 --2- 172.21.15.19:0/831716782 >> [v2:172.21.15.19:6800/963006875,v1:172.21.15.19:6801/963006875] conn(0x7f3b28039620 0x7f3b2803bae0 secure :-1 s=READY pgs=12 cs=0 l=1 rev1=1 crypto rx=0x7f3b2c006fd0 tx=0x7f3b2c006e40 comp rx=0 tx=0).stop
2024-04-25T11:57:41.006 INFO:teuthology.orchestra.run.smithi019.stdout:/usr/bin/ceph: stderr
2024-04-25T11:57:40.432+0000 7f3b43e5a700 1 -- 172.21.15.19:0/831716782 >> [v2:172.21.15.19:3300/0,v1:172.21.15.19:6789/0] conn(0x7f3b3c07de00 msgr2=0x7f3b3c1a29f0 secure :-1 s=STATE_CONNECTION_ESTABLISHED l=1).mark_down
2024-04-25T11:57:41.006 INFO:teuthology.orchestra.run.smithi019.stdout:/usr/bin/ceph: stderr
2024-04-25T11:57:40.432+0000 7f3b43e5a700 1 --2- 172.21.15.19:0/831716782 >> [v2:172.21.15.19:3300/0,v1:172.21.15.19:6789/0] conn(0x7f3b3c07de00 0x7f3b3c1a29f0 secure :-1 s=READY pgs=48 cs=0 l=1 rev1=1 crypto rx=0x7f3b380116a0 tx=0x7f3b38011ce0 comp rx=0 tx=0).stop
2024-04-25T11:57:41.006 INFO:teuthology.orchestra.run.smithi019.stdout:/usr/bin/ceph: stderr
2024-04-25T11:57:40.432+0000 7f3b43e5a700 1 -- 172.21.15.19:0/831716782 shutdown_connections
2024-04-25T11:57:41.006 INFO:teuthology.orchestra.run.smithi019.stdout:/usr/bin/ceph: stderr
2024-04-25T11:57:40.432+0000 7f3b43e5a700 1 --2- 172.21.15.19:0/831716782 >> [v2:172.21.15.19:6800/963006875,v1:172.21.15.19:6801/963006875] conn(0x7f3b28039620 0x7f3b2803bae0 unknown :-1 s=CLOSED pgs=12 cs=0 l=1 rev1=1 crypto rx=0 tx=0 comp rx=0 tx=0).stop
2024-04-25T11:57:41.006 INFO:teuthology.orchestra.run.smithi019.stdout:/usr/bin/ceph: stderr
2024-04-25T11:57:40.432+0000 7f3b43e5a700 1 --2- 172.21.15.19:0/831716782 >> [v2:172.21.15.19:3300/0,v1:172.21.15.19:6789/0] conn(0x7f3b3c07de00 0x7f3b3c1a29f0 unknown :-1 s=CLOSED pgs=48 cs=0 l=1 rev1=1 crypto rx=0 tx=0 comp rx=0 tx=0).stop
2024-04-25T11:57:41.006 INFO:teuthology.orchestra.run.smithi019.stdout:/usr/bin/ceph: stderr
2024-04-25T11:57:40.432+0000 7f3b43e5a700 1 -- 172.21.15.19:0/831716782 >> 172.21.15.19:0/831716782 conn(0x7f3b3c103be0 msgr2=0x7f3b3c104620 unknown :-1 s=STATE_NONE l=0).mark_down
2024-04-25T11:57:41.007 INFO:teuthology.orchestra.run.smithi019.stdout:/usr/bin/ceph: stderr
2024-04-25T11:57:40.433+0000 7f3b43e5a700 1 -- 172.21.15.19:0/831716782 shutdown_connections
2024-04-25T11:57:41.007 INFO:teuthology.orchestra.run.smithi019.stdout:/usr/bin/ceph: stderr
2024-04-25T11:57:40.433+0000 7f3b43e5a700 1 -- 172.21.15.19:0/831716782 wait complete.
2024-04-25T11:57:41.007 INFO:teuthology.orchestra.run.smithi019.stdout:Deploying unmanaged mgr service...
2024-04-25T11:57:41.563 INFO:journalctl@ceph.mon.a.smithi019.stdout:Apr 25 11:57:41 smithi019 ceph-mon[29213]: from='client.14142 -' entity='client.admin' cmd=[{"prefix": "orch apply", "service_type": "mon", "unmanaged": true, "target": ["mon-mgr", ""]}]: dispatch
2024-04-25T11:57:41.564 INFO:journalctl@ceph.mon.a.smithi019.stdout:Apr 25 11:57:41 smithi019 ceph-mon[29213]: Saving service mon spec with placement count:5
2024-04-25T11:57:41.564 INFO:journalctl@ceph.mon.a.smithi019.stdout:Apr 25 11:57:41 smithi019 ceph-mon[29213]: from='mgr.14120 172.21.15.19:0/2515776567' entity='mgr.x'
2024-04-25T11:57:43.263 INFO:teuthology.orchestra.run.smithi019.stdout:/usr/bin/ceph: stdout Scheduled mgr update...
2024-04-25T11:57:43.263 INFO:teuthology.orchestra.run.smithi019.stdout:/usr/bin/ceph: stderr
2024-04-25T11:57:42.481+0000 7f0dca226700 1 Processor -- start
2024-04-25T11:57:43.263 INFO:teuthology.orchestra.run.smithi019.stdout:/usr/bin/ceph: stderr
2024-04-25T11:57:42.481+0000 7f0dca226700 1 -- start start
2024-04-25T11:57:43.263 INFO:teuthology.orchestra.run.smithi019.stdout:/usr/bin/ceph: stderr
2024-04-25T11:57:42.481+0000 7f0dca226700 1 --2- >> [v2:172.21.15.19:3300/0,v1:172.21.15.19:6789/0] conn(0x7f0dc407de80 0x7f0dc407c330 unknown :-1 s=NONE pgs=0 cs=0 l=0 rev1=0 crypto rx=0 tx=0 comp rx=0 tx=0).connect
2024-04-25T11:57:43.264 INFO:teuthology.orchestra.run.smithi019.stdout:/usr/bin/ceph: stderr
2024-04-25T11:57:42.481+0000 7f0dca226700 1 -- --> [v2:172.21.15.19:3300/0,v1:172.21.15.19:6789/0] -- mon_getmap magic: 0 -- 0x7f0dc407c900 con 0x7f0dc407de80
2024-04-25T11:57:43.264 INFO:teuthology.orchestra.run.smithi019.stdout:/usr/bin/ceph: stderr
2024-04-25T11:57:42.481+0000 7f0dc37fe700 1 --2- >> [v2:172.21.15.19:3300/0,v1:172.21.15.19:6789/0] conn(0x7f0dc407de80 0x7f0dc407c330 unknown :-1 s=BANNER_CONNECTING pgs=0 cs=0 l=0 rev1=0 crypto rx=0 tx=0 comp rx=0 tx=0)._handle_peer_banner_payload supported=3 required=0
2024-04-25T11:57:43.264 INFO:teuthology.orchestra.run.smithi019.stdout:/usr/bin/ceph: stderr
2024-04-25T11:57:42.481+0000 7f0dc37fe700 1 --2- >> [v2:172.21.15.19:3300/0,v1:172.21.15.19:6789/0] conn(0x7f0dc407de80 0x7f0dc407c330 unknown :-1 s=HELLO_CONNECTING pgs=0 cs=0 l=0 rev1=1 crypto rx=0 tx=0 comp rx=0 tx=0).handle_hello peer v2:172.21.15.19:3300/0 says I am v2:172.21.15.19:34190/0 (socket says 172.21.15.19:34190)
2024-04-25T11:57:43.264 INFO:teuthology.orchestra.run.smithi019.stdout:/usr/bin/ceph: stderr
2024-04-25T11:57:42.481+0000 7f0dc37fe700 1 -- 172.21.15.19:0/3996269810 learned_addr learned my addr 172.21.15.19:0/3996269810 (peer_addr_for_me v2:172.21.15.19:0/0)
2024-04-25T11:57:43.264 INFO:teuthology.orchestra.run.smithi019.stdout:/usr/bin/ceph: stderr
2024-04-25T11:57:42.482+0000 7f0dc37fe700 1 -- 172.21.15.19:0/3996269810 --> [v2:172.21.15.19:3300/0,v1:172.21.15.19:6789/0] -- mon_subscribe({config=0+,monmap=0+}) -- 0x7f0dc407ca80 con 0x7f0dc407de80
2024-04-25T11:57:43.264 INFO:teuthology.orchestra.run.smithi019.stdout:/usr/bin/ceph: stderr
2024-04-25T11:57:42.482+0000 7f0dc37fe700 1 --2- 172.21.15.19:0/3996269810 >> [v2:172.21.15.19:3300/0,v1:172.21.15.19:6789/0] conn(0x7f0dc407de80 0x7f0dc407c330 secure :-1 s=READY pgs=49 cs=0 l=1 rev1=1 crypto rx=0x7f0db40098a0 tx=0x7f0db4009bb0 comp rx=0 tx=0).ready entity=mon.0 client_cookie=22b1dc438b20dce6 server_cookie=0 in_seq=0 out_seq=0
2024-04-25T11:57:43.264 INFO:teuthology.orchestra.run.smithi019.stdout:/usr/bin/ceph: stderr
2024-04-25T11:57:42.482+0000 7f0dc27fc700 1 -- 172.21.15.19:0/3996269810 <== mon.0 v2:172.21.15.19:3300/0 1 ==== mon_map magic: 0 ==== 205+0+0 (secure 0 0 0) 0x7f0db4004160 con 0x7f0dc407de80
2024-04-25T11:57:43.264 INFO:teuthology.orchestra.run.smithi019.stdout:/usr/bin/ceph: stderr
2024-04-25T11:57:42.482+0000 7f0dc27fc700 1 -- 172.21.15.19:0/3996269810 <== mon.0 v2:172.21.15.19:3300/0 2 ==== config(27 keys) ==== 1135+0+0 (secure 0 0 0) 0x7f0db4004300 con 0x7f0dc407de80
2024-04-25T11:57:43.264 INFO:teuthology.orchestra.run.smithi019.stdout:/usr/bin/ceph: stderr
2024-04-25T11:57:42.482+0000 7f0dc27fc700 1 -- 172.21.15.19:0/3996269810 <== mon.0 v2:172.21.15.19:3300/0 3 ==== mon_map magic: 0 ==== 205+0+0 (secure 0 0 0) 0x7f0db4011af0 con 0x7f0dc407de80
2024-04-25T11:57:43.264 INFO:teuthology.orchestra.run.smithi019.stdout:/usr/bin/ceph: stderr
2024-04-25T11:57:42.483+0000 7f0dca226700 1 -- 172.21.15.19:0/3996269810 >> [v2:172.21.15.19:3300/0,v1:172.21.15.19:6789/0] conn(0x7f0dc407de80 msgr2=0x7f0dc407c330 secure :-1 s=STATE_CONNECTION_ESTABLISHED l=1).mark_down
2024-04-25T11:57:43.264 INFO:teuthology.orchestra.run.smithi019.stdout:/usr/bin/ceph: stderr
2024-04-25T11:57:42.483+0000 7f0dca226700 1 --2- 172.21.15.19:0/3996269810 >> [v2:172.21.15.19:3300/0,v1:172.21.15.19:6789/0] conn(0x7f0dc407de80 0x7f0dc407c330 secure :-1 s=READY pgs=49 cs=0 l=1 rev1=1 crypto rx=0x7f0db40098a0 tx=0x7f0db4009bb0 comp rx=0 tx=0).stop
2024-04-25T11:57:43.264 INFO:teuthology.orchestra.run.smithi019.stdout:/usr/bin/ceph: stderr
2024-04-25T11:57:42.483+0000 7f0dca226700 1 -- 172.21.15.19:0/3996269810 shutdown_connections
2024-04-25T11:57:43.265 INFO:teuthology.orchestra.run.smithi019.stdout:/usr/bin/ceph: stderr
2024-04-25T11:57:42.483+0000 7f0dca226700 1 --2- 172.21.15.19:0/3996269810 >> [v2:172.21.15.19:3300/0,v1:172.21.15.19:6789/0] conn(0x7f0dc407de80 0x7f0dc407c330 unknown :-1 s=CLOSED pgs=49 cs=0 l=1 rev1=1 crypto rx=0 tx=0 comp rx=0 tx=0).stop
2024-04-25T11:57:43.265 INFO:teuthology.orchestra.run.smithi019.stdout:/usr/bin/ceph: stderr
2024-04-25T11:57:42.483+0000 7f0dca226700 1 -- 172.21.15.19:0/3996269810 >> 172.21.15.19:0/3996269810 conn(0x7f0dc4103c10 msgr2=0x7f0dc4106030 unknown :-1 s=STATE_NONE l=0).mark_down
2024-04-25T11:57:43.265 INFO:teuthology.orchestra.run.smithi019.stdout:/usr/bin/ceph: stderr
2024-04-25T11:57:42.483+0000 7f0dca226700 1 -- 172.21.15.19:0/3996269810 shutdown_connections
2024-04-25T11:57:43.265 INFO:teuthology.orchestra.run.smithi019.stdout:/usr/bin/ceph: stderr
2024-04-25T11:57:42.483+0000 7f0dca226700 1 -- 172.21.15.19:0/3996269810 wait complete.
2024-04-25T11:57:43.265 INFO:teuthology.orchestra.run.smithi019.stdout:/usr/bin/ceph: stderr
2024-04-25T11:57:42.483+0000 7f0dca226700 1 Processor -- start
2024-04-25T11:57:43.265 INFO:teuthology.orchestra.run.smithi019.stdout:/usr/bin/ceph: stderr
2024-04-25T11:57:42.483+0000 7f0dca226700 1 -- start start
2024-04-25T11:57:43.265 INFO:teuthology.orchestra.run.smithi019.stdout:/usr/bin/ceph: stderr
2024-04-25T11:57:42.484+0000 7f0dca226700 1 --2- >> [v2:172.21.15.19:3300/0,v1:172.21.15.19:6789/0] conn(0x7f0dc407de80 0x7f0dc419e590 unknown :-1 s=NONE pgs=0 cs=0 l=1 rev1=0 crypto rx=0 tx=0 comp rx=0 tx=0).connect
2024-04-25T11:57:43.265 INFO:teuthology.orchestra.run.smithi019.stdout:/usr/bin/ceph: stderr
2024-04-25T11:57:42.484+0000 7f0dca226700 1 -- --> [v2:172.21.15.19:3300/0,v1:172.21.15.19:6789/0] -- mon_getmap magic: 0 -- 0x7f0dc410ec30 con 0x7f0dc407de80
2024-04-25T11:57:43.265 INFO:teuthology.orchestra.run.smithi019.stdout:/usr/bin/ceph: stderr
2024-04-25T11:57:42.484+0000 7f0dc37fe700 1 --2- >> [v2:172.21.15.19:3300/0,v1:172.21.15.19:6789/0] conn(0x7f0dc407de80 0x7f0dc419e590 unknown :-1 s=BANNER_CONNECTING pgs=0 cs=0 l=1 rev1=0 crypto rx=0 tx=0 comp rx=0 tx=0)._handle_peer_banner_payload supported=3 required=0
2024-04-25T11:57:43.265 INFO:teuthology.orchestra.run.smithi019.stdout:/usr/bin/ceph: stderr
2024-04-25T11:57:42.484+0000 7f0dc37fe700 1 --2- >> [v2:172.21.15.19:3300/0,v1:172.21.15.19:6789/0] conn(0x7f0dc407de80 0x7f0dc419e590 unknown :-1 s=HELLO_CONNECTING pgs=0 cs=0 l=1 rev1=1 crypto rx=0 tx=0 comp rx=0 tx=0).handle_hello peer v2:172.21.15.19:3300/0 says I am v2:172.21.15.19:34192/0 (socket says 172.21.15.19:34192)
2024-04-25T11:57:43.265 INFO:teuthology.orchestra.run.smithi019.stdout:/usr/bin/ceph: stderr
2024-04-25T11:57:42.484+0000 7f0dc37fe700 1 -- 172.21.15.19:0/2354755015 learned_addr learned my addr 172.21.15.19:0/2354755015 (peer_addr_for_me v2:172.21.15.19:0/0)
2024-04-25T11:57:43.265 INFO:teuthology.orchestra.run.smithi019.stdout:/usr/bin/ceph: stderr
2024-04-25T11:57:42.484+0000 7f0dc37fe700 1 -- 172.21.15.19:0/2354755015 --> [v2:172.21.15.19:3300/0,v1:172.21.15.19:6789/0] -- mon_subscribe({config=0+,monmap=0+}) -- 0x7f0dc419ead0 con 0x7f0dc407de80
2024-04-25T11:57:43.265 INFO:teuthology.orchestra.run.smithi019.stdout:/usr/bin/ceph: stderr
2024-04-25T11:57:42.484+0000 7f0dc37fe700 1 --2- 172.21.15.19:0/2354755015 >> [v2:172.21.15.19:3300/0,v1:172.21.15.19:6789/0] conn(0x7f0dc407de80 0x7f0dc419e590 secure :-1 s=READY pgs=50 cs=0 l=1 rev1=1 crypto rx=0x7f0db4003f90 tx=0x7f0db4011b70 comp rx=0 tx=0).ready entity=mon.0 client_cookie=0 server_cookie=0 in_seq=0 out_seq=0
2024-04-25T11:57:43.266 INFO:teuthology.orchestra.run.smithi019.stdout:/usr/bin/ceph: stderr
2024-04-25T11:57:42.484+0000 7f0dc0ff9700 1 -- 172.21.15.19:0/2354755015 <== mon.0 v2:172.21.15.19:3300/0 1 ==== mon_map magic: 0 ==== 205+0+0 (secure 0 0 0) 0x7f0db40039e0 con 0x7f0dc407de80
2024-04-25T11:57:43.266 INFO:teuthology.orchestra.run.smithi019.stdout:/usr/bin/ceph: stderr
2024-04-25T11:57:42.484+0000 7f0dc0ff9700 1 -- 172.21.15.19:0/2354755015 <== mon.0 v2:172.21.15.19:3300/0 2 ==== config(27 keys) ==== 1135+0+0 (secure 0 0 0) 0x7f0db4003b80 con 0x7f0dc407de80
2024-04-25T11:57:43.266 INFO:teuthology.orchestra.run.smithi019.stdout:/usr/bin/ceph: stderr
2024-04-25T11:57:42.484+0000 7f0dca226700 1 -- 172.21.15.19:0/2354755015 --> [v2:172.21.15.19:3300/0,v1:172.21.15.19:6789/0] -- mon_subscribe({mgrmap=0+}) -- 0x7f0dc419ed60 con 0x7f0dc407de80
2024-04-25T11:57:43.266 INFO:teuthology.orchestra.run.smithi019.stdout:/usr/bin/ceph: stderr
2024-04-25T11:57:42.484+0000 7f0dc0ff9700 1 -- 172.21.15.19:0/2354755015 <== mon.0 v2:172.21.15.19:3300/0 3 ==== mon_map magic: 0 ==== 205+0+0 (secure 0 0 0) 0x7f0db40196e0 con 0x7f0dc407de80
2024-04-25T11:57:43.266 INFO:teuthology.orchestra.run.smithi019.stdout:/usr/bin/ceph: stderr
2024-04-25T11:57:42.484+0000 7f0dca226700 1 -- 172.21.15.19:0/2354755015 --> [v2:172.21.15.19:3300/0,v1:172.21.15.19:6789/0] -- mon_subscribe({osdmap=0}) -- 0x7f0dc41a1a50 con 0x7f0dc407de80
2024-04-25T11:57:43.266 INFO:teuthology.orchestra.run.smithi019.stdout:/usr/bin/ceph: stderr
2024-04-25T11:57:42.485+0000 7f0dc0ff9700 1 -- 172.21.15.19:0/2354755015 <== mon.0 v2:172.21.15.19:3300/0 4 ==== mgrmap(e 8) ==== 46558+0+0 (secure 0 0 0) 0x7f0db4022020 con 0x7f0dc407de80
2024-04-25T11:57:43.266 INFO:teuthology.orchestra.run.smithi019.stdout:/usr/bin/ceph: stderr
2024-04-25T11:57:42.486+0000 7f0dca226700 1 -- 172.21.15.19:0/2354755015 --> [v2:172.21.15.19:3300/0,v1:172.21.15.19:6789/0] -- mon_command({"prefix": "get_command_descriptions"} v 0) -- 0x7f0dc410edb0 con 0x7f0dc407de80
2024-04-25T11:57:43.266 INFO:teuthology.orchestra.run.smithi019.stdout:/usr/bin/ceph: stderr
2024-04-25T11:57:42.486+0000 7f0dc0ff9700 1 --2- 172.21.15.19:0/2354755015 >> [v2:172.21.15.19:6800/963006875,v1:172.21.15.19:6801/963006875] conn(0x7f0dac0396c0 0x7f0dac03bb80 unknown :-1 s=NONE pgs=0 cs=0 l=1 rev1=0 crypto rx=0 tx=0 comp rx=0 tx=0).connect
2024-04-25T11:57:43.266 INFO:teuthology.orchestra.run.smithi019.stdout:/usr/bin/ceph: stderr
2024-04-25T11:57:42.486+0000 7f0dc0ff9700 1 -- 172.21.15.19:0/2354755015 <== mon.0 v2:172.21.15.19:3300/0 5 ==== osd_map(2..2 src has 1..2) ==== 940+0+0 (secure 0 0 0) 0x7f0db404dad0 con 0x7f0dc407de80
2024-04-25T11:57:43.266 INFO:teuthology.orchestra.run.smithi019.stdout:/usr/bin/ceph: stderr
2024-04-25T11:57:42.486+0000 7f0dc2ffd700 1 --2- 172.21.15.19:0/2354755015 >> [v2:172.21.15.19:6800/963006875,v1:172.21.15.19:6801/963006875] conn(0x7f0dac0396c0 0x7f0dac03bb80 unknown :-1 s=BANNER_CONNECTING pgs=0 cs=0 l=1 rev1=0 crypto rx=0 tx=0 comp rx=0 tx=0)._handle_peer_banner_payload supported=3 required=0
2024-04-25T11:57:43.266 INFO:teuthology.orchestra.run.smithi019.stdout:/usr/bin/ceph: stderr
2024-04-25T11:57:42.486+0000 7f0dc2ffd700 1 --2- 172.21.15.19:0/2354755015 >> [v2:172.21.15.19:6800/963006875,v1:172.21.15.19:6801/963006875] conn(0x7f0dac0396c0 0x7f0dac03bb80 secure :-1 s=READY pgs=13 cs=0 l=1 rev1=1 crypto rx=0x7f0db8006fd0 tx=0x7f0db8006e40 comp rx=0 tx=0).ready entity=mgr.14120 client_cookie=0 server_cookie=0 in_seq=0 out_seq=0
2024-04-25T11:57:43.266 INFO:teuthology.orchestra.run.smithi019.stdout:/usr/bin/ceph: stderr
2024-04-25T11:57:42.491+0000 7f0dc0ff9700 1 -- 172.21.15.19:0/2354755015 <== mon.0 v2:172.21.15.19:3300/0 6 ==== mon_command_ack([{"prefix": "get_command_descriptions"}]=0 v0) ==== 72+0+188370 (secure 0 0 0) 0x7f0db4029250 con 0x7f0dc407de80
2024-04-25T11:57:43.266 INFO:teuthology.orchestra.run.smithi019.stdout:/usr/bin/ceph: stderr
2024-04-25T11:57:42.711+0000 7f0dca226700 1 -- 172.21.15.19:0/2354755015 --> [v2:172.21.15.19:6800/963006875,v1:172.21.15.19:6801/963006875] -- mgr_command(tid 0: {"prefix": "orch apply", "service_type": "mgr", "unmanaged": true, "target": ["mon-mgr", ""]}) -- 0x7f0dc4104d80 con 0x7f0dac0396c0
2024-04-25T11:57:43.267 INFO:teuthology.orchestra.run.smithi019.stdout:/usr/bin/ceph: stderr
2024-04-25T11:57:42.717+0000 7f0dc0ff9700 1 -- 172.21.15.19:0/2354755015 <== mgr.14120 v2:172.21.15.19:6800/963006875 1 ==== mgr_command_reply(tid 0: 0 ) ==== 8+0+24 (secure 0 0 0) 0x7f0dc4104d80 con 0x7f0dac0396c0
2024-04-25T11:57:43.267 INFO:teuthology.orchestra.run.smithi019.stdout:/usr/bin/ceph: stderr
2024-04-25T11:57:42.719+0000 7f0dca226700 1 -- 172.21.15.19:0/2354755015 >> [v2:172.21.15.19:6800/963006875,v1:172.21.15.19:6801/963006875] conn(0x7f0dac0396c0 msgr2=0x7f0dac03bb80 secure :-1 s=STATE_CONNECTION_ESTABLISHED l=1).mark_down
2024-04-25T11:57:43.267 INFO:teuthology.orchestra.run.smithi019.stdout:/usr/bin/ceph: stderr
2024-04-25T11:57:42.719+0000 7f0dca226700 1 --2- 172.21.15.19:0/2354755015 >> [v2:172.21.15.19:6800/963006875,v1:172.21.15.19:6801/963006875] conn(0x7f0dac0396c0 0x7f0dac03bb80 secure :-1 s=READY pgs=13 cs=0 l=1 rev1=1 crypto rx=0x7f0db8006fd0 tx=0x7f0db8006e40 comp rx=0 tx=0).stop
2024-04-25T11:57:43.267 INFO:teuthology.orchestra.run.smithi019.stdout:/usr/bin/ceph: stderr
2024-04-25T11:57:42.719+0000 7f0dca226700 1 -- 172.21.15.19:0/2354755015 >> [v2:172.21.15.19:3300/0,v1:172.21.15.19:6789/0] conn(0x7f0dc407de80 msgr2=0x7f0dc419e590 secure :-1 s=STATE_CONNECTION_ESTABLISHED l=1).mark_down
2024-04-25T11:57:43.267 INFO:teuthology.orchestra.run.smithi019.stdout:/usr/bin/ceph: stderr
2024-04-25T11:57:42.719+0000 7f0dca226700 1 --2- 172.21.15.19:0/2354755015 >> [v2:172.21.15.19:3300/0,v1:172.21.15.19:6789/0] conn(0x7f0dc407de80 0x7f0dc419e590 secure :-1 s=READY pgs=50 cs=0 l=1 rev1=1 crypto rx=0x7f0db4003f90 tx=0x7f0db4011b70 comp rx=0 tx=0).stop
2024-04-25T11:57:43.267 INFO:teuthology.orchestra.run.smithi019.stdout:/usr/bin/ceph: stderr
2024-04-25T11:57:42.719+0000 7f0dca226700 1 -- 172.21.15.19:0/2354755015 shutdown_connections
2024-04-25T11:57:43.267 INFO:teuthology.orchestra.run.smithi019.stdout:/usr/bin/ceph: stderr
2024-04-25T11:57:42.719+0000 7f0dca226700 1 --2- 172.21.15.19:0/2354755015 >> [v2:172.21.15.19:6800/963006875,v1:172.21.15.19:6801/963006875] conn(0x7f0dac0396c0 0x7f0dac03bb80 unknown :-1 s=CLOSED pgs=13 cs=0 l=1 rev1=1 crypto rx=0 tx=0 comp rx=0 tx=0).stop
2024-04-25T11:57:43.267 INFO:teuthology.orchestra.run.smithi019.stdout:/usr/bin/ceph: stderr
2024-04-25T11:57:42.719+0000 7f0dca226700 1 --2- 172.21.15.19:0/2354755015 >> [v2:172.21.15.19:3300/0,v1:172.21.15.19:6789/0] conn(0x7f0dc407de80 0x7f0dc419e590 unknown :-1 s=CLOSED pgs=50 cs=0 l=1 rev1=1 crypto rx=0 tx=0 comp rx=0 tx=0).stop
2024-04-25T11:57:43.267 INFO:teuthology.orchestra.run.smithi019.stdout:/usr/bin/ceph: stderr
2024-04-25T11:57:42.719+0000 7f0dca226700 1 -- 172.21.15.19:0/2354755015 >> 172.21.15.19:0/2354755015 conn(0x7f0dc4103c10 msgr2=0x7f0dc4104670 unknown :-1 s=STATE_NONE l=0).mark_down
2024-04-25T11:57:43.267 INFO:teuthology.orchestra.run.smithi019.stdout:/usr/bin/ceph: stderr
2024-04-25T11:57:42.719+0000 7f0dca226700 1 -- 172.21.15.19:0/2354755015 shutdown_connections
2024-04-25T11:57:43.267 INFO:teuthology.orchestra.run.smithi019.stdout:/usr/bin/ceph: stderr
2024-04-25T11:57:42.719+0000 7f0dca226700 1 -- 172.21.15.19:0/2354755015 wait complete.
2024-04-25T11:57:43.542 INFO:journalctl@ceph.mon.a.smithi019.stdout:Apr 25 11:57:43 smithi019 ceph-mon[29213]: from='mgr.14120 172.21.15.19:0/2515776567' entity='mgr.x'
2024-04-25T11:57:43.542 INFO:journalctl@ceph.mon.a.smithi019.stdout:Apr 25 11:57:43 smithi019 ceph-mon[29213]: from='mgr.14120 172.21.15.19:0/2515776567' entity='mgr.x'
2024-04-25T11:57:43.542 INFO:journalctl@ceph.mon.a.smithi019.stdout:Apr 25 11:57:43 smithi019 ceph-mon[29213]: from='mgr.14120 172.21.15.19:0/2515776567' entity='mgr.x'
2024-04-25T11:57:44.542 INFO:journalctl@ceph.mon.a.smithi019.stdout:Apr 25 11:57:44 smithi019 ceph-mon[29213]: from='client.14144 -' entity='client.admin' cmd=[{"prefix": "orch apply", "service_type": "mgr", "unmanaged": true, "target": ["mon-mgr", ""]}]: dispatch
2024-04-25T11:57:44.543 INFO:journalctl@ceph.mon.a.smithi019.stdout:Apr 25 11:57:44 smithi019 ceph-mon[29213]: Saving service mgr spec with placement count:2
2024-04-25T11:57:44.543 INFO:journalctl@ceph.mon.a.smithi019.stdout:Apr 25 11:57:44 smithi019 ceph-mon[29213]: from='client.? 172.21.15.19:0/2754483098' entity='client.admin'
2024-04-25T11:57:44.771 INFO:teuthology.orchestra.run.smithi019.stdout:/usr/bin/ceph: stderr
2024-04-25T11:57:43.723+0000 7fe9d5376700 1 Processor -- start
2024-04-25T11:57:44.772 INFO:teuthology.orchestra.run.smithi019.stdout:/usr/bin/ceph: stderr
2024-04-25T11:57:43.723+0000 7fe9d5376700 1 -- start start
2024-04-25T11:57:44.772 INFO:teuthology.orchestra.run.smithi019.stdout:/usr/bin/ceph: stderr
2024-04-25T11:57:43.723+0000 7fe9d5376700 1 --2- >> [v2:172.21.15.19:3300/0,v1:172.21.15.19:6789/0] conn(0x7fe9d01085c0 0x7fe9d01089e0 unknown :-1 s=NONE pgs=0 cs=0 l=0 rev1=0 crypto rx=0 tx=0 comp rx=0 tx=0).connect
2024-04-25T11:57:44.772 INFO:teuthology.orchestra.run.smithi019.stdout:/usr/bin/ceph: stderr
2024-04-25T11:57:43.724+0000 7fe9d5376700 1 -- --> [v2:172.21.15.19:3300/0,v1:172.21.15.19:6789/0] -- mon_getmap magic: 0 -- 0x7fe9d0108fb0 con 0x7fe9d01085c0
2024-04-25T11:57:44.772 INFO:teuthology.orchestra.run.smithi019.stdout:/usr/bin/ceph: stderr
2024-04-25T11:57:43.724+0000 7fe9ceffd700 1 --2- >> [v2:172.21.15.19:3300/0,v1:172.21.15.19:6789/0] conn(0x7fe9d01085c0 0x7fe9d01089e0 unknown :-1 s=BANNER_CONNECTING pgs=0 cs=0 l=0 rev1=0 crypto rx=0 tx=0 comp rx=0 tx=0)._handle_peer_banner_payload supported=3 required=0
2024-04-25T11:57:44.772 INFO:teuthology.orchestra.run.smithi019.stdout:/usr/bin/ceph: stderr
2024-04-25T11:57:43.724+0000 7fe9ceffd700 1 --2- >> [v2:172.21.15.19:3300/0,v1:172.21.15.19:6789/0] conn(0x7fe9d01085c0 0x7fe9d01089e0 unknown :-1 s=HELLO_CONNECTING pgs=0 cs=0 l=0 rev1=1 crypto rx=0 tx=0 comp rx=0 tx=0).handle_hello peer v2:172.21.15.19:3300/0 says I am v2:172.21.15.19:34206/0 (socket says 172.21.15.19:34206)
2024-04-25T11:57:44.772 INFO:teuthology.orchestra.run.smithi019.stdout:/usr/bin/ceph: stderr
2024-04-25T11:57:43.724+0000 7fe9ceffd700 1 -- 172.21.15.19:0/163528452 learned_addr learned my addr 172.21.15.19:0/163528452 (peer_addr_for_me v2:172.21.15.19:0/0)
2024-04-25T11:57:44.772 INFO:teuthology.orchestra.run.smithi019.stdout:/usr/bin/ceph: stderr
2024-04-25T11:57:43.724+0000 7fe9ceffd700 1 -- 172.21.15.19:0/163528452 --> [v2:172.21.15.19:3300/0,v1:172.21.15.19:6789/0] -- mon_subscribe({config=0+,monmap=0+}) -- 0x7fe9d0109770 con 0x7fe9d01085c0
2024-04-25T11:57:44.772 INFO:teuthology.orchestra.run.smithi019.stdout:/usr/bin/ceph: stderr
2024-04-25T11:57:43.724+0000 7fe9ceffd700 1 --2- 172.21.15.19:0/163528452 >> [v2:172.21.15.19:3300/0,v1:172.21.15.19:6789/0] conn(0x7fe9d01085c0 0x7fe9d01089e0 secure :-1 s=READY pgs=51 cs=0 l=1 rev1=1 crypto rx=0x7fe9c00098a0 tx=0x7fe9c0009bb0 comp rx=0 tx=0).ready entity=mon.0 client_cookie=b991a02d29126131 server_cookie=0 in_seq=0 out_seq=0
2024-04-25T11:57:44.772 INFO:teuthology.orchestra.run.smithi019.stdout:/usr/bin/ceph: stderr
2024-04-25T11:57:43.724+0000 7fe9cdffb700 1 -- 172.21.15.19:0/163528452 <== mon.0 v2:172.21.15.19:3300/0 1 ==== mon_map magic: 0 ==== 205+0+0 (secure 0 0 0) 0x7fe9c0004160 con 0x7fe9d01085c0
2024-04-25T11:57:44.773 INFO:teuthology.orchestra.run.smithi019.stdout:/usr/bin/ceph: stderr
2024-04-25T11:57:43.725+0000 7fe9cdffb700 1 -- 172.21.15.19:0/163528452 <== mon.0 v2:172.21.15.19:3300/0 2 ==== config(27 keys) ==== 1135+0+0 (secure 0 0 0) 0x7fe9c0004300 con 0x7fe9d01085c0
2024-04-25T11:57:44.773 INFO:teuthology.orchestra.run.smithi019.stdout:/usr/bin/ceph: stderr
2024-04-25T11:57:43.725+0000 7fe9cdffb700 1 -- 172.21.15.19:0/163528452 <== mon.0 v2:172.21.15.19:3300/0 3 ==== mon_map magic: 0 ==== 205+0+0 (secure 0 0 0) 0x7fe9c0011af0 con 0x7fe9d01085c0
2024-04-25T11:57:44.773 INFO:teuthology.orchestra.run.smithi019.stdout:/usr/bin/ceph: stderr
2024-04-25T11:57:43.725+0000 7fe9d5376700 1 -- 172.21.15.19:0/163528452 >> [v2:172.21.15.19:3300/0,v1:172.21.15.19:6789/0] conn(0x7fe9d01085c0 msgr2=0x7fe9d01089e0 secure :-1 s=STATE_CONNECTION_ESTABLISHED l=1).mark_down
2024-04-25T11:57:44.773 INFO:teuthology.orchestra.run.smithi019.stdout:/usr/bin/ceph: stderr
2024-04-25T11:57:43.725+0000 7fe9d5376700 1 --2- 172.21.15.19:0/163528452 >> [v2:172.21.15.19:3300/0,v1:172.21.15.19:6789/0] conn(0x7fe9d01085c0 0x7fe9d01089e0 secure :-1 s=READY pgs=51 cs=0 l=1 rev1=1 crypto rx=0x7fe9c00098a0 tx=0x7fe9c0009bb0 comp rx=0 tx=0).stop
2024-04-25T11:57:44.773 INFO:teuthology.orchestra.run.smithi019.stdout:/usr/bin/ceph: stderr
2024-04-25T11:57:43.726+0000 7fe9d5376700 1 -- 172.21.15.19:0/163528452 shutdown_connections
2024-04-25T11:57:44.773 INFO:teuthology.orchestra.run.smithi019.stdout:/usr/bin/ceph: stderr
2024-04-25T11:57:43.726+0000 7fe9d5376700 1 --2- 172.21.15.19:0/163528452 >> [v2:172.21.15.19:3300/0,v1:172.21.15.19:6789/0] conn(0x7fe9d01085c0 0x7fe9d01089e0 unknown :-1 s=CLOSED pgs=51 cs=0 l=1 rev1=1 crypto rx=0 tx=0 comp rx=0 tx=0).stop
2024-04-25T11:57:44.773 INFO:teuthology.orchestra.run.smithi019.stdout:/usr/bin/ceph: stderr
2024-04-25T11:57:43.726+0000 7fe9d5376700 1 -- 172.21.15.19:0/163528452 >> 172.21.15.19:0/163528452 conn(0x7fe9d0103be0 msgr2=0x7fe9d0106000 unknown :-1 s=STATE_NONE l=0).mark_down
2024-04-25T11:57:44.773 INFO:teuthology.orchestra.run.smithi019.stdout:/usr/bin/ceph: stderr
2024-04-25T11:57:43.726+0000 7fe9d5376700 1 -- 172.21.15.19:0/163528452 shutdown_connections
2024-04-25T11:57:44.773 INFO:teuthology.orchestra.run.smithi019.stdout:/usr/bin/ceph: stderr
2024-04-25T11:57:43.726+0000 7fe9d5376700 1 -- 172.21.15.19:0/163528452 wait complete.
2024-04-25T11:57:44.773 INFO:teuthology.orchestra.run.smithi019.stdout:/usr/bin/ceph: stderr
2024-04-25T11:57:43.726+0000 7fe9d5376700 1 Processor -- start
2024-04-25T11:57:44.773 INFO:teuthology.orchestra.run.smithi019.stdout:/usr/bin/ceph: stderr
2024-04-25T11:57:43.727+0000 7fe9d5376700 1 -- start start
2024-04-25T11:57:44.774 INFO:teuthology.orchestra.run.smithi019.stdout:/usr/bin/ceph: stderr
2024-04-25T11:57:43.727+0000 7fe9d5376700 1 --2- >> [v2:172.21.15.19:3300/0,v1:172.21.15.19:6789/0] conn(0x7fe9d01085c0 0x7fe9d019c400 unknown :-1 s=NONE pgs=0 cs=0 l=1 rev1=0 crypto rx=0 tx=0 comp rx=0 tx=0).connect
2024-04-25T11:57:44.774 INFO:teuthology.orchestra.run.smithi019.stdout:/usr/bin/ceph: stderr
2024-04-25T11:57:43.727+0000 7fe9d5376700 1 -- --> [v2:172.21.15.19:3300/0,v1:172.21.15.19:6789/0] -- mon_getmap magic: 0 -- 0x7fe9d010cb20 con 0x7fe9d01085c0
2024-04-25T11:57:44.774 INFO:teuthology.orchestra.run.smithi019.stdout:/usr/bin/ceph: stderr
2024-04-25T11:57:43.727+0000 7fe9ceffd700 1 --2- >> [v2:172.21.15.19:3300/0,v1:172.21.15.19:6789/0] conn(0x7fe9d01085c0 0x7fe9d019c400 unknown :-1 s=BANNER_CONNECTING pgs=0 cs=0 l=1 rev1=0 crypto rx=0 tx=0 comp rx=0 tx=0)._handle_peer_banner_payload supported=3 required=0
2024-04-25T11:57:44.774 INFO:teuthology.orchestra.run.smithi019.stdout:/usr/bin/ceph: stderr
2024-04-25T11:57:43.727+0000 7fe9ceffd700 1 --2- >> [v2:172.21.15.19:3300/0,v1:172.21.15.19:6789/0] conn(0x7fe9d01085c0 0x7fe9d019c400 unknown :-1 s=HELLO_CONNECTING pgs=0 cs=0 l=1 rev1=1 crypto rx=0 tx=0 comp rx=0 tx=0).handle_hello peer v2:172.21.15.19:3300/0 says I am v2:172.21.15.19:34214/0 (socket says 172.21.15.19:34214)
2024-04-25T11:57:44.774 INFO:teuthology.orchestra.run.smithi019.stdout:/usr/bin/ceph: stderr
2024-04-25T11:57:43.727+0000 7fe9ceffd700 1 -- 172.21.15.19:0/2754483098 learned_addr learned my addr 172.21.15.19:0/2754483098 (peer_addr_for_me v2:172.21.15.19:0/0)
2024-04-25T11:57:44.774 INFO:teuthology.orchestra.run.smithi019.stdout:/usr/bin/ceph: stderr
2024-04-25T11:57:43.727+0000 7fe9ceffd700 1 -- 172.21.15.19:0/2754483098 --> [v2:172.21.15.19:3300/0,v1:172.21.15.19:6789/0] -- mon_subscribe({config=0+,monmap=0+}) -- 0x7fe9d019c940 con 0x7fe9d01085c0
2024-04-25T11:57:44.774 INFO:teuthology.orchestra.run.smithi019.stdout:/usr/bin/ceph: stderr
2024-04-25T11:57:43.728+0000 7fe9ceffd700 1 --2- 172.21.15.19:0/2754483098 >> [v2:172.21.15.19:3300/0,v1:172.21.15.19:6789/0] conn(0x7fe9d01085c0 0x7fe9d019c400 secure :-1 s=READY pgs=52 cs=0 l=1 rev1=1 crypto rx=0x7fe9c0009520 tx=0x7fe9c0003eb0 comp rx=0 tx=0).ready entity=mon.0 client_cookie=0 server_cookie=0 in_seq=0 out_seq=0
2024-04-25T11:57:44.774 INFO:teuthology.orchestra.run.smithi019.stdout:/usr/bin/ceph: stderr
2024-04-25T11:57:43.728+0000 7fe9b7fff700 1 -- 172.21.15.19:0/2754483098 <== mon.0 v2:172.21.15.19:3300/0 1 ==== mon_map magic: 0 ==== 205+0+0 (secure 0 0 0) 0x7fe9c00036a0 con 0x7fe9d01085c0
2024-04-25T11:57:44.774 INFO:teuthology.orchestra.run.smithi019.stdout:/usr/bin/ceph: stderr
2024-04-25T11:57:43.728+0000 7fe9d5376700 1 -- 172.21.15.19:0/2754483098 --> [v2:172.21.15.19:3300/0,v1:172.21.15.19:6789/0] -- mon_subscribe({mgrmap=0+}) -- 0x7fe9d019cbd0 con 0x7fe9d01085c0
2024-04-25T11:57:44.774 INFO:teuthology.orchestra.run.smithi019.stdout:/usr/bin/ceph: stderr
2024-04-25T11:57:43.728+0000 7fe9b7fff700 1 -- 172.21.15.19:0/2754483098 <== mon.0 v2:172.21.15.19:3300/0 2 ==== config(27 keys) ==== 1135+0+0 (secure 0 0 0) 0x7fe9c001a430 con 0x7fe9d01085c0
2024-04-25T11:57:44.774 INFO:teuthology.orchestra.run.smithi019.stdout:/usr/bin/ceph: stderr
2024-04-25T11:57:43.728+0000 7fe9d5376700 1 -- 172.21.15.19:0/2754483098 --> [v2:172.21.15.19:3300/0,v1:172.21.15.19:6789/0] -- mon_subscribe({osdmap=0}) -- 0x7fe9d019f8c0 con 0x7fe9d01085c0
2024-04-25T11:57:44.775 INFO:teuthology.orchestra.run.smithi019.stdout:/usr/bin/ceph: stderr
2024-04-25T11:57:43.728+0000 7fe9b7fff700 1 -- 172.21.15.19:0/2754483098 <== mon.0 v2:172.21.15.19:3300/0 3 ==== mon_map magic: 0 ==== 205+0+0 (secure 0 0 0) 0x7fe9c00193c0 con 0x7fe9d01085c0
2024-04-25T11:57:44.775 INFO:teuthology.orchestra.run.smithi019.stdout:/usr/bin/ceph: stderr
2024-04-25T11:57:43.729+0000 7fe9d5376700 1 -- 172.21.15.19:0/2754483098 --> [v2:172.21.15.19:3300/0,v1:172.21.15.19:6789/0] -- mon_command({"prefix": "get_command_descriptions"} v 0) -- 0x7fe9bc005360 con 0x7fe9d01085c0
2024-04-25T11:57:44.775 INFO:teuthology.orchestra.run.smithi019.stdout:/usr/bin/ceph: stderr
2024-04-25T11:57:43.729+0000 7fe9b7fff700 1 -- 172.21.15.19:0/2754483098 <== mon.0 v2:172.21.15.19:3300/0 4 ==== mgrmap(e 8) ==== 46558+0+0 (secure 0 0 0) 0x7fe9c0019560 con 0x7fe9d01085c0
2024-04-25T11:57:44.775 INFO:teuthology.orchestra.run.smithi019.stdout:/usr/bin/ceph: stderr
2024-04-25T11:57:43.729+0000 7fe9b7fff700 1 --2- 172.21.15.19:0/2754483098 >> [v2:172.21.15.19:6800/963006875,v1:172.21.15.19:6801/963006875] conn(0x7fe9b8039670 0x7fe9b803bb30 unknown :-1 s=NONE pgs=0 cs=0 l=1 rev1=0 crypto rx=0 tx=0 comp rx=0 tx=0).connect
2024-04-25T11:57:44.775 INFO:teuthology.orchestra.run.smithi019.stdout:/usr/bin/ceph: stderr
2024-04-25T11:57:43.729+0000 7fe9b7fff700 1 -- 172.21.15.19:0/2754483098 <== mon.0 v2:172.21.15.19:3300/0 5 ==== osd_map(2..2 src has 1..2) ==== 940+0+0 (secure 0 0 0) 0x7fe9c004d870 con 0x7fe9d01085c0
2024-04-25T11:57:44.775 INFO:teuthology.orchestra.run.smithi019.stdout:/usr/bin/ceph: stderr
2024-04-25T11:57:43.730+0000 7fe9ce7fc700 1 --2- 172.21.15.19:0/2754483098 >> [v2:172.21.15.19:6800/963006875,v1:172.21.15.19:6801/963006875] conn(0x7fe9b8039670 0x7fe9b803bb30 unknown :-1 s=BANNER_CONNECTING pgs=0 cs=0 l=1 rev1=0 crypto rx=0 tx=0 comp rx=0 tx=0)._handle_peer_banner_payload supported=3 required=0
2024-04-25T11:57:44.775 INFO:teuthology.orchestra.run.smithi019.stdout:/usr/bin/ceph: stderr
2024-04-25T11:57:43.730+0000 7fe9ce7fc700 1 --2- 172.21.15.19:0/2754483098 >> [v2:172.21.15.19:6800/963006875,v1:172.21.15.19:6801/963006875] conn(0x7fe9b8039670 0x7fe9b803bb30 secure :-1 s=READY pgs=14 cs=0 l=1 rev1=1 crypto rx=0x7fe9c4006fd0 tx=0x7fe9c4006e40 comp rx=0 tx=0).ready entity=mgr.14120 client_cookie=0 server_cookie=0 in_seq=0 out_seq=0
2024-04-25T11:57:44.775 INFO:teuthology.orchestra.run.smithi019.stdout:/usr/bin/ceph: stderr
2024-04-25T11:57:43.735+0000 7fe9b7fff700 1 -- 172.21.15.19:0/2754483098 <== mon.0 v2:172.21.15.19:3300/0 6 ==== mon_command_ack([{"prefix": "get_command_descriptions"}]=0 v0) ==== 72+0+188370 (secure 0 0 0) 0x7fe9c000f2e0 con 0x7fe9d01085c0
2024-04-25T11:57:44.775 INFO:teuthology.orchestra.run.smithi019.stdout:/usr/bin/ceph: stderr
2024-04-25T11:57:43.962+0000 7fe9d5376700 1 -- 172.21.15.19:0/2754483098 --> [v2:172.21.15.19:3300/0,v1:172.21.15.19:6789/0] -- mon_command([{prefix=config set, name=mgr/cephadm/container_init}] v 0) -- 0x7fe9bc005650 con 0x7fe9d01085c0
2024-04-25T11:57:44.775 INFO:teuthology.orchestra.run.smithi019.stdout:/usr/bin/ceph: stderr
2024-04-25T11:57:43.965+0000 7fe9b7fff700 1 -- 172.21.15.19:0/2754483098 <== mon.0 v2:172.21.15.19:3300/0 7 ==== mon_command_ack([{prefix=config set, name=mgr/cephadm/container_init}]=0 v7)=0 v7) ==== 142+0+0 (secure 0 0 0) 0x7fe9c004d1c0 con 0x7fe9d01085c0
2024-04-25T11:57:44.775 INFO:teuthology.orchestra.run.smithi019.stdout:/usr/bin/ceph: stderr
2024-04-25T11:57:43.968+0000 7fe9d5376700 1 -- 172.21.15.19:0/2754483098 >> [v2:172.21.15.19:6800/963006875,v1:172.21.15.19:6801/963006875] conn(0x7fe9b8039670 msgr2=0x7fe9b803bb30 secure :-1 s=STATE_CONNECTION_ESTABLISHED l=1).mark_down
2024-04-25T11:57:44.776 INFO:teuthology.orchestra.run.smithi019.stdout:/usr/bin/ceph: stderr
2024-04-25T11:57:43.968+0000 7fe9d5376700 1 --2- 172.21.15.19:0/2754483098 >> [v2:172.21.15.19:6800/963006875,v1:172.21.15.19:6801/963006875] conn(0x7fe9b8039670 0x7fe9b803bb30 secure :-1 s=READY pgs=14 cs=0 l=1 rev1=1 crypto rx=0x7fe9c4006fd0 tx=0x7fe9c4006e40 comp rx=0 tx=0).stop
2024-04-25T11:57:44.776 INFO:teuthology.orchestra.run.smithi019.stdout:/usr/bin/ceph: stderr
2024-04-25T11:57:43.968+0000 7fe9d5376700 1 -- 172.21.15.19:0/2754483098 >> [v2:172.21.15.19:3300/0,v1:172.21.15.19:6789/0] conn(0x7fe9d01085c0 msgr2=0x7fe9d019c400 secure :-1 s=STATE_CONNECTION_ESTABLISHED l=1).mark_down
2024-04-25T11:57:44.776 INFO:teuthology.orchestra.run.smithi019.stdout:/usr/bin/ceph: stderr
2024-04-25T11:57:43.968+0000 7fe9d5376700 1 --2- 172.21.15.19:0/2754483098 >> [v2:172.21.15.19:3300/0,v1:172.21.15.19:6789/0] conn(0x7fe9d01085c0 0x7fe9d019c400 secure :-1 s=READY pgs=52 cs=0 l=1 rev1=1 crypto rx=0x7fe9c0009520 tx=0x7fe9c0003eb0 comp rx=0 tx=0).stop
2024-04-25T11:57:44.776 INFO:teuthology.orchestra.run.smithi019.stdout:/usr/bin/ceph: stderr
2024-04-25T11:57:43.968+0000 7fe9d5376700 1 -- 172.21.15.19:0/2754483098 shutdown_connections
2024-04-25T11:57:44.776 INFO:teuthology.orchestra.run.smithi019.stdout:/usr/bin/ceph: stderr
2024-04-25T11:57:43.968+0000 7fe9d5376700 1 --2- 172.21.15.19:0/2754483098 >> [v2:172.21.15.19:6800/963006875,v1:172.21.15.19:6801/963006875] conn(0x7fe9b8039670 0x7fe9b803bb30 unknown :-1 s=CLOSED pgs=14 cs=0 l=1 rev1=1 crypto rx=0 tx=0 comp rx=0 tx=0).stop
2024-04-25T11:57:44.776 INFO:teuthology.orchestra.run.smithi019.stdout:/usr/bin/ceph: stderr
2024-04-25T11:57:43.968+0000 7fe9d5376700 1 --2- 172.21.15.19:0/2754483098 >> [v2:172.21.15.19:3300/0,v1:172.21.15.19:6789/0] conn(0x7fe9d01085c0 0x7fe9d019c400 unknown :-1 s=CLOSED pgs=52 cs=0 l=1 rev1=1 crypto rx=0 tx=0 comp rx=0 tx=0).stop
2024-04-25T11:57:44.776 INFO:teuthology.orchestra.run.smithi019.stdout:/usr/bin/ceph: stderr
2024-04-25T11:57:43.968+0000 7fe9d5376700 1 -- 172.21.15.19:0/2754483098 >> 172.21.15.19:0/2754483098 conn(0x7fe9d0103be0 msgr2=0x7fe9d0104600 unknown :-1 s=STATE_NONE l=0).mark_down
2024-04-25T11:57:44.776 INFO:teuthology.orchestra.run.smithi019.stdout:/usr/bin/ceph: stderr
2024-04-25T11:57:43.968+0000 7fe9d5376700 1 -- 172.21.15.19:0/2754483098 shutdown_connections
2024-04-25T11:57:44.776 INFO:teuthology.orchestra.run.smithi019.stdout:/usr/bin/ceph: stderr
2024-04-25T11:57:43.968+0000 7fe9d5376700 1 -- 172.21.15.19:0/2754483098 wait complete.
2024-04-25T11:57:46.345 INFO:teuthology.orchestra.run.smithi019.stdout:/usr/bin/ceph: stderr
2024-04-25T11:57:45.573+0000 7ffa6b0ef700 1 Processor -- start
2024-04-25T11:57:46.345 INFO:teuthology.orchestra.run.smithi019.stdout:/usr/bin/ceph: stderr
2024-04-25T11:57:45.574+0000 7ffa6b0ef700 1 -- start start
2024-04-25T11:57:46.345 INFO:teuthology.orchestra.run.smithi019.stdout:/usr/bin/ceph: stderr
2024-04-25T11:57:45.574+0000 7ffa6b0ef700 1 --2- >> [v2:172.21.15.19:3300/0,v1:172.21.15.19:6789/0] conn(0x7ffa641085b0 0x7ffa641089d0 unknown :-1 s=NONE pgs=0 cs=0 l=0 rev1=0 crypto rx=0 tx=0 comp rx=0 tx=0).connect
2024-04-25T11:57:46.345 INFO:teuthology.orchestra.run.smithi019.stdout:/usr/bin/ceph: stderr
2024-04-25T11:57:45.574+0000 7ffa6b0ef700 1 -- --> [v2:172.21.15.19:3300/0,v1:172.21.15.19:6789/0] -- mon_getmap magic: 0 -- 0x7ffa64108fa0 con 0x7ffa641085b0
2024-04-25T11:57:46.345 INFO:teuthology.orchestra.run.smithi019.stdout:/usr/bin/ceph: stderr
2024-04-25T11:57:45.574+0000 7ffa68e8b700 1 --2- >> [v2:172.21.15.19:3300/0,v1:172.21.15.19:6789/0] conn(0x7ffa641085b0 0x7ffa641089d0 unknown :-1 s=BANNER_CONNECTING pgs=0 cs=0 l=0 rev1=0 crypto rx=0 tx=0 comp rx=0 tx=0)._handle_peer_banner_payload supported=3 required=0
2024-04-25T11:57:46.345 INFO:teuthology.orchestra.run.smithi019.stdout:/usr/bin/ceph: stderr
2024-04-25T11:57:45.574+0000 7ffa68e8b700 1 --2- >> [v2:172.21.15.19:3300/0,v1:172.21.15.19:6789/0] conn(0x7ffa641085b0 0x7ffa641089d0 unknown :-1 s=HELLO_CONNECTING pgs=0 cs=0 l=0 rev1=1 crypto rx=0 tx=0 comp rx=0 tx=0).handle_hello peer v2:172.21.15.19:3300/0 says I am v2:172.21.15.19:34230/0 (socket says 172.21.15.19:34230)
2024-04-25T11:57:46.346 INFO:teuthology.orchestra.run.smithi019.stdout:/usr/bin/ceph: stderr
2024-04-25T11:57:45.574+0000 7ffa68e8b700 1 -- 172.21.15.19:0/2885175008 learned_addr learned my addr 172.21.15.19:0/2885175008 (peer_addr_for_me v2:172.21.15.19:0/0)
2024-04-25T11:57:46.346 INFO:teuthology.orchestra.run.smithi019.stdout:/usr/bin/ceph: stderr
2024-04-25T11:57:45.574+0000 7ffa68e8b700 1 -- 172.21.15.19:0/2885175008 --> [v2:172.21.15.19:3300/0,v1:172.21.15.19:6789/0] -- mon_subscribe({config=0+,monmap=0+}) -- 0x7ffa64109760 con 0x7ffa641085b0
2024-04-25T11:57:46.346 INFO:teuthology.orchestra.run.smithi019.stdout:/usr/bin/ceph: stderr
2024-04-25T11:57:45.574+0000 7ffa68e8b700 1 --2- 172.21.15.19:0/2885175008 >> [v2:172.21.15.19:3300/0,v1:172.21.15.19:6789/0] conn(0x7ffa641085b0 0x7ffa641089d0 secure :-1 s=READY pgs=53 cs=0 l=1 rev1=1 crypto rx=0x7ffa580098a0 tx=0x7ffa58009bb0 comp rx=0 tx=0).ready entity=mon.0 client_cookie=8b40f474fde0e334 server_cookie=0 in_seq=0 out_seq=0
2024-04-25T11:57:46.346 INFO:teuthology.orchestra.run.smithi019.stdout:/usr/bin/ceph: stderr
2024-04-25T11:57:45.574+0000 7ffa637fe700 1 -- 172.21.15.19:0/2885175008 <== mon.0 v2:172.21.15.19:3300/0 1 ==== mon_map magic: 0 ==== 205+0+0 (secure 0 0 0) 0x7ffa58004160 con 0x7ffa641085b0
2024-04-25T11:57:46.346 INFO:teuthology.orchestra.run.smithi019.stdout:/usr/bin/ceph: stderr
2024-04-25T11:57:45.575+0000 7ffa637fe700 1 -- 172.21.15.19:0/2885175008 <== mon.0 v2:172.21.15.19:3300/0 2 ==== config(27 keys) ==== 1135+0+0 (secure 0 0 0) 0x7ffa58004300 con 0x7ffa641085b0
2024-04-25T11:57:46.346 INFO:teuthology.orchestra.run.smithi019.stdout:/usr/bin/ceph: stderr
2024-04-25T11:57:45.575+0000 7ffa637fe700 1 -- 172.21.15.19:0/2885175008 <== mon.0 v2:172.21.15.19:3300/0 3 ==== mon_map magic: 0 ==== 205+0+0 (secure 0 0 0) 0x7ffa58011af0 con 0x7ffa641085b0
2024-04-25T11:57:46.346 INFO:teuthology.orchestra.run.smithi019.stdout:/usr/bin/ceph: stderr
2024-04-25T11:57:45.575+0000 7ffa6b0ef700 1 -- 172.21.15.19:0/2885175008 >> [v2:172.21.15.19:3300/0,v1:172.21.15.19:6789/0] conn(0x7ffa641085b0 msgr2=0x7ffa641089d0 secure :-1 s=STATE_CONNECTION_ESTABLISHED l=1).mark_down
2024-04-25T11:57:46.346 INFO:teuthology.orchestra.run.smithi019.stdout:/usr/bin/ceph: stderr
2024-04-25T11:57:45.575+0000 7ffa6b0ef700 1 --2- 172.21.15.19:0/2885175008 >> [v2:172.21.15.19:3300/0,v1:172.21.15.19:6789/0] conn(0x7ffa641085b0 0x7ffa641089d0 secure :-1 s=READY pgs=53 cs=0 l=1 rev1=1 crypto rx=0x7ffa580098a0 tx=0x7ffa58009bb0 comp rx=0 tx=0).stop
2024-04-25T11:57:46.346 INFO:teuthology.orchestra.run.smithi019.stdout:/usr/bin/ceph: stderr
2024-04-25T11:57:45.575+0000 7ffa6b0ef700 1 -- 172.21.15.19:0/2885175008 shutdown_connections
2024-04-25T11:57:46.346 INFO:teuthology.orchestra.run.smithi019.stdout:/usr/bin/ceph: stderr
2024-04-25T11:57:45.575+0000 7ffa6b0ef700 1 --2- 172.21.15.19:0/2885175008 >> [v2:172.21.15.19:3300/0,v1:172.21.15.19:6789/0] conn(0x7ffa641085b0 0x7ffa641089d0 unknown :-1 s=CLOSED pgs=53 cs=0 l=1 rev1=1 crypto rx=0 tx=0 comp rx=0 tx=0).stop
2024-04-25T11:57:46.346 INFO:teuthology.orchestra.run.smithi019.stdout:/usr/bin/ceph: stderr
2024-04-25T11:57:45.575+0000 7ffa6b0ef700 1 -- 172.21.15.19:0/2885175008 >> 172.21.15.19:0/2885175008 conn(0x7ffa64103bb0 msgr2=0x7ffa64105fd0 unknown :-1 s=STATE_NONE l=0).mark_down
2024-04-25T11:57:46.346 INFO:teuthology.orchestra.run.smithi019.stdout:/usr/bin/ceph: stderr
2024-04-25T11:57:45.575+0000 7ffa6b0ef700 1 -- 172.21.15.19:0/2885175008 shutdown_connections
2024-04-25T11:57:46.347 INFO:teuthology.orchestra.run.smithi019.stdout:/usr/bin/ceph: stderr
2024-04-25T11:57:45.575+0000 7ffa6b0ef700 1 -- 172.21.15.19:0/2885175008 wait complete.
2024-04-25T11:57:46.347 INFO:teuthology.orchestra.run.smithi019.stdout:/usr/bin/ceph: stderr
2024-04-25T11:57:45.576+0000 7ffa6b0ef700 1 Processor -- start
2024-04-25T11:57:46.347 INFO:teuthology.orchestra.run.smithi019.stdout:/usr/bin/ceph: stderr
2024-04-25T11:57:45.576+0000 7ffa6b0ef700 1 -- start start
2024-04-25T11:57:46.347 INFO:teuthology.orchestra.run.smithi019.stdout:/usr/bin/ceph: stderr
2024-04-25T11:57:45.576+0000 7ffa6b0ef700 1 --2- >> [v2:172.21.15.19:3300/0,v1:172.21.15.19:6789/0] conn(0x7ffa641085b0 0x7ffa6419c430 unknown :-1 s=NONE pgs=0 cs=0 l=1 rev1=0 crypto rx=0 tx=0 comp rx=0 tx=0).connect
2024-04-25T11:57:46.347 INFO:teuthology.orchestra.run.smithi019.stdout:/usr/bin/ceph: stderr
2024-04-25T11:57:45.576+0000 7ffa6b0ef700 1 -- --> [v2:172.21.15.19:3300/0,v1:172.21.15.19:6789/0] -- mon_getmap magic: 0 -- 0x7ffa6410cb10 con 0x7ffa641085b0
2024-04-25T11:57:46.347 INFO:teuthology.orchestra.run.smithi019.stdout:/usr/bin/ceph: stderr
2024-04-25T11:57:45.576+0000 7ffa68e8b700 1 --2- >> [v2:172.21.15.19:3300/0,v1:172.21.15.19:6789/0] conn(0x7ffa641085b0 0x7ffa6419c430 unknown :-1 s=BANNER_CONNECTING pgs=0 cs=0 l=1 rev1=0 crypto rx=0 tx=0 comp rx=0 tx=0)._handle_peer_banner_payload supported=3 required=0
2024-04-25T11:57:46.347 INFO:teuthology.orchestra.run.smithi019.stdout:/usr/bin/ceph: stderr
2024-04-25T11:57:45.576+0000 7ffa68e8b700 1 --2- >> [v2:172.21.15.19:3300/0,v1:172.21.15.19:6789/0] conn(0x7ffa641085b0 0x7ffa6419c430 unknown :-1 s=HELLO_CONNECTING pgs=0 cs=0 l=1 rev1=1 crypto rx=0 tx=0 comp rx=0 tx=0).handle_hello peer v2:172.21.15.19:3300/0 says I am v2:172.21.15.19:34232/0 (socket says 172.21.15.19:34232)
2024-04-25T11:57:46.347 INFO:teuthology.orchestra.run.smithi019.stdout:/usr/bin/ceph: stderr
2024-04-25T11:57:45.576+0000 7ffa68e8b700 1 -- 172.21.15.19:0/471716942 learned_addr learned my addr 172.21.15.19:0/471716942 (peer_addr_for_me v2:172.21.15.19:0/0)
2024-04-25T11:57:46.347 INFO:teuthology.orchestra.run.smithi019.stdout:/usr/bin/ceph: stderr
2024-04-25T11:57:45.576+0000 7ffa68e8b700 1 -- 172.21.15.19:0/471716942 --> [v2:172.21.15.19:3300/0,v1:172.21.15.19:6789/0] -- mon_subscribe({config=0+,monmap=0+}) -- 0x7ffa6419c970 con 0x7ffa641085b0
2024-04-25T11:57:46.347 INFO:teuthology.orchestra.run.smithi019.stdout:/usr/bin/ceph: stderr
2024-04-25T11:57:45.577+0000 7ffa68e8b700 1 --2- 172.21.15.19:0/471716942 >> [v2:172.21.15.19:3300/0,v1:172.21.15.19:6789/0] conn(0x7ffa641085b0 0x7ffa6419c430 secure :-1 s=READY pgs=54 cs=0 l=1 rev1=1 crypto rx=0x7ffa58003f90 tx=0x7ffa58011b70 comp rx=0 tx=0).ready entity=mon.0 client_cookie=0 server_cookie=0 in_seq=0 out_seq=0
2024-04-25T11:57:46.347 INFO:teuthology.orchestra.run.smithi019.stdout:/usr/bin/ceph: stderr
2024-04-25T11:57:45.577+0000 7ffa61ffb700 1 -- 172.21.15.19:0/471716942 <== mon.0 v2:172.21.15.19:3300/0 1 ==== mon_map magic: 0 ==== 205+0+0 (secure 0 0 0) 0x7ffa580039e0 con 0x7ffa641085b0
2024-04-25T11:57:46.347 INFO:teuthology.orchestra.run.smithi019.stdout:/usr/bin/ceph: stderr
2024-04-25T11:57:45.577+0000 7ffa61ffb700 1 -- 172.21.15.19:0/471716942 <== mon.0 v2:172.21.15.19:3300/0 2 ==== config(27 keys) ==== 1135+0+0 (secure 0 0 0) 0x7ffa58003b80 con 0x7ffa641085b0
2024-04-25T11:57:46.347 INFO:teuthology.orchestra.run.smithi019.stdout:/usr/bin/ceph: stderr
2024-04-25T11:57:45.577+0000 7ffa61ffb700 1 -- 172.21.15.19:0/471716942 <== mon.0 v2:172.21.15.19:3300/0 3 ==== mon_map magic: 0 ==== 205+0+0 (secure 0 0 0) 0x7ffa580196e0 con 0x7ffa641085b0
2024-04-25T11:57:46.348 INFO:teuthology.orchestra.run.smithi019.stdout:/usr/bin/ceph: stderr
2024-04-25T11:57:45.577+0000 7ffa6b0ef700 1 -- 172.21.15.19:0/471716942 --> [v2:172.21.15.19:3300/0,v1:172.21.15.19:6789/0] -- mon_subscribe({mgrmap=0+}) -- 0x7ffa6419cc00 con 0x7ffa641085b0
2024-04-25T11:57:46.348 INFO:teuthology.orchestra.run.smithi019.stdout:/usr/bin/ceph: stderr
2024-04-25T11:57:45.577+0000 7ffa6b0ef700 1 -- 172.21.15.19:0/471716942 --> [v2:172.21.15.19:3300/0,v1:172.21.15.19:6789/0] -- mon_subscribe({osdmap=0}) -- 0x7ffa6419d020 con 0x7ffa641085b0
2024-04-25T11:57:46.348 INFO:teuthology.orchestra.run.smithi019.stdout:/usr/bin/ceph: stderr
2024-04-25T11:57:45.578+0000 7ffa61ffb700 1 -- 172.21.15.19:0/471716942 <== mon.0 v2:172.21.15.19:3300/0 4 ==== mgrmap(e 8) ==== 46558+0+0 (secure 0 0 0) 0x7ffa58022020 con 0x7ffa641085b0
2024-04-25T11:57:46.348 INFO:teuthology.orchestra.run.smithi019.stdout:/usr/bin/ceph: stderr
2024-04-25T11:57:45.578+0000 7ffa61ffb700 1 --2- 172.21.15.19:0/471716942 >> [v2:172.21.15.19:6800/963006875,v1:172.21.15.19:6801/963006875] conn(0x7ffa54039720 0x7ffa5403bbe0 unknown :-1 s=NONE pgs=0 cs=0 l=1 rev1=0 crypto rx=0 tx=0 comp rx=0 tx=0).connect
2024-04-25T11:57:46.348 INFO:teuthology.orchestra.run.smithi019.stdout:/usr/bin/ceph: stderr
2024-04-25T11:57:45.578+0000 7ffa6b0ef700 1 -- 172.21.15.19:0/471716942 --> [v2:172.21.15.19:3300/0,v1:172.21.15.19:6789/0] -- mon_command({"prefix": "get_command_descriptions"} v 0) -- 0x7ffa640640a0 con 0x7ffa641085b0
2024-04-25T11:57:46.348 INFO:teuthology.orchestra.run.smithi019.stdout:/usr/bin/ceph: stderr
2024-04-25T11:57:45.578+0000 7ffa61ffb700 1 -- 172.21.15.19:0/471716942 <== mon.0 v2:172.21.15.19:3300/0 5 ==== osd_map(2..2 src has 1..2) ==== 940+0+0 (secure 0 0 0) 0x7ffa5804e920 con 0x7ffa641085b0
2024-04-25T11:57:46.348 INFO:teuthology.orchestra.run.smithi019.stdout:/usr/bin/ceph: stderr
2024-04-25T11:57:45.578+0000 7ffa63fff700 1 --2- 172.21.15.19:0/471716942 >> [v2:172.21.15.19:6800/963006875,v1:172.21.15.19:6801/963006875] conn(0x7ffa54039720 0x7ffa5403bbe0 unknown :-1 s=BANNER_CONNECTING pgs=0 cs=0 l=1 rev1=0 crypto rx=0 tx=0 comp rx=0 tx=0)._handle_peer_banner_payload supported=3 required=0
2024-04-25T11:57:46.348 INFO:teuthology.orchestra.run.smithi019.stdout:/usr/bin/ceph: stderr
2024-04-25T11:57:45.579+0000 7ffa63fff700 1 --2- 172.21.15.19:0/471716942 >> [v2:172.21.15.19:6800/963006875,v1:172.21.15.19:6801/963006875] conn(0x7ffa54039720 0x7ffa5403bbe0 secure :-1 s=READY pgs=15 cs=0 l=1 rev1=1 crypto rx=0x7ffa50006fd0 tx=0x7ffa50006e40 comp rx=0 tx=0).ready entity=mgr.14120 client_cookie=0 server_cookie=0 in_seq=0 out_seq=0
2024-04-25T11:57:46.348 INFO:teuthology.orchestra.run.smithi019.stdout:/usr/bin/ceph: stderr
2024-04-25T11:57:45.584+0000 7ffa61ffb700 1 -- 172.21.15.19:0/471716942 <== mon.0 v2:172.21.15.19:3300/0 6 ==== mon_command_ack([{"prefix": "get_command_descriptions"}]=0 v0) ==== 72+0+188370 (secure 0 0 0) 0x7ffa58029250 con 0x7ffa641085b0
