2024-04-25T12:09:08.862 INFO:journalctl@ceph.mgr.x.smithi096.stdout:Apr 25 12:09:08 smithi096 ceph-46fcf306-02fc-11ef-bc93-c7b262605968-mgr-x[29413]:
2024-04-25T12:09:08.563+0000 7fc3212ef200 -1 mgr[py] Module rbd_support has missing NOTIFY_TYPES member
2024-04-25T12:09:08.862 INFO:journalctl@ceph.mgr.x.smithi096.stdout:Apr 25 12:09:08 smithi096 ceph-46fcf306-02fc-11ef-bc93-c7b262605968-mgr-x[29413]:
2024-04-25T12:09:08.862+0000 7fc3212ef200 -1 mgr[py] Module zabbix has missing NOTIFY_TYPES member
2024-04-25T12:09:09.728 INFO:journalctl@ceph.mgr.x.smithi096.stdout:Apr 25 12:09:09 smithi096 ceph-46fcf306-02fc-11ef-bc93-c7b262605968-mgr-x[29413]:
2024-04-25T12:09:09.465+0000 7fc3212ef200 -1 mgr[py] Module status has missing NOTIFY_TYPES member
2024-04-25T12:09:09.728 INFO:journalctl@ceph.mgr.x.smithi096.stdout:Apr 25 12:09:09 smithi096 ceph-46fcf306-02fc-11ef-bc93-c7b262605968-mgr-x[29413]:
2024-04-25T12:09:09.684+0000 7fc3212ef200 -1 mgr[py] Module nfs has missing NOTIFY_TYPES member
2024-04-25T12:09:10.228 INFO:journalctl@ceph.mon.a.smithi096.stdout:Apr 25 12:09:09 smithi096 ceph-mon[29184]: Active manager daemon x restarted
2024-04-25T12:09:10.229 INFO:journalctl@ceph.mon.a.smithi096.stdout:Apr 25 12:09:09 smithi096 ceph-mon[29184]: Activating manager daemon x
2024-04-25T12:09:10.229 INFO:journalctl@ceph.mon.a.smithi096.stdout:Apr 25 12:09:09 smithi096 ceph-mon[29184]: osdmap e3: 0 total, 0 up, 0 in
2024-04-25T12:09:10.229 INFO:journalctl@ceph.mon.a.smithi096.stdout:Apr 25 12:09:09 smithi096 ceph-mon[29184]: mgrmap e10: x(active, starting, since 0.00312428s)
2024-04-25T12:09:10.229 INFO:journalctl@ceph.mon.a.smithi096.stdout:Apr 25 12:09:09 smithi096 ceph-mon[29184]: from='mgr.14152 172.21.15.96:0/3606383600' entity='mgr.x' cmd=[{"prefix": "mon metadata", "id": "a"}]: dispatch
2024-04-25T12:09:10.229 INFO:journalctl@ceph.mon.a.smithi096.stdout:Apr 25 12:09:09 smithi096 ceph-mon[29184]: from='mgr.14152 172.21.15.96:0/3606383600' entity='mgr.x' cmd=[{"prefix": "mgr metadata", "who": "x", "id": "x"}]: dispatch
2024-04-25T12:09:10.229 INFO:journalctl@ceph.mon.a.smithi096.stdout:Apr 25 12:09:09 smithi096 ceph-mon[29184]: from='mgr.14152 172.21.15.96:0/3606383600' entity='mgr.x' cmd=[{"prefix": "mds metadata"}]: dispatch
2024-04-25T12:09:10.229 INFO:journalctl@ceph.mon.a.smithi096.stdout:Apr 25 12:09:09 smithi096 ceph-mon[29184]: from='mgr.14152 172.21.15.96:0/3606383600' entity='mgr.x' cmd=[{"prefix": "osd metadata"}]: dispatch
2024-04-25T12:09:10.229 INFO:journalctl@ceph.mon.a.smithi096.stdout:Apr 25 12:09:09 smithi096 ceph-mon[29184]: from='mgr.14152 172.21.15.96:0/3606383600' entity='mgr.x' cmd=[{"prefix": "mon metadata"}]: dispatch
2024-04-25T12:09:10.229 INFO:journalctl@ceph.mon.a.smithi096.stdout:Apr 25 12:09:09 smithi096 ceph-mon[29184]: Manager daemon x is now available
2024-04-25T12:09:10.229 INFO:journalctl@ceph.mon.a.smithi096.stdout:Apr 25 12:09:09 smithi096 ceph-mon[29184]: from='mgr.14152 172.21.15.96:0/3606383600' entity='mgr.x' cmd=[{"prefix": "config dump", "format": "json"}]: dispatch
2024-04-25T12:09:10.229 INFO:journalctl@ceph.mon.a.smithi096.stdout:Apr 25 12:09:09 smithi096 ceph-mon[29184]: from='mgr.14152 172.21.15.96:0/3606383600' entity='mgr.x' cmd=[{"prefix":"config rm","who":"mgr","name":"mgr/rbd_support/x/mirror_snapshot_schedule"}]: dispatch
2024-04-25T12:09:10.904 INFO:journalctl@ceph.mon.a.smithi096.stdout:Apr 25 12:09:10 smithi096 ceph-mon[29184]: from='mgr.14152 172.21.15.96:0/3606383600' entity='mgr.x' cmd=[{"prefix":"config rm","who":"mgr","name":"mgr/rbd_support/x/trash_purge_schedule"}]: dispatch
2024-04-25T12:09:10.904 INFO:journalctl@ceph.mon.a.smithi096.stdout:Apr 25 12:09:10 smithi096 ceph-mon[29184]: mgrmap e11: x(active, since 1.00579s)
2024-04-25T12:09:11.638 INFO:teuthology.orchestra.run.smithi096.stdout:/usr/bin/ceph: stdout {
2024-04-25T12:09:11.638 INFO:teuthology.orchestra.run.smithi096.stdout:/usr/bin/ceph: stdout "mgrmap_epoch": 11,
2024-04-25T12:09:11.638 INFO:teuthology.orchestra.run.smithi096.stdout:/usr/bin/ceph: stdout "initialized": true
2024-04-25T12:09:11.638 INFO:teuthology.orchestra.run.smithi096.stdout:/usr/bin/ceph: stdout }
2024-04-25T12:09:11.638 INFO:teuthology.orchestra.run.smithi096.stdout:/usr/bin/ceph: stderr
2024-04-25T12:09:05.111+0000 7f6f03cf1700 1 Processor -- start
2024-04-25T12:09:11.638 INFO:teuthology.orchestra.run.smithi096.stdout:/usr/bin/ceph: stderr
2024-04-25T12:09:05.111+0000 7f6f03cf1700 1 -- start start
2024-04-25T12:09:11.638 INFO:teuthology.orchestra.run.smithi096.stdout:/usr/bin/ceph: stderr
2024-04-25T12:09:05.111+0000 7f6f03cf1700 1 --2- >> [v2:172.21.15.96:3300/0,v1:172.21.15.96:6789/0] conn(0x7f6efc07eea0 0x7f6efc07d300 unknown :-1 s=NONE pgs=0 cs=0 l=0 rev1=0 crypto rx=0 tx=0 comp rx=0 tx=0).connect
2024-04-25T12:09:11.638 INFO:teuthology.orchestra.run.smithi096.stdout:/usr/bin/ceph: stderr
2024-04-25T12:09:05.111+0000 7f6f03cf1700 1 -- --> [v2:172.21.15.96:3300/0,v1:172.21.15.96:6789/0] -- mon_getmap magic: 0 -- 0x7f6efc07d8d0 con 0x7f6efc07eea0
2024-04-25T12:09:11.638 INFO:teuthology.orchestra.run.smithi096.stdout:/usr/bin/ceph: stderr
2024-04-25T12:09:05.112+0000 7f6f01a8d700 1 --2- >> [v2:172.21.15.96:3300/0,v1:172.21.15.96:6789/0] conn(0x7f6efc07eea0 0x7f6efc07d300 unknown :-1 s=BANNER_CONNECTING pgs=0 cs=0 l=0 rev1=0 crypto rx=0 tx=0 comp rx=0 tx=0)._handle_peer_banner_payload supported=3 required=0
2024-04-25T12:09:11.639 INFO:teuthology.orchestra.run.smithi096.stdout:/usr/bin/ceph: stderr
2024-04-25T12:09:05.112+0000 7f6f01a8d700 1 --2- >> [v2:172.21.15.96:3300/0,v1:172.21.15.96:6789/0] conn(0x7f6efc07eea0 0x7f6efc07d300 unknown :-1 s=HELLO_CONNECTING pgs=0 cs=0 l=0 rev1=1 crypto rx=0 tx=0 comp rx=0 tx=0).handle_hello peer v2:172.21.15.96:3300/0 says I am v2:172.21.15.96:56512/0 (socket says 172.21.15.96:56512)
2024-04-25T12:09:11.639 INFO:teuthology.orchestra.run.smithi096.stdout:/usr/bin/ceph: stderr
2024-04-25T12:09:05.112+0000 7f6f01a8d700 1 -- 172.21.15.96:0/1649843544 learned_addr learned my addr 172.21.15.96:0/1649843544 (peer_addr_for_me v2:172.21.15.96:0/0)
2024-04-25T12:09:11.639 INFO:teuthology.orchestra.run.smithi096.stdout:/usr/bin/ceph: stderr
2024-04-25T12:09:05.112+0000 7f6f01a8d700 1 -- 172.21.15.96:0/1649843544 --> [v2:172.21.15.96:3300/0,v1:172.21.15.96:6789/0] -- mon_subscribe({config=0+,monmap=0+}) -- 0x7f6efc07da50 con 0x7f6efc07eea0
2024-04-25T12:09:11.639 INFO:teuthology.orchestra.run.smithi096.stdout:/usr/bin/ceph: stderr
2024-04-25T12:09:05.112+0000 7f6f01a8d700 1 --2- 172.21.15.96:0/1649843544 >> [v2:172.21.15.96:3300/0,v1:172.21.15.96:6789/0] conn(0x7f6efc07eea0 0x7f6efc07d300 secure :-1 s=READY pgs=61 cs=0 l=1 rev1=1 crypto rx=0x7f6eec0098a0 tx=0x7f6eec009bb0 comp rx=0 tx=0).ready entity=mon.0 client_cookie=41fe8dfc563e4922 server_cookie=0 in_seq=0 out_seq=0
2024-04-25T12:09:11.639 INFO:teuthology.orchestra.run.smithi096.stdout:/usr/bin/ceph: stderr
2024-04-25T12:09:05.112+0000 7f6f00a8b700 1 -- 172.21.15.96:0/1649843544 <== mon.0 v2:172.21.15.96:3300/0 1 ==== mon_map magic: 0 ==== 205+0+0 (secure 0 0 0) 0x7f6eec004160 con 0x7f6efc07eea0
2024-04-25T12:09:11.639 INFO:teuthology.orchestra.run.smithi096.stdout:/usr/bin/ceph: stderr
2024-04-25T12:09:05.112+0000 7f6f00a8b700 1 -- 172.21.15.96:0/1649843544 <== mon.0 v2:172.21.15.96:3300/0 2 ==== config(26 keys) ==== 1101+0+0 (secure 0 0 0) 0x7f6eec004300 con 0x7f6efc07eea0
2024-04-25T12:09:11.639 INFO:teuthology.orchestra.run.smithi096.stdout:/usr/bin/ceph: stderr
2024-04-25T12:09:05.112+0000 7f6f00a8b700 1 -- 172.21.15.96:0/1649843544 <== mon.0 v2:172.21.15.96:3300/0 3 ==== mon_map magic: 0 ==== 205+0+0 (secure 0 0 0) 0x7f6eec011a20 con 0x7f6efc07eea0
2024-04-25T12:09:11.639 INFO:teuthology.orchestra.run.smithi096.stdout:/usr/bin/ceph: stderr
2024-04-25T12:09:05.113+0000 7f6f03cf1700 1 -- 172.21.15.96:0/1649843544 >> [v2:172.21.15.96:3300/0,v1:172.21.15.96:6789/0] conn(0x7f6efc07eea0 msgr2=0x7f6efc07d300 secure :-1 s=STATE_CONNECTION_ESTABLISHED l=1).mark_down
2024-04-25T12:09:11.639 INFO:teuthology.orchestra.run.smithi096.stdout:/usr/bin/ceph: stderr
2024-04-25T12:09:05.113+0000 7f6f03cf1700 1 --2- 172.21.15.96:0/1649843544 >> [v2:172.21.15.96:3300/0,v1:172.21.15.96:6789/0] conn(0x7f6efc07eea0 0x7f6efc07d300 secure :-1 s=READY pgs=61 cs=0 l=1 rev1=1 crypto rx=0x7f6eec0098a0 tx=0x7f6eec009bb0 comp rx=0 tx=0).stop
2024-04-25T12:09:11.639 INFO:teuthology.orchestra.run.smithi096.stdout:/usr/bin/ceph: stderr
2024-04-25T12:09:05.113+0000 7f6f03cf1700 1 -- 172.21.15.96:0/1649843544 shutdown_connections
2024-04-25T12:09:11.639 INFO:teuthology.orchestra.run.smithi096.stdout:/usr/bin/ceph: stderr
2024-04-25T12:09:05.113+0000 7f6f03cf1700 1 --2- 172.21.15.96:0/1649843544 >> [v2:172.21.15.96:3300/0,v1:172.21.15.96:6789/0] conn(0x7f6efc07eea0 0x7f6efc07d300 unknown :-1 s=CLOSED pgs=61 cs=0 l=1 rev1=1 crypto rx=0 tx=0 comp rx=0 tx=0).stop
2024-04-25T12:09:11.639 INFO:teuthology.orchestra.run.smithi096.stdout:/usr/bin/ceph: stderr
2024-04-25T12:09:05.113+0000 7f6f03cf1700 1 -- 172.21.15.96:0/1649843544 >> 172.21.15.96:0/1649843544 conn(0x7f6efc103cc0 msgr2=0x7f6efc1060e0 unknown :-1 s=STATE_NONE l=0).mark_down
2024-04-25T12:09:11.639 INFO:teuthology.orchestra.run.smithi096.stdout:/usr/bin/ceph: stderr
2024-04-25T12:09:05.113+0000 7f6f03cf1700 1 -- 172.21.15.96:0/1649843544 shutdown_connections
2024-04-25T12:09:11.640 INFO:teuthology.orchestra.run.smithi096.stdout:/usr/bin/ceph: stderr
2024-04-25T12:09:05.113+0000 7f6f03cf1700 1 -- 172.21.15.96:0/1649843544 wait complete.
2024-04-25T12:09:11.640 INFO:teuthology.orchestra.run.smithi096.stdout:/usr/bin/ceph: stderr
2024-04-25T12:09:05.113+0000 7f6f03cf1700 1 Processor -- start
2024-04-25T12:09:11.640 INFO:teuthology.orchestra.run.smithi096.stdout:/usr/bin/ceph: stderr
2024-04-25T12:09:05.114+0000 7f6f03cf1700 1 -- start start
2024-04-25T12:09:11.640 INFO:teuthology.orchestra.run.smithi096.stdout:/usr/bin/ceph: stderr
2024-04-25T12:09:05.114+0000 7f6f03cf1700 1 --2- >> [v2:172.21.15.96:3300/0,v1:172.21.15.96:6789/0] conn(0x7f6efc07eea0 0x7f6efc19e6c0 unknown :-1 s=NONE pgs=0 cs=0 l=1 rev1=0 crypto rx=0 tx=0 comp rx=0 tx=0).connect
2024-04-25T12:09:11.640 INFO:teuthology.orchestra.run.smithi096.stdout:/usr/bin/ceph: stderr
2024-04-25T12:09:05.114+0000 7f6f03cf1700 1 -- --> [v2:172.21.15.96:3300/0,v1:172.21.15.96:6789/0] -- mon_getmap magic: 0 -- 0x7f6efc10eca0 con 0x7f6efc07eea0
2024-04-25T12:09:11.640 INFO:teuthology.orchestra.run.smithi096.stdout:/usr/bin/ceph: stderr
2024-04-25T12:09:05.114+0000 7f6f01a8d700 1 --2- >> [v2:172.21.15.96:3300/0,v1:172.21.15.96:6789/0] conn(0x7f6efc07eea0 0x7f6efc19e6c0 unknown :-1 s=BANNER_CONNECTING pgs=0 cs=0 l=1 rev1=0 crypto rx=0 tx=0 comp rx=0 tx=0)._handle_peer_banner_payload supported=3 required=0
2024-04-25T12:09:11.640 INFO:teuthology.orchestra.run.smithi096.stdout:/usr/bin/ceph: stderr
2024-04-25T12:09:05.114+0000 7f6f01a8d700 1 --2- >> [v2:172.21.15.96:3300/0,v1:172.21.15.96:6789/0] conn(0x7f6efc07eea0 0x7f6efc19e6c0 unknown :-1 s=HELLO_CONNECTING pgs=0 cs=0 l=1 rev1=1 crypto rx=0 tx=0 comp rx=0 tx=0).handle_hello peer v2:172.21.15.96:3300/0 says I am v2:172.21.15.96:56520/0 (socket says 172.21.15.96:56520)
2024-04-25T12:09:11.640 INFO:teuthology.orchestra.run.smithi096.stdout:/usr/bin/ceph: stderr
2024-04-25T12:09:05.114+0000 7f6f01a8d700 1 -- 172.21.15.96:0/170643911 learned_addr learned my addr 172.21.15.96:0/170643911 (peer_addr_for_me v2:172.21.15.96:0/0)
2024-04-25T12:09:11.640 INFO:teuthology.orchestra.run.smithi096.stdout:/usr/bin/ceph: stderr
2024-04-25T12:09:05.114+0000 7f6f01a8d700 1 -- 172.21.15.96:0/170643911 --> [v2:172.21.15.96:3300/0,v1:172.21.15.96:6789/0] -- mon_subscribe({config=0+,monmap=0+}) -- 0x7f6efc19ec00 con 0x7f6efc07eea0
2024-04-25T12:09:11.640 INFO:teuthology.orchestra.run.smithi096.stdout:/usr/bin/ceph: stderr
2024-04-25T12:09:05.114+0000 7f6f01a8d700 1 --2- 172.21.15.96:0/170643911 >> [v2:172.21.15.96:3300/0,v1:172.21.15.96:6789/0] conn(0x7f6efc07eea0 0x7f6efc19e6c0 secure :-1 s=READY pgs=62 cs=0 l=1 rev1=1 crypto rx=0x7f6eec0119f0 tx=0x7f6eec011ad0 comp rx=0 tx=0).ready entity=mon.0 client_cookie=0 server_cookie=0 in_seq=0 out_seq=0
2024-04-25T12:09:11.640 INFO:teuthology.orchestra.run.smithi096.stdout:/usr/bin/ceph: stderr
2024-04-25T12:09:05.114+0000 7f6ef2ffd700 1 -- 172.21.15.96:0/170643911 <== mon.0 v2:172.21.15.96:3300/0 1 ==== mon_map magic: 0 ==== 205+0+0 (secure 0 0 0) 0x7f6eec0039e0 con 0x7f6efc07eea0
2024-04-25T12:09:11.640 INFO:teuthology.orchestra.run.smithi096.stdout:/usr/bin/ceph: stderr
2024-04-25T12:09:05.114+0000 7f6ef2ffd700 1 -- 172.21.15.96:0/170643911 <== mon.0 v2:172.21.15.96:3300/0 2 ==== config(26 keys) ==== 1101+0+0 (secure 0 0 0) 0x7f6eec01b8f0 con 0x7f6efc07eea0
2024-04-25T12:09:11.640 INFO:teuthology.orchestra.run.smithi096.stdout:/usr/bin/ceph: stderr
2024-04-25T12:09:05.114+0000 7f6f03cf1700 1 -- 172.21.15.96:0/170643911 --> [v2:172.21.15.96:3300/0,v1:172.21.15.96:6789/0] -- mon_subscribe({mgrmap=0+}) -- 0x7f6efc19ee90 con 0x7f6efc07eea0
2024-04-25T12:09:11.640 INFO:teuthology.orchestra.run.smithi096.stdout:/usr/bin/ceph: stderr
2024-04-25T12:09:05.114+0000 7f6ef2ffd700 1 -- 172.21.15.96:0/170643911 <== mon.0 v2:172.21.15.96:3300/0 3 ==== mon_map magic: 0 ==== 205+0+0 (secure 0 0 0) 0x7f6eec0237a0 con 0x7f6efc07eea0
2024-04-25T12:09:11.641 INFO:teuthology.orchestra.run.smithi096.stdout:/usr/bin/ceph: stderr
2024-04-25T12:09:05.115+0000 7f6f03cf1700 1 -- 172.21.15.96:0/170643911 --> [v2:172.21.15.96:3300/0,v1:172.21.15.96:6789/0] -- mon_subscribe({osdmap=0}) -- 0x7f6efc1a1b80 con 0x7f6efc07eea0
2024-04-25T12:09:11.641 INFO:teuthology.orchestra.run.smithi096.stdout:/usr/bin/ceph: stderr
2024-04-25T12:09:05.115+0000 7f6ef2ffd700 1 -- 172.21.15.96:0/170643911 <== mon.0 v2:172.21.15.96:3300/0 4 ==== mgrmap(e 9) ==== 46571+0+0 (secure 0 0 0) 0x7f6eec023aa0 con 0x7f6efc07eea0
2024-04-25T12:09:11.641 INFO:teuthology.orchestra.run.smithi096.stdout:/usr/bin/ceph: stderr
2024-04-25T12:09:05.116+0000 7f6ef2ffd700 1 --2- 172.21.15.96:0/170643911 >> [v2:172.21.15.96:6800/1437325892,v1:172.21.15.96:6801/1437325892] conn(0x7f6ee80395b0 0x7f6ee803ba70 unknown :-1 s=NONE pgs=0 cs=0 l=1 rev1=0 crypto rx=0 tx=0 comp rx=0 tx=0).connect
2024-04-25T12:09:11.641 INFO:teuthology.orchestra.run.smithi096.stdout:/usr/bin/ceph: stderr
2024-04-25T12:09:05.116+0000 7f6f03cf1700 1 -- 172.21.15.96:0/170643911 --> [v2:172.21.15.96:6800/1437325892,v1:172.21.15.96:6801/1437325892] -- command(tid 0: {"prefix": "get_command_descriptions"}) -- 0x7f6efc0640a0 con 0x7f6ee80395b0
2024-04-25T12:09:11.641 INFO:teuthology.orchestra.run.smithi096.stdout:/usr/bin/ceph: stderr
2024-04-25T12:09:05.116+0000 7f6ef2ffd700 1 -- 172.21.15.96:0/170643911 <== mon.0 v2:172.21.15.96:3300/0 5 ==== osd_map(2..2 src has 1..2) ==== 940+0+0 (secure 0 0 0) 0x7f6eec04ef60 con 0x7f6efc07eea0
2024-04-25T12:09:11.641 INFO:teuthology.orchestra.run.smithi096.stdout:/usr/bin/ceph: stderr
2024-04-25T12:09:05.116+0000 7f6f0128c700 1 -- 172.21.15.96:0/170643911 >> [v2:172.21.15.96:6800/1437325892,v1:172.21.15.96:6801/1437325892] conn(0x7f6ee80395b0 msgr2=0x7f6ee803ba70 unknown :-1 s=STATE_CONNECTING_RE l=1).process reconnect failed to v2:172.21.15.96:6800/1437325892
2024-04-25T12:09:11.641 INFO:teuthology.orchestra.run.smithi096.stdout:/usr/bin/ceph: stderr
2024-04-25T12:09:05.116+0000 7f6f0128c700 1 --2- 172.21.15.96:0/170643911 >> [v2:172.21.15.96:6800/1437325892,v1:172.21.15.96:6801/1437325892] conn(0x7f6ee80395b0 0x7f6ee803ba70 unknown :-1 s=START_CONNECT pgs=0 cs=0 l=1 rev1=0 crypto rx=0 tx=0 comp rx=0 tx=0)._fault waiting 0.200000
2024-04-25T12:09:11.641 INFO:teuthology.orchestra.run.smithi096.stdout:/usr/bin/ceph: stderr
2024-04-25T12:09:05.317+0000 7f6f0128c700 1 -- 172.21.15.96:0/170643911 >> [v2:172.21.15.96:6800/1437325892,v1:172.21.15.96:6801/1437325892] conn(0x7f6ee80395b0 msgr2=0x7f6ee803ba70 unknown :-1 s=STATE_CONNECTING_RE l=1).process reconnect failed to v2:172.21.15.96:6800/1437325892
2024-04-25T12:09:11.641 INFO:teuthology.orchestra.run.smithi096.stdout:/usr/bin/ceph: stderr
2024-04-25T12:09:05.317+0000 7f6f0128c700 1 --2- 172.21.15.96:0/170643911 >> [v2:172.21.15.96:6800/1437325892,v1:172.21.15.96:6801/1437325892] conn(0x7f6ee80395b0 0x7f6ee803ba70 unknown :-1 s=START_CONNECT pgs=0 cs=0 l=1 rev1=0 crypto rx=0 tx=0 comp rx=0 tx=0)._fault waiting 0.400000
2024-04-25T12:09:11.641 INFO:teuthology.orchestra.run.smithi096.stdout:/usr/bin/ceph: stderr
2024-04-25T12:09:05.718+0000 7f6f0128c700 1 -- 172.21.15.96:0/170643911 >> [v2:172.21.15.96:6800/1437325892,v1:172.21.15.96:6801/1437325892] conn(0x7f6ee80395b0 msgr2=0x7f6ee803ba70 unknown :-1 s=STATE_CONNECTING_RE l=1).process reconnect failed to v2:172.21.15.96:6800/1437325892
2024-04-25T12:09:11.641 INFO:teuthology.orchestra.run.smithi096.stdout:/usr/bin/ceph: stderr
2024-04-25T12:09:05.718+0000 7f6f0128c700 1 --2- 172.21.15.96:0/170643911 >> [v2:172.21.15.96:6800/1437325892,v1:172.21.15.96:6801/1437325892] conn(0x7f6ee80395b0 0x7f6ee803ba70 unknown :-1 s=START_CONNECT pgs=0 cs=0 l=1 rev1=0 crypto rx=0 tx=0 comp rx=0 tx=0)._fault waiting 0.800000
2024-04-25T12:09:11.641 INFO:teuthology.orchestra.run.smithi096.stdout:/usr/bin/ceph: stderr
2024-04-25T12:09:06.519+0000 7f6f0128c700 1 -- 172.21.15.96:0/170643911 >> [v2:172.21.15.96:6800/1437325892,v1:172.21.15.96:6801/1437325892] conn(0x7f6ee80395b0 msgr2=0x7f6ee803ba70 unknown :-1 s=STATE_CONNECTING_RE l=1).process reconnect failed to v2:172.21.15.96:6800/1437325892
2024-04-25T12:09:11.641 INFO:teuthology.orchestra.run.smithi096.stdout:/usr/bin/ceph: stderr
2024-04-25T12:09:06.519+0000 7f6f0128c700 1 --2- 172.21.15.96:0/170643911 >> [v2:172.21.15.96:6800/1437325892,v1:172.21.15.96:6801/1437325892] conn(0x7f6ee80395b0 0x7f6ee803ba70 unknown :-1 s=START_CONNECT pgs=0 cs=0 l=1 rev1=0 crypto rx=0 tx=0 comp rx=0 tx=0)._fault waiting 1.600000
2024-04-25T12:09:11.641 INFO:teuthology.orchestra.run.smithi096.stdout:/usr/bin/ceph: stderr
2024-04-25T12:09:08.120+0000 7f6f0128c700 1 -- 172.21.15.96:0/170643911 >> [v2:172.21.15.96:6800/1437325892,v1:172.21.15.96:6801/1437325892] conn(0x7f6ee80395b0 msgr2=0x7f6ee803ba70 unknown :-1 s=STATE_CONNECTING_RE l=1).process reconnect failed to v2:172.21.15.96:6800/1437325892
2024-04-25T12:09:11.642 INFO:teuthology.orchestra.run.smithi096.stdout:/usr/bin/ceph: stderr
2024-04-25T12:09:08.120+0000 7f6f0128c700 1 --2- 172.21.15.96:0/170643911 >> [v2:172.21.15.96:6800/1437325892,v1:172.21.15.96:6801/1437325892] conn(0x7f6ee80395b0 0x7f6ee803ba70 unknown :-1 s=START_CONNECT pgs=0 cs=0 l=1 rev1=0 crypto rx=0 tx=0 comp rx=0 tx=0)._fault waiting 3.200000
2024-04-25T12:09:11.642 INFO:teuthology.orchestra.run.smithi096.stdout:/usr/bin/ceph: stderr
2024-04-25T12:09:09.687+0000 7f6ef2ffd700 1 -- 172.21.15.96:0/170643911 <== mon.0 v2:172.21.15.96:3300/0 6 ==== mgrmap(e 10) ==== 46338+0+0 (secure 0 0 0) 0x7f6eec02c910 con 0x7f6efc07eea0
2024-04-25T12:09:11.642 INFO:teuthology.orchestra.run.smithi096.stdout:/usr/bin/ceph: stderr
2024-04-25T12:09:09.687+0000 7f6ef2ffd700 1 -- 172.21.15.96:0/170643911 >> [v2:172.21.15.96:6800/1437325892,v1:172.21.15.96:6801/1437325892] conn(0x7f6ee80395b0 msgr2=0x7f6ee803ba70 unknown :-1 s=STATE_CONNECTING l=1).mark_down
2024-04-25T12:09:11.642 INFO:teuthology.orchestra.run.smithi096.stdout:/usr/bin/ceph: stderr
2024-04-25T12:09:09.687+0000 7f6ef2ffd700 1 --2- 172.21.15.96:0/170643911 >> [v2:172.21.15.96:6800/1437325892,v1:172.21.15.96:6801/1437325892] conn(0x7f6ee80395b0 0x7f6ee803ba70 unknown :-1 s=START_CONNECT pgs=0 cs=0 l=1 rev1=0 crypto rx=0 tx=0 comp rx=0 tx=0).stop
2024-04-25T12:09:11.642 INFO:teuthology.orchestra.run.smithi096.stdout:/usr/bin/ceph: stderr
2024-04-25T12:09:10.688+0000 7f6ef2ffd700 1 -- 172.21.15.96:0/170643911 <== mon.0 v2:172.21.15.96:3300/0 7 ==== mgrmap(e 11) ==== 46465+0+0 (secure 0 0 0) 0x7f6eec017970 con 0x7f6efc07eea0
2024-04-25T12:09:11.642 INFO:teuthology.orchestra.run.smithi096.stdout:/usr/bin/ceph: stderr
2024-04-25T12:09:10.689+0000 7f6ef2ffd700 1 --2- 172.21.15.96:0/170643911 >> [v2:172.21.15.96:6800/1709256058,v1:172.21.15.96:6801/1709256058] conn(0x7f6ee803ce40 0x7f6ee803f230 unknown :-1 s=NONE pgs=0 cs=0 l=1 rev1=0 crypto rx=0 tx=0 comp rx=0 tx=0).connect
2024-04-25T12:09:11.642 INFO:teuthology.orchestra.run.smithi096.stdout:/usr/bin/ceph: stderr
2024-04-25T12:09:10.689+0000 7f6ef2ffd700 1 -- 172.21.15.96:0/170643911 --> [v2:172.21.15.96:6800/1709256058,v1:172.21.15.96:6801/1709256058] -- command(tid 0: {"prefix": "get_command_descriptions"}) -- 0x7f6eec009530 con 0x7f6ee803ce40
2024-04-25T12:09:11.642 INFO:teuthology.orchestra.run.smithi096.stdout:/usr/bin/ceph: stderr
2024-04-25T12:09:10.689+0000 7f6f0128c700 1 --2- 172.21.15.96:0/170643911 >> [v2:172.21.15.96:6800/1709256058,v1:172.21.15.96:6801/1709256058] conn(0x7f6ee803ce40 0x7f6ee803f230 unknown :-1 s=BANNER_CONNECTING pgs=0 cs=0 l=1 rev1=0 crypto rx=0 tx=0 comp rx=0 tx=0)._handle_peer_banner_payload supported=3 required=0
2024-04-25T12:09:11.642 INFO:teuthology.orchestra.run.smithi096.stdout:/usr/bin/ceph: stderr
2024-04-25T12:09:10.690+0000 7f6f0128c700 1 --2- 172.21.15.96:0/170643911 >> [v2:172.21.15.96:6800/1709256058,v1:172.21.15.96:6801/1709256058] conn(0x7f6ee803ce40 0x7f6ee803f230 secure :-1 s=READY pgs=1 cs=0 l=1 rev1=1 crypto rx=0x7f6ef8003a10 tx=0x7f6ef80092b0 comp rx=0 tx=0).ready entity=mgr.14152 client_cookie=0 server_cookie=0 in_seq=0 out_seq=0
2024-04-25T12:09:11.642 INFO:teuthology.orchestra.run.smithi096.stdout:/usr/bin/ceph: stderr
2024-04-25T12:09:10.691+0000 7f6ef2ffd700 1 -- 172.21.15.96:0/170643911 <== mgr.14152 v2:172.21.15.96:6800/1709256058 1 ==== command_reply(tid 0: 0 ) ==== 8+0+7774 (secure 0 0 0) 0x7f6eec009530 con 0x7f6ee803ce40
2024-04-25T12:09:11.642 INFO:teuthology.orchestra.run.smithi096.stdout:/usr/bin/ceph: stderr
2024-04-25T12:09:10.697+0000 7f6f03cf1700 1 -- 172.21.15.96:0/170643911 --> [v2:172.21.15.96:6800/1709256058,v1:172.21.15.96:6801/1709256058] -- command(tid 1: {"prefix": "mgr_status"}) -- 0x7f6efc104e70 con 0x7f6ee803ce40
2024-04-25T12:09:11.642 INFO:teuthology.orchestra.run.smithi096.stdout:/usr/bin/ceph: stderr
2024-04-25T12:09:10.697+0000 7f6ef2ffd700 1 -- 172.21.15.96:0/170643911 <== mgr.14152 v2:172.21.15.96:6800/1709256058 2 ==== command_reply(tid 1: 0 ) ==== 8+0+52 (secure 0 0 0) 0x7f6efc104e70 con 0x7f6ee803ce40
2024-04-25T12:09:11.642 INFO:teuthology.orchestra.run.smithi096.stdout:/usr/bin/ceph: stderr
2024-04-25T12:09:10.698+0000 7f6f03cf1700 1 -- 172.21.15.96:0/170643911 >> [v2:172.21.15.96:6800/1709256058,v1:172.21.15.96:6801/1709256058] conn(0x7f6ee803ce40 msgr2=0x7f6ee803f230 secure :-1 s=STATE_CONNECTION_ESTABLISHED l=1).mark_down
2024-04-25T12:09:11.642 INFO:teuthology.orchestra.run.smithi096.stdout:/usr/bin/ceph: stderr
2024-04-25T12:09:10.698+0000 7f6f03cf1700 1 --2- 172.21.15.96:0/170643911 >> [v2:172.21.15.96:6800/1709256058,v1:172.21.15.96:6801/1709256058] conn(0x7f6ee803ce40 0x7f6ee803f230 secure :-1 s=READY pgs=1 cs=0 l=1 rev1=1 crypto rx=0x7f6ef8003a10 tx=0x7f6ef80092b0 comp rx=0 tx=0).stop
2024-04-25T12:09:11.642 INFO:teuthology.orchestra.run.smithi096.stdout:/usr/bin/ceph: stderr
2024-04-25T12:09:10.698+0000 7f6f03cf1700 1 -- 172.21.15.96:0/170643911 >> [v2:172.21.15.96:3300/0,v1:172.21.15.96:6789/0] conn(0x7f6efc07eea0 msgr2=0x7f6efc19e6c0 secure :-1 s=STATE_CONNECTION_ESTABLISHED l=1).mark_down
2024-04-25T12:09:11.643 INFO:teuthology.orchestra.run.smithi096.stdout:/usr/bin/ceph: stderr
2024-04-25T12:09:10.698+0000 7f6f03cf1700 1 --2- 172.21.15.96:0/170643911 >> [v2:172.21.15.96:3300/0,v1:172.21.15.96:6789/0] conn(0x7f6efc07eea0 0x7f6efc19e6c0 secure :-1 s=READY pgs=62 cs=0 l=1 rev1=1 crypto rx=0x7f6eec0119f0 tx=0x7f6eec011ad0 comp rx=0 tx=0).stop
2024-04-25T12:09:11.643 INFO:teuthology.orchestra.run.smithi096.stdout:/usr/bin/ceph: stderr
2024-04-25T12:09:10.698+0000 7f6f03cf1700 1 -- 172.21.15.96:0/170643911 shutdown_connections
2024-04-25T12:09:11.643 INFO:teuthology.orchestra.run.smithi096.stdout:/usr/bin/ceph: stderr
2024-04-25T12:09:10.698+0000 7f6f03cf1700 1 --2- 172.21.15.96:0/170643911 >> [v2:172.21.15.96:6800/1709256058,v1:172.21.15.96:6801/1709256058] conn(0x7f6ee803ce40 0x7f6ee803f230 unknown :-1 s=CLOSED pgs=1 cs=0 l=1 rev1=1 crypto rx=0 tx=0 comp rx=0 tx=0).stop
2024-04-25T12:09:11.643 INFO:teuthology.orchestra.run.smithi096.stdout:/usr/bin/ceph: stderr
2024-04-25T12:09:10.698+0000 7f6f03cf1700 1 --2- 172.21.15.96:0/170643911 >> [v2:172.21.15.96:3300/0,v1:172.21.15.96:6789/0] conn(0x7f6efc07eea0 0x7f6efc19e6c0 unknown :-1 s=CLOSED pgs=62 cs=0 l=1 rev1=1 crypto rx=0 tx=0 comp rx=0 tx=0).stop
2024-04-25T12:09:11.643 INFO:teuthology.orchestra.run.smithi096.stdout:/usr/bin/ceph: stderr
2024-04-25T12:09:10.698+0000 7f6f03cf1700 1 --2- 172.21.15.96:0/170643911 >> [v2:172.21.15.96:6800/1437325892,v1:172.21.15.96:6801/1437325892] conn(0x7f6ee80395b0 0x7f6ee803ba70 unknown :-1 s=CLOSED pgs=0 cs=0 l=1 rev1=0 crypto rx=0 tx=0 comp rx=0 tx=0).stop
2024-04-25T12:09:11.643 INFO:teuthology.orchestra.run.smithi096.stdout:/usr/bin/ceph: stderr
2024-04-25T12:09:10.698+0000 7f6f03cf1700 1 -- 172.21.15.96:0/170643911 >> 172.21.15.96:0/170643911 conn(0x7f6efc103cc0 msgr2=0x7f6efc104760 unknown :-1 s=STATE_NONE l=0).mark_down
2024-04-25T12:09:11.643 INFO:teuthology.orchestra.run.smithi096.stdout:/usr/bin/ceph: stderr
2024-04-25T12:09:10.698+0000 7f6f03cf1700 1 -- 172.21.15.96:0/170643911 shutdown_connections
2024-04-25T12:09:11.643 INFO:teuthology.orchestra.run.smithi096.stdout:/usr/bin/ceph: stderr
2024-04-25T12:09:10.698+0000 7f6f03cf1700 1 -- 172.21.15.96:0/170643911 wait complete.
2024-04-25T12:09:11.643 INFO:teuthology.orchestra.run.smithi096.stdout:mgr epoch 9 is available
2024-04-25T12:09:11.643 INFO:teuthology.orchestra.run.smithi096.stdout:Generating a dashboard self-signed certificate...
2024-04-25T12:09:11.881 INFO:journalctl@ceph.mon.a.smithi096.stdout:Apr 25 12:09:11 smithi096 ceph-mon[29184]: [25/Apr/2024:12:09:10] ENGINE Bus STARTING
2024-04-25T12:09:11.881 INFO:journalctl@ceph.mon.a.smithi096.stdout:Apr 25 12:09:11 smithi096 ceph-mon[29184]: [25/Apr/2024:12:09:10] ENGINE Serving on https://172.21.15.96:7150
2024-04-25T12:09:11.881 INFO:journalctl@ceph.mon.a.smithi096.stdout:Apr 25 12:09:11 smithi096 ceph-mon[29184]: from='mgr.14152 172.21.15.96:0/3606383600' entity='mgr.x'
2024-04-25T12:09:12.951 INFO:teuthology.orchestra.run.smithi096.stdout:/usr/bin/ceph: stdout Self-signed certificate created
2024-04-25T12:09:12.951 INFO:teuthology.orchestra.run.smithi096.stdout:/usr/bin/ceph: stderr
2024-04-25T12:09:12.049+0000 7fc6bc784700 1 Processor -- start
2024-04-25T12:09:12.951 INFO:teuthology.orchestra.run.smithi096.stdout:/usr/bin/ceph: stderr
2024-04-25T12:09:12.049+0000 7fc6bc784700 1 -- start start
2024-04-25T12:09:12.951 INFO:teuthology.orchestra.run.smithi096.stdout:/usr/bin/ceph: stderr
2024-04-25T12:09:12.049+0000 7fc6bc784700 1 --2- >> [v2:172.21.15.96:3300/0,v1:172.21.15.96:6789/0] conn(0x7fc6b4106940 0x7fc6b4106d60 unknown :-1 s=NONE pgs=0 cs=0 l=0 rev1=0 crypto rx=0 tx=0 comp rx=0 tx=0).connect
2024-04-25T12:09:12.951 INFO:teuthology.orchestra.run.smithi096.stdout:/usr/bin/ceph: stderr
2024-04-25T12:09:12.049+0000 7fc6bc784700 1 -- --> [v2:172.21.15.96:3300/0,v1:172.21.15.96:6789/0] -- mon_getmap magic: 0 -- 0x7fc6b4107330 con 0x7fc6b4106940
2024-04-25T12:09:12.951 INFO:teuthology.orchestra.run.smithi096.stdout:/usr/bin/ceph: stderr
2024-04-25T12:09:12.050+0000 7fc6ba520700 1 --2- >> [v2:172.21.15.96:3300/0,v1:172.21.15.96:6789/0] conn(0x7fc6b4106940 0x7fc6b4106d60 unknown :-1 s=BANNER_CONNECTING pgs=0 cs=0 l=0 rev1=0 crypto rx=0 tx=0 comp rx=0 tx=0)._handle_peer_banner_payload supported=3 required=0
2024-04-25T12:09:12.951 INFO:teuthology.orchestra.run.smithi096.stdout:/usr/bin/ceph: stderr
2024-04-25T12:09:12.050+0000 7fc6ba520700 1 --2- >> [v2:172.21.15.96:3300/0,v1:172.21.15.96:6789/0] conn(0x7fc6b4106940 0x7fc6b4106d60 unknown :-1 s=HELLO_CONNECTING pgs=0 cs=0 l=0 rev1=1 crypto rx=0 tx=0 comp rx=0 tx=0).handle_hello peer v2:172.21.15.96:3300/0 says I am v2:172.21.15.96:38272/0 (socket says 172.21.15.96:38272)
2024-04-25T12:09:12.952 INFO:teuthology.orchestra.run.smithi096.stdout:/usr/bin/ceph: stderr
2024-04-25T12:09:12.050+0000 7fc6ba520700 1 -- 172.21.15.96:0/3275907006 learned_addr learned my addr 172.21.15.96:0/3275907006 (peer_addr_for_me v2:172.21.15.96:0/0)
2024-04-25T12:09:12.952 INFO:teuthology.orchestra.run.smithi096.stdout:/usr/bin/ceph: stderr
2024-04-25T12:09:12.050+0000 7fc6ba520700 1 -- 172.21.15.96:0/3275907006 --> [v2:172.21.15.96:3300/0,v1:172.21.15.96:6789/0] -- mon_subscribe({config=0+,monmap=0+}) -- 0x7fc6b41098d0 con 0x7fc6b4106940
2024-04-25T12:09:12.952 INFO:teuthology.orchestra.run.smithi096.stdout:/usr/bin/ceph: stderr
2024-04-25T12:09:12.050+0000 7fc6ba520700 1 --2- 172.21.15.96:0/3275907006 >> [v2:172.21.15.96:3300/0,v1:172.21.15.96:6789/0] conn(0x7fc6b4106940 0x7fc6b4106d60 secure :-1 s=READY pgs=70 cs=0 l=1 rev1=1 crypto rx=0x7fc6b00098a0 tx=0x7fc6b0009bb0 comp rx=0 tx=0).ready entity=mon.0 client_cookie=904759abb7850d9c server_cookie=0 in_seq=0 out_seq=0
2024-04-25T12:09:12.952 INFO:teuthology.orchestra.run.smithi096.stdout:/usr/bin/ceph: stderr
2024-04-25T12:09:12.050+0000 7fc6b951e700 1 -- 172.21.15.96:0/3275907006 <== mon.0 v2:172.21.15.96:3300/0 1 ==== mon_map magic: 0 ==== 205+0+0 (secure 0 0 0) 0x7fc6b0004160 con 0x7fc6b4106940
2024-04-25T12:09:12.952 INFO:teuthology.orchestra.run.smithi096.stdout:/usr/bin/ceph: stderr
2024-04-25T12:09:12.050+0000 7fc6b951e700 1 -- 172.21.15.96:0/3275907006 <== mon.0 v2:172.21.15.96:3300/0 2 ==== config(26 keys) ==== 1101+0+0 (secure 0 0 0) 0x7fc6b0004300 con 0x7fc6b4106940
2024-04-25T12:09:12.952 INFO:teuthology.orchestra.run.smithi096.stdout:/usr/bin/ceph: stderr
2024-04-25T12:09:12.050+0000 7fc6b951e700 1 -- 172.21.15.96:0/3275907006 <== mon.0 v2:172.21.15.96:3300/0 3 ==== mon_map magic: 0 ==== 205+0+0 (secure 0 0 0) 0x7fc6b0011a20 con 0x7fc6b4106940
2024-04-25T12:09:12.952 INFO:teuthology.orchestra.run.smithi096.stdout:/usr/bin/ceph: stderr
2024-04-25T12:09:12.051+0000 7fc6bc784700 1 -- 172.21.15.96:0/3275907006 >> [v2:172.21.15.96:3300/0,v1:172.21.15.96:6789/0] conn(0x7fc6b4106940 msgr2=0x7fc6b4106d60 secure :-1 s=STATE_CONNECTION_ESTABLISHED l=1).mark_down
2024-04-25T12:09:12.952 INFO:teuthology.orchestra.run.smithi096.stdout:/usr/bin/ceph: stderr
2024-04-25T12:09:12.051+0000 7fc6bc784700 1 --2- 172.21.15.96:0/3275907006 >> [v2:172.21.15.96:3300/0,v1:172.21.15.96:6789/0] conn(0x7fc6b4106940 0x7fc6b4106d60 secure :-1 s=READY pgs=70 cs=0 l=1 rev1=1 crypto rx=0x7fc6b00098a0 tx=0x7fc6b0009bb0 comp rx=0 tx=0).stop
2024-04-25T12:09:12.952 INFO:teuthology.orchestra.run.smithi096.stdout:/usr/bin/ceph: stderr
2024-04-25T12:09:12.051+0000 7fc6bc784700 1 -- 172.21.15.96:0/3275907006 shutdown_connections
2024-04-25T12:09:12.952 INFO:teuthology.orchestra.run.smithi096.stdout:/usr/bin/ceph: stderr
2024-04-25T12:09:12.051+0000 7fc6bc784700 1 --2- 172.21.15.96:0/3275907006 >> [v2:172.21.15.96:3300/0,v1:172.21.15.96:6789/0] conn(0x7fc6b4106940 0x7fc6b4106d60 unknown :-1 s=CLOSED pgs=70 cs=0 l=1 rev1=1 crypto rx=0 tx=0 comp rx=0 tx=0).stop
2024-04-25T12:09:12.952 INFO:teuthology.orchestra.run.smithi096.stdout:/usr/bin/ceph: stderr
2024-04-25T12:09:12.051+0000 7fc6bc784700 1 -- 172.21.15.96:0/3275907006 >> 172.21.15.96:0/3275907006 conn(0x7fc6b41022b0 msgr2=0x7fc6b41046d0 unknown :-1 s=STATE_NONE l=0).mark_down
2024-04-25T12:09:12.952 INFO:teuthology.orchestra.run.smithi096.stdout:/usr/bin/ceph: stderr
2024-04-25T12:09:12.051+0000 7fc6bc784700 1 -- 172.21.15.96:0/3275907006 shutdown_connections
2024-04-25T12:09:12.952 INFO:teuthology.orchestra.run.smithi096.stdout:/usr/bin/ceph: stderr
2024-04-25T12:09:12.051+0000 7fc6bc784700 1 -- 172.21.15.96:0/3275907006 wait complete.
2024-04-25T12:09:12.952 INFO:teuthology.orchestra.run.smithi096.stdout:/usr/bin/ceph: stderr
2024-04-25T12:09:12.052+0000 7fc6bc784700 1 Processor -- start
2024-04-25T12:09:12.953 INFO:teuthology.orchestra.run.smithi096.stdout:/usr/bin/ceph: stderr
2024-04-25T12:09:12.052+0000 7fc6bc784700 1 -- start start
2024-04-25T12:09:12.953 INFO:teuthology.orchestra.run.smithi096.stdout:/usr/bin/ceph: stderr
2024-04-25T12:09:12.052+0000 7fc6bc784700 1 --2- >> [v2:172.21.15.96:3300/0,v1:172.21.15.96:6789/0] conn(0x7fc6b4106940 0x7fc6b419c500 unknown :-1 s=NONE pgs=0 cs=0 l=1 rev1=0 crypto rx=0 tx=0 comp rx=0 tx=0).connect
2024-04-25T12:09:12.953 INFO:teuthology.orchestra.run.smithi096.stdout:/usr/bin/ceph: stderr
2024-04-25T12:09:12.052+0000 7fc6bc784700 1 -- --> [v2:172.21.15.96:3300/0,v1:172.21.15.96:6789/0] -- mon_getmap magic: 0 -- 0x7fc6b410cc80 con 0x7fc6b4106940
2024-04-25T12:09:12.953 INFO:teuthology.orchestra.run.smithi096.stdout:/usr/bin/ceph: stderr
2024-04-25T12:09:12.052+0000 7fc6ba520700 1 --2- >> [v2:172.21.15.96:3300/0,v1:172.21.15.96:6789/0] conn(0x7fc6b4106940 0x7fc6b419c500 unknown :-1 s=BANNER_CONNECTING pgs=0 cs=0 l=1 rev1=0 crypto rx=0 tx=0 comp rx=0 tx=0)._handle_peer_banner_payload supported=3 required=0
2024-04-25T12:09:12.953 INFO:teuthology.orchestra.run.smithi096.stdout:/usr/bin/ceph: stderr
2024-04-25T12:09:12.052+0000 7fc6ba520700 1 --2- >> [v2:172.21.15.96:3300/0,v1:172.21.15.96:6789/0] conn(0x7fc6b4106940 0x7fc6b419c500 unknown :-1 s=HELLO_CONNECTING pgs=0 cs=0 l=1 rev1=1 crypto rx=0 tx=0 comp rx=0 tx=0).handle_hello peer v2:172.21.15.96:3300/0 says I am v2:172.21.15.96:38274/0 (socket says 172.21.15.96:38274)
2024-04-25T12:09:12.953 INFO:teuthology.orchestra.run.smithi096.stdout:/usr/bin/ceph: stderr
2024-04-25T12:09:12.052+0000 7fc6ba520700 1 -- 172.21.15.96:0/2322535055 learned_addr learned my addr 172.21.15.96:0/2322535055 (peer_addr_for_me v2:172.21.15.96:0/0)
2024-04-25T12:09:12.953 INFO:teuthology.orchestra.run.smithi096.stdout:/usr/bin/ceph: stderr
2024-04-25T12:09:12.053+0000 7fc6ba520700 1 -- 172.21.15.96:0/2322535055 --> [v2:172.21.15.96:3300/0,v1:172.21.15.96:6789/0] -- mon_subscribe({config=0+,monmap=0+}) -- 0x7fc6b419ca40 con 0x7fc6b4106940
2024-04-25T12:09:12.953 INFO:teuthology.orchestra.run.smithi096.stdout:/usr/bin/ceph: stderr
2024-04-25T12:09:12.053+0000 7fc6ba520700 1 --2- 172.21.15.96:0/2322535055 >> [v2:172.21.15.96:3300/0,v1:172.21.15.96:6789/0] conn(0x7fc6b4106940 0x7fc6b419c500 secure :-1 s=READY pgs=71 cs=0 l=1 rev1=1 crypto rx=0x7fc6b0000c00 tx=0x7fc6b0011aa0 comp rx=0 tx=0).ready entity=mon.0 client_cookie=0 server_cookie=0 in_seq=0 out_seq=0
2024-04-25T12:09:12.953 INFO:teuthology.orchestra.run.smithi096.stdout:/usr/bin/ceph: stderr
2024-04-25T12:09:12.053+0000 7fc6ab7fe700 1 -- 172.21.15.96:0/2322535055 <== mon.0 v2:172.21.15.96:3300/0 1 ==== mon_map magic: 0 ==== 205+0+0 (secure 0 0 0) 0x7fc6b0003aa0 con 0x7fc6b4106940
2024-04-25T12:09:12.953 INFO:teuthology.orchestra.run.smithi096.stdout:/usr/bin/ceph: stderr
2024-04-25T12:09:12.053+0000 7fc6ab7fe700 1 -- 172.21.15.96:0/2322535055 <== mon.0 v2:172.21.15.96:3300/0 2 ==== config(26 keys) ==== 1101+0+0 (secure 0 0 0) 0x7fc6b001b8f0 con 0x7fc6b4106940
2024-04-25T12:09:12.953 INFO:teuthology.orchestra.run.smithi096.stdout:/usr/bin/ceph: stderr
2024-04-25T12:09:12.053+0000 7fc6ab7fe700 1 -- 172.21.15.96:0/2322535055 <== mon.0 v2:172.21.15.96:3300/0 3 ==== mon_map magic: 0 ==== 205+0+0 (secure 0 0 0) 0x7fc6b0023890 con 0x7fc6b4106940
2024-04-25T12:09:12.953 INFO:teuthology.orchestra.run.smithi096.stdout:/usr/bin/ceph: stderr
2024-04-25T12:09:12.053+0000 7fc6bc784700 1 -- 172.21.15.96:0/2322535055 --> [v2:172.21.15.96:3300/0,v1:172.21.15.96:6789/0] -- mon_subscribe({mgrmap=0+}) -- 0x7fc6b419ccd0 con 0x7fc6b4106940
2024-04-25T12:09:12.953 INFO:teuthology.orchestra.run.smithi096.stdout:/usr/bin/ceph: stderr
2024-04-25T12:09:12.053+0000 7fc6bc784700 1 -- 172.21.15.96:0/2322535055 --> [v2:172.21.15.96:3300/0,v1:172.21.15.96:6789/0] -- mon_subscribe({osdmap=0}) -- 0x7fc6b419f9c0 con 0x7fc6b4106940
2024-04-25T12:09:12.953 INFO:teuthology.orchestra.run.smithi096.stdout:/usr/bin/ceph: stderr
2024-04-25T12:09:12.054+0000 7fc6bc784700 1 -- 172.21.15.96:0/2322535055 --> [v2:172.21.15.96:3300/0,v1:172.21.15.96:6789/0] -- mon_command({"prefix": "get_command_descriptions"} v 0) -- 0x7fc6b410ce00 con 0x7fc6b4106940
2024-04-25T12:09:12.953 INFO:teuthology.orchestra.run.smithi096.stdout:/usr/bin/ceph: stderr
2024-04-25T12:09:12.055+0000 7fc6ab7fe700 1 -- 172.21.15.96:0/2322535055 <== mon.0 v2:172.21.15.96:3300/0 4 ==== mgrmap(e 11) ==== 46465+0+0 (secure 0 0 0) 0x7fc6b001b440 con 0x7fc6b4106940
2024-04-25T12:09:12.954 INFO:teuthology.orchestra.run.smithi096.stdout:/usr/bin/ceph: stderr
2024-04-25T12:09:12.055+0000 7fc6ab7fe700 1 --2- 172.21.15.96:0/2322535055 >> [v2:172.21.15.96:6800/1709256058,v1:172.21.15.96:6801/1709256058] conn(0x7fc6a00394e0 0x7fc6a003b9a0 unknown :-1 s=NONE pgs=0 cs=0 l=1 rev1=0 crypto rx=0 tx=0 comp rx=0 tx=0).connect
2024-04-25T12:09:12.954 INFO:teuthology.orchestra.run.smithi096.stdout:/usr/bin/ceph: stderr
2024-04-25T12:09:12.055+0000 7fc6ab7fe700 1 -- 172.21.15.96:0/2322535055 <== mon.0 v2:172.21.15.96:3300/0 5 ==== osd_map(3..3 src has 1..3) ==== 1155+0+0 (secure 0 0 0) 0x7fc6b004dfd0 con 0x7fc6b4106940
2024-04-25T12:09:12.954 INFO:teuthology.orchestra.run.smithi096.stdout:/usr/bin/ceph: stderr
2024-04-25T12:09:12.055+0000 7fc6b9d1f700 1 --2- 172.21.15.96:0/2322535055 >> [v2:172.21.15.96:6800/1709256058,v1:172.21.15.96:6801/1709256058] conn(0x7fc6a00394e0 0x7fc6a003b9a0 unknown :-1 s=BANNER_CONNECTING pgs=0 cs=0 l=1 rev1=0 crypto rx=0 tx=0 comp rx=0 tx=0)._handle_peer_banner_payload supported=3 required=0
2024-04-25T12:09:12.954 INFO:teuthology.orchestra.run.smithi096.stdout:/usr/bin/ceph: stderr
2024-04-25T12:09:12.056+0000 7fc6b9d1f700 1 --2- 172.21.15.96:0/2322535055 >> [v2:172.21.15.96:6800/1709256058,v1:172.21.15.96:6801/1709256058] conn(0x7fc6a00394e0 0x7fc6a003b9a0 secure :-1 s=READY pgs=7 cs=0 l=1 rev1=1 crypto rx=0x7fc6a4006fd0 tx=0x7fc6a4006e40 comp rx=0 tx=0).ready entity=mgr.14152 client_cookie=0 server_cookie=0 in_seq=0 out_seq=0
2024-04-25T12:09:12.954 INFO:teuthology.orchestra.run.smithi096.stdout:/usr/bin/ceph: stderr
2024-04-25T12:09:12.063+0000 7fc6ab7fe700 1 -- 172.21.15.96:0/2322535055 <== mon.0 v2:172.21.15.96:3300/0 6 ==== mon_command_ack([{"prefix": "get_command_descriptions"}]=0 v0) ==== 72+0+188370 (secure 0 0 0) 0x7fc6b001f030 con 0x7fc6b4106940
2024-04-25T12:09:12.954 INFO:teuthology.orchestra.run.smithi096.stdout:/usr/bin/ceph: stderr
2024-04-25T12:09:12.275+0000 7fc6bc784700 1 -- 172.21.15.96:0/2322535055 --> [v2:172.21.15.96:6800/1709256058,v1:172.21.15.96:6801/1709256058] -- mgr_command(tid 0: {"prefix": "dashboard create-self-signed-cert", "target": ["mon-mgr", ""]}) -- 0x7fc6b4103410 con 0x7fc6a00394e0
2024-04-25T12:09:12.954 INFO:teuthology.orchestra.run.smithi096.stdout:/usr/bin/ceph: stderr
2024-04-25T12:09:12.293+0000 7fc6ab7fe700 1 -- 172.21.15.96:0/2322535055 <== mon.0 v2:172.21.15.96:3300/0 7 ==== mgrmap(e 12) ==== 46571+0+0 (secure 0 0 0) 0x7fc6b004ca80 con 0x7fc6b4106940
2024-04-25T12:09:12.954 INFO:teuthology.orchestra.run.smithi096.stdout:/usr/bin/ceph: stderr
2024-04-25T12:09:12.405+0000 7fc6ab7fe700 1 -- 172.21.15.96:0/2322535055 <== mgr.14152 v2:172.21.15.96:6800/1709256058 1 ==== mgr_command_reply(tid 0: 0 ) ==== 8+0+32 (secure 0 0 0) 0x7fc6b4103410 con 0x7fc6a00394e0
2024-04-25T12:09:12.954 INFO:teuthology.orchestra.run.smithi096.stdout:/usr/bin/ceph: stderr
2024-04-25T12:09:12.407+0000 7fc6bc784700 1 -- 172.21.15.96:0/2322535055 >> [v2:172.21.15.96:6800/1709256058,v1:172.21.15.96:6801/1709256058] conn(0x7fc6a00394e0 msgr2=0x7fc6a003b9a0 secure :-1 s=STATE_CONNECTION_ESTABLISHED l=1).mark_down
2024-04-25T12:09:12.954 INFO:teuthology.orchestra.run.smithi096.stdout:/usr/bin/ceph: stderr
2024-04-25T12:09:12.407+0000 7fc6bc784700 1 --2- 172.21.15.96:0/2322535055 >> [v2:172.21.15.96:6800/1709256058,v1:172.21.15.96:6801/1709256058] conn(0x7fc6a00394e0 0x7fc6a003b9a0 secure :-1 s=READY pgs=7 cs=0 l=1 rev1=1 crypto rx=0x7fc6a4006fd0 tx=0x7fc6a4006e40 comp rx=0 tx=0).stop
2024-04-25T12:09:12.954 INFO:teuthology.orchestra.run.smithi096.stdout:/usr/bin/ceph: stderr
2024-04-25T12:09:12.407+0000 7fc6bc784700 1 -- 172.21.15.96:0/2322535055 >> [v2:172.21.15.96:3300/0,v1:172.21.15.96:6789/0] conn(0x7fc6b4106940 msgr2=0x7fc6b419c500 secure :-1 s=STATE_CONNECTION_ESTABLISHED l=1).mark_down
2024-04-25T12:09:12.954 INFO:teuthology.orchestra.run.smithi096.stdout:/usr/bin/ceph: stderr
2024-04-25T12:09:12.407+0000 7fc6bc784700 1 --2- 172.21.15.96:0/2322535055 >> [v2:172.21.15.96:3300/0,v1:172.21.15.96:6789/0] conn(0x7fc6b4106940 0x7fc6b419c500 secure :-1 s=READY pgs=71 cs=0 l=1 rev1=1 crypto rx=0x7fc6b0000c00 tx=0x7fc6b0011aa0 comp rx=0 tx=0).stop
2024-04-25T12:09:12.954 INFO:teuthology.orchestra.run.smithi096.stdout:/usr/bin/ceph: stderr
2024-04-25T12:09:12.407+0000 7fc6bc784700 1 -- 172.21.15.96:0/2322535055 shutdown_connections
2024-04-25T12:09:12.955 INFO:teuthology.orchestra.run.smithi096.stdout:/usr/bin/ceph: stderr
2024-04-25T12:09:12.407+0000 7fc6bc784700 1 --2- 172.21.15.96:0/2322535055 >> [v2:172.21.15.96:6800/1709256058,v1:172.21.15.96:6801/1709256058] conn(0x7fc6a00394e0 0x7fc6a003b9a0 unknown :-1 s=CLOSED pgs=7 cs=0 l=1 rev1=1 crypto rx=0 tx=0 comp rx=0 tx=0).stop
2024-04-25T12:09:12.955 INFO:teuthology.orchestra.run.smithi096.stdout:/usr/bin/ceph: stderr
2024-04-25T12:09:12.407+0000 7fc6bc784700 1 --2- 172.21.15.96:0/2322535055 >> [v2:172.21.15.96:3300/0,v1:172.21.15.96:6789/0] conn(0x7fc6b4106940 0x7fc6b419c500 unknown :-1 s=CLOSED pgs=71 cs=0 l=1 rev1=1 crypto rx=0 tx=0 comp rx=0 tx=0).stop
2024-04-25T12:09:12.955 INFO:teuthology.orchestra.run.smithi096.stdout:/usr/bin/ceph: stderr
2024-04-25T12:09:12.407+0000 7fc6bc784700 1 -- 172.21.15.96:0/2322535055 >> 172.21.15.96:0/2322535055 conn(0x7fc6b41022b0 msgr2=0x7fc6b4102d00 unknown :-1 s=STATE_NONE l=0).mark_down
2024-04-25T12:09:12.955 INFO:teuthology.orchestra.run.smithi096.stdout:/usr/bin/ceph: stderr
2024-04-25T12:09:12.407+0000 7fc6bc784700 1 -- 172.21.15.96:0/2322535055 shutdown_connections
2024-04-25T12:09:12.955 INFO:teuthology.orchestra.run.smithi096.stdout:/usr/bin/ceph: stderr
2024-04-25T12:09:12.407+0000 7fc6bc784700 1 -- 172.21.15.96:0/2322535055 wait complete.
2024-04-25T12:09:12.955 INFO:teuthology.orchestra.run.smithi096.stdout:Creating initial admin user...
2024-04-25T12:09:13.071 INFO:journalctl@ceph.mon.a.smithi096.stdout:Apr 25 12:09:12 smithi096 ceph-mon[29184]: [25/Apr/2024:12:09:10] ENGINE Serving on http://172.21.15.96:8765
2024-04-25T12:09:13.072 INFO:journalctl@ceph.mon.a.smithi096.stdout:Apr 25 12:09:12 smithi096 ceph-mon[29184]: [25/Apr/2024:12:09:10] ENGINE Bus STARTED
2024-04-25T12:09:13.072 INFO:journalctl@ceph.mon.a.smithi096.stdout:Apr 25 12:09:12 smithi096 ceph-mon[29184]: mgrmap e12: x(active, since 2s)
2024-04-25T12:09:13.072 INFO:journalctl@ceph.mon.a.smithi096.stdout:Apr 25 12:09:12 smithi096 ceph-mon[29184]: from='mgr.14152 172.21.15.96:0/3606383600' entity='mgr.x'
2024-04-25T12:09:13.072 INFO:journalctl@ceph.mon.a.smithi096.stdout:Apr 25 12:09:12 smithi096 ceph-mon[29184]: from='mgr.14152 172.21.15.96:0/3606383600' entity='mgr.x'
2024-04-25T12:09:13.072 INFO:journalctl@ceph.mon.a.smithi096.stdout:Apr 25 12:09:12 smithi096 ceph-mon[29184]: from='mgr.14152 172.21.15.96:0/3606383600' entity='mgr.x'
2024-04-25T12:09:13.865 INFO:journalctl@ceph.mon.a.smithi096.stdout:Apr 25 12:09:13 smithi096 ceph-mon[29184]: from='client.14164 -' entity='client.admin' cmd=[{"prefix": "dashboard create-self-signed-cert", "target": ["mon-mgr", ""]}]: dispatch
2024-04-25T12:09:14.684 INFO:teuthology.orchestra.run.smithi096.stdout:/usr/bin/ceph: stdout {"username": "admin", "password": "$2b$12$YiBvBqQfFABYFIwICT/tJuZUoFhz7P6J5deox8w.0zv6GIuzUnfQG", "roles": ["administrator"], "name": null, "email": null, "lastUpdate": 1714046953, "enabled": true, "pwdExpirationDate": null, "pwdUpdateRequired": true}
2024-04-25T12:09:14.685 INFO:teuthology.orchestra.run.smithi096.stdout:/usr/bin/ceph: stderr
2024-04-25T12:09:13.380+0000 7f147c6bb700 1 Processor -- start
2024-04-25T12:09:14.685 INFO:teuthology.orchestra.run.smithi096.stdout:/usr/bin/ceph: stderr
2024-04-25T12:09:13.380+0000 7f147c6bb700 1 -- start start
2024-04-25T12:09:14.685 INFO:teuthology.orchestra.run.smithi096.stdout:/usr/bin/ceph: stderr
2024-04-25T12:09:13.381+0000 7f147c6bb700 1 --2- >> [v2:172.21.15.96:3300/0,v1:172.21.15.96:6789/0] conn(0x7f1474107510 0x7f1474107930 unknown :-1 s=NONE pgs=0 cs=0 l=0 rev1=0 crypto rx=0 tx=0 comp rx=0 tx=0).connect
2024-04-25T12:09:14.685 INFO:teuthology.orchestra.run.smithi096.stdout:/usr/bin/ceph: stderr
2024-04-25T12:09:13.381+0000 7f147c6bb700 1 -- --> [v2:172.21.15.96:3300/0,v1:172.21.15.96:6789/0] -- mon_getmap magic: 0 -- 0x7f1474107f00 con 0x7f1474107510
2024-04-25T12:09:14.685 INFO:teuthology.orchestra.run.smithi096.stdout:/usr/bin/ceph: stderr
2024-04-25T12:09:13.381+0000 7f147a457700 1 --2- >> [v2:172.21.15.96:3300/0,v1:172.21.15.96:6789/0] conn(0x7f1474107510 0x7f1474107930 unknown :-1 s=BANNER_CONNECTING pgs=0 cs=0 l=0 rev1=0 crypto rx=0 tx=0 comp rx=0 tx=0)._handle_peer_banner_payload supported=3 required=0
2024-04-25T12:09:14.685 INFO:teuthology.orchestra.run.smithi096.stdout:/usr/bin/ceph: stderr
2024-04-25T12:09:13.381+0000 7f147a457700 1 --2- >> [v2:172.21.15.96:3300/0,v1:172.21.15.96:6789/0] conn(0x7f1474107510 0x7f1474107930 unknown :-1 s=HELLO_CONNECTING pgs=0 cs=0 l=0 rev1=1 crypto rx=0 tx=0 comp rx=0 tx=0).handle_hello peer v2:172.21.15.96:3300/0 says I am v2:172.21.15.96:38280/0 (socket says 172.21.15.96:38280)
2024-04-25T12:09:14.685 INFO:teuthology.orchestra.run.smithi096.stdout:/usr/bin/ceph: stderr
2024-04-25T12:09:13.381+0000 7f147a457700 1 -- 172.21.15.96:0/3403433350 learned_addr learned my addr 172.21.15.96:0/3403433350 (peer_addr_for_me v2:172.21.15.96:0/0)
2024-04-25T12:09:14.685 INFO:teuthology.orchestra.run.smithi096.stdout:/usr/bin/ceph: stderr
2024-04-25T12:09:13.381+0000 7f147a457700 1 -- 172.21.15.96:0/3403433350 --> [v2:172.21.15.96:3300/0,v1:172.21.15.96:6789/0] -- mon_subscribe({config=0+,monmap=0+}) -- 0x7f1474108710 con 0x7f1474107510
2024-04-25T12:09:14.685 INFO:teuthology.orchestra.run.smithi096.stdout:/usr/bin/ceph: stderr
2024-04-25T12:09:13.381+0000 7f147a457700 1 --2- 172.21.15.96:0/3403433350 >> [v2:172.21.15.96:3300/0,v1:172.21.15.96:6789/0] conn(0x7f1474107510 0x7f1474107930 secure :-1 s=READY pgs=72 cs=0 l=1 rev1=1 crypto rx=0x7f14640098a0 tx=0x7f1464009bb0 comp rx=0 tx=0).ready entity=mon.0 client_cookie=bfc845f9ebb5fa2d server_cookie=0 in_seq=0 out_seq=0
2024-04-25T12:09:14.685 INFO:teuthology.orchestra.run.smithi096.stdout:/usr/bin/ceph: stderr
2024-04-25T12:09:13.382+0000 7f1479455700 1 -- 172.21.15.96:0/3403433350 <== mon.0 v2:172.21.15.96:3300/0 1 ==== mon_map magic: 0 ==== 205+0+0 (secure 0 0 0) 0x7f1464004160 con 0x7f1474107510
2024-04-25T12:09:14.685 INFO:teuthology.orchestra.run.smithi096.stdout:/usr/bin/ceph: stderr
2024-04-25T12:09:13.382+0000 7f1479455700 1 -- 172.21.15.96:0/3403433350 <== mon.0 v2:172.21.15.96:3300/0 2 ==== config(26 keys) ==== 1101+0+0 (secure 0 0 0) 0x7f1464004300 con 0x7f1474107510
2024-04-25T12:09:14.685 INFO:teuthology.orchestra.run.smithi096.stdout:/usr/bin/ceph: stderr
2024-04-25T12:09:13.382+0000 7f1479455700 1 -- 172.21.15.96:0/3403433350 <== mon.0 v2:172.21.15.96:3300/0 3 ==== mon_map magic: 0 ==== 205+0+0 (secure 0 0 0) 0x7f1464011a20 con 0x7f1474107510
2024-04-25T12:09:14.685 INFO:teuthology.orchestra.run.smithi096.stdout:/usr/bin/ceph: stderr
2024-04-25T12:09:13.382+0000 7f147c6bb700 1 -- 172.21.15.96:0/3403433350 >> [v2:172.21.15.96:3300/0,v1:172.21.15.96:6789/0] conn(0x7f1474107510 msgr2=0x7f1474107930 secure :-1 s=STATE_CONNECTION_ESTABLISHED l=1).mark_down
2024-04-25T12:09:14.685 INFO:teuthology.orchestra.run.smithi096.stdout:/usr/bin/ceph: stderr
2024-04-25T12:09:13.382+0000 7f147c6bb700 1 --2- 172.21.15.96:0/3403433350 >> [v2:172.21.15.96:3300/0,v1:172.21.15.96:6789/0] conn(0x7f1474107510 0x7f1474107930 secure :-1 s=READY pgs=72 cs=0 l=1 rev1=1 crypto rx=0x7f14640098a0 tx=0x7f1464009bb0 comp rx=0 tx=0).stop
2024-04-25T12:09:14.686 INFO:teuthology.orchestra.run.smithi096.stdout:/usr/bin/ceph: stderr
2024-04-25T12:09:13.382+0000 7f147c6bb700 1 -- 172.21.15.96:0/3403433350 shutdown_connections
2024-04-25T12:09:14.686 INFO:teuthology.orchestra.run.smithi096.stdout:/usr/bin/ceph: stderr
2024-04-25T12:09:13.382+0000 7f147c6bb700 1 --2- 172.21.15.96:0/3403433350 >> [v2:172.21.15.96:3300/0,v1:172.21.15.96:6789/0] conn(0x7f1474107510 0x7f1474107930 unknown :-1 s=CLOSED pgs=72 cs=0 l=1 rev1=1 crypto rx=0 tx=0 comp rx=0 tx=0).stop
2024-04-25T12:09:14.686 INFO:teuthology.orchestra.run.smithi096.stdout:/usr/bin/ceph: stderr
2024-04-25T12:09:13.382+0000 7f147c6bb700 1 -- 172.21.15.96:0/3403433350 >> 172.21.15.96:0/3403433350 conn(0x7f1474102ad0 msgr2=0x7f1474104ef0 unknown :-1 s=STATE_NONE l=0).mark_down
2024-04-25T12:09:14.686 INFO:teuthology.orchestra.run.smithi096.stdout:/usr/bin/ceph: stderr
2024-04-25T12:09:13.382+0000 7f147c6bb700 1 -- 172.21.15.96:0/3403433350 shutdown_connections
2024-04-25T12:09:14.686 INFO:teuthology.orchestra.run.smithi096.stdout:/usr/bin/ceph: stderr
2024-04-25T12:09:13.382+0000 7f147c6bb700 1 -- 172.21.15.96:0/3403433350 wait complete.
2024-04-25T12:09:14.686 INFO:teuthology.orchestra.run.smithi096.stdout:/usr/bin/ceph: stderr
2024-04-25T12:09:13.383+0000 7f147c6bb700 1 Processor -- start
2024-04-25T12:09:14.686 INFO:teuthology.orchestra.run.smithi096.stdout:/usr/bin/ceph: stderr
2024-04-25T12:09:13.383+0000 7f147c6bb700 1 -- start start
2024-04-25T12:09:14.686 INFO:teuthology.orchestra.run.smithi096.stdout:/usr/bin/ceph: stderr
2024-04-25T12:09:13.383+0000 7f147c6bb700 1 --2- >> [v2:172.21.15.96:3300/0,v1:172.21.15.96:6789/0] conn(0x7f1474107510 0x7f147419c560 unknown :-1 s=NONE pgs=0 cs=0 l=1 rev1=0 crypto rx=0 tx=0 comp rx=0 tx=0).connect
2024-04-25T12:09:14.686 INFO:teuthology.orchestra.run.smithi096.stdout:/usr/bin/ceph: stderr
2024-04-25T12:09:13.383+0000 7f147c6bb700 1 -- --> [v2:172.21.15.96:3300/0,v1:172.21.15.96:6789/0] -- mon_getmap magic: 0 -- 0x7f147410bac0 con 0x7f1474107510
