2024-04-25T12:08:59.053+0000 7f8dbfe9e700 1 -- 172.21.15.87:0/1110673654 shutdown_connections
2024-04-25T12:09:00.086 INFO:teuthology.orchestra.run.smithi087.stdout:/usr/bin/ceph: stderr
2024-04-25T12:08:59.053+0000 7f8dbfe9e700 1 -- 172.21.15.87:0/1110673654 wait complete.
2024-04-25T12:09:00.086 INFO:teuthology.orchestra.run.smithi087.stdout:/usr/bin/ceph: stderr
2024-04-25T12:08:59.053+0000 7f8dbfe9e700 1 Processor -- start
2024-04-25T12:09:00.086 INFO:teuthology.orchestra.run.smithi087.stdout:/usr/bin/ceph: stderr
2024-04-25T12:08:59.053+0000 7f8dbfe9e700 1 -- start start
2024-04-25T12:09:00.086 INFO:teuthology.orchestra.run.smithi087.stdout:/usr/bin/ceph: stderr
2024-04-25T12:08:59.054+0000 7f8dbfe9e700 1 --2- >> [v2:172.21.15.87:3300/0,v1:172.21.15.87:6789/0] conn(0x7f8db8106770 0x7f8db819c4d0 unknown :-1 s=NONE pgs=0 cs=0 l=1 rev1=0 crypto rx=0 tx=0 comp rx=0 tx=0).connect
2024-04-25T12:09:00.086 INFO:teuthology.orchestra.run.smithi087.stdout:/usr/bin/ceph: stderr
2024-04-25T12:08:59.054+0000 7f8dbfe9e700 1 -- --> [v2:172.21.15.87:3300/0,v1:172.21.15.87:6789/0] -- mon_getmap magic: 0 -- 0x7f8db810cb00 con 0x7f8db8106770
2024-04-25T12:09:00.086 INFO:teuthology.orchestra.run.smithi087.stdout:/usr/bin/ceph: stderr
2024-04-25T12:08:59.054+0000 7f8dbdc3a700 1 --2- >> [v2:172.21.15.87:3300/0,v1:172.21.15.87:6789/0] conn(0x7f8db8106770 0x7f8db819c4d0 unknown :-1 s=BANNER_CONNECTING pgs=0 cs=0 l=1 rev1=0 crypto rx=0 tx=0 comp rx=0 tx=0)._handle_peer_banner_payload supported=3 required=0
2024-04-25T12:09:00.086 INFO:teuthology.orchestra.run.smithi087.stdout:/usr/bin/ceph: stderr
2024-04-25T12:08:59.054+0000 7f8dbdc3a700 1 --2- >> [v2:172.21.15.87:3300/0,v1:172.21.15.87:6789/0] conn(0x7f8db8106770 0x7f8db819c4d0 unknown :-1 s=HELLO_CONNECTING pgs=0 cs=0 l=1 rev1=1 crypto rx=0 tx=0 comp rx=0 tx=0).handle_hello peer v2:172.21.15.87:3300/0 says I am v2:172.21.15.87:58572/0 (socket says 172.21.15.87:58572)
2024-04-25T12:09:00.086 INFO:teuthology.orchestra.run.smithi087.stdout:/usr/bin/ceph: stderr
2024-04-25T12:08:59.054+0000 7f8dbdc3a700 1 -- 172.21.15.87:0/3496429018 learned_addr learned my addr 172.21.15.87:0/3496429018 (peer_addr_for_me v2:172.21.15.87:0/0)
2024-04-25T12:09:00.087 INFO:teuthology.orchestra.run.smithi087.stdout:/usr/bin/ceph: stderr
2024-04-25T12:08:59.054+0000 7f8dbdc3a700 1 -- 172.21.15.87:0/3496429018 --> [v2:172.21.15.87:3300/0,v1:172.21.15.87:6789/0] -- mon_subscribe({config=0+,monmap=0+}) -- 0x7f8db819ca10 con 0x7f8db8106770
2024-04-25T12:09:00.087 INFO:teuthology.orchestra.run.smithi087.stdout:/usr/bin/ceph: stderr
2024-04-25T12:08:59.054+0000 7f8dbdc3a700 1 --2- 172.21.15.87:0/3496429018 >> [v2:172.21.15.87:3300/0,v1:172.21.15.87:6789/0] conn(0x7f8db8106770 0x7f8db819c4d0 secure :-1 s=READY pgs=42 cs=0 l=1 rev1=1 crypto rx=0x7f8db4009fb0 tx=0x7f8db4011940 comp rx=0 tx=0).ready entity=mon.0 client_cookie=0 server_cookie=0 in_seq=0 out_seq=0
2024-04-25T12:09:00.087 INFO:teuthology.orchestra.run.smithi087.stdout:/usr/bin/ceph: stderr
2024-04-25T12:08:59.054+0000 7f8daeffd700 1 -- 172.21.15.87:0/3496429018 <== mon.0 v2:172.21.15.87:3300/0 1 ==== mon_map magic: 0 ==== 205+0+0 (secure 0 0 0) 0x7f8db40036a0 con 0x7f8db8106770
2024-04-25T12:09:00.087 INFO:teuthology.orchestra.run.smithi087.stdout:/usr/bin/ceph: stderr
2024-04-25T12:08:59.054+0000 7f8daeffd700 1 -- 172.21.15.87:0/3496429018 <== mon.0 v2:172.21.15.87:3300/0 2 ==== config(26 keys) ==== 1070+0+0 (secure 0 0 0) 0x7f8db401a430 con 0x7f8db8106770
2024-04-25T12:09:00.087 INFO:teuthology.orchestra.run.smithi087.stdout:/usr/bin/ceph: stderr
2024-04-25T12:08:59.054+0000 7f8dbfe9e700 1 -- 172.21.15.87:0/3496429018 --> [v2:172.21.15.87:3300/0,v1:172.21.15.87:6789/0] -- mon_subscribe({mgrmap=0+}) -- 0x7f8db819cca0 con 0x7f8db8106770
2024-04-25T12:09:00.087 INFO:teuthology.orchestra.run.smithi087.stdout:/usr/bin/ceph: stderr
2024-04-25T12:08:59.054+0000 7f8daeffd700 1 -- 172.21.15.87:0/3496429018 <== mon.0 v2:172.21.15.87:3300/0 3 ==== mon_map magic: 0 ==== 205+0+0 (secure 0 0 0) 0x7f8db4019550 con 0x7f8db8106770
2024-04-25T12:09:00.087 INFO:teuthology.orchestra.run.smithi087.stdout:/usr/bin/ceph: stderr
2024-04-25T12:08:59.054+0000 7f8dbfe9e700 1 -- 172.21.15.87:0/3496429018 --> [v2:172.21.15.87:3300/0,v1:172.21.15.87:6789/0] -- mon_subscribe({osdmap=0}) -- 0x7f8db819f990 con 0x7f8db8106770
2024-04-25T12:09:00.087 INFO:teuthology.orchestra.run.smithi087.stdout:/usr/bin/ceph: stderr
2024-04-25T12:08:59.055+0000 7f8daeffd700 1 -- 172.21.15.87:0/3496429018 <== mon.0 v2:172.21.15.87:3300/0 4 ==== mgrmap(e 8) ==== 46558+0+0 (secure 0 0 0) 0x7f8db4019850 con 0x7f8db8106770
2024-04-25T12:09:00.087 INFO:teuthology.orchestra.run.smithi087.stdout:/usr/bin/ceph: stderr
2024-04-25T12:08:59.055+0000 7f8dbfe9e700 1 -- 172.21.15.87:0/3496429018 --> [v2:172.21.15.87:3300/0,v1:172.21.15.87:6789/0] -- mon_command({"prefix": "get_command_descriptions"} v 0) -- 0x7f8db80640a0 con 0x7f8db8106770
2024-04-25T12:09:00.087 INFO:teuthology.orchestra.run.smithi087.stdout:/usr/bin/ceph: stderr
2024-04-25T12:08:59.055+0000 7f8daeffd700 1 --2- 172.21.15.87:0/3496429018 >> [v2:172.21.15.87:6800/2739940341,v1:172.21.15.87:6801/2739940341] conn(0x7f8da4039560 0x7f8da403ba20 unknown :-1 s=NONE pgs=0 cs=0 l=1 rev1=0 crypto rx=0 tx=0 comp rx=0 tx=0).connect
2024-04-25T12:09:00.087 INFO:teuthology.orchestra.run.smithi087.stdout:/usr/bin/ceph: stderr
2024-04-25T12:08:59.055+0000 7f8daeffd700 1 -- 172.21.15.87:0/3496429018 <== mon.0 v2:172.21.15.87:3300/0 5 ==== osd_map(2..2 src has 1..2) ==== 940+0+0 (secure 0 0 0) 0x7f8db404db00 con 0x7f8db8106770
2024-04-25T12:09:00.087 INFO:teuthology.orchestra.run.smithi087.stdout:/usr/bin/ceph: stderr
2024-04-25T12:08:59.055+0000 7f8dbd439700 1 --2- 172.21.15.87:0/3496429018 >> [v2:172.21.15.87:6800/2739940341,v1:172.21.15.87:6801/2739940341] conn(0x7f8da4039560 0x7f8da403ba20 unknown :-1 s=BANNER_CONNECTING pgs=0 cs=0 l=1 rev1=0 crypto rx=0 tx=0 comp rx=0 tx=0)._handle_peer_banner_payload supported=3 required=0
2024-04-25T12:09:00.087 INFO:teuthology.orchestra.run.smithi087.stdout:/usr/bin/ceph: stderr
2024-04-25T12:08:59.056+0000 7f8dbd439700 1 --2- 172.21.15.87:0/3496429018 >> [v2:172.21.15.87:6800/2739940341,v1:172.21.15.87:6801/2739940341] conn(0x7f8da4039560 0x7f8da403ba20 secure :-1 s=READY pgs=9 cs=0 l=1 rev1=1 crypto rx=0x7f8da8006fd0 tx=0x7f8da8006e40 comp rx=0 tx=0).ready entity=mgr.14120 client_cookie=0 server_cookie=0 in_seq=0 out_seq=0
2024-04-25T12:09:00.087 INFO:teuthology.orchestra.run.smithi087.stdout:/usr/bin/ceph: stderr
2024-04-25T12:08:59.060+0000 7f8daeffd700 1 -- 172.21.15.87:0/3496429018 <== mon.0 v2:172.21.15.87:3300/0 6 ==== mon_command_ack([{"prefix": "get_command_descriptions"}]=0 v0) ==== 72+0+188370 (secure 0 0 0) 0x7f8db400fda0 con 0x7f8db8106770
2024-04-25T12:09:00.088 INFO:teuthology.orchestra.run.smithi087.stdout:/usr/bin/ceph: stderr
2024-04-25T12:08:59.256+0000 7f8dbfe9e700 1 -- 172.21.15.87:0/3496429018 --> [v2:172.21.15.87:6800/2739940341,v1:172.21.15.87:6801/2739940341] -- mgr_command(tid 0: {"prefix": "cephadm generate-key", "target": ["mon-mgr", ""]}) -- 0x7f8db81033b0 con 0x7f8da4039560
2024-04-25T12:09:00.088 INFO:teuthology.orchestra.run.smithi087.stdout:/usr/bin/ceph: stderr
2024-04-25T12:08:59.530+0000 7f8daeffd700 1 -- 172.21.15.87:0/3496429018 <== mgr.14120 v2:172.21.15.87:6800/2739940341 1 ==== mgr_command_reply(tid 0: 0 ) ==== 8+0+0 (secure 0 0 0) 0x7f8db81033b0 con 0x7f8da4039560
2024-04-25T12:09:00.088 INFO:teuthology.orchestra.run.smithi087.stdout:/usr/bin/ceph: stderr
2024-04-25T12:08:59.532+0000 7f8dbfe9e700 1 -- 172.21.15.87:0/3496429018 >> [v2:172.21.15.87:6800/2739940341,v1:172.21.15.87:6801/2739940341] conn(0x7f8da4039560 msgr2=0x7f8da403ba20 secure :-1 s=STATE_CONNECTION_ESTABLISHED l=1).mark_down
2024-04-25T12:09:00.088 INFO:teuthology.orchestra.run.smithi087.stdout:/usr/bin/ceph: stderr
2024-04-25T12:08:59.532+0000 7f8dbfe9e700 1 --2- 172.21.15.87:0/3496429018 >> [v2:172.21.15.87:6800/2739940341,v1:172.21.15.87:6801/2739940341] conn(0x7f8da4039560 0x7f8da403ba20 secure :-1 s=READY pgs=9 cs=0 l=1 rev1=1 crypto rx=0x7f8da8006fd0 tx=0x7f8da8006e40 comp rx=0 tx=0).stop
2024-04-25T12:09:00.088 INFO:teuthology.orchestra.run.smithi087.stdout:/usr/bin/ceph: stderr
2024-04-25T12:08:59.532+0000 7f8dbfe9e700 1 -- 172.21.15.87:0/3496429018 >> [v2:172.21.15.87:3300/0,v1:172.21.15.87:6789/0] conn(0x7f8db8106770 msgr2=0x7f8db819c4d0 secure :-1 s=STATE_CONNECTION_ESTABLISHED l=1).mark_down
2024-04-25T12:09:00.088 INFO:teuthology.orchestra.run.smithi087.stdout:/usr/bin/ceph: stderr
2024-04-25T12:08:59.532+0000 7f8dbfe9e700 1 --2- 172.21.15.87:0/3496429018 >> [v2:172.21.15.87:3300/0,v1:172.21.15.87:6789/0] conn(0x7f8db8106770 0x7f8db819c4d0 secure :-1 s=READY pgs=42 cs=0 l=1 rev1=1 crypto rx=0x7f8db4009fb0 tx=0x7f8db4011940 comp rx=0 tx=0).stop
2024-04-25T12:09:00.088 INFO:teuthology.orchestra.run.smithi087.stdout:/usr/bin/ceph: stderr
2024-04-25T12:08:59.532+0000 7f8dbfe9e700 1 -- 172.21.15.87:0/3496429018 shutdown_connections
2024-04-25T12:09:00.088 INFO:teuthology.orchestra.run.smithi087.stdout:/usr/bin/ceph: stderr
2024-04-25T12:08:59.532+0000 7f8dbfe9e700 1 --2- 172.21.15.87:0/3496429018 >> [v2:172.21.15.87:6800/2739940341,v1:172.21.15.87:6801/2739940341] conn(0x7f8da4039560 0x7f8da403ba20 unknown :-1 s=CLOSED pgs=9 cs=0 l=1 rev1=1 crypto rx=0 tx=0 comp rx=0 tx=0).stop
2024-04-25T12:09:00.088 INFO:teuthology.orchestra.run.smithi087.stdout:/usr/bin/ceph: stderr
2024-04-25T12:08:59.532+0000 7f8dbfe9e700 1 --2- 172.21.15.87:0/3496429018 >> [v2:172.21.15.87:3300/0,v1:172.21.15.87:6789/0] conn(0x7f8db8106770 0x7f8db819c4d0 unknown :-1 s=CLOSED pgs=42 cs=0 l=1 rev1=1 crypto rx=0 tx=0 comp rx=0 tx=0).stop
2024-04-25T12:09:00.088 INFO:teuthology.orchestra.run.smithi087.stdout:/usr/bin/ceph: stderr
2024-04-25T12:08:59.532+0000 7f8dbfe9e700 1 -- 172.21.15.87:0/3496429018 >> 172.21.15.87:0/3496429018 conn(0x7f8db8102110 msgr2=0x7f8db8102ca0 unknown :-1 s=STATE_NONE l=0).mark_down
2024-04-25T12:09:00.088 INFO:teuthology.orchestra.run.smithi087.stdout:/usr/bin/ceph: stderr
2024-04-25T12:08:59.532+0000 7f8dbfe9e700 1 -- 172.21.15.87:0/3496429018 shutdown_connections
2024-04-25T12:09:00.088 INFO:teuthology.orchestra.run.smithi087.stdout:/usr/bin/ceph: stderr
2024-04-25T12:08:59.533+0000 7f8dbfe9e700 1 -- 172.21.15.87:0/3496429018 wait complete.
2024-04-25T12:09:00.893 INFO:journalctl@ceph.mon.a.smithi087.stdout:Apr 25 12:09:00 smithi087 ceph-mon[29202]: from='client.14136 -' entity='client.admin' cmd=[{"prefix": "cephadm generate-key", "target": ["mon-mgr", ""]}]: dispatch
2024-04-25T12:09:00.893 INFO:journalctl@ceph.mon.a.smithi087.stdout:Apr 25 12:09:00 smithi087 ceph-mon[29202]: Generating ssh key...
2024-04-25T12:09:00.893 INFO:journalctl@ceph.mon.a.smithi087.stdout:Apr 25 12:09:00 smithi087 ceph-mon[29202]: from='mgr.14120 172.21.15.87:0/3543863025' entity='mgr.x'
2024-04-25T12:09:00.893 INFO:journalctl@ceph.mon.a.smithi087.stdout:Apr 25 12:09:00 smithi087 ceph-mon[29202]: from='mgr.14120 172.21.15.87:0/3543863025' entity='mgr.x'
2024-04-25T12:09:01.257 INFO:teuthology.orchestra.run.smithi087.stdout:/usr/bin/ceph: stdout ssh-rsa AAAAB3NzaC1yc2EAAAADAQABAAABgQC0+gWEJyYkfBvBln4dL4j5aQWpLxSLhXvXNc3TPL/oE592qKe5r7WTgNqAarWQAanLImwG+dAji7B4btb+iKj77YXFsgeGfnXqOG0R1bSwaGQvmHV2k2gptCZLLN/M/n2zfu6JytbhIPsVebUZjt6eqMG3ueok9Jz2R1n0rRU0eOP5w/W4BA6NA6EDeFqtniCTN1nEF6INkRLUT5hiHrGSQX8rEXFuPzUVNFFHxU4Z2qDko9L2/1JXGo7YyFYbjPQ+bkL2XAhhZkhyaOmk7ejllVlFBAva6+lUjJ4ZEeQbn4yWamvrGDAkEHapF6XVjL+Prn5pRV09oaoExbZ5L8BcqsBS8dJAFX+9C+8XwT4xI97EVog9WHjbPIf+kZJ9ck22JC7N+S2qB5HMsxYmqGzkp/jmB1ETDjpsKtibv4u1MVPY0P8uJJBVkChNGCmgqktx3sh/qsqHeBJKOMNq+a1K1/U28h8HWoT4A1viCfwjqV4b48kuNUNwswMDdiQAJiE= ceph-42a7c48e-02fc-11ef-bc93-c7b262605968
2024-04-25T12:09:01.257 INFO:teuthology.orchestra.run.smithi087.stdout:/usr/bin/ceph: stderr
2024-04-25T12:09:00.479+0000 7fa2847fe700 1 Processor -- start
2024-04-25T12:09:01.258 INFO:teuthology.orchestra.run.smithi087.stdout:/usr/bin/ceph: stderr
2024-04-25T12:09:00.479+0000 7fa2847fe700 1 -- start start
2024-04-25T12:09:01.258 INFO:teuthology.orchestra.run.smithi087.stdout:/usr/bin/ceph: stderr
2024-04-25T12:09:00.479+0000 7fa2847fe700 1 --2- >> [v2:172.21.15.87:3300/0,v1:172.21.15.87:6789/0] conn(0x7fa27c109010 0x7fa27c10b400 unknown :-1 s=NONE pgs=0 cs=0 l=0 rev1=0 crypto rx=0 tx=0 comp rx=0 tx=0).connect
2024-04-25T12:09:01.258 INFO:teuthology.orchestra.run.smithi087.stdout:/usr/bin/ceph: stderr
2024-04-25T12:09:00.479+0000 7fa2847fe700 1 -- --> [v2:172.21.15.87:3300/0,v1:172.21.15.87:6789/0] -- mon_getmap magic: 0 -- 0x7fa27c07be00 con 0x7fa27c109010
2024-04-25T12:09:01.258 INFO:teuthology.orchestra.run.smithi087.stdout:/usr/bin/ceph: stderr
2024-04-25T12:09:00.479+0000 7fa28259a700 1 --2- >> [v2:172.21.15.87:3300/0,v1:172.21.15.87:6789/0] conn(0x7fa27c109010 0x7fa27c10b400 unknown :-1 s=BANNER_CONNECTING pgs=0 cs=0 l=0 rev1=0 crypto rx=0 tx=0 comp rx=0 tx=0)._handle_peer_banner_payload supported=3 required=0
2024-04-25T12:09:01.258 INFO:teuthology.orchestra.run.smithi087.stdout:/usr/bin/ceph: stderr
2024-04-25T12:09:00.479+0000 7fa28259a700 1 --2- >> [v2:172.21.15.87:3300/0,v1:172.21.15.87:6789/0] conn(0x7fa27c109010 0x7fa27c10b400 unknown :-1 s=HELLO_CONNECTING pgs=0 cs=0 l=0 rev1=1 crypto rx=0 tx=0 comp rx=0 tx=0).handle_hello peer v2:172.21.15.87:3300/0 says I am v2:172.21.15.87:58574/0 (socket says 172.21.15.87:58574)
2024-04-25T12:09:01.258 INFO:teuthology.orchestra.run.smithi087.stdout:/usr/bin/ceph: stderr
2024-04-25T12:09:00.479+0000 7fa28259a700 1 -- 172.21.15.87:0/3753837639 learned_addr learned my addr 172.21.15.87:0/3753837639 (peer_addr_for_me v2:172.21.15.87:0/0)
2024-04-25T12:09:01.258 INFO:teuthology.orchestra.run.smithi087.stdout:/usr/bin/ceph: stderr
2024-04-25T12:09:00.480+0000 7fa28259a700 1 -- 172.21.15.87:0/3753837639 --> [v2:172.21.15.87:3300/0,v1:172.21.15.87:6789/0] -- mon_subscribe({config=0+,monmap=0+}) -- 0x7fa27c10b940 con 0x7fa27c109010
2024-04-25T12:09:01.258 INFO:teuthology.orchestra.run.smithi087.stdout:/usr/bin/ceph: stderr
2024-04-25T12:09:00.480+0000 7fa28259a700 1 --2- 172.21.15.87:0/3753837639 >> [v2:172.21.15.87:3300/0,v1:172.21.15.87:6789/0] conn(0x7fa27c109010 0x7fa27c10b400 secure :-1 s=READY pgs=43 cs=0 l=1 rev1=1 crypto rx=0x7fa274009e80 tx=0x7fa27400b330 comp rx=0 tx=0).ready entity=mon.0 client_cookie=44e6f96b1c672734 server_cookie=0 in_seq=0 out_seq=0
2024-04-25T12:09:01.258 INFO:teuthology.orchestra.run.smithi087.stdout:/usr/bin/ceph: stderr
2024-04-25T12:09:00.480+0000 7fa281598700 1 -- 172.21.15.87:0/3753837639 <== mon.0 v2:172.21.15.87:3300/0 1 ==== mon_map magic: 0 ==== 205+0+0 (secure 0 0 0) 0x7fa274017070 con 0x7fa27c109010
2024-04-25T12:09:01.258 INFO:teuthology.orchestra.run.smithi087.stdout:/usr/bin/ceph: stderr
2024-04-25T12:09:00.480+0000 7fa281598700 1 -- 172.21.15.87:0/3753837639 <== mon.0 v2:172.21.15.87:3300/0 2 ==== config(26 keys) ==== 1070+0+0 (secure 0 0 0) 0x7fa27400b8c0 con 0x7fa27c109010
2024-04-25T12:09:01.258 INFO:teuthology.orchestra.run.smithi087.stdout:/usr/bin/ceph: stderr
2024-04-25T12:09:00.480+0000 7fa281598700 1 -- 172.21.15.87:0/3753837639 <== mon.0 v2:172.21.15.87:3300/0 3 ==== mon_map magic: 0 ==== 205+0+0 (secure 0 0 0) 0x7fa274004490 con 0x7fa27c109010
2024-04-25T12:09:01.258 INFO:teuthology.orchestra.run.smithi087.stdout:/usr/bin/ceph: stderr
2024-04-25T12:09:00.480+0000 7fa2847fe700 1 -- 172.21.15.87:0/3753837639 >> [v2:172.21.15.87:3300/0,v1:172.21.15.87:6789/0] conn(0x7fa27c109010 msgr2=0x7fa27c10b400 secure :-1 s=STATE_CONNECTION_ESTABLISHED l=1).mark_down
2024-04-25T12:09:01.259 INFO:teuthology.orchestra.run.smithi087.stdout:/usr/bin/ceph: stderr
2024-04-25T12:09:00.480+0000 7fa2847fe700 1 --2- 172.21.15.87:0/3753837639 >> [v2:172.21.15.87:3300/0,v1:172.21.15.87:6789/0] conn(0x7fa27c109010 0x7fa27c10b400 secure :-1 s=READY pgs=43 cs=0 l=1 rev1=1 crypto rx=0x7fa274009e80 tx=0x7fa27400b330 comp rx=0 tx=0).stop
2024-04-25T12:09:01.259 INFO:teuthology.orchestra.run.smithi087.stdout:/usr/bin/ceph: stderr
2024-04-25T12:09:00.481+0000 7fa2847fe700 1 -- 172.21.15.87:0/3753837639 shutdown_connections
2024-04-25T12:09:01.259 INFO:teuthology.orchestra.run.smithi087.stdout:/usr/bin/ceph: stderr
2024-04-25T12:09:00.481+0000 7fa2847fe700 1 --2- 172.21.15.87:0/3753837639 >> [v2:172.21.15.87:3300/0,v1:172.21.15.87:6789/0] conn(0x7fa27c109010 0x7fa27c10b400 unknown :-1 s=CLOSED pgs=43 cs=0 l=1 rev1=1 crypto rx=0 tx=0 comp rx=0 tx=0).stop
2024-04-25T12:09:01.259 INFO:teuthology.orchestra.run.smithi087.stdout:/usr/bin/ceph: stderr
2024-04-25T12:09:00.481+0000 7fa2847fe700 1 -- 172.21.15.87:0/3753837639 >> 172.21.15.87:0/3753837639 conn(0x7fa27c1029c0 msgr2=0x7fa27c104de0 unknown :-1 s=STATE_NONE l=0).mark_down
2024-04-25T12:09:01.259 INFO:teuthology.orchestra.run.smithi087.stdout:/usr/bin/ceph: stderr
2024-04-25T12:09:00.481+0000 7fa2847fe700 1 -- 172.21.15.87:0/3753837639 shutdown_connections
2024-04-25T12:09:01.259 INFO:teuthology.orchestra.run.smithi087.stdout:/usr/bin/ceph: stderr
2024-04-25T12:09:00.481+0000 7fa2847fe700 1 -- 172.21.15.87:0/3753837639 wait complete.
2024-04-25T12:09:01.259 INFO:teuthology.orchestra.run.smithi087.stdout:/usr/bin/ceph: stderr
2024-04-25T12:09:00.481+0000 7fa2847fe700 1 Processor -- start
2024-04-25T12:09:01.259 INFO:teuthology.orchestra.run.smithi087.stdout:/usr/bin/ceph: stderr
2024-04-25T12:09:00.481+0000 7fa2847fe700 1 -- start start
2024-04-25T12:09:01.259 INFO:teuthology.orchestra.run.smithi087.stdout:/usr/bin/ceph: stderr
2024-04-25T12:09:00.481+0000 7fa2847fe700 1 --2- >> [v2:172.21.15.87:3300/0,v1:172.21.15.87:6789/0] conn(0x7fa27c109010 0x7fa27c1087f0 unknown :-1 s=NONE pgs=0 cs=0 l=1 rev1=0 crypto rx=0 tx=0 comp rx=0 tx=0).connect
2024-04-25T12:09:01.259 INFO:teuthology.orchestra.run.smithi087.stdout:/usr/bin/ceph: stderr
2024-04-25T12:09:00.481+0000 7fa2847fe700 1 -- --> [v2:172.21.15.87:3300/0,v1:172.21.15.87:6789/0] -- mon_getmap magic: 0 -- 0x7fa27c10c850 con 0x7fa27c109010
2024-04-25T12:09:01.259 INFO:teuthology.orchestra.run.smithi087.stdout:/usr/bin/ceph: stderr
2024-04-25T12:09:00.481+0000 7fa28259a700 1 --2- >> [v2:172.21.15.87:3300/0,v1:172.21.15.87:6789/0] conn(0x7fa27c109010 0x7fa27c1087f0 unknown :-1 s=BANNER_CONNECTING pgs=0 cs=0 l=1 rev1=0 crypto rx=0 tx=0 comp rx=0 tx=0)._handle_peer_banner_payload supported=3 required=0
2024-04-25T12:09:01.259 INFO:teuthology.orchestra.run.smithi087.stdout:/usr/bin/ceph: stderr
2024-04-25T12:09:00.481+0000 7fa28259a700 1 --2- >> [v2:172.21.15.87:3300/0,v1:172.21.15.87:6789/0] conn(0x7fa27c109010 0x7fa27c1087f0 unknown :-1 s=HELLO_CONNECTING pgs=0 cs=0 l=1 rev1=1 crypto rx=0 tx=0 comp rx=0 tx=0).handle_hello peer v2:172.21.15.87:3300/0 says I am v2:172.21.15.87:58580/0 (socket says 172.21.15.87:58580)
2024-04-25T12:09:01.259 INFO:teuthology.orchestra.run.smithi087.stdout:/usr/bin/ceph: stderr
2024-04-25T12:09:00.481+0000 7fa28259a700 1 -- 172.21.15.87:0/896836119 learned_addr learned my addr 172.21.15.87:0/896836119 (peer_addr_for_me v2:172.21.15.87:0/0)
2024-04-25T12:09:01.260 INFO:teuthology.orchestra.run.smithi087.stdout:/usr/bin/ceph: stderr
2024-04-25T12:09:00.482+0000 7fa28259a700 1 -- 172.21.15.87:0/896836119 --> [v2:172.21.15.87:3300/0,v1:172.21.15.87:6789/0] -- mon_subscribe({config=0+,monmap=0+}) -- 0x7fa27c108d30 con 0x7fa27c109010
2024-04-25T12:09:01.260 INFO:teuthology.orchestra.run.smithi087.stdout:/usr/bin/ceph: stderr
2024-04-25T12:09:00.482+0000 7fa28259a700 1 --2- 172.21.15.87:0/896836119 >> [v2:172.21.15.87:3300/0,v1:172.21.15.87:6789/0] conn(0x7fa27c109010 0x7fa27c1087f0 secure :-1 s=READY pgs=44 cs=0 l=1 rev1=1 crypto rx=0x7fa27400b7b0 tx=0x7fa27400be90 comp rx=0 tx=0).ready entity=mon.0 client_cookie=0 server_cookie=0 in_seq=0 out_seq=0
2024-04-25T12:09:01.260 INFO:teuthology.orchestra.run.smithi087.stdout:/usr/bin/ceph: stderr
2024-04-25T12:09:00.482+0000 7fa2737fe700 1 -- 172.21.15.87:0/896836119 <== mon.0 v2:172.21.15.87:3300/0 1 ==== mon_map magic: 0 ==== 205+0+0 (secure 0 0 0) 0x7fa274020020 con 0x7fa27c109010
2024-04-25T12:09:01.260 INFO:teuthology.orchestra.run.smithi087.stdout:/usr/bin/ceph: stderr
2024-04-25T12:09:00.482+0000 7fa2737fe700 1 -- 172.21.15.87:0/896836119 <== mon.0 v2:172.21.15.87:3300/0 2 ==== config(26 keys) ==== 1070+0+0 (secure 0 0 0) 0x7fa274003d10 con 0x7fa27c109010
2024-04-25T12:09:01.260 INFO:teuthology.orchestra.run.smithi087.stdout:/usr/bin/ceph: stderr
2024-04-25T12:09:00.482+0000 7fa2737fe700 1 -- 172.21.15.87:0/896836119 <== mon.0 v2:172.21.15.87:3300/0 3 ==== mon_map magic: 0 ==== 205+0+0 (secure 0 0 0) 0x7fa274017040 con 0x7fa27c109010
2024-04-25T12:09:01.260 INFO:teuthology.orchestra.run.smithi087.stdout:/usr/bin/ceph: stderr
2024-04-25T12:09:00.482+0000 7fa2847fe700 1 -- 172.21.15.87:0/896836119 --> [v2:172.21.15.87:3300/0,v1:172.21.15.87:6789/0] -- mon_subscribe({mgrmap=0+}) -- 0x7fa27c106fc0 con 0x7fa27c109010
2024-04-25T12:09:01.260 INFO:teuthology.orchestra.run.smithi087.stdout:/usr/bin/ceph: stderr
2024-04-25T12:09:00.482+0000 7fa2847fe700 1 -- 172.21.15.87:0/896836119 --> [v2:172.21.15.87:3300/0,v1:172.21.15.87:6789/0] -- mon_subscribe({osdmap=0}) -- 0x7fa27c107500 con 0x7fa27c109010
2024-04-25T12:09:01.260 INFO:teuthology.orchestra.run.smithi087.stdout:/usr/bin/ceph: stderr
2024-04-25T12:09:00.483+0000 7fa2737fe700 1 -- 172.21.15.87:0/896836119 <== mon.0 v2:172.21.15.87:3300/0 4 ==== mgrmap(e 8) ==== 46558+0+0 (secure 0 0 0) 0x7fa274023020 con 0x7fa27c109010
2024-04-25T12:09:01.260 INFO:teuthology.orchestra.run.smithi087.stdout:/usr/bin/ceph: stderr
2024-04-25T12:09:00.483+0000 7fa2737fe700 1 --2- 172.21.15.87:0/896836119 >> [v2:172.21.15.87:6800/2739940341,v1:172.21.15.87:6801/2739940341] conn(0x7fa268039600 0x7fa26803bac0 unknown :-1 s=NONE pgs=0 cs=0 l=1 rev1=0 crypto rx=0 tx=0 comp rx=0 tx=0).connect
2024-04-25T12:09:01.260 INFO:teuthology.orchestra.run.smithi087.stdout:/usr/bin/ceph: stderr
2024-04-25T12:09:00.483+0000 7fa2847fe700 1 -- 172.21.15.87:0/896836119 --> [v2:172.21.15.87:3300/0,v1:172.21.15.87:6789/0] -- mon_command({"prefix": "get_command_descriptions"} v 0) -- 0x7fa27c0640a0 con 0x7fa27c109010
2024-04-25T12:09:01.261 INFO:teuthology.orchestra.run.smithi087.stdout:/usr/bin/ceph: stderr
2024-04-25T12:09:00.483+0000 7fa2737fe700 1 -- 172.21.15.87:0/896836119 <== mon.0 v2:172.21.15.87:3300/0 5 ==== osd_map(2..2 src has 1..2) ==== 940+0+0 (secure 0 0 0) 0x7fa27400f050 con 0x7fa27c109010
2024-04-25T12:09:01.261 INFO:teuthology.orchestra.run.smithi087.stdout:/usr/bin/ceph: stderr
2024-04-25T12:09:00.483+0000 7fa281d99700 1 --2- 172.21.15.87:0/896836119 >> [v2:172.21.15.87:6800/2739940341,v1:172.21.15.87:6801/2739940341] conn(0x7fa268039600 0x7fa26803bac0 unknown :-1 s=BANNER_CONNECTING pgs=0 cs=0 l=1 rev1=0 crypto rx=0 tx=0 comp rx=0 tx=0)._handle_peer_banner_payload supported=3 required=0
2024-04-25T12:09:01.261 INFO:teuthology.orchestra.run.smithi087.stdout:/usr/bin/ceph: stderr
2024-04-25T12:09:00.484+0000 7fa281d99700 1 --2- 172.21.15.87:0/896836119 >> [v2:172.21.15.87:6800/2739940341,v1:172.21.15.87:6801/2739940341] conn(0x7fa268039600 0x7fa26803bac0 secure :-1 s=READY pgs=10 cs=0 l=1 rev1=1 crypto rx=0x7fa26c006fd0 tx=0x7fa26c006e40 comp rx=0 tx=0).ready entity=mgr.14120 client_cookie=0 server_cookie=0 in_seq=0 out_seq=0
2024-04-25T12:09:01.261 INFO:teuthology.orchestra.run.smithi087.stdout:/usr/bin/ceph: stderr
2024-04-25T12:09:00.488+0000 7fa2737fe700 1 -- 172.21.15.87:0/896836119 <== mon.0 v2:172.21.15.87:3300/0 6 ==== mon_command_ack([{"prefix": "get_command_descriptions"}]=0 v0) ==== 72+0+188370 (secure 0 0 0) 0x7fa27402a020 con 0x7fa27c109010
2024-04-25T12:09:01.261 INFO:teuthology.orchestra.run.smithi087.stdout:/usr/bin/ceph: stderr
2024-04-25T12:09:00.685+0000 7fa2847fe700 1 -- 172.21.15.87:0/896836119 --> [v2:172.21.15.87:6800/2739940341,v1:172.21.15.87:6801/2739940341] -- mgr_command(tid 0: {"prefix": "cephadm get-pub-key", "target": ["mon-mgr", ""]}) -- 0x7fa27c195e60 con 0x7fa268039600
2024-04-25T12:09:01.261 INFO:teuthology.orchestra.run.smithi087.stdout:/usr/bin/ceph: stderr
2024-04-25T12:09:00.686+0000 7fa2737fe700 1 -- 172.21.15.87:0/896836119 <== mgr.14120 v2:172.21.15.87:6800/2739940341 1 ==== mgr_command_reply(tid 0: 0 ) ==== 8+0+595 (secure 0 0 0) 0x7fa27c195e60 con 0x7fa268039600
2024-04-25T12:09:01.261 INFO:teuthology.orchestra.run.smithi087.stdout:/usr/bin/ceph: stderr
2024-04-25T12:09:00.688+0000 7fa2847fe700 1 -- 172.21.15.87:0/896836119 >> [v2:172.21.15.87:6800/2739940341,v1:172.21.15.87:6801/2739940341] conn(0x7fa268039600 msgr2=0x7fa26803bac0 secure :-1 s=STATE_CONNECTION_ESTABLISHED l=1).mark_down
2024-04-25T12:09:01.261 INFO:teuthology.orchestra.run.smithi087.stdout:/usr/bin/ceph: stderr
2024-04-25T12:09:00.688+0000 7fa2847fe700 1 --2- 172.21.15.87:0/896836119 >> [v2:172.21.15.87:6800/2739940341,v1:172.21.15.87:6801/2739940341] conn(0x7fa268039600 0x7fa26803bac0 secure :-1 s=READY pgs=10 cs=0 l=1 rev1=1 crypto rx=0x7fa26c006fd0 tx=0x7fa26c006e40 comp rx=0 tx=0).stop
2024-04-25T12:09:01.261 INFO:teuthology.orchestra.run.smithi087.stdout:/usr/bin/ceph: stderr
2024-04-25T12:09:00.688+0000 7fa2847fe700 1 -- 172.21.15.87:0/896836119 >> [v2:172.21.15.87:3300/0,v1:172.21.15.87:6789/0] conn(0x7fa27c109010 msgr2=0x7fa27c1087f0 secure :-1 s=STATE_CONNECTION_ESTABLISHED l=1).mark_down
2024-04-25T12:09:01.261 INFO:teuthology.orchestra.run.smithi087.stdout:/usr/bin/ceph: stderr
2024-04-25T12:09:00.688+0000 7fa2847fe700 1 --2- 172.21.15.87:0/896836119 >> [v2:172.21.15.87:3300/0,v1:172.21.15.87:6789/0] conn(0x7fa27c109010 0x7fa27c1087f0 secure :-1 s=READY pgs=44 cs=0 l=1 rev1=1 crypto rx=0x7fa27400b7b0 tx=0x7fa27400be90 comp rx=0 tx=0).stop
2024-04-25T12:09:01.261 INFO:teuthology.orchestra.run.smithi087.stdout:/usr/bin/ceph: stderr
2024-04-25T12:09:00.688+0000 7fa2847fe700 1 -- 172.21.15.87:0/896836119 shutdown_connections
2024-04-25T12:09:01.261 INFO:teuthology.orchestra.run.smithi087.stdout:/usr/bin/ceph: stderr
2024-04-25T12:09:00.688+0000 7fa2847fe700 1 --2- 172.21.15.87:0/896836119 >> [v2:172.21.15.87:6800/2739940341,v1:172.21.15.87:6801/2739940341] conn(0x7fa268039600 0x7fa26803bac0 unknown :-1 s=CLOSED pgs=10 cs=0 l=1 rev1=1 crypto rx=0 tx=0 comp rx=0 tx=0).stop
2024-04-25T12:09:01.261 INFO:teuthology.orchestra.run.smithi087.stdout:/usr/bin/ceph: stderr
2024-04-25T12:09:00.688+0000 7fa2847fe700 1 --2- 172.21.15.87:0/896836119 >> [v2:172.21.15.87:3300/0,v1:172.21.15.87:6789/0] conn(0x7fa27c109010 0x7fa27c1087f0 unknown :-1 s=CLOSED pgs=44 cs=0 l=1 rev1=1 crypto rx=0 tx=0 comp rx=0 tx=0).stop
2024-04-25T12:09:01.261 INFO:teuthology.orchestra.run.smithi087.stdout:/usr/bin/ceph: stderr
2024-04-25T12:09:00.688+0000 7fa2847fe700 1 -- 172.21.15.87:0/896836119 >> 172.21.15.87:0/896836119 conn(0x7fa27c1029c0 msgr2=0x7fa27c103700 unknown :-1 s=STATE_NONE l=0).mark_down
2024-04-25T12:09:01.262 INFO:teuthology.orchestra.run.smithi087.stdout:/usr/bin/ceph: stderr
2024-04-25T12:09:00.688+0000 7fa2847fe700 1 -- 172.21.15.87:0/896836119 shutdown_connections
2024-04-25T12:09:01.262 INFO:teuthology.orchestra.run.smithi087.stdout:/usr/bin/ceph: stderr
2024-04-25T12:09:00.688+0000 7fa2847fe700 1 -- 172.21.15.87:0/896836119 wait complete.
2024-04-25T12:09:01.262 INFO:teuthology.orchestra.run.smithi087.stdout:Wrote public SSH key to /home/ubuntu/cephtest/ceph.pub
2024-04-25T12:09:01.262 INFO:teuthology.orchestra.run.smithi087.stdout:Adding key to root@localhost authorized_keys...
2024-04-25T12:09:01.262 INFO:teuthology.orchestra.run.smithi087.stdout:Adding host smithi087...
2024-04-25T12:09:01.735 INFO:journalctl@ceph.mon.a.smithi087.stdout:Apr 25 12:09:01 smithi087 ceph-mon[29202]: from='client.14138 -' entity='client.admin' cmd=[{"prefix": "cephadm get-pub-key", "target": ["mon-mgr", ""]}]: dispatch
2024-04-25T12:09:02.795 INFO:journalctl@ceph.mon.a.smithi087.stdout:Apr 25 12:09:02 smithi087 ceph-mon[29202]: from='client.14140 -' entity='client.admin' cmd=[{"prefix": "orch host add", "hostname": "smithi087", "addr": "172.21.15.87", "target": ["mon-mgr", ""]}]: dispatch
2024-04-25T12:09:03.893 INFO:journalctl@ceph.mon.a.smithi087.stdout:Apr 25 12:09:03 smithi087 ceph-mon[29202]: Deploying cephadm binary to smithi087
2024-04-25T12:09:06.665 INFO:teuthology.orchestra.run.smithi087.stdout:/usr/bin/ceph: stdout Added host 'smithi087' with addr '172.21.15.87'
2024-04-25T12:09:06.665 INFO:teuthology.orchestra.run.smithi087.stdout:/usr/bin/ceph: stderr
2024-04-25T12:09:01.736+0000 7f3240898700 1 Processor -- start
2024-04-25T12:09:06.666 INFO:teuthology.orchestra.run.smithi087.stdout:/usr/bin/ceph: stderr
2024-04-25T12:09:01.736+0000 7f3240898700 1 -- start start
2024-04-25T12:09:06.666 INFO:teuthology.orchestra.run.smithi087.stdout:/usr/bin/ceph: stderr
2024-04-25T12:09:01.736+0000 7f3240898700 1 --2- >> [v2:172.21.15.87:3300/0,v1:172.21.15.87:6789/0] conn(0x7f323c108510 0x7f323c108930 unknown :-1 s=NONE pgs=0 cs=0 l=0 rev1=0 crypto rx=0 tx=0 comp rx=0 tx=0).connect
2024-04-25T12:09:06.666 INFO:teuthology.orchestra.run.smithi087.stdout:/usr/bin/ceph: stderr
2024-04-25T12:09:01.736+0000 7f3240898700 1 -- --> [v2:172.21.15.87:3300/0,v1:172.21.15.87:6789/0] -- mon_getmap magic: 0 -- 0x7f323c108f00 con 0x7f323c108510
2024-04-25T12:09:06.666 INFO:teuthology.orchestra.run.smithi087.stdout:/usr/bin/ceph: stderr
2024-04-25T12:09:01.736+0000 7f323a59c700 1 --2- >> [v2:172.21.15.87:3300/0,v1:172.21.15.87:6789/0] conn(0x7f323c108510 0x7f323c108930 unknown :-1 s=BANNER_CONNECTING pgs=0 cs=0 l=0 rev1=0 crypto rx=0 tx=0 comp rx=0 tx=0)._handle_peer_banner_payload supported=3 required=0
2024-04-25T12:09:06.666 INFO:teuthology.orchestra.run.smithi087.stdout:/usr/bin/ceph: stderr
2024-04-25T12:09:01.736+0000 7f323a59c700 1 --2- >> [v2:172.21.15.87:3300/0,v1:172.21.15.87:6789/0] conn(0x7f323c108510 0x7f323c108930 unknown :-1 s=HELLO_CONNECTING pgs=0 cs=0 l=0 rev1=1 crypto rx=0 tx=0 comp rx=0 tx=0).handle_hello peer v2:172.21.15.87:3300/0 says I am v2:172.21.15.87:58594/0 (socket says 172.21.15.87:58594)
2024-04-25T12:09:06.666 INFO:teuthology.orchestra.run.smithi087.stdout:/usr/bin/ceph: stderr
2024-04-25T12:09:01.736+0000 7f323a59c700 1 -- 172.21.15.87:0/2350861942 learned_addr learned my addr 172.21.15.87:0/2350861942 (peer_addr_for_me v2:172.21.15.87:0/0)
2024-04-25T12:09:06.666 INFO:teuthology.orchestra.run.smithi087.stdout:/usr/bin/ceph: stderr
2024-04-25T12:09:01.737+0000 7f323a59c700 1 -- 172.21.15.87:0/2350861942 --> [v2:172.21.15.87:3300/0,v1:172.21.15.87:6789/0] -- mon_subscribe({config=0+,monmap=0+}) -- 0x7f323c1096c0 con 0x7f323c108510
2024-04-25T12:09:06.666 INFO:teuthology.orchestra.run.smithi087.stdout:/usr/bin/ceph: stderr
2024-04-25T12:09:01.737+0000 7f323a59c700 1 --2- 172.21.15.87:0/2350861942 >> [v2:172.21.15.87:3300/0,v1:172.21.15.87:6789/0] conn(0x7f323c108510 0x7f323c108930 secure :-1 s=READY pgs=45 cs=0 l=1 rev1=1 crypto rx=0x7f322c0098a0 tx=0x7f322c009bb0 comp rx=0 tx=0).ready entity=mon.0 client_cookie=4c5ee5b3a2fa9552 server_cookie=0 in_seq=0 out_seq=0
2024-04-25T12:09:06.666 INFO:teuthology.orchestra.run.smithi087.stdout:/usr/bin/ceph: stderr
2024-04-25T12:09:01.737+0000 7f323959a700 1 -- 172.21.15.87:0/2350861942 <== mon.0 v2:172.21.15.87:3300/0 1 ==== mon_map magic: 0 ==== 205+0+0 (secure 0 0 0) 0x7f322c004160 con 0x7f323c108510
2024-04-25T12:09:06.666 INFO:teuthology.orchestra.run.smithi087.stdout:/usr/bin/ceph: stderr
2024-04-25T12:09:01.737+0000 7f323959a700 1 -- 172.21.15.87:0/2350861942 <== mon.0 v2:172.21.15.87:3300/0 2 ==== config(26 keys) ==== 1070+0+0 (secure 0 0 0) 0x7f322c004300 con 0x7f323c108510
2024-04-25T12:09:06.666 INFO:teuthology.orchestra.run.smithi087.stdout:/usr/bin/ceph: stderr
2024-04-25T12:09:01.737+0000 7f323959a700 1 -- 172.21.15.87:0/2350861942 <== mon.0 v2:172.21.15.87:3300/0 3 ==== mon_map magic: 0 ==== 205+0+0 (secure 0 0 0) 0x7f322c011af0 con 0x7f323c108510
2024-04-25T12:09:06.666 INFO:teuthology.orchestra.run.smithi087.stdout:/usr/bin/ceph: stderr
2024-04-25T12:09:01.737+0000 7f3240898700 1 -- 172.21.15.87:0/2350861942 >> [v2:172.21.15.87:3300/0,v1:172.21.15.87:6789/0] conn(0x7f323c108510 msgr2=0x7f323c108930 secure :-1 s=STATE_CONNECTION_ESTABLISHED l=1).mark_down
2024-04-25T12:09:06.666 INFO:teuthology.orchestra.run.smithi087.stdout:/usr/bin/ceph: stderr
2024-04-25T12:09:01.737+0000 7f3240898700 1 --2- 172.21.15.87:0/2350861942 >> [v2:172.21.15.87:3300/0,v1:172.21.15.87:6789/0] conn(0x7f323c108510 0x7f323c108930 secure :-1 s=READY pgs=45 cs=0 l=1 rev1=1 crypto rx=0x7f322c0098a0 tx=0x7f322c009bb0 comp rx=0 tx=0).stop
2024-04-25T12:09:06.667 INFO:teuthology.orchestra.run.smithi087.stdout:/usr/bin/ceph: stderr
2024-04-25T12:09:01.738+0000 7f3240898700 1 -- 172.21.15.87:0/2350861942 shutdown_connections
2024-04-25T12:09:06.667 INFO:teuthology.orchestra.run.smithi087.stdout:/usr/bin/ceph: stderr
2024-04-25T12:09:01.738+0000 7f3240898700 1 --2- 172.21.15.87:0/2350861942 >> [v2:172.21.15.87:3300/0,v1:172.21.15.87:6789/0] conn(0x7f323c108510 0x7f323c108930 unknown :-1 s=CLOSED pgs=45 cs=0 l=1 rev1=1 crypto rx=0 tx=0 comp rx=0 tx=0).stop
2024-04-25T12:09:06.667 INFO:teuthology.orchestra.run.smithi087.stdout:/usr/bin/ceph: stderr
2024-04-25T12:09:01.738+0000 7f3240898700 1 -- 172.21.15.87:0/2350861942 >> 172.21.15.87:0/2350861942 conn(0x7f323c103b70 msgr2=0x7f323c105f90 unknown :-1 s=STATE_NONE l=0).mark_down
2024-04-25T12:09:06.667 INFO:teuthology.orchestra.run.smithi087.stdout:/usr/bin/ceph: stderr
2024-04-25T12:09:01.738+0000 7f3240898700 1 -- 172.21.15.87:0/2350861942 shutdown_connections
2024-04-25T12:09:06.667 INFO:teuthology.orchestra.run.smithi087.stdout:/usr/bin/ceph: stderr
2024-04-25T12:09:01.738+0000 7f3240898700 1 -- 172.21.15.87:0/2350861942 wait complete.
2024-04-25T12:09:06.667 INFO:teuthology.orchestra.run.smithi087.stdout:/usr/bin/ceph: stderr
2024-04-25T12:09:01.738+0000 7f3240898700 1 Processor -- start
2024-04-25T12:09:06.667 INFO:teuthology.orchestra.run.smithi087.stdout:/usr/bin/ceph: stderr
2024-04-25T12:09:01.738+0000 7f3240898700 1 -- start start
2024-04-25T12:09:06.667 INFO:teuthology.orchestra.run.smithi087.stdout:/usr/bin/ceph: stderr
2024-04-25T12:09:01.739+0000 7f3240898700 1 --2- >> [v2:172.21.15.87:3300/0,v1:172.21.15.87:6789/0] conn(0x7f323c108510 0x7f323c19c780 unknown :-1 s=NONE pgs=0 cs=0 l=1 rev1=0 crypto rx=0 tx=0 comp rx=0 tx=0).connect
2024-04-25T12:09:06.667 INFO:teuthology.orchestra.run.smithi087.stdout:/usr/bin/ceph: stderr
2024-04-25T12:09:01.739+0000 7f3240898700 1 -- --> [v2:172.21.15.87:3300/0,v1:172.21.15.87:6789/0] -- mon_getmap magic: 0 -- 0x7f323c10ca70 con 0x7f323c108510
2024-04-25T12:09:06.667 INFO:teuthology.orchestra.run.smithi087.stdout:/usr/bin/ceph: stderr
2024-04-25T12:09:01.739+0000 7f323a59c700 1 --2- >> [v2:172.21.15.87:3300/0,v1:172.21.15.87:6789/0] conn(0x7f323c108510 0x7f323c19c780 unknown :-1 s=BANNER_CONNECTING pgs=0 cs=0 l=1 rev1=0 crypto rx=0 tx=0 comp rx=0 tx=0)._handle_peer_banner_payload supported=3 required=0
2024-04-25T12:09:06.667 INFO:teuthology.orchestra.run.smithi087.stdout:/usr/bin/ceph: stderr
2024-04-25T12:09:01.739+0000 7f323a59c700 1 --2- >> [v2:172.21.15.87:3300/0,v1:172.21.15.87:6789/0] conn(0x7f323c108510 0x7f323c19c780 unknown :-1 s=HELLO_CONNECTING pgs=0 cs=0 l=1 rev1=1 crypto rx=0 tx=0 comp rx=0 tx=0).handle_hello peer v2:172.21.15.87:3300/0 says I am v2:172.21.15.87:58606/0 (socket says 172.21.15.87:58606)
2024-04-25T12:09:06.667 INFO:teuthology.orchestra.run.smithi087.stdout:/usr/bin/ceph: stderr
2024-04-25T12:09:01.739+0000 7f323a59c700 1 -- 172.21.15.87:0/3360593498 learned_addr learned my addr 172.21.15.87:0/3360593498 (peer_addr_for_me v2:172.21.15.87:0/0)
2024-04-25T12:09:06.667 INFO:teuthology.orchestra.run.smithi087.stdout:/usr/bin/ceph: stderr
2024-04-25T12:09:01.739+0000 7f323a59c700 1 -- 172.21.15.87:0/3360593498 --> [v2:172.21.15.87:3300/0,v1:172.21.15.87:6789/0] -- mon_subscribe({config=0+,monmap=0+}) -- 0x7f323c19ccc0 con 0x7f323c108510
2024-04-25T12:09:06.667 INFO:teuthology.orchestra.run.smithi087.stdout:/usr/bin/ceph: stderr
2024-04-25T12:09:01.739+0000 7f323a59c700 1 --2- 172.21.15.87:0/3360593498 >> [v2:172.21.15.87:3300/0,v1:172.21.15.87:6789/0] conn(0x7f323c108510 0x7f323c19c780 secure :-1 s=READY pgs=46 cs=0 l=1 rev1=1 crypto rx=0x7f322c000c00 tx=0x7f322c011b70 comp rx=0 tx=0).ready entity=mon.0 client_cookie=0 server_cookie=0 in_seq=0 out_seq=0
2024-04-25T12:09:06.668 INFO:teuthology.orchestra.run.smithi087.stdout:/usr/bin/ceph: stderr
2024-04-25T12:09:01.739+0000 7f322b7fe700 1 -- 172.21.15.87:0/3360593498 <== mon.0 v2:172.21.15.87:3300/0 1 ==== mon_map magic: 0 ==== 205+0+0 (secure 0 0 0) 0x7f322c003b20 con 0x7f323c108510
2024-04-25T12:09:06.668 INFO:teuthology.orchestra.run.smithi087.stdout:/usr/bin/ceph: stderr
2024-04-25T12:09:01.739+0000 7f3240898700 1 -- 172.21.15.87:0/3360593498 --> [v2:172.21.15.87:3300/0,v1:172.21.15.87:6789/0] -- mon_subscribe({mgrmap=0+}) -- 0x7f323c19cf50 con 0x7f323c108510
2024-04-25T12:09:06.668 INFO:teuthology.orchestra.run.smithi087.stdout:/usr/bin/ceph: stderr
2024-04-25T12:09:01.739+0000 7f322b7fe700 1 -- 172.21.15.87:0/3360593498 <== mon.0 v2:172.21.15.87:3300/0 2 ==== config(26 keys) ==== 1070+0+0 (secure 0 0 0) 0x7f322c01a8c0 con 0x7f323c108510
2024-04-25T12:09:06.668 INFO:teuthology.orchestra.run.smithi087.stdout:/usr/bin/ceph: stderr
2024-04-25T12:09:01.739+0000 7f322b7fe700 1 -- 172.21.15.87:0/3360593498 <== mon.0 v2:172.21.15.87:3300/0 3 ==== mon_map magic: 0 ==== 205+0+0 (secure 0 0 0) 0x7f322c024940 con 0x7f323c108510
2024-04-25T12:09:06.668 INFO:teuthology.orchestra.run.smithi087.stdout:/usr/bin/ceph: stderr
2024-04-25T12:09:01.739+0000 7f3240898700 1 -- 172.21.15.87:0/3360593498 --> [v2:172.21.15.87:3300/0,v1:172.21.15.87:6789/0] -- mon_subscribe({osdmap=0}) -- 0x7f323c19fbf0 con 0x7f323c108510
2024-04-25T12:09:06.668 INFO:teuthology.orchestra.run.smithi087.stdout:/usr/bin/ceph: stderr
2024-04-25T12:09:01.740+0000 7f3240898700 1 -- 172.21.15.87:0/3360593498 --> [v2:172.21.15.87:3300/0,v1:172.21.15.87:6789/0] -- mon_command({"prefix": "get_command_descriptions"} v 0) -- 0x7f323c0640a0 con 0x7f323c108510
2024-04-25T12:09:06.668 INFO:teuthology.orchestra.run.smithi087.stdout:/usr/bin/ceph: stderr
2024-04-25T12:09:01.740+0000 7f322b7fe700 1 -- 172.21.15.87:0/3360593498 <== mon.0 v2:172.21.15.87:3300/0 4 ==== mgrmap(e 8) ==== 46558+0+0 (secure 0 0 0) 0x7f322c022020 con 0x7f323c108510
2024-04-25T12:09:06.668 INFO:teuthology.orchestra.run.smithi087.stdout:/usr/bin/ceph: stderr
2024-04-25T12:09:01.740+0000 7f322b7fe700 1 --2- 172.21.15.87:0/3360593498 >> [v2:172.21.15.87:6800/2739940341,v1:172.21.15.87:6801/2739940341] conn(0x7f32240395b0 0x7f322403ba70 unknown :-1 s=NONE pgs=0 cs=0 l=1 rev1=0 crypto rx=0 tx=0 comp rx=0 tx=0).connect
2024-04-25T12:09:06.668 INFO:teuthology.orchestra.run.smithi087.stdout:/usr/bin/ceph: stderr
2024-04-25T12:09:01.741+0000 7f322b7fe700 1 -- 172.21.15.87:0/3360593498 <== mon.0 v2:172.21.15.87:3300/0 5 ==== osd_map(2..2 src has 1..2) ==== 940+0+0 (secure 0 0 0) 0x7f322c04d820 con 0x7f323c108510
2024-04-25T12:09:06.668 INFO:teuthology.orchestra.run.smithi087.stdout:/usr/bin/ceph: stderr
2024-04-25T12:09:01.741+0000 7f3239d9b700 1 --2- 172.21.15.87:0/3360593498 >> [v2:172.21.15.87:6800/2739940341,v1:172.21.15.87:6801/2739940341] conn(0x7f32240395b0 0x7f322403ba70 unknown :-1 s=BANNER_CONNECTING pgs=0 cs=0 l=1 rev1=0 crypto rx=0 tx=0 comp rx=0 tx=0)._handle_peer_banner_payload supported=3 required=0
2024-04-25T12:09:06.668 INFO:teuthology.orchestra.run.smithi087.stdout:/usr/bin/ceph: stderr
2024-04-25T12:09:01.741+0000 7f3239d9b700 1 --2- 172.21.15.87:0/3360593498 >> [v2:172.21.15.87:6800/2739940341,v1:172.21.15.87:6801/2739940341] conn(0x7f32240395b0 0x7f322403ba70 secure :-1 s=READY pgs=11 cs=0 l=1 rev1=1 crypto rx=0x7f3230006fd0 tx=0x7f3230006e40 comp rx=0 tx=0).ready entity=mgr.14120 client_cookie=0 server_cookie=0 in_seq=0 out_seq=0
2024-04-25T12:09:06.668 INFO:teuthology.orchestra.run.smithi087.stdout:/usr/bin/ceph: stderr
2024-04-25T12:09:01.745+0000 7f322b7fe700 1 -- 172.21.15.87:0/3360593498 <== mon.0 v2:172.21.15.87:3300/0 6 ==== mon_command_ack([{"prefix": "get_command_descriptions"}]=0 v0) ==== 72+0+188370 (secure 0 0 0) 0x7f322c021d80 con 0x7f323c108510
2024-04-25T12:09:06.668 INFO:teuthology.orchestra.run.smithi087.stdout:/usr/bin/ceph: stderr
2024-04-25T12:09:01.950+0000 7f3240898700 1 -- 172.21.15.87:0/3360593498 --> [v2:172.21.15.87:6800/2739940341,v1:172.21.15.87:6801/2739940341] -- mgr_command(tid 0: {"prefix": "orch host add", "hostname": "smithi087", "addr": "172.21.15.87", "target": ["mon-mgr", ""]}) -- 0x7f323c02dff0 con 0x7f32240395b0
2024-04-25T12:09:06.669 INFO:teuthology.orchestra.run.smithi087.stdout:/usr/bin/ceph: stderr
2024-04-25T12:09:05.989+0000 7f322b7fe700 1 -- 172.21.15.87:0/3360593498 <== mgr.14120 v2:172.21.15.87:6800/2739940341 1 ==== mgr_command_reply(tid 0: 0 ) ==== 8+0+48 (secure 0 0 0) 0x7f323c02dff0 con 0x7f32240395b0
2024-04-25T12:09:06.669 INFO:teuthology.orchestra.run.smithi087.stdout:/usr/bin/ceph: stderr
2024-04-25T12:09:05.991+0000 7f3240898700 1 -- 172.21.15.87:0/3360593498 >> [v2:172.21.15.87:6800/2739940341,v1:172.21.15.87:6801/2739940341] conn(0x7f32240395b0 msgr2=0x7f322403ba70 secure :-1 s=STATE_CONNECTION_ESTABLISHED l=1).mark_down
2024-04-25T12:09:06.669 INFO:teuthology.orchestra.run.smithi087.stdout:/usr/bin/ceph: stderr
2024-04-25T12:09:05.991+0000 7f3240898700 1 --2- 172.21.15.87:0/3360593498 >> [v2:172.21.15.87:6800/2739940341,v1:172.21.15.87:6801/2739940341] conn(0x7f32240395b0 0x7f322403ba70 secure :-1 s=READY pgs=11 cs=0 l=1 rev1=1 crypto rx=0x7f3230006fd0 tx=0x7f3230006e40 comp rx=0 tx=0).stop
2024-04-25T12:09:06.669 INFO:teuthology.orchestra.run.smithi087.stdout:/usr/bin/ceph: stderr
2024-04-25T12:09:05.991+0000 7f3240898700 1 -- 172.21.15.87:0/3360593498 >> [v2:172.21.15.87:3300/0,v1:172.21.15.87:6789/0] conn(0x7f323c108510 msgr2=0x7f323c19c780 secure :-1 s=STATE_CONNECTION_ESTABLISHED l=1).mark_down
2024-04-25T12:09:06.669 INFO:teuthology.orchestra.run.smithi087.stdout:/usr/bin/ceph: stderr
2024-04-25T12:09:05.991+0000 7f3240898700 1 --2- 172.21.15.87:0/3360593498 >> [v2:172.21.15.87:3300/0,v1:172.21.15.87:6789/0] conn(0x7f323c108510 0x7f323c19c780 secure :-1 s=READY pgs=46 cs=0 l=1 rev1=1 crypto rx=0x7f322c000c00 tx=0x7f322c011b70 comp rx=0 tx=0).stop
2024-04-25T12:09:06.669 INFO:teuthology.orchestra.run.smithi087.stdout:/usr/bin/ceph: stderr
2024-04-25T12:09:05.991+0000 7f3240898700 1 -- 172.21.15.87:0/3360593498 shutdown_connections
2024-04-25T12:09:06.669 INFO:teuthology.orchestra.run.smithi087.stdout:/usr/bin/ceph: stderr
2024-04-25T12:09:05.991+0000 7f3240898700 1 --2- 172.21.15.87:0/3360593498 >> [v2:172.21.15.87:6800/2739940341,v1:172.21.15.87:6801/2739940341] conn(0x7f32240395b0 0x7f322403ba70 unknown :-1 s=CLOSED pgs=11 cs=0 l=1 rev1=1 crypto rx=0 tx=0 comp rx=0 tx=0).stop
2024-04-25T12:09:06.669 INFO:teuthology.orchestra.run.smithi087.stdout:/usr/bin/ceph: stderr
2024-04-25T12:09:05.991+0000 7f3240898700 1 --2- 172.21.15.87:0/3360593498 >> [v2:172.21.15.87:3300/0,v1:172.21.15.87:6789/0] conn(0x7f323c108510 0x7f323c19c780 unknown :-1 s=CLOSED pgs=46 cs=0 l=1 rev1=1 crypto rx=0 tx=0 comp rx=0 tx=0).stop
2024-04-25T12:09:06.669 INFO:teuthology.orchestra.run.smithi087.stdout:/usr/bin/ceph: stderr
2024-04-25T12:09:05.991+0000 7f3240898700 1 -- 172.21.15.87:0/3360593498 >> 172.21.15.87:0/3360593498 conn(0x7f323c103b70 msgr2=0x7f323c1048a0 unknown :-1 s=STATE_NONE l=0).mark_down
2024-04-25T12:09:06.669 INFO:teuthology.orchestra.run.smithi087.stdout:/usr/bin/ceph: stderr
2024-04-25T12:09:05.992+0000 7f3240898700 1 -- 172.21.15.87:0/3360593498 shutdown_connections
2024-04-25T12:09:06.669 INFO:teuthology.orchestra.run.smithi087.stdout:/usr/bin/ceph: stderr
2024-04-25T12:09:05.992+0000 7f3240898700 1 -- 172.21.15.87:0/3360593498 wait complete.
2024-04-25T12:09:06.669 INFO:teuthology.orchestra.run.smithi087.stdout:Deploying unmanaged mon service...
2024-04-25T12:09:07.164 INFO:journalctl@ceph.mon.a.smithi087.stdout:Apr 25 12:09:06 smithi087 ceph-mon[29202]: from='mgr.14120 172.21.15.87:0/3543863025' entity='mgr.x'
2024-04-25T12:09:07.164 INFO:journalctl@ceph.mon.a.smithi087.stdout:Apr 25 12:09:06 smithi087 ceph-mon[29202]: Added host smithi087
2024-04-25T12:09:07.164 INFO:journalctl@ceph.mon.a.smithi087.stdout:Apr 25 12:09:06 smithi087 ceph-mon[29202]: from='mgr.14120 172.21.15.87:0/3543863025' entity='mgr.x' cmd=[{"prefix": "config dump", "format": "json"}]: dispatch
2024-04-25T12:09:07.956 INFO:teuthology.orchestra.run.smithi087.stdout:/usr/bin/ceph: stdout Scheduled mon update...
2024-04-25T12:09:07.956 INFO:teuthology.orchestra.run.smithi087.stdout:/usr/bin/ceph: stderr
2024-04-25T12:09:07.155+0000 7fbda9462700 1 Processor -- start
2024-04-25T12:09:07.957 INFO:teuthology.orchestra.run.smithi087.stdout:/usr/bin/ceph: stderr
2024-04-25T12:09:07.155+0000 7fbda9462700 1 -- start start
2024-04-25T12:09:07.957 INFO:teuthology.orchestra.run.smithi087.stdout:/usr/bin/ceph: stderr
2024-04-25T12:09:07.155+0000 7fbda9462700 1 --2- >> [v2:172.21.15.87:3300/0,v1:172.21.15.87:6789/0] conn(0x7fbda4106dc0 0x7fbda41071e0 unknown :-1 s=NONE pgs=0 cs=0 l=0 rev1=0 crypto rx=0 tx=0 comp rx=0 tx=0).connect
2024-04-25T12:09:07.957 INFO:teuthology.orchestra.run.smithi087.stdout:/usr/bin/ceph: stderr
2024-04-25T12:09:07.155+0000 7fbda9462700 1 -- --> [v2:172.21.15.87:3300/0,v1:172.21.15.87:6789/0] -- mon_getmap magic: 0 -- 0x7fbda407be40 con 0x7fbda4106dc0
2024-04-25T12:09:07.957 INFO:teuthology.orchestra.run.smithi087.stdout:/usr/bin/ceph: stderr
2024-04-25T12:09:07.155+0000 7fbda2ffd700 1 --2- >> [v2:172.21.15.87:3300/0,v1:172.21.15.87:6789/0] conn(0x7fbda4106dc0 0x7fbda41071e0 unknown :-1 s=BANNER_CONNECTING pgs=0 cs=0 l=0 rev1=0 crypto rx=0 tx=0 comp rx=0 tx=0)._handle_peer_banner_payload supported=3 required=0
2024-04-25T12:09:07.957 INFO:teuthology.orchestra.run.smithi087.stdout:/usr/bin/ceph: stderr
2024-04-25T12:09:07.155+0000 7fbda2ffd700 1 --2- >> [v2:172.21.15.87:3300/0,v1:172.21.15.87:6789/0] conn(0x7fbda4106dc0 0x7fbda41071e0 unknown :-1 s=HELLO_CONNECTING pgs=0 cs=0 l=0 rev1=1 crypto rx=0 tx=0 comp rx=0 tx=0).handle_hello peer v2:172.21.15.87:3300/0 says I am v2:172.21.15.87:34798/0 (socket says 172.21.15.87:34798)
2024-04-25T12:09:07.957 INFO:teuthology.orchestra.run.smithi087.stdout:/usr/bin/ceph: stderr
2024-04-25T12:09:07.155+0000 7fbda2ffd700 1 -- 172.21.15.87:0/3029567355 learned_addr learned my addr 172.21.15.87:0/3029567355 (peer_addr_for_me v2:172.21.15.87:0/0)
2024-04-25T12:09:07.957 INFO:teuthology.orchestra.run.smithi087.stdout:/usr/bin/ceph: stderr
2024-04-25T12:09:07.155+0000 7fbda2ffd700 1 -- 172.21.15.87:0/3029567355 --> [v2:172.21.15.87:3300/0,v1:172.21.15.87:6789/0] -- mon_subscribe({config=0+,monmap=0+}) -- 0x7fbda4107720 con 0x7fbda4106dc0
2024-04-25T12:09:07.957 INFO:teuthology.orchestra.run.smithi087.stdout:/usr/bin/ceph: stderr
2024-04-25T12:09:07.156+0000 7fbda2ffd700 1 --2- 172.21.15.87:0/3029567355 >> [v2:172.21.15.87:3300/0,v1:172.21.15.87:6789/0] conn(0x7fbda4106dc0 0x7fbda41071e0 secure :-1 s=READY pgs=47 cs=0 l=1 rev1=1 crypto rx=0x7fbd940098a0 tx=0x7fbd94009bb0 comp rx=0 tx=0).ready entity=mon.0 client_cookie=2fa6897a7e7e2116 server_cookie=0 in_seq=0 out_seq=0
2024-04-25T12:09:07.957 INFO:teuthology.orchestra.run.smithi087.stdout:/usr/bin/ceph: stderr
2024-04-25T12:09:07.156+0000 7fbda1ffb700 1 -- 172.21.15.87:0/3029567355 <== mon.0 v2:172.21.15.87:3300/0 1 ==== mon_map magic: 0 ==== 205+0+0 (secure 0 0 0) 0x7fbd94004160 con 0x7fbda4106dc0
2024-04-25T12:09:07.957 INFO:teuthology.orchestra.run.smithi087.stdout:/usr/bin/ceph: stderr
2024-04-25T12:09:07.156+0000 7fbda1ffb700 1 -- 172.21.15.87:0/3029567355 <== mon.0 v2:172.21.15.87:3300/0 2 ==== config(26 keys) ==== 1070+0+0 (secure 0 0 0) 0x7fbd94004300 con 0x7fbda4106dc0
2024-04-25T12:09:07.957 INFO:teuthology.orchestra.run.smithi087.stdout:/usr/bin/ceph: stderr
2024-04-25T12:09:07.156+0000 7fbda1ffb700 1 -- 172.21.15.87:0/3029567355 <== mon.0 v2:172.21.15.87:3300/0 3 ==== mon_map magic: 0 ==== 205+0+0 (secure 0 0 0) 0x7fbd94011af0 con 0x7fbda4106dc0
2024-04-25T12:09:07.957 INFO:teuthology.orchestra.run.smithi087.stdout:/usr/bin/ceph: stderr
2024-04-25T12:09:07.156+0000 7fbda9462700 1 -- 172.21.15.87:0/3029567355 >> [v2:172.21.15.87:3300/0,v1:172.21.15.87:6789/0] conn(0x7fbda4106dc0 msgr2=0x7fbda41071e0 secure :-1 s=STATE_CONNECTION_ESTABLISHED l=1).mark_down
2024-04-25T12:09:07.957 INFO:teuthology.orchestra.run.smithi087.stdout:/usr/bin/ceph: stderr
2024-04-25T12:09:07.156+0000 7fbda9462700 1 --2- 172.21.15.87:0/3029567355 >> [v2:172.21.15.87:3300/0,v1:172.21.15.87:6789/0] conn(0x7fbda4106dc0 0x7fbda41071e0 secure :-1 s=READY pgs=47 cs=0 l=1 rev1=1 crypto rx=0x7fbd940098a0 tx=0x7fbd94009bb0 comp rx=0 tx=0).stop
2024-04-25T12:09:07.958 INFO:teuthology.orchestra.run.smithi087.stdout:/usr/bin/ceph: stderr
2024-04-25T12:09:07.156+0000 7fbda9462700 1 -- 172.21.15.87:0/3029567355 shutdown_connections
2024-04-25T12:09:07.958 INFO:teuthology.orchestra.run.smithi087.stdout:/usr/bin/ceph: stderr
2024-04-25T12:09:07.156+0000 7fbda9462700 1 --2- 172.21.15.87:0/3029567355 >> [v2:172.21.15.87:3300/0,v1:172.21.15.87:6789/0] conn(0x7fbda4106dc0 0x7fbda41071e0 unknown :-1 s=CLOSED pgs=47 cs=0 l=1 rev1=1 crypto rx=0 tx=0 comp rx=0 tx=0).stop
2024-04-25T12:09:07.958 INFO:teuthology.orchestra.run.smithi087.stdout:/usr/bin/ceph: stderr
2024-04-25T12:09:07.156+0000 7fbda9462700 1 -- 172.21.15.87:0/3029567355 >> 172.21.15.87:0/3029567355 conn(0x7fbda41029c0 msgr2=0x7fbda4104de0 unknown :-1 s=STATE_NONE l=0).mark_down
2024-04-25T12:09:07.958 INFO:teuthology.orchestra.run.smithi087.stdout:/usr/bin/ceph: stderr
2024-04-25T12:09:07.156+0000 7fbda9462700 1 -- 172.21.15.87:0/3029567355 shutdown_connections
2024-04-25T12:09:07.958 INFO:teuthology.orchestra.run.smithi087.stdout:/usr/bin/ceph: stderr
2024-04-25T12:09:07.156+0000 7fbda9462700 1 -- 172.21.15.87:0/3029567355 wait complete.
2024-04-25T12:09:07.958 INFO:teuthology.orchestra.run.smithi087.stdout:/usr/bin/ceph: stderr
2024-04-25T12:09:07.157+0000 7fbda9462700 1 Processor -- start
