2024-04-25T12:50:37.899 INFO:journalctl@ceph.mon.a.smithi083.stdout:Apr 25 12:50:37 smithi083 ceph-mon[29240]: from='mgr.14152 172.21.15.83:0/2690174812' entity='mgr.x' cmd=[{"prefix": "mon metadata"}]: dispatch
2024-04-25T12:50:37.899 INFO:journalctl@ceph.mon.a.smithi083.stdout:Apr 25 12:50:37 smithi083 ceph-mon[29240]: Manager daemon x is now available
2024-04-25T12:50:37.899 INFO:journalctl@ceph.mon.a.smithi083.stdout:Apr 25 12:50:37 smithi083 ceph-mon[29240]: from='mgr.14152 172.21.15.83:0/2690174812' entity='mgr.x' cmd=[{"prefix": "config dump", "format": "json"}]: dispatch
2024-04-25T12:50:38.648 INFO:journalctl@ceph.mon.a.smithi083.stdout:Apr 25 12:50:38 smithi083 ceph-mon[29240]: from='mgr.14152 172.21.15.83:0/2690174812' entity='mgr.x' cmd=[{"prefix":"config rm","who":"mgr","name":"mgr/rbd_support/x/mirror_snapshot_schedule"}]: dispatch
2024-04-25T12:50:38.649 INFO:journalctl@ceph.mon.a.smithi083.stdout:Apr 25 12:50:38 smithi083 ceph-mon[29240]: from='mgr.14152 172.21.15.83:0/2690174812' entity='mgr.x' cmd=[{"prefix":"config rm","who":"mgr","name":"mgr/rbd_support/x/trash_purge_schedule"}]: dispatch
2024-04-25T12:50:38.649 INFO:journalctl@ceph.mon.a.smithi083.stdout:Apr 25 12:50:38 smithi083 ceph-mon[29240]: mgrmap e11: x(active, since 1.00634s)
2024-04-25T12:50:38.986 INFO:teuthology.orchestra.run.smithi083.stdout:/usr/bin/ceph: stdout {
2024-04-25T12:50:38.986 INFO:teuthology.orchestra.run.smithi083.stdout:/usr/bin/ceph: stdout "mgrmap_epoch": 11,
2024-04-25T12:50:38.986 INFO:teuthology.orchestra.run.smithi083.stdout:/usr/bin/ceph: stdout "initialized": true
2024-04-25T12:50:38.987 INFO:teuthology.orchestra.run.smithi083.stdout:/usr/bin/ceph: stdout }
2024-04-25T12:50:38.987 INFO:teuthology.orchestra.run.smithi083.stdout:/usr/bin/ceph: stderr
2024-04-25T12:50:33.157+0000 7f72cfc6a700 1 Processor -- start
2024-04-25T12:50:38.987 INFO:teuthology.orchestra.run.smithi083.stdout:/usr/bin/ceph: stderr
2024-04-25T12:50:33.158+0000 7f72cfc6a700 1 -- start start
2024-04-25T12:50:38.987 INFO:teuthology.orchestra.run.smithi083.stdout:/usr/bin/ceph: stderr
2024-04-25T12:50:33.158+0000 7f72cfc6a700 1 --2- >> [v2:172.21.15.83:3300/0,v1:172.21.15.83:6789/0] conn(0x7f72c81090c0 0x7f72c810b4b0 unknown :-1 s=NONE pgs=0 cs=0 l=0 rev1=0 crypto rx=0 tx=0 comp rx=0 tx=0).connect
2024-04-25T12:50:38.987 INFO:teuthology.orchestra.run.smithi083.stdout:/usr/bin/ceph: stderr
2024-04-25T12:50:33.158+0000 7f72cfc6a700 1 -- --> [v2:172.21.15.83:3300/0,v1:172.21.15.83:6789/0] -- mon_getmap magic: 0 -- 0x7f72c807be30 con 0x7f72c81090c0
2024-04-25T12:50:38.987 INFO:teuthology.orchestra.run.smithi083.stdout:/usr/bin/ceph: stderr
2024-04-25T12:50:33.158+0000 7f72cda06700 1 --2- >> [v2:172.21.15.83:3300/0,v1:172.21.15.83:6789/0] conn(0x7f72c81090c0 0x7f72c810b4b0 unknown :-1 s=BANNER_CONNECTING pgs=0 cs=0 l=0 rev1=0 crypto rx=0 tx=0 comp rx=0 tx=0)._handle_peer_banner_payload supported=3 required=0
2024-04-25T12:50:38.987 INFO:teuthology.orchestra.run.smithi083.stdout:/usr/bin/ceph: stderr
2024-04-25T12:50:33.158+0000 7f72cda06700 1 --2- >> [v2:172.21.15.83:3300/0,v1:172.21.15.83:6789/0] conn(0x7f72c81090c0 0x7f72c810b4b0 unknown :-1 s=HELLO_CONNECTING pgs=0 cs=0 l=0 rev1=1 crypto rx=0 tx=0 comp rx=0 tx=0).handle_hello peer v2:172.21.15.83:3300/0 says I am v2:172.21.15.83:59102/0 (socket says 172.21.15.83:59102)
2024-04-25T12:50:38.987 INFO:teuthology.orchestra.run.smithi083.stdout:/usr/bin/ceph: stderr
2024-04-25T12:50:33.158+0000 7f72cda06700 1 -- 172.21.15.83:0/1254529915 learned_addr learned my addr 172.21.15.83:0/1254529915 (peer_addr_for_me v2:172.21.15.83:0/0)
2024-04-25T12:50:38.987 INFO:teuthology.orchestra.run.smithi083.stdout:/usr/bin/ceph: stderr
2024-04-25T12:50:33.159+0000 7f72cda06700 1 -- 172.21.15.83:0/1254529915 --> [v2:172.21.15.83:3300/0,v1:172.21.15.83:6789/0] -- mon_subscribe({config=0+,monmap=0+}) -- 0x7f72c810b9f0 con 0x7f72c81090c0
2024-04-25T12:50:38.987 INFO:teuthology.orchestra.run.smithi083.stdout:/usr/bin/ceph: stderr
2024-04-25T12:50:33.159+0000 7f72cda06700 1 --2- 172.21.15.83:0/1254529915 >> [v2:172.21.15.83:3300/0,v1:172.21.15.83:6789/0] conn(0x7f72c81090c0 0x7f72c810b4b0 secure :-1 s=READY pgs=61 cs=0 l=1 rev1=1 crypto rx=0x7f72c40098a0 tx=0x7f72c4009bb0 comp rx=0 tx=0).ready entity=mon.0 client_cookie=ce921aa779e2cf4c server_cookie=0 in_seq=0 out_seq=0
2024-04-25T12:50:38.987 INFO:teuthology.orchestra.run.smithi083.stdout:/usr/bin/ceph: stderr
2024-04-25T12:50:33.159+0000 7f72cca04700 1 -- 172.21.15.83:0/1254529915 <== mon.0 v2:172.21.15.83:3300/0 1 ==== mon_map magic: 0 ==== 205+0+0 (secure 0 0 0) 0x7f72c4004160 con 0x7f72c81090c0
2024-04-25T12:50:38.987 INFO:teuthology.orchestra.run.smithi083.stdout:/usr/bin/ceph: stderr
2024-04-25T12:50:33.159+0000 7f72cca04700 1 -- 172.21.15.83:0/1254529915 <== mon.0 v2:172.21.15.83:3300/0 2 ==== config(26 keys) ==== 1101+0+0 (secure 0 0 0) 0x7f72c4004300 con 0x7f72c81090c0
2024-04-25T12:50:38.987 INFO:teuthology.orchestra.run.smithi083.stdout:/usr/bin/ceph: stderr
2024-04-25T12:50:33.159+0000 7f72cca04700 1 -- 172.21.15.83:0/1254529915 <== mon.0 v2:172.21.15.83:3300/0 3 ==== mon_map magic: 0 ==== 205+0+0 (secure 0 0 0) 0x7f72c4011a20 con 0x7f72c81090c0
2024-04-25T12:50:38.988 INFO:teuthology.orchestra.run.smithi083.stdout:/usr/bin/ceph: stderr
2024-04-25T12:50:33.160+0000 7f72cfc6a700 1 -- 172.21.15.83:0/1254529915 >> [v2:172.21.15.83:3300/0,v1:172.21.15.83:6789/0] conn(0x7f72c81090c0 msgr2=0x7f72c810b4b0 secure :-1 s=STATE_CONNECTION_ESTABLISHED l=1).mark_down
2024-04-25T12:50:38.988 INFO:teuthology.orchestra.run.smithi083.stdout:/usr/bin/ceph: stderr
2024-04-25T12:50:33.160+0000 7f72cfc6a700 1 --2- 172.21.15.83:0/1254529915 >> [v2:172.21.15.83:3300/0,v1:172.21.15.83:6789/0] conn(0x7f72c81090c0 0x7f72c810b4b0 secure :-1 s=READY pgs=61 cs=0 l=1 rev1=1 crypto rx=0x7f72c40098a0 tx=0x7f72c4009bb0 comp rx=0 tx=0).stop
2024-04-25T12:50:38.988 INFO:teuthology.orchestra.run.smithi083.stdout:/usr/bin/ceph: stderr
2024-04-25T12:50:33.160+0000 7f72cfc6a700 1 -- 172.21.15.83:0/1254529915 shutdown_connections
2024-04-25T12:50:38.988 INFO:teuthology.orchestra.run.smithi083.stdout:/usr/bin/ceph: stderr
2024-04-25T12:50:33.160+0000 7f72cfc6a700 1 --2- 172.21.15.83:0/1254529915 >> [v2:172.21.15.83:3300/0,v1:172.21.15.83:6789/0] conn(0x7f72c81090c0 0x7f72c810b4b0 unknown :-1 s=CLOSED pgs=61 cs=0 l=1 rev1=1 crypto rx=0 tx=0 comp rx=0 tx=0).stop
2024-04-25T12:50:38.988 INFO:teuthology.orchestra.run.smithi083.stdout:/usr/bin/ceph: stderr
2024-04-25T12:50:33.160+0000 7f72cfc6a700 1 -- 172.21.15.83:0/1254529915 >> 172.21.15.83:0/1254529915 conn(0x7f72c8102a70 msgr2=0x7f72c8104ed0 unknown :-1 s=STATE_NONE l=0).mark_down
2024-04-25T12:50:38.988 INFO:teuthology.orchestra.run.smithi083.stdout:/usr/bin/ceph: stderr
2024-04-25T12:50:33.160+0000 7f72cfc6a700 1 -- 172.21.15.83:0/1254529915 shutdown_connections
2024-04-25T12:50:38.988 INFO:teuthology.orchestra.run.smithi083.stdout:/usr/bin/ceph: stderr
2024-04-25T12:50:33.160+0000 7f72cfc6a700 1 -- 172.21.15.83:0/1254529915 wait complete.
2024-04-25T12:50:38.988 INFO:teuthology.orchestra.run.smithi083.stdout:/usr/bin/ceph: stderr
2024-04-25T12:50:33.161+0000 7f72cfc6a700 1 Processor -- start
2024-04-25T12:50:38.988 INFO:teuthology.orchestra.run.smithi083.stdout:/usr/bin/ceph: stderr
2024-04-25T12:50:33.161+0000 7f72cfc6a700 1 -- start start
2024-04-25T12:50:38.988 INFO:teuthology.orchestra.run.smithi083.stdout:/usr/bin/ceph: stderr
2024-04-25T12:50:33.161+0000 7f72cfc6a700 1 --2- >> [v2:172.21.15.83:3300/0,v1:172.21.15.83:6789/0] conn(0x7f72c81090c0 0x7f72c819c3f0 unknown :-1 s=NONE pgs=0 cs=0 l=1 rev1=0 crypto rx=0 tx=0 comp rx=0 tx=0).connect
2024-04-25T12:50:38.988 INFO:teuthology.orchestra.run.smithi083.stdout:/usr/bin/ceph: stderr
2024-04-25T12:50:33.161+0000 7f72cfc6a700 1 -- --> [v2:172.21.15.83:3300/0,v1:172.21.15.83:6789/0] -- mon_getmap magic: 0 -- 0x7f72c810c9a0 con 0x7f72c81090c0
2024-04-25T12:50:38.988 INFO:teuthology.orchestra.run.smithi083.stdout:/usr/bin/ceph: stderr
2024-04-25T12:50:33.161+0000 7f72cda06700 1 --2- >> [v2:172.21.15.83:3300/0,v1:172.21.15.83:6789/0] conn(0x7f72c81090c0 0x7f72c819c3f0 unknown :-1 s=BANNER_CONNECTING pgs=0 cs=0 l=1 rev1=0 crypto rx=0 tx=0 comp rx=0 tx=0)._handle_peer_banner_payload supported=3 required=0
2024-04-25T12:50:38.988 INFO:teuthology.orchestra.run.smithi083.stdout:/usr/bin/ceph: stderr
2024-04-25T12:50:33.161+0000 7f72cda06700 1 --2- >> [v2:172.21.15.83:3300/0,v1:172.21.15.83:6789/0] conn(0x7f72c81090c0 0x7f72c819c3f0 unknown :-1 s=HELLO_CONNECTING pgs=0 cs=0 l=1 rev1=1 crypto rx=0 tx=0 comp rx=0 tx=0).handle_hello peer v2:172.21.15.83:3300/0 says I am v2:172.21.15.83:59116/0 (socket says 172.21.15.83:59116)
2024-04-25T12:50:38.988 INFO:teuthology.orchestra.run.smithi083.stdout:/usr/bin/ceph: stderr
2024-04-25T12:50:33.161+0000 7f72cda06700 1 -- 172.21.15.83:0/4018537464 learned_addr learned my addr 172.21.15.83:0/4018537464 (peer_addr_for_me v2:172.21.15.83:0/0)
2024-04-25T12:50:38.988 INFO:teuthology.orchestra.run.smithi083.stdout:/usr/bin/ceph: stderr
2024-04-25T12:50:33.161+0000 7f72cda06700 1 -- 172.21.15.83:0/4018537464 --> [v2:172.21.15.83:3300/0,v1:172.21.15.83:6789/0] -- mon_subscribe({config=0+,monmap=0+}) -- 0x7f72c819c930 con 0x7f72c81090c0
2024-04-25T12:50:38.988 INFO:teuthology.orchestra.run.smithi083.stdout:/usr/bin/ceph: stderr
2024-04-25T12:50:33.161+0000 7f72cda06700 1 --2- 172.21.15.83:0/4018537464 >> [v2:172.21.15.83:3300/0,v1:172.21.15.83:6789/0] conn(0x7f72c81090c0 0x7f72c819c3f0 secure :-1 s=READY pgs=62 cs=0 l=1 rev1=1 crypto rx=0x7f72c40116e0 tx=0x7f72c4011aa0 comp rx=0 tx=0).ready entity=mon.0 client_cookie=0 server_cookie=0 in_seq=0 out_seq=0
2024-04-25T12:50:38.989 INFO:teuthology.orchestra.run.smithi083.stdout:/usr/bin/ceph: stderr
2024-04-25T12:50:33.162+0000 7f72beffd700 1 -- 172.21.15.83:0/4018537464 <== mon.0 v2:172.21.15.83:3300/0 1 ==== mon_map magic: 0 ==== 205+0+0 (secure 0 0 0) 0x7f72c4003a60 con 0x7f72c81090c0
2024-04-25T12:50:38.989 INFO:teuthology.orchestra.run.smithi083.stdout:/usr/bin/ceph: stderr
2024-04-25T12:50:33.162+0000 7f72beffd700 1 -- 172.21.15.83:0/4018537464 <== mon.0 v2:172.21.15.83:3300/0 2 ==== config(26 keys) ==== 1101+0+0 (secure 0 0 0) 0x7f72c401b8f0 con 0x7f72c81090c0
2024-04-25T12:50:38.989 INFO:teuthology.orchestra.run.smithi083.stdout:/usr/bin/ceph: stderr
2024-04-25T12:50:33.162+0000 7f72cfc6a700 1 -- 172.21.15.83:0/4018537464 --> [v2:172.21.15.83:3300/0,v1:172.21.15.83:6789/0] -- mon_subscribe({mgrmap=0+}) -- 0x7f72c819cbc0 con 0x7f72c81090c0
2024-04-25T12:50:38.989 INFO:teuthology.orchestra.run.smithi083.stdout:/usr/bin/ceph: stderr
2024-04-25T12:50:33.162+0000 7f72beffd700 1 -- 172.21.15.83:0/4018537464 <== mon.0 v2:172.21.15.83:3300/0 3 ==== mon_map magic: 0 ==== 205+0+0 (secure 0 0 0) 0x7f72c4019860 con 0x7f72c81090c0
2024-04-25T12:50:38.989 INFO:teuthology.orchestra.run.smithi083.stdout:/usr/bin/ceph: stderr
2024-04-25T12:50:33.162+0000 7f72cfc6a700 1 -- 172.21.15.83:0/4018537464 --> [v2:172.21.15.83:3300/0,v1:172.21.15.83:6789/0] -- mon_subscribe({osdmap=0}) -- 0x7f72c819f8b0 con 0x7f72c81090c0
2024-04-25T12:50:38.989 INFO:teuthology.orchestra.run.smithi083.stdout:/usr/bin/ceph: stderr
2024-04-25T12:50:33.163+0000 7f72beffd700 1 -- 172.21.15.83:0/4018537464 <== mon.0 v2:172.21.15.83:3300/0 4 ==== mgrmap(e 9) ==== 46571+0+0 (secure 0 0 0) 0x7f72c4019b30 con 0x7f72c81090c0
2024-04-25T12:50:38.989 INFO:teuthology.orchestra.run.smithi083.stdout:/usr/bin/ceph: stderr
2024-04-25T12:50:33.163+0000 7f72beffd700 1 --2- 172.21.15.83:0/4018537464 >> [v2:172.21.15.83:6800/378436959,v1:172.21.15.83:6801/378436959] conn(0x7f72b4039610 0x7f72b403bad0 unknown :-1 s=NONE pgs=0 cs=0 l=1 rev1=0 crypto rx=0 tx=0 comp rx=0 tx=0).connect
2024-04-25T12:50:38.989 INFO:teuthology.orchestra.run.smithi083.stdout:/usr/bin/ceph: stderr
2024-04-25T12:50:33.163+0000 7f72beffd700 1 -- 172.21.15.83:0/4018537464 <== mon.0 v2:172.21.15.83:3300/0 5 ==== osd_map(2..2 src has 1..2) ==== 940+0+0 (secure 0 0 0) 0x7f72c404f830 con 0x7f72c81090c0
2024-04-25T12:50:38.989 INFO:teuthology.orchestra.run.smithi083.stdout:/usr/bin/ceph: stderr
2024-04-25T12:50:33.163+0000 7f72cd205700 1 -- 172.21.15.83:0/4018537464 >> [v2:172.21.15.83:6800/378436959,v1:172.21.15.83:6801/378436959] conn(0x7f72b4039610 msgr2=0x7f72b403bad0 unknown :-1 s=STATE_CONNECTING_RE l=1).process reconnect failed to v2:172.21.15.83:6800/378436959
2024-04-25T12:50:38.989 INFO:teuthology.orchestra.run.smithi083.stdout:/usr/bin/ceph: stderr
2024-04-25T12:50:33.163+0000 7f72cd205700 1 --2- 172.21.15.83:0/4018537464 >> [v2:172.21.15.83:6800/378436959,v1:172.21.15.83:6801/378436959] conn(0x7f72b4039610 0x7f72b403bad0 unknown :-1 s=START_CONNECT pgs=0 cs=0 l=1 rev1=0 crypto rx=0 tx=0 comp rx=0 tx=0)._fault waiting 0.200000
2024-04-25T12:50:38.989 INFO:teuthology.orchestra.run.smithi083.stdout:/usr/bin/ceph: stderr
2024-04-25T12:50:33.163+0000 7f72cfc6a700 1 -- 172.21.15.83:0/4018537464 --> [v2:172.21.15.83:6800/378436959,v1:172.21.15.83:6801/378436959] -- command(tid 0: {"prefix": "get_command_descriptions"}) -- 0x7f72c8069b80 con 0x7f72b4039610
2024-04-25T12:50:38.989 INFO:teuthology.orchestra.run.smithi083.stdout:/usr/bin/ceph: stderr
2024-04-25T12:50:33.364+0000 7f72cd205700 1 -- 172.21.15.83:0/4018537464 >> [v2:172.21.15.83:6800/378436959,v1:172.21.15.83:6801/378436959] conn(0x7f72b4039610 msgr2=0x7f72b403bad0 unknown :-1 s=STATE_CONNECTING_RE l=1).process reconnect failed to v2:172.21.15.83:6800/378436959
2024-04-25T12:50:38.989 INFO:teuthology.orchestra.run.smithi083.stdout:/usr/bin/ceph: stderr
2024-04-25T12:50:33.364+0000 7f72cd205700 1 --2- 172.21.15.83:0/4018537464 >> [v2:172.21.15.83:6800/378436959,v1:172.21.15.83:6801/378436959] conn(0x7f72b4039610 0x7f72b403bad0 unknown :-1 s=START_CONNECT pgs=0 cs=0 l=1 rev1=0 crypto rx=0 tx=0 comp rx=0 tx=0)._fault waiting 0.400000
2024-04-25T12:50:38.990 INFO:teuthology.orchestra.run.smithi083.stdout:/usr/bin/ceph: stderr
2024-04-25T12:50:33.765+0000 7f72cd205700 1 -- 172.21.15.83:0/4018537464 >> [v2:172.21.15.83:6800/378436959,v1:172.21.15.83:6801/378436959] conn(0x7f72b4039610 msgr2=0x7f72b403bad0 unknown :-1 s=STATE_CONNECTING_RE l=1).process reconnect failed to v2:172.21.15.83:6800/378436959
2024-04-25T12:50:38.990 INFO:teuthology.orchestra.run.smithi083.stdout:/usr/bin/ceph: stderr
2024-04-25T12:50:33.765+0000 7f72cd205700 1 --2- 172.21.15.83:0/4018537464 >> [v2:172.21.15.83:6800/378436959,v1:172.21.15.83:6801/378436959] conn(0x7f72b4039610 0x7f72b403bad0 unknown :-1 s=START_CONNECT pgs=0 cs=0 l=1 rev1=0 crypto rx=0 tx=0 comp rx=0 tx=0)._fault waiting 0.800000
2024-04-25T12:50:38.990 INFO:teuthology.orchestra.run.smithi083.stdout:/usr/bin/ceph: stderr
2024-04-25T12:50:34.566+0000 7f72cd205700 1 -- 172.21.15.83:0/4018537464 >> [v2:172.21.15.83:6800/378436959,v1:172.21.15.83:6801/378436959] conn(0x7f72b4039610 msgr2=0x7f72b403bad0 unknown :-1 s=STATE_CONNECTING_RE l=1).process reconnect failed to v2:172.21.15.83:6800/378436959
2024-04-25T12:50:38.990 INFO:teuthology.orchestra.run.smithi083.stdout:/usr/bin/ceph: stderr
2024-04-25T12:50:34.566+0000 7f72cd205700 1 --2- 172.21.15.83:0/4018537464 >> [v2:172.21.15.83:6800/378436959,v1:172.21.15.83:6801/378436959] conn(0x7f72b4039610 0x7f72b403bad0 unknown :-1 s=START_CONNECT pgs=0 cs=0 l=1 rev1=0 crypto rx=0 tx=0 comp rx=0 tx=0)._fault waiting 1.600000
2024-04-25T12:50:38.990 INFO:teuthology.orchestra.run.smithi083.stdout:/usr/bin/ceph: stderr
2024-04-25T12:50:36.167+0000 7f72cd205700 1 -- 172.21.15.83:0/4018537464 >> [v2:172.21.15.83:6800/378436959,v1:172.21.15.83:6801/378436959] conn(0x7f72b4039610 msgr2=0x7f72b403bad0 unknown :-1 s=STATE_CONNECTING_RE l=1).process reconnect failed to v2:172.21.15.83:6800/378436959
2024-04-25T12:50:38.990 INFO:teuthology.orchestra.run.smithi083.stdout:/usr/bin/ceph: stderr
2024-04-25T12:50:36.167+0000 7f72cd205700 1 --2- 172.21.15.83:0/4018537464 >> [v2:172.21.15.83:6800/378436959,v1:172.21.15.83:6801/378436959] conn(0x7f72b4039610 0x7f72b403bad0 unknown :-1 s=START_CONNECT pgs=0 cs=0 l=1 rev1=0 crypto rx=0 tx=0 comp rx=0 tx=0)._fault waiting 3.200000
2024-04-25T12:50:38.990 INFO:teuthology.orchestra.run.smithi083.stdout:/usr/bin/ceph: stderr
2024-04-25T12:50:37.388+0000 7f72beffd700 1 -- 172.21.15.83:0/4018537464 <== mon.0 v2:172.21.15.83:3300/0 6 ==== mgrmap(e 10) ==== 46338+0+0 (secure 0 0 0) 0x7f72c401ac70 con 0x7f72c81090c0
2024-04-25T12:50:38.990 INFO:teuthology.orchestra.run.smithi083.stdout:/usr/bin/ceph: stderr
2024-04-25T12:50:37.388+0000 7f72beffd700 1 -- 172.21.15.83:0/4018537464 >> [v2:172.21.15.83:6800/378436959,v1:172.21.15.83:6801/378436959] conn(0x7f72b4039610 msgr2=0x7f72b403bad0 unknown :-1 s=STATE_CONNECTING l=1).mark_down
2024-04-25T12:50:38.990 INFO:teuthology.orchestra.run.smithi083.stdout:/usr/bin/ceph: stderr
2024-04-25T12:50:37.388+0000 7f72beffd700 1 --2- 172.21.15.83:0/4018537464 >> [v2:172.21.15.83:6800/378436959,v1:172.21.15.83:6801/378436959] conn(0x7f72b4039610 0x7f72b403bad0 unknown :-1 s=START_CONNECT pgs=0 cs=0 l=1 rev1=0 crypto rx=0 tx=0 comp rx=0 tx=0).stop
2024-04-25T12:50:38.990 INFO:teuthology.orchestra.run.smithi083.stdout:/usr/bin/ceph: stderr
2024-04-25T12:50:38.389+0000 7f72beffd700 1 -- 172.21.15.83:0/4018537464 <== mon.0 v2:172.21.15.83:3300/0 7 ==== mgrmap(e 11) ==== 46465+0+0 (secure 0 0 0) 0x7f72c40395f0 con 0x7f72c81090c0
2024-04-25T12:50:38.990 INFO:teuthology.orchestra.run.smithi083.stdout:/usr/bin/ceph: stderr
2024-04-25T12:50:38.390+0000 7f72beffd700 1 --2- 172.21.15.83:0/4018537464 >> [v2:172.21.15.83:6800/3687528650,v1:172.21.15.83:6801/3687528650] conn(0x7f72b403cea0 0x7f72b403f290 unknown :-1 s=NONE pgs=0 cs=0 l=1 rev1=0 crypto rx=0 tx=0 comp rx=0 tx=0).connect
2024-04-25T12:50:38.991 INFO:teuthology.orchestra.run.smithi083.stdout:/usr/bin/ceph: stderr
2024-04-25T12:50:38.390+0000 7f72beffd700 1 -- 172.21.15.83:0/4018537464 --> [v2:172.21.15.83:6800/3687528650,v1:172.21.15.83:6801/3687528650] -- command(tid 0: {"prefix": "get_command_descriptions"}) -- 0x7f72c4004300 con 0x7f72b403cea0
2024-04-25T12:50:38.991 INFO:teuthology.orchestra.run.smithi083.stdout:/usr/bin/ceph: stderr
2024-04-25T12:50:38.390+0000 7f72cd205700 1 --2- 172.21.15.83:0/4018537464 >> [v2:172.21.15.83:6800/3687528650,v1:172.21.15.83:6801/3687528650] conn(0x7f72b403cea0 0x7f72b403f290 unknown :-1 s=BANNER_CONNECTING pgs=0 cs=0 l=1 rev1=0 crypto rx=0 tx=0 comp rx=0 tx=0)._handle_peer_banner_payload supported=3 required=0
2024-04-25T12:50:38.991 INFO:teuthology.orchestra.run.smithi083.stdout:/usr/bin/ceph: stderr
2024-04-25T12:50:38.391+0000 7f72cd205700 1 --2- 172.21.15.83:0/4018537464 >> [v2:172.21.15.83:6800/3687528650,v1:172.21.15.83:6801/3687528650] conn(0x7f72b403cea0 0x7f72b403f290 secure :-1 s=READY pgs=1 cs=0 l=1 rev1=1 crypto rx=0x7f72b8003a10 tx=0x7f72b8009270 comp rx=0 tx=0).ready entity=mgr.14152 client_cookie=0 server_cookie=0 in_seq=0 out_seq=0
2024-04-25T12:50:38.991 INFO:teuthology.orchestra.run.smithi083.stdout:/usr/bin/ceph: stderr
2024-04-25T12:50:38.391+0000 7f72beffd700 1 -- 172.21.15.83:0/4018537464 <== mgr.14152 v2:172.21.15.83:6800/3687528650 1 ==== command_reply(tid 0: 0 ) ==== 8+0+7774 (secure 0 0 0) 0x7f72c4004300 con 0x7f72b403cea0
2024-04-25T12:50:38.991 INFO:teuthology.orchestra.run.smithi083.stdout:/usr/bin/ceph: stderr
2024-04-25T12:50:38.397+0000 7f72cfc6a700 1 -- 172.21.15.83:0/4018537464 --> [v2:172.21.15.83:6800/3687528650,v1:172.21.15.83:6801/3687528650] -- command(tid 1: {"prefix": "mgr_status"}) -- 0x7f72c819d0a0 con 0x7f72b403cea0
2024-04-25T12:50:38.991 INFO:teuthology.orchestra.run.smithi083.stdout:/usr/bin/ceph: stderr
2024-04-25T12:50:38.398+0000 7f72beffd700 1 -- 172.21.15.83:0/4018537464 <== mgr.14152 v2:172.21.15.83:6800/3687528650 2 ==== command_reply(tid 1: 0 ) ==== 8+0+52 (secure 0 0 0) 0x7f72c819d0a0 con 0x7f72b403cea0
2024-04-25T12:50:38.991 INFO:teuthology.orchestra.run.smithi083.stdout:/usr/bin/ceph: stderr
2024-04-25T12:50:38.398+0000 7f72cfc6a700 1 -- 172.21.15.83:0/4018537464 >> [v2:172.21.15.83:6800/3687528650,v1:172.21.15.83:6801/3687528650] conn(0x7f72b403cea0 msgr2=0x7f72b403f290 secure :-1 s=STATE_CONNECTION_ESTABLISHED l=1).mark_down
2024-04-25T12:50:38.991 INFO:teuthology.orchestra.run.smithi083.stdout:/usr/bin/ceph: stderr
2024-04-25T12:50:38.398+0000 7f72cfc6a700 1 --2- 172.21.15.83:0/4018537464 >> [v2:172.21.15.83:6800/3687528650,v1:172.21.15.83:6801/3687528650] conn(0x7f72b403cea0 0x7f72b403f290 secure :-1 s=READY pgs=1 cs=0 l=1 rev1=1 crypto rx=0x7f72b8003a10 tx=0x7f72b8009270 comp rx=0 tx=0).stop
2024-04-25T12:50:38.991 INFO:teuthology.orchestra.run.smithi083.stdout:/usr/bin/ceph: stderr
2024-04-25T12:50:38.398+0000 7f72cfc6a700 1 -- 172.21.15.83:0/4018537464 >> [v2:172.21.15.83:3300/0,v1:172.21.15.83:6789/0] conn(0x7f72c81090c0 msgr2=0x7f72c819c3f0 secure :-1 s=STATE_CONNECTION_ESTABLISHED l=1).mark_down
2024-04-25T12:50:38.991 INFO:teuthology.orchestra.run.smithi083.stdout:/usr/bin/ceph: stderr
2024-04-25T12:50:38.398+0000 7f72cfc6a700 1 --2- 172.21.15.83:0/4018537464 >> [v2:172.21.15.83:3300/0,v1:172.21.15.83:6789/0] conn(0x7f72c81090c0 0x7f72c819c3f0 secure :-1 s=READY pgs=62 cs=0 l=1 rev1=1 crypto rx=0x7f72c40116e0 tx=0x7f72c4011aa0 comp rx=0 tx=0).stop
2024-04-25T12:50:38.991 INFO:teuthology.orchestra.run.smithi083.stdout:/usr/bin/ceph: stderr
2024-04-25T12:50:38.398+0000 7f72cfc6a700 1 -- 172.21.15.83:0/4018537464 shutdown_connections
2024-04-25T12:50:38.991 INFO:teuthology.orchestra.run.smithi083.stdout:/usr/bin/ceph: stderr
2024-04-25T12:50:38.398+0000 7f72cfc6a700 1 --2- 172.21.15.83:0/4018537464 >> [v2:172.21.15.83:6800/3687528650,v1:172.21.15.83:6801/3687528650] conn(0x7f72b403cea0 0x7f72b403f290 unknown :-1 s=CLOSED pgs=1 cs=0 l=1 rev1=1 crypto rx=0 tx=0 comp rx=0 tx=0).stop
2024-04-25T12:50:38.991 INFO:teuthology.orchestra.run.smithi083.stdout:/usr/bin/ceph: stderr
2024-04-25T12:50:38.398+0000 7f72cfc6a700 1 --2- 172.21.15.83:0/4018537464 >> [v2:172.21.15.83:3300/0,v1:172.21.15.83:6789/0] conn(0x7f72c81090c0 0x7f72c819c3f0 unknown :-1 s=CLOSED pgs=62 cs=0 l=1 rev1=1 crypto rx=0 tx=0 comp rx=0 tx=0).stop
2024-04-25T12:50:38.991 INFO:teuthology.orchestra.run.smithi083.stdout:/usr/bin/ceph: stderr
2024-04-25T12:50:38.398+0000 7f72cfc6a700 1 --2- 172.21.15.83:0/4018537464 >> [v2:172.21.15.83:6800/378436959,v1:172.21.15.83:6801/378436959] conn(0x7f72b4039610 0x7f72b403bad0 unknown :-1 s=CLOSED pgs=0 cs=0 l=1 rev1=0 crypto rx=0 tx=0 comp rx=0 tx=0).stop
2024-04-25T12:50:38.992 INFO:teuthology.orchestra.run.smithi083.stdout:/usr/bin/ceph: stderr
2024-04-25T12:50:38.398+0000 7f72cfc6a700 1 -- 172.21.15.83:0/4018537464 >> 172.21.15.83:0/4018537464 conn(0x7f72c8102a70 msgr2=0x7f72c8103510 unknown :-1 s=STATE_NONE l=0).mark_down
2024-04-25T12:50:38.992 INFO:teuthology.orchestra.run.smithi083.stdout:/usr/bin/ceph: stderr
2024-04-25T12:50:38.398+0000 7f72cfc6a700 1 -- 172.21.15.83:0/4018537464 shutdown_connections
2024-04-25T12:50:38.992 INFO:teuthology.orchestra.run.smithi083.stdout:/usr/bin/ceph: stderr
2024-04-25T12:50:38.398+0000 7f72cfc6a700 1 -- 172.21.15.83:0/4018537464 wait complete.
2024-04-25T12:50:38.992 INFO:teuthology.orchestra.run.smithi083.stdout:mgr epoch 9 is available
2024-04-25T12:50:38.992 INFO:teuthology.orchestra.run.smithi083.stdout:Generating a dashboard self-signed certificate...
2024-04-25T12:50:39.722 INFO:journalctl@ceph.mon.a.smithi083.stdout:Apr 25 12:50:39 smithi083 ceph-mon[29240]: [25/Apr/2024:12:50:37] ENGINE Bus STARTING
2024-04-25T12:50:39.722 INFO:journalctl@ceph.mon.a.smithi083.stdout:Apr 25 12:50:39 smithi083 ceph-mon[29240]: [25/Apr/2024:12:50:37] ENGINE Serving on http://172.21.15.83:8765
2024-04-25T12:50:39.722 INFO:journalctl@ceph.mon.a.smithi083.stdout:Apr 25 12:50:39 smithi083 ceph-mon[29240]: [25/Apr/2024:12:50:37] ENGINE Serving on https://172.21.15.83:7150
2024-04-25T12:50:39.723 INFO:journalctl@ceph.mon.a.smithi083.stdout:Apr 25 12:50:39 smithi083 ceph-mon[29240]: [25/Apr/2024:12:50:37] ENGINE Bus STARTED
2024-04-25T12:50:39.723 INFO:journalctl@ceph.mon.a.smithi083.stdout:Apr 25 12:50:39 smithi083 ceph-mon[29240]: from='client.14156 -' entity='client.admin' cmd=[{"prefix": "get_command_descriptions"}]: dispatch
2024-04-25T12:50:39.723 INFO:journalctl@ceph.mon.a.smithi083.stdout:Apr 25 12:50:39 smithi083 ceph-mon[29240]: from='client.14156 -' entity='client.admin' cmd=[{"prefix": "mgr_status"}]: dispatch
2024-04-25T12:50:39.723 INFO:journalctl@ceph.mon.a.smithi083.stdout:Apr 25 12:50:39 smithi083 ceph-mon[29240]: from='mgr.14152 172.21.15.83:0/2690174812' entity='mgr.x'
2024-04-25T12:50:40.617 INFO:teuthology.orchestra.run.smithi083.stdout:/usr/bin/ceph: stdout Self-signed certificate created
2024-04-25T12:50:40.617 INFO:teuthology.orchestra.run.smithi083.stdout:/usr/bin/ceph: stderr
2024-04-25T12:50:39.751+0000 7fcc4f0af700 1 Processor -- start
2024-04-25T12:50:40.617 INFO:teuthology.orchestra.run.smithi083.stdout:/usr/bin/ceph: stderr
2024-04-25T12:50:39.751+0000 7fcc4f0af700 1 -- start start
2024-04-25T12:50:40.617 INFO:teuthology.orchestra.run.smithi083.stdout:/usr/bin/ceph: stderr
2024-04-25T12:50:39.752+0000 7fcc4f0af700 1 --2- >> [v2:172.21.15.83:3300/0,v1:172.21.15.83:6789/0] conn(0x7fcc481074d0 0x7fcc481078f0 unknown :-1 s=NONE pgs=0 cs=0 l=0 rev1=0 crypto rx=0 tx=0 comp rx=0 tx=0).connect
2024-04-25T12:50:40.617 INFO:teuthology.orchestra.run.smithi083.stdout:/usr/bin/ceph: stderr
2024-04-25T12:50:39.752+0000 7fcc4f0af700 1 -- --> [v2:172.21.15.83:3300/0,v1:172.21.15.83:6789/0] -- mon_getmap magic: 0 -- 0x7fcc48107ec0 con 0x7fcc481074d0
2024-04-25T12:50:40.617 INFO:teuthology.orchestra.run.smithi083.stdout:/usr/bin/ceph: stderr
2024-04-25T12:50:39.752+0000 7fcc4ce4b700 1 --2- >> [v2:172.21.15.83:3300/0,v1:172.21.15.83:6789/0] conn(0x7fcc481074d0 0x7fcc481078f0 unknown :-1 s=BANNER_CONNECTING pgs=0 cs=0 l=0 rev1=0 crypto rx=0 tx=0 comp rx=0 tx=0)._handle_peer_banner_payload supported=3 required=0
2024-04-25T12:50:40.617 INFO:teuthology.orchestra.run.smithi083.stdout:/usr/bin/ceph: stderr
2024-04-25T12:50:39.752+0000 7fcc4ce4b700 1 --2- >> [v2:172.21.15.83:3300/0,v1:172.21.15.83:6789/0] conn(0x7fcc481074d0 0x7fcc481078f0 unknown :-1 s=HELLO_CONNECTING pgs=0 cs=0 l=0 rev1=1 crypto rx=0 tx=0 comp rx=0 tx=0).handle_hello peer v2:172.21.15.83:3300/0 says I am v2:172.21.15.83:43588/0 (socket says 172.21.15.83:43588)
2024-04-25T12:50:40.617 INFO:teuthology.orchestra.run.smithi083.stdout:/usr/bin/ceph: stderr
2024-04-25T12:50:39.752+0000 7fcc4ce4b700 1 -- 172.21.15.83:0/641537619 learned_addr learned my addr 172.21.15.83:0/641537619 (peer_addr_for_me v2:172.21.15.83:0/0)
2024-04-25T12:50:40.618 INFO:teuthology.orchestra.run.smithi083.stdout:/usr/bin/ceph: stderr
2024-04-25T12:50:39.752+0000 7fcc4ce4b700 1 -- 172.21.15.83:0/641537619 --> [v2:172.21.15.83:3300/0,v1:172.21.15.83:6789/0] -- mon_subscribe({config=0+,monmap=0+}) -- 0x7fcc481086d0 con 0x7fcc481074d0
2024-04-25T12:50:40.618 INFO:teuthology.orchestra.run.smithi083.stdout:/usr/bin/ceph: stderr
2024-04-25T12:50:39.752+0000 7fcc4ce4b700 1 --2- 172.21.15.83:0/641537619 >> [v2:172.21.15.83:3300/0,v1:172.21.15.83:6789/0] conn(0x7fcc481074d0 0x7fcc481078f0 secure :-1 s=READY pgs=70 cs=0 l=1 rev1=1 crypto rx=0x7fcc3c0098a0 tx=0x7fcc3c009bb0 comp rx=0 tx=0).ready entity=mon.0 client_cookie=f0ea4c2e08b9588d server_cookie=0 in_seq=0 out_seq=0
2024-04-25T12:50:40.618 INFO:teuthology.orchestra.run.smithi083.stdout:/usr/bin/ceph: stderr
2024-04-25T12:50:39.752+0000 7fcc477fe700 1 -- 172.21.15.83:0/641537619 <== mon.0 v2:172.21.15.83:3300/0 1 ==== mon_map magic: 0 ==== 205+0+0 (secure 0 0 0) 0x7fcc3c004160 con 0x7fcc481074d0
2024-04-25T12:50:40.618 INFO:teuthology.orchestra.run.smithi083.stdout:/usr/bin/ceph: stderr
2024-04-25T12:50:39.752+0000 7fcc477fe700 1 -- 172.21.15.83:0/641537619 <== mon.0 v2:172.21.15.83:3300/0 2 ==== config(26 keys) ==== 1101+0+0 (secure 0 0 0) 0x7fcc3c004300 con 0x7fcc481074d0
2024-04-25T12:50:40.618 INFO:teuthology.orchestra.run.smithi083.stdout:/usr/bin/ceph: stderr
2024-04-25T12:50:39.752+0000 7fcc477fe700 1 -- 172.21.15.83:0/641537619 <== mon.0 v2:172.21.15.83:3300/0 3 ==== mon_map magic: 0 ==== 205+0+0 (secure 0 0 0) 0x7fcc3c011a20 con 0x7fcc481074d0
2024-04-25T12:50:40.618 INFO:teuthology.orchestra.run.smithi083.stdout:/usr/bin/ceph: stderr
2024-04-25T12:50:39.753+0000 7fcc4f0af700 1 -- 172.21.15.83:0/641537619 >> [v2:172.21.15.83:3300/0,v1:172.21.15.83:6789/0] conn(0x7fcc481074d0 msgr2=0x7fcc481078f0 secure :-1 s=STATE_CONNECTION_ESTABLISHED l=1).mark_down
2024-04-25T12:50:40.618 INFO:teuthology.orchestra.run.smithi083.stdout:/usr/bin/ceph: stderr
2024-04-25T12:50:39.753+0000 7fcc4f0af700 1 --2- 172.21.15.83:0/641537619 >> [v2:172.21.15.83:3300/0,v1:172.21.15.83:6789/0] conn(0x7fcc481074d0 0x7fcc481078f0 secure :-1 s=READY pgs=70 cs=0 l=1 rev1=1 crypto rx=0x7fcc3c0098a0 tx=0x7fcc3c009bb0 comp rx=0 tx=0).stop
2024-04-25T12:50:40.618 INFO:teuthology.orchestra.run.smithi083.stdout:/usr/bin/ceph: stderr
2024-04-25T12:50:39.753+0000 7fcc4f0af700 1 -- 172.21.15.83:0/641537619 shutdown_connections
2024-04-25T12:50:40.618 INFO:teuthology.orchestra.run.smithi083.stdout:/usr/bin/ceph: stderr
2024-04-25T12:50:39.753+0000 7fcc4f0af700 1 --2- 172.21.15.83:0/641537619 >> [v2:172.21.15.83:3300/0,v1:172.21.15.83:6789/0] conn(0x7fcc481074d0 0x7fcc481078f0 unknown :-1 s=CLOSED pgs=70 cs=0 l=1 rev1=1 crypto rx=0 tx=0 comp rx=0 tx=0).stop
2024-04-25T12:50:40.618 INFO:teuthology.orchestra.run.smithi083.stdout:/usr/bin/ceph: stderr
2024-04-25T12:50:39.753+0000 7fcc4f0af700 1 -- 172.21.15.83:0/641537619 >> 172.21.15.83:0/641537619 conn(0x7fcc48102ab0 msgr2=0x7fcc48104ed0 unknown :-1 s=STATE_NONE l=0).mark_down
2024-04-25T12:50:40.618 INFO:teuthology.orchestra.run.smithi083.stdout:/usr/bin/ceph: stderr
2024-04-25T12:50:39.753+0000 7fcc4f0af700 1 -- 172.21.15.83:0/641537619 shutdown_connections
2024-04-25T12:50:40.618 INFO:teuthology.orchestra.run.smithi083.stdout:/usr/bin/ceph: stderr
2024-04-25T12:50:39.753+0000 7fcc4f0af700 1 -- 172.21.15.83:0/641537619 wait complete.
2024-04-25T12:50:40.618 INFO:teuthology.orchestra.run.smithi083.stdout:/usr/bin/ceph: stderr
2024-04-25T12:50:39.754+0000 7fcc4f0af700 1 Processor -- start
2024-04-25T12:50:40.619 INFO:teuthology.orchestra.run.smithi083.stdout:/usr/bin/ceph: stderr
2024-04-25T12:50:39.754+0000 7fcc4f0af700 1 -- start start
2024-04-25T12:50:40.619 INFO:teuthology.orchestra.run.smithi083.stdout:/usr/bin/ceph: stderr
2024-04-25T12:50:39.754+0000 7fcc4f0af700 1 --2- >> [v2:172.21.15.83:3300/0,v1:172.21.15.83:6789/0] conn(0x7fcc481074d0 0x7fcc4819b370 unknown :-1 s=NONE pgs=0 cs=0 l=1 rev1=0 crypto rx=0 tx=0 comp rx=0 tx=0).connect
2024-04-25T12:50:40.619 INFO:teuthology.orchestra.run.smithi083.stdout:/usr/bin/ceph: stderr
2024-04-25T12:50:39.754+0000 7fcc4f0af700 1 -- --> [v2:172.21.15.83:3300/0,v1:172.21.15.83:6789/0] -- mon_getmap magic: 0 -- 0x7fcc4810ba80 con 0x7fcc481074d0
2024-04-25T12:50:40.619 INFO:teuthology.orchestra.run.smithi083.stdout:/usr/bin/ceph: stderr
2024-04-25T12:50:39.754+0000 7fcc4ce4b700 1 --2- >> [v2:172.21.15.83:3300/0,v1:172.21.15.83:6789/0] conn(0x7fcc481074d0 0x7fcc4819b370 unknown :-1 s=BANNER_CONNECTING pgs=0 cs=0 l=1 rev1=0 crypto rx=0 tx=0 comp rx=0 tx=0)._handle_peer_banner_payload supported=3 required=0
2024-04-25T12:50:40.619 INFO:teuthology.orchestra.run.smithi083.stdout:/usr/bin/ceph: stderr
2024-04-25T12:50:39.755+0000 7fcc4ce4b700 1 --2- >> [v2:172.21.15.83:3300/0,v1:172.21.15.83:6789/0] conn(0x7fcc481074d0 0x7fcc4819b370 unknown :-1 s=HELLO_CONNECTING pgs=0 cs=0 l=1 rev1=1 crypto rx=0 tx=0 comp rx=0 tx=0).handle_hello peer v2:172.21.15.83:3300/0 says I am v2:172.21.15.83:43604/0 (socket says 172.21.15.83:43604)
2024-04-25T12:50:40.619 INFO:teuthology.orchestra.run.smithi083.stdout:/usr/bin/ceph: stderr
2024-04-25T12:50:39.755+0000 7fcc4ce4b700 1 -- 172.21.15.83:0/4280087229 learned_addr learned my addr 172.21.15.83:0/4280087229 (peer_addr_for_me v2:172.21.15.83:0/0)
2024-04-25T12:50:40.619 INFO:teuthology.orchestra.run.smithi083.stdout:/usr/bin/ceph: stderr
2024-04-25T12:50:39.755+0000 7fcc4ce4b700 1 -- 172.21.15.83:0/4280087229 --> [v2:172.21.15.83:3300/0,v1:172.21.15.83:6789/0] -- mon_subscribe({config=0+,monmap=0+}) -- 0x7fcc4819b8b0 con 0x7fcc481074d0
2024-04-25T12:50:40.619 INFO:teuthology.orchestra.run.smithi083.stdout:/usr/bin/ceph: stderr
2024-04-25T12:50:39.755+0000 7fcc4ce4b700 1 --2- 172.21.15.83:0/4280087229 >> [v2:172.21.15.83:3300/0,v1:172.21.15.83:6789/0] conn(0x7fcc481074d0 0x7fcc4819b370 secure :-1 s=READY pgs=71 cs=0 l=1 rev1=1 crypto rx=0x7fcc3c0116e0 tx=0x7fcc3c011aa0 comp rx=0 tx=0).ready entity=mon.0 client_cookie=0 server_cookie=0 in_seq=0 out_seq=0
2024-04-25T12:50:40.619 INFO:teuthology.orchestra.run.smithi083.stdout:/usr/bin/ceph: stderr
2024-04-25T12:50:39.755+0000 7fcc45ffb700 1 -- 172.21.15.83:0/4280087229 <== mon.0 v2:172.21.15.83:3300/0 1 ==== mon_map magic: 0 ==== 205+0+0 (secure 0 0 0) 0x7fcc3c0039e0 con 0x7fcc481074d0
2024-04-25T12:50:40.619 INFO:teuthology.orchestra.run.smithi083.stdout:/usr/bin/ceph: stderr
2024-04-25T12:50:39.755+0000 7fcc4f0af700 1 -- 172.21.15.83:0/4280087229 --> [v2:172.21.15.83:3300/0,v1:172.21.15.83:6789/0] -- mon_subscribe({mgrmap=0+}) -- 0x7fcc4819bb40 con 0x7fcc481074d0
2024-04-25T12:50:40.619 INFO:teuthology.orchestra.run.smithi083.stdout:/usr/bin/ceph: stderr
2024-04-25T12:50:39.755+0000 7fcc45ffb700 1 -- 172.21.15.83:0/4280087229 <== mon.0 v2:172.21.15.83:3300/0 2 ==== config(26 keys) ==== 1101+0+0 (secure 0 0 0) 0x7fcc3c01aa10 con 0x7fcc481074d0
2024-04-25T12:50:40.619 INFO:teuthology.orchestra.run.smithi083.stdout:/usr/bin/ceph: stderr
2024-04-25T12:50:39.755+0000 7fcc45ffb700 1 -- 172.21.15.83:0/4280087229 <== mon.0 v2:172.21.15.83:3300/0 3 ==== mon_map magic: 0 ==== 205+0+0 (secure 0 0 0) 0x7fcc3c0238d0 con 0x7fcc481074d0
2024-04-25T12:50:40.619 INFO:teuthology.orchestra.run.smithi083.stdout:/usr/bin/ceph: stderr
2024-04-25T12:50:39.755+0000 7fcc4f0af700 1 -- 172.21.15.83:0/4280087229 --> [v2:172.21.15.83:3300/0,v1:172.21.15.83:6789/0] -- mon_subscribe({osdmap=0}) -- 0x7fcc48062e80 con 0x7fcc481074d0
2024-04-25T12:50:40.619 INFO:teuthology.orchestra.run.smithi083.stdout:/usr/bin/ceph: stderr
2024-04-25T12:50:39.756+0000 7fcc4f0af700 1 -- 172.21.15.83:0/4280087229 --> [v2:172.21.15.83:3300/0,v1:172.21.15.83:6789/0] -- mon_command({"prefix": "get_command_descriptions"} v 0) -- 0x7fcc4810bc00 con 0x7fcc481074d0
2024-04-25T12:50:40.620 INFO:teuthology.orchestra.run.smithi083.stdout:/usr/bin/ceph: stderr
2024-04-25T12:50:39.756+0000 7fcc45ffb700 1 -- 172.21.15.83:0/4280087229 <== mon.0 v2:172.21.15.83:3300/0 4 ==== mgrmap(e 12) ==== 46571+0+0 (secure 0 0 0) 0x7fcc3c023b10 con 0x7fcc481074d0
2024-04-25T12:50:40.620 INFO:teuthology.orchestra.run.smithi083.stdout:/usr/bin/ceph: stderr
2024-04-25T12:50:39.756+0000 7fcc45ffb700 1 --2- 172.21.15.83:0/4280087229 >> [v2:172.21.15.83:6800/3687528650,v1:172.21.15.83:6801/3687528650] conn(0x7fcc380395b0 0x7fcc3803ba70 unknown :-1 s=NONE pgs=0 cs=0 l=1 rev1=0 crypto rx=0 tx=0 comp rx=0 tx=0).connect
2024-04-25T12:50:40.620 INFO:teuthology.orchestra.run.smithi083.stdout:/usr/bin/ceph: stderr
2024-04-25T12:50:39.757+0000 7fcc45ffb700 1 -- 172.21.15.83:0/4280087229 <== mon.0 v2:172.21.15.83:3300/0 5 ==== osd_map(3..3 src has 1..3) ==== 1155+0+0 (secure 0 0 0) 0x7fcc3c04fb20 con 0x7fcc481074d0
2024-04-25T12:50:40.620 INFO:teuthology.orchestra.run.smithi083.stdout:/usr/bin/ceph: stderr
2024-04-25T12:50:39.757+0000 7fcc47fff700 1 --2- 172.21.15.83:0/4280087229 >> [v2:172.21.15.83:6800/3687528650,v1:172.21.15.83:6801/3687528650] conn(0x7fcc380395b0 0x7fcc3803ba70 unknown :-1 s=BANNER_CONNECTING pgs=0 cs=0 l=1 rev1=0 crypto rx=0 tx=0 comp rx=0 tx=0)._handle_peer_banner_payload supported=3 required=0
2024-04-25T12:50:40.620 INFO:teuthology.orchestra.run.smithi083.stdout:/usr/bin/ceph: stderr
2024-04-25T12:50:39.757+0000 7fcc47fff700 1 --2- 172.21.15.83:0/4280087229 >> [v2:172.21.15.83:6800/3687528650,v1:172.21.15.83:6801/3687528650] conn(0x7fcc380395b0 0x7fcc3803ba70 secure :-1 s=READY pgs=7 cs=0 l=1 rev1=1 crypto rx=0x7fcc34006fd0 tx=0x7fcc34006e40 comp rx=0 tx=0).ready entity=mgr.14152 client_cookie=0 server_cookie=0 in_seq=0 out_seq=0
2024-04-25T12:50:40.620 INFO:teuthology.orchestra.run.smithi083.stdout:/usr/bin/ceph: stderr
2024-04-25T12:50:39.766+0000 7fcc45ffb700 1 -- 172.21.15.83:0/4280087229 <== mon.0 v2:172.21.15.83:3300/0 6 ==== mon_command_ack([{"prefix": "get_command_descriptions"}]=0 v0) ==== 72+0+188370 (secure 0 0 0) 0x7fcc3c023e00 con 0x7fcc481074d0
2024-04-25T12:50:40.620 INFO:teuthology.orchestra.run.smithi083.stdout:/usr/bin/ceph: stderr
2024-04-25T12:50:39.986+0000 7fcc4f0af700 1 -- 172.21.15.83:0/4280087229 --> [v2:172.21.15.83:6800/3687528650,v1:172.21.15.83:6801/3687528650] -- mgr_command(tid 0: {"prefix": "dashboard create-self-signed-cert", "target": ["mon-mgr", ""]}) -- 0x7fcc48103c70 con 0x7fcc380395b0
2024-04-25T12:50:40.620 INFO:teuthology.orchestra.run.smithi083.stdout:/usr/bin/ceph: stderr
2024-04-25T12:50:40.053+0000 7fcc45ffb700 1 -- 172.21.15.83:0/4280087229 <== mgr.14152 v2:172.21.15.83:6800/3687528650 1 ==== mgr_command_reply(tid 0: 0 ) ==== 8+0+32 (secure 0 0 0) 0x7fcc48103c70 con 0x7fcc380395b0
2024-04-25T12:50:40.621 INFO:teuthology.orchestra.run.smithi083.stdout:/usr/bin/ceph: stderr
2024-04-25T12:50:40.056+0000 7fcc4f0af700 1 -- 172.21.15.83:0/4280087229 >> [v2:172.21.15.83:6800/3687528650,v1:172.21.15.83:6801/3687528650] conn(0x7fcc380395b0 msgr2=0x7fcc3803ba70 secure :-1 s=STATE_CONNECTION_ESTABLISHED l=1).mark_down
2024-04-25T12:50:40.621 INFO:teuthology.orchestra.run.smithi083.stdout:/usr/bin/ceph: stderr
2024-04-25T12:50:40.056+0000 7fcc4f0af700 1 --2- 172.21.15.83:0/4280087229 >> [v2:172.21.15.83:6800/3687528650,v1:172.21.15.83:6801/3687528650] conn(0x7fcc380395b0 0x7fcc3803ba70 secure :-1 s=READY pgs=7 cs=0 l=1 rev1=1 crypto rx=0x7fcc34006fd0 tx=0x7fcc34006e40 comp rx=0 tx=0).stop
2024-04-25T12:50:40.621 INFO:teuthology.orchestra.run.smithi083.stdout:/usr/bin/ceph: stderr
2024-04-25T12:50:40.056+0000 7fcc4f0af700 1 -- 172.21.15.83:0/4280087229 >> [v2:172.21.15.83:3300/0,v1:172.21.15.83:6789/0] conn(0x7fcc481074d0 msgr2=0x7fcc4819b370 secure :-1 s=STATE_CONNECTION_ESTABLISHED l=1).mark_down
2024-04-25T12:50:40.621 INFO:teuthology.orchestra.run.smithi083.stdout:/usr/bin/ceph: stderr
2024-04-25T12:50:40.056+0000 7fcc4f0af700 1 --2- 172.21.15.83:0/4280087229 >> [v2:172.21.15.83:3300/0,v1:172.21.15.83:6789/0] conn(0x7fcc481074d0 0x7fcc4819b370 secure :-1 s=READY pgs=71 cs=0 l=1 rev1=1 crypto rx=0x7fcc3c0116e0 tx=0x7fcc3c011aa0 comp rx=0 tx=0).stop
2024-04-25T12:50:40.621 INFO:teuthology.orchestra.run.smithi083.stdout:/usr/bin/ceph: stderr
2024-04-25T12:50:40.056+0000 7fcc4f0af700 1 -- 172.21.15.83:0/4280087229 shutdown_connections
2024-04-25T12:50:40.621 INFO:teuthology.orchestra.run.smithi083.stdout:/usr/bin/ceph: stderr
2024-04-25T12:50:40.056+0000 7fcc4f0af700 1 --2- 172.21.15.83:0/4280087229 >> [v2:172.21.15.83:6800/3687528650,v1:172.21.15.83:6801/3687528650] conn(0x7fcc380395b0 0x7fcc3803ba70 unknown :-1 s=CLOSED pgs=7 cs=0 l=1 rev1=1 crypto rx=0 tx=0 comp rx=0 tx=0).stop
2024-04-25T12:50:40.621 INFO:teuthology.orchestra.run.smithi083.stdout:/usr/bin/ceph: stderr
2024-04-25T12:50:40.056+0000 7fcc4f0af700 1 --2- 172.21.15.83:0/4280087229 >> [v2:172.21.15.83:3300/0,v1:172.21.15.83:6789/0] conn(0x7fcc481074d0 0x7fcc4819b370 unknown :-1 s=CLOSED pgs=71 cs=0 l=1 rev1=1 crypto rx=0 tx=0 comp rx=0 tx=0).stop
2024-04-25T12:50:40.621 INFO:teuthology.orchestra.run.smithi083.stdout:/usr/bin/ceph: stderr
2024-04-25T12:50:40.056+0000 7fcc4f0af700 1 -- 172.21.15.83:0/4280087229 >> 172.21.15.83:0/4280087229 conn(0x7fcc48102ab0 msgr2=0x7fcc48103560 unknown :-1 s=STATE_NONE l=0).mark_down
2024-04-25T12:50:40.621 INFO:teuthology.orchestra.run.smithi083.stdout:/usr/bin/ceph: stderr
2024-04-25T12:50:40.056+0000 7fcc4f0af700 1 -- 172.21.15.83:0/4280087229 shutdown_connections
2024-04-25T12:50:40.621 INFO:teuthology.orchestra.run.smithi083.stdout:/usr/bin/ceph: stderr
2024-04-25T12:50:40.056+0000 7fcc4f0af700 1 -- 172.21.15.83:0/4280087229 wait complete.
2024-04-25T12:50:40.621 INFO:teuthology.orchestra.run.smithi083.stdout:Creating initial admin user...
2024-04-25T12:50:40.737 INFO:journalctl@ceph.mon.a.smithi083.stdout:Apr 25 12:50:40 smithi083 ceph-mon[29240]: mgrmap e12: x(active, since 2s)
2024-04-25T12:50:40.737 INFO:journalctl@ceph.mon.a.smithi083.stdout:Apr 25 12:50:40 smithi083 ceph-mon[29240]: from='mgr.14152 172.21.15.83:0/2690174812' entity='mgr.x'
2024-04-25T12:50:40.737 INFO:journalctl@ceph.mon.a.smithi083.stdout:Apr 25 12:50:40 smithi083 ceph-mon[29240]: from='mgr.14152 172.21.15.83:0/2690174812' entity='mgr.x'
2024-04-25T12:50:41.543 INFO:journalctl@ceph.mon.a.smithi083.stdout:Apr 25 12:50:41 smithi083 ceph-mon[29240]: from='client.14164 -' entity='client.admin' cmd=[{"prefix": "dashboard create-self-signed-cert", "target": ["mon-mgr", ""]}]: dispatch
2024-04-25T12:50:41.543 INFO:journalctl@ceph.mon.a.smithi083.stdout:Apr 25 12:50:41 smithi083 ceph-mon[29240]: from='mgr.14152 172.21.15.83:0/2690174812' entity='mgr.x'
2024-04-25T12:50:42.624 INFO:journalctl@ceph.mon.a.smithi083.stdout:Apr 25 12:50:42 smithi083 ceph-mon[29240]: from='client.14166 -' entity='client.admin' cmd=[{"prefix": "dashboard ac-user-create", "username": "admin", "rolename": "administrator", "force_password": true, "pwd_update_required": true, "target": ["mon-mgr", ""]}]: dispatch
2024-04-25T12:50:42.624 INFO:journalctl@ceph.mon.a.smithi083.stdout:Apr 25 12:50:42 smithi083 ceph-mon[29240]: from='mgr.14152 172.21.15.83:0/2690174812' entity='mgr.x'
2024-04-25T12:50:42.915 INFO:teuthology.orchestra.run.smithi083.stdout:/usr/bin/ceph: stdout {"username": "admin", "password": "$2b$12$HK2voIKZCWekG38GzfFlFOOtHzT2QY1WRg2hg9cm6DB1l9BsxDrTu", "roles": ["administrator"], "name": null, "email": null, "lastUpdate": 1714049441, "enabled": true, "pwdExpirationDate": null, "pwdUpdateRequired": true}
2024-04-25T12:50:42.916 INFO:teuthology.orchestra.run.smithi083.stdout:/usr/bin/ceph: stderr
2024-04-25T12:50:41.053+0000 7f4a2a165700 1 Processor -- start
2024-04-25T12:50:42.916 INFO:teuthology.orchestra.run.smithi083.stdout:/usr/bin/ceph: stderr
2024-04-25T12:50:41.053+0000 7f4a2a165700 1 -- start start
2024-04-25T12:50:42.916 INFO:teuthology.orchestra.run.smithi083.stdout:/usr/bin/ceph: stderr
2024-04-25T12:50:41.053+0000 7f4a2a165700 1 --2- >> [v2:172.21.15.83:3300/0,v1:172.21.15.83:6789/0] conn(0x7f4a241074d0 0x7f4a241078f0 unknown :-1 s=NONE pgs=0 cs=0 l=0 rev1=0 crypto rx=0 tx=0 comp rx=0 tx=0).connect
2024-04-25T12:50:42.916 INFO:teuthology.orchestra.run.smithi083.stdout:/usr/bin/ceph: stderr
2024-04-25T12:50:41.053+0000 7f4a2a165700 1 -- --> [v2:172.21.15.83:3300/0,v1:172.21.15.83:6789/0] -- mon_getmap magic: 0 -- 0x7f4a24107ec0 con 0x7f4a241074d0
2024-04-25T12:50:42.916 INFO:teuthology.orchestra.run.smithi083.stdout:/usr/bin/ceph: stderr
2024-04-25T12:50:41.053+0000 7f4a237fe700 1 --2- >> [v2:172.21.15.83:3300/0,v1:172.21.15.83:6789/0] conn(0x7f4a241074d0 0x7f4a241078f0 unknown :-1 s=BANNER_CONNECTING pgs=0 cs=0 l=0 rev1=0 crypto rx=0 tx=0 comp rx=0 tx=0)._handle_peer_banner_payload supported=3 required=0
2024-04-25T12:50:42.916 INFO:teuthology.orchestra.run.smithi083.stdout:/usr/bin/ceph: stderr
2024-04-25T12:50:41.053+0000 7f4a237fe700 1 --2- >> [v2:172.21.15.83:3300/0,v1:172.21.15.83:6789/0] conn(0x7f4a241074d0 0x7f4a241078f0 unknown :-1 s=HELLO_CONNECTING pgs=0 cs=0 l=0 rev1=1 crypto rx=0 tx=0 comp rx=0 tx=0).handle_hello peer v2:172.21.15.83:3300/0 says I am v2:172.21.15.83:43616/0 (socket says 172.21.15.83:43616)
2024-04-25T12:50:42.916 INFO:teuthology.orchestra.run.smithi083.stdout:/usr/bin/ceph: stderr
2024-04-25T12:50:41.053+0000 7f4a237fe700 1 -- 172.21.15.83:0/2955060046 learned_addr learned my addr 172.21.15.83:0/2955060046 (peer_addr_for_me v2:172.21.15.83:0/0)
2024-04-25T12:50:42.916 INFO:teuthology.orchestra.run.smithi083.stdout:/usr/bin/ceph: stderr
2024-04-25T12:50:41.053+0000 7f4a237fe700 1 -- 172.21.15.83:0/2955060046 --> [v2:172.21.15.83:3300/0,v1:172.21.15.83:6789/0] -- mon_subscribe({config=0+,monmap=0+}) -- 0x7f4a241086d0 con 0x7f4a241074d0
2024-04-25T12:50:42.916 INFO:teuthology.orchestra.run.smithi083.stdout:/usr/bin/ceph: stderr
2024-04-25T12:50:41.053+0000 7f4a237fe700 1 --2- 172.21.15.83:0/2955060046 >> [v2:172.21.15.83:3300/0,v1:172.21.15.83:6789/0] conn(0x7f4a241074d0 0x7f4a241078f0 secure :-1 s=READY pgs=72 cs=0 l=1 rev1=1 crypto rx=0x7f4a140098a0 tx=0x7f4a14009bb0 comp rx=0 tx=0).ready entity=mon.0 client_cookie=88e943bdf11a26e7 server_cookie=0 in_seq=0 out_seq=0
2024-04-25T12:50:42.916 INFO:teuthology.orchestra.run.smithi083.stdout:/usr/bin/ceph: stderr
2024-04-25T12:50:41.054+0000 7f4a227fc700 1 -- 172.21.15.83:0/2955060046 <== mon.0 v2:172.21.15.83:3300/0 1 ==== mon_map magic: 0 ==== 205+0+0 (secure 0 0 0) 0x7f4a14004160 con 0x7f4a241074d0
2024-04-25T12:50:42.916 INFO:teuthology.orchestra.run.smithi083.stdout:/usr/bin/ceph: stderr
2024-04-25T12:50:41.054+0000 7f4a227fc700 1 -- 172.21.15.83:0/2955060046 <== mon.0 v2:172.21.15.83:3300/0 2 ==== config(26 keys) ==== 1101+0+0 (secure 0 0 0) 0x7f4a14004300 con 0x7f4a241074d0
2024-04-25T12:50:42.916 INFO:teuthology.orchestra.run.smithi083.stdout:/usr/bin/ceph: stderr
2024-04-25T12:50:41.054+0000 7f4a227fc700 1 -- 172.21.15.83:0/2955060046 <== mon.0 v2:172.21.15.83:3300/0 3 ==== mon_map magic: 0 ==== 205+0+0 (secure 0 0 0) 0x7f4a14011a20 con 0x7f4a241074d0
2024-04-25T12:50:42.916 INFO:teuthology.orchestra.run.smithi083.stdout:/usr/bin/ceph: stderr
2024-04-25T12:50:41.054+0000 7f4a2a165700 1 -- 172.21.15.83:0/2955060046 >> [v2:172.21.15.83:3300/0,v1:172.21.15.83:6789/0] conn(0x7f4a241074d0 msgr2=0x7f4a241078f0 secure :-1 s=STATE_CONNECTION_ESTABLISHED l=1).mark_down
2024-04-25T12:50:42.917 INFO:teuthology.orchestra.run.smithi083.stdout:/usr/bin/ceph: stderr
2024-04-25T12:50:41.054+0000 7f4a2a165700 1 --2- 172.21.15.83:0/2955060046 >> [v2:172.21.15.83:3300/0,v1:172.21.15.83:6789/0] conn(0x7f4a241074d0 0x7f4a241078f0 secure :-1 s=READY pgs=72 cs=0 l=1 rev1=1 crypto rx=0x7f4a140098a0 tx=0x7f4a14009bb0 comp rx=0 tx=0).stop
2024-04-25T12:50:42.917 INFO:teuthology.orchestra.run.smithi083.stdout:/usr/bin/ceph: stderr
2024-04-25T12:50:41.054+0000 7f4a2a165700 1 -- 172.21.15.83:0/2955060046 shutdown_connections
2024-04-25T12:50:42.917 INFO:teuthology.orchestra.run.smithi083.stdout:/usr/bin/ceph: stderr
2024-04-25T12:50:41.054+0000 7f4a2a165700 1 --2- 172.21.15.83:0/2955060046 >> [v2:172.21.15.83:3300/0,v1:172.21.15.83:6789/0] conn(0x7f4a241074d0 0x7f4a241078f0 unknown :-1 s=CLOSED pgs=72 cs=0 l=1 rev1=1 crypto rx=0 tx=0 comp rx=0 tx=0).stop
2024-04-25T12:50:42.917 INFO:teuthology.orchestra.run.smithi083.stdout:/usr/bin/ceph: stderr
2024-04-25T12:50:41.054+0000 7f4a2a165700 1 -- 172.21.15.83:0/2955060046 >> 172.21.15.83:0/2955060046 conn(0x7f4a24102ad0 msgr2=0x7f4a24104ef0 unknown :-1 s=STATE_NONE l=0).mark_down
2024-04-25T12:50:42.917 INFO:teuthology.orchestra.run.smithi083.stdout:/usr/bin/ceph: stderr
2024-04-25T12:50:41.054+0000 7f4a2a165700 1 -- 172.21.15.83:0/2955060046 shutdown_connections
2024-04-25T12:50:42.917 INFO:teuthology.orchestra.run.smithi083.stdout:/usr/bin/ceph: stderr
2024-04-25T12:50:41.054+0000 7f4a2a165700 1 -- 172.21.15.83:0/2955060046 wait complete.
2024-04-25T12:50:42.917 INFO:teuthology.orchestra.run.smithi083.stdout:/usr/bin/ceph: stderr
2024-04-25T12:50:41.055+0000 7f4a2a165700 1 Processor -- start
2024-04-25T12:50:42.917 INFO:teuthology.orchestra.run.smithi083.stdout:/usr/bin/ceph: stderr
2024-04-25T12:50:41.055+0000 7f4a2a165700 1 -- start start
2024-04-25T12:50:42.917 INFO:teuthology.orchestra.run.smithi083.stdout:/usr/bin/ceph: stderr
2024-04-25T12:50:41.055+0000 7f4a2a165700 1 --2- >> [v2:172.21.15.83:3300/0,v1:172.21.15.83:6789/0] conn(0x7f4a241074d0 0x7f4a2419b360 unknown :-1 s=NONE pgs=0 cs=0 l=1 rev1=0 crypto rx=0 tx=0 comp rx=0 tx=0).connect
2024-04-25T12:50:42.917 INFO:teuthology.orchestra.run.smithi083.stdout:/usr/bin/ceph: stderr
2024-04-25T12:50:41.055+0000 7f4a2a165700 1 -- --> [v2:172.21.15.83:3300/0,v1:172.21.15.83:6789/0] -- mon_getmap magic: 0 -- 0x7f4a2410ba80 con 0x7f4a241074d0
2024-04-25T12:50:42.917 INFO:teuthology.orchestra.run.smithi083.stdout:/usr/bin/ceph: stderr
2024-04-25T12:50:41.055+0000 7f4a237fe700 1 --2- >> [v2:172.21.15.83:3300/0,v1:172.21.15.83:6789/0] conn(0x7f4a241074d0 0x7f4a2419b360 unknown :-1 s=BANNER_CONNECTING pgs=0 cs=0 l=1 rev1=0 crypto rx=0 tx=0 comp rx=0 tx=0)._handle_peer_banner_payload supported=3 required=0
2024-04-25T12:50:42.917 INFO:teuthology.orchestra.run.smithi083.stdout:/usr/bin/ceph: stderr
2024-04-25T12:50:41.055+0000 7f4a237fe700 1 --2- >> [v2:172.21.15.83:3300/0,v1:172.21.15.83:6789/0] conn(0x7f4a241074d0 0x7f4a2419b360 unknown :-1 s=HELLO_CONNECTING pgs=0 cs=0 l=1 rev1=1 crypto rx=0 tx=0 comp rx=0 tx=0).handle_hello peer v2:172.21.15.83:3300/0 says I am v2:172.21.15.83:43618/0 (socket says 172.21.15.83:43618)
2024-04-25T12:50:42.917 INFO:teuthology.orchestra.run.smithi083.stdout:/usr/bin/ceph: stderr
2024-04-25T12:50:41.055+0000 7f4a237fe700 1 -- 172.21.15.83:0/2368651145 learned_addr learned my addr 172.21.15.83:0/2368651145 (peer_addr_for_me v2:172.21.15.83:0/0)
2024-04-25T12:50:42.918 INFO:teuthology.orchestra.run.smithi083.stdout:/usr/bin/ceph: stderr
2024-04-25T12:50:41.056+0000 7f4a237fe700 1 -- 172.21.15.83:0/2368651145 --> [v2:172.21.15.83:3300/0,v1:172.21.15.83:6789/0] -- mon_subscribe({config=0+,monmap=0+}) -- 0x7f4a2419b8a0 con 0x7f4a241074d0
2024-04-25T12:50:42.918 INFO:teuthology.orchestra.run.smithi083.stdout:/usr/bin/ceph: stderr
2024-04-25T12:50:41.056+0000 7f4a237fe700 1 --2- 172.21.15.83:0/2368651145 >> [v2:172.21.15.83:3300/0,v1:172.21.15.83:6789/0] conn(0x7f4a241074d0 0x7f4a2419b360 secure :-1 s=READY pgs=73 cs=0 l=1 rev1=1 crypto rx=0x7f4a14009520 tx=0x7f4a14011aa0 comp rx=0 tx=0).ready entity=mon.0 client_cookie=0 server_cookie=0 in_seq=0 out_seq=0
