2024-04-25T12:50:03.306+0000 7f598cfb1700 1 --2- >> [v2:172.21.15.83:3300/0,v1:172.21.15.83:6789/0] conn(0x7f5988106eb0 0x7f598819e610 unknown :-1 s=HELLO_CONNECTING pgs=0 cs=0 l=1 rev1=1 crypto rx=0 tx=0 comp rx=0 tx=0).handle_hello peer v2:172.21.15.83:3300/0 says I am v2:172.21.15.83:45324/0 (socket says 172.21.15.83:45324)
2024-04-25T12:50:04.263 INFO:teuthology.orchestra.run.smithi083.stdout:/usr/bin/ceph: stderr
2024-04-25T12:50:03.306+0000 7f598cfb1700 1 -- 172.21.15.83:0/453721598 learned_addr learned my addr 172.21.15.83:0/453721598 (peer_addr_for_me v2:172.21.15.83:0/0)
2024-04-25T12:50:04.263 INFO:teuthology.orchestra.run.smithi083.stdout:/usr/bin/ceph: stderr
2024-04-25T12:50:03.306+0000 7f598cfb1700 1 -- 172.21.15.83:0/453721598 --> [v2:172.21.15.83:3300/0,v1:172.21.15.83:6789/0] -- mon_subscribe({config=0+,monmap=0+}) -- 0x7f598819eb50 con 0x7f5988106eb0
2024-04-25T12:50:04.263 INFO:teuthology.orchestra.run.smithi083.stdout:/usr/bin/ceph: stderr
2024-04-25T12:50:03.306+0000 7f598cfb1700 1 --2- 172.21.15.83:0/453721598 >> [v2:172.21.15.83:3300/0,v1:172.21.15.83:6789/0] conn(0x7f5988106eb0 0x7f598819e610 secure :-1 s=READY pgs=23 cs=0 l=1 rev1=1 crypto rx=0x7f597800b7b0 tx=0x7f597800be20 comp rx=0 tx=0).ready entity=mon.0 client_cookie=0 server_cookie=0 in_seq=0 out_seq=0
2024-04-25T12:50:04.263 INFO:teuthology.orchestra.run.smithi083.stdout:/usr/bin/ceph: stderr
2024-04-25T12:50:03.306+0000 7f5985ffb700 1 -- 172.21.15.83:0/453721598 <== mon.0 v2:172.21.15.83:3300/0 1 ==== mon_map magic: 0 ==== 205+0+0 (secure 0 0 0) 0x7f5978020020 con 0x7f5988106eb0
2024-04-25T12:50:04.263 INFO:teuthology.orchestra.run.smithi083.stdout:/usr/bin/ceph: stderr
2024-04-25T12:50:03.306+0000 7f5985ffb700 1 -- 172.21.15.83:0/453721598 <== mon.0 v2:172.21.15.83:3300/0 2 ==== config(26 keys) ==== 1070+0+0 (secure 0 0 0) 0x7f5978012430 con 0x7f5988106eb0
2024-04-25T12:50:04.263 INFO:teuthology.orchestra.run.smithi083.stdout:/usr/bin/ceph: stderr
2024-04-25T12:50:03.306+0000 7f598f215700 1 -- 172.21.15.83:0/453721598 --> [v2:172.21.15.83:3300/0,v1:172.21.15.83:6789/0] -- mon_subscribe({mgrmap=0+}) -- 0x7f598819ede0 con 0x7f5988106eb0
2024-04-25T12:50:04.263 INFO:teuthology.orchestra.run.smithi083.stdout:/usr/bin/ceph: stderr
2024-04-25T12:50:03.306+0000 7f5985ffb700 1 -- 172.21.15.83:0/453721598 <== mon.0 v2:172.21.15.83:3300/0 3 ==== mon_map magic: 0 ==== 205+0+0 (secure 0 0 0) 0x7f5978017040 con 0x7f5988106eb0
2024-04-25T12:50:04.263 INFO:teuthology.orchestra.run.smithi083.stdout:/usr/bin/ceph: stderr
2024-04-25T12:50:03.307+0000 7f598f215700 1 -- 172.21.15.83:0/453721598 --> [v2:172.21.15.83:3300/0,v1:172.21.15.83:6789/0] -- mon_subscribe({osdmap=0}) -- 0x7f59881a1ad0 con 0x7f5988106eb0
2024-04-25T12:50:04.263 INFO:teuthology.orchestra.run.smithi083.stdout:/usr/bin/ceph: stderr
2024-04-25T12:50:03.307+0000 7f5985ffb700 1 -- 172.21.15.83:0/453721598 <== mon.0 v2:172.21.15.83:3300/0 4 ==== mgrmap(e 4) ==== 46547+0+0 (secure 0 0 0) 0x7f5978023020 con 0x7f5988106eb0
2024-04-25T12:50:04.263 INFO:teuthology.orchestra.run.smithi083.stdout:/usr/bin/ceph: stderr
2024-04-25T12:50:03.307+0000 7f598f215700 1 -- 172.21.15.83:0/453721598 --> [v2:172.21.15.83:3300/0,v1:172.21.15.83:6789/0] -- mon_command({"prefix": "get_command_descriptions"} v 0) -- 0x7f59880640a0 con 0x7f5988106eb0
2024-04-25T12:50:04.263 INFO:teuthology.orchestra.run.smithi083.stdout:/usr/bin/ceph: stderr
2024-04-25T12:50:03.308+0000 7f5985ffb700 1 --2- 172.21.15.83:0/453721598 >> [v2:172.21.15.83:6800/599021846,v1:172.21.15.83:6801/599021846] conn(0x7f5974039560 0x7f597403ba20 unknown :-1 s=NONE pgs=0 cs=0 l=1 rev1=0 crypto rx=0 tx=0 comp rx=0 tx=0).connect
2024-04-25T12:50:04.263 INFO:teuthology.orchestra.run.smithi083.stdout:/usr/bin/ceph: stderr
2024-04-25T12:50:03.308+0000 7f5985ffb700 1 -- 172.21.15.83:0/453721598 <== mon.0 v2:172.21.15.83:3300/0 5 ==== osd_map(1..1 src has 1..1) ==== 725+0+0 (secure 0 0 0) 0x7f597800f050 con 0x7f5988106eb0
2024-04-25T12:50:04.263 INFO:teuthology.orchestra.run.smithi083.stdout:/usr/bin/ceph: stderr
2024-04-25T12:50:03.308+0000 7f5987fff700 1 --2- 172.21.15.83:0/453721598 >> [v2:172.21.15.83:6800/599021846,v1:172.21.15.83:6801/599021846] conn(0x7f5974039560 0x7f597403ba20 unknown :-1 s=BANNER_CONNECTING pgs=0 cs=0 l=1 rev1=0 crypto rx=0 tx=0 comp rx=0 tx=0)._handle_peer_banner_payload supported=3 required=0
2024-04-25T12:50:04.263 INFO:teuthology.orchestra.run.smithi083.stdout:/usr/bin/ceph: stderr
2024-04-25T12:50:03.308+0000 7f5987fff700 1 --2- 172.21.15.83:0/453721598 >> [v2:172.21.15.83:6800/599021846,v1:172.21.15.83:6801/599021846] conn(0x7f5974039560 0x7f597403ba20 secure :-1 s=READY pgs=8 cs=0 l=1 rev1=1 crypto rx=0x7f5970006fd0 tx=0x7f5970006e40 comp rx=0 tx=0).ready entity=mgr.14100 client_cookie=0 server_cookie=0 in_seq=0 out_seq=0
2024-04-25T12:50:04.264 INFO:teuthology.orchestra.run.smithi083.stdout:/usr/bin/ceph: stderr
2024-04-25T12:50:03.313+0000 7f5985ffb700 1 -- 172.21.15.83:0/453721598 <== mon.0 v2:172.21.15.83:3300/0 6 ==== mon_command_ack([{"prefix": "get_command_descriptions"}]=0 v0) ==== 72+0+188370 (secure 0 0 0) 0x7f597802a020 con 0x7f5988106eb0
2024-04-25T12:50:04.264 INFO:teuthology.orchestra.run.smithi083.stdout:/usr/bin/ceph: stderr
2024-04-25T12:50:03.569+0000 7f598f215700 1 -- 172.21.15.83:0/453721598 --> [v2:172.21.15.83:3300/0,v1:172.21.15.83:6789/0] -- mon_command({"prefix": "mgr module enable", "module": "cephadm"} v 0) -- 0x7f598802e230 con 0x7f5988106eb0
2024-04-25T12:50:04.264 INFO:teuthology.orchestra.run.smithi083.stdout:/usr/bin/ceph: stderr
2024-04-25T12:50:03.686+0000 7f5985ffb700 1 -- 172.21.15.83:0/453721598 <== mon.0 v2:172.21.15.83:3300/0 7 ==== mon_command_ack([{"prefix": "mgr module enable", "module": "cephadm"}]=0 v5) ==== 86+0+0 (secure 0 0 0) 0x7f597804d1a0 con 0x7f5988106eb0
2024-04-25T12:50:04.264 INFO:teuthology.orchestra.run.smithi083.stdout:/usr/bin/ceph: stderr
2024-04-25T12:50:03.687+0000 7f5985ffb700 1 -- 172.21.15.83:0/453721598 <== mon.0 v2:172.21.15.83:3300/0 8 ==== mgrmap(e 5) ==== 46558+0+0 (secure 0 0 0) 0x7f5978025400 con 0x7f5988106eb0
2024-04-25T12:50:04.264 INFO:teuthology.orchestra.run.smithi083.stdout:/usr/bin/ceph: stderr
2024-04-25T12:50:03.688+0000 7f598f215700 1 -- 172.21.15.83:0/453721598 >> [v2:172.21.15.83:6800/599021846,v1:172.21.15.83:6801/599021846] conn(0x7f5974039560 msgr2=0x7f597403ba20 secure :-1 s=STATE_CONNECTION_ESTABLISHED l=1).mark_down
2024-04-25T12:50:04.264 INFO:teuthology.orchestra.run.smithi083.stdout:/usr/bin/ceph: stderr
2024-04-25T12:50:03.688+0000 7f598f215700 1 --2- 172.21.15.83:0/453721598 >> [v2:172.21.15.83:6800/599021846,v1:172.21.15.83:6801/599021846] conn(0x7f5974039560 0x7f597403ba20 secure :-1 s=READY pgs=8 cs=0 l=1 rev1=1 crypto rx=0x7f5970006fd0 tx=0x7f5970006e40 comp rx=0 tx=0).stop
2024-04-25T12:50:04.264 INFO:teuthology.orchestra.run.smithi083.stdout:/usr/bin/ceph: stderr
2024-04-25T12:50:03.688+0000 7f598f215700 1 -- 172.21.15.83:0/453721598 >> [v2:172.21.15.83:3300/0,v1:172.21.15.83:6789/0] conn(0x7f5988106eb0 msgr2=0x7f598819e610 secure :-1 s=STATE_CONNECTION_ESTABLISHED l=1).mark_down
2024-04-25T12:50:04.264 INFO:teuthology.orchestra.run.smithi083.stdout:/usr/bin/ceph: stderr
2024-04-25T12:50:03.688+0000 7f598f215700 1 --2- 172.21.15.83:0/453721598 >> [v2:172.21.15.83:3300/0,v1:172.21.15.83:6789/0] conn(0x7f5988106eb0 0x7f598819e610 secure :-1 s=READY pgs=23 cs=0 l=1 rev1=1 crypto rx=0x7f597800b7b0 tx=0x7f597800be20 comp rx=0 tx=0).stop
2024-04-25T12:50:04.264 INFO:teuthology.orchestra.run.smithi083.stdout:/usr/bin/ceph: stderr
2024-04-25T12:50:03.689+0000 7f598f215700 1 -- 172.21.15.83:0/453721598 shutdown_connections
2024-04-25T12:50:04.264 INFO:teuthology.orchestra.run.smithi083.stdout:/usr/bin/ceph: stderr
2024-04-25T12:50:03.689+0000 7f598f215700 1 --2- 172.21.15.83:0/453721598 >> [v2:172.21.15.83:6800/599021846,v1:172.21.15.83:6801/599021846] conn(0x7f5974039560 0x7f597403ba20 unknown :-1 s=CLOSED pgs=8 cs=0 l=1 rev1=1 crypto rx=0 tx=0 comp rx=0 tx=0).stop
2024-04-25T12:50:04.264 INFO:teuthology.orchestra.run.smithi083.stdout:/usr/bin/ceph: stderr
2024-04-25T12:50:03.689+0000 7f598f215700 1 --2- 172.21.15.83:0/453721598 >> [v2:172.21.15.83:3300/0,v1:172.21.15.83:6789/0] conn(0x7f5988106eb0 0x7f598819e610 unknown :-1 s=CLOSED pgs=23 cs=0 l=1 rev1=1 crypto rx=0 tx=0 comp rx=0 tx=0).stop
2024-04-25T12:50:04.264 INFO:teuthology.orchestra.run.smithi083.stdout:/usr/bin/ceph: stderr
2024-04-25T12:50:03.689+0000 7f598f215700 1 -- 172.21.15.83:0/453721598 >> 172.21.15.83:0/453721598 conn(0x7f5988102ad0 msgr2=0x7f59881952d0 unknown :-1 s=STATE_NONE l=0).mark_down
2024-04-25T12:50:04.264 INFO:teuthology.orchestra.run.smithi083.stdout:/usr/bin/ceph: stderr
2024-04-25T12:50:03.689+0000 7f598f215700 1 -- 172.21.15.83:0/453721598 shutdown_connections
2024-04-25T12:50:04.264 INFO:teuthology.orchestra.run.smithi083.stdout:/usr/bin/ceph: stderr
2024-04-25T12:50:03.689+0000 7f598f215700 1 -- 172.21.15.83:0/453721598 wait complete.
2024-04-25T12:50:04.724 INFO:journalctl@ceph.mon.a.smithi083.stdout:Apr 25 12:50:04 smithi083 ceph-mon[29240]: from='client.? 172.21.15.83:0/453721598' entity='client.admin' cmd='[{"prefix": "mgr module enable", "module": "cephadm"}]': finished
2024-04-25T12:50:04.724 INFO:journalctl@ceph.mon.a.smithi083.stdout:Apr 25 12:50:04 smithi083 ceph-mon[29240]: mgrmap e5: x(active, since 6s)
2024-04-25T12:50:04.725 INFO:journalctl@ceph.mgr.x.smithi083.stdout:Apr 25 12:50:04 smithi083 ceph-dd96d3b8-0301-11ef-bc93-c7b262605968-mgr-x[29470]:
2024-04-25T12:50:04.461+0000 7f405d2cf200 -1 mgr[py] Module progress has missing NOTIFY_TYPES member
2024-04-25T12:50:04.725 INFO:journalctl@ceph.mgr.x.smithi083.stdout:Apr 25 12:50:04 smithi083 ceph-dd96d3b8-0301-11ef-bc93-c7b262605968-mgr-x[29470]:
2024-04-25T12:50:04.549+0000 7f405d2cf200 -1 mgr[py] Module influx has missing NOTIFY_TYPES member
2024-04-25T12:50:05.618 INFO:teuthology.orchestra.run.smithi083.stdout:/usr/bin/ceph: stdout {
2024-04-25T12:50:05.618 INFO:teuthology.orchestra.run.smithi083.stdout:/usr/bin/ceph: stdout "epoch": 5,
2024-04-25T12:50:05.618 INFO:teuthology.orchestra.run.smithi083.stdout:/usr/bin/ceph: stdout "available": true,
2024-04-25T12:50:05.618 INFO:teuthology.orchestra.run.smithi083.stdout:/usr/bin/ceph: stdout "active_name": "x",
2024-04-25T12:50:05.619 INFO:teuthology.orchestra.run.smithi083.stdout:/usr/bin/ceph: stdout "num_standby": 0
2024-04-25T12:50:05.619 INFO:teuthology.orchestra.run.smithi083.stdout:/usr/bin/ceph: stdout }
2024-04-25T12:50:05.619 INFO:teuthology.orchestra.run.smithi083.stdout:/usr/bin/ceph: stderr
2024-04-25T12:50:04.725+0000 7f8dd8e19700 1 Processor -- start
2024-04-25T12:50:05.619 INFO:teuthology.orchestra.run.smithi083.stdout:/usr/bin/ceph: stderr
2024-04-25T12:50:04.725+0000 7f8dd8e19700 1 -- start start
2024-04-25T12:50:05.619 INFO:teuthology.orchestra.run.smithi083.stdout:/usr/bin/ceph: stderr
2024-04-25T12:50:04.725+0000 7f8dd8e19700 1 --2- >> [v2:172.21.15.83:3300/0,v1:172.21.15.83:6789/0] conn(0x7f8dd4109120 0x7f8dd410b510 unknown :-1 s=NONE pgs=0 cs=0 l=0 rev1=0 crypto rx=0 tx=0 comp rx=0 tx=0).connect
2024-04-25T12:50:05.619 INFO:teuthology.orchestra.run.smithi083.stdout:/usr/bin/ceph: stderr
2024-04-25T12:50:04.725+0000 7f8dd8e19700 1 -- --> [v2:172.21.15.83:3300/0,v1:172.21.15.83:6789/0] -- mon_getmap magic: 0 -- 0x7f8dd4063c80 con 0x7f8dd4109120
2024-04-25T12:50:05.619 INFO:teuthology.orchestra.run.smithi083.stdout:/usr/bin/ceph: stderr
2024-04-25T12:50:04.725+0000 7f8dd259c700 1 --2- >> [v2:172.21.15.83:3300/0,v1:172.21.15.83:6789/0] conn(0x7f8dd4109120 0x7f8dd410b510 unknown :-1 s=BANNER_CONNECTING pgs=0 cs=0 l=0 rev1=0 crypto rx=0 tx=0 comp rx=0 tx=0)._handle_peer_banner_payload supported=3 required=0
2024-04-25T12:50:05.619 INFO:teuthology.orchestra.run.smithi083.stdout:/usr/bin/ceph: stderr
2024-04-25T12:50:04.725+0000 7f8dd259c700 1 --2- >> [v2:172.21.15.83:3300/0,v1:172.21.15.83:6789/0] conn(0x7f8dd4109120 0x7f8dd410b510 unknown :-1 s=HELLO_CONNECTING pgs=0 cs=0 l=0 rev1=1 crypto rx=0 tx=0 comp rx=0 tx=0).handle_hello peer v2:172.21.15.83:3300/0 says I am v2:172.21.15.83:45344/0 (socket says 172.21.15.83:45344)
2024-04-25T12:50:05.619 INFO:teuthology.orchestra.run.smithi083.stdout:/usr/bin/ceph: stderr
2024-04-25T12:50:04.725+0000 7f8dd259c700 1 -- 172.21.15.83:0/2288782212 learned_addr learned my addr 172.21.15.83:0/2288782212 (peer_addr_for_me v2:172.21.15.83:0/0)
2024-04-25T12:50:05.619 INFO:teuthology.orchestra.run.smithi083.stdout:/usr/bin/ceph: stderr
2024-04-25T12:50:04.726+0000 7f8dd259c700 1 -- 172.21.15.83:0/2288782212 --> [v2:172.21.15.83:3300/0,v1:172.21.15.83:6789/0] -- mon_subscribe({config=0+,monmap=0+}) -- 0x7f8dd410ba50 con 0x7f8dd4109120
2024-04-25T12:50:05.619 INFO:teuthology.orchestra.run.smithi083.stdout:/usr/bin/ceph: stderr
2024-04-25T12:50:04.726+0000 7f8dd259c700 1 --2- 172.21.15.83:0/2288782212 >> [v2:172.21.15.83:3300/0,v1:172.21.15.83:6789/0] conn(0x7f8dd4109120 0x7f8dd410b510 secure :-1 s=READY pgs=26 cs=0 l=1 rev1=1 crypto rx=0x7f8dc40098a0 tx=0x7f8dc4009bb0 comp rx=0 tx=0).ready entity=mon.0 client_cookie=17285284d3e242da server_cookie=0 in_seq=0 out_seq=0
2024-04-25T12:50:05.619 INFO:teuthology.orchestra.run.smithi083.stdout:/usr/bin/ceph: stderr
2024-04-25T12:50:04.726+0000 7f8dd159a700 1 -- 172.21.15.83:0/2288782212 <== mon.0 v2:172.21.15.83:3300/0 1 ==== mon_map magic: 0 ==== 205+0+0 (secure 0 0 0) 0x7f8dc4004160 con 0x7f8dd4109120
2024-04-25T12:50:05.619 INFO:teuthology.orchestra.run.smithi083.stdout:/usr/bin/ceph: stderr
2024-04-25T12:50:04.726+0000 7f8dd159a700 1 -- 172.21.15.83:0/2288782212 <== mon.0 v2:172.21.15.83:3300/0 2 ==== config(26 keys) ==== 1070+0+0 (secure 0 0 0) 0x7f8dc4004300 con 0x7f8dd4109120
2024-04-25T12:50:05.619 INFO:teuthology.orchestra.run.smithi083.stdout:/usr/bin/ceph: stderr
2024-04-25T12:50:04.726+0000 7f8dd159a700 1 -- 172.21.15.83:0/2288782212 <== mon.0 v2:172.21.15.83:3300/0 3 ==== mon_map magic: 0 ==== 205+0+0 (secure 0 0 0) 0x7f8dc4011af0 con 0x7f8dd4109120
2024-04-25T12:50:05.620 INFO:teuthology.orchestra.run.smithi083.stdout:/usr/bin/ceph: stderr
2024-04-25T12:50:04.727+0000 7f8dd8e19700 1 -- 172.21.15.83:0/2288782212 >> [v2:172.21.15.83:3300/0,v1:172.21.15.83:6789/0] conn(0x7f8dd4109120 msgr2=0x7f8dd410b510 secure :-1 s=STATE_CONNECTION_ESTABLISHED l=1).mark_down
2024-04-25T12:50:05.620 INFO:teuthology.orchestra.run.smithi083.stdout:/usr/bin/ceph: stderr
2024-04-25T12:50:04.727+0000 7f8dd8e19700 1 --2- 172.21.15.83:0/2288782212 >> [v2:172.21.15.83:3300/0,v1:172.21.15.83:6789/0] conn(0x7f8dd4109120 0x7f8dd410b510 secure :-1 s=READY pgs=26 cs=0 l=1 rev1=1 crypto rx=0x7f8dc40098a0 tx=0x7f8dc4009bb0 comp rx=0 tx=0).stop
2024-04-25T12:50:05.620 INFO:teuthology.orchestra.run.smithi083.stdout:/usr/bin/ceph: stderr
2024-04-25T12:50:04.727+0000 7f8dd8e19700 1 -- 172.21.15.83:0/2288782212 shutdown_connections
2024-04-25T12:50:05.620 INFO:teuthology.orchestra.run.smithi083.stdout:/usr/bin/ceph: stderr
2024-04-25T12:50:04.727+0000 7f8dd8e19700 1 --2- 172.21.15.83:0/2288782212 >> [v2:172.21.15.83:3300/0,v1:172.21.15.83:6789/0] conn(0x7f8dd4109120 0x7f8dd410b510 unknown :-1 s=CLOSED pgs=26 cs=0 l=1 rev1=1 crypto rx=0 tx=0 comp rx=0 tx=0).stop
2024-04-25T12:50:05.620 INFO:teuthology.orchestra.run.smithi083.stdout:/usr/bin/ceph: stderr
2024-04-25T12:50:04.727+0000 7f8dd8e19700 1 -- 172.21.15.83:0/2288782212 >> 172.21.15.83:0/2288782212 conn(0x7f8dd4102ab0 msgr2=0x7f8dd4104ed0 unknown :-1 s=STATE_NONE l=0).mark_down
2024-04-25T12:50:05.620 INFO:teuthology.orchestra.run.smithi083.stdout:/usr/bin/ceph: stderr
2024-04-25T12:50:04.727+0000 7f8dd8e19700 1 -- 172.21.15.83:0/2288782212 shutdown_connections
2024-04-25T12:50:05.620 INFO:teuthology.orchestra.run.smithi083.stdout:/usr/bin/ceph: stderr
2024-04-25T12:50:04.727+0000 7f8dd8e19700 1 -- 172.21.15.83:0/2288782212 wait complete.
2024-04-25T12:50:05.620 INFO:teuthology.orchestra.run.smithi083.stdout:/usr/bin/ceph: stderr
2024-04-25T12:50:04.728+0000 7f8dd8e19700 1 Processor -- start
2024-04-25T12:50:05.620 INFO:teuthology.orchestra.run.smithi083.stdout:/usr/bin/ceph: stderr
2024-04-25T12:50:04.728+0000 7f8dd8e19700 1 -- start start
2024-04-25T12:50:05.620 INFO:teuthology.orchestra.run.smithi083.stdout:/usr/bin/ceph: stderr
2024-04-25T12:50:04.728+0000 7f8dd8e19700 1 --2- >> [v2:172.21.15.83:3300/0,v1:172.21.15.83:6789/0] conn(0x7f8dd4109120 0x7f8dd419c480 unknown :-1 s=NONE pgs=0 cs=0 l=1 rev1=0 crypto rx=0 tx=0 comp rx=0 tx=0).connect
2024-04-25T12:50:05.620 INFO:teuthology.orchestra.run.smithi083.stdout:/usr/bin/ceph: stderr
2024-04-25T12:50:04.728+0000 7f8dd8e19700 1 -- --> [v2:172.21.15.83:3300/0,v1:172.21.15.83:6789/0] -- mon_getmap magic: 0 -- 0x7f8dd410c8e0 con 0x7f8dd4109120
2024-04-25T12:50:05.620 INFO:teuthology.orchestra.run.smithi083.stdout:/usr/bin/ceph: stderr
2024-04-25T12:50:04.728+0000 7f8dd259c700 1 --2- >> [v2:172.21.15.83:3300/0,v1:172.21.15.83:6789/0] conn(0x7f8dd4109120 0x7f8dd419c480 unknown :-1 s=BANNER_CONNECTING pgs=0 cs=0 l=1 rev1=0 crypto rx=0 tx=0 comp rx=0 tx=0)._handle_peer_banner_payload supported=3 required=0
2024-04-25T12:50:05.620 INFO:teuthology.orchestra.run.smithi083.stdout:/usr/bin/ceph: stderr
2024-04-25T12:50:04.728+0000 7f8dd259c700 1 --2- >> [v2:172.21.15.83:3300/0,v1:172.21.15.83:6789/0] conn(0x7f8dd4109120 0x7f8dd419c480 unknown :-1 s=HELLO_CONNECTING pgs=0 cs=0 l=1 rev1=1 crypto rx=0 tx=0 comp rx=0 tx=0).handle_hello peer v2:172.21.15.83:3300/0 says I am v2:172.21.15.83:45356/0 (socket says 172.21.15.83:45356)
2024-04-25T12:50:05.620 INFO:teuthology.orchestra.run.smithi083.stdout:/usr/bin/ceph: stderr
2024-04-25T12:50:04.728+0000 7f8dd259c700 1 -- 172.21.15.83:0/3051278566 learned_addr learned my addr 172.21.15.83:0/3051278566 (peer_addr_for_me v2:172.21.15.83:0/0)
2024-04-25T12:50:05.620 INFO:teuthology.orchestra.run.smithi083.stdout:/usr/bin/ceph: stderr
2024-04-25T12:50:04.728+0000 7f8dd259c700 1 -- 172.21.15.83:0/3051278566 --> [v2:172.21.15.83:3300/0,v1:172.21.15.83:6789/0] -- mon_subscribe({config=0+,monmap=0+}) -- 0x7f8dd419c9c0 con 0x7f8dd4109120
2024-04-25T12:50:05.621 INFO:teuthology.orchestra.run.smithi083.stdout:/usr/bin/ceph: stderr
2024-04-25T12:50:04.729+0000 7f8dd259c700 1 --2- 172.21.15.83:0/3051278566 >> [v2:172.21.15.83:3300/0,v1:172.21.15.83:6789/0] conn(0x7f8dd4109120 0x7f8dd419c480 secure :-1 s=READY pgs=27 cs=0 l=1 rev1=1 crypto rx=0x7f8dc4011ac0 tx=0x7f8dc4011ba0 comp rx=0 tx=0).ready entity=mon.0 client_cookie=0 server_cookie=0 in_seq=0 out_seq=0
2024-04-25T12:50:05.621 INFO:teuthology.orchestra.run.smithi083.stdout:/usr/bin/ceph: stderr
2024-04-25T12:50:04.729+0000 7f8dc37fe700 1 -- 172.21.15.83:0/3051278566 <== mon.0 v2:172.21.15.83:3300/0 1 ==== mon_map magic: 0 ==== 205+0+0 (secure 0 0 0) 0x7f8dc4003b20 con 0x7f8dd4109120
2024-04-25T12:50:05.621 INFO:teuthology.orchestra.run.smithi083.stdout:/usr/bin/ceph: stderr
2024-04-25T12:50:04.729+0000 7f8dc37fe700 1 -- 172.21.15.83:0/3051278566 <== mon.0 v2:172.21.15.83:3300/0 2 ==== config(26 keys) ==== 1070+0+0 (secure 0 0 0) 0x7f8dc401a8c0 con 0x7f8dd4109120
2024-04-25T12:50:05.621 INFO:teuthology.orchestra.run.smithi083.stdout:/usr/bin/ceph: stderr
2024-04-25T12:50:04.729+0000 7f8dd8e19700 1 -- 172.21.15.83:0/3051278566 --> [v2:172.21.15.83:3300/0,v1:172.21.15.83:6789/0] -- mon_subscribe({mgrmap=0+}) -- 0x7f8dd419cc50 con 0x7f8dd4109120
2024-04-25T12:50:05.621 INFO:teuthology.orchestra.run.smithi083.stdout:/usr/bin/ceph: stderr
2024-04-25T12:50:04.729+0000 7f8dc37fe700 1 -- 172.21.15.83:0/3051278566 <== mon.0 v2:172.21.15.83:3300/0 3 ==== mon_map magic: 0 ==== 205+0+0 (secure 0 0 0) 0x7f8dc40248d0 con 0x7f8dd4109120
2024-04-25T12:50:05.621 INFO:teuthology.orchestra.run.smithi083.stdout:/usr/bin/ceph: stderr
2024-04-25T12:50:04.730+0000 7f8dc37fe700 1 -- 172.21.15.83:0/3051278566 <== mon.0 v2:172.21.15.83:3300/0 4 ==== mgrmap(e 5) ==== 46558+0+0 (secure 0 0 0) 0x7f8dc4022020 con 0x7f8dd4109120
2024-04-25T12:50:05.621 INFO:teuthology.orchestra.run.smithi083.stdout:/usr/bin/ceph: stderr
2024-04-25T12:50:04.730+0000 7f8dd8e19700 1 -- 172.21.15.83:0/3051278566 --> [v2:172.21.15.83:3300/0,v1:172.21.15.83:6789/0] -- mon_subscribe({osdmap=0}) -- 0x7f8dd419f940 con 0x7f8dd4109120
2024-04-25T12:50:05.621 INFO:teuthology.orchestra.run.smithi083.stdout:/usr/bin/ceph: stderr
2024-04-25T12:50:04.730+0000 7f8dc37fe700 1 --2- 172.21.15.83:0/3051278566 >> [v2:172.21.15.83:6800/599021846,v1:172.21.15.83:6801/599021846] conn(0x7f8dbc039600 0x7f8dbc03bac0 unknown :-1 s=NONE pgs=0 cs=0 l=1 rev1=0 crypto rx=0 tx=0 comp rx=0 tx=0).connect
2024-04-25T12:50:05.621 INFO:teuthology.orchestra.run.smithi083.stdout:/usr/bin/ceph: stderr
2024-04-25T12:50:04.730+0000 7f8dc37fe700 1 -- 172.21.15.83:0/3051278566 <== mon.0 v2:172.21.15.83:3300/0 5 ==== osd_map(1..1 src has 1..1) ==== 725+0+0 (secure 0 0 0) 0x7f8dc4054060 con 0x7f8dd4109120
2024-04-25T12:50:05.621 INFO:teuthology.orchestra.run.smithi083.stdout:/usr/bin/ceph: stderr
2024-04-25T12:50:04.730+0000 7f8dd1d9b700 1 -- 172.21.15.83:0/3051278566 >> [v2:172.21.15.83:6800/599021846,v1:172.21.15.83:6801/599021846] conn(0x7f8dbc039600 msgr2=0x7f8dbc03bac0 unknown :-1 s=STATE_CONNECTING_RE l=1).process reconnect failed to v2:172.21.15.83:6800/599021846
2024-04-25T12:50:05.621 INFO:teuthology.orchestra.run.smithi083.stdout:/usr/bin/ceph: stderr
2024-04-25T12:50:04.730+0000 7f8dd1d9b700 1 --2- 172.21.15.83:0/3051278566 >> [v2:172.21.15.83:6800/599021846,v1:172.21.15.83:6801/599021846] conn(0x7f8dbc039600 0x7f8dbc03bac0 unknown :-1 s=START_CONNECT pgs=0 cs=0 l=1 rev1=0 crypto rx=0 tx=0 comp rx=0 tx=0)._fault waiting 0.200000
2024-04-25T12:50:05.621 INFO:teuthology.orchestra.run.smithi083.stdout:/usr/bin/ceph: stderr
2024-04-25T12:50:04.730+0000 7f8dd8e19700 1 -- 172.21.15.83:0/3051278566 --> [v2:172.21.15.83:3300/0,v1:172.21.15.83:6789/0] -- mon_command({"prefix": "get_command_descriptions"} v 0) -- 0x7f8dd40640a0 con 0x7f8dd4109120
2024-04-25T12:50:05.621 INFO:teuthology.orchestra.run.smithi083.stdout:/usr/bin/ceph: stderr
2024-04-25T12:50:04.736+0000 7f8dc37fe700 1 -- 172.21.15.83:0/3051278566 <== mon.0 v2:172.21.15.83:3300/0 6 ==== mon_command_ack([{"prefix": "get_command_descriptions"}]=0 v0) ==== 72+0+188370 (secure 0 0 0) 0x7f8dc4010540 con 0x7f8dd4109120
2024-04-25T12:50:05.621 INFO:teuthology.orchestra.run.smithi083.stdout:/usr/bin/ceph: stderr
2024-04-25T12:50:04.931+0000 7f8dd1d9b700 1 -- 172.21.15.83:0/3051278566 >> [v2:172.21.15.83:6800/599021846,v1:172.21.15.83:6801/599021846] conn(0x7f8dbc039600 msgr2=0x7f8dbc03bac0 unknown :-1 s=STATE_CONNECTING_RE l=1).process reconnect failed to v2:172.21.15.83:6800/599021846
2024-04-25T12:50:05.622 INFO:teuthology.orchestra.run.smithi083.stdout:/usr/bin/ceph: stderr
2024-04-25T12:50:04.931+0000 7f8dd1d9b700 1 --2- 172.21.15.83:0/3051278566 >> [v2:172.21.15.83:6800/599021846,v1:172.21.15.83:6801/599021846] conn(0x7f8dbc039600 0x7f8dbc03bac0 unknown :-1 s=START_CONNECT pgs=0 cs=0 l=1 rev1=0 crypto rx=0 tx=0 comp rx=0 tx=0)._fault waiting 0.400000
2024-04-25T12:50:05.622 INFO:teuthology.orchestra.run.smithi083.stdout:/usr/bin/ceph: stderr
2024-04-25T12:50:05.033+0000 7f8dd8e19700 1 -- 172.21.15.83:0/3051278566 --> [v2:172.21.15.83:3300/0,v1:172.21.15.83:6789/0] -- mon_command({"prefix": "mgr stat"} v 0) -- 0x7f8dd419fe00 con 0x7f8dd4109120
2024-04-25T12:50:05.622 INFO:teuthology.orchestra.run.smithi083.stdout:/usr/bin/ceph: stderr
2024-04-25T12:50:05.034+0000 7f8dc37fe700 1 -- 172.21.15.83:0/3051278566 <== mon.0 v2:172.21.15.83:3300/0 7 ==== mon_command_ack([{"prefix": "mgr stat"}]=0 v5) ==== 56+0+88 (secure 0 0 0) 0x7f8dc401aa70 con 0x7f8dd4109120
2024-04-25T12:50:05.622 INFO:teuthology.orchestra.run.smithi083.stdout:/usr/bin/ceph: stderr
2024-04-25T12:50:05.037+0000 7f8dd8e19700 1 -- 172.21.15.83:0/3051278566 >> [v2:172.21.15.83:6800/599021846,v1:172.21.15.83:6801/599021846] conn(0x7f8dbc039600 msgr2=0x7f8dbc03bac0 unknown :-1 s=STATE_CONNECTING l=1).mark_down
2024-04-25T12:50:05.622 INFO:teuthology.orchestra.run.smithi083.stdout:/usr/bin/ceph: stderr
2024-04-25T12:50:05.037+0000 7f8dd8e19700 1 --2- 172.21.15.83:0/3051278566 >> [v2:172.21.15.83:6800/599021846,v1:172.21.15.83:6801/599021846] conn(0x7f8dbc039600 0x7f8dbc03bac0 unknown :-1 s=START_CONNECT pgs=0 cs=0 l=1 rev1=0 crypto rx=0 tx=0 comp rx=0 tx=0).stop
2024-04-25T12:50:05.622 INFO:teuthology.orchestra.run.smithi083.stdout:/usr/bin/ceph: stderr
2024-04-25T12:50:05.037+0000 7f8dd8e19700 1 -- 172.21.15.83:0/3051278566 >> [v2:172.21.15.83:3300/0,v1:172.21.15.83:6789/0] conn(0x7f8dd4109120 msgr2=0x7f8dd419c480 secure :-1 s=STATE_CONNECTION_ESTABLISHED l=1).mark_down
2024-04-25T12:50:05.622 INFO:teuthology.orchestra.run.smithi083.stdout:/usr/bin/ceph: stderr
2024-04-25T12:50:05.037+0000 7f8dd8e19700 1 --2- 172.21.15.83:0/3051278566 >> [v2:172.21.15.83:3300/0,v1:172.21.15.83:6789/0] conn(0x7f8dd4109120 0x7f8dd419c480 secure :-1 s=READY pgs=27 cs=0 l=1 rev1=1 crypto rx=0x7f8dc4011ac0 tx=0x7f8dc4011ba0 comp rx=0 tx=0).stop
2024-04-25T12:50:05.622 INFO:teuthology.orchestra.run.smithi083.stdout:/usr/bin/ceph: stderr
2024-04-25T12:50:05.037+0000 7f8dd8e19700 1 -- 172.21.15.83:0/3051278566 shutdown_connections
2024-04-25T12:50:05.622 INFO:teuthology.orchestra.run.smithi083.stdout:/usr/bin/ceph: stderr
2024-04-25T12:50:05.037+0000 7f8dd8e19700 1 --2- 172.21.15.83:0/3051278566 >> [v2:172.21.15.83:6800/599021846,v1:172.21.15.83:6801/599021846] conn(0x7f8dbc039600 0x7f8dbc03bac0 unknown :-1 s=CLOSED pgs=0 cs=0 l=1 rev1=0 crypto rx=0 tx=0 comp rx=0 tx=0).stop
2024-04-25T12:50:05.622 INFO:teuthology.orchestra.run.smithi083.stdout:/usr/bin/ceph: stderr
2024-04-25T12:50:05.037+0000 7f8dd8e19700 1 --2- 172.21.15.83:0/3051278566 >> [v2:172.21.15.83:3300/0,v1:172.21.15.83:6789/0] conn(0x7f8dd4109120 0x7f8dd419c480 unknown :-1 s=CLOSED pgs=27 cs=0 l=1 rev1=1 crypto rx=0 tx=0 comp rx=0 tx=0).stop
2024-04-25T12:50:05.622 INFO:teuthology.orchestra.run.smithi083.stdout:/usr/bin/ceph: stderr
2024-04-25T12:50:05.037+0000 7f8dd8e19700 1 -- 172.21.15.83:0/3051278566 >> 172.21.15.83:0/3051278566 conn(0x7f8dd4102ab0 msgr2=0x7f8dd41035a0 unknown :-1 s=STATE_NONE l=0).mark_down
2024-04-25T12:50:05.622 INFO:teuthology.orchestra.run.smithi083.stdout:/usr/bin/ceph: stderr
2024-04-25T12:50:05.037+0000 7f8dd8e19700 1 -- 172.21.15.83:0/3051278566 shutdown_connections
2024-04-25T12:50:05.622 INFO:teuthology.orchestra.run.smithi083.stdout:/usr/bin/ceph: stderr
2024-04-25T12:50:05.037+0000 7f8dd8e19700 1 -- 172.21.15.83:0/3051278566 wait complete.
2024-04-25T12:50:05.623 INFO:teuthology.orchestra.run.smithi083.stdout:Waiting for the mgr to restart...
2024-04-25T12:50:05.623 INFO:teuthology.orchestra.run.smithi083.stdout:Waiting for mgr epoch 5...
2024-04-25T12:50:05.898 INFO:journalctl@ceph.mon.a.smithi083.stdout:Apr 25 12:50:05 smithi083 ceph-mon[29240]: from='client.? 172.21.15.83:0/3051278566' entity='client.admin' cmd=[{"prefix": "mgr stat"}]: dispatch
2024-04-25T12:50:05.898 INFO:journalctl@ceph.mgr.x.smithi083.stdout:Apr 25 12:50:05 smithi083 ceph-dd96d3b8-0301-11ef-bc93-c7b262605968-mgr-x[29470]:
2024-04-25T12:50:05.764+0000 7f405d2cf200 -1 mgr[py] Module telegraf has missing NOTIFY_TYPES member
2024-04-25T12:50:06.238 INFO:journalctl@ceph.mgr.x.smithi083.stdout:Apr 25 12:50:05 smithi083 ceph-dd96d3b8-0301-11ef-bc93-c7b262605968-mgr-x[29470]:
2024-04-25T12:50:05.942+0000 7f405d2cf200 -1 mgr[py] Module osd_support has missing NOTIFY_TYPES member
2024-04-25T12:50:06.238 INFO:journalctl@ceph.mgr.x.smithi083.stdout:Apr 25 12:50:06 smithi083 ceph-dd96d3b8-0301-11ef-bc93-c7b262605968-mgr-x[29470]:
2024-04-25T12:50:06.113+0000 7f405d2cf200 -1 mgr[py] Module iostat has missing NOTIFY_TYPES member
2024-04-25T12:50:06.496 INFO:journalctl@ceph.mgr.x.smithi083.stdout:Apr 25 12:50:06 smithi083 ceph-dd96d3b8-0301-11ef-bc93-c7b262605968-mgr-x[29470]:
2024-04-25T12:50:06.403+0000 7f405d2cf200 -1 mgr[py] Module alerts has missing NOTIFY_TYPES member
2024-04-25T12:50:06.496 INFO:journalctl@ceph.mgr.x.smithi083.stdout:Apr 25 12:50:06 smithi083 ceph-dd96d3b8-0301-11ef-bc93-c7b262605968-mgr-x[29470]:
2024-04-25T12:50:06.496+0000 7f405d2cf200 -1 mgr[py] Module selftest has missing NOTIFY_TYPES member
2024-04-25T12:50:06.893 INFO:journalctl@ceph.mgr.x.smithi083.stdout:Apr 25 12:50:06 smithi083 ceph-dd96d3b8-0301-11ef-bc93-c7b262605968-mgr-x[29470]:
2024-04-25T12:50:06.698+0000 7f405d2cf200 -1 mgr[py] Module pg_autoscaler has missing NOTIFY_TYPES member
2024-04-25T12:50:07.148 INFO:journalctl@ceph.mgr.x.smithi083.stdout:Apr 25 12:50:06 smithi083 ceph-dd96d3b8-0301-11ef-bc93-c7b262605968-mgr-x[29470]:
2024-04-25T12:50:06.893+0000 7f405d2cf200 -1 mgr[py] Module test_orchestrator has missing NOTIFY_TYPES member
2024-04-25T12:50:07.898 INFO:journalctl@ceph.mgr.x.smithi083.stdout:Apr 25 12:50:07 smithi083 ceph-dd96d3b8-0301-11ef-bc93-c7b262605968-mgr-x[29470]:
2024-04-25T12:50:07.493+0000 7f405d2cf200 -1 mgr[py] Module rook has missing NOTIFY_TYPES member
2024-04-25T12:50:08.212 INFO:journalctl@ceph.mgr.x.smithi083.stdout:Apr 25 12:50:07 smithi083 ceph-dd96d3b8-0301-11ef-bc93-c7b262605968-mgr-x[29470]:
2024-04-25T12:50:07.916+0000 7f405d2cf200 -1 mgr[py] Module volumes has missing NOTIFY_TYPES member
2024-04-25T12:50:08.212 INFO:journalctl@ceph.mgr.x.smithi083.stdout:Apr 25 12:50:08 smithi083 ceph-dd96d3b8-0301-11ef-bc93-c7b262605968-mgr-x[29470]:
2024-04-25T12:50:08.012+0000 7f405d2cf200 -1 mgr[py] Module crash has missing NOTIFY_TYPES member
2024-04-25T12:50:08.212 INFO:journalctl@ceph.mgr.x.smithi083.stdout:Apr 25 12:50:08 smithi083 ceph-dd96d3b8-0301-11ef-bc93-c7b262605968-mgr-x[29470]:
2024-04-25T12:50:08.213+0000 7f405d2cf200 -1 mgr[py] Module rgw has missing NOTIFY_TYPES member
2024-04-25T12:50:09.042 INFO:journalctl@ceph.mgr.x.smithi083.stdout:Apr 25 12:50:08 smithi083 ceph-dd96d3b8-0301-11ef-bc93-c7b262605968-mgr-x[29470]:
2024-04-25T12:50:08.732+0000 7f405d2cf200 -1 mgr[py] Module prometheus has missing NOTIFY_TYPES member
2024-04-25T12:50:09.042 INFO:journalctl@ceph.mgr.x.smithi083.stdout:Apr 25 12:50:08 smithi083 ceph-dd96d3b8-0301-11ef-bc93-c7b262605968-mgr-x[29470]:
2024-04-25T12:50:08.824+0000 7f405d2cf200 -1 mgr[py] Module devicehealth has missing NOTIFY_TYPES member
2024-04-25T12:50:09.398 INFO:journalctl@ceph.mgr.x.smithi083.stdout:Apr 25 12:50:09 smithi083 ceph-dd96d3b8-0301-11ef-bc93-c7b262605968-mgr-x[29470]:
2024-04-25T12:50:09.066+0000 7f405d2cf200 -1 mgr[py] Module telemetry has missing NOTIFY_TYPES member
2024-04-25T12:50:09.398 INFO:journalctl@ceph.mgr.x.smithi083.stdout:Apr 25 12:50:09 smithi083 ceph-dd96d3b8-0301-11ef-bc93-c7b262605968-mgr-x[29470]:
2024-04-25T12:50:09.197+0000 7f405d2cf200 -1 mgr[py] Module diskprediction_local has missing NOTIFY_TYPES member
2024-04-25T12:50:09.399 INFO:journalctl@ceph.mgr.x.smithi083.stdout:Apr 25 12:50:09 smithi083 ceph-dd96d3b8-0301-11ef-bc93-c7b262605968-mgr-x[29470]:
2024-04-25T12:50:09.292+0000 7f405d2cf200 -1 mgr[py] Module osd_perf_query has missing NOTIFY_TYPES member
2024-04-25T12:50:09.705 INFO:journalctl@ceph.mgr.x.smithi083.stdout:Apr 25 12:50:09 smithi083 ceph-dd96d3b8-0301-11ef-bc93-c7b262605968-mgr-x[29470]:
2024-04-25T12:50:09.408+0000 7f405d2cf200 -1 mgr[py] Module rbd_support has missing NOTIFY_TYPES member
2024-04-25T12:50:09.705 INFO:journalctl@ceph.mgr.x.smithi083.stdout:Apr 25 12:50:09 smithi083 ceph-dd96d3b8-0301-11ef-bc93-c7b262605968-mgr-x[29470]:
2024-04-25T12:50:09.706+0000 7f405d2cf200 -1 mgr[py] Module zabbix has missing NOTIFY_TYPES member
2024-04-25T12:50:10.566 INFO:journalctl@ceph.mgr.x.smithi083.stdout:Apr 25 12:50:10 smithi083 ceph-dd96d3b8-0301-11ef-bc93-c7b262605968-mgr-x[29470]:
2024-04-25T12:50:10.301+0000 7f405d2cf200 -1 mgr[py] Module status has missing NOTIFY_TYPES member
2024-04-25T12:50:10.566 INFO:journalctl@ceph.mgr.x.smithi083.stdout:Apr 25 12:50:10 smithi083 ceph-dd96d3b8-0301-11ef-bc93-c7b262605968-mgr-x[29470]:
2024-04-25T12:50:10.515+0000 7f405d2cf200 -1 mgr[py] Module nfs has missing NOTIFY_TYPES member
2024-04-25T12:50:10.898 INFO:journalctl@ceph.mon.a.smithi083.stdout:Apr 25 12:50:10 smithi083 ceph-mon[29240]: Active manager daemon x restarted
2024-04-25T12:50:10.899 INFO:journalctl@ceph.mon.a.smithi083.stdout:Apr 25 12:50:10 smithi083 ceph-mon[29240]: Activating manager daemon x
2024-04-25T12:50:10.899 INFO:journalctl@ceph.mon.a.smithi083.stdout:Apr 25 12:50:10 smithi083 ceph-mon[29240]: osdmap e2: 0 total, 0 up, 0 in
2024-04-25T12:50:10.899 INFO:journalctl@ceph.mon.a.smithi083.stdout:Apr 25 12:50:10 smithi083 ceph-mon[29240]: mgrmap e6: x(active, starting, since 0.00397508s)
2024-04-25T12:50:10.899 INFO:journalctl@ceph.mon.a.smithi083.stdout:Apr 25 12:50:10 smithi083 ceph-mon[29240]: from='mgr.14120 172.21.15.83:0/2581574156' entity='mgr.x' cmd=[{"prefix": "mon metadata", "id": "a"}]: dispatch
2024-04-25T12:50:10.899 INFO:journalctl@ceph.mon.a.smithi083.stdout:Apr 25 12:50:10 smithi083 ceph-mon[29240]: from='mgr.14120 172.21.15.83:0/2581574156' entity='mgr.x' cmd=[{"prefix": "mgr metadata", "who": "x", "id": "x"}]: dispatch
2024-04-25T12:50:10.899 INFO:journalctl@ceph.mon.a.smithi083.stdout:Apr 25 12:50:10 smithi083 ceph-mon[29240]: from='mgr.14120 172.21.15.83:0/2581574156' entity='mgr.x' cmd=[{"prefix": "mds metadata"}]: dispatch
2024-04-25T12:50:10.899 INFO:journalctl@ceph.mon.a.smithi083.stdout:Apr 25 12:50:10 smithi083 ceph-mon[29240]: from='mgr.14120 172.21.15.83:0/2581574156' entity='mgr.x' cmd=[{"prefix": "osd metadata"}]: dispatch
2024-04-25T12:50:10.899 INFO:journalctl@ceph.mon.a.smithi083.stdout:Apr 25 12:50:10 smithi083 ceph-mon[29240]: from='mgr.14120 172.21.15.83:0/2581574156' entity='mgr.x' cmd=[{"prefix": "mon metadata"}]: dispatch
2024-04-25T12:50:10.899 INFO:journalctl@ceph.mon.a.smithi083.stdout:Apr 25 12:50:10 smithi083 ceph-mon[29240]: Manager daemon x is now available
2024-04-25T12:50:10.899 INFO:journalctl@ceph.mon.a.smithi083.stdout:Apr 25 12:50:10 smithi083 ceph-mon[29240]: from='mgr.14120 172.21.15.83:0/2581574156' entity='mgr.x'
2024-04-25T12:50:10.899 INFO:journalctl@ceph.mon.a.smithi083.stdout:Apr 25 12:50:10 smithi083 ceph-mon[29240]: from='mgr.14120 172.21.15.83:0/2581574156' entity='mgr.x'
2024-04-25T12:50:10.899 INFO:journalctl@ceph.mon.a.smithi083.stdout:Apr 25 12:50:10 smithi083 ceph-mon[29240]: from='mgr.14120 172.21.15.83:0/2581574156' entity='mgr.x' cmd=[{"prefix": "config dump", "format": "json"}]: dispatch
2024-04-25T12:50:10.899 INFO:journalctl@ceph.mon.a.smithi083.stdout:Apr 25 12:50:10 smithi083 ceph-mon[29240]: from='mgr.14120 172.21.15.83:0/2581574156' entity='mgr.x' cmd=[{"prefix": "config dump", "format": "json"}]: dispatch
2024-04-25T12:50:10.899 INFO:journalctl@ceph.mon.a.smithi083.stdout:Apr 25 12:50:10 smithi083 ceph-mon[29240]: from='mgr.14120 172.21.15.83:0/2581574156' entity='mgr.x' cmd=[{"prefix":"config rm","who":"mgr","name":"mgr/rbd_support/x/mirror_snapshot_schedule"}]: dispatch
2024-04-25T12:50:11.855 INFO:journalctl@ceph.mon.a.smithi083.stdout:Apr 25 12:50:11 smithi083 ceph-mon[29240]: Found migration_current of "None". Setting to last migration.
2024-04-25T12:50:11.855 INFO:journalctl@ceph.mon.a.smithi083.stdout:Apr 25 12:50:11 smithi083 ceph-mon[29240]: from='mgr.14120 172.21.15.83:0/2581574156' entity='mgr.x' cmd=[{"prefix":"config rm","who":"mgr","name":"mgr/rbd_support/x/trash_purge_schedule"}]: dispatch
2024-04-25T12:50:11.855 INFO:journalctl@ceph.mon.a.smithi083.stdout:Apr 25 12:50:11 smithi083 ceph-mon[29240]: from='mgr.14120 172.21.15.83:0/2581574156' entity='mgr.x'
2024-04-25T12:50:11.855 INFO:journalctl@ceph.mon.a.smithi083.stdout:Apr 25 12:50:11 smithi083 ceph-mon[29240]: from='mgr.14120 172.21.15.83:0/2581574156' entity='mgr.x'
2024-04-25T12:50:11.855 INFO:journalctl@ceph.mon.a.smithi083.stdout:Apr 25 12:50:11 smithi083 ceph-mon[29240]: mgrmap e7: x(active, since 1.00568s)
2024-04-25T12:50:12.110 INFO:teuthology.orchestra.run.smithi083.stdout:/usr/bin/ceph: stdout {
2024-04-25T12:50:12.111 INFO:teuthology.orchestra.run.smithi083.stdout:/usr/bin/ceph: stdout "mgrmap_epoch": 7,
2024-04-25T12:50:12.111 INFO:teuthology.orchestra.run.smithi083.stdout:/usr/bin/ceph: stdout "initialized": true
2024-04-25T12:50:12.111 INFO:teuthology.orchestra.run.smithi083.stdout:/usr/bin/ceph: stdout }
2024-04-25T12:50:12.111 INFO:teuthology.orchestra.run.smithi083.stdout:/usr/bin/ceph: stderr
2024-04-25T12:50:06.033+0000 7f5a8978f700 1 Processor -- start
2024-04-25T12:50:12.111 INFO:teuthology.orchestra.run.smithi083.stdout:/usr/bin/ceph: stderr
2024-04-25T12:50:06.033+0000 7f5a8978f700 1 -- start start
2024-04-25T12:50:12.111 INFO:teuthology.orchestra.run.smithi083.stdout:/usr/bin/ceph: stderr
2024-04-25T12:50:06.034+0000 7f5a8978f700 1 --2- >> [v2:172.21.15.83:3300/0,v1:172.21.15.83:6789/0] conn(0x7f5a84108b00 0x7f5a84108f20 unknown :-1 s=NONE pgs=0 cs=0 l=0 rev1=0 crypto rx=0 tx=0 comp rx=0 tx=0).connect
2024-04-25T12:50:12.111 INFO:teuthology.orchestra.run.smithi083.stdout:/usr/bin/ceph: stderr
2024-04-25T12:50:06.034+0000 7f5a8978f700 1 -- --> [v2:172.21.15.83:3300/0,v1:172.21.15.83:6789/0] -- mon_getmap magic: 0 -- 0x7f5a841094f0 con 0x7f5a84108b00
2024-04-25T12:50:12.112 INFO:teuthology.orchestra.run.smithi083.stdout:/usr/bin/ceph: stderr
2024-04-25T12:50:06.034+0000 7f5a82ffd700 1 --2- >> [v2:172.21.15.83:3300/0,v1:172.21.15.83:6789/0] conn(0x7f5a84108b00 0x7f5a84108f20 unknown :-1 s=BANNER_CONNECTING pgs=0 cs=0 l=0 rev1=0 crypto rx=0 tx=0 comp rx=0 tx=0)._handle_peer_banner_payload supported=3 required=0
2024-04-25T12:50:12.112 INFO:teuthology.orchestra.run.smithi083.stdout:/usr/bin/ceph: stderr
2024-04-25T12:50:06.034+0000 7f5a82ffd700 1 --2- >> [v2:172.21.15.83:3300/0,v1:172.21.15.83:6789/0] conn(0x7f5a84108b00 0x7f5a84108f20 unknown :-1 s=HELLO_CONNECTING pgs=0 cs=0 l=0 rev1=1 crypto rx=0 tx=0 comp rx=0 tx=0).handle_hello peer v2:172.21.15.83:3300/0 says I am v2:172.21.15.83:45364/0 (socket says 172.21.15.83:45364)
2024-04-25T12:50:12.112 INFO:teuthology.orchestra.run.smithi083.stdout:/usr/bin/ceph: stderr
2024-04-25T12:50:06.034+0000 7f5a82ffd700 1 -- 172.21.15.83:0/2197304262 learned_addr learned my addr 172.21.15.83:0/2197304262 (peer_addr_for_me v2:172.21.15.83:0/0)
2024-04-25T12:50:12.112 INFO:teuthology.orchestra.run.smithi083.stdout:/usr/bin/ceph: stderr
2024-04-25T12:50:06.034+0000 7f5a82ffd700 1 -- 172.21.15.83:0/2197304262 --> [v2:172.21.15.83:3300/0,v1:172.21.15.83:6789/0] -- mon_subscribe({config=0+,monmap=0+}) -- 0x7f5a841077b0 con 0x7f5a84108b00
2024-04-25T12:50:12.112 INFO:teuthology.orchestra.run.smithi083.stdout:/usr/bin/ceph: stderr
2024-04-25T12:50:06.034+0000 7f5a82ffd700 1 --2- 172.21.15.83:0/2197304262 >> [v2:172.21.15.83:3300/0,v1:172.21.15.83:6789/0] conn(0x7f5a84108b00 0x7f5a84108f20 secure :-1 s=READY pgs=28 cs=0 l=1 rev1=1 crypto rx=0x7f5a780098a0 tx=0x7f5a78009bb0 comp rx=0 tx=0).ready entity=mon.0 client_cookie=689929221c53fd5d server_cookie=0 in_seq=0 out_seq=0
2024-04-25T12:50:12.112 INFO:teuthology.orchestra.run.smithi083.stdout:/usr/bin/ceph: stderr
2024-04-25T12:50:06.034+0000 7f5a81ffb700 1 -- 172.21.15.83:0/2197304262 <== mon.0 v2:172.21.15.83:3300/0 1 ==== mon_map magic: 0 ==== 205+0+0 (secure 0 0 0) 0x7f5a78004160 con 0x7f5a84108b00
2024-04-25T12:50:12.113 INFO:teuthology.orchestra.run.smithi083.stdout:/usr/bin/ceph: stderr
2024-04-25T12:50:06.034+0000 7f5a81ffb700 1 -- 172.21.15.83:0/2197304262 <== mon.0 v2:172.21.15.83:3300/0 2 ==== config(26 keys) ==== 1070+0+0 (secure 0 0 0) 0x7f5a78004300 con 0x7f5a84108b00
2024-04-25T12:50:12.113 INFO:teuthology.orchestra.run.smithi083.stdout:/usr/bin/ceph: stderr
2024-04-25T12:50:06.034+0000 7f5a81ffb700 1 -- 172.21.15.83:0/2197304262 <== mon.0 v2:172.21.15.83:3300/0 3 ==== mon_map magic: 0 ==== 205+0+0 (secure 0 0 0) 0x7f5a78011af0 con 0x7f5a84108b00
2024-04-25T12:50:12.113 INFO:teuthology.orchestra.run.smithi083.stdout:/usr/bin/ceph: stderr
2024-04-25T12:50:06.035+0000 7f5a8978f700 1 -- 172.21.15.83:0/2197304262 >> [v2:172.21.15.83:3300/0,v1:172.21.15.83:6789/0] conn(0x7f5a84108b00 msgr2=0x7f5a84108f20 secure :-1 s=STATE_CONNECTION_ESTABLISHED l=1).mark_down
2024-04-25T12:50:12.113 INFO:teuthology.orchestra.run.smithi083.stdout:/usr/bin/ceph: stderr
2024-04-25T12:50:06.035+0000 7f5a8978f700 1 --2- 172.21.15.83:0/2197304262 >> [v2:172.21.15.83:3300/0,v1:172.21.15.83:6789/0] conn(0x7f5a84108b00 0x7f5a84108f20 secure :-1 s=READY pgs=28 cs=0 l=1 rev1=1 crypto rx=0x7f5a780098a0 tx=0x7f5a78009bb0 comp rx=0 tx=0).stop
2024-04-25T12:50:12.113 INFO:teuthology.orchestra.run.smithi083.stdout:/usr/bin/ceph: stderr
2024-04-25T12:50:06.035+0000 7f5a8978f700 1 -- 172.21.15.83:0/2197304262 shutdown_connections
2024-04-25T12:50:12.113 INFO:teuthology.orchestra.run.smithi083.stdout:/usr/bin/ceph: stderr
2024-04-25T12:50:06.035+0000 7f5a8978f700 1 --2- 172.21.15.83:0/2197304262 >> [v2:172.21.15.83:3300/0,v1:172.21.15.83:6789/0] conn(0x7f5a84108b00 0x7f5a84108f20 unknown :-1 s=CLOSED pgs=28 cs=0 l=1 rev1=1 crypto rx=0 tx=0 comp rx=0 tx=0).stop
2024-04-25T12:50:12.113 INFO:teuthology.orchestra.run.smithi083.stdout:/usr/bin/ceph: stderr
2024-04-25T12:50:06.035+0000 7f5a8978f700 1 -- 172.21.15.83:0/2197304262 >> 172.21.15.83:0/2197304262 conn(0x7f5a84102260 msgr2=0x7f5a84104680 unknown :-1 s=STATE_NONE l=0).mark_down
2024-04-25T12:50:12.113 INFO:teuthology.orchestra.run.smithi083.stdout:/usr/bin/ceph: stderr
2024-04-25T12:50:06.035+0000 7f5a8978f700 1 -- 172.21.15.83:0/2197304262 shutdown_connections
2024-04-25T12:50:12.114 INFO:teuthology.orchestra.run.smithi083.stdout:/usr/bin/ceph: stderr
2024-04-25T12:50:06.035+0000 7f5a8978f700 1 -- 172.21.15.83:0/2197304262 wait complete.
2024-04-25T12:50:12.114 INFO:teuthology.orchestra.run.smithi083.stdout:/usr/bin/ceph: stderr
2024-04-25T12:50:06.036+0000 7f5a8978f700 1 Processor -- start
2024-04-25T12:50:12.114 INFO:teuthology.orchestra.run.smithi083.stdout:/usr/bin/ceph: stderr
2024-04-25T12:50:06.036+0000 7f5a8978f700 1 -- start start
2024-04-25T12:50:12.114 INFO:teuthology.orchestra.run.smithi083.stdout:/usr/bin/ceph: stderr
2024-04-25T12:50:06.037+0000 7f5a8978f700 1 --2- >> [v2:172.21.15.83:3300/0,v1:172.21.15.83:6789/0] conn(0x7f5a84108b00 0x7f5a8419b3c0 unknown :-1 s=NONE pgs=0 cs=0 l=1 rev1=0 crypto rx=0 tx=0 comp rx=0 tx=0).connect
2024-04-25T12:50:12.114 INFO:teuthology.orchestra.run.smithi083.stdout:/usr/bin/ceph: stderr
2024-04-25T12:50:06.037+0000 7f5a8978f700 1 -- --> [v2:172.21.15.83:3300/0,v1:172.21.15.83:6789/0] -- mon_getmap magic: 0 -- 0x7f5a8410b9f0 con 0x7f5a84108b00
2024-04-25T12:50:12.114 INFO:teuthology.orchestra.run.smithi083.stdout:/usr/bin/ceph: stderr
2024-04-25T12:50:06.037+0000 7f5a82ffd700 1 --2- >> [v2:172.21.15.83:3300/0,v1:172.21.15.83:6789/0] conn(0x7f5a84108b00 0x7f5a8419b3c0 unknown :-1 s=BANNER_CONNECTING pgs=0 cs=0 l=1 rev1=0 crypto rx=0 tx=0 comp rx=0 tx=0)._handle_peer_banner_payload supported=3 required=0
2024-04-25T12:50:12.114 INFO:teuthology.orchestra.run.smithi083.stdout:/usr/bin/ceph: stderr
2024-04-25T12:50:06.037+0000 7f5a82ffd700 1 --2- >> [v2:172.21.15.83:3300/0,v1:172.21.15.83:6789/0] conn(0x7f5a84108b00 0x7f5a8419b3c0 unknown :-1 s=HELLO_CONNECTING pgs=0 cs=0 l=1 rev1=1 crypto rx=0 tx=0 comp rx=0 tx=0).handle_hello peer v2:172.21.15.83:3300/0 says I am v2:172.21.15.83:45374/0 (socket says 172.21.15.83:45374)
2024-04-25T12:50:12.114 INFO:teuthology.orchestra.run.smithi083.stdout:/usr/bin/ceph: stderr
2024-04-25T12:50:06.037+0000 7f5a82ffd700 1 -- 172.21.15.83:0/2824795207 learned_addr learned my addr 172.21.15.83:0/2824795207 (peer_addr_for_me v2:172.21.15.83:0/0)
2024-04-25T12:50:12.115 INFO:teuthology.orchestra.run.smithi083.stdout:/usr/bin/ceph: stderr
2024-04-25T12:50:06.037+0000 7f5a82ffd700 1 -- 172.21.15.83:0/2824795207 --> [v2:172.21.15.83:3300/0,v1:172.21.15.83:6789/0] -- mon_subscribe({config=0+,monmap=0+}) -- 0x7f5a8419b900 con 0x7f5a84108b00
2024-04-25T12:50:12.115 INFO:teuthology.orchestra.run.smithi083.stdout:/usr/bin/ceph: stderr
2024-04-25T12:50:06.037+0000 7f5a82ffd700 1 --2- 172.21.15.83:0/2824795207 >> [v2:172.21.15.83:3300/0,v1:172.21.15.83:6789/0] conn(0x7f5a84108b00 0x7f5a8419b3c0 secure :-1 s=READY pgs=29 cs=0 l=1 rev1=1 crypto rx=0x7f5a78003f40 tx=0x7f5a78011890 comp rx=0 tx=0).ready entity=mon.0 client_cookie=0 server_cookie=0 in_seq=0 out_seq=0
2024-04-25T12:50:12.115 INFO:teuthology.orchestra.run.smithi083.stdout:/usr/bin/ceph: stderr
2024-04-25T12:50:06.037+0000 7f5a6bfff700 1 -- 172.21.15.83:0/2824795207 <== mon.0 v2:172.21.15.83:3300/0 1 ==== mon_map magic: 0 ==== 205+0+0 (secure 0 0 0) 0x7f5a780038b0 con 0x7f5a84108b00
2024-04-25T12:50:12.115 INFO:teuthology.orchestra.run.smithi083.stdout:/usr/bin/ceph: stderr
2024-04-25T12:50:06.037+0000 7f5a6bfff700 1 -- 172.21.15.83:0/2824795207 <== mon.0 v2:172.21.15.83:3300/0 2 ==== config(26 keys) ==== 1070+0+0 (secure 0 0 0) 0x7f5a78003a50 con 0x7f5a84108b00
2024-04-25T12:50:12.115 INFO:teuthology.orchestra.run.smithi083.stdout:/usr/bin/ceph: stderr
2024-04-25T12:50:06.037+0000 7f5a8978f700 1 -- 172.21.15.83:0/2824795207 --> [v2:172.21.15.83:3300/0,v1:172.21.15.83:6789/0] -- mon_subscribe({mgrmap=0+}) -- 0x7f5a8419bb90 con 0x7f5a84108b00
2024-04-25T12:50:12.115 INFO:teuthology.orchestra.run.smithi083.stdout:/usr/bin/ceph: stderr
2024-04-25T12:50:06.037+0000 7f5a6bfff700 1 -- 172.21.15.83:0/2824795207 <== mon.0 v2:172.21.15.83:3300/0 3 ==== mon_map magic: 0 ==== 205+0+0 (secure 0 0 0) 0x7f5a7801a5c0 con 0x7f5a84108b00
2024-04-25T12:50:12.115 INFO:teuthology.orchestra.run.smithi083.stdout:/usr/bin/ceph: stderr
2024-04-25T12:50:06.037+0000 7f5a8978f700 1 -- 172.21.15.83:0/2824795207 --> [v2:172.21.15.83:3300/0,v1:172.21.15.83:6789/0] -- mon_subscribe({osdmap=0}) -- 0x7f5a8419e880 con 0x7f5a84108b00
2024-04-25T12:50:12.115 INFO:teuthology.orchestra.run.smithi083.stdout:/usr/bin/ceph: stderr
2024-04-25T12:50:06.038+0000 7f5a6bfff700 1 -- 172.21.15.83:0/2824795207 <== mon.0 v2:172.21.15.83:3300/0 4 ==== mgrmap(e 5) ==== 46558+0+0 (secure 0 0 0) 0x7f5a7801a8c0 con 0x7f5a84108b00
2024-04-25T12:50:12.116 INFO:teuthology.orchestra.run.smithi083.stdout:/usr/bin/ceph: stderr
2024-04-25T12:50:06.038+0000 7f5a6bfff700 1 --2- 172.21.15.83:0/2824795207 >> [v2:172.21.15.83:6800/599021846,v1:172.21.15.83:6801/599021846] conn(0x7f5a6c039560 0x7f5a6c03ba20 unknown :-1 s=NONE pgs=0 cs=0 l=1 rev1=0 crypto rx=0 tx=0 comp rx=0 tx=0).connect
2024-04-25T12:50:12.116 INFO:teuthology.orchestra.run.smithi083.stdout:/usr/bin/ceph: stderr
2024-04-25T12:50:06.038+0000 7f5a69ffb700 1 -- 172.21.15.83:0/2824795207 --> [v2:172.21.15.83:6800/599021846,v1:172.21.15.83:6801/599021846] -- command(tid 0: {"prefix": "get_command_descriptions"}) -- 0x7f5a84069b80 con 0x7f5a6c039560
2024-04-25T12:50:12.116 INFO:teuthology.orchestra.run.smithi083.stdout:/usr/bin/ceph: stderr
2024-04-25T12:50:06.038+0000 7f5a827fc700 1 -- 172.21.15.83:0/2824795207 >> [v2:172.21.15.83:6800/599021846,v1:172.21.15.83:6801/599021846] conn(0x7f5a6c039560 msgr2=0x7f5a6c03ba20 unknown :-1 s=STATE_CONNECTING_RE l=1).process reconnect failed to v2:172.21.15.83:6800/599021846
2024-04-25T12:50:12.116 INFO:teuthology.orchestra.run.smithi083.stdout:/usr/bin/ceph: stderr
2024-04-25T12:50:06.038+0000 7f5a6bfff700 1 -- 172.21.15.83:0/2824795207 <== mon.0 v2:172.21.15.83:3300/0 5 ==== osd_map(1..1 src has 1..1) ==== 725+0+0 (secure 0 0 0) 0x7f5a7804edc0 con 0x7f5a84108b00
2024-04-25T12:50:12.116 INFO:teuthology.orchestra.run.smithi083.stdout:/usr/bin/ceph: stderr
2024-04-25T12:50:06.038+0000 7f5a827fc700 1 --2- 172.21.15.83:0/2824795207 >> [v2:172.21.15.83:6800/599021846,v1:172.21.15.83:6801/599021846] conn(0x7f5a6c039560 0x7f5a6c03ba20 unknown :-1 s=START_CONNECT pgs=0 cs=0 l=1 rev1=0 crypto rx=0 tx=0 comp rx=0 tx=0)._fault waiting 0.200000
2024-04-25T12:50:12.116 INFO:teuthology.orchestra.run.smithi083.stdout:/usr/bin/ceph: stderr
2024-04-25T12:50:06.239+0000 7f5a827fc700 1 -- 172.21.15.83:0/2824795207 >> [v2:172.21.15.83:6800/599021846,v1:172.21.15.83:6801/599021846] conn(0x7f5a6c039560 msgr2=0x7f5a6c03ba20 unknown :-1 s=STATE_CONNECTING_RE l=1).process reconnect failed to v2:172.21.15.83:6800/599021846
2024-04-25T12:50:12.116 INFO:teuthology.orchestra.run.smithi083.stdout:/usr/bin/ceph: stderr
2024-04-25T12:50:06.239+0000 7f5a827fc700 1 --2- 172.21.15.83:0/2824795207 >> [v2:172.21.15.83:6800/599021846,v1:172.21.15.83:6801/599021846] conn(0x7f5a6c039560 0x7f5a6c03ba20 unknown :-1 s=START_CONNECT pgs=0 cs=0 l=1 rev1=0 crypto rx=0 tx=0 comp rx=0 tx=0)._fault waiting 0.400000
2024-04-25T12:50:12.116 INFO:teuthology.orchestra.run.smithi083.stdout:/usr/bin/ceph: stderr
2024-04-25T12:50:06.640+0000 7f5a827fc700 1 -- 172.21.15.83:0/2824795207 >> [v2:172.21.15.83:6800/599021846,v1:172.21.15.83:6801/599021846] conn(0x7f5a6c039560 msgr2=0x7f5a6c03ba20 unknown :-1 s=STATE_CONNECTING_RE l=1).process reconnect failed to v2:172.21.15.83:6800/599021846
2024-04-25T12:50:12.117 INFO:teuthology.orchestra.run.smithi083.stdout:/usr/bin/ceph: stderr
2024-04-25T12:50:06.640+0000 7f5a827fc700 1 --2- 172.21.15.83:0/2824795207 >> [v2:172.21.15.83:6800/599021846,v1:172.21.15.83:6801/599021846] conn(0x7f5a6c039560 0x7f5a6c03ba20 unknown :-1 s=START_CONNECT pgs=0 cs=0 l=1 rev1=0 crypto rx=0 tx=0 comp rx=0 tx=0)._fault waiting 0.800000
2024-04-25T12:50:12.117 INFO:teuthology.orchestra.run.smithi083.stdout:/usr/bin/ceph: stderr
2024-04-25T12:50:07.441+0000 7f5a827fc700 1 -- 172.21.15.83:0/2824795207 >> [v2:172.21.15.83:6800/599021846,v1:172.21.15.83:6801/599021846] conn(0x7f5a6c039560 msgr2=0x7f5a6c03ba20 unknown :-1 s=STATE_CONNECTING_RE l=1).process reconnect failed to v2:172.21.15.83:6800/599021846
2024-04-25T12:50:12.117 INFO:teuthology.orchestra.run.smithi083.stdout:/usr/bin/ceph: stderr
2024-04-25T12:50:07.441+0000 7f5a827fc700 1 --2- 172.21.15.83:0/2824795207 >> [v2:172.21.15.83:6800/599021846,v1:172.21.15.83:6801/599021846] conn(0x7f5a6c039560 0x7f5a6c03ba20 unknown :-1 s=START_CONNECT pgs=0 cs=0 l=1 rev1=0 crypto rx=0 tx=0 comp rx=0 tx=0)._fault waiting 1.600000
2024-04-25T12:50:12.117 INFO:teuthology.orchestra.run.smithi083.stdout:/usr/bin/ceph: stderr
