2024-04-25T12:50:09.042+0000 7f5a827fc700 1 -- 172.21.15.83:0/2824795207 >> [v2:172.21.15.83:6800/599021846,v1:172.21.15.83:6801/599021846] conn(0x7f5a6c039560 msgr2=0x7f5a6c03ba20 unknown :-1 s=STATE_CONNECTING_RE l=1).process reconnect failed to v2:172.21.15.83:6800/599021846
2024-04-25T12:50:12.117 INFO:teuthology.orchestra.run.smithi083.stdout:/usr/bin/ceph: stderr
2024-04-25T12:50:09.042+0000 7f5a827fc700 1 --2- 172.21.15.83:0/2824795207 >> [v2:172.21.15.83:6800/599021846,v1:172.21.15.83:6801/599021846] conn(0x7f5a6c039560 0x7f5a6c03ba20 unknown :-1 s=START_CONNECT pgs=0 cs=0 l=1 rev1=0 crypto rx=0 tx=0 comp rx=0 tx=0)._fault waiting 3.200000
2024-04-25T12:50:12.117 INFO:teuthology.orchestra.run.smithi083.stdout:/usr/bin/ceph: stderr
2024-04-25T12:50:10.519+0000 7f5a6bfff700 1 -- 172.21.15.83:0/2824795207 <== mon.0 v2:172.21.15.83:3300/0 6 ==== mgrmap(e 6) ==== 46325+0+0 (secure 0 0 0) 0x7f5a7802da00 con 0x7f5a84108b00
2024-04-25T12:50:12.117 INFO:teuthology.orchestra.run.smithi083.stdout:/usr/bin/ceph: stderr
2024-04-25T12:50:10.519+0000 7f5a6bfff700 1 -- 172.21.15.83:0/2824795207 >> [v2:172.21.15.83:6800/599021846,v1:172.21.15.83:6801/599021846] conn(0x7f5a6c039560 msgr2=0x7f5a6c03ba20 unknown :-1 s=STATE_CONNECTING l=1).mark_down
2024-04-25T12:50:12.117 INFO:teuthology.orchestra.run.smithi083.stdout:/usr/bin/ceph: stderr
2024-04-25T12:50:10.519+0000 7f5a6bfff700 1 --2- 172.21.15.83:0/2824795207 >> [v2:172.21.15.83:6800/599021846,v1:172.21.15.83:6801/599021846] conn(0x7f5a6c039560 0x7f5a6c03ba20 unknown :-1 s=START_CONNECT pgs=0 cs=0 l=1 rev1=0 crypto rx=0 tx=0 comp rx=0 tx=0).stop
2024-04-25T12:50:12.117 INFO:teuthology.orchestra.run.smithi083.stdout:/usr/bin/ceph: stderr
2024-04-25T12:50:11.520+0000 7f5a6bfff700 1 -- 172.21.15.83:0/2824795207 <== mon.0 v2:172.21.15.83:3300/0 7 ==== mgrmap(e 7) ==== 46452+0+0 (secure 0 0 0) 0x7f5a7804fa50 con 0x7f5a84108b00
2024-04-25T12:50:12.117 INFO:teuthology.orchestra.run.smithi083.stdout:/usr/bin/ceph: stderr
2024-04-25T12:50:11.520+0000 7f5a6bfff700 1 --2- 172.21.15.83:0/2824795207 >> [v2:172.21.15.83:6800/378436959,v1:172.21.15.83:6801/378436959] conn(0x7f5a6c03cc60 0x7f5a6c03f050 unknown :-1 s=NONE pgs=0 cs=0 l=1 rev1=0 crypto rx=0 tx=0 comp rx=0 tx=0).connect
2024-04-25T12:50:12.118 INFO:teuthology.orchestra.run.smithi083.stdout:/usr/bin/ceph: stderr
2024-04-25T12:50:11.520+0000 7f5a6bfff700 1 -- 172.21.15.83:0/2824795207 --> [v2:172.21.15.83:6800/378436959,v1:172.21.15.83:6801/378436959] -- command(tid 0: {"prefix": "get_command_descriptions"}) -- 0x7f5a84069b80 con 0x7f5a6c03cc60
2024-04-25T12:50:12.118 INFO:teuthology.orchestra.run.smithi083.stdout:/usr/bin/ceph: stderr
2024-04-25T12:50:11.520+0000 7f5a827fc700 1 --2- 172.21.15.83:0/2824795207 >> [v2:172.21.15.83:6800/378436959,v1:172.21.15.83:6801/378436959] conn(0x7f5a6c03cc60 0x7f5a6c03f050 unknown :-1 s=BANNER_CONNECTING pgs=0 cs=0 l=1 rev1=0 crypto rx=0 tx=0 comp rx=0 tx=0)._handle_peer_banner_payload supported=3 required=0
2024-04-25T12:50:12.118 INFO:teuthology.orchestra.run.smithi083.stdout:/usr/bin/ceph: stderr
2024-04-25T12:50:11.521+0000 7f5a827fc700 1 --2- 172.21.15.83:0/2824795207 >> [v2:172.21.15.83:6800/378436959,v1:172.21.15.83:6801/378436959] conn(0x7f5a6c03cc60 0x7f5a6c03f050 secure :-1 s=READY pgs=1 cs=0 l=1 rev1=1 crypto rx=0x7f5a74003a10 tx=0x7f5a74009290 comp rx=0 tx=0).ready entity=mgr.14120 client_cookie=0 server_cookie=0 in_seq=0 out_seq=0
2024-04-25T12:50:12.118 INFO:teuthology.orchestra.run.smithi083.stdout:/usr/bin/ceph: stderr
2024-04-25T12:50:11.521+0000 7f5a6bfff700 1 -- 172.21.15.83:0/2824795207 <== mgr.14120 v2:172.21.15.83:6800/378436959 1 ==== command_reply(tid 0: 0 ) ==== 8+0+7774 (secure 0 0 0) 0x7f5a84069b80 con 0x7f5a6c03cc60
2024-04-25T12:50:12.118 INFO:teuthology.orchestra.run.smithi083.stdout:/usr/bin/ceph: stderr
2024-04-25T12:50:11.528+0000 7f5a69ffb700 1 -- 172.21.15.83:0/2824795207 --> [v2:172.21.15.83:6800/378436959,v1:172.21.15.83:6801/378436959] -- command(tid 1: {"prefix": "mgr_status"}) -- 0x7f5a8419c070 con 0x7f5a6c03cc60
2024-04-25T12:50:12.118 INFO:teuthology.orchestra.run.smithi083.stdout:/usr/bin/ceph: stderr
2024-04-25T12:50:11.528+0000 7f5a6bfff700 1 -- 172.21.15.83:0/2824795207 <== mgr.14120 v2:172.21.15.83:6800/378436959 2 ==== command_reply(tid 1: 0 ) ==== 8+0+51 (secure 0 0 0) 0x7f5a8419c070 con 0x7f5a6c03cc60
2024-04-25T12:50:12.118 INFO:teuthology.orchestra.run.smithi083.stdout:/usr/bin/ceph: stderr
2024-04-25T12:50:11.528+0000 7f5a69ffb700 1 -- 172.21.15.83:0/2824795207 >> [v2:172.21.15.83:6800/378436959,v1:172.21.15.83:6801/378436959] conn(0x7f5a6c03cc60 msgr2=0x7f5a6c03f050 secure :-1 s=STATE_CONNECTION_ESTABLISHED l=1).mark_down
2024-04-25T12:50:12.118 INFO:teuthology.orchestra.run.smithi083.stdout:/usr/bin/ceph: stderr
2024-04-25T12:50:11.528+0000 7f5a69ffb700 1 --2- 172.21.15.83:0/2824795207 >> [v2:172.21.15.83:6800/378436959,v1:172.21.15.83:6801/378436959] conn(0x7f5a6c03cc60 0x7f5a6c03f050 secure :-1 s=READY pgs=1 cs=0 l=1 rev1=1 crypto rx=0x7f5a74003a10 tx=0x7f5a74009290 comp rx=0 tx=0).stop
2024-04-25T12:50:12.118 INFO:teuthology.orchestra.run.smithi083.stdout:/usr/bin/ceph: stderr
2024-04-25T12:50:11.528+0000 7f5a69ffb700 1 -- 172.21.15.83:0/2824795207 >> [v2:172.21.15.83:3300/0,v1:172.21.15.83:6789/0] conn(0x7f5a84108b00 msgr2=0x7f5a8419b3c0 secure :-1 s=STATE_CONNECTION_ESTABLISHED l=1).mark_down
2024-04-25T12:50:12.118 INFO:teuthology.orchestra.run.smithi083.stdout:/usr/bin/ceph: stderr
2024-04-25T12:50:11.528+0000 7f5a69ffb700 1 --2- 172.21.15.83:0/2824795207 >> [v2:172.21.15.83:3300/0,v1:172.21.15.83:6789/0] conn(0x7f5a84108b00 0x7f5a8419b3c0 secure :-1 s=READY pgs=29 cs=0 l=1 rev1=1 crypto rx=0x7f5a78003f40 tx=0x7f5a78011890 comp rx=0 tx=0).stop
2024-04-25T12:50:12.118 INFO:teuthology.orchestra.run.smithi083.stdout:/usr/bin/ceph: stderr
2024-04-25T12:50:11.528+0000 7f5a69ffb700 1 -- 172.21.15.83:0/2824795207 shutdown_connections
2024-04-25T12:50:12.118 INFO:teuthology.orchestra.run.smithi083.stdout:/usr/bin/ceph: stderr
2024-04-25T12:50:11.528+0000 7f5a69ffb700 1 --2- 172.21.15.83:0/2824795207 >> [v2:172.21.15.83:3300/0,v1:172.21.15.83:6789/0] conn(0x7f5a84108b00 0x7f5a8419b3c0 unknown :-1 s=CLOSED pgs=29 cs=0 l=1 rev1=1 crypto rx=0 tx=0 comp rx=0 tx=0).stop
2024-04-25T12:50:12.118 INFO:teuthology.orchestra.run.smithi083.stdout:/usr/bin/ceph: stderr
2024-04-25T12:50:11.528+0000 7f5a69ffb700 1 --2- 172.21.15.83:0/2824795207 >> [v2:172.21.15.83:6800/378436959,v1:172.21.15.83:6801/378436959] conn(0x7f5a6c03cc60 0x7f5a6c03f050 unknown :-1 s=CLOSED pgs=1 cs=0 l=1 rev1=1 crypto rx=0 tx=0 comp rx=0 tx=0).stop
2024-04-25T12:50:12.119 INFO:teuthology.orchestra.run.smithi083.stdout:/usr/bin/ceph: stderr
2024-04-25T12:50:11.528+0000 7f5a69ffb700 1 --2- 172.21.15.83:0/2824795207 >> [v2:172.21.15.83:6800/599021846,v1:172.21.15.83:6801/599021846] conn(0x7f5a6c039560 0x7f5a6c03ba20 unknown :-1 s=CLOSED pgs=0 cs=0 l=1 rev1=0 crypto rx=0 tx=0 comp rx=0 tx=0).stop
2024-04-25T12:50:12.119 INFO:teuthology.orchestra.run.smithi083.stdout:/usr/bin/ceph: stderr
2024-04-25T12:50:11.528+0000 7f5a69ffb700 1 -- 172.21.15.83:0/2824795207 >> 172.21.15.83:0/2824795207 conn(0x7f5a84102260 msgr2=0x7f5a84102cd0 unknown :-1 s=STATE_NONE l=0).mark_down
2024-04-25T12:50:12.119 INFO:teuthology.orchestra.run.smithi083.stdout:/usr/bin/ceph: stderr
2024-04-25T12:50:11.528+0000 7f5a69ffb700 1 -- 172.21.15.83:0/2824795207 shutdown_connections
2024-04-25T12:50:12.120 INFO:teuthology.orchestra.run.smithi083.stdout:/usr/bin/ceph: stderr
2024-04-25T12:50:11.528+0000 7f5a69ffb700 1 -- 172.21.15.83:0/2824795207 wait complete.
2024-04-25T12:50:12.120 INFO:teuthology.orchestra.run.smithi083.stdout:mgr epoch 5 is available
2024-04-25T12:50:12.120 INFO:teuthology.orchestra.run.smithi083.stdout:Setting orchestrator backend to cephadm...
2024-04-25T12:50:12.779 INFO:journalctl@ceph.mon.a.smithi083.stdout:Apr 25 12:50:12 smithi083 ceph-mon[29240]: [25/Apr/2024:12:50:11] ENGINE Bus STARTING
2024-04-25T12:50:12.779 INFO:journalctl@ceph.mon.a.smithi083.stdout:Apr 25 12:50:12 smithi083 ceph-mon[29240]: [25/Apr/2024:12:50:11] ENGINE Serving on https://172.21.15.83:7150
2024-04-25T12:50:12.779 INFO:journalctl@ceph.mon.a.smithi083.stdout:Apr 25 12:50:12 smithi083 ceph-mon[29240]: from='client.14124 -' entity='client.admin' cmd=[{"prefix": "get_command_descriptions"}]: dispatch
2024-04-25T12:50:12.779 INFO:journalctl@ceph.mon.a.smithi083.stdout:Apr 25 12:50:12 smithi083 ceph-mon[29240]: from='client.14124 -' entity='client.admin' cmd=[{"prefix": "mgr_status"}]: dispatch
2024-04-25T12:50:12.779 INFO:journalctl@ceph.mon.a.smithi083.stdout:Apr 25 12:50:12 smithi083 ceph-mon[29240]: [25/Apr/2024:12:50:11] ENGINE Serving on http://172.21.15.83:8765
2024-04-25T12:50:12.779 INFO:journalctl@ceph.mon.a.smithi083.stdout:Apr 25 12:50:12 smithi083 ceph-mon[29240]: [25/Apr/2024:12:50:11] ENGINE Bus STARTED
2024-04-25T12:50:12.780 INFO:journalctl@ceph.mon.a.smithi083.stdout:Apr 25 12:50:12 smithi083 ceph-mon[29240]: from='mgr.14120 172.21.15.83:0/2581574156' entity='mgr.x' cmd=[{"prefix": "config dump", "format": "json"}]: dispatch
2024-04-25T12:50:13.339 INFO:teuthology.orchestra.run.smithi083.stdout:/usr/bin/ceph: stderr
2024-04-25T12:50:12.547+0000 7ffa0296a700 1 Processor -- start
2024-04-25T12:50:13.339 INFO:teuthology.orchestra.run.smithi083.stdout:/usr/bin/ceph: stderr
2024-04-25T12:50:12.547+0000 7ffa0296a700 1 -- start start
2024-04-25T12:50:13.339 INFO:teuthology.orchestra.run.smithi083.stdout:/usr/bin/ceph: stderr
2024-04-25T12:50:12.547+0000 7ffa0296a700 1 --2- >> [v2:172.21.15.83:3300/0,v1:172.21.15.83:6789/0] conn(0x7ff9fc108600 0x7ff9fc108a20 unknown :-1 s=NONE pgs=0 cs=0 l=0 rev1=0 crypto rx=0 tx=0 comp rx=0 tx=0).connect
2024-04-25T12:50:13.339 INFO:teuthology.orchestra.run.smithi083.stdout:/usr/bin/ceph: stderr
2024-04-25T12:50:12.547+0000 7ffa0296a700 1 -- --> [v2:172.21.15.83:3300/0,v1:172.21.15.83:6789/0] -- mon_getmap magic: 0 -- 0x7ff9fc108ff0 con 0x7ff9fc108600
2024-04-25T12:50:13.339 INFO:teuthology.orchestra.run.smithi083.stdout:/usr/bin/ceph: stderr
2024-04-25T12:50:12.547+0000 7ff9fbfff700 1 --2- >> [v2:172.21.15.83:3300/0,v1:172.21.15.83:6789/0] conn(0x7ff9fc108600 0x7ff9fc108a20 unknown :-1 s=BANNER_CONNECTING pgs=0 cs=0 l=0 rev1=0 crypto rx=0 tx=0 comp rx=0 tx=0)._handle_peer_banner_payload supported=3 required=0
2024-04-25T12:50:13.339 INFO:teuthology.orchestra.run.smithi083.stdout:/usr/bin/ceph: stderr
2024-04-25T12:50:12.547+0000 7ff9fbfff700 1 --2- >> [v2:172.21.15.83:3300/0,v1:172.21.15.83:6789/0] conn(0x7ff9fc108600 0x7ff9fc108a20 unknown :-1 s=HELLO_CONNECTING pgs=0 cs=0 l=0 rev1=1 crypto rx=0 tx=0 comp rx=0 tx=0).handle_hello peer v2:172.21.15.83:3300/0 says I am v2:172.21.15.83:56066/0 (socket says 172.21.15.83:56066)
2024-04-25T12:50:13.339 INFO:teuthology.orchestra.run.smithi083.stdout:/usr/bin/ceph: stderr
2024-04-25T12:50:12.547+0000 7ff9fbfff700 1 -- 172.21.15.83:0/1518708886 learned_addr learned my addr 172.21.15.83:0/1518708886 (peer_addr_for_me v2:172.21.15.83:0/0)
2024-04-25T12:50:13.340 INFO:teuthology.orchestra.run.smithi083.stdout:/usr/bin/ceph: stderr
2024-04-25T12:50:12.547+0000 7ff9fbfff700 1 -- 172.21.15.83:0/1518708886 --> [v2:172.21.15.83:3300/0,v1:172.21.15.83:6789/0] -- mon_subscribe({config=0+,monmap=0+}) -- 0x7ff9fc1097b0 con 0x7ff9fc108600
2024-04-25T12:50:13.340 INFO:teuthology.orchestra.run.smithi083.stdout:/usr/bin/ceph: stderr
2024-04-25T12:50:12.548+0000 7ff9fbfff700 1 --2- 172.21.15.83:0/1518708886 >> [v2:172.21.15.83:3300/0,v1:172.21.15.83:6789/0] conn(0x7ff9fc108600 0x7ff9fc108a20 secure :-1 s=READY pgs=37 cs=0 l=1 rev1=1 crypto rx=0x7ff9ec0098a0 tx=0x7ff9ec009bb0 comp rx=0 tx=0).ready entity=mon.0 client_cookie=95b0a624aa17193 server_cookie=0 in_seq=0 out_seq=0
2024-04-25T12:50:13.340 INFO:teuthology.orchestra.run.smithi083.stdout:/usr/bin/ceph: stderr
2024-04-25T12:50:12.548+0000 7ff9faffd700 1 -- 172.21.15.83:0/1518708886 <== mon.0 v2:172.21.15.83:3300/0 1 ==== mon_map magic: 0 ==== 205+0+0 (secure 0 0 0) 0x7ff9ec004160 con 0x7ff9fc108600
2024-04-25T12:50:13.340 INFO:teuthology.orchestra.run.smithi083.stdout:/usr/bin/ceph: stderr
2024-04-25T12:50:12.548+0000 7ff9faffd700 1 -- 172.21.15.83:0/1518708886 <== mon.0 v2:172.21.15.83:3300/0 2 ==== config(26 keys) ==== 1070+0+0 (secure 0 0 0) 0x7ff9ec004300 con 0x7ff9fc108600
2024-04-25T12:50:13.340 INFO:teuthology.orchestra.run.smithi083.stdout:/usr/bin/ceph: stderr
2024-04-25T12:50:12.548+0000 7ff9faffd700 1 -- 172.21.15.83:0/1518708886 <== mon.0 v2:172.21.15.83:3300/0 3 ==== mon_map magic: 0 ==== 205+0+0 (secure 0 0 0) 0x7ff9ec011af0 con 0x7ff9fc108600
2024-04-25T12:50:13.340 INFO:teuthology.orchestra.run.smithi083.stdout:/usr/bin/ceph: stderr
2024-04-25T12:50:12.548+0000 7ffa0296a700 1 -- 172.21.15.83:0/1518708886 >> [v2:172.21.15.83:3300/0,v1:172.21.15.83:6789/0] conn(0x7ff9fc108600 msgr2=0x7ff9fc108a20 secure :-1 s=STATE_CONNECTION_ESTABLISHED l=1).mark_down
2024-04-25T12:50:13.340 INFO:teuthology.orchestra.run.smithi083.stdout:/usr/bin/ceph: stderr
2024-04-25T12:50:12.548+0000 7ffa0296a700 1 --2- 172.21.15.83:0/1518708886 >> [v2:172.21.15.83:3300/0,v1:172.21.15.83:6789/0] conn(0x7ff9fc108600 0x7ff9fc108a20 secure :-1 s=READY pgs=37 cs=0 l=1 rev1=1 crypto rx=0x7ff9ec0098a0 tx=0x7ff9ec009bb0 comp rx=0 tx=0).stop
2024-04-25T12:50:13.340 INFO:teuthology.orchestra.run.smithi083.stdout:/usr/bin/ceph: stderr
2024-04-25T12:50:12.548+0000 7ffa0296a700 1 -- 172.21.15.83:0/1518708886 shutdown_connections
2024-04-25T12:50:13.340 INFO:teuthology.orchestra.run.smithi083.stdout:/usr/bin/ceph: stderr
2024-04-25T12:50:12.548+0000 7ffa0296a700 1 --2- 172.21.15.83:0/1518708886 >> [v2:172.21.15.83:3300/0,v1:172.21.15.83:6789/0] conn(0x7ff9fc108600 0x7ff9fc108a20 unknown :-1 s=CLOSED pgs=37 cs=0 l=1 rev1=1 crypto rx=0 tx=0 comp rx=0 tx=0).stop
2024-04-25T12:50:13.340 INFO:teuthology.orchestra.run.smithi083.stdout:/usr/bin/ceph: stderr
2024-04-25T12:50:12.548+0000 7ffa0296a700 1 -- 172.21.15.83:0/1518708886 >> 172.21.15.83:0/1518708886 conn(0x7ff9fc103bc0 msgr2=0x7ff9fc105fe0 unknown :-1 s=STATE_NONE l=0).mark_down
2024-04-25T12:50:13.340 INFO:teuthology.orchestra.run.smithi083.stdout:/usr/bin/ceph: stderr
2024-04-25T12:50:12.548+0000 7ffa0296a700 1 -- 172.21.15.83:0/1518708886 shutdown_connections
2024-04-25T12:50:13.340 INFO:teuthology.orchestra.run.smithi083.stdout:/usr/bin/ceph: stderr
2024-04-25T12:50:12.548+0000 7ffa0296a700 1 -- 172.21.15.83:0/1518708886 wait complete.
2024-04-25T12:50:13.340 INFO:teuthology.orchestra.run.smithi083.stdout:/usr/bin/ceph: stderr
2024-04-25T12:50:12.549+0000 7ffa0296a700 1 Processor -- start
2024-04-25T12:50:13.340 INFO:teuthology.orchestra.run.smithi083.stdout:/usr/bin/ceph: stderr
2024-04-25T12:50:12.549+0000 7ffa0296a700 1 -- start start
2024-04-25T12:50:13.340 INFO:teuthology.orchestra.run.smithi083.stdout:/usr/bin/ceph: stderr
2024-04-25T12:50:12.549+0000 7ffa0296a700 1 --2- >> [v2:172.21.15.83:3300/0,v1:172.21.15.83:6789/0] conn(0x7ff9fc108600 0x7ff9fc19c510 unknown :-1 s=NONE pgs=0 cs=0 l=1 rev1=0 crypto rx=0 tx=0 comp rx=0 tx=0).connect
2024-04-25T12:50:13.341 INFO:teuthology.orchestra.run.smithi083.stdout:/usr/bin/ceph: stderr
2024-04-25T12:50:12.549+0000 7ffa0296a700 1 -- --> [v2:172.21.15.83:3300/0,v1:172.21.15.83:6789/0] -- mon_getmap magic: 0 -- 0x7ff9fc10c9e0 con 0x7ff9fc108600
2024-04-25T12:50:13.341 INFO:teuthology.orchestra.run.smithi083.stdout:/usr/bin/ceph: stderr
2024-04-25T12:50:12.549+0000 7ff9fbfff700 1 --2- >> [v2:172.21.15.83:3300/0,v1:172.21.15.83:6789/0] conn(0x7ff9fc108600 0x7ff9fc19c510 unknown :-1 s=BANNER_CONNECTING pgs=0 cs=0 l=1 rev1=0 crypto rx=0 tx=0 comp rx=0 tx=0)._handle_peer_banner_payload supported=3 required=0
2024-04-25T12:50:13.341 INFO:teuthology.orchestra.run.smithi083.stdout:/usr/bin/ceph: stderr
2024-04-25T12:50:12.549+0000 7ff9fbfff700 1 --2- >> [v2:172.21.15.83:3300/0,v1:172.21.15.83:6789/0] conn(0x7ff9fc108600 0x7ff9fc19c510 unknown :-1 s=HELLO_CONNECTING pgs=0 cs=0 l=1 rev1=1 crypto rx=0 tx=0 comp rx=0 tx=0).handle_hello peer v2:172.21.15.83:3300/0 says I am v2:172.21.15.83:56074/0 (socket says 172.21.15.83:56074)
2024-04-25T12:50:13.341 INFO:teuthology.orchestra.run.smithi083.stdout:/usr/bin/ceph: stderr
2024-04-25T12:50:12.549+0000 7ff9fbfff700 1 -- 172.21.15.83:0/3945470209 learned_addr learned my addr 172.21.15.83:0/3945470209 (peer_addr_for_me v2:172.21.15.83:0/0)
2024-04-25T12:50:13.341 INFO:teuthology.orchestra.run.smithi083.stdout:/usr/bin/ceph: stderr
2024-04-25T12:50:12.550+0000 7ff9fbfff700 1 -- 172.21.15.83:0/3945470209 --> [v2:172.21.15.83:3300/0,v1:172.21.15.83:6789/0] -- mon_subscribe({config=0+,monmap=0+}) -- 0x7ff9fc19ca50 con 0x7ff9fc108600
2024-04-25T12:50:13.341 INFO:teuthology.orchestra.run.smithi083.stdout:/usr/bin/ceph: stderr
2024-04-25T12:50:12.550+0000 7ff9fbfff700 1 --2- 172.21.15.83:0/3945470209 >> [v2:172.21.15.83:3300/0,v1:172.21.15.83:6789/0] conn(0x7ff9fc108600 0x7ff9fc19c510 secure :-1 s=READY pgs=38 cs=0 l=1 rev1=1 crypto rx=0x7ff9ec009fb0 tx=0x7ff9ec011940 comp rx=0 tx=0).ready entity=mon.0 client_cookie=0 server_cookie=0 in_seq=0 out_seq=0
2024-04-25T12:50:13.341 INFO:teuthology.orchestra.run.smithi083.stdout:/usr/bin/ceph: stderr
2024-04-25T12:50:12.550+0000 7ff9f97fa700 1 -- 172.21.15.83:0/3945470209 <== mon.0 v2:172.21.15.83:3300/0 1 ==== mon_map magic: 0 ==== 205+0+0 (secure 0 0 0) 0x7ff9ec0036a0 con 0x7ff9fc108600
2024-04-25T12:50:13.341 INFO:teuthology.orchestra.run.smithi083.stdout:/usr/bin/ceph: stderr
2024-04-25T12:50:12.550+0000 7ff9f97fa700 1 -- 172.21.15.83:0/3945470209 <== mon.0 v2:172.21.15.83:3300/0 2 ==== config(26 keys) ==== 1070+0+0 (secure 0 0 0) 0x7ff9ec01a430 con 0x7ff9fc108600
2024-04-25T12:50:13.341 INFO:teuthology.orchestra.run.smithi083.stdout:/usr/bin/ceph: stderr
2024-04-25T12:50:12.550+0000 7ffa0296a700 1 -- 172.21.15.83:0/3945470209 --> [v2:172.21.15.83:3300/0,v1:172.21.15.83:6789/0] -- mon_subscribe({mgrmap=0+}) -- 0x7ff9fc19cce0 con 0x7ff9fc108600
2024-04-25T12:50:13.341 INFO:teuthology.orchestra.run.smithi083.stdout:/usr/bin/ceph: stderr
2024-04-25T12:50:12.550+0000 7ff9f97fa700 1 -- 172.21.15.83:0/3945470209 <== mon.0 v2:172.21.15.83:3300/0 3 ==== mon_map magic: 0 ==== 205+0+0 (secure 0 0 0) 0x7ff9ec019550 con 0x7ff9fc108600
2024-04-25T12:50:13.341 INFO:teuthology.orchestra.run.smithi083.stdout:/usr/bin/ceph: stderr
2024-04-25T12:50:12.550+0000 7ffa0296a700 1 -- 172.21.15.83:0/3945470209 --> [v2:172.21.15.83:3300/0,v1:172.21.15.83:6789/0] -- mon_subscribe({osdmap=0}) -- 0x7ff9fc19f9d0 con 0x7ff9fc108600
2024-04-25T12:50:13.341 INFO:teuthology.orchestra.run.smithi083.stdout:/usr/bin/ceph: stderr
2024-04-25T12:50:12.551+0000 7ff9f97fa700 1 -- 172.21.15.83:0/3945470209 <== mon.0 v2:172.21.15.83:3300/0 4 ==== mgrmap(e 7) ==== 46452+0+0 (secure 0 0 0) 0x7ff9ec019850 con 0x7ff9fc108600
2024-04-25T12:50:13.341 INFO:teuthology.orchestra.run.smithi083.stdout:/usr/bin/ceph: stderr
2024-04-25T12:50:12.551+0000 7ffa0296a700 1 -- 172.21.15.83:0/3945470209 --> [v2:172.21.15.83:3300/0,v1:172.21.15.83:6789/0] -- mon_command({"prefix": "get_command_descriptions"} v 0) -- 0x7ff9fc10cb60 con 0x7ff9fc108600
2024-04-25T12:50:13.341 INFO:teuthology.orchestra.run.smithi083.stdout:/usr/bin/ceph: stderr
2024-04-25T12:50:12.551+0000 7ff9f97fa700 1 --2- 172.21.15.83:0/3945470209 >> [v2:172.21.15.83:6800/378436959,v1:172.21.15.83:6801/378436959] conn(0x7ff9e4039430 0x7ff9e403b8f0 unknown :-1 s=NONE pgs=0 cs=0 l=1 rev1=0 crypto rx=0 tx=0 comp rx=0 tx=0).connect
2024-04-25T12:50:13.341 INFO:teuthology.orchestra.run.smithi083.stdout:/usr/bin/ceph: stderr
2024-04-25T12:50:12.551+0000 7ff9f97fa700 1 -- 172.21.15.83:0/3945470209 <== mon.0 v2:172.21.15.83:3300/0 5 ==== osd_map(2..2 src has 1..2) ==== 940+0+0 (secure 0 0 0) 0x7ff9ec04d760 con 0x7ff9fc108600
2024-04-25T12:50:13.342 INFO:teuthology.orchestra.run.smithi083.stdout:/usr/bin/ceph: stderr
2024-04-25T12:50:12.551+0000 7ff9fb7fe700 1 --2- 172.21.15.83:0/3945470209 >> [v2:172.21.15.83:6800/378436959,v1:172.21.15.83:6801/378436959] conn(0x7ff9e4039430 0x7ff9e403b8f0 unknown :-1 s=BANNER_CONNECTING pgs=0 cs=0 l=1 rev1=0 crypto rx=0 tx=0 comp rx=0 tx=0)._handle_peer_banner_payload supported=3 required=0
2024-04-25T12:50:13.342 INFO:teuthology.orchestra.run.smithi083.stdout:/usr/bin/ceph: stderr
2024-04-25T12:50:12.551+0000 7ff9fb7fe700 1 --2- 172.21.15.83:0/3945470209 >> [v2:172.21.15.83:6800/378436959,v1:172.21.15.83:6801/378436959] conn(0x7ff9e4039430 0x7ff9e403b8f0 secure :-1 s=READY pgs=7 cs=0 l=1 rev1=1 crypto rx=0x7ff9f0006fd0 tx=0x7ff9f0006e40 comp rx=0 tx=0).ready entity=mgr.14120 client_cookie=0 server_cookie=0 in_seq=0 out_seq=0
2024-04-25T12:50:13.342 INFO:teuthology.orchestra.run.smithi083.stdout:/usr/bin/ceph: stderr
2024-04-25T12:50:12.556+0000 7ff9f97fa700 1 -- 172.21.15.83:0/3945470209 <== mon.0 v2:172.21.15.83:3300/0 6 ==== mon_command_ack([{"prefix": "get_command_descriptions"}]=0 v0) ==== 72+0+188370 (secure 0 0 0) 0x7ff9ec00fda0 con 0x7ff9fc108600
2024-04-25T12:50:13.342 INFO:teuthology.orchestra.run.smithi083.stdout:/usr/bin/ceph: stderr
2024-04-25T12:50:12.571+0000 7ff9f97fa700 1 -- 172.21.15.83:0/3945470209 <== mon.0 v2:172.21.15.83:3300/0 7 ==== mgrmap(e 8) ==== 46558+0+0 (secure 0 0 0) 0x7ff9ec04fcf0 con 0x7ff9fc108600
2024-04-25T12:50:13.342 INFO:teuthology.orchestra.run.smithi083.stdout:/usr/bin/ceph: stderr
2024-04-25T12:50:12.774+0000 7ffa0296a700 1 -- 172.21.15.83:0/3945470209 --> [v2:172.21.15.83:6800/378436959,v1:172.21.15.83:6801/378436959] -- mgr_command(tid 0: {"prefix": "orch set backend", "module_name": "cephadm", "target": ["mon-mgr", ""]}) -- 0x7ff9fc104e50 con 0x7ff9e4039430
2024-04-25T12:50:13.342 INFO:teuthology.orchestra.run.smithi083.stdout:/usr/bin/ceph: stderr
2024-04-25T12:50:12.779+0000 7ff9f97fa700 1 -- 172.21.15.83:0/3945470209 <== mgr.14120 v2:172.21.15.83:6800/378436959 1 ==== mgr_command_reply(tid 0: 0 ) ==== 8+0+0 (secure 0 0 0) 0x7ff9fc104e50 con 0x7ff9e4039430
2024-04-25T12:50:13.342 INFO:teuthology.orchestra.run.smithi083.stdout:/usr/bin/ceph: stderr
2024-04-25T12:50:12.781+0000 7ffa0296a700 1 -- 172.21.15.83:0/3945470209 >> [v2:172.21.15.83:6800/378436959,v1:172.21.15.83:6801/378436959] conn(0x7ff9e4039430 msgr2=0x7ff9e403b8f0 secure :-1 s=STATE_CONNECTION_ESTABLISHED l=1).mark_down
2024-04-25T12:50:13.342 INFO:teuthology.orchestra.run.smithi083.stdout:/usr/bin/ceph: stderr
2024-04-25T12:50:12.781+0000 7ffa0296a700 1 --2- 172.21.15.83:0/3945470209 >> [v2:172.21.15.83:6800/378436959,v1:172.21.15.83:6801/378436959] conn(0x7ff9e4039430 0x7ff9e403b8f0 secure :-1 s=READY pgs=7 cs=0 l=1 rev1=1 crypto rx=0x7ff9f0006fd0 tx=0x7ff9f0006e40 comp rx=0 tx=0).stop
2024-04-25T12:50:13.342 INFO:teuthology.orchestra.run.smithi083.stdout:/usr/bin/ceph: stderr
2024-04-25T12:50:12.781+0000 7ffa0296a700 1 -- 172.21.15.83:0/3945470209 >> [v2:172.21.15.83:3300/0,v1:172.21.15.83:6789/0] conn(0x7ff9fc108600 msgr2=0x7ff9fc19c510 secure :-1 s=STATE_CONNECTION_ESTABLISHED l=1).mark_down
2024-04-25T12:50:13.342 INFO:teuthology.orchestra.run.smithi083.stdout:/usr/bin/ceph: stderr
2024-04-25T12:50:12.781+0000 7ffa0296a700 1 --2- 172.21.15.83:0/3945470209 >> [v2:172.21.15.83:3300/0,v1:172.21.15.83:6789/0] conn(0x7ff9fc108600 0x7ff9fc19c510 secure :-1 s=READY pgs=38 cs=0 l=1 rev1=1 crypto rx=0x7ff9ec009fb0 tx=0x7ff9ec011940 comp rx=0 tx=0).stop
2024-04-25T12:50:13.342 INFO:teuthology.orchestra.run.smithi083.stdout:/usr/bin/ceph: stderr
2024-04-25T12:50:12.781+0000 7ffa0296a700 1 -- 172.21.15.83:0/3945470209 shutdown_connections
2024-04-25T12:50:13.342 INFO:teuthology.orchestra.run.smithi083.stdout:/usr/bin/ceph: stderr
2024-04-25T12:50:12.781+0000 7ffa0296a700 1 --2- 172.21.15.83:0/3945470209 >> [v2:172.21.15.83:6800/378436959,v1:172.21.15.83:6801/378436959] conn(0x7ff9e4039430 0x7ff9e403b8f0 unknown :-1 s=CLOSED pgs=7 cs=0 l=1 rev1=1 crypto rx=0 tx=0 comp rx=0 tx=0).stop
2024-04-25T12:50:13.342 INFO:teuthology.orchestra.run.smithi083.stdout:/usr/bin/ceph: stderr
2024-04-25T12:50:12.781+0000 7ffa0296a700 1 --2- 172.21.15.83:0/3945470209 >> [v2:172.21.15.83:3300/0,v1:172.21.15.83:6789/0] conn(0x7ff9fc108600 0x7ff9fc19c510 unknown :-1 s=CLOSED pgs=38 cs=0 l=1 rev1=1 crypto rx=0 tx=0 comp rx=0 tx=0).stop
2024-04-25T12:50:13.342 INFO:teuthology.orchestra.run.smithi083.stdout:/usr/bin/ceph: stderr
2024-04-25T12:50:12.781+0000 7ffa0296a700 1 -- 172.21.15.83:0/3945470209 >> 172.21.15.83:0/3945470209 conn(0x7ff9fc103bc0 msgr2=0x7ff9fc104740 unknown :-1 s=STATE_NONE l=0).mark_down
2024-04-25T12:50:13.342 INFO:teuthology.orchestra.run.smithi083.stdout:/usr/bin/ceph: stderr
2024-04-25T12:50:12.781+0000 7ffa0296a700 1 -- 172.21.15.83:0/3945470209 shutdown_connections
2024-04-25T12:50:13.343 INFO:teuthology.orchestra.run.smithi083.stdout:/usr/bin/ceph: stderr
2024-04-25T12:50:12.781+0000 7ffa0296a700 1 -- 172.21.15.83:0/3945470209 wait complete.
2024-04-25T12:50:13.642 INFO:journalctl@ceph.mon.a.smithi083.stdout:Apr 25 12:50:13 smithi083 ceph-mon[29240]: mgrmap e8: x(active, since 2s)
2024-04-25T12:50:13.642 INFO:journalctl@ceph.mon.a.smithi083.stdout:Apr 25 12:50:13 smithi083 ceph-mon[29240]: from='mgr.14120 172.21.15.83:0/2581574156' entity='mgr.x'
2024-04-25T12:50:13.642 INFO:journalctl@ceph.mon.a.smithi083.stdout:Apr 25 12:50:13 smithi083 ceph-mon[29240]: from='mgr.14120 172.21.15.83:0/2581574156' entity='mgr.x' cmd=[{"prefix": "config dump", "format": "json"}]: dispatch
2024-04-25T12:50:14.521 INFO:teuthology.orchestra.run.smithi083.stdout:/usr/bin/ceph: stdout value unchanged
2024-04-25T12:50:14.521 INFO:teuthology.orchestra.run.smithi083.stdout:/usr/bin/ceph: stderr
2024-04-25T12:50:13.744+0000 7f3b5b190700 1 Processor -- start
2024-04-25T12:50:14.521 INFO:teuthology.orchestra.run.smithi083.stdout:/usr/bin/ceph: stderr
2024-04-25T12:50:13.744+0000 7f3b5b190700 1 -- start start
2024-04-25T12:50:14.521 INFO:teuthology.orchestra.run.smithi083.stdout:/usr/bin/ceph: stderr
2024-04-25T12:50:13.744+0000 7f3b5b190700 1 --2- >> [v2:172.21.15.83:3300/0,v1:172.21.15.83:6789/0] conn(0x7f3b541085f0 0x7f3b54108a10 unknown :-1 s=NONE pgs=0 cs=0 l=0 rev1=0 crypto rx=0 tx=0 comp rx=0 tx=0).connect
2024-04-25T12:50:14.521 INFO:teuthology.orchestra.run.smithi083.stdout:/usr/bin/ceph: stderr
2024-04-25T12:50:13.744+0000 7f3b5b190700 1 -- --> [v2:172.21.15.83:3300/0,v1:172.21.15.83:6789/0] -- mon_getmap magic: 0 -- 0x7f3b54108fe0 con 0x7f3b541085f0
2024-04-25T12:50:14.521 INFO:teuthology.orchestra.run.smithi083.stdout:/usr/bin/ceph: stderr
2024-04-25T12:50:13.744+0000 7f3b58f2c700 1 --2- >> [v2:172.21.15.83:3300/0,v1:172.21.15.83:6789/0] conn(0x7f3b541085f0 0x7f3b54108a10 unknown :-1 s=BANNER_CONNECTING pgs=0 cs=0 l=0 rev1=0 crypto rx=0 tx=0 comp rx=0 tx=0)._handle_peer_banner_payload supported=3 required=0
2024-04-25T12:50:14.521 INFO:teuthology.orchestra.run.smithi083.stdout:/usr/bin/ceph: stderr
2024-04-25T12:50:13.744+0000 7f3b58f2c700 1 --2- >> [v2:172.21.15.83:3300/0,v1:172.21.15.83:6789/0] conn(0x7f3b541085f0 0x7f3b54108a10 unknown :-1 s=HELLO_CONNECTING pgs=0 cs=0 l=0 rev1=1 crypto rx=0 tx=0 comp rx=0 tx=0).handle_hello peer v2:172.21.15.83:3300/0 says I am v2:172.21.15.83:56088/0 (socket says 172.21.15.83:56088)
2024-04-25T12:50:14.522 INFO:teuthology.orchestra.run.smithi083.stdout:/usr/bin/ceph: stderr
2024-04-25T12:50:13.744+0000 7f3b58f2c700 1 -- 172.21.15.83:0/2812790663 learned_addr learned my addr 172.21.15.83:0/2812790663 (peer_addr_for_me v2:172.21.15.83:0/0)
2024-04-25T12:50:14.522 INFO:teuthology.orchestra.run.smithi083.stdout:/usr/bin/ceph: stderr
2024-04-25T12:50:13.744+0000 7f3b58f2c700 1 -- 172.21.15.83:0/2812790663 --> [v2:172.21.15.83:3300/0,v1:172.21.15.83:6789/0] -- mon_subscribe({config=0+,monmap=0+}) -- 0x7f3b541097a0 con 0x7f3b541085f0
2024-04-25T12:50:14.522 INFO:teuthology.orchestra.run.smithi083.stdout:/usr/bin/ceph: stderr
2024-04-25T12:50:13.744+0000 7f3b58f2c700 1 --2- 172.21.15.83:0/2812790663 >> [v2:172.21.15.83:3300/0,v1:172.21.15.83:6789/0] conn(0x7f3b541085f0 0x7f3b54108a10 secure :-1 s=READY pgs=39 cs=0 l=1 rev1=1 crypto rx=0x7f3b480098a0 tx=0x7f3b48009bb0 comp rx=0 tx=0).ready entity=mon.0 client_cookie=bc660ebf2f0f104c server_cookie=0 in_seq=0 out_seq=0
2024-04-25T12:50:14.522 INFO:teuthology.orchestra.run.smithi083.stdout:/usr/bin/ceph: stderr
2024-04-25T12:50:13.744+0000 7f3b537fe700 1 -- 172.21.15.83:0/2812790663 <== mon.0 v2:172.21.15.83:3300/0 1 ==== mon_map magic: 0 ==== 205+0+0 (secure 0 0 0) 0x7f3b48004160 con 0x7f3b541085f0
2024-04-25T12:50:14.522 INFO:teuthology.orchestra.run.smithi083.stdout:/usr/bin/ceph: stderr
2024-04-25T12:50:13.745+0000 7f3b537fe700 1 -- 172.21.15.83:0/2812790663 <== mon.0 v2:172.21.15.83:3300/0 2 ==== config(26 keys) ==== 1070+0+0 (secure 0 0 0) 0x7f3b48004300 con 0x7f3b541085f0
2024-04-25T12:50:14.522 INFO:teuthology.orchestra.run.smithi083.stdout:/usr/bin/ceph: stderr
2024-04-25T12:50:13.745+0000 7f3b537fe700 1 -- 172.21.15.83:0/2812790663 <== mon.0 v2:172.21.15.83:3300/0 3 ==== mon_map magic: 0 ==== 205+0+0 (secure 0 0 0) 0x7f3b48011af0 con 0x7f3b541085f0
2024-04-25T12:50:14.522 INFO:teuthology.orchestra.run.smithi083.stdout:/usr/bin/ceph: stderr
2024-04-25T12:50:13.745+0000 7f3b5b190700 1 -- 172.21.15.83:0/2812790663 >> [v2:172.21.15.83:3300/0,v1:172.21.15.83:6789/0] conn(0x7f3b541085f0 msgr2=0x7f3b54108a10 secure :-1 s=STATE_CONNECTION_ESTABLISHED l=1).mark_down
2024-04-25T12:50:14.522 INFO:teuthology.orchestra.run.smithi083.stdout:/usr/bin/ceph: stderr
2024-04-25T12:50:13.745+0000 7f3b5b190700 1 --2- 172.21.15.83:0/2812790663 >> [v2:172.21.15.83:3300/0,v1:172.21.15.83:6789/0] conn(0x7f3b541085f0 0x7f3b54108a10 secure :-1 s=READY pgs=39 cs=0 l=1 rev1=1 crypto rx=0x7f3b480098a0 tx=0x7f3b48009bb0 comp rx=0 tx=0).stop
2024-04-25T12:50:14.522 INFO:teuthology.orchestra.run.smithi083.stdout:/usr/bin/ceph: stderr
2024-04-25T12:50:13.745+0000 7f3b5b190700 1 -- 172.21.15.83:0/2812790663 shutdown_connections
2024-04-25T12:50:14.522 INFO:teuthology.orchestra.run.smithi083.stdout:/usr/bin/ceph: stderr
2024-04-25T12:50:13.745+0000 7f3b5b190700 1 --2- 172.21.15.83:0/2812790663 >> [v2:172.21.15.83:3300/0,v1:172.21.15.83:6789/0] conn(0x7f3b541085f0 0x7f3b54108a10 unknown :-1 s=CLOSED pgs=39 cs=0 l=1 rev1=1 crypto rx=0 tx=0 comp rx=0 tx=0).stop
2024-04-25T12:50:14.522 INFO:teuthology.orchestra.run.smithi083.stdout:/usr/bin/ceph: stderr
2024-04-25T12:50:13.745+0000 7f3b5b190700 1 -- 172.21.15.83:0/2812790663 >> 172.21.15.83:0/2812790663 conn(0x7f3b54103b70 msgr2=0x7f3b54105fd0 unknown :-1 s=STATE_NONE l=0).mark_down
2024-04-25T12:50:14.522 INFO:teuthology.orchestra.run.smithi083.stdout:/usr/bin/ceph: stderr
2024-04-25T12:50:13.745+0000 7f3b5b190700 1 -- 172.21.15.83:0/2812790663 shutdown_connections
2024-04-25T12:50:14.522 INFO:teuthology.orchestra.run.smithi083.stdout:/usr/bin/ceph: stderr
2024-04-25T12:50:13.745+0000 7f3b5b190700 1 -- 172.21.15.83:0/2812790663 wait complete.
2024-04-25T12:50:14.522 INFO:teuthology.orchestra.run.smithi083.stdout:/usr/bin/ceph: stderr
2024-04-25T12:50:13.746+0000 7f3b5b190700 1 Processor -- start
2024-04-25T12:50:14.523 INFO:teuthology.orchestra.run.smithi083.stdout:/usr/bin/ceph: stderr
2024-04-25T12:50:13.746+0000 7f3b5b190700 1 -- start start
2024-04-25T12:50:14.523 INFO:teuthology.orchestra.run.smithi083.stdout:/usr/bin/ceph: stderr
2024-04-25T12:50:13.746+0000 7f3b5b190700 1 --2- >> [v2:172.21.15.83:3300/0,v1:172.21.15.83:6789/0] conn(0x7f3b541085f0 0x7f3b5419c5c0 unknown :-1 s=NONE pgs=0 cs=0 l=1 rev1=0 crypto rx=0 tx=0 comp rx=0 tx=0).connect
2024-04-25T12:50:14.523 INFO:teuthology.orchestra.run.smithi083.stdout:/usr/bin/ceph: stderr
2024-04-25T12:50:13.746+0000 7f3b5b190700 1 -- --> [v2:172.21.15.83:3300/0,v1:172.21.15.83:6789/0] -- mon_getmap magic: 0 -- 0x7f3b5410c9d0 con 0x7f3b541085f0
2024-04-25T12:50:14.523 INFO:teuthology.orchestra.run.smithi083.stdout:/usr/bin/ceph: stderr
2024-04-25T12:50:13.746+0000 7f3b58f2c700 1 --2- >> [v2:172.21.15.83:3300/0,v1:172.21.15.83:6789/0] conn(0x7f3b541085f0 0x7f3b5419c5c0 unknown :-1 s=BANNER_CONNECTING pgs=0 cs=0 l=1 rev1=0 crypto rx=0 tx=0 comp rx=0 tx=0)._handle_peer_banner_payload supported=3 required=0
2024-04-25T12:50:14.523 INFO:teuthology.orchestra.run.smithi083.stdout:/usr/bin/ceph: stderr
2024-04-25T12:50:13.746+0000 7f3b58f2c700 1 --2- >> [v2:172.21.15.83:3300/0,v1:172.21.15.83:6789/0] conn(0x7f3b541085f0 0x7f3b5419c5c0 unknown :-1 s=HELLO_CONNECTING pgs=0 cs=0 l=1 rev1=1 crypto rx=0 tx=0 comp rx=0 tx=0).handle_hello peer v2:172.21.15.83:3300/0 says I am v2:172.21.15.83:56096/0 (socket says 172.21.15.83:56096)
2024-04-25T12:50:14.523 INFO:teuthology.orchestra.run.smithi083.stdout:/usr/bin/ceph: stderr
2024-04-25T12:50:13.746+0000 7f3b58f2c700 1 -- 172.21.15.83:0/3971161761 learned_addr learned my addr 172.21.15.83:0/3971161761 (peer_addr_for_me v2:172.21.15.83:0/0)
2024-04-25T12:50:14.523 INFO:teuthology.orchestra.run.smithi083.stdout:/usr/bin/ceph: stderr
2024-04-25T12:50:13.746+0000 7f3b58f2c700 1 -- 172.21.15.83:0/3971161761 --> [v2:172.21.15.83:3300/0,v1:172.21.15.83:6789/0] -- mon_subscribe({config=0+,monmap=0+}) -- 0x7f3b5419cb00 con 0x7f3b541085f0
2024-04-25T12:50:14.523 INFO:teuthology.orchestra.run.smithi083.stdout:/usr/bin/ceph: stderr
2024-04-25T12:50:13.746+0000 7f3b58f2c700 1 --2- 172.21.15.83:0/3971161761 >> [v2:172.21.15.83:3300/0,v1:172.21.15.83:6789/0] conn(0x7f3b541085f0 0x7f3b5419c5c0 secure :-1 s=READY pgs=40 cs=0 l=1 rev1=1 crypto rx=0x7f3b48009fb0 tx=0x7f3b48011940 comp rx=0 tx=0).ready entity=mon.0 client_cookie=0 server_cookie=0 in_seq=0 out_seq=0
2024-04-25T12:50:14.523 INFO:teuthology.orchestra.run.smithi083.stdout:/usr/bin/ceph: stderr
2024-04-25T12:50:13.746+0000 7f3b51ffb700 1 -- 172.21.15.83:0/3971161761 <== mon.0 v2:172.21.15.83:3300/0 1 ==== mon_map magic: 0 ==== 205+0+0 (secure 0 0 0) 0x7f3b480036a0 con 0x7f3b541085f0
2024-04-25T12:50:14.523 INFO:teuthology.orchestra.run.smithi083.stdout:/usr/bin/ceph: stderr
2024-04-25T12:50:13.747+0000 7f3b51ffb700 1 -- 172.21.15.83:0/3971161761 <== mon.0 v2:172.21.15.83:3300/0 2 ==== config(26 keys) ==== 1070+0+0 (secure 0 0 0) 0x7f3b4801a430 con 0x7f3b541085f0
2024-04-25T12:50:14.523 INFO:teuthology.orchestra.run.smithi083.stdout:/usr/bin/ceph: stderr
2024-04-25T12:50:13.747+0000 7f3b5b190700 1 -- 172.21.15.83:0/3971161761 --> [v2:172.21.15.83:3300/0,v1:172.21.15.83:6789/0] -- mon_subscribe({mgrmap=0+}) -- 0x7f3b5419cd90 con 0x7f3b541085f0
2024-04-25T12:50:14.523 INFO:teuthology.orchestra.run.smithi083.stdout:/usr/bin/ceph: stderr
2024-04-25T12:50:13.747+0000 7f3b51ffb700 1 -- 172.21.15.83:0/3971161761 <== mon.0 v2:172.21.15.83:3300/0 3 ==== mon_map magic: 0 ==== 205+0+0 (secure 0 0 0) 0x7f3b48019550 con 0x7f3b541085f0
2024-04-25T12:50:14.523 INFO:teuthology.orchestra.run.smithi083.stdout:/usr/bin/ceph: stderr
2024-04-25T12:50:13.747+0000 7f3b5b190700 1 -- 172.21.15.83:0/3971161761 --> [v2:172.21.15.83:3300/0,v1:172.21.15.83:6789/0] -- mon_subscribe({osdmap=0}) -- 0x7f3b5419fa80 con 0x7f3b541085f0
2024-04-25T12:50:14.523 INFO:teuthology.orchestra.run.smithi083.stdout:/usr/bin/ceph: stderr
2024-04-25T12:50:13.748+0000 7f3b51ffb700 1 -- 172.21.15.83:0/3971161761 <== mon.0 v2:172.21.15.83:3300/0 4 ==== mgrmap(e 8) ==== 46558+0+0 (secure 0 0 0) 0x7f3b48019800 con 0x7f3b541085f0
2024-04-25T12:50:14.524 INFO:teuthology.orchestra.run.smithi083.stdout:/usr/bin/ceph: stderr
2024-04-25T12:50:13.748+0000 7f3b51ffb700 1 --2- 172.21.15.83:0/3971161761 >> [v2:172.21.15.83:6800/378436959,v1:172.21.15.83:6801/378436959] conn(0x7f3b440395b0 0x7f3b4403ba70 unknown :-1 s=NONE pgs=0 cs=0 l=1 rev1=0 crypto rx=0 tx=0 comp rx=0 tx=0).connect
2024-04-25T12:50:14.524 INFO:teuthology.orchestra.run.smithi083.stdout:/usr/bin/ceph: stderr
2024-04-25T12:50:13.748+0000 7f3b5b190700 1 -- 172.21.15.83:0/3971161761 --> [v2:172.21.15.83:3300/0,v1:172.21.15.83:6789/0] -- mon_command({"prefix": "get_command_descriptions"} v 0) -- 0x7f3b5410cb50 con 0x7f3b541085f0
2024-04-25T12:50:14.524 INFO:teuthology.orchestra.run.smithi083.stdout:/usr/bin/ceph: stderr
2024-04-25T12:50:13.748+0000 7f3b51ffb700 1 -- 172.21.15.83:0/3971161761 <== mon.0 v2:172.21.15.83:3300/0 5 ==== osd_map(2..2 src has 1..2) ==== 940+0+0 (secure 0 0 0) 0x7f3b4804d7e0 con 0x7f3b541085f0
2024-04-25T12:50:14.524 INFO:teuthology.orchestra.run.smithi083.stdout:/usr/bin/ceph: stderr
2024-04-25T12:50:13.748+0000 7f3b53fff700 1 --2- 172.21.15.83:0/3971161761 >> [v2:172.21.15.83:6800/378436959,v1:172.21.15.83:6801/378436959] conn(0x7f3b440395b0 0x7f3b4403ba70 unknown :-1 s=BANNER_CONNECTING pgs=0 cs=0 l=1 rev1=0 crypto rx=0 tx=0 comp rx=0 tx=0)._handle_peer_banner_payload supported=3 required=0
2024-04-25T12:50:14.524 INFO:teuthology.orchestra.run.smithi083.stdout:/usr/bin/ceph: stderr
2024-04-25T12:50:13.748+0000 7f3b53fff700 1 --2- 172.21.15.83:0/3971161761 >> [v2:172.21.15.83:6800/378436959,v1:172.21.15.83:6801/378436959] conn(0x7f3b440395b0 0x7f3b4403ba70 secure :-1 s=READY pgs=8 cs=0 l=1 rev1=1 crypto rx=0x7f3b40006fd0 tx=0x7f3b40006e40 comp rx=0 tx=0).ready entity=mgr.14120 client_cookie=0 server_cookie=0 in_seq=0 out_seq=0
2024-04-25T12:50:14.524 INFO:teuthology.orchestra.run.smithi083.stdout:/usr/bin/ceph: stderr
2024-04-25T12:50:13.753+0000 7f3b51ffb700 1 -- 172.21.15.83:0/3971161761 <== mon.0 v2:172.21.15.83:3300/0 6 ==== mon_command_ack([{"prefix": "get_command_descriptions"}]=0 v0) ==== 72+0+188370 (secure 0 0 0) 0x7f3b4801a5e0 con 0x7f3b541085f0
2024-04-25T12:50:14.524 INFO:teuthology.orchestra.run.smithi083.stdout:/usr/bin/ceph: stderr
2024-04-25T12:50:13.955+0000 7f3b5b190700 1 -- 172.21.15.83:0/3971161761 --> [v2:172.21.15.83:6800/378436959,v1:172.21.15.83:6801/378436959] -- mgr_command(tid 0: {"prefix": "cephadm set-user", "user": "root", "target": ["mon-mgr", ""]}) -- 0x7f3b54104f00 con 0x7f3b440395b0
2024-04-25T12:50:14.524 INFO:teuthology.orchestra.run.smithi083.stdout:/usr/bin/ceph: stderr
2024-04-25T12:50:13.956+0000 7f3b51ffb700 1 -- 172.21.15.83:0/3971161761 <== mgr.14120 v2:172.21.15.83:6800/378436959 1 ==== mgr_command_reply(tid 0: 0 ) ==== 8+0+16 (secure 0 0 0) 0x7f3b54104f00 con 0x7f3b440395b0
2024-04-25T12:50:14.524 INFO:teuthology.orchestra.run.smithi083.stdout:/usr/bin/ceph: stderr
2024-04-25T12:50:13.958+0000 7f3b5b190700 1 -- 172.21.15.83:0/3971161761 >> [v2:172.21.15.83:6800/378436959,v1:172.21.15.83:6801/378436959] conn(0x7f3b440395b0 msgr2=0x7f3b4403ba70 secure :-1 s=STATE_CONNECTION_ESTABLISHED l=1).mark_down
2024-04-25T12:50:14.524 INFO:teuthology.orchestra.run.smithi083.stdout:/usr/bin/ceph: stderr
2024-04-25T12:50:13.958+0000 7f3b5b190700 1 --2- 172.21.15.83:0/3971161761 >> [v2:172.21.15.83:6800/378436959,v1:172.21.15.83:6801/378436959] conn(0x7f3b440395b0 0x7f3b4403ba70 secure :-1 s=READY pgs=8 cs=0 l=1 rev1=1 crypto rx=0x7f3b40006fd0 tx=0x7f3b40006e40 comp rx=0 tx=0).stop
2024-04-25T12:50:14.524 INFO:teuthology.orchestra.run.smithi083.stdout:/usr/bin/ceph: stderr
2024-04-25T12:50:13.958+0000 7f3b5b190700 1 -- 172.21.15.83:0/3971161761 >> [v2:172.21.15.83:3300/0,v1:172.21.15.83:6789/0] conn(0x7f3b541085f0 msgr2=0x7f3b5419c5c0 secure :-1 s=STATE_CONNECTION_ESTABLISHED l=1).mark_down
2024-04-25T12:50:14.524 INFO:teuthology.orchestra.run.smithi083.stdout:/usr/bin/ceph: stderr
2024-04-25T12:50:13.958+0000 7f3b5b190700 1 --2- 172.21.15.83:0/3971161761 >> [v2:172.21.15.83:3300/0,v1:172.21.15.83:6789/0] conn(0x7f3b541085f0 0x7f3b5419c5c0 secure :-1 s=READY pgs=40 cs=0 l=1 rev1=1 crypto rx=0x7f3b48009fb0 tx=0x7f3b48011940 comp rx=0 tx=0).stop
2024-04-25T12:50:14.524 INFO:teuthology.orchestra.run.smithi083.stdout:/usr/bin/ceph: stderr
2024-04-25T12:50:13.958+0000 7f3b5b190700 1 -- 172.21.15.83:0/3971161761 shutdown_connections
2024-04-25T12:50:14.525 INFO:teuthology.orchestra.run.smithi083.stdout:/usr/bin/ceph: stderr
2024-04-25T12:50:13.958+0000 7f3b5b190700 1 --2- 172.21.15.83:0/3971161761 >> [v2:172.21.15.83:6800/378436959,v1:172.21.15.83:6801/378436959] conn(0x7f3b440395b0 0x7f3b4403ba70 unknown :-1 s=CLOSED pgs=8 cs=0 l=1 rev1=1 crypto rx=0 tx=0 comp rx=0 tx=0).stop
2024-04-25T12:50:14.525 INFO:teuthology.orchestra.run.smithi083.stdout:/usr/bin/ceph: stderr
2024-04-25T12:50:13.958+0000 7f3b5b190700 1 --2- 172.21.15.83:0/3971161761 >> [v2:172.21.15.83:3300/0,v1:172.21.15.83:6789/0] conn(0x7f3b541085f0 0x7f3b5419c5c0 unknown :-1 s=CLOSED pgs=40 cs=0 l=1 rev1=1 crypto rx=0 tx=0 comp rx=0 tx=0).stop
2024-04-25T12:50:14.525 INFO:teuthology.orchestra.run.smithi083.stdout:/usr/bin/ceph: stderr
2024-04-25T12:50:13.958+0000 7f3b5b190700 1 -- 172.21.15.83:0/3971161761 >> 172.21.15.83:0/3971161761 conn(0x7f3b54103b70 msgr2=0x7f3b54104790 unknown :-1 s=STATE_NONE l=0).mark_down
2024-04-25T12:50:14.525 INFO:teuthology.orchestra.run.smithi083.stdout:/usr/bin/ceph: stderr
2024-04-25T12:50:13.958+0000 7f3b5b190700 1 -- 172.21.15.83:0/3971161761 shutdown_connections
2024-04-25T12:50:14.525 INFO:teuthology.orchestra.run.smithi083.stdout:/usr/bin/ceph: stderr
2024-04-25T12:50:13.958+0000 7f3b5b190700 1 -- 172.21.15.83:0/3971161761 wait complete.
2024-04-25T12:50:14.525 INFO:teuthology.orchestra.run.smithi083.stdout:Generating ssh key...
2024-04-25T12:50:14.866 INFO:journalctl@ceph.mon.a.smithi083.stdout:Apr 25 12:50:14 smithi083 ceph-mon[29240]: from='client.14132 -' entity='client.admin' cmd=[{"prefix": "orch set backend", "module_name": "cephadm", "target": ["mon-mgr", ""]}]: dispatch
2024-04-25T12:50:15.898 INFO:journalctl@ceph.mon.a.smithi083.stdout:Apr 25 12:50:15 smithi083 ceph-mon[29240]: from='client.14134 -' entity='client.admin' cmd=[{"prefix": "cephadm set-user", "user": "root", "target": ["mon-mgr", ""]}]: dispatch
2024-04-25T12:50:15.899 INFO:journalctl@ceph.mon.a.smithi083.stdout:Apr 25 12:50:15 smithi083 ceph-mon[29240]: from='mgr.14120 172.21.15.83:0/2581574156' entity='mgr.x'
2024-04-25T12:50:15.899 INFO:journalctl@ceph.mon.a.smithi083.stdout:Apr 25 12:50:15 smithi083 ceph-mon[29240]: from='mgr.14120 172.21.15.83:0/2581574156' entity='mgr.x'
2024-04-25T12:50:15.899 INFO:journalctl@ceph.mgr.x.smithi083.stdout:Apr 25 12:50:15 smithi083 ceph-dd96d3b8-0301-11ef-bc93-c7b262605968-mgr-x[29470]: Generating public/private rsa key pair.
2024-04-25T12:50:15.899 INFO:journalctl@ceph.mgr.x.smithi083.stdout:Apr 25 12:50:15 smithi083 ceph-dd96d3b8-0301-11ef-bc93-c7b262605968-mgr-x[29470]: Your identification has been saved in /tmp/tmpckx5bkjf/key.
2024-04-25T12:50:15.899 INFO:journalctl@ceph.mgr.x.smithi083.stdout:Apr 25 12:50:15 smithi083 ceph-dd96d3b8-0301-11ef-bc93-c7b262605968-mgr-x[29470]: Your public key has been saved in /tmp/tmpckx5bkjf/key.pub.
2024-04-25T12:50:15.899 INFO:journalctl@ceph.mgr.x.smithi083.stdout:Apr 25 12:50:15 smithi083 ceph-dd96d3b8-0301-11ef-bc93-c7b262605968-mgr-x[29470]: The key fingerprint is:
2024-04-25T12:50:15.899 INFO:journalctl@ceph.mgr.x.smithi083.stdout:Apr 25 12:50:15 smithi083 ceph-dd96d3b8-0301-11ef-bc93-c7b262605968-mgr-x[29470]: SHA256:VJyudsAQx1THMZ6EX+t989A1hT/YL3vPpKpkA7I4Cbs ceph-dd96d3b8-0301-11ef-bc93-c7b262605968
2024-04-25T12:50:15.899 INFO:journalctl@ceph.mgr.x.smithi083.stdout:Apr 25 12:50:15 smithi083 ceph-dd96d3b8-0301-11ef-bc93-c7b262605968-mgr-x[29470]: The key's randomart image is:
2024-04-25T12:50:15.899 INFO:journalctl@ceph.mgr.x.smithi083.stdout:Apr 25 12:50:15 smithi083 ceph-dd96d3b8-0301-11ef-bc93-c7b262605968-mgr-x[29470]: +---[RSA 3072]----+
2024-04-25T12:50:15.899 INFO:journalctl@ceph.mgr.x.smithi083.stdout:Apr 25 12:50:15 smithi083 ceph-dd96d3b8-0301-11ef-bc93-c7b262605968-mgr-x[29470]: | .+ooo+=. . |
2024-04-25T12:50:15.900 INFO:journalctl@ceph.mgr.x.smithi083.stdout:Apr 25 12:50:15 smithi083 ceph-dd96d3b8-0301-11ef-bc93-c7b262605968-mgr-x[29470]: | ....++.oo .|
2024-04-25T12:50:15.900 INFO:journalctl@ceph.mgr.x.smithi083.stdout:Apr 25 12:50:15 smithi083 ceph-dd96d3b8-0301-11ef-bc93-c7b262605968-mgr-x[29470]: | o.. .o.oo.|
2024-04-25T12:50:15.900 INFO:journalctl@ceph.mgr.x.smithi083.stdout:Apr 25 12:50:15 smithi083 ceph-dd96d3b8-0301-11ef-bc93-c7b262605968-mgr-x[29470]: | .o . ...+o|
2024-04-25T12:50:15.900 INFO:journalctl@ceph.mgr.x.smithi083.stdout:Apr 25 12:50:15 smithi083 ceph-dd96d3b8-0301-11ef-bc93-c7b262605968-mgr-x[29470]: | . . So . o=|
2024-04-25T12:50:15.900 INFO:journalctl@ceph.mgr.x.smithi083.stdout:Apr 25 12:50:15 smithi083 ceph-dd96d3b8-0301-11ef-bc93-c7b262605968-mgr-x[29470]: | o o oo.. +.=|
2024-04-25T12:50:15.900 INFO:journalctl@ceph.mgr.x.smithi083.stdout:Apr 25 12:50:15 smithi083 ceph-dd96d3b8-0301-11ef-bc93-c7b262605968-mgr-x[29470]: | . + .. .+ +=|
2024-04-25T12:50:15.900 INFO:journalctl@ceph.mgr.x.smithi083.stdout:Apr 25 12:50:15 smithi083 ceph-dd96d3b8-0301-11ef-bc93-c7b262605968-mgr-x[29470]: | . . o . .+o|
2024-04-25T12:50:15.900 INFO:journalctl@ceph.mgr.x.smithi083.stdout:Apr 25 12:50:15 smithi083 ceph-dd96d3b8-0301-11ef-bc93-c7b262605968-mgr-x[29470]: | E ......+|
2024-04-25T12:50:15.900 INFO:journalctl@ceph.mgr.x.smithi083.stdout:Apr 25 12:50:15 smithi083 ceph-dd96d3b8-0301-11ef-bc93-c7b262605968-mgr-x[29470]: +----[SHA256]-----+
2024-04-25T12:50:16.202 INFO:teuthology.orchestra.run.smithi083.stdout:/usr/bin/ceph: stderr
2024-04-25T12:50:14.966+0000 7f6b9e8c0700 1 Processor -- start
2024-04-25T12:50:16.202 INFO:teuthology.orchestra.run.smithi083.stdout:/usr/bin/ceph: stderr
2024-04-25T12:50:14.966+0000 7f6b9e8c0700 1 -- start start
2024-04-25T12:50:16.202 INFO:teuthology.orchestra.run.smithi083.stdout:/usr/bin/ceph: stderr
2024-04-25T12:50:14.966+0000 7f6b9e8c0700 1 --2- >> [v2:172.21.15.83:3300/0,v1:172.21.15.83:6789/0] conn(0x7f6b98108600 0x7f6b98108a20 unknown :-1 s=NONE pgs=0 cs=0 l=0 rev1=0 crypto rx=0 tx=0 comp rx=0 tx=0).connect
2024-04-25T12:50:16.203 INFO:teuthology.orchestra.run.smithi083.stdout:/usr/bin/ceph: stderr
2024-04-25T12:50:14.966+0000 7f6b9e8c0700 1 -- --> [v2:172.21.15.83:3300/0,v1:172.21.15.83:6789/0] -- mon_getmap magic: 0 -- 0x7f6b98108ff0 con 0x7f6b98108600
2024-04-25T12:50:16.203 INFO:teuthology.orchestra.run.smithi083.stdout:/usr/bin/ceph: stderr
2024-04-25T12:50:14.966+0000 7f6b97fff700 1 --2- >> [v2:172.21.15.83:3300/0,v1:172.21.15.83:6789/0] conn(0x7f6b98108600 0x7f6b98108a20 unknown :-1 s=BANNER_CONNECTING pgs=0 cs=0 l=0 rev1=0 crypto rx=0 tx=0 comp rx=0 tx=0)._handle_peer_banner_payload supported=3 required=0
2024-04-25T12:50:16.203 INFO:teuthology.orchestra.run.smithi083.stdout:/usr/bin/ceph: stderr
2024-04-25T12:50:14.966+0000 7f6b97fff700 1 --2- >> [v2:172.21.15.83:3300/0,v1:172.21.15.83:6789/0] conn(0x7f6b98108600 0x7f6b98108a20 unknown :-1 s=HELLO_CONNECTING pgs=0 cs=0 l=0 rev1=1 crypto rx=0 tx=0 comp rx=0 tx=0).handle_hello peer v2:172.21.15.83:3300/0 says I am v2:172.21.15.83:56112/0 (socket says 172.21.15.83:56112)
2024-04-25T12:50:16.203 INFO:teuthology.orchestra.run.smithi083.stdout:/usr/bin/ceph: stderr
2024-04-25T12:50:14.966+0000 7f6b97fff700 1 -- 172.21.15.83:0/3453523851 learned_addr learned my addr 172.21.15.83:0/3453523851 (peer_addr_for_me v2:172.21.15.83:0/0)
2024-04-25T12:50:16.203 INFO:teuthology.orchestra.run.smithi083.stdout:/usr/bin/ceph: stderr
2024-04-25T12:50:14.966+0000 7f6b97fff700 1 -- 172.21.15.83:0/3453523851 --> [v2:172.21.15.83:3300/0,v1:172.21.15.83:6789/0] -- mon_subscribe({config=0+,monmap=0+}) -- 0x7f6b981097b0 con 0x7f6b98108600
2024-04-25T12:50:16.203 INFO:teuthology.orchestra.run.smithi083.stdout:/usr/bin/ceph: stderr
2024-04-25T12:50:14.967+0000 7f6b97fff700 1 --2- 172.21.15.83:0/3453523851 >> [v2:172.21.15.83:3300/0,v1:172.21.15.83:6789/0] conn(0x7f6b98108600 0x7f6b98108a20 secure :-1 s=READY pgs=41 cs=0 l=1 rev1=1 crypto rx=0x7f6b880098a0 tx=0x7f6b88009bb0 comp rx=0 tx=0).ready entity=mon.0 client_cookie=2f62553b840ac99a server_cookie=0 in_seq=0 out_seq=0
2024-04-25T12:50:16.203 INFO:teuthology.orchestra.run.smithi083.stdout:/usr/bin/ceph: stderr
2024-04-25T12:50:14.967+0000 7f6b96ffd700 1 -- 172.21.15.83:0/3453523851 <== mon.0 v2:172.21.15.83:3300/0 1 ==== mon_map magic: 0 ==== 205+0+0 (secure 0 0 0) 0x7f6b88004160 con 0x7f6b98108600
2024-04-25T12:50:16.203 INFO:teuthology.orchestra.run.smithi083.stdout:/usr/bin/ceph: stderr
2024-04-25T12:50:14.967+0000 7f6b96ffd700 1 -- 172.21.15.83:0/3453523851 <== mon.0 v2:172.21.15.83:3300/0 2 ==== config(26 keys) ==== 1070+0+0 (secure 0 0 0) 0x7f6b88004300 con 0x7f6b98108600
2024-04-25T12:50:16.203 INFO:teuthology.orchestra.run.smithi083.stdout:/usr/bin/ceph: stderr
2024-04-25T12:50:14.967+0000 7f6b96ffd700 1 -- 172.21.15.83:0/3453523851 <== mon.0 v2:172.21.15.83:3300/0 3 ==== mon_map magic: 0 ==== 205+0+0 (secure 0 0 0) 0x7f6b88011af0 con 0x7f6b98108600
2024-04-25T12:50:16.203 INFO:teuthology.orchestra.run.smithi083.stdout:/usr/bin/ceph: stderr
2024-04-25T12:50:14.967+0000 7f6b9e8c0700 1 -- 172.21.15.83:0/3453523851 >> [v2:172.21.15.83:3300/0,v1:172.21.15.83:6789/0] conn(0x7f6b98108600 msgr2=0x7f6b98108a20 secure :-1 s=STATE_CONNECTION_ESTABLISHED l=1).mark_down
2024-04-25T12:50:16.203 INFO:teuthology.orchestra.run.smithi083.stdout:/usr/bin/ceph: stderr
2024-04-25T12:50:14.967+0000 7f6b9e8c0700 1 --2- 172.21.15.83:0/3453523851 >> [v2:172.21.15.83:3300/0,v1:172.21.15.83:6789/0] conn(0x7f6b98108600 0x7f6b98108a20 secure :-1 s=READY pgs=41 cs=0 l=1 rev1=1 crypto rx=0x7f6b880098a0 tx=0x7f6b88009bb0 comp rx=0 tx=0).stop
2024-04-25T12:50:16.203 INFO:teuthology.orchestra.run.smithi083.stdout:/usr/bin/ceph: stderr
2024-04-25T12:50:14.967+0000 7f6b9e8c0700 1 -- 172.21.15.83:0/3453523851 shutdown_connections
2024-04-25T12:50:16.203 INFO:teuthology.orchestra.run.smithi083.stdout:/usr/bin/ceph: stderr
2024-04-25T12:50:14.967+0000 7f6b9e8c0700 1 --2- 172.21.15.83:0/3453523851 >> [v2:172.21.15.83:3300/0,v1:172.21.15.83:6789/0] conn(0x7f6b98108600 0x7f6b98108a20 unknown :-1 s=CLOSED pgs=41 cs=0 l=1 rev1=1 crypto rx=0 tx=0 comp rx=0 tx=0).stop
2024-04-25T12:50:16.204 INFO:teuthology.orchestra.run.smithi083.stdout:/usr/bin/ceph: stderr
2024-04-25T12:50:14.967+0000 7f6b9e8c0700 1 -- 172.21.15.83:0/3453523851 >> 172.21.15.83:0/3453523851 conn(0x7f6b98103ba0 msgr2=0x7f6b98105fe0 unknown :-1 s=STATE_NONE l=0).mark_down
2024-04-25T12:50:16.204 INFO:teuthology.orchestra.run.smithi083.stdout:/usr/bin/ceph: stderr
