2024-04-25T12:49:28.816+0000 7f6f9c829700 1 Processor -- start
2024-04-25T12:49:29.677 INFO:teuthology.orchestra.run.smithi019.stdout:/usr/bin/ceph: stderr
2024-04-25T12:49:28.816+0000 7f6f9c829700 1 -- start start
2024-04-25T12:49:29.677 INFO:teuthology.orchestra.run.smithi019.stdout:/usr/bin/ceph: stderr
2024-04-25T12:49:28.817+0000 7f6f9c829700 1 --2- >> [v2:172.21.15.19:3300/0,v1:172.21.15.19:6789/0] conn(0x7f6f9807cd90 0x7f6f9807b1f0 unknown :-1 s=NONE pgs=0 cs=0 l=0 rev1=0 crypto rx=0 tx=0 comp rx=0 tx=0).connect
2024-04-25T12:49:29.677 INFO:teuthology.orchestra.run.smithi019.stdout:/usr/bin/ceph: stderr
2024-04-25T12:49:28.817+0000 7f6f9c829700 1 -- --> [v2:172.21.15.19:3300/0,v1:172.21.15.19:6789/0] -- mon_getmap magic: 0 -- 0x7f6f9807b7c0 con 0x7f6f9807cd90
2024-04-25T12:49:29.677 INFO:teuthology.orchestra.run.smithi019.stdout:/usr/bin/ceph: stderr
2024-04-25T12:49:28.817+0000 7f6f9659c700 1 --2- >> [v2:172.21.15.19:3300/0,v1:172.21.15.19:6789/0] conn(0x7f6f9807cd90 0x7f6f9807b1f0 unknown :-1 s=BANNER_CONNECTING pgs=0 cs=0 l=0 rev1=0 crypto rx=0 tx=0 comp rx=0 tx=0)._handle_peer_banner_payload supported=3 required=0
2024-04-25T12:49:29.678 INFO:teuthology.orchestra.run.smithi019.stdout:/usr/bin/ceph: stderr
2024-04-25T12:49:28.817+0000 7f6f9659c700 1 --2- >> [v2:172.21.15.19:3300/0,v1:172.21.15.19:6789/0] conn(0x7f6f9807cd90 0x7f6f9807b1f0 unknown :-1 s=HELLO_CONNECTING pgs=0 cs=0 l=0 rev1=1 crypto rx=0 tx=0 comp rx=0 tx=0).handle_hello peer v2:172.21.15.19:3300/0 says I am v2:172.21.15.19:42710/0 (socket says 172.21.15.19:42710)
2024-04-25T12:49:29.678 INFO:teuthology.orchestra.run.smithi019.stdout:/usr/bin/ceph: stderr
2024-04-25T12:49:28.817+0000 7f6f9659c700 1 -- 172.21.15.19:0/722362727 learned_addr learned my addr 172.21.15.19:0/722362727 (peer_addr_for_me v2:172.21.15.19:0/0)
2024-04-25T12:49:29.678 INFO:teuthology.orchestra.run.smithi019.stdout:/usr/bin/ceph: stderr
2024-04-25T12:49:28.817+0000 7f6f9659c700 1 -- 172.21.15.19:0/722362727 --> [v2:172.21.15.19:3300/0,v1:172.21.15.19:6789/0] -- mon_subscribe({config=0+,monmap=0+}) -- 0x7f6f9807b940 con 0x7f6f9807cd90
2024-04-25T12:49:29.678 INFO:teuthology.orchestra.run.smithi019.stdout:/usr/bin/ceph: stderr
2024-04-25T12:49:28.817+0000 7f6f9659c700 1 --2- 172.21.15.19:0/722362727 >> [v2:172.21.15.19:3300/0,v1:172.21.15.19:6789/0] conn(0x7f6f9807cd90 0x7f6f9807b1f0 secure :-1 s=READY pgs=41 cs=0 l=1 rev1=1 crypto rx=0x7f6f880098a0 tx=0x7f6f88009bb0 comp rx=0 tx=0).ready entity=mon.0 client_cookie=fdc44656cabeb096 server_cookie=0 in_seq=0 out_seq=0
2024-04-25T12:49:29.678 INFO:teuthology.orchestra.run.smithi019.stdout:/usr/bin/ceph: stderr
2024-04-25T12:49:28.817+0000 7f6f9559a700 1 -- 172.21.15.19:0/722362727 <== mon.0 v2:172.21.15.19:3300/0 1 ==== mon_map magic: 0 ==== 205+0+0 (secure 0 0 0) 0x7f6f88004160 con 0x7f6f9807cd90
2024-04-25T12:49:29.678 INFO:teuthology.orchestra.run.smithi019.stdout:/usr/bin/ceph: stderr
2024-04-25T12:49:28.817+0000 7f6f9559a700 1 -- 172.21.15.19:0/722362727 <== mon.0 v2:172.21.15.19:3300/0 2 ==== config(26 keys) ==== 1070+0+0 (secure 0 0 0) 0x7f6f88004300 con 0x7f6f9807cd90
2024-04-25T12:49:29.678 INFO:teuthology.orchestra.run.smithi019.stdout:/usr/bin/ceph: stderr
2024-04-25T12:49:28.817+0000 7f6f9559a700 1 -- 172.21.15.19:0/722362727 <== mon.0 v2:172.21.15.19:3300/0 3 ==== mon_map magic: 0 ==== 205+0+0 (secure 0 0 0) 0x7f6f88011af0 con 0x7f6f9807cd90
2024-04-25T12:49:29.678 INFO:teuthology.orchestra.run.smithi019.stdout:/usr/bin/ceph: stderr
2024-04-25T12:49:28.818+0000 7f6f9c829700 1 -- 172.21.15.19:0/722362727 >> [v2:172.21.15.19:3300/0,v1:172.21.15.19:6789/0] conn(0x7f6f9807cd90 msgr2=0x7f6f9807b1f0 secure :-1 s=STATE_CONNECTION_ESTABLISHED l=1).mark_down
2024-04-25T12:49:29.678 INFO:teuthology.orchestra.run.smithi019.stdout:/usr/bin/ceph: stderr
2024-04-25T12:49:28.818+0000 7f6f9c829700 1 --2- 172.21.15.19:0/722362727 >> [v2:172.21.15.19:3300/0,v1:172.21.15.19:6789/0] conn(0x7f6f9807cd90 0x7f6f9807b1f0 secure :-1 s=READY pgs=41 cs=0 l=1 rev1=1 crypto rx=0x7f6f880098a0 tx=0x7f6f88009bb0 comp rx=0 tx=0).stop
2024-04-25T12:49:29.678 INFO:teuthology.orchestra.run.smithi019.stdout:/usr/bin/ceph: stderr
2024-04-25T12:49:28.818+0000 7f6f9c829700 1 -- 172.21.15.19:0/722362727 shutdown_connections
2024-04-25T12:49:29.678 INFO:teuthology.orchestra.run.smithi019.stdout:/usr/bin/ceph: stderr
2024-04-25T12:49:28.818+0000 7f6f9c829700 1 --2- 172.21.15.19:0/722362727 >> [v2:172.21.15.19:3300/0,v1:172.21.15.19:6789/0] conn(0x7f6f9807cd90 0x7f6f9807b1f0 unknown :-1 s=CLOSED pgs=41 cs=0 l=1 rev1=1 crypto rx=0 tx=0 comp rx=0 tx=0).stop
2024-04-25T12:49:29.678 INFO:teuthology.orchestra.run.smithi019.stdout:/usr/bin/ceph: stderr
2024-04-25T12:49:28.818+0000 7f6f9c829700 1 -- 172.21.15.19:0/722362727 >> 172.21.15.19:0/722362727 conn(0x7f6f98103bf0 msgr2=0x7f6f98106010 unknown :-1 s=STATE_NONE l=0).mark_down
2024-04-25T12:49:29.679 INFO:teuthology.orchestra.run.smithi019.stdout:/usr/bin/ceph: stderr
2024-04-25T12:49:28.818+0000 7f6f9c829700 1 -- 172.21.15.19:0/722362727 shutdown_connections
2024-04-25T12:49:29.679 INFO:teuthology.orchestra.run.smithi019.stdout:/usr/bin/ceph: stderr
2024-04-25T12:49:28.818+0000 7f6f9c829700 1 -- 172.21.15.19:0/722362727 wait complete.
2024-04-25T12:49:29.679 INFO:teuthology.orchestra.run.smithi019.stdout:/usr/bin/ceph: stderr
2024-04-25T12:49:28.819+0000 7f6f9c829700 1 Processor -- start
2024-04-25T12:49:29.679 INFO:teuthology.orchestra.run.smithi019.stdout:/usr/bin/ceph: stderr
2024-04-25T12:49:28.819+0000 7f6f9c829700 1 -- start start
2024-04-25T12:49:29.679 INFO:teuthology.orchestra.run.smithi019.stdout:/usr/bin/ceph: stderr
2024-04-25T12:49:28.819+0000 7f6f9c829700 1 --2- >> [v2:172.21.15.19:3300/0,v1:172.21.15.19:6789/0] conn(0x7f6f9807cd90 0x7f6f9819e680 unknown :-1 s=NONE pgs=0 cs=0 l=1 rev1=0 crypto rx=0 tx=0 comp rx=0 tx=0).connect
2024-04-25T12:49:29.679 INFO:teuthology.orchestra.run.smithi019.stdout:/usr/bin/ceph: stderr
2024-04-25T12:49:28.819+0000 7f6f9c829700 1 -- --> [v2:172.21.15.19:3300/0,v1:172.21.15.19:6789/0] -- mon_getmap magic: 0 -- 0x7f6f9810eb00 con 0x7f6f9807cd90
2024-04-25T12:49:29.679 INFO:teuthology.orchestra.run.smithi019.stdout:/usr/bin/ceph: stderr
2024-04-25T12:49:28.819+0000 7f6f9659c700 1 --2- >> [v2:172.21.15.19:3300/0,v1:172.21.15.19:6789/0] conn(0x7f6f9807cd90 0x7f6f9819e680 unknown :-1 s=BANNER_CONNECTING pgs=0 cs=0 l=1 rev1=0 crypto rx=0 tx=0 comp rx=0 tx=0)._handle_peer_banner_payload supported=3 required=0
2024-04-25T12:49:29.679 INFO:teuthology.orchestra.run.smithi019.stdout:/usr/bin/ceph: stderr
2024-04-25T12:49:28.819+0000 7f6f9659c700 1 --2- >> [v2:172.21.15.19:3300/0,v1:172.21.15.19:6789/0] conn(0x7f6f9807cd90 0x7f6f9819e680 unknown :-1 s=HELLO_CONNECTING pgs=0 cs=0 l=1 rev1=1 crypto rx=0 tx=0 comp rx=0 tx=0).handle_hello peer v2:172.21.15.19:3300/0 says I am v2:172.21.15.19:42722/0 (socket says 172.21.15.19:42722)
2024-04-25T12:49:29.679 INFO:teuthology.orchestra.run.smithi019.stdout:/usr/bin/ceph: stderr
2024-04-25T12:49:28.819+0000 7f6f9659c700 1 -- 172.21.15.19:0/641005022 learned_addr learned my addr 172.21.15.19:0/641005022 (peer_addr_for_me v2:172.21.15.19:0/0)
2024-04-25T12:49:29.679 INFO:teuthology.orchestra.run.smithi019.stdout:/usr/bin/ceph: stderr
2024-04-25T12:49:28.820+0000 7f6f9659c700 1 -- 172.21.15.19:0/641005022 --> [v2:172.21.15.19:3300/0,v1:172.21.15.19:6789/0] -- mon_subscribe({config=0+,monmap=0+}) -- 0x7f6f9819ebc0 con 0x7f6f9807cd90
2024-04-25T12:49:29.679 INFO:teuthology.orchestra.run.smithi019.stdout:/usr/bin/ceph: stderr
2024-04-25T12:49:28.820+0000 7f6f9659c700 1 --2- 172.21.15.19:0/641005022 >> [v2:172.21.15.19:3300/0,v1:172.21.15.19:6789/0] conn(0x7f6f9807cd90 0x7f6f9819e680 secure :-1 s=READY pgs=42 cs=0 l=1 rev1=1 crypto rx=0x7f6f88000c00 tx=0x7f6f88011b70 comp rx=0 tx=0).ready entity=mon.0 client_cookie=0 server_cookie=0 in_seq=0 out_seq=0
2024-04-25T12:49:29.679 INFO:teuthology.orchestra.run.smithi019.stdout:/usr/bin/ceph: stderr
2024-04-25T12:49:28.820+0000 7f6f877fe700 1 -- 172.21.15.19:0/641005022 <== mon.0 v2:172.21.15.19:3300/0 1 ==== mon_map magic: 0 ==== 205+0+0 (secure 0 0 0) 0x7f6f88003b20 con 0x7f6f9807cd90
2024-04-25T12:49:29.679 INFO:teuthology.orchestra.run.smithi019.stdout:/usr/bin/ceph: stderr
2024-04-25T12:49:28.820+0000 7f6f877fe700 1 -- 172.21.15.19:0/641005022 <== mon.0 v2:172.21.15.19:3300/0 2 ==== config(26 keys) ==== 1070+0+0 (secure 0 0 0) 0x7f6f8801a8c0 con 0x7f6f9807cd90
2024-04-25T12:49:29.679 INFO:teuthology.orchestra.run.smithi019.stdout:/usr/bin/ceph: stderr
2024-04-25T12:49:28.820+0000 7f6f9c829700 1 -- 172.21.15.19:0/641005022 --> [v2:172.21.15.19:3300/0,v1:172.21.15.19:6789/0] -- mon_subscribe({mgrmap=0+}) -- 0x7f6f9819ee50 con 0x7f6f9807cd90
2024-04-25T12:49:29.680 INFO:teuthology.orchestra.run.smithi019.stdout:/usr/bin/ceph: stderr
2024-04-25T12:49:28.820+0000 7f6f877fe700 1 -- 172.21.15.19:0/641005022 <== mon.0 v2:172.21.15.19:3300/0 3 ==== mon_map magic: 0 ==== 205+0+0 (secure 0 0 0) 0x7f6f88024940 con 0x7f6f9807cd90
2024-04-25T12:49:29.680 INFO:teuthology.orchestra.run.smithi019.stdout:/usr/bin/ceph: stderr
2024-04-25T12:49:28.820+0000 7f6f9c829700 1 -- 172.21.15.19:0/641005022 --> [v2:172.21.15.19:3300/0,v1:172.21.15.19:6789/0] -- mon_subscribe({osdmap=0}) -- 0x7f6f981a1b40 con 0x7f6f9807cd90
2024-04-25T12:49:29.680 INFO:teuthology.orchestra.run.smithi019.stdout:/usr/bin/ceph: stderr
2024-04-25T12:49:28.821+0000 7f6f877fe700 1 -- 172.21.15.19:0/641005022 <== mon.0 v2:172.21.15.19:3300/0 4 ==== mgrmap(e 8) ==== 46558+0+0 (secure 0 0 0) 0x7f6f88022020 con 0x7f6f9807cd90
2024-04-25T12:49:29.680 INFO:teuthology.orchestra.run.smithi019.stdout:/usr/bin/ceph: stderr
2024-04-25T12:49:28.821+0000 7f6f9c829700 1 -- 172.21.15.19:0/641005022 --> [v2:172.21.15.19:3300/0,v1:172.21.15.19:6789/0] -- mon_command({"prefix": "get_command_descriptions"} v 0) -- 0x7f6f980640a0 con 0x7f6f9807cd90
2024-04-25T12:49:29.680 INFO:teuthology.orchestra.run.smithi019.stdout:/usr/bin/ceph: stderr
2024-04-25T12:49:28.821+0000 7f6f877fe700 1 --2- 172.21.15.19:0/641005022 >> [v2:172.21.15.19:6800/576389703,v1:172.21.15.19:6801/576389703] conn(0x7f6f800395b0 0x7f6f8003ba70 unknown :-1 s=NONE pgs=0 cs=0 l=1 rev1=0 crypto rx=0 tx=0 comp rx=0 tx=0).connect
2024-04-25T12:49:29.680 INFO:teuthology.orchestra.run.smithi019.stdout:/usr/bin/ceph: stderr
2024-04-25T12:49:28.821+0000 7f6f877fe700 1 -- 172.21.15.19:0/641005022 <== mon.0 v2:172.21.15.19:3300/0 5 ==== osd_map(2..2 src has 1..2) ==== 940+0+0 (secure 0 0 0) 0x7f6f8804da00 con 0x7f6f9807cd90
2024-04-25T12:49:29.680 INFO:teuthology.orchestra.run.smithi019.stdout:/usr/bin/ceph: stderr
2024-04-25T12:49:28.821+0000 7f6f95d9b700 1 --2- 172.21.15.19:0/641005022 >> [v2:172.21.15.19:6800/576389703,v1:172.21.15.19:6801/576389703] conn(0x7f6f800395b0 0x7f6f8003ba70 unknown :-1 s=BANNER_CONNECTING pgs=0 cs=0 l=1 rev1=0 crypto rx=0 tx=0 comp rx=0 tx=0)._handle_peer_banner_payload supported=3 required=0
2024-04-25T12:49:29.680 INFO:teuthology.orchestra.run.smithi019.stdout:/usr/bin/ceph: stderr
2024-04-25T12:49:28.822+0000 7f6f95d9b700 1 --2- 172.21.15.19:0/641005022 >> [v2:172.21.15.19:6800/576389703,v1:172.21.15.19:6801/576389703] conn(0x7f6f800395b0 0x7f6f8003ba70 secure :-1 s=READY pgs=9 cs=0 l=1 rev1=1 crypto rx=0x7f6f8c006fd0 tx=0x7f6f8c006e40 comp rx=0 tx=0).ready entity=mgr.14120 client_cookie=0 server_cookie=0 in_seq=0 out_seq=0
2024-04-25T12:49:29.680 INFO:teuthology.orchestra.run.smithi019.stdout:/usr/bin/ceph: stderr
2024-04-25T12:49:28.826+0000 7f6f877fe700 1 -- 172.21.15.19:0/641005022 <== mon.0 v2:172.21.15.19:3300/0 6 ==== mon_command_ack([{"prefix": "get_command_descriptions"}]=0 v0) ==== 72+0+188370 (secure 0 0 0) 0x7f6f8804d350 con 0x7f6f9807cd90
2024-04-25T12:49:29.680 INFO:teuthology.orchestra.run.smithi019.stdout:/usr/bin/ceph: stderr
2024-04-25T12:49:29.034+0000 7f6f9c829700 1 -- 172.21.15.19:0/641005022 --> [v2:172.21.15.19:6800/576389703,v1:172.21.15.19:6801/576389703] -- mgr_command(tid 0: {"prefix": "cephadm generate-key", "target": ["mon-mgr", ""]}) -- 0x7f6f98104dd0 con 0x7f6f800395b0
2024-04-25T12:49:29.680 INFO:teuthology.orchestra.run.smithi019.stdout:/usr/bin/ceph: stderr
2024-04-25T12:49:29.158+0000 7f6f877fe700 1 -- 172.21.15.19:0/641005022 <== mgr.14120 v2:172.21.15.19:6800/576389703 1 ==== mgr_command_reply(tid 0: 0 ) ==== 8+0+0 (secure 0 0 0) 0x7f6f98104dd0 con 0x7f6f800395b0
2024-04-25T12:49:29.680 INFO:teuthology.orchestra.run.smithi019.stdout:/usr/bin/ceph: stderr
2024-04-25T12:49:29.160+0000 7f6f9c829700 1 -- 172.21.15.19:0/641005022 >> [v2:172.21.15.19:6800/576389703,v1:172.21.15.19:6801/576389703] conn(0x7f6f800395b0 msgr2=0x7f6f8003ba70 secure :-1 s=STATE_CONNECTION_ESTABLISHED l=1).mark_down
2024-04-25T12:49:29.680 INFO:teuthology.orchestra.run.smithi019.stdout:/usr/bin/ceph: stderr
2024-04-25T12:49:29.160+0000 7f6f9c829700 1 --2- 172.21.15.19:0/641005022 >> [v2:172.21.15.19:6800/576389703,v1:172.21.15.19:6801/576389703] conn(0x7f6f800395b0 0x7f6f8003ba70 secure :-1 s=READY pgs=9 cs=0 l=1 rev1=1 crypto rx=0x7f6f8c006fd0 tx=0x7f6f8c006e40 comp rx=0 tx=0).stop
2024-04-25T12:49:29.681 INFO:teuthology.orchestra.run.smithi019.stdout:/usr/bin/ceph: stderr
2024-04-25T12:49:29.160+0000 7f6f9c829700 1 -- 172.21.15.19:0/641005022 >> [v2:172.21.15.19:3300/0,v1:172.21.15.19:6789/0] conn(0x7f6f9807cd90 msgr2=0x7f6f9819e680 secure :-1 s=STATE_CONNECTION_ESTABLISHED l=1).mark_down
2024-04-25T12:49:29.681 INFO:teuthology.orchestra.run.smithi019.stdout:/usr/bin/ceph: stderr
2024-04-25T12:49:29.160+0000 7f6f9c829700 1 --2- 172.21.15.19:0/641005022 >> [v2:172.21.15.19:3300/0,v1:172.21.15.19:6789/0] conn(0x7f6f9807cd90 0x7f6f9819e680 secure :-1 s=READY pgs=42 cs=0 l=1 rev1=1 crypto rx=0x7f6f88000c00 tx=0x7f6f88011b70 comp rx=0 tx=0).stop
2024-04-25T12:49:29.681 INFO:teuthology.orchestra.run.smithi019.stdout:/usr/bin/ceph: stderr
2024-04-25T12:49:29.160+0000 7f6f9c829700 1 -- 172.21.15.19:0/641005022 shutdown_connections
2024-04-25T12:49:29.681 INFO:teuthology.orchestra.run.smithi019.stdout:/usr/bin/ceph: stderr
2024-04-25T12:49:29.160+0000 7f6f9c829700 1 --2- 172.21.15.19:0/641005022 >> [v2:172.21.15.19:6800/576389703,v1:172.21.15.19:6801/576389703] conn(0x7f6f800395b0 0x7f6f8003ba70 unknown :-1 s=CLOSED pgs=9 cs=0 l=1 rev1=1 crypto rx=0 tx=0 comp rx=0 tx=0).stop
2024-04-25T12:49:29.681 INFO:teuthology.orchestra.run.smithi019.stdout:/usr/bin/ceph: stderr
2024-04-25T12:49:29.160+0000 7f6f9c829700 1 --2- 172.21.15.19:0/641005022 >> [v2:172.21.15.19:3300/0,v1:172.21.15.19:6789/0] conn(0x7f6f9807cd90 0x7f6f9819e680 unknown :-1 s=CLOSED pgs=42 cs=0 l=1 rev1=1 crypto rx=0 tx=0 comp rx=0 tx=0).stop
2024-04-25T12:49:29.681 INFO:teuthology.orchestra.run.smithi019.stdout:/usr/bin/ceph: stderr
2024-04-25T12:49:29.160+0000 7f6f9c829700 1 -- 172.21.15.19:0/641005022 >> 172.21.15.19:0/641005022 conn(0x7f6f98103bf0 msgr2=0x7f6f981046c0 unknown :-1 s=STATE_NONE l=0).mark_down
2024-04-25T12:49:29.681 INFO:teuthology.orchestra.run.smithi019.stdout:/usr/bin/ceph: stderr
2024-04-25T12:49:29.160+0000 7f6f9c829700 1 -- 172.21.15.19:0/641005022 shutdown_connections
2024-04-25T12:49:29.681 INFO:teuthology.orchestra.run.smithi019.stdout:/usr/bin/ceph: stderr
2024-04-25T12:49:29.160+0000 7f6f9c829700 1 -- 172.21.15.19:0/641005022 wait complete.
2024-04-25T12:49:30.495 INFO:journalctl@ceph.mon.a.smithi019.stdout:Apr 25 12:49:30 smithi019 ceph-mon[29200]: from='client.14136 -' entity='client.admin' cmd=[{"prefix": "cephadm generate-key", "target": ["mon-mgr", ""]}]: dispatch
2024-04-25T12:49:30.495 INFO:journalctl@ceph.mon.a.smithi019.stdout:Apr 25 12:49:30 smithi019 ceph-mon[29200]: Generating ssh key...
2024-04-25T12:49:30.495 INFO:journalctl@ceph.mon.a.smithi019.stdout:Apr 25 12:49:30 smithi019 ceph-mon[29200]: from='mgr.14120 172.21.15.19:0/2309202495' entity='mgr.x'
2024-04-25T12:49:30.495 INFO:journalctl@ceph.mon.a.smithi019.stdout:Apr 25 12:49:30 smithi019 ceph-mon[29200]: from='mgr.14120 172.21.15.19:0/2309202495' entity='mgr.x'
2024-04-25T12:49:30.840 INFO:teuthology.orchestra.run.smithi019.stdout:/usr/bin/ceph: stdout ssh-rsa AAAAB3NzaC1yc2EAAAADAQABAAABgQDPkOM7q9SxOXCjkYXWCt/8Udc/R2DCx2t+0nWwjUYWBA85M8h7erPrD4/ZG5pNme2K0MFc8sJ88Dptg6YkHeVa/LlV1SNGFRsZwRpT56s79v6dFcQUKshlSK4jdRidp8gmqSSFBipFmlI8vll/R632hH4WFM581VHdIkQN424n1bhcWyKuK8DXzoWH8eJXZ7eKttxftuF8easDc8dKmI+i2cRyt6Uc0JTaogSnIV23VcQ0s/W7O/mDrqTehHBEXCLSF48cKTrfUccEznq5Sm0ZxPQcbiTDsYoIOfg0ZDLyMI2x5bCQ62LLU/UDaIu/5Eb3eiNnuYy1Ucu1SK8ZhOpQO0lQQqbK4Dp9zLYmPD2qro33nJ8cwz88fQ8oCQ+sRJ95+Gah3G560hQtLbBH4Ggt47FZ0Z8URzMopqL2W5qFile/aPKq52NcvtEDBfu4k7DLwUiS+5x00yAOPWu1HPY6YixfPd4dMTyR85uJY1Hb9X6xKWhZtZn58VH0ovozATU= ceph-da4eb446-0301-11ef-bc93-c7b262605968
2024-04-25T12:49:30.840 INFO:teuthology.orchestra.run.smithi019.stdout:/usr/bin/ceph: stderr
2024-04-25T12:49:30.065+0000 7f9b87517700 1 Processor -- start
2024-04-25T12:49:30.841 INFO:teuthology.orchestra.run.smithi019.stdout:/usr/bin/ceph: stderr
2024-04-25T12:49:30.066+0000 7f9b87517700 1 -- start start
2024-04-25T12:49:30.841 INFO:teuthology.orchestra.run.smithi019.stdout:/usr/bin/ceph: stderr
2024-04-25T12:49:30.066+0000 7f9b87517700 1 --2- >> [v2:172.21.15.19:3300/0,v1:172.21.15.19:6789/0] conn(0x7f9b8007de50 0x7f9b8007c300 unknown :-1 s=NONE pgs=0 cs=0 l=0 rev1=0 crypto rx=0 tx=0 comp rx=0 tx=0).connect
2024-04-25T12:49:30.841 INFO:teuthology.orchestra.run.smithi019.stdout:/usr/bin/ceph: stderr
2024-04-25T12:49:30.066+0000 7f9b87517700 1 -- --> [v2:172.21.15.19:3300/0,v1:172.21.15.19:6789/0] -- mon_getmap magic: 0 -- 0x7f9b8007c8d0 con 0x7f9b8007de50
2024-04-25T12:49:30.841 INFO:teuthology.orchestra.run.smithi019.stdout:/usr/bin/ceph: stderr
2024-04-25T12:49:30.066+0000 7f9b852b3700 1 --2- >> [v2:172.21.15.19:3300/0,v1:172.21.15.19:6789/0] conn(0x7f9b8007de50 0x7f9b8007c300 unknown :-1 s=BANNER_CONNECTING pgs=0 cs=0 l=0 rev1=0 crypto rx=0 tx=0 comp rx=0 tx=0)._handle_peer_banner_payload supported=3 required=0
2024-04-25T12:49:30.841 INFO:teuthology.orchestra.run.smithi019.stdout:/usr/bin/ceph: stderr
2024-04-25T12:49:30.066+0000 7f9b852b3700 1 --2- >> [v2:172.21.15.19:3300/0,v1:172.21.15.19:6789/0] conn(0x7f9b8007de50 0x7f9b8007c300 unknown :-1 s=HELLO_CONNECTING pgs=0 cs=0 l=0 rev1=1 crypto rx=0 tx=0 comp rx=0 tx=0).handle_hello peer v2:172.21.15.19:3300/0 says I am v2:172.21.15.19:42732/0 (socket says 172.21.15.19:42732)
2024-04-25T12:49:30.841 INFO:teuthology.orchestra.run.smithi019.stdout:/usr/bin/ceph: stderr
2024-04-25T12:49:30.066+0000 7f9b852b3700 1 -- 172.21.15.19:0/1397401037 learned_addr learned my addr 172.21.15.19:0/1397401037 (peer_addr_for_me v2:172.21.15.19:0/0)
2024-04-25T12:49:30.841 INFO:teuthology.orchestra.run.smithi019.stdout:/usr/bin/ceph: stderr
2024-04-25T12:49:30.066+0000 7f9b852b3700 1 -- 172.21.15.19:0/1397401037 --> [v2:172.21.15.19:3300/0,v1:172.21.15.19:6789/0] -- mon_subscribe({config=0+,monmap=0+}) -- 0x7f9b8007ca50 con 0x7f9b8007de50
2024-04-25T12:49:30.841 INFO:teuthology.orchestra.run.smithi019.stdout:/usr/bin/ceph: stderr
2024-04-25T12:49:30.067+0000 7f9b852b3700 1 --2- 172.21.15.19:0/1397401037 >> [v2:172.21.15.19:3300/0,v1:172.21.15.19:6789/0] conn(0x7f9b8007de50 0x7f9b8007c300 secure :-1 s=READY pgs=43 cs=0 l=1 rev1=1 crypto rx=0x7f9b7c0098a0 tx=0x7f9b7c009bb0 comp rx=0 tx=0).ready entity=mon.0 client_cookie=42f63e3fdd09c823 server_cookie=0 in_seq=0 out_seq=0
2024-04-25T12:49:30.841 INFO:teuthology.orchestra.run.smithi019.stdout:/usr/bin/ceph: stderr
2024-04-25T12:49:30.067+0000 7f9b77fff700 1 -- 172.21.15.19:0/1397401037 <== mon.0 v2:172.21.15.19:3300/0 1 ==== mon_map magic: 0 ==== 205+0+0 (secure 0 0 0) 0x7f9b7c004160 con 0x7f9b8007de50
2024-04-25T12:49:30.841 INFO:teuthology.orchestra.run.smithi019.stdout:/usr/bin/ceph: stderr
2024-04-25T12:49:30.067+0000 7f9b77fff700 1 -- 172.21.15.19:0/1397401037 <== mon.0 v2:172.21.15.19:3300/0 2 ==== config(26 keys) ==== 1070+0+0 (secure 0 0 0) 0x7f9b7c004300 con 0x7f9b8007de50
2024-04-25T12:49:30.841 INFO:teuthology.orchestra.run.smithi019.stdout:/usr/bin/ceph: stderr
2024-04-25T12:49:30.067+0000 7f9b77fff700 1 -- 172.21.15.19:0/1397401037 <== mon.0 v2:172.21.15.19:3300/0 3 ==== mon_map magic: 0 ==== 205+0+0 (secure 0 0 0) 0x7f9b7c011af0 con 0x7f9b8007de50
2024-04-25T12:49:30.841 INFO:teuthology.orchestra.run.smithi019.stdout:/usr/bin/ceph: stderr
2024-04-25T12:49:30.067+0000 7f9b87517700 1 -- 172.21.15.19:0/1397401037 >> [v2:172.21.15.19:3300/0,v1:172.21.15.19:6789/0] conn(0x7f9b8007de50 msgr2=0x7f9b8007c300 secure :-1 s=STATE_CONNECTION_ESTABLISHED l=1).mark_down
2024-04-25T12:49:30.841 INFO:teuthology.orchestra.run.smithi019.stdout:/usr/bin/ceph: stderr
2024-04-25T12:49:30.067+0000 7f9b87517700 1 --2- 172.21.15.19:0/1397401037 >> [v2:172.21.15.19:3300/0,v1:172.21.15.19:6789/0] conn(0x7f9b8007de50 0x7f9b8007c300 secure :-1 s=READY pgs=43 cs=0 l=1 rev1=1 crypto rx=0x7f9b7c0098a0 tx=0x7f9b7c009bb0 comp rx=0 tx=0).stop
2024-04-25T12:49:30.841 INFO:teuthology.orchestra.run.smithi019.stdout:/usr/bin/ceph: stderr
2024-04-25T12:49:30.068+0000 7f9b87517700 1 -- 172.21.15.19:0/1397401037 shutdown_connections
2024-04-25T12:49:30.842 INFO:teuthology.orchestra.run.smithi019.stdout:/usr/bin/ceph: stderr
2024-04-25T12:49:30.068+0000 7f9b87517700 1 --2- 172.21.15.19:0/1397401037 >> [v2:172.21.15.19:3300/0,v1:172.21.15.19:6789/0] conn(0x7f9b8007de50 0x7f9b8007c300 unknown :-1 s=CLOSED pgs=43 cs=0 l=1 rev1=1 crypto rx=0 tx=0 comp rx=0 tx=0).stop
2024-04-25T12:49:30.842 INFO:teuthology.orchestra.run.smithi019.stdout:/usr/bin/ceph: stderr
2024-04-25T12:49:30.068+0000 7f9b87517700 1 -- 172.21.15.19:0/1397401037 >> 172.21.15.19:0/1397401037 conn(0x7f9b80103bc0 msgr2=0x7f9b80105fe0 unknown :-1 s=STATE_NONE l=0).mark_down
2024-04-25T12:49:30.842 INFO:teuthology.orchestra.run.smithi019.stdout:/usr/bin/ceph: stderr
2024-04-25T12:49:30.068+0000 7f9b87517700 1 -- 172.21.15.19:0/1397401037 shutdown_connections
2024-04-25T12:49:30.842 INFO:teuthology.orchestra.run.smithi019.stdout:/usr/bin/ceph: stderr
2024-04-25T12:49:30.068+0000 7f9b87517700 1 -- 172.21.15.19:0/1397401037 wait complete.
2024-04-25T12:49:30.842 INFO:teuthology.orchestra.run.smithi019.stdout:/usr/bin/ceph: stderr
2024-04-25T12:49:30.068+0000 7f9b87517700 1 Processor -- start
2024-04-25T12:49:30.842 INFO:teuthology.orchestra.run.smithi019.stdout:/usr/bin/ceph: stderr
2024-04-25T12:49:30.068+0000 7f9b87517700 1 -- start start
2024-04-25T12:49:30.842 INFO:teuthology.orchestra.run.smithi019.stdout:/usr/bin/ceph: stderr
2024-04-25T12:49:30.068+0000 7f9b87517700 1 --2- >> [v2:172.21.15.19:3300/0,v1:172.21.15.19:6789/0] conn(0x7f9b8007de50 0x7f9b8019e640 unknown :-1 s=NONE pgs=0 cs=0 l=1 rev1=0 crypto rx=0 tx=0 comp rx=0 tx=0).connect
2024-04-25T12:49:30.842 INFO:teuthology.orchestra.run.smithi019.stdout:/usr/bin/ceph: stderr
2024-04-25T12:49:30.068+0000 7f9b87517700 1 -- --> [v2:172.21.15.19:3300/0,v1:172.21.15.19:6789/0] -- mon_getmap magic: 0 -- 0x7f9b8010ead0 con 0x7f9b8007de50
2024-04-25T12:49:30.842 INFO:teuthology.orchestra.run.smithi019.stdout:/usr/bin/ceph: stderr
2024-04-25T12:49:30.069+0000 7f9b852b3700 1 --2- >> [v2:172.21.15.19:3300/0,v1:172.21.15.19:6789/0] conn(0x7f9b8007de50 0x7f9b8019e640 unknown :-1 s=BANNER_CONNECTING pgs=0 cs=0 l=1 rev1=0 crypto rx=0 tx=0 comp rx=0 tx=0)._handle_peer_banner_payload supported=3 required=0
2024-04-25T12:49:30.842 INFO:teuthology.orchestra.run.smithi019.stdout:/usr/bin/ceph: stderr
2024-04-25T12:49:30.069+0000 7f9b852b3700 1 --2- >> [v2:172.21.15.19:3300/0,v1:172.21.15.19:6789/0] conn(0x7f9b8007de50 0x7f9b8019e640 unknown :-1 s=HELLO_CONNECTING pgs=0 cs=0 l=1 rev1=1 crypto rx=0 tx=0 comp rx=0 tx=0).handle_hello peer v2:172.21.15.19:3300/0 says I am v2:172.21.15.19:42748/0 (socket says 172.21.15.19:42748)
2024-04-25T12:49:30.842 INFO:teuthology.orchestra.run.smithi019.stdout:/usr/bin/ceph: stderr
2024-04-25T12:49:30.069+0000 7f9b852b3700 1 -- 172.21.15.19:0/3240169066 learned_addr learned my addr 172.21.15.19:0/3240169066 (peer_addr_for_me v2:172.21.15.19:0/0)
2024-04-25T12:49:30.842 INFO:teuthology.orchestra.run.smithi019.stdout:/usr/bin/ceph: stderr
2024-04-25T12:49:30.069+0000 7f9b852b3700 1 -- 172.21.15.19:0/3240169066 --> [v2:172.21.15.19:3300/0,v1:172.21.15.19:6789/0] -- mon_subscribe({config=0+,monmap=0+}) -- 0x7f9b8019eb80 con 0x7f9b8007de50
2024-04-25T12:49:30.842 INFO:teuthology.orchestra.run.smithi019.stdout:/usr/bin/ceph: stderr
2024-04-25T12:49:30.069+0000 7f9b852b3700 1 --2- 172.21.15.19:0/3240169066 >> [v2:172.21.15.19:3300/0,v1:172.21.15.19:6789/0] conn(0x7f9b8007de50 0x7f9b8019e640 secure :-1 s=READY pgs=44 cs=0 l=1 rev1=1 crypto rx=0x7f9b7c011ac0 tx=0x7f9b7c011ba0 comp rx=0 tx=0).ready entity=mon.0 client_cookie=0 server_cookie=0 in_seq=0 out_seq=0
2024-04-25T12:49:30.843 INFO:teuthology.orchestra.run.smithi019.stdout:/usr/bin/ceph: stderr
2024-04-25T12:49:30.069+0000 7f9b767fc700 1 -- 172.21.15.19:0/3240169066 <== mon.0 v2:172.21.15.19:3300/0 1 ==== mon_map magic: 0 ==== 205+0+0 (secure 0 0 0) 0x7f9b7c003b20 con 0x7f9b8007de50
2024-04-25T12:49:30.843 INFO:teuthology.orchestra.run.smithi019.stdout:/usr/bin/ceph: stderr
2024-04-25T12:49:30.069+0000 7f9b767fc700 1 -- 172.21.15.19:0/3240169066 <== mon.0 v2:172.21.15.19:3300/0 2 ==== config(26 keys) ==== 1070+0+0 (secure 0 0 0) 0x7f9b7c01a8c0 con 0x7f9b8007de50
2024-04-25T12:49:30.843 INFO:teuthology.orchestra.run.smithi019.stdout:/usr/bin/ceph: stderr
2024-04-25T12:49:30.069+0000 7f9b87517700 1 -- 172.21.15.19:0/3240169066 --> [v2:172.21.15.19:3300/0,v1:172.21.15.19:6789/0] -- mon_subscribe({mgrmap=0+}) -- 0x7f9b8019ee10 con 0x7f9b8007de50
2024-04-25T12:49:30.843 INFO:teuthology.orchestra.run.smithi019.stdout:/usr/bin/ceph: stderr
2024-04-25T12:49:30.069+0000 7f9b767fc700 1 -- 172.21.15.19:0/3240169066 <== mon.0 v2:172.21.15.19:3300/0 3 ==== mon_map magic: 0 ==== 205+0+0 (secure 0 0 0) 0x7f9b7c0248d0 con 0x7f9b8007de50
2024-04-25T12:49:30.843 INFO:teuthology.orchestra.run.smithi019.stdout:/usr/bin/ceph: stderr
2024-04-25T12:49:30.069+0000 7f9b87517700 1 -- 172.21.15.19:0/3240169066 --> [v2:172.21.15.19:3300/0,v1:172.21.15.19:6789/0] -- mon_subscribe({osdmap=0}) -- 0x7f9b801a1b00 con 0x7f9b8007de50
2024-04-25T12:49:30.843 INFO:teuthology.orchestra.run.smithi019.stdout:/usr/bin/ceph: stderr
2024-04-25T12:49:30.070+0000 7f9b767fc700 1 -- 172.21.15.19:0/3240169066 <== mon.0 v2:172.21.15.19:3300/0 4 ==== mgrmap(e 8) ==== 46558+0+0 (secure 0 0 0) 0x7f9b7c022020 con 0x7f9b8007de50
2024-04-25T12:49:30.843 INFO:teuthology.orchestra.run.smithi019.stdout:/usr/bin/ceph: stderr
2024-04-25T12:49:30.070+0000 7f9b87517700 1 -- 172.21.15.19:0/3240169066 --> [v2:172.21.15.19:3300/0,v1:172.21.15.19:6789/0] -- mon_command({"prefix": "get_command_descriptions"} v 0) -- 0x7f9b800640a0 con 0x7f9b8007de50
2024-04-25T12:49:30.843 INFO:teuthology.orchestra.run.smithi019.stdout:/usr/bin/ceph: stderr
2024-04-25T12:49:30.070+0000 7f9b767fc700 1 --2- 172.21.15.19:0/3240169066 >> [v2:172.21.15.19:6800/576389703,v1:172.21.15.19:6801/576389703] conn(0x7f9b6c0395b0 0x7f9b6c03ba70 unknown :-1 s=NONE pgs=0 cs=0 l=1 rev1=0 crypto rx=0 tx=0 comp rx=0 tx=0).connect
2024-04-25T12:49:30.843 INFO:teuthology.orchestra.run.smithi019.stdout:/usr/bin/ceph: stderr
2024-04-25T12:49:30.070+0000 7f9b767fc700 1 -- 172.21.15.19:0/3240169066 <== mon.0 v2:172.21.15.19:3300/0 5 ==== osd_map(2..2 src has 1..2) ==== 940+0+0 (secure 0 0 0) 0x7f9b7c04daf0 con 0x7f9b8007de50
2024-04-25T12:49:30.843 INFO:teuthology.orchestra.run.smithi019.stdout:/usr/bin/ceph: stderr
2024-04-25T12:49:30.071+0000 7f9b84ab2700 1 --2- 172.21.15.19:0/3240169066 >> [v2:172.21.15.19:6800/576389703,v1:172.21.15.19:6801/576389703] conn(0x7f9b6c0395b0 0x7f9b6c03ba70 unknown :-1 s=BANNER_CONNECTING pgs=0 cs=0 l=1 rev1=0 crypto rx=0 tx=0 comp rx=0 tx=0)._handle_peer_banner_payload supported=3 required=0
2024-04-25T12:49:30.843 INFO:teuthology.orchestra.run.smithi019.stdout:/usr/bin/ceph: stderr
2024-04-25T12:49:30.071+0000 7f9b84ab2700 1 --2- 172.21.15.19:0/3240169066 >> [v2:172.21.15.19:6800/576389703,v1:172.21.15.19:6801/576389703] conn(0x7f9b6c0395b0 0x7f9b6c03ba70 secure :-1 s=READY pgs=10 cs=0 l=1 rev1=1 crypto rx=0x7f9b70006fd0 tx=0x7f9b70006e40 comp rx=0 tx=0).ready entity=mgr.14120 client_cookie=0 server_cookie=0 in_seq=0 out_seq=0
2024-04-25T12:49:30.843 INFO:teuthology.orchestra.run.smithi019.stdout:/usr/bin/ceph: stderr
2024-04-25T12:49:30.075+0000 7f9b767fc700 1 -- 172.21.15.19:0/3240169066 <== mon.0 v2:172.21.15.19:3300/0 6 ==== mon_command_ack([{"prefix": "get_command_descriptions"}]=0 v0) ==== 72+0+188370 (secure 0 0 0) 0x7f9b7c00b5a0 con 0x7f9b8007de50
2024-04-25T12:49:30.843 INFO:teuthology.orchestra.run.smithi019.stdout:/usr/bin/ceph: stderr
2024-04-25T12:49:30.287+0000 7f9b87517700 1 -- 172.21.15.19:0/3240169066 --> [v2:172.21.15.19:6800/576389703,v1:172.21.15.19:6801/576389703] -- mgr_command(tid 0: {"prefix": "cephadm get-pub-key", "target": ["mon-mgr", ""]}) -- 0x7f9b80104da0 con 0x7f9b6c0395b0
2024-04-25T12:49:30.844 INFO:teuthology.orchestra.run.smithi019.stdout:/usr/bin/ceph: stderr
2024-04-25T12:49:30.287+0000 7f9b767fc700 1 -- 172.21.15.19:0/3240169066 <== mgr.14120 v2:172.21.15.19:6800/576389703 1 ==== mgr_command_reply(tid 0: 0 ) ==== 8+0+595 (secure 0 0 0) 0x7f9b80104da0 con 0x7f9b6c0395b0
2024-04-25T12:49:30.844 INFO:teuthology.orchestra.run.smithi019.stdout:/usr/bin/ceph: stderr
2024-04-25T12:49:30.289+0000 7f9b87517700 1 -- 172.21.15.19:0/3240169066 >> [v2:172.21.15.19:6800/576389703,v1:172.21.15.19:6801/576389703] conn(0x7f9b6c0395b0 msgr2=0x7f9b6c03ba70 secure :-1 s=STATE_CONNECTION_ESTABLISHED l=1).mark_down
2024-04-25T12:49:30.844 INFO:teuthology.orchestra.run.smithi019.stdout:/usr/bin/ceph: stderr
2024-04-25T12:49:30.289+0000 7f9b87517700 1 --2- 172.21.15.19:0/3240169066 >> [v2:172.21.15.19:6800/576389703,v1:172.21.15.19:6801/576389703] conn(0x7f9b6c0395b0 0x7f9b6c03ba70 secure :-1 s=READY pgs=10 cs=0 l=1 rev1=1 crypto rx=0x7f9b70006fd0 tx=0x7f9b70006e40 comp rx=0 tx=0).stop
2024-04-25T12:49:30.844 INFO:teuthology.orchestra.run.smithi019.stdout:/usr/bin/ceph: stderr
2024-04-25T12:49:30.289+0000 7f9b87517700 1 -- 172.21.15.19:0/3240169066 >> [v2:172.21.15.19:3300/0,v1:172.21.15.19:6789/0] conn(0x7f9b8007de50 msgr2=0x7f9b8019e640 secure :-1 s=STATE_CONNECTION_ESTABLISHED l=1).mark_down
2024-04-25T12:49:30.844 INFO:teuthology.orchestra.run.smithi019.stdout:/usr/bin/ceph: stderr
2024-04-25T12:49:30.289+0000 7f9b87517700 1 --2- 172.21.15.19:0/3240169066 >> [v2:172.21.15.19:3300/0,v1:172.21.15.19:6789/0] conn(0x7f9b8007de50 0x7f9b8019e640 secure :-1 s=READY pgs=44 cs=0 l=1 rev1=1 crypto rx=0x7f9b7c011ac0 tx=0x7f9b7c011ba0 comp rx=0 tx=0).stop
2024-04-25T12:49:30.844 INFO:teuthology.orchestra.run.smithi019.stdout:/usr/bin/ceph: stderr
2024-04-25T12:49:30.289+0000 7f9b87517700 1 -- 172.21.15.19:0/3240169066 shutdown_connections
2024-04-25T12:49:30.844 INFO:teuthology.orchestra.run.smithi019.stdout:/usr/bin/ceph: stderr
2024-04-25T12:49:30.289+0000 7f9b87517700 1 --2- 172.21.15.19:0/3240169066 >> [v2:172.21.15.19:6800/576389703,v1:172.21.15.19:6801/576389703] conn(0x7f9b6c0395b0 0x7f9b6c03ba70 unknown :-1 s=CLOSED pgs=10 cs=0 l=1 rev1=1 crypto rx=0 tx=0 comp rx=0 tx=0).stop
2024-04-25T12:49:30.844 INFO:teuthology.orchestra.run.smithi019.stdout:/usr/bin/ceph: stderr
2024-04-25T12:49:30.289+0000 7f9b87517700 1 --2- 172.21.15.19:0/3240169066 >> [v2:172.21.15.19:3300/0,v1:172.21.15.19:6789/0] conn(0x7f9b8007de50 0x7f9b8019e640 unknown :-1 s=CLOSED pgs=44 cs=0 l=1 rev1=1 crypto rx=0 tx=0 comp rx=0 tx=0).stop
2024-04-25T12:49:30.844 INFO:teuthology.orchestra.run.smithi019.stdout:/usr/bin/ceph: stderr
2024-04-25T12:49:30.289+0000 7f9b87517700 1 -- 172.21.15.19:0/3240169066 >> 172.21.15.19:0/3240169066 conn(0x7f9b80103bc0 msgr2=0x7f9b80104690 unknown :-1 s=STATE_NONE l=0).mark_down
2024-04-25T12:49:30.844 INFO:teuthology.orchestra.run.smithi019.stdout:/usr/bin/ceph: stderr
2024-04-25T12:49:30.289+0000 7f9b87517700 1 -- 172.21.15.19:0/3240169066 shutdown_connections
2024-04-25T12:49:30.844 INFO:teuthology.orchestra.run.smithi019.stdout:/usr/bin/ceph: stderr
2024-04-25T12:49:30.289+0000 7f9b87517700 1 -- 172.21.15.19:0/3240169066 wait complete.
2024-04-25T12:49:30.844 INFO:teuthology.orchestra.run.smithi019.stdout:Wrote public SSH key to /home/ubuntu/cephtest/ceph.pub
2024-04-25T12:49:30.844 INFO:teuthology.orchestra.run.smithi019.stdout:Adding key to root@localhost authorized_keys...
2024-04-25T12:49:30.844 INFO:teuthology.orchestra.run.smithi019.stdout:Adding host smithi019...
2024-04-25T12:49:31.492 INFO:journalctl@ceph.mon.a.smithi019.stdout:Apr 25 12:49:31 smithi019 ceph-mon[29200]: from='client.14138 -' entity='client.admin' cmd=[{"prefix": "cephadm get-pub-key", "target": ["mon-mgr", ""]}]: dispatch
2024-04-25T12:49:32.411 INFO:journalctl@ceph.mon.a.smithi019.stdout:Apr 25 12:49:32 smithi019 ceph-mon[29200]: from='client.14140 -' entity='client.admin' cmd=[{"prefix": "orch host add", "hostname": "smithi019", "addr": "172.21.15.19", "target": ["mon-mgr", ""]}]: dispatch
2024-04-25T12:49:32.411 INFO:journalctl@ceph.mon.a.smithi019.stdout:Apr 25 12:49:32 smithi019 ceph-mon[29200]: Deploying cephadm binary to smithi019
2024-04-25T12:49:36.340 INFO:teuthology.orchestra.run.smithi019.stdout:/usr/bin/ceph: stdout Added host 'smithi019' with addr '172.21.15.19'
2024-04-25T12:49:36.340 INFO:teuthology.orchestra.run.smithi019.stdout:/usr/bin/ceph: stderr
2024-04-25T12:49:31.265+0000 7f08716b7700 1 Processor -- start
2024-04-25T12:49:36.340 INFO:teuthology.orchestra.run.smithi019.stdout:/usr/bin/ceph: stderr
2024-04-25T12:49:31.265+0000 7f08716b7700 1 -- start start
2024-04-25T12:49:36.341 INFO:teuthology.orchestra.run.smithi019.stdout:/usr/bin/ceph: stderr
2024-04-25T12:49:31.265+0000 7f08716b7700 1 --2- >> [v2:172.21.15.19:3300/0,v1:172.21.15.19:6789/0] conn(0x7f086c108600 0x7f086c108a20 unknown :-1 s=NONE pgs=0 cs=0 l=0 rev1=0 crypto rx=0 tx=0 comp rx=0 tx=0).connect
2024-04-25T12:49:36.341 INFO:teuthology.orchestra.run.smithi019.stdout:/usr/bin/ceph: stderr
2024-04-25T12:49:31.265+0000 7f08716b7700 1 -- --> [v2:172.21.15.19:3300/0,v1:172.21.15.19:6789/0] -- mon_getmap magic: 0 -- 0x7f086c108ff0 con 0x7f086c108600
2024-04-25T12:49:36.341 INFO:teuthology.orchestra.run.smithi019.stdout:/usr/bin/ceph: stderr
2024-04-25T12:49:31.265+0000 7f086affd700 1 --2- >> [v2:172.21.15.19:3300/0,v1:172.21.15.19:6789/0] conn(0x7f086c108600 0x7f086c108a20 unknown :-1 s=BANNER_CONNECTING pgs=0 cs=0 l=0 rev1=0 crypto rx=0 tx=0 comp rx=0 tx=0)._handle_peer_banner_payload supported=3 required=0
2024-04-25T12:49:36.341 INFO:teuthology.orchestra.run.smithi019.stdout:/usr/bin/ceph: stderr
2024-04-25T12:49:31.265+0000 7f086affd700 1 --2- >> [v2:172.21.15.19:3300/0,v1:172.21.15.19:6789/0] conn(0x7f086c108600 0x7f086c108a20 unknown :-1 s=HELLO_CONNECTING pgs=0 cs=0 l=0 rev1=1 crypto rx=0 tx=0 comp rx=0 tx=0).handle_hello peer v2:172.21.15.19:3300/0 says I am v2:172.21.15.19:42762/0 (socket says 172.21.15.19:42762)
2024-04-25T12:49:36.341 INFO:teuthology.orchestra.run.smithi019.stdout:/usr/bin/ceph: stderr
2024-04-25T12:49:31.265+0000 7f086affd700 1 -- 172.21.15.19:0/2448228714 learned_addr learned my addr 172.21.15.19:0/2448228714 (peer_addr_for_me v2:172.21.15.19:0/0)
2024-04-25T12:49:36.341 INFO:teuthology.orchestra.run.smithi019.stdout:/usr/bin/ceph: stderr
2024-04-25T12:49:31.265+0000 7f086affd700 1 -- 172.21.15.19:0/2448228714 --> [v2:172.21.15.19:3300/0,v1:172.21.15.19:6789/0] -- mon_subscribe({config=0+,monmap=0+}) -- 0x7f086c1097b0 con 0x7f086c108600
2024-04-25T12:49:36.341 INFO:teuthology.orchestra.run.smithi019.stdout:/usr/bin/ceph: stderr
2024-04-25T12:49:31.266+0000 7f086affd700 1 --2- 172.21.15.19:0/2448228714 >> [v2:172.21.15.19:3300/0,v1:172.21.15.19:6789/0] conn(0x7f086c108600 0x7f086c108a20 secure :-1 s=READY pgs=45 cs=0 l=1 rev1=1 crypto rx=0x7f085c0098a0 tx=0x7f085c009bb0 comp rx=0 tx=0).ready entity=mon.0 client_cookie=a946080b445eaf00 server_cookie=0 in_seq=0 out_seq=0
2024-04-25T12:49:36.341 INFO:teuthology.orchestra.run.smithi019.stdout:/usr/bin/ceph: stderr
2024-04-25T12:49:31.266+0000 7f0869ffb700 1 -- 172.21.15.19:0/2448228714 <== mon.0 v2:172.21.15.19:3300/0 1 ==== mon_map magic: 0 ==== 205+0+0 (secure 0 0 0) 0x7f085c004160 con 0x7f086c108600
2024-04-25T12:49:36.341 INFO:teuthology.orchestra.run.smithi019.stdout:/usr/bin/ceph: stderr
2024-04-25T12:49:31.266+0000 7f0869ffb700 1 -- 172.21.15.19:0/2448228714 <== mon.0 v2:172.21.15.19:3300/0 2 ==== config(26 keys) ==== 1070+0+0 (secure 0 0 0) 0x7f085c004300 con 0x7f086c108600
2024-04-25T12:49:36.341 INFO:teuthology.orchestra.run.smithi019.stdout:/usr/bin/ceph: stderr
2024-04-25T12:49:31.266+0000 7f0869ffb700 1 -- 172.21.15.19:0/2448228714 <== mon.0 v2:172.21.15.19:3300/0 3 ==== mon_map magic: 0 ==== 205+0+0 (secure 0 0 0) 0x7f085c011af0 con 0x7f086c108600
2024-04-25T12:49:36.341 INFO:teuthology.orchestra.run.smithi019.stdout:/usr/bin/ceph: stderr
2024-04-25T12:49:31.266+0000 7f08716b7700 1 -- 172.21.15.19:0/2448228714 >> [v2:172.21.15.19:3300/0,v1:172.21.15.19:6789/0] conn(0x7f086c108600 msgr2=0x7f086c108a20 secure :-1 s=STATE_CONNECTION_ESTABLISHED l=1).mark_down
2024-04-25T12:49:36.342 INFO:teuthology.orchestra.run.smithi019.stdout:/usr/bin/ceph: stderr
2024-04-25T12:49:31.266+0000 7f08716b7700 1 --2- 172.21.15.19:0/2448228714 >> [v2:172.21.15.19:3300/0,v1:172.21.15.19:6789/0] conn(0x7f086c108600 0x7f086c108a20 secure :-1 s=READY pgs=45 cs=0 l=1 rev1=1 crypto rx=0x7f085c0098a0 tx=0x7f085c009bb0 comp rx=0 tx=0).stop
2024-04-25T12:49:36.342 INFO:teuthology.orchestra.run.smithi019.stdout:/usr/bin/ceph: stderr
2024-04-25T12:49:31.266+0000 7f08716b7700 1 -- 172.21.15.19:0/2448228714 shutdown_connections
2024-04-25T12:49:36.342 INFO:teuthology.orchestra.run.smithi019.stdout:/usr/bin/ceph: stderr
2024-04-25T12:49:31.266+0000 7f08716b7700 1 --2- 172.21.15.19:0/2448228714 >> [v2:172.21.15.19:3300/0,v1:172.21.15.19:6789/0] conn(0x7f086c108600 0x7f086c108a20 unknown :-1 s=CLOSED pgs=45 cs=0 l=1 rev1=1 crypto rx=0 tx=0 comp rx=0 tx=0).stop
2024-04-25T12:49:36.342 INFO:teuthology.orchestra.run.smithi019.stdout:/usr/bin/ceph: stderr
2024-04-25T12:49:31.266+0000 7f08716b7700 1 -- 172.21.15.19:0/2448228714 >> 172.21.15.19:0/2448228714 conn(0x7f086c103bc0 msgr2=0x7f086c105fe0 unknown :-1 s=STATE_NONE l=0).mark_down
2024-04-25T12:49:36.342 INFO:teuthology.orchestra.run.smithi019.stdout:/usr/bin/ceph: stderr
2024-04-25T12:49:31.267+0000 7f08716b7700 1 -- 172.21.15.19:0/2448228714 shutdown_connections
2024-04-25T12:49:36.342 INFO:teuthology.orchestra.run.smithi019.stdout:/usr/bin/ceph: stderr
2024-04-25T12:49:31.267+0000 7f08716b7700 1 -- 172.21.15.19:0/2448228714 wait complete.
2024-04-25T12:49:36.342 INFO:teuthology.orchestra.run.smithi019.stdout:/usr/bin/ceph: stderr
2024-04-25T12:49:31.267+0000 7f08716b7700 1 Processor -- start
2024-04-25T12:49:36.342 INFO:teuthology.orchestra.run.smithi019.stdout:/usr/bin/ceph: stderr
2024-04-25T12:49:31.267+0000 7f08716b7700 1 -- start start
2024-04-25T12:49:36.342 INFO:teuthology.orchestra.run.smithi019.stdout:/usr/bin/ceph: stderr
2024-04-25T12:49:31.267+0000 7f08716b7700 1 --2- >> [v2:172.21.15.19:3300/0,v1:172.21.15.19:6789/0] conn(0x7f086c108600 0x7f086c19c490 unknown :-1 s=NONE pgs=0 cs=0 l=1 rev1=0 crypto rx=0 tx=0 comp rx=0 tx=0).connect
2024-04-25T12:49:36.342 INFO:teuthology.orchestra.run.smithi019.stdout:/usr/bin/ceph: stderr
2024-04-25T12:49:31.267+0000 7f08716b7700 1 -- --> [v2:172.21.15.19:3300/0,v1:172.21.15.19:6789/0] -- mon_getmap magic: 0 -- 0x7f086c10c9e0 con 0x7f086c108600
2024-04-25T12:49:36.342 INFO:teuthology.orchestra.run.smithi019.stdout:/usr/bin/ceph: stderr
2024-04-25T12:49:31.268+0000 7f086affd700 1 --2- >> [v2:172.21.15.19:3300/0,v1:172.21.15.19:6789/0] conn(0x7f086c108600 0x7f086c19c490 unknown :-1 s=BANNER_CONNECTING pgs=0 cs=0 l=1 rev1=0 crypto rx=0 tx=0 comp rx=0 tx=0)._handle_peer_banner_payload supported=3 required=0
2024-04-25T12:49:36.342 INFO:teuthology.orchestra.run.smithi019.stdout:/usr/bin/ceph: stderr
2024-04-25T12:49:31.268+0000 7f086affd700 1 --2- >> [v2:172.21.15.19:3300/0,v1:172.21.15.19:6789/0] conn(0x7f086c108600 0x7f086c19c490 unknown :-1 s=HELLO_CONNECTING pgs=0 cs=0 l=1 rev1=1 crypto rx=0 tx=0 comp rx=0 tx=0).handle_hello peer v2:172.21.15.19:3300/0 says I am v2:172.21.15.19:42778/0 (socket says 172.21.15.19:42778)
2024-04-25T12:49:36.342 INFO:teuthology.orchestra.run.smithi019.stdout:/usr/bin/ceph: stderr
2024-04-25T12:49:31.268+0000 7f086affd700 1 -- 172.21.15.19:0/1584609311 learned_addr learned my addr 172.21.15.19:0/1584609311 (peer_addr_for_me v2:172.21.15.19:0/0)
2024-04-25T12:49:36.343 INFO:teuthology.orchestra.run.smithi019.stdout:/usr/bin/ceph: stderr
2024-04-25T12:49:31.268+0000 7f086affd700 1 -- 172.21.15.19:0/1584609311 --> [v2:172.21.15.19:3300/0,v1:172.21.15.19:6789/0] -- mon_subscribe({config=0+,monmap=0+}) -- 0x7f086c19c9d0 con 0x7f086c108600
2024-04-25T12:49:36.343 INFO:teuthology.orchestra.run.smithi019.stdout:/usr/bin/ceph: stderr
2024-04-25T12:49:31.268+0000 7f086affd700 1 --2- 172.21.15.19:0/1584609311 >> [v2:172.21.15.19:3300/0,v1:172.21.15.19:6789/0] conn(0x7f086c108600 0x7f086c19c490 secure :-1 s=READY pgs=46 cs=0 l=1 rev1=1 crypto rx=0x7f085c003f40 tx=0x7f085c011890 comp rx=0 tx=0).ready entity=mon.0 client_cookie=0 server_cookie=0 in_seq=0 out_seq=0
2024-04-25T12:49:36.343 INFO:teuthology.orchestra.run.smithi019.stdout:/usr/bin/ceph: stderr
2024-04-25T12:49:31.268+0000 7f0853fff700 1 -- 172.21.15.19:0/1584609311 <== mon.0 v2:172.21.15.19:3300/0 1 ==== mon_map magic: 0 ==== 205+0+0 (secure 0 0 0) 0x7f085c0038b0 con 0x7f086c108600
2024-04-25T12:49:36.343 INFO:teuthology.orchestra.run.smithi019.stdout:/usr/bin/ceph: stderr
2024-04-25T12:49:31.268+0000 7f08716b7700 1 -- 172.21.15.19:0/1584609311 --> [v2:172.21.15.19:3300/0,v1:172.21.15.19:6789/0] -- mon_subscribe({mgrmap=0+}) -- 0x7f086c19cc60 con 0x7f086c108600
2024-04-25T12:49:36.343 INFO:teuthology.orchestra.run.smithi019.stdout:/usr/bin/ceph: stderr
2024-04-25T12:49:31.268+0000 7f0853fff700 1 -- 172.21.15.19:0/1584609311 <== mon.0 v2:172.21.15.19:3300/0 2 ==== config(26 keys) ==== 1070+0+0 (secure 0 0 0) 0x7f085c003a50 con 0x7f086c108600
2024-04-25T12:49:36.343 INFO:teuthology.orchestra.run.smithi019.stdout:/usr/bin/ceph: stderr
2024-04-25T12:49:31.268+0000 7f0853fff700 1 -- 172.21.15.19:0/1584609311 <== mon.0 v2:172.21.15.19:3300/0 3 ==== mon_map magic: 0 ==== 205+0+0 (secure 0 0 0) 0x7f085c01a5c0 con 0x7f086c108600
2024-04-25T12:49:36.343 INFO:teuthology.orchestra.run.smithi019.stdout:/usr/bin/ceph: stderr
2024-04-25T12:49:31.268+0000 7f08716b7700 1 -- 172.21.15.19:0/1584609311 --> [v2:172.21.15.19:3300/0,v1:172.21.15.19:6789/0] -- mon_subscribe({osdmap=0}) -- 0x7f086c19f950 con 0x7f086c108600
2024-04-25T12:49:36.343 INFO:teuthology.orchestra.run.smithi019.stdout:/usr/bin/ceph: stderr
2024-04-25T12:49:31.269+0000 7f0853fff700 1 -- 172.21.15.19:0/1584609311 <== mon.0 v2:172.21.15.19:3300/0 4 ==== mgrmap(e 8) ==== 46558+0+0 (secure 0 0 0) 0x7f085c01a870 con 0x7f086c108600
2024-04-25T12:49:36.343 INFO:teuthology.orchestra.run.smithi019.stdout:/usr/bin/ceph: stderr
2024-04-25T12:49:31.269+0000 7f08716b7700 1 -- 172.21.15.19:0/1584609311 --> [v2:172.21.15.19:3300/0,v1:172.21.15.19:6789/0] -- mon_command({"prefix": "get_command_descriptions"} v 0) -- 0x7f086c10cb60 con 0x7f086c108600
2024-04-25T12:49:36.343 INFO:teuthology.orchestra.run.smithi019.stdout:/usr/bin/ceph: stderr
2024-04-25T12:49:31.269+0000 7f0853fff700 1 --2- 172.21.15.19:0/1584609311 >> [v2:172.21.15.19:6800/576389703,v1:172.21.15.19:6801/576389703] conn(0x7f08540395b0 0x7f085403ba70 unknown :-1 s=NONE pgs=0 cs=0 l=1 rev1=0 crypto rx=0 tx=0 comp rx=0 tx=0).connect
2024-04-25T12:49:36.343 INFO:teuthology.orchestra.run.smithi019.stdout:/usr/bin/ceph: stderr
2024-04-25T12:49:31.269+0000 7f0853fff700 1 -- 172.21.15.19:0/1584609311 <== mon.0 v2:172.21.15.19:3300/0 5 ==== osd_map(2..2 src has 1..2) ==== 940+0+0 (secure 0 0 0) 0x7f085c04dab0 con 0x7f086c108600
2024-04-25T12:49:36.343 INFO:teuthology.orchestra.run.smithi019.stdout:/usr/bin/ceph: stderr
2024-04-25T12:49:31.269+0000 7f086a7fc700 1 --2- 172.21.15.19:0/1584609311 >> [v2:172.21.15.19:6800/576389703,v1:172.21.15.19:6801/576389703] conn(0x7f08540395b0 0x7f085403ba70 unknown :-1 s=BANNER_CONNECTING pgs=0 cs=0 l=1 rev1=0 crypto rx=0 tx=0 comp rx=0 tx=0)._handle_peer_banner_payload supported=3 required=0
2024-04-25T12:49:36.343 INFO:teuthology.orchestra.run.smithi019.stdout:/usr/bin/ceph: stderr
2024-04-25T12:49:31.270+0000 7f086a7fc700 1 --2- 172.21.15.19:0/1584609311 >> [v2:172.21.15.19:6800/576389703,v1:172.21.15.19:6801/576389703] conn(0x7f08540395b0 0x7f085403ba70 secure :-1 s=READY pgs=11 cs=0 l=1 rev1=1 crypto rx=0x7f0860006fd0 tx=0x7f0860006e40 comp rx=0 tx=0).ready entity=mgr.14120 client_cookie=0 server_cookie=0 in_seq=0 out_seq=0
2024-04-25T12:49:36.343 INFO:teuthology.orchestra.run.smithi019.stdout:/usr/bin/ceph: stderr
2024-04-25T12:49:31.274+0000 7f0853fff700 1 -- 172.21.15.19:0/1584609311 <== mon.0 v2:172.21.15.19:3300/0 6 ==== mon_command_ack([{"prefix": "get_command_descriptions"}]=0 v0) ==== 72+0+188370 (secure 0 0 0) 0x7f085c019c70 con 0x7f086c108600
2024-04-25T12:49:36.343 INFO:teuthology.orchestra.run.smithi019.stdout:/usr/bin/ceph: stderr
2024-04-25T12:49:31.493+0000 7f08716b7700 1 -- 172.21.15.19:0/1584609311 --> [v2:172.21.15.19:6800/576389703,v1:172.21.15.19:6801/576389703] -- mgr_command(tid 0: {"prefix": "orch host add", "hostname": "smithi019", "addr": "172.21.15.19", "target": ["mon-mgr", ""]}) -- 0x7f086c104dc0 con 0x7f08540395b0
2024-04-25T12:49:36.344 INFO:teuthology.orchestra.run.smithi019.stdout:/usr/bin/ceph: stderr
2024-04-25T12:49:35.764+0000 7f0853fff700 1 -- 172.21.15.19:0/1584609311 <== mgr.14120 v2:172.21.15.19:6800/576389703 1 ==== mgr_command_reply(tid 0: 0 ) ==== 8+0+48 (secure 0 0 0) 0x7f086c104dc0 con 0x7f08540395b0
2024-04-25T12:49:36.344 INFO:teuthology.orchestra.run.smithi019.stdout:/usr/bin/ceph: stderr
2024-04-25T12:49:35.767+0000 7f08716b7700 1 -- 172.21.15.19:0/1584609311 >> [v2:172.21.15.19:6800/576389703,v1:172.21.15.19:6801/576389703] conn(0x7f08540395b0 msgr2=0x7f085403ba70 secure :-1 s=STATE_CONNECTION_ESTABLISHED l=1).mark_down
2024-04-25T12:49:36.344 INFO:teuthology.orchestra.run.smithi019.stdout:/usr/bin/ceph: stderr
2024-04-25T12:49:35.767+0000 7f08716b7700 1 --2- 172.21.15.19:0/1584609311 >> [v2:172.21.15.19:6800/576389703,v1:172.21.15.19:6801/576389703] conn(0x7f08540395b0 0x7f085403ba70 secure :-1 s=READY pgs=11 cs=0 l=1 rev1=1 crypto rx=0x7f0860006fd0 tx=0x7f0860006e40 comp rx=0 tx=0).stop
2024-04-25T12:49:36.344 INFO:teuthology.orchestra.run.smithi019.stdout:/usr/bin/ceph: stderr
2024-04-25T12:49:35.767+0000 7f08716b7700 1 -- 172.21.15.19:0/1584609311 >> [v2:172.21.15.19:3300/0,v1:172.21.15.19:6789/0] conn(0x7f086c108600 msgr2=0x7f086c19c490 secure :-1 s=STATE_CONNECTION_ESTABLISHED l=1).mark_down
2024-04-25T12:49:36.344 INFO:teuthology.orchestra.run.smithi019.stdout:/usr/bin/ceph: stderr
2024-04-25T12:49:35.767+0000 7f08716b7700 1 --2- 172.21.15.19:0/1584609311 >> [v2:172.21.15.19:3300/0,v1:172.21.15.19:6789/0] conn(0x7f086c108600 0x7f086c19c490 secure :-1 s=READY pgs=46 cs=0 l=1 rev1=1 crypto rx=0x7f085c003f40 tx=0x7f085c011890 comp rx=0 tx=0).stop
2024-04-25T12:49:36.344 INFO:teuthology.orchestra.run.smithi019.stdout:/usr/bin/ceph: stderr
2024-04-25T12:49:35.767+0000 7f08716b7700 1 -- 172.21.15.19:0/1584609311 shutdown_connections
2024-04-25T12:49:36.344 INFO:teuthology.orchestra.run.smithi019.stdout:/usr/bin/ceph: stderr
2024-04-25T12:49:35.767+0000 7f08716b7700 1 --2- 172.21.15.19:0/1584609311 >> [v2:172.21.15.19:6800/576389703,v1:172.21.15.19:6801/576389703] conn(0x7f08540395b0 0x7f085403ba70 unknown :-1 s=CLOSED pgs=11 cs=0 l=1 rev1=1 crypto rx=0 tx=0 comp rx=0 tx=0).stop
2024-04-25T12:49:36.344 INFO:teuthology.orchestra.run.smithi019.stdout:/usr/bin/ceph: stderr
2024-04-25T12:49:35.767+0000 7f08716b7700 1 --2- 172.21.15.19:0/1584609311 >> [v2:172.21.15.19:3300/0,v1:172.21.15.19:6789/0] conn(0x7f086c108600 0x7f086c19c490 unknown :-1 s=CLOSED pgs=46 cs=0 l=1 rev1=1 crypto rx=0 tx=0 comp rx=0 tx=0).stop
2024-04-25T12:49:36.344 INFO:teuthology.orchestra.run.smithi019.stdout:/usr/bin/ceph: stderr
2024-04-25T12:49:35.767+0000 7f08716b7700 1 -- 172.21.15.19:0/1584609311 >> 172.21.15.19:0/1584609311 conn(0x7f086c103bc0 msgr2=0x7f086c1046b0 unknown :-1 s=STATE_NONE l=0).mark_down
2024-04-25T12:49:36.344 INFO:teuthology.orchestra.run.smithi019.stdout:/usr/bin/ceph: stderr
2024-04-25T12:49:35.767+0000 7f08716b7700 1 -- 172.21.15.19:0/1584609311 shutdown_connections
2024-04-25T12:49:36.344 INFO:teuthology.orchestra.run.smithi019.stdout:/usr/bin/ceph: stderr
2024-04-25T12:49:35.767+0000 7f08716b7700 1 -- 172.21.15.19:0/1584609311 wait complete.
2024-04-25T12:49:36.344 INFO:teuthology.orchestra.run.smithi019.stdout:Deploying unmanaged mon service...
2024-04-25T12:49:36.995 INFO:journalctl@ceph.mon.a.smithi019.stdout:Apr 25 12:49:36 smithi019 ceph-mon[29200]: from='mgr.14120 172.21.15.19:0/2309202495' entity='mgr.x'
2024-04-25T12:49:36.995 INFO:journalctl@ceph.mon.a.smithi019.stdout:Apr 25 12:49:36 smithi019 ceph-mon[29200]: Added host smithi019
2024-04-25T12:49:36.995 INFO:journalctl@ceph.mon.a.smithi019.stdout:Apr 25 12:49:36 smithi019 ceph-mon[29200]: from='mgr.14120 172.21.15.19:0/2309202495' entity='mgr.x' cmd=[{"prefix": "config dump", "format": "json"}]: dispatch
2024-04-25T12:49:37.733 INFO:teuthology.orchestra.run.smithi019.stdout:/usr/bin/ceph: stdout Scheduled mon update...
2024-04-25T12:49:37.733 INFO:teuthology.orchestra.run.smithi019.stdout:/usr/bin/ceph: stderr
2024-04-25T12:49:36.765+0000 7f71043fe700 1 Processor -- start
2024-04-25T12:49:37.733 INFO:teuthology.orchestra.run.smithi019.stdout:/usr/bin/ceph: stderr
2024-04-25T12:49:36.765+0000 7f71043fe700 1 -- start start
2024-04-25T12:49:37.733 INFO:teuthology.orchestra.run.smithi019.stdout:/usr/bin/ceph: stderr
