2024-04-25T12:55:03.905+0000 7f447affd700 1 -- 172.21.15.38:0/2860064080 >> [v2:172.21.15.38:6800/2310511598,v1:172.21.15.38:6801/2310511598] conn(0x7f4464039670 msgr2=0x7f446403bb30 unknown :-1 s=STATE_CONNECTING_RE l=1).process reconnect failed to v2:172.21.15.38:6800/2310511598
2024-04-25T12:55:09.727 INFO:teuthology.orchestra.run.smithi038.stdout:/usr/bin/ceph: stderr
2024-04-25T12:55:03.905+0000 7f447affd700 1 --2- 172.21.15.38:0/2860064080 >> [v2:172.21.15.38:6800/2310511598,v1:172.21.15.38:6801/2310511598] conn(0x7f4464039670 0x7f446403bb30 unknown :-1 s=START_CONNECT pgs=0 cs=0 l=1 rev1=0 crypto rx=0 tx=0 comp rx=0 tx=0)._fault waiting 0.800000
2024-04-25T12:55:09.727 INFO:teuthology.orchestra.run.smithi038.stdout:/usr/bin/ceph: stderr
2024-04-25T12:55:04.706+0000 7f447affd700 1 -- 172.21.15.38:0/2860064080 >> [v2:172.21.15.38:6800/2310511598,v1:172.21.15.38:6801/2310511598] conn(0x7f4464039670 msgr2=0x7f446403bb30 unknown :-1 s=STATE_CONNECTING_RE l=1).process reconnect failed to v2:172.21.15.38:6800/2310511598
2024-04-25T12:55:09.727 INFO:teuthology.orchestra.run.smithi038.stdout:/usr/bin/ceph: stderr
2024-04-25T12:55:04.706+0000 7f447affd700 1 --2- 172.21.15.38:0/2860064080 >> [v2:172.21.15.38:6800/2310511598,v1:172.21.15.38:6801/2310511598] conn(0x7f4464039670 0x7f446403bb30 unknown :-1 s=START_CONNECT pgs=0 cs=0 l=1 rev1=0 crypto rx=0 tx=0 comp rx=0 tx=0)._fault waiting 1.600000
2024-04-25T12:55:09.727 INFO:teuthology.orchestra.run.smithi038.stdout:/usr/bin/ceph: stderr
2024-04-25T12:55:06.307+0000 7f447affd700 1 -- 172.21.15.38:0/2860064080 >> [v2:172.21.15.38:6800/2310511598,v1:172.21.15.38:6801/2310511598] conn(0x7f4464039670 msgr2=0x7f446403bb30 unknown :-1 s=STATE_CONNECTING_RE l=1).process reconnect failed to v2:172.21.15.38:6800/2310511598
2024-04-25T12:55:09.727 INFO:teuthology.orchestra.run.smithi038.stdout:/usr/bin/ceph: stderr
2024-04-25T12:55:06.307+0000 7f447affd700 1 --2- 172.21.15.38:0/2860064080 >> [v2:172.21.15.38:6800/2310511598,v1:172.21.15.38:6801/2310511598] conn(0x7f4464039670 0x7f446403bb30 unknown :-1 s=START_CONNECT pgs=0 cs=0 l=1 rev1=0 crypto rx=0 tx=0 comp rx=0 tx=0)._fault waiting 3.200000
2024-04-25T12:55:09.727 INFO:teuthology.orchestra.run.smithi038.stdout:/usr/bin/ceph: stderr
2024-04-25T12:55:08.117+0000 7f4478ff9700 1 -- 172.21.15.38:0/2860064080 <== mon.0 v2:172.21.15.38:3300/0 6 ==== mgrmap(e 6) ==== 46325+0+0 (secure 0 0 0) 0x7f4470019910 con 0x7f447c1074a0
2024-04-25T12:55:09.727 INFO:teuthology.orchestra.run.smithi038.stdout:/usr/bin/ceph: stderr
2024-04-25T12:55:08.117+0000 7f4478ff9700 1 -- 172.21.15.38:0/2860064080 >> [v2:172.21.15.38:6800/2310511598,v1:172.21.15.38:6801/2310511598] conn(0x7f4464039670 msgr2=0x7f446403bb30 unknown :-1 s=STATE_CONNECTING l=1).mark_down
2024-04-25T12:55:09.727 INFO:teuthology.orchestra.run.smithi038.stdout:/usr/bin/ceph: stderr
2024-04-25T12:55:08.117+0000 7f4478ff9700 1 --2- 172.21.15.38:0/2860064080 >> [v2:172.21.15.38:6800/2310511598,v1:172.21.15.38:6801/2310511598] conn(0x7f4464039670 0x7f446403bb30 unknown :-1 s=START_CONNECT pgs=0 cs=0 l=1 rev1=0 crypto rx=0 tx=0 comp rx=0 tx=0).stop
2024-04-25T12:55:09.727 INFO:teuthology.orchestra.run.smithi038.stdout:/usr/bin/ceph: stderr
2024-04-25T12:55:09.117+0000 7f4478ff9700 1 -- 172.21.15.38:0/2860064080 <== mon.0 v2:172.21.15.38:3300/0 7 ==== mgrmap(e 7) ==== 46452+0+0 (secure 0 0 0) 0x7f447004f170 con 0x7f447c1074a0
2024-04-25T12:55:09.727 INFO:teuthology.orchestra.run.smithi038.stdout:/usr/bin/ceph: stderr
2024-04-25T12:55:09.118+0000 7f4478ff9700 1 --2- 172.21.15.38:0/2860064080 >> [v2:172.21.15.38:6800/3157707598,v1:172.21.15.38:6801/3157707598] conn(0x7f446403cf60 0x7f446403f350 unknown :-1 s=NONE pgs=0 cs=0 l=1 rev1=0 crypto rx=0 tx=0 comp rx=0 tx=0).connect
2024-04-25T12:55:09.728 INFO:teuthology.orchestra.run.smithi038.stdout:/usr/bin/ceph: stderr
2024-04-25T12:55:09.118+0000 7f4478ff9700 1 -- 172.21.15.38:0/2860064080 --> [v2:172.21.15.38:6800/3157707598,v1:172.21.15.38:6801/3157707598] -- command(tid 0: {"prefix": "get_command_descriptions"}) -- 0x7f446403c240 con 0x7f446403cf60
2024-04-25T12:55:09.728 INFO:teuthology.orchestra.run.smithi038.stdout:/usr/bin/ceph: stderr
2024-04-25T12:55:09.118+0000 7f447affd700 1 --2- 172.21.15.38:0/2860064080 >> [v2:172.21.15.38:6800/3157707598,v1:172.21.15.38:6801/3157707598] conn(0x7f446403cf60 0x7f446403f350 unknown :-1 s=BANNER_CONNECTING pgs=0 cs=0 l=1 rev1=0 crypto rx=0 tx=0 comp rx=0 tx=0)._handle_peer_banner_payload supported=3 required=0
2024-04-25T12:55:09.728 INFO:teuthology.orchestra.run.smithi038.stdout:/usr/bin/ceph: stderr
2024-04-25T12:55:09.119+0000 7f447affd700 1 --2- 172.21.15.38:0/2860064080 >> [v2:172.21.15.38:6800/3157707598,v1:172.21.15.38:6801/3157707598] conn(0x7f446403cf60 0x7f446403f350 secure :-1 s=READY pgs=1 cs=0 l=1 rev1=1 crypto rx=0x7f446c003a10 tx=0x7f446c009290 comp rx=0 tx=0).ready entity=mgr.14120 client_cookie=0 server_cookie=0 in_seq=0 out_seq=0
2024-04-25T12:55:09.728 INFO:teuthology.orchestra.run.smithi038.stdout:/usr/bin/ceph: stderr
2024-04-25T12:55:09.119+0000 7f4478ff9700 1 -- 172.21.15.38:0/2860064080 <== mgr.14120 v2:172.21.15.38:6800/3157707598 1 ==== command_reply(tid 0: 0 ) ==== 8+0+7774 (secure 0 0 0) 0x7f446403c240 con 0x7f446403cf60
2024-04-25T12:55:09.728 INFO:teuthology.orchestra.run.smithi038.stdout:/usr/bin/ceph: stderr
2024-04-25T12:55:09.130+0000 7f4481dc8700 1 -- 172.21.15.38:0/2860064080 --> [v2:172.21.15.38:6800/3157707598,v1:172.21.15.38:6801/3157707598] -- command(tid 1: {"prefix": "mgr_status"}) -- 0x7f447c19e0c0 con 0x7f446403cf60
2024-04-25T12:55:09.728 INFO:teuthology.orchestra.run.smithi038.stdout:/usr/bin/ceph: stderr
2024-04-25T12:55:09.131+0000 7f4478ff9700 1 -- 172.21.15.38:0/2860064080 <== mgr.14120 v2:172.21.15.38:6800/3157707598 2 ==== command_reply(tid 1: 0 ) ==== 8+0+51 (secure 0 0 0) 0x7f447c19e0c0 con 0x7f446403cf60
2024-04-25T12:55:09.728 INFO:teuthology.orchestra.run.smithi038.stdout:/usr/bin/ceph: stderr
2024-04-25T12:55:09.131+0000 7f4481dc8700 1 -- 172.21.15.38:0/2860064080 >> [v2:172.21.15.38:6800/3157707598,v1:172.21.15.38:6801/3157707598] conn(0x7f446403cf60 msgr2=0x7f446403f350 secure :-1 s=STATE_CONNECTION_ESTABLISHED l=1).mark_down
2024-04-25T12:55:09.728 INFO:teuthology.orchestra.run.smithi038.stdout:/usr/bin/ceph: stderr
2024-04-25T12:55:09.131+0000 7f4481dc8700 1 --2- 172.21.15.38:0/2860064080 >> [v2:172.21.15.38:6800/3157707598,v1:172.21.15.38:6801/3157707598] conn(0x7f446403cf60 0x7f446403f350 secure :-1 s=READY pgs=1 cs=0 l=1 rev1=1 crypto rx=0x7f446c003a10 tx=0x7f446c009290 comp rx=0 tx=0).stop
2024-04-25T12:55:09.728 INFO:teuthology.orchestra.run.smithi038.stdout:/usr/bin/ceph: stderr
2024-04-25T12:55:09.131+0000 7f4481dc8700 1 -- 172.21.15.38:0/2860064080 >> [v2:172.21.15.38:3300/0,v1:172.21.15.38:6789/0] conn(0x7f447c1074a0 msgr2=0x7f447c19d720 secure :-1 s=STATE_CONNECTION_ESTABLISHED l=1).mark_down
2024-04-25T12:55:09.728 INFO:teuthology.orchestra.run.smithi038.stdout:/usr/bin/ceph: stderr
2024-04-25T12:55:09.131+0000 7f4481dc8700 1 --2- 172.21.15.38:0/2860064080 >> [v2:172.21.15.38:3300/0,v1:172.21.15.38:6789/0] conn(0x7f447c1074a0 0x7f447c19d720 secure :-1 s=READY pgs=29 cs=0 l=1 rev1=1 crypto rx=0x7f447000b340 tx=0x7f4470004080 comp rx=0 tx=0).stop
2024-04-25T12:55:09.728 INFO:teuthology.orchestra.run.smithi038.stdout:/usr/bin/ceph: stderr
2024-04-25T12:55:09.131+0000 7f4481dc8700 1 -- 172.21.15.38:0/2860064080 shutdown_connections
2024-04-25T12:55:09.728 INFO:teuthology.orchestra.run.smithi038.stdout:/usr/bin/ceph: stderr
2024-04-25T12:55:09.131+0000 7f4481dc8700 1 --2- 172.21.15.38:0/2860064080 >> [v2:172.21.15.38:3300/0,v1:172.21.15.38:6789/0] conn(0x7f447c1074a0 0x7f447c19d720 unknown :-1 s=CLOSED pgs=29 cs=0 l=1 rev1=1 crypto rx=0 tx=0 comp rx=0 tx=0).stop
2024-04-25T12:55:09.728 INFO:teuthology.orchestra.run.smithi038.stdout:/usr/bin/ceph: stderr
2024-04-25T12:55:09.131+0000 7f4481dc8700 1 --2- 172.21.15.38:0/2860064080 >> [v2:172.21.15.38:6800/3157707598,v1:172.21.15.38:6801/3157707598] conn(0x7f446403cf60 0x7f446403f350 unknown :-1 s=CLOSED pgs=1 cs=0 l=1 rev1=1 crypto rx=0 tx=0 comp rx=0 tx=0).stop
2024-04-25T12:55:09.728 INFO:teuthology.orchestra.run.smithi038.stdout:/usr/bin/ceph: stderr
2024-04-25T12:55:09.131+0000 7f4481dc8700 1 --2- 172.21.15.38:0/2860064080 >> [v2:172.21.15.38:6800/2310511598,v1:172.21.15.38:6801/2310511598] conn(0x7f4464039670 0x7f446403bb30 unknown :-1 s=CLOSED pgs=0 cs=0 l=1 rev1=0 crypto rx=0 tx=0 comp rx=0 tx=0).stop
2024-04-25T12:55:09.729 INFO:teuthology.orchestra.run.smithi038.stdout:/usr/bin/ceph: stderr
2024-04-25T12:55:09.131+0000 7f4481dc8700 1 -- 172.21.15.38:0/2860064080 >> 172.21.15.38:0/2860064080 conn(0x7f447c102a40 msgr2=0x7f447c190880 unknown :-1 s=STATE_NONE l=0).mark_down
2024-04-25T12:55:09.729 INFO:teuthology.orchestra.run.smithi038.stdout:/usr/bin/ceph: stderr
2024-04-25T12:55:09.131+0000 7f4481dc8700 1 -- 172.21.15.38:0/2860064080 shutdown_connections
2024-04-25T12:55:09.729 INFO:teuthology.orchestra.run.smithi038.stdout:/usr/bin/ceph: stderr
2024-04-25T12:55:09.131+0000 7f4481dc8700 1 -- 172.21.15.38:0/2860064080 wait complete.
2024-04-25T12:55:09.729 INFO:teuthology.orchestra.run.smithi038.stdout:mgr epoch 5 is available
2024-04-25T12:55:09.729 INFO:teuthology.orchestra.run.smithi038.stdout:Setting orchestrator backend to cephadm...
2024-04-25T12:55:10.320 INFO:journalctl@ceph.mon.a.smithi038.stdout:Apr 25 12:55:10 smithi038 ceph-mon[29400]: from='client.14124 -' entity='client.admin' cmd=[{"prefix": "get_command_descriptions"}]: dispatch
2024-04-25T12:55:10.320 INFO:journalctl@ceph.mon.a.smithi038.stdout:Apr 25 12:55:10 smithi038 ceph-mon[29400]: from='client.14124 -' entity='client.admin' cmd=[{"prefix": "mgr_status"}]: dispatch
2024-04-25T12:55:10.321 INFO:journalctl@ceph.mon.a.smithi038.stdout:Apr 25 12:55:10 smithi038 ceph-mon[29400]: [25/Apr/2024:12:55:09] ENGINE Bus STARTING
2024-04-25T12:55:10.321 INFO:journalctl@ceph.mon.a.smithi038.stdout:Apr 25 12:55:10 smithi038 ceph-mon[29400]: [25/Apr/2024:12:55:09] ENGINE Serving on https://172.21.15.38:7150
2024-04-25T12:55:10.321 INFO:journalctl@ceph.mon.a.smithi038.stdout:Apr 25 12:55:10 smithi038 ceph-mon[29400]: [25/Apr/2024:12:55:09] ENGINE Serving on http://172.21.15.38:8765
2024-04-25T12:55:10.321 INFO:journalctl@ceph.mon.a.smithi038.stdout:Apr 25 12:55:10 smithi038 ceph-mon[29400]: [25/Apr/2024:12:55:09] ENGINE Bus STARTED
2024-04-25T12:55:10.321 INFO:journalctl@ceph.mon.a.smithi038.stdout:Apr 25 12:55:10 smithi038 ceph-mon[29400]: from='mgr.14120 172.21.15.38:0/1181321845' entity='mgr.x' cmd=[{"prefix": "config dump", "format": "json"}]: dispatch
2024-04-25T12:55:10.997 INFO:teuthology.orchestra.run.smithi038.stdout:/usr/bin/ceph: stderr
2024-04-25T12:55:10.166+0000 7f32edced700 1 Processor -- start
2024-04-25T12:55:10.997 INFO:teuthology.orchestra.run.smithi038.stdout:/usr/bin/ceph: stderr
2024-04-25T12:55:10.166+0000 7f32edced700 1 -- start start
2024-04-25T12:55:10.997 INFO:teuthology.orchestra.run.smithi038.stdout:/usr/bin/ceph: stderr
2024-04-25T12:55:10.166+0000 7f32edced700 1 --2- >> [v2:172.21.15.38:3300/0,v1:172.21.15.38:6789/0] conn(0x7f32e8109030 0x7f32e810b420 unknown :-1 s=NONE pgs=0 cs=0 l=0 rev1=0 crypto rx=0 tx=0 comp rx=0 tx=0).connect
2024-04-25T12:55:10.997 INFO:teuthology.orchestra.run.smithi038.stdout:/usr/bin/ceph: stderr
2024-04-25T12:55:10.166+0000 7f32edced700 1 -- --> [v2:172.21.15.38:3300/0,v1:172.21.15.38:6789/0] -- mon_getmap magic: 0 -- 0x7f32e807bea0 con 0x7f32e8109030
2024-04-25T12:55:10.997 INFO:teuthology.orchestra.run.smithi038.stdout:/usr/bin/ceph: stderr
2024-04-25T12:55:10.166+0000 7f32e77fe700 1 --2- >> [v2:172.21.15.38:3300/0,v1:172.21.15.38:6789/0] conn(0x7f32e8109030 0x7f32e810b420 unknown :-1 s=BANNER_CONNECTING pgs=0 cs=0 l=0 rev1=0 crypto rx=0 tx=0 comp rx=0 tx=0)._handle_peer_banner_payload supported=3 required=0
2024-04-25T12:55:10.997 INFO:teuthology.orchestra.run.smithi038.stdout:/usr/bin/ceph: stderr
2024-04-25T12:55:10.166+0000 7f32e77fe700 1 --2- >> [v2:172.21.15.38:3300/0,v1:172.21.15.38:6789/0] conn(0x7f32e8109030 0x7f32e810b420 unknown :-1 s=HELLO_CONNECTING pgs=0 cs=0 l=0 rev1=1 crypto rx=0 tx=0 comp rx=0 tx=0).handle_hello peer v2:172.21.15.38:3300/0 says I am v2:172.21.15.38:52318/0 (socket says 172.21.15.38:52318)
2024-04-25T12:55:10.997 INFO:teuthology.orchestra.run.smithi038.stdout:/usr/bin/ceph: stderr
2024-04-25T12:55:10.166+0000 7f32e77fe700 1 -- 172.21.15.38:0/592655323 learned_addr learned my addr 172.21.15.38:0/592655323 (peer_addr_for_me v2:172.21.15.38:0/0)
2024-04-25T12:55:10.997 INFO:teuthology.orchestra.run.smithi038.stdout:/usr/bin/ceph: stderr
2024-04-25T12:55:10.166+0000 7f32e77fe700 1 -- 172.21.15.38:0/592655323 --> [v2:172.21.15.38:3300/0,v1:172.21.15.38:6789/0] -- mon_subscribe({config=0+,monmap=0+}) -- 0x7f32e810b960 con 0x7f32e8109030
2024-04-25T12:55:10.997 INFO:teuthology.orchestra.run.smithi038.stdout:/usr/bin/ceph: stderr
2024-04-25T12:55:10.167+0000 7f32e77fe700 1 --2- 172.21.15.38:0/592655323 >> [v2:172.21.15.38:3300/0,v1:172.21.15.38:6789/0] conn(0x7f32e8109030 0x7f32e810b420 secure :-1 s=READY pgs=37 cs=0 l=1 rev1=1 crypto rx=0x7f32d80098a0 tx=0x7f32d8009bb0 comp rx=0 tx=0).ready entity=mon.0 client_cookie=2eee4a2e80d7f061 server_cookie=0 in_seq=0 out_seq=0
2024-04-25T12:55:10.997 INFO:teuthology.orchestra.run.smithi038.stdout:/usr/bin/ceph: stderr
2024-04-25T12:55:10.167+0000 7f32e67fc700 1 -- 172.21.15.38:0/592655323 <== mon.0 v2:172.21.15.38:3300/0 1 ==== mon_map magic: 0 ==== 205+0+0 (secure 0 0 0) 0x7f32d8004160 con 0x7f32e8109030
2024-04-25T12:55:10.997 INFO:teuthology.orchestra.run.smithi038.stdout:/usr/bin/ceph: stderr
2024-04-25T12:55:10.167+0000 7f32e67fc700 1 -- 172.21.15.38:0/592655323 <== mon.0 v2:172.21.15.38:3300/0 2 ==== config(27 keys) ==== 1104+0+0 (secure 0 0 0) 0x7f32d8004300 con 0x7f32e8109030
2024-04-25T12:55:10.998 INFO:teuthology.orchestra.run.smithi038.stdout:/usr/bin/ceph: stderr
2024-04-25T12:55:10.167+0000 7f32e67fc700 1 -- 172.21.15.38:0/592655323 <== mon.0 v2:172.21.15.38:3300/0 3 ==== mon_map magic: 0 ==== 205+0+0 (secure 0 0 0) 0x7f32d8011b20 con 0x7f32e8109030
2024-04-25T12:55:10.998 INFO:teuthology.orchestra.run.smithi038.stdout:/usr/bin/ceph: stderr
2024-04-25T12:55:10.167+0000 7f32edced700 1 -- 172.21.15.38:0/592655323 >> [v2:172.21.15.38:3300/0,v1:172.21.15.38:6789/0] conn(0x7f32e8109030 msgr2=0x7f32e810b420 secure :-1 s=STATE_CONNECTION_ESTABLISHED l=1).mark_down
2024-04-25T12:55:10.998 INFO:teuthology.orchestra.run.smithi038.stdout:/usr/bin/ceph: stderr
2024-04-25T12:55:10.167+0000 7f32edced700 1 --2- 172.21.15.38:0/592655323 >> [v2:172.21.15.38:3300/0,v1:172.21.15.38:6789/0] conn(0x7f32e8109030 0x7f32e810b420 secure :-1 s=READY pgs=37 cs=0 l=1 rev1=1 crypto rx=0x7f32d80098a0 tx=0x7f32d8009bb0 comp rx=0 tx=0).stop
2024-04-25T12:55:10.998 INFO:teuthology.orchestra.run.smithi038.stdout:/usr/bin/ceph: stderr
2024-04-25T12:55:10.167+0000 7f32edced700 1 -- 172.21.15.38:0/592655323 shutdown_connections
2024-04-25T12:55:10.998 INFO:teuthology.orchestra.run.smithi038.stdout:/usr/bin/ceph: stderr
2024-04-25T12:55:10.167+0000 7f32edced700 1 --2- 172.21.15.38:0/592655323 >> [v2:172.21.15.38:3300/0,v1:172.21.15.38:6789/0] conn(0x7f32e8109030 0x7f32e810b420 unknown :-1 s=CLOSED pgs=37 cs=0 l=1 rev1=1 crypto rx=0 tx=0 comp rx=0 tx=0).stop
2024-04-25T12:55:10.998 INFO:teuthology.orchestra.run.smithi038.stdout:/usr/bin/ceph: stderr
2024-04-25T12:55:10.167+0000 7f32edced700 1 -- 172.21.15.38:0/592655323 >> 172.21.15.38:0/592655323 conn(0x7f32e8102a80 msgr2=0x7f32e8104ea0 unknown :-1 s=STATE_NONE l=0).mark_down
2024-04-25T12:55:10.998 INFO:teuthology.orchestra.run.smithi038.stdout:/usr/bin/ceph: stderr
2024-04-25T12:55:10.168+0000 7f32edced700 1 -- 172.21.15.38:0/592655323 shutdown_connections
2024-04-25T12:55:10.998 INFO:teuthology.orchestra.run.smithi038.stdout:/usr/bin/ceph: stderr
2024-04-25T12:55:10.168+0000 7f32edced700 1 -- 172.21.15.38:0/592655323 wait complete.
2024-04-25T12:55:10.998 INFO:teuthology.orchestra.run.smithi038.stdout:/usr/bin/ceph: stderr
2024-04-25T12:55:10.168+0000 7f32edced700 1 Processor -- start
2024-04-25T12:55:10.998 INFO:teuthology.orchestra.run.smithi038.stdout:/usr/bin/ceph: stderr
2024-04-25T12:55:10.168+0000 7f32edced700 1 -- start start
2024-04-25T12:55:10.998 INFO:teuthology.orchestra.run.smithi038.stdout:/usr/bin/ceph: stderr
2024-04-25T12:55:10.168+0000 7f32edced700 1 --2- >> [v2:172.21.15.38:3300/0,v1:172.21.15.38:6789/0] conn(0x7f32e8109030 0x7f32e819c3f0 unknown :-1 s=NONE pgs=0 cs=0 l=1 rev1=0 crypto rx=0 tx=0 comp rx=0 tx=0).connect
2024-04-25T12:55:10.998 INFO:teuthology.orchestra.run.smithi038.stdout:/usr/bin/ceph: stderr
2024-04-25T12:55:10.168+0000 7f32edced700 1 -- --> [v2:172.21.15.38:3300/0,v1:172.21.15.38:6789/0] -- mon_getmap magic: 0 -- 0x7f32e810c990 con 0x7f32e8109030
2024-04-25T12:55:10.998 INFO:teuthology.orchestra.run.smithi038.stdout:/usr/bin/ceph: stderr
2024-04-25T12:55:10.169+0000 7f32e77fe700 1 --2- >> [v2:172.21.15.38:3300/0,v1:172.21.15.38:6789/0] conn(0x7f32e8109030 0x7f32e819c3f0 unknown :-1 s=BANNER_CONNECTING pgs=0 cs=0 l=1 rev1=0 crypto rx=0 tx=0 comp rx=0 tx=0)._handle_peer_banner_payload supported=3 required=0
2024-04-25T12:55:10.999 INFO:teuthology.orchestra.run.smithi038.stdout:/usr/bin/ceph: stderr
2024-04-25T12:55:10.169+0000 7f32e77fe700 1 --2- >> [v2:172.21.15.38:3300/0,v1:172.21.15.38:6789/0] conn(0x7f32e8109030 0x7f32e819c3f0 unknown :-1 s=HELLO_CONNECTING pgs=0 cs=0 l=1 rev1=1 crypto rx=0 tx=0 comp rx=0 tx=0).handle_hello peer v2:172.21.15.38:3300/0 says I am v2:172.21.15.38:52328/0 (socket says 172.21.15.38:52328)
2024-04-25T12:55:10.999 INFO:teuthology.orchestra.run.smithi038.stdout:/usr/bin/ceph: stderr
2024-04-25T12:55:10.169+0000 7f32e77fe700 1 -- 172.21.15.38:0/1139049307 learned_addr learned my addr 172.21.15.38:0/1139049307 (peer_addr_for_me v2:172.21.15.38:0/0)
2024-04-25T12:55:10.999 INFO:teuthology.orchestra.run.smithi038.stdout:/usr/bin/ceph: stderr
2024-04-25T12:55:10.169+0000 7f32e77fe700 1 -- 172.21.15.38:0/1139049307 --> [v2:172.21.15.38:3300/0,v1:172.21.15.38:6789/0] -- mon_subscribe({config=0+,monmap=0+}) -- 0x7f32e819c930 con 0x7f32e8109030
2024-04-25T12:55:10.999 INFO:teuthology.orchestra.run.smithi038.stdout:/usr/bin/ceph: stderr
2024-04-25T12:55:10.169+0000 7f32e77fe700 1 --2- 172.21.15.38:0/1139049307 >> [v2:172.21.15.38:3300/0,v1:172.21.15.38:6789/0] conn(0x7f32e8109030 0x7f32e819c3f0 secure :-1 s=READY pgs=38 cs=0 l=1 rev1=1 crypto rx=0x7f32d80117e0 tx=0x7f32d8011ce0 comp rx=0 tx=0).ready entity=mon.0 client_cookie=0 server_cookie=0 in_seq=0 out_seq=0
2024-04-25T12:55:10.999 INFO:teuthology.orchestra.run.smithi038.stdout:/usr/bin/ceph: stderr
2024-04-25T12:55:10.172+0000 7f32e4ff9700 1 -- 172.21.15.38:0/1139049307 <== mon.0 v2:172.21.15.38:3300/0 1 ==== mon_map magic: 0 ==== 205+0+0 (secure 0 0 0) 0x7f32d8003b30 con 0x7f32e8109030
2024-04-25T12:55:10.999 INFO:teuthology.orchestra.run.smithi038.stdout:/usr/bin/ceph: stderr
2024-04-25T12:55:10.172+0000 7f32e4ff9700 1 -- 172.21.15.38:0/1139049307 <== mon.0 v2:172.21.15.38:3300/0 2 ==== config(27 keys) ==== 1104+0+0 (secure 0 0 0) 0x7f32d8003cd0 con 0x7f32e8109030
2024-04-25T12:55:10.999 INFO:teuthology.orchestra.run.smithi038.stdout:/usr/bin/ceph: stderr
2024-04-25T12:55:10.172+0000 7f32edced700 1 -- 172.21.15.38:0/1139049307 --> [v2:172.21.15.38:3300/0,v1:172.21.15.38:6789/0] -- mon_subscribe({mgrmap=0+}) -- 0x7f32e819cbc0 con 0x7f32e8109030
2024-04-25T12:55:10.999 INFO:teuthology.orchestra.run.smithi038.stdout:/usr/bin/ceph: stderr
2024-04-25T12:55:10.172+0000 7f32e4ff9700 1 -- 172.21.15.38:0/1139049307 <== mon.0 v2:172.21.15.38:3300/0 3 ==== mon_map magic: 0 ==== 205+0+0 (secure 0 0 0) 0x7f32d801a7c0 con 0x7f32e8109030
2024-04-25T12:55:10.999 INFO:teuthology.orchestra.run.smithi038.stdout:/usr/bin/ceph: stderr
2024-04-25T12:55:10.172+0000 7f32edced700 1 -- 172.21.15.38:0/1139049307 --> [v2:172.21.15.38:3300/0,v1:172.21.15.38:6789/0] -- mon_subscribe({osdmap=0}) -- 0x7f32e819d020 con 0x7f32e8109030
2024-04-25T12:55:10.999 INFO:teuthology.orchestra.run.smithi038.stdout:/usr/bin/ceph: stderr
2024-04-25T12:55:10.173+0000 7f32e4ff9700 1 -- 172.21.15.38:0/1139049307 <== mon.0 v2:172.21.15.38:3300/0 4 ==== mgrmap(e 8) ==== 46558+0+0 (secure 0 0 0) 0x7f32d801aa70 con 0x7f32e8109030
2024-04-25T12:55:10.999 INFO:teuthology.orchestra.run.smithi038.stdout:/usr/bin/ceph: stderr
2024-04-25T12:55:10.173+0000 7f32e4ff9700 1 --2- 172.21.15.38:0/1139049307 >> [v2:172.21.15.38:6800/3157707598,v1:172.21.15.38:6801/3157707598] conn(0x7f32d0039670 0x7f32d003bb30 unknown :-1 s=NONE pgs=0 cs=0 l=1 rev1=0 crypto rx=0 tx=0 comp rx=0 tx=0).connect
2024-04-25T12:55:10.999 INFO:teuthology.orchestra.run.smithi038.stdout:/usr/bin/ceph: stderr
2024-04-25T12:55:10.173+0000 7f32e4ff9700 1 -- 172.21.15.38:0/1139049307 <== mon.0 v2:172.21.15.38:3300/0 5 ==== osd_map(2..2 src has 1..2) ==== 940+0+0 (secure 0 0 0) 0x7f32d804ea30 con 0x7f32e8109030
2024-04-25T12:55:10.999 INFO:teuthology.orchestra.run.smithi038.stdout:/usr/bin/ceph: stderr
2024-04-25T12:55:10.173+0000 7f32e6ffd700 1 --2- 172.21.15.38:0/1139049307 >> [v2:172.21.15.38:6800/3157707598,v1:172.21.15.38:6801/3157707598] conn(0x7f32d0039670 0x7f32d003bb30 unknown :-1 s=BANNER_CONNECTING pgs=0 cs=0 l=1 rev1=0 crypto rx=0 tx=0 comp rx=0 tx=0)._handle_peer_banner_payload supported=3 required=0
2024-04-25T12:55:10.999 INFO:teuthology.orchestra.run.smithi038.stdout:/usr/bin/ceph: stderr
2024-04-25T12:55:10.173+0000 7f32edced700 1 -- 172.21.15.38:0/1139049307 --> [v2:172.21.15.38:3300/0,v1:172.21.15.38:6789/0] -- mon_command({"prefix": "get_command_descriptions"} v 0) -- 0x7f32e80640a0 con 0x7f32e8109030
2024-04-25T12:55:11.000 INFO:teuthology.orchestra.run.smithi038.stdout:/usr/bin/ceph: stderr
2024-04-25T12:55:10.173+0000 7f32e6ffd700 1 --2- 172.21.15.38:0/1139049307 >> [v2:172.21.15.38:6800/3157707598,v1:172.21.15.38:6801/3157707598] conn(0x7f32d0039670 0x7f32d003bb30 secure :-1 s=READY pgs=7 cs=0 l=1 rev1=1 crypto rx=0x7f32dc006fd0 tx=0x7f32dc006e40 comp rx=0 tx=0).ready entity=mgr.14120 client_cookie=0 server_cookie=0 in_seq=0 out_seq=0
2024-04-25T12:55:11.000 INFO:teuthology.orchestra.run.smithi038.stdout:/usr/bin/ceph: stderr
2024-04-25T12:55:10.178+0000 7f32e4ff9700 1 -- 172.21.15.38:0/1139049307 <== mon.0 v2:172.21.15.38:3300/0 6 ==== mon_command_ack([{"prefix": "get_command_descriptions"}]=0 v0) ==== 72+0+188370 (secure 0 0 0) 0x7f32d8019c70 con 0x7f32e8109030
2024-04-25T12:55:11.000 INFO:teuthology.orchestra.run.smithi038.stdout:/usr/bin/ceph: stderr
2024-04-25T12:55:10.404+0000 7f32edced700 1 -- 172.21.15.38:0/1139049307 --> [v2:172.21.15.38:6800/3157707598,v1:172.21.15.38:6801/3157707598] -- mgr_command(tid 0: {"prefix": "orch set backend", "module_name": "cephadm", "target": ["mon-mgr", ""]}) -- 0x7f32e8103b30 con 0x7f32d0039670
2024-04-25T12:55:11.000 INFO:teuthology.orchestra.run.smithi038.stdout:/usr/bin/ceph: stderr
2024-04-25T12:55:10.413+0000 7f32e4ff9700 1 -- 172.21.15.38:0/1139049307 <== mgr.14120 v2:172.21.15.38:6800/3157707598 1 ==== mgr_command_reply(tid 0: 0 ) ==== 8+0+0 (secure 0 0 0) 0x7f32e8103b30 con 0x7f32d0039670
2024-04-25T12:55:11.000 INFO:teuthology.orchestra.run.smithi038.stdout:/usr/bin/ceph: stderr
2024-04-25T12:55:10.416+0000 7f32edced700 1 -- 172.21.15.38:0/1139049307 >> [v2:172.21.15.38:6800/3157707598,v1:172.21.15.38:6801/3157707598] conn(0x7f32d0039670 msgr2=0x7f32d003bb30 secure :-1 s=STATE_CONNECTION_ESTABLISHED l=1).mark_down
2024-04-25T12:55:11.000 INFO:teuthology.orchestra.run.smithi038.stdout:/usr/bin/ceph: stderr
2024-04-25T12:55:10.416+0000 7f32edced700 1 --2- 172.21.15.38:0/1139049307 >> [v2:172.21.15.38:6800/3157707598,v1:172.21.15.38:6801/3157707598] conn(0x7f32d0039670 0x7f32d003bb30 secure :-1 s=READY pgs=7 cs=0 l=1 rev1=1 crypto rx=0x7f32dc006fd0 tx=0x7f32dc006e40 comp rx=0 tx=0).stop
2024-04-25T12:55:11.000 INFO:teuthology.orchestra.run.smithi038.stdout:/usr/bin/ceph: stderr
2024-04-25T12:55:10.416+0000 7f32edced700 1 -- 172.21.15.38:0/1139049307 >> [v2:172.21.15.38:3300/0,v1:172.21.15.38:6789/0] conn(0x7f32e8109030 msgr2=0x7f32e819c3f0 secure :-1 s=STATE_CONNECTION_ESTABLISHED l=1).mark_down
2024-04-25T12:55:11.000 INFO:teuthology.orchestra.run.smithi038.stdout:/usr/bin/ceph: stderr
2024-04-25T12:55:10.416+0000 7f32edced700 1 --2- 172.21.15.38:0/1139049307 >> [v2:172.21.15.38:3300/0,v1:172.21.15.38:6789/0] conn(0x7f32e8109030 0x7f32e819c3f0 secure :-1 s=READY pgs=38 cs=0 l=1 rev1=1 crypto rx=0x7f32d80117e0 tx=0x7f32d8011ce0 comp rx=0 tx=0).stop
2024-04-25T12:55:11.000 INFO:teuthology.orchestra.run.smithi038.stdout:/usr/bin/ceph: stderr
2024-04-25T12:55:10.416+0000 7f32edced700 1 -- 172.21.15.38:0/1139049307 shutdown_connections
2024-04-25T12:55:11.000 INFO:teuthology.orchestra.run.smithi038.stdout:/usr/bin/ceph: stderr
2024-04-25T12:55:10.416+0000 7f32edced700 1 --2- 172.21.15.38:0/1139049307 >> [v2:172.21.15.38:6800/3157707598,v1:172.21.15.38:6801/3157707598] conn(0x7f32d0039670 0x7f32d003bb30 unknown :-1 s=CLOSED pgs=7 cs=0 l=1 rev1=1 crypto rx=0 tx=0 comp rx=0 tx=0).stop
2024-04-25T12:55:11.000 INFO:teuthology.orchestra.run.smithi038.stdout:/usr/bin/ceph: stderr
2024-04-25T12:55:10.416+0000 7f32edced700 1 --2- 172.21.15.38:0/1139049307 >> [v2:172.21.15.38:3300/0,v1:172.21.15.38:6789/0] conn(0x7f32e8109030 0x7f32e819c3f0 unknown :-1 s=CLOSED pgs=38 cs=0 l=1 rev1=1 crypto rx=0 tx=0 comp rx=0 tx=0).stop
2024-04-25T12:55:11.000 INFO:teuthology.orchestra.run.smithi038.stdout:/usr/bin/ceph: stderr
2024-04-25T12:55:10.416+0000 7f32edced700 1 -- 172.21.15.38:0/1139049307 >> 172.21.15.38:0/1139049307 conn(0x7f32e8102a80 msgr2=0x7f32e8103420 unknown :-1 s=STATE_NONE l=0).mark_down
2024-04-25T12:55:11.000 INFO:teuthology.orchestra.run.smithi038.stdout:/usr/bin/ceph: stderr
2024-04-25T12:55:10.416+0000 7f32edced700 1 -- 172.21.15.38:0/1139049307 shutdown_connections
2024-04-25T12:55:11.000 INFO:teuthology.orchestra.run.smithi038.stdout:/usr/bin/ceph: stderr
2024-04-25T12:55:10.416+0000 7f32edced700 1 -- 172.21.15.38:0/1139049307 wait complete.
2024-04-25T12:55:11.240 INFO:journalctl@ceph.mon.a.smithi038.stdout:Apr 25 12:55:11 smithi038 ceph-mon[29400]: mgrmap e8: x(active, since 2s)
2024-04-25T12:55:11.240 INFO:journalctl@ceph.mon.a.smithi038.stdout:Apr 25 12:55:11 smithi038 ceph-mon[29400]: from='client.14132 -' entity='client.admin' cmd=[{"prefix": "orch set backend", "module_name": "cephadm", "target": ["mon-mgr", ""]}]: dispatch
2024-04-25T12:55:11.240 INFO:journalctl@ceph.mon.a.smithi038.stdout:Apr 25 12:55:11 smithi038 ceph-mon[29400]: from='mgr.14120 172.21.15.38:0/1181321845' entity='mgr.x'
2024-04-25T12:55:11.240 INFO:journalctl@ceph.mon.a.smithi038.stdout:Apr 25 12:55:11 smithi038 ceph-mon[29400]: from='mgr.14120 172.21.15.38:0/1181321845' entity='mgr.x' cmd=[{"prefix": "config dump", "format": "json"}]: dispatch
2024-04-25T12:55:12.250 INFO:teuthology.orchestra.run.smithi038.stdout:/usr/bin/ceph: stdout value unchanged
2024-04-25T12:55:12.250 INFO:teuthology.orchestra.run.smithi038.stdout:/usr/bin/ceph: stderr
2024-04-25T12:55:11.430+0000 7fd6011ca700 1 Processor -- start
2024-04-25T12:55:12.250 INFO:teuthology.orchestra.run.smithi038.stdout:/usr/bin/ceph: stderr
2024-04-25T12:55:11.430+0000 7fd6011ca700 1 -- start start
2024-04-25T12:55:12.251 INFO:teuthology.orchestra.run.smithi038.stdout:/usr/bin/ceph: stderr
2024-04-25T12:55:11.430+0000 7fd6011ca700 1 --2- >> [v2:172.21.15.38:3300/0,v1:172.21.15.38:6789/0] conn(0x7fd5fc109070 0x7fd5fc10b460 unknown :-1 s=NONE pgs=0 cs=0 l=0 rev1=0 crypto rx=0 tx=0 comp rx=0 tx=0).connect
2024-04-25T12:55:12.251 INFO:teuthology.orchestra.run.smithi038.stdout:/usr/bin/ceph: stderr
2024-04-25T12:55:11.430+0000 7fd6011ca700 1 -- --> [v2:172.21.15.38:3300/0,v1:172.21.15.38:6789/0] -- mon_getmap magic: 0 -- 0x7fd5fc07be60 con 0x7fd5fc109070
2024-04-25T12:55:12.251 INFO:teuthology.orchestra.run.smithi038.stdout:/usr/bin/ceph: stderr
2024-04-25T12:55:11.430+0000 7fd5fad9d700 1 --2- >> [v2:172.21.15.38:3300/0,v1:172.21.15.38:6789/0] conn(0x7fd5fc109070 0x7fd5fc10b460 unknown :-1 s=BANNER_CONNECTING pgs=0 cs=0 l=0 rev1=0 crypto rx=0 tx=0 comp rx=0 tx=0)._handle_peer_banner_payload supported=3 required=0
2024-04-25T12:55:12.251 INFO:teuthology.orchestra.run.smithi038.stdout:/usr/bin/ceph: stderr
2024-04-25T12:55:11.430+0000 7fd5fad9d700 1 --2- >> [v2:172.21.15.38:3300/0,v1:172.21.15.38:6789/0] conn(0x7fd5fc109070 0x7fd5fc10b460 unknown :-1 s=HELLO_CONNECTING pgs=0 cs=0 l=0 rev1=1 crypto rx=0 tx=0 comp rx=0 tx=0).handle_hello peer v2:172.21.15.38:3300/0 says I am v2:172.21.15.38:52340/0 (socket says 172.21.15.38:52340)
2024-04-25T12:55:12.251 INFO:teuthology.orchestra.run.smithi038.stdout:/usr/bin/ceph: stderr
2024-04-25T12:55:11.430+0000 7fd5fad9d700 1 -- 172.21.15.38:0/697490692 learned_addr learned my addr 172.21.15.38:0/697490692 (peer_addr_for_me v2:172.21.15.38:0/0)
2024-04-25T12:55:12.251 INFO:teuthology.orchestra.run.smithi038.stdout:/usr/bin/ceph: stderr
2024-04-25T12:55:11.430+0000 7fd5fad9d700 1 -- 172.21.15.38:0/697490692 --> [v2:172.21.15.38:3300/0,v1:172.21.15.38:6789/0] -- mon_subscribe({config=0+,monmap=0+}) -- 0x7fd5fc10b9a0 con 0x7fd5fc109070
2024-04-25T12:55:12.251 INFO:teuthology.orchestra.run.smithi038.stdout:/usr/bin/ceph: stderr
2024-04-25T12:55:11.430+0000 7fd5fad9d700 1 --2- 172.21.15.38:0/697490692 >> [v2:172.21.15.38:3300/0,v1:172.21.15.38:6789/0] conn(0x7fd5fc109070 0x7fd5fc10b460 secure :-1 s=READY pgs=39 cs=0 l=1 rev1=1 crypto rx=0x7fd5ec0098a0 tx=0x7fd5ec009bb0 comp rx=0 tx=0).ready entity=mon.0 client_cookie=6adb8282373df56e server_cookie=0 in_seq=0 out_seq=0
2024-04-25T12:55:12.251 INFO:teuthology.orchestra.run.smithi038.stdout:/usr/bin/ceph: stderr
2024-04-25T12:55:11.431+0000 7fd5f9d9b700 1 -- 172.21.15.38:0/697490692 <== mon.0 v2:172.21.15.38:3300/0 1 ==== mon_map magic: 0 ==== 205+0+0 (secure 0 0 0) 0x7fd5ec004160 con 0x7fd5fc109070
2024-04-25T12:55:12.251 INFO:teuthology.orchestra.run.smithi038.stdout:/usr/bin/ceph: stderr
2024-04-25T12:55:11.431+0000 7fd5f9d9b700 1 -- 172.21.15.38:0/697490692 <== mon.0 v2:172.21.15.38:3300/0 2 ==== config(27 keys) ==== 1104+0+0 (secure 0 0 0) 0x7fd5ec004300 con 0x7fd5fc109070
2024-04-25T12:55:12.251 INFO:teuthology.orchestra.run.smithi038.stdout:/usr/bin/ceph: stderr
2024-04-25T12:55:11.431+0000 7fd5f9d9b700 1 -- 172.21.15.38:0/697490692 <== mon.0 v2:172.21.15.38:3300/0 3 ==== mon_map magic: 0 ==== 205+0+0 (secure 0 0 0) 0x7fd5ec011b20 con 0x7fd5fc109070
2024-04-25T12:55:12.251 INFO:teuthology.orchestra.run.smithi038.stdout:/usr/bin/ceph: stderr
2024-04-25T12:55:11.431+0000 7fd6011ca700 1 -- 172.21.15.38:0/697490692 >> [v2:172.21.15.38:3300/0,v1:172.21.15.38:6789/0] conn(0x7fd5fc109070 msgr2=0x7fd5fc10b460 secure :-1 s=STATE_CONNECTION_ESTABLISHED l=1).mark_down
2024-04-25T12:55:12.251 INFO:teuthology.orchestra.run.smithi038.stdout:/usr/bin/ceph: stderr
2024-04-25T12:55:11.431+0000 7fd6011ca700 1 --2- 172.21.15.38:0/697490692 >> [v2:172.21.15.38:3300/0,v1:172.21.15.38:6789/0] conn(0x7fd5fc109070 0x7fd5fc10b460 secure :-1 s=READY pgs=39 cs=0 l=1 rev1=1 crypto rx=0x7fd5ec0098a0 tx=0x7fd5ec009bb0 comp rx=0 tx=0).stop
2024-04-25T12:55:12.251 INFO:teuthology.orchestra.run.smithi038.stdout:/usr/bin/ceph: stderr
2024-04-25T12:55:11.431+0000 7fd6011ca700 1 -- 172.21.15.38:0/697490692 shutdown_connections
2024-04-25T12:55:12.252 INFO:teuthology.orchestra.run.smithi038.stdout:/usr/bin/ceph: stderr
2024-04-25T12:55:11.431+0000 7fd6011ca700 1 --2- 172.21.15.38:0/697490692 >> [v2:172.21.15.38:3300/0,v1:172.21.15.38:6789/0] conn(0x7fd5fc109070 0x7fd5fc10b460 unknown :-1 s=CLOSED pgs=39 cs=0 l=1 rev1=1 crypto rx=0 tx=0 comp rx=0 tx=0).stop
2024-04-25T12:55:12.252 INFO:teuthology.orchestra.run.smithi038.stdout:/usr/bin/ceph: stderr
2024-04-25T12:55:11.431+0000 7fd6011ca700 1 -- 172.21.15.38:0/697490692 >> 172.21.15.38:0/697490692 conn(0x7fd5fc102a80 msgr2=0x7fd5fc104ea0 unknown :-1 s=STATE_NONE l=0).mark_down
2024-04-25T12:55:12.252 INFO:teuthology.orchestra.run.smithi038.stdout:/usr/bin/ceph: stderr
2024-04-25T12:55:11.431+0000 7fd6011ca700 1 -- 172.21.15.38:0/697490692 shutdown_connections
2024-04-25T12:55:12.252 INFO:teuthology.orchestra.run.smithi038.stdout:/usr/bin/ceph: stderr
2024-04-25T12:55:11.431+0000 7fd6011ca700 1 -- 172.21.15.38:0/697490692 wait complete.
2024-04-25T12:55:12.252 INFO:teuthology.orchestra.run.smithi038.stdout:/usr/bin/ceph: stderr
2024-04-25T12:55:11.432+0000 7fd6011ca700 1 Processor -- start
2024-04-25T12:55:12.252 INFO:teuthology.orchestra.run.smithi038.stdout:/usr/bin/ceph: stderr
2024-04-25T12:55:11.432+0000 7fd6011ca700 1 -- start start
2024-04-25T12:55:12.252 INFO:teuthology.orchestra.run.smithi038.stdout:/usr/bin/ceph: stderr
2024-04-25T12:55:11.432+0000 7fd6011ca700 1 --2- >> [v2:172.21.15.38:3300/0,v1:172.21.15.38:6789/0] conn(0x7fd5fc109070 0x7fd5fc19c400 unknown :-1 s=NONE pgs=0 cs=0 l=1 rev1=0 crypto rx=0 tx=0 comp rx=0 tx=0).connect
2024-04-25T12:55:12.252 INFO:teuthology.orchestra.run.smithi038.stdout:/usr/bin/ceph: stderr
2024-04-25T12:55:11.432+0000 7fd6011ca700 1 -- --> [v2:172.21.15.38:3300/0,v1:172.21.15.38:6789/0] -- mon_getmap magic: 0 -- 0x7fd5fc10c9c0 con 0x7fd5fc109070
2024-04-25T12:55:12.252 INFO:teuthology.orchestra.run.smithi038.stdout:/usr/bin/ceph: stderr
2024-04-25T12:55:11.433+0000 7fd5fad9d700 1 --2- >> [v2:172.21.15.38:3300/0,v1:172.21.15.38:6789/0] conn(0x7fd5fc109070 0x7fd5fc19c400 unknown :-1 s=BANNER_CONNECTING pgs=0 cs=0 l=1 rev1=0 crypto rx=0 tx=0 comp rx=0 tx=0)._handle_peer_banner_payload supported=3 required=0
2024-04-25T12:55:12.252 INFO:teuthology.orchestra.run.smithi038.stdout:/usr/bin/ceph: stderr
2024-04-25T12:55:11.433+0000 7fd5fad9d700 1 --2- >> [v2:172.21.15.38:3300/0,v1:172.21.15.38:6789/0] conn(0x7fd5fc109070 0x7fd5fc19c400 unknown :-1 s=HELLO_CONNECTING pgs=0 cs=0 l=1 rev1=1 crypto rx=0 tx=0 comp rx=0 tx=0).handle_hello peer v2:172.21.15.38:3300/0 says I am v2:172.21.15.38:52350/0 (socket says 172.21.15.38:52350)
2024-04-25T12:55:12.252 INFO:teuthology.orchestra.run.smithi038.stdout:/usr/bin/ceph: stderr
2024-04-25T12:55:11.433+0000 7fd5fad9d700 1 -- 172.21.15.38:0/68736065 learned_addr learned my addr 172.21.15.38:0/68736065 (peer_addr_for_me v2:172.21.15.38:0/0)
2024-04-25T12:55:12.252 INFO:teuthology.orchestra.run.smithi038.stdout:/usr/bin/ceph: stderr
2024-04-25T12:55:11.433+0000 7fd5fad9d700 1 -- 172.21.15.38:0/68736065 --> [v2:172.21.15.38:3300/0,v1:172.21.15.38:6789/0] -- mon_subscribe({config=0+,monmap=0+}) -- 0x7fd5fc19c940 con 0x7fd5fc109070
2024-04-25T12:55:12.252 INFO:teuthology.orchestra.run.smithi038.stdout:/usr/bin/ceph: stderr
2024-04-25T12:55:11.433+0000 7fd5fad9d700 1 --2- 172.21.15.38:0/68736065 >> [v2:172.21.15.38:3300/0,v1:172.21.15.38:6789/0] conn(0x7fd5fc109070 0x7fd5fc19c400 secure :-1 s=READY pgs=40 cs=0 l=1 rev1=1 crypto rx=0x7fd5ec0117e0 tx=0x7fd5ec011ce0 comp rx=0 tx=0).ready entity=mon.0 client_cookie=0 server_cookie=0 in_seq=0 out_seq=0
2024-04-25T12:55:12.252 INFO:teuthology.orchestra.run.smithi038.stdout:/usr/bin/ceph: stderr
2024-04-25T12:55:11.433+0000 7fd5e3fff700 1 -- 172.21.15.38:0/68736065 <== mon.0 v2:172.21.15.38:3300/0 1 ==== mon_map magic: 0 ==== 205+0+0 (secure 0 0 0) 0x7fd5ec003b30 con 0x7fd5fc109070
2024-04-25T12:55:12.253 INFO:teuthology.orchestra.run.smithi038.stdout:/usr/bin/ceph: stderr
2024-04-25T12:55:11.433+0000 7fd5e3fff700 1 -- 172.21.15.38:0/68736065 <== mon.0 v2:172.21.15.38:3300/0 2 ==== config(27 keys) ==== 1104+0+0 (secure 0 0 0) 0x7fd5ec003cd0 con 0x7fd5fc109070
2024-04-25T12:55:12.253 INFO:teuthology.orchestra.run.smithi038.stdout:/usr/bin/ceph: stderr
2024-04-25T12:55:11.433+0000 7fd6011ca700 1 -- 172.21.15.38:0/68736065 --> [v2:172.21.15.38:3300/0,v1:172.21.15.38:6789/0] -- mon_subscribe({mgrmap=0+}) -- 0x7fd5fc19cbd0 con 0x7fd5fc109070
2024-04-25T12:55:12.253 INFO:teuthology.orchestra.run.smithi038.stdout:/usr/bin/ceph: stderr
2024-04-25T12:55:11.433+0000 7fd5e3fff700 1 -- 172.21.15.38:0/68736065 <== mon.0 v2:172.21.15.38:3300/0 3 ==== mon_map magic: 0 ==== 205+0+0 (secure 0 0 0) 0x7fd5ec01a7c0 con 0x7fd5fc109070
2024-04-25T12:55:12.253 INFO:teuthology.orchestra.run.smithi038.stdout:/usr/bin/ceph: stderr
2024-04-25T12:55:11.433+0000 7fd6011ca700 1 -- 172.21.15.38:0/68736065 --> [v2:172.21.15.38:3300/0,v1:172.21.15.38:6789/0] -- mon_subscribe({osdmap=0}) -- 0x7fd5fc19d030 con 0x7fd5fc109070
2024-04-25T12:55:12.253 INFO:teuthology.orchestra.run.smithi038.stdout:/usr/bin/ceph: stderr
2024-04-25T12:55:11.434+0000 7fd5e3fff700 1 -- 172.21.15.38:0/68736065 <== mon.0 v2:172.21.15.38:3300/0 4 ==== mgrmap(e 8) ==== 46558+0+0 (secure 0 0 0) 0x7fd5ec01a960 con 0x7fd5fc109070
2024-04-25T12:55:12.253 INFO:teuthology.orchestra.run.smithi038.stdout:/usr/bin/ceph: stderr
2024-04-25T12:55:11.434+0000 7fd6011ca700 1 -- 172.21.15.38:0/68736065 --> [v2:172.21.15.38:3300/0,v1:172.21.15.38:6789/0] -- mon_command({"prefix": "get_command_descriptions"} v 0) -- 0x7fd5fc0640a0 con 0x7fd5fc109070
2024-04-25T12:55:12.253 INFO:teuthology.orchestra.run.smithi038.stdout:/usr/bin/ceph: stderr
2024-04-25T12:55:11.434+0000 7fd5e3fff700 1 --2- 172.21.15.38:0/68736065 >> [v2:172.21.15.38:6800/3157707598,v1:172.21.15.38:6801/3157707598] conn(0x7fd5e40396c0 0x7fd5e403bb80 unknown :-1 s=NONE pgs=0 cs=0 l=1 rev1=0 crypto rx=0 tx=0 comp rx=0 tx=0).connect
2024-04-25T12:55:12.253 INFO:teuthology.orchestra.run.smithi038.stdout:/usr/bin/ceph: stderr
2024-04-25T12:55:11.434+0000 7fd5e3fff700 1 -- 172.21.15.38:0/68736065 <== mon.0 v2:172.21.15.38:3300/0 5 ==== osd_map(2..2 src has 1..2) ==== 940+0+0 (secure 0 0 0) 0x7fd5ec04d9f0 con 0x7fd5fc109070
2024-04-25T12:55:12.253 INFO:teuthology.orchestra.run.smithi038.stdout:/usr/bin/ceph: stderr
2024-04-25T12:55:11.435+0000 7fd5fa59c700 1 --2- 172.21.15.38:0/68736065 >> [v2:172.21.15.38:6800/3157707598,v1:172.21.15.38:6801/3157707598] conn(0x7fd5e40396c0 0x7fd5e403bb80 unknown :-1 s=BANNER_CONNECTING pgs=0 cs=0 l=1 rev1=0 crypto rx=0 tx=0 comp rx=0 tx=0)._handle_peer_banner_payload supported=3 required=0
2024-04-25T12:55:12.253 INFO:teuthology.orchestra.run.smithi038.stdout:/usr/bin/ceph: stderr
2024-04-25T12:55:11.435+0000 7fd5fa59c700 1 --2- 172.21.15.38:0/68736065 >> [v2:172.21.15.38:6800/3157707598,v1:172.21.15.38:6801/3157707598] conn(0x7fd5e40396c0 0x7fd5e403bb80 secure :-1 s=READY pgs=8 cs=0 l=1 rev1=1 crypto rx=0x7fd5f0006fd0 tx=0x7fd5f0006e40 comp rx=0 tx=0).ready entity=mgr.14120 client_cookie=0 server_cookie=0 in_seq=0 out_seq=0
2024-04-25T12:55:12.253 INFO:teuthology.orchestra.run.smithi038.stdout:/usr/bin/ceph: stderr
2024-04-25T12:55:11.440+0000 7fd5e3fff700 1 -- 172.21.15.38:0/68736065 <== mon.0 v2:172.21.15.38:3300/0 6 ==== mon_command_ack([{"prefix": "get_command_descriptions"}]=0 v0) ==== 72+0+188370 (secure 0 0 0) 0x7fd5ec020240 con 0x7fd5fc109070
2024-04-25T12:55:12.253 INFO:teuthology.orchestra.run.smithi038.stdout:/usr/bin/ceph: stderr
2024-04-25T12:55:11.648+0000 7fd6011ca700 1 -- 172.21.15.38:0/68736065 --> [v2:172.21.15.38:6800/3157707598,v1:172.21.15.38:6801/3157707598] -- mgr_command(tid 0: {"prefix": "cephadm set-user", "user": "root", "target": ["mon-mgr", ""]}) -- 0x7fd5fc103af0 con 0x7fd5e40396c0
2024-04-25T12:55:12.253 INFO:teuthology.orchestra.run.smithi038.stdout:/usr/bin/ceph: stderr
2024-04-25T12:55:11.648+0000 7fd5e3fff700 1 -- 172.21.15.38:0/68736065 <== mgr.14120 v2:172.21.15.38:6800/3157707598 1 ==== mgr_command_reply(tid 0: 0 ) ==== 8+0+16 (secure 0 0 0) 0x7fd5fc103af0 con 0x7fd5e40396c0
2024-04-25T12:55:12.254 INFO:teuthology.orchestra.run.smithi038.stdout:/usr/bin/ceph: stderr
2024-04-25T12:55:11.651+0000 7fd6011ca700 1 -- 172.21.15.38:0/68736065 >> [v2:172.21.15.38:6800/3157707598,v1:172.21.15.38:6801/3157707598] conn(0x7fd5e40396c0 msgr2=0x7fd5e403bb80 secure :-1 s=STATE_CONNECTION_ESTABLISHED l=1).mark_down
2024-04-25T12:55:12.254 INFO:teuthology.orchestra.run.smithi038.stdout:/usr/bin/ceph: stderr
2024-04-25T12:55:11.651+0000 7fd6011ca700 1 --2- 172.21.15.38:0/68736065 >> [v2:172.21.15.38:6800/3157707598,v1:172.21.15.38:6801/3157707598] conn(0x7fd5e40396c0 0x7fd5e403bb80 secure :-1 s=READY pgs=8 cs=0 l=1 rev1=1 crypto rx=0x7fd5f0006fd0 tx=0x7fd5f0006e40 comp rx=0 tx=0).stop
2024-04-25T12:55:12.254 INFO:teuthology.orchestra.run.smithi038.stdout:/usr/bin/ceph: stderr
2024-04-25T12:55:11.651+0000 7fd6011ca700 1 -- 172.21.15.38:0/68736065 >> [v2:172.21.15.38:3300/0,v1:172.21.15.38:6789/0] conn(0x7fd5fc109070 msgr2=0x7fd5fc19c400 secure :-1 s=STATE_CONNECTION_ESTABLISHED l=1).mark_down
2024-04-25T12:55:12.254 INFO:teuthology.orchestra.run.smithi038.stdout:/usr/bin/ceph: stderr
2024-04-25T12:55:11.651+0000 7fd6011ca700 1 --2- 172.21.15.38:0/68736065 >> [v2:172.21.15.38:3300/0,v1:172.21.15.38:6789/0] conn(0x7fd5fc109070 0x7fd5fc19c400 secure :-1 s=READY pgs=40 cs=0 l=1 rev1=1 crypto rx=0x7fd5ec0117e0 tx=0x7fd5ec011ce0 comp rx=0 tx=0).stop
2024-04-25T12:55:12.254 INFO:teuthology.orchestra.run.smithi038.stdout:/usr/bin/ceph: stderr
2024-04-25T12:55:11.652+0000 7fd6011ca700 1 -- 172.21.15.38:0/68736065 shutdown_connections
2024-04-25T12:55:12.254 INFO:teuthology.orchestra.run.smithi038.stdout:/usr/bin/ceph: stderr
2024-04-25T12:55:11.652+0000 7fd6011ca700 1 --2- 172.21.15.38:0/68736065 >> [v2:172.21.15.38:6800/3157707598,v1:172.21.15.38:6801/3157707598] conn(0x7fd5e40396c0 0x7fd5e403bb80 unknown :-1 s=CLOSED pgs=8 cs=0 l=1 rev1=1 crypto rx=0 tx=0 comp rx=0 tx=0).stop
2024-04-25T12:55:12.254 INFO:teuthology.orchestra.run.smithi038.stdout:/usr/bin/ceph: stderr
2024-04-25T12:55:11.652+0000 7fd6011ca700 1 --2- 172.21.15.38:0/68736065 >> [v2:172.21.15.38:3300/0,v1:172.21.15.38:6789/0] conn(0x7fd5fc109070 0x7fd5fc19c400 unknown :-1 s=CLOSED pgs=40 cs=0 l=1 rev1=1 crypto rx=0 tx=0 comp rx=0 tx=0).stop
2024-04-25T12:55:12.254 INFO:teuthology.orchestra.run.smithi038.stdout:/usr/bin/ceph: stderr
2024-04-25T12:55:11.652+0000 7fd6011ca700 1 -- 172.21.15.38:0/68736065 >> 172.21.15.38:0/68736065 conn(0x7fd5fc102a80 msgr2=0x7fd5fc1033e0 unknown :-1 s=STATE_NONE l=0).mark_down
2024-04-25T12:55:12.254 INFO:teuthology.orchestra.run.smithi038.stdout:/usr/bin/ceph: stderr
2024-04-25T12:55:11.652+0000 7fd6011ca700 1 -- 172.21.15.38:0/68736065 shutdown_connections
2024-04-25T12:55:12.254 INFO:teuthology.orchestra.run.smithi038.stdout:/usr/bin/ceph: stderr
2024-04-25T12:55:11.652+0000 7fd6011ca700 1 -- 172.21.15.38:0/68736065 wait complete.
2024-04-25T12:55:12.254 INFO:teuthology.orchestra.run.smithi038.stdout:Generating ssh key...
2024-04-25T12:55:12.479 INFO:journalctl@ceph.mon.a.smithi038.stdout:Apr 25 12:55:12 smithi038 ceph-mon[29400]: from='client.14134 -' entity='client.admin' cmd=[{"prefix": "cephadm set-user", "user": "root", "target": ["mon-mgr", ""]}]: dispatch
2024-04-25T12:55:13.265 INFO:journalctl@ceph.mgr.x.smithi038.stdout:Apr 25 12:55:12 smithi038 ceph-d3627c2a-0302-11ef-bc93-c7b262605968-mgr-x[29632]: Generating public/private rsa key pair.
2024-04-25T12:55:13.265 INFO:journalctl@ceph.mgr.x.smithi038.stdout:Apr 25 12:55:12 smithi038 ceph-d3627c2a-0302-11ef-bc93-c7b262605968-mgr-x[29632]: Your identification has been saved in /tmp/tmpex0qj352/key.
2024-04-25T12:55:13.265 INFO:journalctl@ceph.mgr.x.smithi038.stdout:Apr 25 12:55:12 smithi038 ceph-d3627c2a-0302-11ef-bc93-c7b262605968-mgr-x[29632]: Your public key has been saved in /tmp/tmpex0qj352/key.pub.
2024-04-25T12:55:13.265 INFO:journalctl@ceph.mgr.x.smithi038.stdout:Apr 25 12:55:12 smithi038 ceph-d3627c2a-0302-11ef-bc93-c7b262605968-mgr-x[29632]: The key fingerprint is:
2024-04-25T12:55:13.265 INFO:journalctl@ceph.mgr.x.smithi038.stdout:Apr 25 12:55:12 smithi038 ceph-d3627c2a-0302-11ef-bc93-c7b262605968-mgr-x[29632]: SHA256:6Qy1Hu6+z+TJY0M1Rd/HcjOONAZ5qn2Z9bwFcvW8vNs ceph-d3627c2a-0302-11ef-bc93-c7b262605968
2024-04-25T12:55:13.266 INFO:journalctl@ceph.mgr.x.smithi038.stdout:Apr 25 12:55:12 smithi038 ceph-d3627c2a-0302-11ef-bc93-c7b262605968-mgr-x[29632]: The key's randomart image is:
2024-04-25T12:55:13.266 INFO:journalctl@ceph.mgr.x.smithi038.stdout:Apr 25 12:55:12 smithi038 ceph-d3627c2a-0302-11ef-bc93-c7b262605968-mgr-x[29632]: +---[RSA 3072]----+
2024-04-25T12:55:13.266 INFO:journalctl@ceph.mgr.x.smithi038.stdout:Apr 25 12:55:12 smithi038 ceph-d3627c2a-0302-11ef-bc93-c7b262605968-mgr-x[29632]: | .... |
2024-04-25T12:55:13.266 INFO:journalctl@ceph.mgr.x.smithi038.stdout:Apr 25 12:55:12 smithi038 ceph-d3627c2a-0302-11ef-bc93-c7b262605968-mgr-x[29632]: | ....oo|
2024-04-25T12:55:13.266 INFO:journalctl@ceph.mgr.x.smithi038.stdout:Apr 25 12:55:12 smithi038 ceph-d3627c2a-0302-11ef-bc93-c7b262605968-mgr-x[29632]: | . o=.=B|
2024-04-25T12:55:13.266 INFO:journalctl@ceph.mgr.x.smithi038.stdout:Apr 25 12:55:12 smithi038 ceph-d3627c2a-0302-11ef-bc93-c7b262605968-mgr-x[29632]: | . o .* *+*|
2024-04-25T12:55:13.266 INFO:journalctl@ceph.mgr.x.smithi038.stdout:Apr 25 12:55:12 smithi038 ceph-d3627c2a-0302-11ef-bc93-c7b262605968-mgr-x[29632]: | . S o. ==+o|
2024-04-25T12:55:13.266 INFO:journalctl@ceph.mgr.x.smithi038.stdout:Apr 25 12:55:12 smithi038 ceph-d3627c2a-0302-11ef-bc93-c7b262605968-mgr-x[29632]: | * o.. + o+|
2024-04-25T12:55:13.266 INFO:journalctl@ceph.mgr.x.smithi038.stdout:Apr 25 12:55:12 smithi038 ceph-d3627c2a-0302-11ef-bc93-c7b262605968-mgr-x[29632]: | =.. . +|
2024-04-25T12:55:13.266 INFO:journalctl@ceph.mgr.x.smithi038.stdout:Apr 25 12:55:12 smithi038 ceph-d3627c2a-0302-11ef-bc93-c7b262605968-mgr-x[29632]: | . =+. o.|
2024-04-25T12:55:13.266 INFO:journalctl@ceph.mgr.x.smithi038.stdout:Apr 25 12:55:12 smithi038 ceph-d3627c2a-0302-11ef-bc93-c7b262605968-mgr-x[29632]: | .++*o .E|
2024-04-25T12:55:13.266 INFO:journalctl@ceph.mgr.x.smithi038.stdout:Apr 25 12:55:12 smithi038 ceph-d3627c2a-0302-11ef-bc93-c7b262605968-mgr-x[29632]: +----[SHA256]-----+
2024-04-25T12:55:13.580 INFO:teuthology.orchestra.run.smithi038.stdout:/usr/bin/ceph: stderr
2024-04-25T12:55:12.715+0000 7f5c545d2700 1 Processor -- start
2024-04-25T12:55:13.580 INFO:teuthology.orchestra.run.smithi038.stdout:/usr/bin/ceph: stderr
2024-04-25T12:55:12.716+0000 7f5c545d2700 1 -- start start
2024-04-25T12:55:13.580 INFO:teuthology.orchestra.run.smithi038.stdout:/usr/bin/ceph: stderr
2024-04-25T12:55:12.716+0000 7f5c545d2700 1 --2- >> [v2:172.21.15.38:3300/0,v1:172.21.15.38:6789/0] conn(0x7f5c4c108650 0x7f5c4c108a70 unknown :-1 s=NONE pgs=0 cs=0 l=0 rev1=0 crypto rx=0 tx=0 comp rx=0 tx=0).connect
2024-04-25T12:55:13.580 INFO:teuthology.orchestra.run.smithi038.stdout:/usr/bin/ceph: stderr
2024-04-25T12:55:12.716+0000 7f5c545d2700 1 -- --> [v2:172.21.15.38:3300/0,v1:172.21.15.38:6789/0] -- mon_getmap magic: 0 -- 0x7f5c4c109040 con 0x7f5c4c108650
2024-04-25T12:55:13.580 INFO:teuthology.orchestra.run.smithi038.stdout:/usr/bin/ceph: stderr
2024-04-25T12:55:12.716+0000 7f5c5236e700 1 --2- >> [v2:172.21.15.38:3300/0,v1:172.21.15.38:6789/0] conn(0x7f5c4c108650 0x7f5c4c108a70 unknown :-1 s=BANNER_CONNECTING pgs=0 cs=0 l=0 rev1=0 crypto rx=0 tx=0 comp rx=0 tx=0)._handle_peer_banner_payload supported=3 required=0
2024-04-25T12:55:13.580 INFO:teuthology.orchestra.run.smithi038.stdout:/usr/bin/ceph: stderr
2024-04-25T12:55:12.716+0000 7f5c5236e700 1 --2- >> [v2:172.21.15.38:3300/0,v1:172.21.15.38:6789/0] conn(0x7f5c4c108650 0x7f5c4c108a70 unknown :-1 s=HELLO_CONNECTING pgs=0 cs=0 l=0 rev1=1 crypto rx=0 tx=0 comp rx=0 tx=0).handle_hello peer v2:172.21.15.38:3300/0 says I am v2:172.21.15.38:52360/0 (socket says 172.21.15.38:52360)
2024-04-25T12:55:13.580 INFO:teuthology.orchestra.run.smithi038.stdout:/usr/bin/ceph: stderr
2024-04-25T12:55:12.716+0000 7f5c5236e700 1 -- 172.21.15.38:0/3748499437 learned_addr learned my addr 172.21.15.38:0/3748499437 (peer_addr_for_me v2:172.21.15.38:0/0)
2024-04-25T12:55:13.580 INFO:teuthology.orchestra.run.smithi038.stdout:/usr/bin/ceph: stderr
2024-04-25T12:55:12.716+0000 7f5c5236e700 1 -- 172.21.15.38:0/3748499437 --> [v2:172.21.15.38:3300/0,v1:172.21.15.38:6789/0] -- mon_subscribe({config=0+,monmap=0+}) -- 0x7f5c4c109800 con 0x7f5c4c108650
2024-04-25T12:55:13.580 INFO:teuthology.orchestra.run.smithi038.stdout:/usr/bin/ceph: stderr
2024-04-25T12:55:12.717+0000 7f5c5236e700 1 --2- 172.21.15.38:0/3748499437 >> [v2:172.21.15.38:3300/0,v1:172.21.15.38:6789/0] conn(0x7f5c4c108650 0x7f5c4c108a70 secure :-1 s=READY pgs=41 cs=0 l=1 rev1=1 crypto rx=0x7f5c3c0098a0 tx=0x7f5c3c009bb0 comp rx=0 tx=0).ready entity=mon.0 client_cookie=7386d14ae2139f6d server_cookie=0 in_seq=0 out_seq=0
2024-04-25T12:55:13.581 INFO:teuthology.orchestra.run.smithi038.stdout:/usr/bin/ceph: stderr
2024-04-25T12:55:12.717+0000 7f5c5136c700 1 -- 172.21.15.38:0/3748499437 <== mon.0 v2:172.21.15.38:3300/0 1 ==== mon_map magic: 0 ==== 205+0+0 (secure 0 0 0) 0x7f5c3c004160 con 0x7f5c4c108650
2024-04-25T12:55:13.581 INFO:teuthology.orchestra.run.smithi038.stdout:/usr/bin/ceph: stderr
2024-04-25T12:55:12.717+0000 7f5c5136c700 1 -- 172.21.15.38:0/3748499437 <== mon.0 v2:172.21.15.38:3300/0 2 ==== config(27 keys) ==== 1104+0+0 (secure 0 0 0) 0x7f5c3c004300 con 0x7f5c4c108650
2024-04-25T12:55:13.581 INFO:teuthology.orchestra.run.smithi038.stdout:/usr/bin/ceph: stderr
2024-04-25T12:55:12.717+0000 7f5c5136c700 1 -- 172.21.15.38:0/3748499437 <== mon.0 v2:172.21.15.38:3300/0 3 ==== mon_map magic: 0 ==== 205+0+0 (secure 0 0 0) 0x7f5c3c011b20 con 0x7f5c4c108650
2024-04-25T12:55:13.581 INFO:teuthology.orchestra.run.smithi038.stdout:/usr/bin/ceph: stderr
2024-04-25T12:55:12.717+0000 7f5c545d2700 1 -- 172.21.15.38:0/3748499437 >> [v2:172.21.15.38:3300/0,v1:172.21.15.38:6789/0] conn(0x7f5c4c108650 msgr2=0x7f5c4c108a70 secure :-1 s=STATE_CONNECTION_ESTABLISHED l=1).mark_down
2024-04-25T12:55:13.581 INFO:teuthology.orchestra.run.smithi038.stdout:/usr/bin/ceph: stderr
2024-04-25T12:55:12.717+0000 7f5c545d2700 1 --2- 172.21.15.38:0/3748499437 >> [v2:172.21.15.38:3300/0,v1:172.21.15.38:6789/0] conn(0x7f5c4c108650 0x7f5c4c108a70 secure :-1 s=READY pgs=41 cs=0 l=1 rev1=1 crypto rx=0x7f5c3c0098a0 tx=0x7f5c3c009bb0 comp rx=0 tx=0).stop
2024-04-25T12:55:13.581 INFO:teuthology.orchestra.run.smithi038.stdout:/usr/bin/ceph: stderr
