2024-04-25T12:54:54.735+0000 7fc068ae2700 1 -- 172.21.15.38:0/1309902685 wait complete.
2024-04-25T12:54:55.351 INFO:teuthology.orchestra.run.smithi038.stdout:mgr not available, waiting (3/15)...
2024-04-25T12:54:56.070 INFO:journalctl@ceph.mon.a.smithi038.stdout:Apr 25 12:54:55 smithi038 ceph-mon[29400]: Activating manager daemon x
2024-04-25T12:54:56.071 INFO:journalctl@ceph.mon.a.smithi038.stdout:Apr 25 12:54:55 smithi038 ceph-mon[29400]: mgrmap e2: x(active, starting, since 0.00348652s)
2024-04-25T12:54:56.071 INFO:journalctl@ceph.mon.a.smithi038.stdout:Apr 25 12:54:55 smithi038 ceph-mon[29400]: from='mgr.14100 172.21.15.38:0/590373755' entity='mgr.x' cmd=[{"prefix": "mds metadata"}]: dispatch
2024-04-25T12:54:56.071 INFO:journalctl@ceph.mon.a.smithi038.stdout:Apr 25 12:54:55 smithi038 ceph-mon[29400]: from='mgr.14100 172.21.15.38:0/590373755' entity='mgr.x' cmd=[{"prefix": "osd metadata"}]: dispatch
2024-04-25T12:54:56.071 INFO:journalctl@ceph.mon.a.smithi038.stdout:Apr 25 12:54:55 smithi038 ceph-mon[29400]: from='mgr.14100 172.21.15.38:0/590373755' entity='mgr.x' cmd=[{"prefix": "mon metadata"}]: dispatch
2024-04-25T12:54:56.071 INFO:journalctl@ceph.mon.a.smithi038.stdout:Apr 25 12:54:55 smithi038 ceph-mon[29400]: from='mgr.14100 172.21.15.38:0/590373755' entity='mgr.x' cmd=[{"prefix": "mon metadata", "id": "a"}]: dispatch
2024-04-25T12:54:56.071 INFO:journalctl@ceph.mon.a.smithi038.stdout:Apr 25 12:54:55 smithi038 ceph-mon[29400]: from='mgr.14100 172.21.15.38:0/590373755' entity='mgr.x' cmd=[{"prefix": "mgr metadata", "who": "x", "id": "x"}]: dispatch
2024-04-25T12:54:56.071 INFO:journalctl@ceph.mon.a.smithi038.stdout:Apr 25 12:54:55 smithi038 ceph-mon[29400]: Manager daemon x is now available
2024-04-25T12:54:56.071 INFO:journalctl@ceph.mon.a.smithi038.stdout:Apr 25 12:54:55 smithi038 ceph-mon[29400]: from='mgr.14100 172.21.15.38:0/590373755' entity='mgr.x' cmd=[{"prefix":"config rm","who":"mgr","name":"mgr/rbd_support/x/mirror_snapshot_schedule"}]: dispatch
2024-04-25T12:54:56.071 INFO:journalctl@ceph.mon.a.smithi038.stdout:Apr 25 12:54:55 smithi038 ceph-mon[29400]: from='mgr.14100 172.21.15.38:0/590373755' entity='mgr.x' cmd=[{"prefix":"config rm","who":"mgr","name":"mgr/rbd_support/x/trash_purge_schedule"}]: dispatch
2024-04-25T12:54:56.071 INFO:journalctl@ceph.mon.a.smithi038.stdout:Apr 25 12:54:55 smithi038 ceph-mon[29400]: from='mgr.14100 172.21.15.38:0/590373755' entity='mgr.x'
2024-04-25T12:54:56.071 INFO:journalctl@ceph.mon.a.smithi038.stdout:Apr 25 12:54:55 smithi038 ceph-mon[29400]: from='mgr.14100 172.21.15.38:0/590373755' entity='mgr.x'
2024-04-25T12:54:56.071 INFO:journalctl@ceph.mon.a.smithi038.stdout:Apr 25 12:54:55 smithi038 ceph-mon[29400]: from='mgr.14100 172.21.15.38:0/590373755' entity='mgr.x'
2024-04-25T12:54:57.320 INFO:journalctl@ceph.mon.a.smithi038.stdout:Apr 25 12:54:56 smithi038 ceph-mon[29400]: mgrmap e3: x(active, since 1.00789s)
2024-04-25T12:54:58.320 INFO:journalctl@ceph.mon.a.smithi038.stdout:Apr 25 12:54:57 smithi038 ceph-mon[29400]: mgrmap e4: x(active, since 2s)
2024-04-25T12:54:58.685 INFO:teuthology.orchestra.run.smithi038.stdout:/usr/bin/ceph: stdout
2024-04-25T12:54:58.685 INFO:teuthology.orchestra.run.smithi038.stdout:/usr/bin/ceph: stdout {
2024-04-25T12:54:58.685 INFO:teuthology.orchestra.run.smithi038.stdout:/usr/bin/ceph: stdout "fsid": "d3627c2a-0302-11ef-bc93-c7b262605968",
2024-04-25T12:54:58.685 INFO:teuthology.orchestra.run.smithi038.stdout:/usr/bin/ceph: stdout "health": {
2024-04-25T12:54:58.686 INFO:teuthology.orchestra.run.smithi038.stdout:/usr/bin/ceph: stdout "status": "HEALTH_OK",
2024-04-25T12:54:58.686 INFO:teuthology.orchestra.run.smithi038.stdout:/usr/bin/ceph: stdout "checks": {},
2024-04-25T12:54:58.686 INFO:teuthology.orchestra.run.smithi038.stdout:/usr/bin/ceph: stdout "mutes": []
2024-04-25T12:54:58.686 INFO:teuthology.orchestra.run.smithi038.stdout:/usr/bin/ceph: stdout },
2024-04-25T12:54:58.686 INFO:teuthology.orchestra.run.smithi038.stdout:/usr/bin/ceph: stdout "election_epoch": 5,
2024-04-25T12:54:58.686 INFO:teuthology.orchestra.run.smithi038.stdout:/usr/bin/ceph: stdout "quorum": [
2024-04-25T12:54:58.686 INFO:teuthology.orchestra.run.smithi038.stdout:/usr/bin/ceph: stdout 0
2024-04-25T12:54:58.686 INFO:teuthology.orchestra.run.smithi038.stdout:/usr/bin/ceph: stdout ],
2024-04-25T12:54:58.686 INFO:teuthology.orchestra.run.smithi038.stdout:/usr/bin/ceph: stdout "quorum_names": [
2024-04-25T12:54:58.686 INFO:teuthology.orchestra.run.smithi038.stdout:/usr/bin/ceph: stdout "a"
2024-04-25T12:54:58.686 INFO:teuthology.orchestra.run.smithi038.stdout:/usr/bin/ceph: stdout ],
2024-04-25T12:54:58.686 INFO:teuthology.orchestra.run.smithi038.stdout:/usr/bin/ceph: stdout "quorum_age": 12,
2024-04-25T12:54:58.686 INFO:teuthology.orchestra.run.smithi038.stdout:/usr/bin/ceph: stdout "monmap": {
2024-04-25T12:54:58.687 INFO:teuthology.orchestra.run.smithi038.stdout:/usr/bin/ceph: stdout "epoch": 1,
2024-04-25T12:54:58.687 INFO:teuthology.orchestra.run.smithi038.stdout:/usr/bin/ceph: stdout "min_mon_release_name": "squid",
2024-04-25T12:54:58.687 INFO:teuthology.orchestra.run.smithi038.stdout:/usr/bin/ceph: stdout "num_mons": 1
2024-04-25T12:54:58.687 INFO:teuthology.orchestra.run.smithi038.stdout:/usr/bin/ceph: stdout },
2024-04-25T12:54:58.687 INFO:teuthology.orchestra.run.smithi038.stdout:/usr/bin/ceph: stdout "osdmap": {
2024-04-25T12:54:58.687 INFO:teuthology.orchestra.run.smithi038.stdout:/usr/bin/ceph: stdout "epoch": 1,
2024-04-25T12:54:58.687 INFO:teuthology.orchestra.run.smithi038.stdout:/usr/bin/ceph: stdout "num_osds": 0,
2024-04-25T12:54:58.687 INFO:teuthology.orchestra.run.smithi038.stdout:/usr/bin/ceph: stdout "num_up_osds": 0,
2024-04-25T12:54:58.687 INFO:teuthology.orchestra.run.smithi038.stdout:/usr/bin/ceph: stdout "osd_up_since": 0,
2024-04-25T12:54:58.696 INFO:teuthology.orchestra.run.smithi038.stdout:/usr/bin/ceph: stdout "num_in_osds": 0,
2024-04-25T12:54:58.697 INFO:teuthology.orchestra.run.smithi038.stdout:/usr/bin/ceph: stdout "osd_in_since": 0,
2024-04-25T12:54:58.697 INFO:teuthology.orchestra.run.smithi038.stdout:/usr/bin/ceph: stdout "num_remapped_pgs": 0
2024-04-25T12:54:58.697 INFO:teuthology.orchestra.run.smithi038.stdout:/usr/bin/ceph: stdout },
2024-04-25T12:54:58.697 INFO:teuthology.orchestra.run.smithi038.stdout:/usr/bin/ceph: stdout "pgmap": {
2024-04-25T12:54:58.697 INFO:teuthology.orchestra.run.smithi038.stdout:/usr/bin/ceph: stdout "pgs_by_state": [],
2024-04-25T12:54:58.697 INFO:teuthology.orchestra.run.smithi038.stdout:/usr/bin/ceph: stdout "num_pgs": 0,
2024-04-25T12:54:58.697 INFO:teuthology.orchestra.run.smithi038.stdout:/usr/bin/ceph: stdout "num_pools": 0,
2024-04-25T12:54:58.697 INFO:teuthology.orchestra.run.smithi038.stdout:/usr/bin/ceph: stdout "num_objects": 0,
2024-04-25T12:54:58.697 INFO:teuthology.orchestra.run.smithi038.stdout:/usr/bin/ceph: stdout "data_bytes": 0,
2024-04-25T12:54:58.697 INFO:teuthology.orchestra.run.smithi038.stdout:/usr/bin/ceph: stdout "bytes_used": 0,
2024-04-25T12:54:58.698 INFO:teuthology.orchestra.run.smithi038.stdout:/usr/bin/ceph: stdout "bytes_avail": 0,
2024-04-25T12:54:58.698 INFO:teuthology.orchestra.run.smithi038.stdout:/usr/bin/ceph: stdout "bytes_total": 0
2024-04-25T12:54:58.698 INFO:teuthology.orchestra.run.smithi038.stdout:/usr/bin/ceph: stdout },
2024-04-25T12:54:58.698 INFO:teuthology.orchestra.run.smithi038.stdout:/usr/bin/ceph: stdout "fsmap": {
2024-04-25T12:54:58.698 INFO:teuthology.orchestra.run.smithi038.stdout:/usr/bin/ceph: stdout "epoch": 1,
2024-04-25T12:54:58.698 INFO:teuthology.orchestra.run.smithi038.stdout:/usr/bin/ceph: stdout "by_rank": [],
2024-04-25T12:54:58.698 INFO:teuthology.orchestra.run.smithi038.stdout:/usr/bin/ceph: stdout "up:standby": 0
2024-04-25T12:54:58.698 INFO:teuthology.orchestra.run.smithi038.stdout:/usr/bin/ceph: stdout },
2024-04-25T12:54:58.698 INFO:teuthology.orchestra.run.smithi038.stdout:/usr/bin/ceph: stdout "mgrmap": {
2024-04-25T12:54:58.699 INFO:teuthology.orchestra.run.smithi038.stdout:/usr/bin/ceph: stdout "available": true,
2024-04-25T12:54:58.699 INFO:teuthology.orchestra.run.smithi038.stdout:/usr/bin/ceph: stdout "num_standbys": 0,
2024-04-25T12:54:58.699 INFO:teuthology.orchestra.run.smithi038.stdout:/usr/bin/ceph: stdout "modules": [
2024-04-25T12:54:58.699 INFO:teuthology.orchestra.run.smithi038.stdout:/usr/bin/ceph: stdout "iostat",
2024-04-25T12:54:58.699 INFO:teuthology.orchestra.run.smithi038.stdout:/usr/bin/ceph: stdout "nfs",
2024-04-25T12:54:58.699 INFO:teuthology.orchestra.run.smithi038.stdout:/usr/bin/ceph: stdout "restful"
2024-04-25T12:54:58.700 INFO:teuthology.orchestra.run.smithi038.stdout:/usr/bin/ceph: stdout ],
2024-04-25T12:54:58.700 INFO:teuthology.orchestra.run.smithi038.stdout:/usr/bin/ceph: stdout "services": {}
2024-04-25T12:54:58.700 INFO:teuthology.orchestra.run.smithi038.stdout:/usr/bin/ceph: stdout },
2024-04-25T12:54:58.700 INFO:teuthology.orchestra.run.smithi038.stdout:/usr/bin/ceph: stdout "servicemap": {
2024-04-25T12:54:58.700 INFO:teuthology.orchestra.run.smithi038.stdout:/usr/bin/ceph: stdout "epoch": 1,
2024-04-25T12:54:58.700 INFO:teuthology.orchestra.run.smithi038.stdout:/usr/bin/ceph: stdout "modified": "2024-04-25T12:54:40.452239+0000",
2024-04-25T12:54:58.700 INFO:teuthology.orchestra.run.smithi038.stdout:/usr/bin/ceph: stdout "services": {}
2024-04-25T12:54:58.700 INFO:teuthology.orchestra.run.smithi038.stdout:/usr/bin/ceph: stdout },
2024-04-25T12:54:58.700 INFO:teuthology.orchestra.run.smithi038.stdout:/usr/bin/ceph: stdout "progress_events": {}
2024-04-25T12:54:58.700 INFO:teuthology.orchestra.run.smithi038.stdout:/usr/bin/ceph: stdout }
2024-04-25T12:54:58.700 INFO:teuthology.orchestra.run.smithi038.stdout:/usr/bin/ceph: stderr
2024-04-25T12:54:57.736+0000 7fabc15a0700 1 Processor -- start
2024-04-25T12:54:58.700 INFO:teuthology.orchestra.run.smithi038.stdout:/usr/bin/ceph: stderr
2024-04-25T12:54:57.736+0000 7fabc15a0700 1 -- start start
2024-04-25T12:54:58.701 INFO:teuthology.orchestra.run.smithi038.stdout:/usr/bin/ceph: stderr
2024-04-25T12:54:57.736+0000 7fabc15a0700 1 --2- >> [v2:172.21.15.38:3300/0,v1:172.21.15.38:6789/0] conn(0x7fabbc07de20 0x7fabbc07c2d0 unknown :-1 s=NONE pgs=0 cs=0 l=0 rev1=0 crypto rx=0 tx=0 comp rx=0 tx=0).connect
2024-04-25T12:54:58.701 INFO:teuthology.orchestra.run.smithi038.stdout:/usr/bin/ceph: stderr
2024-04-25T12:54:57.736+0000 7fabc15a0700 1 -- --> [v2:172.21.15.38:3300/0,v1:172.21.15.38:6789/0] -- mon_getmap magic: 0 -- 0x7fabbc07c810 con 0x7fabbc07de20
2024-04-25T12:54:58.701 INFO:teuthology.orchestra.run.smithi038.stdout:/usr/bin/ceph: stderr
2024-04-25T12:54:57.736+0000 7fabbbfff700 1 --2- >> [v2:172.21.15.38:3300/0,v1:172.21.15.38:6789/0] conn(0x7fabbc07de20 0x7fabbc07c2d0 unknown :-1 s=BANNER_CONNECTING pgs=0 cs=0 l=0 rev1=0 crypto rx=0 tx=0 comp rx=0 tx=0)._handle_peer_banner_payload supported=3 required=0
2024-04-25T12:54:58.701 INFO:teuthology.orchestra.run.smithi038.stdout:/usr/bin/ceph: stderr
2024-04-25T12:54:57.736+0000 7fabbbfff700 1 --2- >> [v2:172.21.15.38:3300/0,v1:172.21.15.38:6789/0] conn(0x7fabbc07de20 0x7fabbc07c2d0 unknown :-1 s=HELLO_CONNECTING pgs=0 cs=0 l=0 rev1=1 crypto rx=0 tx=0 comp rx=0 tx=0).handle_hello peer v2:172.21.15.38:3300/0 says I am v2:172.21.15.38:46266/0 (socket says 172.21.15.38:46266)
2024-04-25T12:54:58.701 INFO:teuthology.orchestra.run.smithi038.stdout:/usr/bin/ceph: stderr
2024-04-25T12:54:57.736+0000 7fabbbfff700 1 -- 172.21.15.38:0/2296572437 learned_addr learned my addr 172.21.15.38:0/2296572437 (peer_addr_for_me v2:172.21.15.38:0/0)
2024-04-25T12:54:58.701 INFO:teuthology.orchestra.run.smithi038.stdout:/usr/bin/ceph: stderr
2024-04-25T12:54:57.737+0000 7fabbbfff700 1 -- 172.21.15.38:0/2296572437 --> [v2:172.21.15.38:3300/0,v1:172.21.15.38:6789/0] -- mon_subscribe({config=0+,monmap=0+}) -- 0x7fabbc07c990 con 0x7fabbc07de20
2024-04-25T12:54:58.701 INFO:teuthology.orchestra.run.smithi038.stdout:/usr/bin/ceph: stderr
2024-04-25T12:54:57.737+0000 7fabbbfff700 1 --2- 172.21.15.38:0/2296572437 >> [v2:172.21.15.38:3300/0,v1:172.21.15.38:6789/0] conn(0x7fabbc07de20 0x7fabbc07c2d0 secure :-1 s=READY pgs=18 cs=0 l=1 rev1=1 crypto rx=0x7fabac0098a0 tx=0x7fabac009bb0 comp rx=0 tx=0).ready entity=mon.0 client_cookie=7e9e73212eb9364f server_cookie=0 in_seq=0 out_seq=0
2024-04-25T12:54:58.701 INFO:teuthology.orchestra.run.smithi038.stdout:/usr/bin/ceph: stderr
2024-04-25T12:54:57.737+0000 7fabbaffd700 1 -- 172.21.15.38:0/2296572437 <== mon.0 v2:172.21.15.38:3300/0 1 ==== mon_map magic: 0 ==== 205+0+0 (secure 0 0 0) 0x7fabac004160 con 0x7fabbc07de20
2024-04-25T12:54:58.701 INFO:teuthology.orchestra.run.smithi038.stdout:/usr/bin/ceph: stderr
2024-04-25T12:54:57.737+0000 7fabbaffd700 1 -- 172.21.15.38:0/2296572437 <== mon.0 v2:172.21.15.38:3300/0 2 ==== config(27 keys) ==== 1104+0+0 (secure 0 0 0) 0x7fabac004300 con 0x7fabbc07de20
2024-04-25T12:54:58.701 INFO:teuthology.orchestra.run.smithi038.stdout:/usr/bin/ceph: stderr
2024-04-25T12:54:57.737+0000 7fabbaffd700 1 -- 172.21.15.38:0/2296572437 <== mon.0 v2:172.21.15.38:3300/0 3 ==== mon_map magic: 0 ==== 205+0+0 (secure 0 0 0) 0x7fabac011b20 con 0x7fabbc07de20
2024-04-25T12:54:58.701 INFO:teuthology.orchestra.run.smithi038.stdout:/usr/bin/ceph: stderr
2024-04-25T12:54:57.738+0000 7fabc15a0700 1 -- 172.21.15.38:0/2296572437 >> [v2:172.21.15.38:3300/0,v1:172.21.15.38:6789/0] conn(0x7fabbc07de20 msgr2=0x7fabbc07c2d0 secure :-1 s=STATE_CONNECTION_ESTABLISHED l=1).mark_down
2024-04-25T12:54:58.701 INFO:teuthology.orchestra.run.smithi038.stdout:/usr/bin/ceph: stderr
2024-04-25T12:54:57.738+0000 7fabc15a0700 1 --2- 172.21.15.38:0/2296572437 >> [v2:172.21.15.38:3300/0,v1:172.21.15.38:6789/0] conn(0x7fabbc07de20 0x7fabbc07c2d0 secure :-1 s=READY pgs=18 cs=0 l=1 rev1=1 crypto rx=0x7fabac0098a0 tx=0x7fabac009bb0 comp rx=0 tx=0).stop
2024-04-25T12:54:58.702 INFO:teuthology.orchestra.run.smithi038.stdout:/usr/bin/ceph: stderr
2024-04-25T12:54:57.738+0000 7fabc15a0700 1 -- 172.21.15.38:0/2296572437 shutdown_connections
2024-04-25T12:54:58.702 INFO:teuthology.orchestra.run.smithi038.stdout:/usr/bin/ceph: stderr
2024-04-25T12:54:57.738+0000 7fabc15a0700 1 --2- 172.21.15.38:0/2296572437 >> [v2:172.21.15.38:3300/0,v1:172.21.15.38:6789/0] conn(0x7fabbc07de20 0x7fabbc07c2d0 unknown :-1 s=CLOSED pgs=18 cs=0 l=1 rev1=1 crypto rx=0 tx=0 comp rx=0 tx=0).stop
2024-04-25T12:54:58.702 INFO:teuthology.orchestra.run.smithi038.stdout:/usr/bin/ceph: stderr
2024-04-25T12:54:57.738+0000 7fabc15a0700 1 -- 172.21.15.38:0/2296572437 >> 172.21.15.38:0/2296572437 conn(0x7fabbc103a60 msgr2=0x7fabbc105e80 unknown :-1 s=STATE_NONE l=0).mark_down
2024-04-25T12:54:58.702 INFO:teuthology.orchestra.run.smithi038.stdout:/usr/bin/ceph: stderr
2024-04-25T12:54:57.738+0000 7fabc15a0700 1 -- 172.21.15.38:0/2296572437 shutdown_connections
2024-04-25T12:54:58.702 INFO:teuthology.orchestra.run.smithi038.stdout:/usr/bin/ceph: stderr
2024-04-25T12:54:57.738+0000 7fabc15a0700 1 -- 172.21.15.38:0/2296572437 wait complete.
2024-04-25T12:54:58.702 INFO:teuthology.orchestra.run.smithi038.stdout:/usr/bin/ceph: stderr
2024-04-25T12:54:57.738+0000 7fabc15a0700 1 Processor -- start
2024-04-25T12:54:58.702 INFO:teuthology.orchestra.run.smithi038.stdout:/usr/bin/ceph: stderr
2024-04-25T12:54:57.738+0000 7fabc15a0700 1 -- start start
2024-04-25T12:54:58.702 INFO:teuthology.orchestra.run.smithi038.stdout:/usr/bin/ceph: stderr
2024-04-25T12:54:57.739+0000 7fabc15a0700 1 --2- >> [v2:172.21.15.38:3300/0,v1:172.21.15.38:6789/0] conn(0x7fabbc07de20 0x7fabbc19e440 unknown :-1 s=NONE pgs=0 cs=0 l=1 rev1=0 crypto rx=0 tx=0 comp rx=0 tx=0).connect
2024-04-25T12:54:58.702 INFO:teuthology.orchestra.run.smithi038.stdout:/usr/bin/ceph: stderr
2024-04-25T12:54:57.739+0000 7fabc15a0700 1 -- --> [v2:172.21.15.38:3300/0,v1:172.21.15.38:6789/0] -- mon_getmap magic: 0 -- 0x7fabbc10e9b0 con 0x7fabbc07de20
2024-04-25T12:54:58.702 INFO:teuthology.orchestra.run.smithi038.stdout:/usr/bin/ceph: stderr
2024-04-25T12:54:57.739+0000 7fabbbfff700 1 --2- >> [v2:172.21.15.38:3300/0,v1:172.21.15.38:6789/0] conn(0x7fabbc07de20 0x7fabbc19e440 unknown :-1 s=BANNER_CONNECTING pgs=0 cs=0 l=1 rev1=0 crypto rx=0 tx=0 comp rx=0 tx=0)._handle_peer_banner_payload supported=3 required=0
2024-04-25T12:54:58.702 INFO:teuthology.orchestra.run.smithi038.stdout:/usr/bin/ceph: stderr
2024-04-25T12:54:57.739+0000 7fabbbfff700 1 --2- >> [v2:172.21.15.38:3300/0,v1:172.21.15.38:6789/0] conn(0x7fabbc07de20 0x7fabbc19e440 unknown :-1 s=HELLO_CONNECTING pgs=0 cs=0 l=1 rev1=1 crypto rx=0 tx=0 comp rx=0 tx=0).handle_hello peer v2:172.21.15.38:3300/0 says I am v2:172.21.15.38:46272/0 (socket says 172.21.15.38:46272)
2024-04-25T12:54:58.702 INFO:teuthology.orchestra.run.smithi038.stdout:/usr/bin/ceph: stderr
2024-04-25T12:54:57.739+0000 7fabbbfff700 1 -- 172.21.15.38:0/1915467599 learned_addr learned my addr 172.21.15.38:0/1915467599 (peer_addr_for_me v2:172.21.15.38:0/0)
2024-04-25T12:54:58.702 INFO:teuthology.orchestra.run.smithi038.stdout:/usr/bin/ceph: stderr
2024-04-25T12:54:57.739+0000 7fabbbfff700 1 -- 172.21.15.38:0/1915467599 --> [v2:172.21.15.38:3300/0,v1:172.21.15.38:6789/0] -- mon_subscribe({config=0+,monmap=0+}) -- 0x7fabbc19e980 con 0x7fabbc07de20
2024-04-25T12:54:58.703 INFO:teuthology.orchestra.run.smithi038.stdout:/usr/bin/ceph: stderr
2024-04-25T12:54:57.739+0000 7fabbbfff700 1 --2- 172.21.15.38:0/1915467599 >> [v2:172.21.15.38:3300/0,v1:172.21.15.38:6789/0] conn(0x7fabbc07de20 0x7fabbc19e440 secure :-1 s=READY pgs=19 cs=0 l=1 rev1=1 crypto rx=0x7fabac0116a0 tx=0x7fabac011ce0 comp rx=0 tx=0).ready entity=mon.0 client_cookie=0 server_cookie=0 in_seq=0 out_seq=0
2024-04-25T12:54:58.703 INFO:teuthology.orchestra.run.smithi038.stdout:/usr/bin/ceph: stderr
2024-04-25T12:54:57.740+0000 7fabb97fa700 1 -- 172.21.15.38:0/1915467599 <== mon.0 v2:172.21.15.38:3300/0 1 ==== mon_map magic: 0 ==== 205+0+0 (secure 0 0 0) 0x7fabac003ab0 con 0x7fabbc07de20
2024-04-25T12:54:58.703 INFO:teuthology.orchestra.run.smithi038.stdout:/usr/bin/ceph: stderr
2024-04-25T12:54:57.740+0000 7fabb97fa700 1 -- 172.21.15.38:0/1915467599 <== mon.0 v2:172.21.15.38:3300/0 2 ==== config(27 keys) ==== 1104+0+0 (secure 0 0 0) 0x7fabac003c50 con 0x7fabbc07de20
2024-04-25T12:54:58.703 INFO:teuthology.orchestra.run.smithi038.stdout:/usr/bin/ceph: stderr
2024-04-25T12:54:57.740+0000 7fabc15a0700 1 -- 172.21.15.38:0/1915467599 --> [v2:172.21.15.38:3300/0,v1:172.21.15.38:6789/0] -- mon_subscribe({mgrmap=0+}) -- 0x7fabbc19ec10 con 0x7fabbc07de20
2024-04-25T12:54:58.703 INFO:teuthology.orchestra.run.smithi038.stdout:/usr/bin/ceph: stderr
2024-04-25T12:54:57.740+0000 7fabb97fa700 1 -- 172.21.15.38:0/1915467599 <== mon.0 v2:172.21.15.38:3300/0 3 ==== mon_map magic: 0 ==== 205+0+0 (secure 0 0 0) 0x7fabac019870 con 0x7fabbc07de20
2024-04-25T12:54:58.703 INFO:teuthology.orchestra.run.smithi038.stdout:/usr/bin/ceph: stderr
2024-04-25T12:54:57.740+0000 7fabc15a0700 1 -- 172.21.15.38:0/1915467599 --> [v2:172.21.15.38:3300/0,v1:172.21.15.38:6789/0] -- mon_subscribe({osdmap=0}) -- 0x7fabbc19f070 con 0x7fabbc07de20
2024-04-25T12:54:58.703 INFO:teuthology.orchestra.run.smithi038.stdout:/usr/bin/ceph: stderr
2024-04-25T12:54:57.740+0000 7fabb97fa700 1 -- 172.21.15.38:0/1915467599 <== mon.0 v2:172.21.15.38:3300/0 4 ==== mgrmap(e 4) ==== 46547+0+0 (secure 0 0 0) 0x7fabac019b30 con 0x7fabbc07de20
2024-04-25T12:54:58.703 INFO:teuthology.orchestra.run.smithi038.stdout:/usr/bin/ceph: stderr
2024-04-25T12:54:57.741+0000 7fabc15a0700 1 -- 172.21.15.38:0/1915467599 --> [v2:172.21.15.38:3300/0,v1:172.21.15.38:6789/0] -- mon_command({"prefix": "get_command_descriptions"} v 0) -- 0x7fabbc0640a0 con 0x7fabbc07de20
2024-04-25T12:54:58.703 INFO:teuthology.orchestra.run.smithi038.stdout:/usr/bin/ceph: stderr
2024-04-25T12:54:57.741+0000 7fabb97fa700 1 --2- 172.21.15.38:0/1915467599 >> [v2:172.21.15.38:6800/2310511598,v1:172.21.15.38:6801/2310511598] conn(0x7faba40395d0 0x7faba403ba90 unknown :-1 s=NONE pgs=0 cs=0 l=1 rev1=0 crypto rx=0 tx=0 comp rx=0 tx=0).connect
2024-04-25T12:54:58.703 INFO:teuthology.orchestra.run.smithi038.stdout:/usr/bin/ceph: stderr
2024-04-25T12:54:57.741+0000 7fabb97fa700 1 -- 172.21.15.38:0/1915467599 <== mon.0 v2:172.21.15.38:3300/0 5 ==== osd_map(1..1 src has 1..1) ==== 725+0+0 (secure 0 0 0) 0x7fabac04de50 con 0x7fabbc07de20
2024-04-25T12:54:58.704 INFO:teuthology.orchestra.run.smithi038.stdout:/usr/bin/ceph: stderr
2024-04-25T12:54:57.741+0000 7fabbb7fe700 1 --2- 172.21.15.38:0/1915467599 >> [v2:172.21.15.38:6800/2310511598,v1:172.21.15.38:6801/2310511598] conn(0x7faba40395d0 0x7faba403ba90 unknown :-1 s=BANNER_CONNECTING pgs=0 cs=0 l=1 rev1=0 crypto rx=0 tx=0 comp rx=0 tx=0)._handle_peer_banner_payload supported=3 required=0
2024-04-25T12:54:58.704 INFO:teuthology.orchestra.run.smithi038.stdout:/usr/bin/ceph: stderr
2024-04-25T12:54:57.741+0000 7fabbb7fe700 1 --2- 172.21.15.38:0/1915467599 >> [v2:172.21.15.38:6800/2310511598,v1:172.21.15.38:6801/2310511598] conn(0x7faba40395d0 0x7faba403ba90 secure :-1 s=READY pgs=6 cs=0 l=1 rev1=1 crypto rx=0x7fabb0006fd0 tx=0x7fabb0006e40 comp rx=0 tx=0).ready entity=mgr.14100 client_cookie=0 server_cookie=0 in_seq=0 out_seq=0
2024-04-25T12:54:58.704 INFO:teuthology.orchestra.run.smithi038.stdout:/usr/bin/ceph: stderr
2024-04-25T12:54:57.746+0000 7fabb97fa700 1 -- 172.21.15.38:0/1915467599 <== mon.0 v2:172.21.15.38:3300/0 6 ==== mon_command_ack([{"prefix": "get_command_descriptions"}]=0 v0) ==== 72+0+188370 (secure 0 0 0) 0x7fabac011e20 con 0x7fabbc07de20
2024-04-25T12:54:58.704 INFO:teuthology.orchestra.run.smithi038.stdout:/usr/bin/ceph: stderr
2024-04-25T12:54:58.045+0000 7fabc15a0700 1 -- 172.21.15.38:0/1915467599 --> [v2:172.21.15.38:3300/0,v1:172.21.15.38:6789/0] -- mon_command({"prefix": "status", "format": "json-pretty"} v 0) -- 0x7fabbc1a1a90 con 0x7fabbc07de20
2024-04-25T12:54:58.704 INFO:teuthology.orchestra.run.smithi038.stdout:/usr/bin/ceph: stderr
2024-04-25T12:54:58.046+0000 7fabb97fa700 1 -- 172.21.15.38:0/1915467599 <== mon.0 v2:172.21.15.38:3300/0 7 ==== mon_command_ack([{"prefix": "status", "format": "json-pretty"}]=0 v0) ==== 79+0+1239 (secure 0 0 0) 0x7fabbc1a1a90 con 0x7fabbc07de20
2024-04-25T12:54:58.704 INFO:teuthology.orchestra.run.smithi038.stdout:/usr/bin/ceph: stderr
2024-04-25T12:54:58.048+0000 7fabc15a0700 1 -- 172.21.15.38:0/1915467599 >> [v2:172.21.15.38:6800/2310511598,v1:172.21.15.38:6801/2310511598] conn(0x7faba40395d0 msgr2=0x7faba403ba90 secure :-1 s=STATE_CONNECTION_ESTABLISHED l=1).mark_down
2024-04-25T12:54:58.704 INFO:teuthology.orchestra.run.smithi038.stdout:/usr/bin/ceph: stderr
2024-04-25T12:54:58.048+0000 7fabc15a0700 1 --2- 172.21.15.38:0/1915467599 >> [v2:172.21.15.38:6800/2310511598,v1:172.21.15.38:6801/2310511598] conn(0x7faba40395d0 0x7faba403ba90 secure :-1 s=READY pgs=6 cs=0 l=1 rev1=1 crypto rx=0x7fabb0006fd0 tx=0x7fabb0006e40 comp rx=0 tx=0).stop
2024-04-25T12:54:58.704 INFO:teuthology.orchestra.run.smithi038.stdout:/usr/bin/ceph: stderr
2024-04-25T12:54:58.048+0000 7fabc15a0700 1 -- 172.21.15.38:0/1915467599 >> [v2:172.21.15.38:3300/0,v1:172.21.15.38:6789/0] conn(0x7fabbc07de20 msgr2=0x7fabbc19e440 secure :-1 s=STATE_CONNECTION_ESTABLISHED l=1).mark_down
2024-04-25T12:54:58.704 INFO:teuthology.orchestra.run.smithi038.stdout:/usr/bin/ceph: stderr
2024-04-25T12:54:58.048+0000 7fabc15a0700 1 --2- 172.21.15.38:0/1915467599 >> [v2:172.21.15.38:3300/0,v1:172.21.15.38:6789/0] conn(0x7fabbc07de20 0x7fabbc19e440 secure :-1 s=READY pgs=19 cs=0 l=1 rev1=1 crypto rx=0x7fabac0116a0 tx=0x7fabac011ce0 comp rx=0 tx=0).stop
2024-04-25T12:54:58.704 INFO:teuthology.orchestra.run.smithi038.stdout:/usr/bin/ceph: stderr
2024-04-25T12:54:58.048+0000 7fabc15a0700 1 -- 172.21.15.38:0/1915467599 shutdown_connections
2024-04-25T12:54:58.704 INFO:teuthology.orchestra.run.smithi038.stdout:/usr/bin/ceph: stderr
2024-04-25T12:54:58.048+0000 7fabc15a0700 1 --2- 172.21.15.38:0/1915467599 >> [v2:172.21.15.38:6800/2310511598,v1:172.21.15.38:6801/2310511598] conn(0x7faba40395d0 0x7faba403ba90 unknown :-1 s=CLOSED pgs=6 cs=0 l=1 rev1=1 crypto rx=0 tx=0 comp rx=0 tx=0).stop
2024-04-25T12:54:58.704 INFO:teuthology.orchestra.run.smithi038.stdout:/usr/bin/ceph: stderr
2024-04-25T12:54:58.048+0000 7fabc15a0700 1 --2- 172.21.15.38:0/1915467599 >> [v2:172.21.15.38:3300/0,v1:172.21.15.38:6789/0] conn(0x7fabbc07de20 0x7fabbc19e440 unknown :-1 s=CLOSED pgs=19 cs=0 l=1 rev1=1 crypto rx=0 tx=0 comp rx=0 tx=0).stop
2024-04-25T12:54:58.704 INFO:teuthology.orchestra.run.smithi038.stdout:/usr/bin/ceph: stderr
2024-04-25T12:54:58.048+0000 7fabc15a0700 1 -- 172.21.15.38:0/1915467599 >> 172.21.15.38:0/1915467599 conn(0x7fabbc103a60 msgr2=0x7fabbc1044c0 unknown :-1 s=STATE_NONE l=0).mark_down
2024-04-25T12:54:58.704 INFO:teuthology.orchestra.run.smithi038.stdout:/usr/bin/ceph: stderr
2024-04-25T12:54:58.048+0000 7fabc15a0700 1 -- 172.21.15.38:0/1915467599 shutdown_connections
2024-04-25T12:54:58.705 INFO:teuthology.orchestra.run.smithi038.stdout:/usr/bin/ceph: stderr
2024-04-25T12:54:58.048+0000 7fabc15a0700 1 -- 172.21.15.38:0/1915467599 wait complete.
2024-04-25T12:54:58.705 INFO:teuthology.orchestra.run.smithi038.stdout:mgr is available
2024-04-25T12:54:59.070 INFO:journalctl@ceph.mon.a.smithi038.stdout:Apr 25 12:54:58 smithi038 ceph-mon[29400]: from='client.? 172.21.15.38:0/1915467599' entity='client.admin' cmd=[{"prefix": "status", "format": "json-pretty"}]: dispatch
2024-04-25T12:54:59.971 INFO:teuthology.orchestra.run.smithi038.stdout:/usr/bin/ceph: stdout
2024-04-25T12:54:59.972 INFO:teuthology.orchestra.run.smithi038.stdout:/usr/bin/ceph: stdout [global]
2024-04-25T12:54:59.972 INFO:teuthology.orchestra.run.smithi038.stdout:/usr/bin/ceph: stdout fsid = d3627c2a-0302-11ef-bc93-c7b262605968
2024-04-25T12:54:59.972 INFO:teuthology.orchestra.run.smithi038.stdout:/usr/bin/ceph: stdout mon_cluster_log_file_level = debug
2024-04-25T12:54:59.972 INFO:teuthology.orchestra.run.smithi038.stdout:/usr/bin/ceph: stdout mon_osd_allow_pg_remap = true
2024-04-25T12:54:59.972 INFO:teuthology.orchestra.run.smithi038.stdout:/usr/bin/ceph: stdout mon_osd_allow_primary_affinity = true
2024-04-25T12:54:59.972 INFO:teuthology.orchestra.run.smithi038.stdout:/usr/bin/ceph: stdout mon_warn_on_no_sortbitwise = false
2024-04-25T12:54:59.972 INFO:teuthology.orchestra.run.smithi038.stdout:/usr/bin/ceph: stdout osd_crush_chooseleaf_type = 0
2024-04-25T12:54:59.972 INFO:teuthology.orchestra.run.smithi038.stdout:/usr/bin/ceph: stdout
2024-04-25T12:54:59.972 INFO:teuthology.orchestra.run.smithi038.stdout:/usr/bin/ceph: stdout [mgr]
2024-04-25T12:54:59.972 INFO:teuthology.orchestra.run.smithi038.stdout:/usr/bin/ceph: stdout mgr/telemetry/nag = false
2024-04-25T12:54:59.972 INFO:teuthology.orchestra.run.smithi038.stdout:/usr/bin/ceph: stdout
2024-04-25T12:54:59.972 INFO:teuthology.orchestra.run.smithi038.stdout:/usr/bin/ceph: stdout [osd]
2024-04-25T12:54:59.972 INFO:teuthology.orchestra.run.smithi038.stdout:/usr/bin/ceph: stdout mon_osd_backfillfull_ratio = 0.85
2024-04-25T12:54:59.972 INFO:teuthology.orchestra.run.smithi038.stdout:/usr/bin/ceph: stdout mon_osd_full_ratio = 0.9
2024-04-25T12:54:59.973 INFO:teuthology.orchestra.run.smithi038.stdout:/usr/bin/ceph: stdout mon_osd_nearfull_ratio = 0.8
2024-04-25T12:54:59.973 INFO:teuthology.orchestra.run.smithi038.stdout:/usr/bin/ceph: stdout osd_map_max_advance = 10
2024-04-25T12:54:59.973 INFO:teuthology.orchestra.run.smithi038.stdout:/usr/bin/ceph: stdout osd_sloppy_crc = true
2024-04-25T12:54:59.973 INFO:teuthology.orchestra.run.smithi038.stdout:/usr/bin/ceph: stderr
2024-04-25T12:54:59.140+0000 7f71bb473700 1 Processor -- start
2024-04-25T12:54:59.973 INFO:teuthology.orchestra.run.smithi038.stdout:/usr/bin/ceph: stderr
2024-04-25T12:54:59.140+0000 7f71bb473700 1 -- start start
2024-04-25T12:54:59.973 INFO:teuthology.orchestra.run.smithi038.stdout:/usr/bin/ceph: stderr
2024-04-25T12:54:59.141+0000 7f71bb473700 1 --2- >> [v2:172.21.15.38:3300/0,v1:172.21.15.38:6789/0] conn(0x7f71b4108650 0x7f71b4108a70 unknown :-1 s=NONE pgs=0 cs=0 l=0 rev1=0 crypto rx=0 tx=0 comp rx=0 tx=0).connect
2024-04-25T12:54:59.973 INFO:teuthology.orchestra.run.smithi038.stdout:/usr/bin/ceph: stderr
2024-04-25T12:54:59.141+0000 7f71bb473700 1 -- --> [v2:172.21.15.38:3300/0,v1:172.21.15.38:6789/0] -- mon_getmap magic: 0 -- 0x7f71b4109040 con 0x7f71b4108650
2024-04-25T12:54:59.973 INFO:teuthology.orchestra.run.smithi038.stdout:/usr/bin/ceph: stderr
2024-04-25T12:54:59.141+0000 7f71b920f700 1 --2- >> [v2:172.21.15.38:3300/0,v1:172.21.15.38:6789/0] conn(0x7f71b4108650 0x7f71b4108a70 unknown :-1 s=BANNER_CONNECTING pgs=0 cs=0 l=0 rev1=0 crypto rx=0 tx=0 comp rx=0 tx=0)._handle_peer_banner_payload supported=3 required=0
2024-04-25T12:54:59.973 INFO:teuthology.orchestra.run.smithi038.stdout:/usr/bin/ceph: stderr
2024-04-25T12:54:59.141+0000 7f71b920f700 1 --2- >> [v2:172.21.15.38:3300/0,v1:172.21.15.38:6789/0] conn(0x7f71b4108650 0x7f71b4108a70 unknown :-1 s=HELLO_CONNECTING pgs=0 cs=0 l=0 rev1=1 crypto rx=0 tx=0 comp rx=0 tx=0).handle_hello peer v2:172.21.15.38:3300/0 says I am v2:172.21.15.38:46274/0 (socket says 172.21.15.38:46274)
2024-04-25T12:54:59.973 INFO:teuthology.orchestra.run.smithi038.stdout:/usr/bin/ceph: stderr
2024-04-25T12:54:59.141+0000 7f71b920f700 1 -- 172.21.15.38:0/3009544779 learned_addr learned my addr 172.21.15.38:0/3009544779 (peer_addr_for_me v2:172.21.15.38:0/0)
2024-04-25T12:54:59.973 INFO:teuthology.orchestra.run.smithi038.stdout:/usr/bin/ceph: stderr
2024-04-25T12:54:59.141+0000 7f71b920f700 1 -- 172.21.15.38:0/3009544779 --> [v2:172.21.15.38:3300/0,v1:172.21.15.38:6789/0] -- mon_subscribe({config=0+,monmap=0+}) -- 0x7f71b4109800 con 0x7f71b4108650
2024-04-25T12:54:59.973 INFO:teuthology.orchestra.run.smithi038.stdout:/usr/bin/ceph: stderr
2024-04-25T12:54:59.141+0000 7f71b920f700 1 --2- 172.21.15.38:0/3009544779 >> [v2:172.21.15.38:3300/0,v1:172.21.15.38:6789/0] conn(0x7f71b4108650 0x7f71b4108a70 secure :-1 s=READY pgs=20 cs=0 l=1 rev1=1 crypto rx=0x7f71b00098a0 tx=0x7f71b0009bb0 comp rx=0 tx=0).ready entity=mon.0 client_cookie=c43e96a0c12f05ae server_cookie=0 in_seq=0 out_seq=0
2024-04-25T12:54:59.973 INFO:teuthology.orchestra.run.smithi038.stdout:/usr/bin/ceph: stderr
2024-04-25T12:54:59.142+0000 7f71a7fff700 1 -- 172.21.15.38:0/3009544779 <== mon.0 v2:172.21.15.38:3300/0 1 ==== mon_map magic: 0 ==== 205+0+0 (secure 0 0 0) 0x7f71b0004160 con 0x7f71b4108650
2024-04-25T12:54:59.973 INFO:teuthology.orchestra.run.smithi038.stdout:/usr/bin/ceph: stderr
2024-04-25T12:54:59.142+0000 7f71a7fff700 1 -- 172.21.15.38:0/3009544779 <== mon.0 v2:172.21.15.38:3300/0 2 ==== config(27 keys) ==== 1104+0+0 (secure 0 0 0) 0x7f71b0004300 con 0x7f71b4108650
2024-04-25T12:54:59.974 INFO:teuthology.orchestra.run.smithi038.stdout:/usr/bin/ceph: stderr
2024-04-25T12:54:59.142+0000 7f71a7fff700 1 -- 172.21.15.38:0/3009544779 <== mon.0 v2:172.21.15.38:3300/0 3 ==== mon_map magic: 0 ==== 205+0+0 (secure 0 0 0) 0x7f71b0011b20 con 0x7f71b4108650
2024-04-25T12:54:59.974 INFO:teuthology.orchestra.run.smithi038.stdout:/usr/bin/ceph: stderr
2024-04-25T12:54:59.142+0000 7f71bb473700 1 -- 172.21.15.38:0/3009544779 >> [v2:172.21.15.38:3300/0,v1:172.21.15.38:6789/0] conn(0x7f71b4108650 msgr2=0x7f71b4108a70 secure :-1 s=STATE_CONNECTION_ESTABLISHED l=1).mark_down
2024-04-25T12:54:59.974 INFO:teuthology.orchestra.run.smithi038.stdout:/usr/bin/ceph: stderr
2024-04-25T12:54:59.142+0000 7f71bb473700 1 --2- 172.21.15.38:0/3009544779 >> [v2:172.21.15.38:3300/0,v1:172.21.15.38:6789/0] conn(0x7f71b4108650 0x7f71b4108a70 secure :-1 s=READY pgs=20 cs=0 l=1 rev1=1 crypto rx=0x7f71b00098a0 tx=0x7f71b0009bb0 comp rx=0 tx=0).stop
2024-04-25T12:54:59.974 INFO:teuthology.orchestra.run.smithi038.stdout:/usr/bin/ceph: stderr
2024-04-25T12:54:59.142+0000 7f71bb473700 1 -- 172.21.15.38:0/3009544779 shutdown_connections
2024-04-25T12:54:59.974 INFO:teuthology.orchestra.run.smithi038.stdout:/usr/bin/ceph: stderr
2024-04-25T12:54:59.142+0000 7f71bb473700 1 --2- 172.21.15.38:0/3009544779 >> [v2:172.21.15.38:3300/0,v1:172.21.15.38:6789/0] conn(0x7f71b4108650 0x7f71b4108a70 unknown :-1 s=CLOSED pgs=20 cs=0 l=1 rev1=1 crypto rx=0 tx=0 comp rx=0 tx=0).stop
2024-04-25T12:54:59.974 INFO:teuthology.orchestra.run.smithi038.stdout:/usr/bin/ceph: stderr
2024-04-25T12:54:59.142+0000 7f71bb473700 1 -- 172.21.15.38:0/3009544779 >> 172.21.15.38:0/3009544779 conn(0x7f71b4103cb0 msgr2=0x7f71b41060d0 unknown :-1 s=STATE_NONE l=0).mark_down
2024-04-25T12:54:59.974 INFO:teuthology.orchestra.run.smithi038.stdout:/usr/bin/ceph: stderr
2024-04-25T12:54:59.142+0000 7f71bb473700 1 -- 172.21.15.38:0/3009544779 shutdown_connections
2024-04-25T12:54:59.974 INFO:teuthology.orchestra.run.smithi038.stdout:/usr/bin/ceph: stderr
2024-04-25T12:54:59.142+0000 7f71bb473700 1 -- 172.21.15.38:0/3009544779 wait complete.
2024-04-25T12:54:59.974 INFO:teuthology.orchestra.run.smithi038.stdout:/usr/bin/ceph: stderr
2024-04-25T12:54:59.143+0000 7f71bb473700 1 Processor -- start
2024-04-25T12:54:59.974 INFO:teuthology.orchestra.run.smithi038.stdout:/usr/bin/ceph: stderr
2024-04-25T12:54:59.143+0000 7f71bb473700 1 -- start start
2024-04-25T12:54:59.974 INFO:teuthology.orchestra.run.smithi038.stdout:/usr/bin/ceph: stderr
2024-04-25T12:54:59.143+0000 7f71bb473700 1 --2- >> [v2:172.21.15.38:3300/0,v1:172.21.15.38:6789/0] conn(0x7f71b4108650 0x7f71b419c420 unknown :-1 s=NONE pgs=0 cs=0 l=1 rev1=0 crypto rx=0 tx=0 comp rx=0 tx=0).connect
2024-04-25T12:54:59.975 INFO:teuthology.orchestra.run.smithi038.stdout:/usr/bin/ceph: stderr
2024-04-25T12:54:59.143+0000 7f71bb473700 1 -- --> [v2:172.21.15.38:3300/0,v1:172.21.15.38:6789/0] -- mon_getmap magic: 0 -- 0x7f71b410cbb0 con 0x7f71b4108650
2024-04-25T12:54:59.975 INFO:teuthology.orchestra.run.smithi038.stdout:/usr/bin/ceph: stderr
2024-04-25T12:54:59.143+0000 7f71b920f700 1 --2- >> [v2:172.21.15.38:3300/0,v1:172.21.15.38:6789/0] conn(0x7f71b4108650 0x7f71b419c420 unknown :-1 s=BANNER_CONNECTING pgs=0 cs=0 l=1 rev1=0 crypto rx=0 tx=0 comp rx=0 tx=0)._handle_peer_banner_payload supported=3 required=0
2024-04-25T12:54:59.975 INFO:teuthology.orchestra.run.smithi038.stdout:/usr/bin/ceph: stderr
2024-04-25T12:54:59.143+0000 7f71b920f700 1 --2- >> [v2:172.21.15.38:3300/0,v1:172.21.15.38:6789/0] conn(0x7f71b4108650 0x7f71b419c420 unknown :-1 s=HELLO_CONNECTING pgs=0 cs=0 l=1 rev1=1 crypto rx=0 tx=0 comp rx=0 tx=0).handle_hello peer v2:172.21.15.38:3300/0 says I am v2:172.21.15.38:46276/0 (socket says 172.21.15.38:46276)
2024-04-25T12:54:59.975 INFO:teuthology.orchestra.run.smithi038.stdout:/usr/bin/ceph: stderr
2024-04-25T12:54:59.143+0000 7f71b920f700 1 -- 172.21.15.38:0/1805221679 learned_addr learned my addr 172.21.15.38:0/1805221679 (peer_addr_for_me v2:172.21.15.38:0/0)
2024-04-25T12:54:59.975 INFO:teuthology.orchestra.run.smithi038.stdout:/usr/bin/ceph: stderr
2024-04-25T12:54:59.143+0000 7f71b920f700 1 -- 172.21.15.38:0/1805221679 --> [v2:172.21.15.38:3300/0,v1:172.21.15.38:6789/0] -- mon_subscribe({config=0+,monmap=0+}) -- 0x7f71b419c960 con 0x7f71b4108650
2024-04-25T12:54:59.975 INFO:teuthology.orchestra.run.smithi038.stdout:/usr/bin/ceph: stderr
2024-04-25T12:54:59.144+0000 7f71b920f700 1 --2- 172.21.15.38:0/1805221679 >> [v2:172.21.15.38:3300/0,v1:172.21.15.38:6789/0] conn(0x7f71b4108650 0x7f71b419c420 secure :-1 s=READY pgs=21 cs=0 l=1 rev1=1 crypto rx=0x7f71b0006af0 tx=0x7f71b0011c10 comp rx=0 tx=0).ready entity=mon.0 client_cookie=0 server_cookie=0 in_seq=0 out_seq=0
2024-04-25T12:54:59.975 INFO:teuthology.orchestra.run.smithi038.stdout:/usr/bin/ceph: stderr
2024-04-25T12:54:59.144+0000 7f71a67fc700 1 -- 172.21.15.38:0/1805221679 <== mon.0 v2:172.21.15.38:3300/0 1 ==== mon_map magic: 0 ==== 205+0+0 (secure 0 0 0) 0x7f71b0003930 con 0x7f71b4108650
2024-04-25T12:54:59.975 INFO:teuthology.orchestra.run.smithi038.stdout:/usr/bin/ceph: stderr
2024-04-25T12:54:59.144+0000 7f71a67fc700 1 -- 172.21.15.38:0/1805221679 <== mon.0 v2:172.21.15.38:3300/0 2 ==== config(27 keys) ==== 1104+0+0 (secure 0 0 0) 0x7f71b0003ad0 con 0x7f71b4108650
2024-04-25T12:54:59.976 INFO:teuthology.orchestra.run.smithi038.stdout:/usr/bin/ceph: stderr
2024-04-25T12:54:59.144+0000 7f71bb473700 1 -- 172.21.15.38:0/1805221679 --> [v2:172.21.15.38:3300/0,v1:172.21.15.38:6789/0] -- mon_subscribe({mgrmap=0+}) -- 0x7f71b419cbf0 con 0x7f71b4108650
2024-04-25T12:54:59.976 INFO:teuthology.orchestra.run.smithi038.stdout:/usr/bin/ceph: stderr
2024-04-25T12:54:59.144+0000 7f71a67fc700 1 -- 172.21.15.38:0/1805221679 <== mon.0 v2:172.21.15.38:3300/0 3 ==== mon_map magic: 0 ==== 205+0+0 (secure 0 0 0) 0x7f71b0019610 con 0x7f71b4108650
2024-04-25T12:54:59.976 INFO:teuthology.orchestra.run.smithi038.stdout:/usr/bin/ceph: stderr
2024-04-25T12:54:59.144+0000 7f71bb473700 1 -- 172.21.15.38:0/1805221679 --> [v2:172.21.15.38:3300/0,v1:172.21.15.38:6789/0] -- mon_subscribe({osdmap=0}) -- 0x7f71b419d050 con 0x7f71b4108650
2024-04-25T12:54:59.976 INFO:teuthology.orchestra.run.smithi038.stdout:/usr/bin/ceph: stderr
2024-04-25T12:54:59.145+0000 7f71a67fc700 1 -- 172.21.15.38:0/1805221679 <== mon.0 v2:172.21.15.38:3300/0 4 ==== mgrmap(e 4) ==== 46547+0+0 (secure 0 0 0) 0x7f71b001a430 con 0x7f71b4108650
2024-04-25T12:54:59.976 INFO:teuthology.orchestra.run.smithi038.stdout:/usr/bin/ceph: stderr
2024-04-25T12:54:59.145+0000 7f71a67fc700 1 --2- 172.21.15.38:0/1805221679 >> [v2:172.21.15.38:6800/2310511598,v1:172.21.15.38:6801/2310511598] conn(0x7f71a0039620 0x7f71a003bae0 unknown :-1 s=NONE pgs=0 cs=0 l=1 rev1=0 crypto rx=0 tx=0 comp rx=0 tx=0).connect
2024-04-25T12:54:59.976 INFO:teuthology.orchestra.run.smithi038.stdout:/usr/bin/ceph: stderr
2024-04-25T12:54:59.145+0000 7f71a67fc700 1 -- 172.21.15.38:0/1805221679 <== mon.0 v2:172.21.15.38:3300/0 5 ==== osd_map(1..1 src has 1..1) ==== 725+0+0 (secure 0 0 0) 0x7f71b004da00 con 0x7f71b4108650
2024-04-25T12:54:59.976 INFO:teuthology.orchestra.run.smithi038.stdout:/usr/bin/ceph: stderr
2024-04-25T12:54:59.145+0000 7f71bb473700 1 -- 172.21.15.38:0/1805221679 --> [v2:172.21.15.38:3300/0,v1:172.21.15.38:6789/0] -- mon_command({"prefix": "get_command_descriptions"} v 0) -- 0x7f71b40640a0 con 0x7f71b4108650
2024-04-25T12:54:59.976 INFO:teuthology.orchestra.run.smithi038.stdout:/usr/bin/ceph: stderr
2024-04-25T12:54:59.145+0000 7f71b8a0e700 1 --2- 172.21.15.38:0/1805221679 >> [v2:172.21.15.38:6800/2310511598,v1:172.21.15.38:6801/2310511598] conn(0x7f71a0039620 0x7f71a003bae0 unknown :-1 s=BANNER_CONNECTING pgs=0 cs=0 l=1 rev1=0 crypto rx=0 tx=0 comp rx=0 tx=0)._handle_peer_banner_payload supported=3 required=0
2024-04-25T12:54:59.976 INFO:teuthology.orchestra.run.smithi038.stdout:/usr/bin/ceph: stderr
2024-04-25T12:54:59.146+0000 7f71b8a0e700 1 --2- 172.21.15.38:0/1805221679 >> [v2:172.21.15.38:6800/2310511598,v1:172.21.15.38:6801/2310511598] conn(0x7f71a0039620 0x7f71a003bae0 secure :-1 s=READY pgs=7 cs=0 l=1 rev1=1 crypto rx=0x7f71a8006fd0 tx=0x7f71a8006e40 comp rx=0 tx=0).ready entity=mgr.14100 client_cookie=0 server_cookie=0 in_seq=0 out_seq=0
2024-04-25T12:54:59.976 INFO:teuthology.orchestra.run.smithi038.stdout:/usr/bin/ceph: stderr
2024-04-25T12:54:59.151+0000 7f71a67fc700 1 -- 172.21.15.38:0/1805221679 <== mon.0 v2:172.21.15.38:3300/0 6 ==== mon_command_ack([{"prefix": "get_command_descriptions"}]=0 v0) ==== 72+0+188370 (secure 0 0 0) 0x7f71b0011e20 con 0x7f71b4108650
2024-04-25T12:54:59.976 INFO:teuthology.orchestra.run.smithi038.stdout:/usr/bin/ceph: stderr
2024-04-25T12:54:59.359+0000 7f71bb473700 1 -- 172.21.15.38:0/1805221679 --> [v2:172.21.15.38:3300/0,v1:172.21.15.38:6789/0] -- mon_command({"prefix": "config assimilate-conf"} v 0) -- 0x7f71b419f8e0 con 0x7f71b4108650
2024-04-25T12:54:59.976 INFO:teuthology.orchestra.run.smithi038.stdout:/usr/bin/ceph: stderr
2024-04-25T12:54:59.360+0000 7f71a67fc700 1 -- 172.21.15.38:0/1805221679 <== mon.0 v2:172.21.15.38:3300/0 7 ==== mon_command_ack([{"prefix": "config assimilate-conf"}]=0 v3) ==== 70+0+409 (secure 0 0 0) 0x7f71b00172b0 con 0x7f71b4108650
2024-04-25T12:54:59.976 INFO:teuthology.orchestra.run.smithi038.stdout:/usr/bin/ceph: stderr
2024-04-25T12:54:59.363+0000 7f71bb473700 1 -- 172.21.15.38:0/1805221679 >> [v2:172.21.15.38:6800/2310511598,v1:172.21.15.38:6801/2310511598] conn(0x7f71a0039620 msgr2=0x7f71a003bae0 secure :-1 s=STATE_CONNECTION_ESTABLISHED l=1).mark_down
2024-04-25T12:54:59.976 INFO:teuthology.orchestra.run.smithi038.stdout:/usr/bin/ceph: stderr
2024-04-25T12:54:59.363+0000 7f71bb473700 1 --2- 172.21.15.38:0/1805221679 >> [v2:172.21.15.38:6800/2310511598,v1:172.21.15.38:6801/2310511598] conn(0x7f71a0039620 0x7f71a003bae0 secure :-1 s=READY pgs=7 cs=0 l=1 rev1=1 crypto rx=0x7f71a8006fd0 tx=0x7f71a8006e40 comp rx=0 tx=0).stop
2024-04-25T12:54:59.977 INFO:teuthology.orchestra.run.smithi038.stdout:/usr/bin/ceph: stderr
2024-04-25T12:54:59.363+0000 7f71bb473700 1 -- 172.21.15.38:0/1805221679 >> [v2:172.21.15.38:3300/0,v1:172.21.15.38:6789/0] conn(0x7f71b4108650 msgr2=0x7f71b419c420 secure :-1 s=STATE_CONNECTION_ESTABLISHED l=1).mark_down
2024-04-25T12:54:59.977 INFO:teuthology.orchestra.run.smithi038.stdout:/usr/bin/ceph: stderr
2024-04-25T12:54:59.363+0000 7f71bb473700 1 --2- 172.21.15.38:0/1805221679 >> [v2:172.21.15.38:3300/0,v1:172.21.15.38:6789/0] conn(0x7f71b4108650 0x7f71b419c420 secure :-1 s=READY pgs=21 cs=0 l=1 rev1=1 crypto rx=0x7f71b0006af0 tx=0x7f71b0011c10 comp rx=0 tx=0).stop
2024-04-25T12:54:59.977 INFO:teuthology.orchestra.run.smithi038.stdout:/usr/bin/ceph: stderr
2024-04-25T12:54:59.363+0000 7f71bb473700 1 -- 172.21.15.38:0/1805221679 shutdown_connections
2024-04-25T12:54:59.977 INFO:teuthology.orchestra.run.smithi038.stdout:/usr/bin/ceph: stderr
2024-04-25T12:54:59.363+0000 7f71bb473700 1 --2- 172.21.15.38:0/1805221679 >> [v2:172.21.15.38:6800/2310511598,v1:172.21.15.38:6801/2310511598] conn(0x7f71a0039620 0x7f71a003bae0 unknown :-1 s=CLOSED pgs=7 cs=0 l=1 rev1=1 crypto rx=0 tx=0 comp rx=0 tx=0).stop
2024-04-25T12:54:59.977 INFO:teuthology.orchestra.run.smithi038.stdout:/usr/bin/ceph: stderr
2024-04-25T12:54:59.363+0000 7f71bb473700 1 --2- 172.21.15.38:0/1805221679 >> [v2:172.21.15.38:3300/0,v1:172.21.15.38:6789/0] conn(0x7f71b4108650 0x7f71b419c420 unknown :-1 s=CLOSED pgs=21 cs=0 l=1 rev1=1 crypto rx=0 tx=0 comp rx=0 tx=0).stop
2024-04-25T12:54:59.977 INFO:teuthology.orchestra.run.smithi038.stdout:/usr/bin/ceph: stderr
2024-04-25T12:54:59.363+0000 7f71bb473700 1 -- 172.21.15.38:0/1805221679 >> 172.21.15.38:0/1805221679 conn(0x7f71b4103cb0 msgr2=0x7f71b41046b0 unknown :-1 s=STATE_NONE l=0).mark_down
2024-04-25T12:54:59.977 INFO:teuthology.orchestra.run.smithi038.stdout:/usr/bin/ceph: stderr
2024-04-25T12:54:59.364+0000 7f71bb473700 1 -- 172.21.15.38:0/1805221679 shutdown_connections
2024-04-25T12:54:59.977 INFO:teuthology.orchestra.run.smithi038.stdout:/usr/bin/ceph: stderr
2024-04-25T12:54:59.364+0000 7f71bb473700 1 -- 172.21.15.38:0/1805221679 wait complete.
2024-04-25T12:54:59.977 INFO:teuthology.orchestra.run.smithi038.stdout:Enabling cephadm module...
2024-04-25T12:55:00.320 INFO:journalctl@ceph.mon.a.smithi038.stdout:Apr 25 12:54:59 smithi038 ceph-mon[29400]: from='client.? 172.21.15.38:0/1805221679' entity='client.admin' cmd=[{"prefix": "config assimilate-conf"}]: dispatch
2024-04-25T12:55:00.969 INFO:journalctl@ceph.mon.a.smithi038.stdout:Apr 25 12:55:00 smithi038 ceph-mon[29400]: from='client.? 172.21.15.38:0/2960283692' entity='client.admin' cmd=[{"prefix": "mgr module enable", "module": "cephadm"}]: dispatch
2024-04-25T12:55:01.259 INFO:journalctl@ceph.mgr.x.smithi038.stdout:Apr 25 12:55:01 smithi038 ceph-d3627c2a-0302-11ef-bc93-c7b262605968-mgr-x[29632]: ignoring --setuser ceph since I am not root
2024-04-25T12:55:01.259 INFO:journalctl@ceph.mgr.x.smithi038.stdout:Apr 25 12:55:01 smithi038 ceph-d3627c2a-0302-11ef-bc93-c7b262605968-mgr-x[29632]: ignoring --setgroup ceph since I am not root
2024-04-25T12:55:01.259 INFO:journalctl@ceph.mgr.x.smithi038.stdout:Apr 25 12:55:01 smithi038 ceph-d3627c2a-0302-11ef-bc93-c7b262605968-mgr-x[29632]:
2024-04-25T12:55:01.142+0000 7f7c7f8c1200 -1 mgr[py] Module balancer has missing NOTIFY_TYPES member
2024-04-25T12:55:01.543 INFO:journalctl@ceph.mgr.x.smithi038.stdout:Apr 25 12:55:01 smithi038 ceph-d3627c2a-0302-11ef-bc93-c7b262605968-mgr-x[29632]:
2024-04-25T12:55:01.335+0000 7f7c7f8c1200 -1 mgr[py] Module orchestrator has missing NOTIFY_TYPES member
2024-04-25T12:55:01.543 INFO:journalctl@ceph.mgr.x.smithi038.stdout:Apr 25 12:55:01 smithi038 ceph-d3627c2a-0302-11ef-bc93-c7b262605968-mgr-x[29632]:
2024-04-25T12:55:01.440+0000 7f7c7f8c1200 -1 mgr[py] Module snap_schedule has missing NOTIFY_TYPES member
2024-04-25T12:55:01.552 INFO:teuthology.orchestra.run.smithi038.stdout:/usr/bin/ceph: stderr
2024-04-25T12:55:00.439+0000 7f2a48cf5700 1 Processor -- start
2024-04-25T12:55:01.552 INFO:teuthology.orchestra.run.smithi038.stdout:/usr/bin/ceph: stderr
2024-04-25T12:55:00.439+0000 7f2a48cf5700 1 -- start start
2024-04-25T12:55:01.552 INFO:teuthology.orchestra.run.smithi038.stdout:/usr/bin/ceph: stderr
2024-04-25T12:55:00.439+0000 7f2a48cf5700 1 --2- >> [v2:172.21.15.38:3300/0,v1:172.21.15.38:6789/0] conn(0x7f2a44109010 0x7f2a4410b400 unknown :-1 s=NONE pgs=0 cs=0 l=0 rev1=0 crypto rx=0 tx=0 comp rx=0 tx=0).connect
2024-04-25T12:55:01.552 INFO:teuthology.orchestra.run.smithi038.stdout:/usr/bin/ceph: stderr
2024-04-25T12:55:00.439+0000 7f2a48cf5700 1 -- --> [v2:172.21.15.38:3300/0,v1:172.21.15.38:6789/0] -- mon_getmap magic: 0 -- 0x7f2a4407bea0 con 0x7f2a44109010
2024-04-25T12:55:01.552 INFO:teuthology.orchestra.run.smithi038.stdout:/usr/bin/ceph: stderr
2024-04-25T12:55:00.440+0000 7f2a4259c700 1 --2- >> [v2:172.21.15.38:3300/0,v1:172.21.15.38:6789/0] conn(0x7f2a44109010 0x7f2a4410b400 unknown :-1 s=BANNER_CONNECTING pgs=0 cs=0 l=0 rev1=0 crypto rx=0 tx=0 comp rx=0 tx=0)._handle_peer_banner_payload supported=3 required=0
2024-04-25T12:55:01.552 INFO:teuthology.orchestra.run.smithi038.stdout:/usr/bin/ceph: stderr
2024-04-25T12:55:00.440+0000 7f2a4259c700 1 --2- >> [v2:172.21.15.38:3300/0,v1:172.21.15.38:6789/0] conn(0x7f2a44109010 0x7f2a4410b400 unknown :-1 s=HELLO_CONNECTING pgs=0 cs=0 l=0 rev1=1 crypto rx=0 tx=0 comp rx=0 tx=0).handle_hello peer v2:172.21.15.38:3300/0 says I am v2:172.21.15.38:34924/0 (socket says 172.21.15.38:34924)
2024-04-25T12:55:01.552 INFO:teuthology.orchestra.run.smithi038.stdout:/usr/bin/ceph: stderr
2024-04-25T12:55:00.440+0000 7f2a4259c700 1 -- 172.21.15.38:0/615610985 learned_addr learned my addr 172.21.15.38:0/615610985 (peer_addr_for_me v2:172.21.15.38:0/0)
2024-04-25T12:55:01.552 INFO:teuthology.orchestra.run.smithi038.stdout:/usr/bin/ceph: stderr
2024-04-25T12:55:00.440+0000 7f2a4259c700 1 -- 172.21.15.38:0/615610985 --> [v2:172.21.15.38:3300/0,v1:172.21.15.38:6789/0] -- mon_subscribe({config=0+,monmap=0+}) -- 0x7f2a4410b940 con 0x7f2a44109010
2024-04-25T12:55:01.552 INFO:teuthology.orchestra.run.smithi038.stdout:/usr/bin/ceph: stderr
2024-04-25T12:55:00.440+0000 7f2a4259c700 1 --2- 172.21.15.38:0/615610985 >> [v2:172.21.15.38:3300/0,v1:172.21.15.38:6789/0] conn(0x7f2a44109010 0x7f2a4410b400 secure :-1 s=READY pgs=22 cs=0 l=1 rev1=1 crypto rx=0x7f2a340098a0 tx=0x7f2a34009bb0 comp rx=0 tx=0).ready entity=mon.0 client_cookie=615473db59b43a62 server_cookie=0 in_seq=0 out_seq=0
2024-04-25T12:55:01.553 INFO:teuthology.orchestra.run.smithi038.stdout:/usr/bin/ceph: stderr
2024-04-25T12:55:00.440+0000 7f2a4159a700 1 -- 172.21.15.38:0/615610985 <== mon.0 v2:172.21.15.38:3300/0 1 ==== mon_map magic: 0 ==== 205+0+0 (secure 0 0 0) 0x7f2a34004160 con 0x7f2a44109010
2024-04-25T12:55:01.553 INFO:teuthology.orchestra.run.smithi038.stdout:/usr/bin/ceph: stderr
2024-04-25T12:55:00.440+0000 7f2a4159a700 1 -- 172.21.15.38:0/615610985 <== mon.0 v2:172.21.15.38:3300/0 2 ==== config(27 keys) ==== 1104+0+0 (secure 0 0 0) 0x7f2a34004300 con 0x7f2a44109010
2024-04-25T12:55:01.553 INFO:teuthology.orchestra.run.smithi038.stdout:/usr/bin/ceph: stderr
2024-04-25T12:55:00.440+0000 7f2a4159a700 1 -- 172.21.15.38:0/615610985 <== mon.0 v2:172.21.15.38:3300/0 3 ==== mon_map magic: 0 ==== 205+0+0 (secure 0 0 0) 0x7f2a34011b20 con 0x7f2a44109010
2024-04-25T12:55:01.553 INFO:teuthology.orchestra.run.smithi038.stdout:/usr/bin/ceph: stderr
2024-04-25T12:55:00.441+0000 7f2a48cf5700 1 -- 172.21.15.38:0/615610985 >> [v2:172.21.15.38:3300/0,v1:172.21.15.38:6789/0] conn(0x7f2a44109010 msgr2=0x7f2a4410b400 secure :-1 s=STATE_CONNECTION_ESTABLISHED l=1).mark_down
2024-04-25T12:55:01.553 INFO:teuthology.orchestra.run.smithi038.stdout:/usr/bin/ceph: stderr
2024-04-25T12:55:00.441+0000 7f2a48cf5700 1 --2- 172.21.15.38:0/615610985 >> [v2:172.21.15.38:3300/0,v1:172.21.15.38:6789/0] conn(0x7f2a44109010 0x7f2a4410b400 secure :-1 s=READY pgs=22 cs=0 l=1 rev1=1 crypto rx=0x7f2a340098a0 tx=0x7f2a34009bb0 comp rx=0 tx=0).stop
2024-04-25T12:55:01.553 INFO:teuthology.orchestra.run.smithi038.stdout:/usr/bin/ceph: stderr
2024-04-25T12:55:00.441+0000 7f2a48cf5700 1 -- 172.21.15.38:0/615610985 shutdown_connections
2024-04-25T12:55:01.554 INFO:teuthology.orchestra.run.smithi038.stdout:/usr/bin/ceph: stderr
2024-04-25T12:55:00.441+0000 7f2a48cf5700 1 --2- 172.21.15.38:0/615610985 >> [v2:172.21.15.38:3300/0,v1:172.21.15.38:6789/0] conn(0x7f2a44109010 0x7f2a4410b400 unknown :-1 s=CLOSED pgs=22 cs=0 l=1 rev1=1 crypto rx=0 tx=0 comp rx=0 tx=0).stop
2024-04-25T12:55:01.554 INFO:teuthology.orchestra.run.smithi038.stdout:/usr/bin/ceph: stderr
2024-04-25T12:55:00.441+0000 7f2a48cf5700 1 -- 172.21.15.38:0/615610985 >> 172.21.15.38:0/615610985 conn(0x7f2a44102a40 msgr2=0x7f2a44104e80 unknown :-1 s=STATE_NONE l=0).mark_down
2024-04-25T12:55:01.554 INFO:teuthology.orchestra.run.smithi038.stdout:/usr/bin/ceph: stderr
2024-04-25T12:55:00.441+0000 7f2a48cf5700 1 -- 172.21.15.38:0/615610985 shutdown_connections
2024-04-25T12:55:01.554 INFO:teuthology.orchestra.run.smithi038.stdout:/usr/bin/ceph: stderr
2024-04-25T12:55:00.441+0000 7f2a48cf5700 1 -- 172.21.15.38:0/615610985 wait complete.
