2024-04-25T12:55:25.722+0000 7f0279e61700 1 --2- >> [v2:172.21.15.38:3300/0,v1:172.21.15.38:6789/0] conn(0x7f02741074c0 0x7f027419c490 unknown :-1 s=NONE pgs=0 cs=0 l=1 rev1=0 crypto rx=0 tx=0 comp rx=0 tx=0).connect
2024-04-25T12:55:27.268 INFO:teuthology.orchestra.run.smithi038.stdout:/usr/bin/ceph: stderr
2024-04-25T12:55:25.722+0000 7f0279e61700 1 -- --> [v2:172.21.15.38:3300/0,v1:172.21.15.38:6789/0] -- mon_getmap magic: 0 -- 0x7f027410ba70 con 0x7f02741074c0
2024-04-25T12:55:27.268 INFO:teuthology.orchestra.run.smithi038.stdout:/usr/bin/ceph: stderr
2024-04-25T12:55:25.722+0000 7f02737fe700 1 --2- >> [v2:172.21.15.38:3300/0,v1:172.21.15.38:6789/0] conn(0x7f02741074c0 0x7f027419c490 unknown :-1 s=BANNER_CONNECTING pgs=0 cs=0 l=1 rev1=0 crypto rx=0 tx=0 comp rx=0 tx=0)._handle_peer_banner_payload supported=3 required=0
2024-04-25T12:55:27.269 INFO:teuthology.orchestra.run.smithi038.stdout:/usr/bin/ceph: stderr
2024-04-25T12:55:25.722+0000 7f02737fe700 1 --2- >> [v2:172.21.15.38:3300/0,v1:172.21.15.38:6789/0] conn(0x7f02741074c0 0x7f027419c490 unknown :-1 s=HELLO_CONNECTING pgs=0 cs=0 l=1 rev1=1 crypto rx=0 tx=0 comp rx=0 tx=0).handle_hello peer v2:172.21.15.38:3300/0 says I am v2:172.21.15.38:37946/0 (socket says 172.21.15.38:37946)
2024-04-25T12:55:27.269 INFO:teuthology.orchestra.run.smithi038.stdout:/usr/bin/ceph: stderr
2024-04-25T12:55:25.722+0000 7f02737fe700 1 -- 172.21.15.38:0/3070258986 learned_addr learned my addr 172.21.15.38:0/3070258986 (peer_addr_for_me v2:172.21.15.38:0/0)
2024-04-25T12:55:27.269 INFO:teuthology.orchestra.run.smithi038.stdout:/usr/bin/ceph: stderr
2024-04-25T12:55:25.722+0000 7f02737fe700 1 -- 172.21.15.38:0/3070258986 --> [v2:172.21.15.38:3300/0,v1:172.21.15.38:6789/0] -- mon_subscribe({config=0+,monmap=0+}) -- 0x7f027419c9d0 con 0x7f02741074c0
2024-04-25T12:55:27.269 INFO:teuthology.orchestra.run.smithi038.stdout:/usr/bin/ceph: stderr
2024-04-25T12:55:25.722+0000 7f02737fe700 1 --2- 172.21.15.38:0/3070258986 >> [v2:172.21.15.38:3300/0,v1:172.21.15.38:6789/0] conn(0x7f02741074c0 0x7f027419c490 secure :-1 s=READY pgs=54 cs=0 l=1 rev1=1 crypto rx=0x7f0264009e50 tx=0x7f026400bd50 comp rx=0 tx=0).ready entity=mon.0 client_cookie=0 server_cookie=0 in_seq=0 out_seq=0
2024-04-25T12:55:27.269 INFO:teuthology.orchestra.run.smithi038.stdout:/usr/bin/ceph: stderr
2024-04-25T12:55:25.722+0000 7f0270ff9700 1 -- 172.21.15.38:0/3070258986 <== mon.0 v2:172.21.15.38:3300/0 1 ==== mon_map magic: 0 ==== 205+0+0 (secure 0 0 0) 0x7f0264021020 con 0x7f02741074c0
2024-04-25T12:55:27.269 INFO:teuthology.orchestra.run.smithi038.stdout:/usr/bin/ceph: stderr
2024-04-25T12:55:25.722+0000 7f0270ff9700 1 -- 172.21.15.38:0/3070258986 <== mon.0 v2:172.21.15.38:3300/0 2 ==== config(27 keys) ==== 1135+0+0 (secure 0 0 0) 0x7f0264003c60 con 0x7f02741074c0
2024-04-25T12:55:27.269 INFO:teuthology.orchestra.run.smithi038.stdout:/usr/bin/ceph: stderr
2024-04-25T12:55:25.722+0000 7f0270ff9700 1 -- 172.21.15.38:0/3070258986 <== mon.0 v2:172.21.15.38:3300/0 3 ==== mon_map magic: 0 ==== 205+0+0 (secure 0 0 0) 0x7f0264017040 con 0x7f02741074c0
2024-04-25T12:55:27.269 INFO:teuthology.orchestra.run.smithi038.stdout:/usr/bin/ceph: stderr
2024-04-25T12:55:25.722+0000 7f0279e61700 1 -- 172.21.15.38:0/3070258986 --> [v2:172.21.15.38:3300/0,v1:172.21.15.38:6789/0] -- mon_subscribe({mgrmap=0+}) -- 0x7f027419cc60 con 0x7f02741074c0
2024-04-25T12:55:27.269 INFO:teuthology.orchestra.run.smithi038.stdout:/usr/bin/ceph: stderr
2024-04-25T12:55:25.722+0000 7f0279e61700 1 -- 172.21.15.38:0/3070258986 --> [v2:172.21.15.38:3300/0,v1:172.21.15.38:6789/0] -- mon_subscribe({osdmap=0}) -- 0x7f027419f950 con 0x7f02741074c0
2024-04-25T12:55:27.269 INFO:teuthology.orchestra.run.smithi038.stdout:/usr/bin/ceph: stderr
2024-04-25T12:55:25.723+0000 7f0270ff9700 1 -- 172.21.15.38:0/3070258986 <== mon.0 v2:172.21.15.38:3300/0 4 ==== mgrmap(e 8) ==== 46558+0+0 (secure 0 0 0) 0x7f0264024020 con 0x7f02741074c0
2024-04-25T12:55:27.269 INFO:teuthology.orchestra.run.smithi038.stdout:/usr/bin/ceph: stderr
2024-04-25T12:55:25.723+0000 7f0279e61700 1 -- 172.21.15.38:0/3070258986 --> [v2:172.21.15.38:3300/0,v1:172.21.15.38:6789/0] -- mon_command({"prefix": "get_command_descriptions"} v 0) -- 0x7f02740640a0 con 0x7f02741074c0
2024-04-25T12:55:27.269 INFO:teuthology.orchestra.run.smithi038.stdout:/usr/bin/ceph: stderr
2024-04-25T12:55:25.723+0000 7f0270ff9700 1 --2- 172.21.15.38:0/3070258986 >> [v2:172.21.15.38:6800/3157707598,v1:172.21.15.38:6801/3157707598] conn(0x7f0260039620 0x7f026003bae0 unknown :-1 s=NONE pgs=0 cs=0 l=1 rev1=0 crypto rx=0 tx=0 comp rx=0 tx=0).connect
2024-04-25T12:55:27.269 INFO:teuthology.orchestra.run.smithi038.stdout:/usr/bin/ceph: stderr
2024-04-25T12:55:25.724+0000 7f0270ff9700 1 -- 172.21.15.38:0/3070258986 <== mon.0 v2:172.21.15.38:3300/0 5 ==== osd_map(2..2 src has 1..2) ==== 940+0+0 (secure 0 0 0) 0x7f026400f050 con 0x7f02741074c0
2024-04-25T12:55:27.269 INFO:teuthology.orchestra.run.smithi038.stdout:/usr/bin/ceph: stderr
2024-04-25T12:55:25.724+0000 7f0272ffd700 1 --2- 172.21.15.38:0/3070258986 >> [v2:172.21.15.38:6800/3157707598,v1:172.21.15.38:6801/3157707598] conn(0x7f0260039620 0x7f026003bae0 unknown :-1 s=BANNER_CONNECTING pgs=0 cs=0 l=1 rev1=0 crypto rx=0 tx=0 comp rx=0 tx=0)._handle_peer_banner_payload supported=3 required=0
2024-04-25T12:55:27.270 INFO:teuthology.orchestra.run.smithi038.stdout:/usr/bin/ceph: stderr
2024-04-25T12:55:25.724+0000 7f0272ffd700 1 --2- 172.21.15.38:0/3070258986 >> [v2:172.21.15.38:6800/3157707598,v1:172.21.15.38:6801/3157707598] conn(0x7f0260039620 0x7f026003bae0 secure :-1 s=READY pgs=15 cs=0 l=1 rev1=1 crypto rx=0x7f025c006fd0 tx=0x7f025c006e40 comp rx=0 tx=0).ready entity=mgr.14120 client_cookie=0 server_cookie=0 in_seq=0 out_seq=0
2024-04-25T12:55:27.270 INFO:teuthology.orchestra.run.smithi038.stdout:/usr/bin/ceph: stderr
2024-04-25T12:55:25.729+0000 7f0270ff9700 1 -- 172.21.15.38:0/3070258986 <== mon.0 v2:172.21.15.38:3300/0 6 ==== mon_command_ack([{"prefix": "get_command_descriptions"}]=0 v0) ==== 72+0+188370 (secure 0 0 0) 0x7f0264053020 con 0x7f02741074c0
2024-04-25T12:55:27.270 INFO:teuthology.orchestra.run.smithi038.stdout:/usr/bin/ceph: stderr
2024-04-25T12:55:25.953+0000 7f0279e61700 1 -- 172.21.15.38:0/3070258986 --> [v2:172.21.15.38:3300/0,v1:172.21.15.38:6789/0] -- mon_command([{prefix=config set, name=mgr/dashboard/ssl_server_port}] v 0) -- 0x7f027402e330 con 0x7f02741074c0
2024-04-25T12:55:27.270 INFO:teuthology.orchestra.run.smithi038.stdout:/usr/bin/ceph: stderr
2024-04-25T12:55:25.956+0000 7f0270ff9700 1 -- 172.21.15.38:0/3070258986 <== mon.0 v2:172.21.15.38:3300/0 7 ==== mon_command_ack([{prefix=config set, name=mgr/dashboard/ssl_server_port}]=0 v8)=0 v8) ==== 130+0+0 (secure 0 0 0) 0x7f026402b020 con 0x7f02741074c0
2024-04-25T12:55:27.270 INFO:teuthology.orchestra.run.smithi038.stdout:/usr/bin/ceph: stderr
2024-04-25T12:55:25.958+0000 7f0279e61700 1 -- 172.21.15.38:0/3070258986 >> [v2:172.21.15.38:6800/3157707598,v1:172.21.15.38:6801/3157707598] conn(0x7f0260039620 msgr2=0x7f026003bae0 secure :-1 s=STATE_CONNECTION_ESTABLISHED l=1).mark_down
2024-04-25T12:55:27.270 INFO:teuthology.orchestra.run.smithi038.stdout:/usr/bin/ceph: stderr
2024-04-25T12:55:25.958+0000 7f0279e61700 1 --2- 172.21.15.38:0/3070258986 >> [v2:172.21.15.38:6800/3157707598,v1:172.21.15.38:6801/3157707598] conn(0x7f0260039620 0x7f026003bae0 secure :-1 s=READY pgs=15 cs=0 l=1 rev1=1 crypto rx=0x7f025c006fd0 tx=0x7f025c006e40 comp rx=0 tx=0).stop
2024-04-25T12:55:27.270 INFO:teuthology.orchestra.run.smithi038.stdout:/usr/bin/ceph: stderr
2024-04-25T12:55:25.958+0000 7f0279e61700 1 -- 172.21.15.38:0/3070258986 >> [v2:172.21.15.38:3300/0,v1:172.21.15.38:6789/0] conn(0x7f02741074c0 msgr2=0x7f027419c490 secure :-1 s=STATE_CONNECTION_ESTABLISHED l=1).mark_down
2024-04-25T12:55:27.270 INFO:teuthology.orchestra.run.smithi038.stdout:/usr/bin/ceph: stderr
2024-04-25T12:55:25.958+0000 7f0279e61700 1 --2- 172.21.15.38:0/3070258986 >> [v2:172.21.15.38:3300/0,v1:172.21.15.38:6789/0] conn(0x7f02741074c0 0x7f027419c490 secure :-1 s=READY pgs=54 cs=0 l=1 rev1=1 crypto rx=0x7f0264009e50 tx=0x7f026400bd50 comp rx=0 tx=0).stop
2024-04-25T12:55:27.270 INFO:teuthology.orchestra.run.smithi038.stdout:/usr/bin/ceph: stderr
2024-04-25T12:55:25.958+0000 7f0279e61700 1 -- 172.21.15.38:0/3070258986 shutdown_connections
2024-04-25T12:55:27.270 INFO:teuthology.orchestra.run.smithi038.stdout:/usr/bin/ceph: stderr
2024-04-25T12:55:25.958+0000 7f0279e61700 1 --2- 172.21.15.38:0/3070258986 >> [v2:172.21.15.38:6800/3157707598,v1:172.21.15.38:6801/3157707598] conn(0x7f0260039620 0x7f026003bae0 unknown :-1 s=CLOSED pgs=15 cs=0 l=1 rev1=1 crypto rx=0 tx=0 comp rx=0 tx=0).stop
2024-04-25T12:55:27.270 INFO:teuthology.orchestra.run.smithi038.stdout:/usr/bin/ceph: stderr
2024-04-25T12:55:25.958+0000 7f0279e61700 1 --2- 172.21.15.38:0/3070258986 >> [v2:172.21.15.38:3300/0,v1:172.21.15.38:6789/0] conn(0x7f02741074c0 0x7f027419c490 unknown :-1 s=CLOSED pgs=54 cs=0 l=1 rev1=1 crypto rx=0 tx=0 comp rx=0 tx=0).stop
2024-04-25T12:55:27.270 INFO:teuthology.orchestra.run.smithi038.stdout:/usr/bin/ceph: stderr
2024-04-25T12:55:25.958+0000 7f0279e61700 1 -- 172.21.15.38:0/3070258986 >> 172.21.15.38:0/3070258986 conn(0x7f0274102aa0 msgr2=0x7f0274103880 unknown :-1 s=STATE_NONE l=0).mark_down
2024-04-25T12:55:27.270 INFO:teuthology.orchestra.run.smithi038.stdout:/usr/bin/ceph: stderr
2024-04-25T12:55:25.958+0000 7f0279e61700 1 -- 172.21.15.38:0/3070258986 shutdown_connections
2024-04-25T12:55:27.270 INFO:teuthology.orchestra.run.smithi038.stdout:/usr/bin/ceph: stderr
2024-04-25T12:55:25.958+0000 7f0279e61700 1 -- 172.21.15.38:0/3070258986 wait complete.
2024-04-25T12:55:27.270 INFO:teuthology.orchestra.run.smithi038.stdout:Enabling the dashboard module...
2024-04-25T12:55:28.277 INFO:journalctl@ceph.mon.a.smithi038.stdout:Apr 25 12:55:28 smithi038 ceph-mon[29400]: from='client.? 172.21.15.38:0/1129336188' entity='client.admin' cmd=[{"prefix": "mgr module enable", "module": "dashboard"}]: dispatch
2024-04-25T12:55:28.277 INFO:journalctl@ceph.mgr.x.smithi038.stdout:Apr 25 12:55:28 smithi038 ceph-d3627c2a-0302-11ef-bc93-c7b262605968-mgr-x[29632]: ignoring --setuser ceph since I am not root
2024-04-25T12:55:28.277 INFO:journalctl@ceph.mgr.x.smithi038.stdout:Apr 25 12:55:28 smithi038 ceph-d3627c2a-0302-11ef-bc93-c7b262605968-mgr-x[29632]: ignoring --setgroup ceph since I am not root
2024-04-25T12:55:28.278 INFO:journalctl@ceph.mgr.x.smithi038.stdout:Apr 25 12:55:28 smithi038 ceph-d3627c2a-0302-11ef-bc93-c7b262605968-mgr-x[29632]:
2024-04-25T12:55:28.207+0000 7f1e1e3ae200 -1 mgr[py] Module balancer has missing NOTIFY_TYPES member
2024-04-25T12:55:28.570 INFO:journalctl@ceph.mgr.x.smithi038.stdout:Apr 25 12:55:28 smithi038 ceph-d3627c2a-0302-11ef-bc93-c7b262605968-mgr-x[29632]:
2024-04-25T12:55:28.402+0000 7f1e1e3ae200 -1 mgr[py] Module orchestrator has missing NOTIFY_TYPES member
2024-04-25T12:55:28.570 INFO:journalctl@ceph.mgr.x.smithi038.stdout:Apr 25 12:55:28 smithi038 ceph-d3627c2a-0302-11ef-bc93-c7b262605968-mgr-x[29632]:
2024-04-25T12:55:28.508+0000 7f1e1e3ae200 -1 mgr[py] Module snap_schedule has missing NOTIFY_TYPES member
2024-04-25T12:55:28.676 INFO:teuthology.orchestra.run.smithi038.stdout:/usr/bin/ceph: stderr
2024-04-25T12:55:27.677+0000 7f3de2462700 1 Processor -- start
2024-04-25T12:55:28.681 INFO:teuthology.orchestra.run.smithi038.stdout:/usr/bin/ceph: stderr
2024-04-25T12:55:27.677+0000 7f3de2462700 1 -- start start
2024-04-25T12:55:28.681 INFO:teuthology.orchestra.run.smithi038.stdout:/usr/bin/ceph: stderr
2024-04-25T12:55:27.677+0000 7f3de2462700 1 --2- >> [v2:172.21.15.38:3300/0,v1:172.21.15.38:6789/0] conn(0x7f3ddc108610 0x7f3ddc108a30 unknown :-1 s=NONE pgs=0 cs=0 l=0 rev1=0 crypto rx=0 tx=0 comp rx=0 tx=0).connect
2024-04-25T12:55:28.681 INFO:teuthology.orchestra.run.smithi038.stdout:/usr/bin/ceph: stderr
2024-04-25T12:55:27.677+0000 7f3de2462700 1 -- --> [v2:172.21.15.38:3300/0,v1:172.21.15.38:6789/0] -- mon_getmap magic: 0 -- 0x7f3ddc109000 con 0x7f3ddc108610
2024-04-25T12:55:28.681 INFO:teuthology.orchestra.run.smithi038.stdout:/usr/bin/ceph: stderr
2024-04-25T12:55:27.677+0000 7f3ddbfff700 1 --2- >> [v2:172.21.15.38:3300/0,v1:172.21.15.38:6789/0] conn(0x7f3ddc108610 0x7f3ddc108a30 unknown :-1 s=BANNER_CONNECTING pgs=0 cs=0 l=0 rev1=0 crypto rx=0 tx=0 comp rx=0 tx=0)._handle_peer_banner_payload supported=3 required=0
2024-04-25T12:55:28.681 INFO:teuthology.orchestra.run.smithi038.stdout:/usr/bin/ceph: stderr
2024-04-25T12:55:27.677+0000 7f3ddbfff700 1 --2- >> [v2:172.21.15.38:3300/0,v1:172.21.15.38:6789/0] conn(0x7f3ddc108610 0x7f3ddc108a30 unknown :-1 s=HELLO_CONNECTING pgs=0 cs=0 l=0 rev1=1 crypto rx=0 tx=0 comp rx=0 tx=0).handle_hello peer v2:172.21.15.38:3300/0 says I am v2:172.21.15.38:37950/0 (socket says 172.21.15.38:37950)
2024-04-25T12:55:28.681 INFO:teuthology.orchestra.run.smithi038.stdout:/usr/bin/ceph: stderr
2024-04-25T12:55:27.677+0000 7f3ddbfff700 1 -- 172.21.15.38:0/800024410 learned_addr learned my addr 172.21.15.38:0/800024410 (peer_addr_for_me v2:172.21.15.38:0/0)
2024-04-25T12:55:28.681 INFO:teuthology.orchestra.run.smithi038.stdout:/usr/bin/ceph: stderr
2024-04-25T12:55:27.677+0000 7f3ddbfff700 1 -- 172.21.15.38:0/800024410 --> [v2:172.21.15.38:3300/0,v1:172.21.15.38:6789/0] -- mon_subscribe({config=0+,monmap=0+}) -- 0x7f3ddc1097c0 con 0x7f3ddc108610
2024-04-25T12:55:28.682 INFO:teuthology.orchestra.run.smithi038.stdout:/usr/bin/ceph: stderr
2024-04-25T12:55:27.677+0000 7f3ddbfff700 1 --2- 172.21.15.38:0/800024410 >> [v2:172.21.15.38:3300/0,v1:172.21.15.38:6789/0] conn(0x7f3ddc108610 0x7f3ddc108a30 secure :-1 s=READY pgs=55 cs=0 l=1 rev1=1 crypto rx=0x7f3dd00098a0 tx=0x7f3dd0009bb0 comp rx=0 tx=0).ready entity=mon.0 client_cookie=b1b486ed3f3d4ca0 server_cookie=0 in_seq=0 out_seq=0
2024-04-25T12:55:28.682 INFO:teuthology.orchestra.run.smithi038.stdout:/usr/bin/ceph: stderr
2024-04-25T12:55:27.678+0000 7f3ddaffd700 1 -- 172.21.15.38:0/800024410 <== mon.0 v2:172.21.15.38:3300/0 1 ==== mon_map magic: 0 ==== 205+0+0 (secure 0 0 0) 0x7f3dd0004160 con 0x7f3ddc108610
2024-04-25T12:55:28.682 INFO:teuthology.orchestra.run.smithi038.stdout:/usr/bin/ceph: stderr
2024-04-25T12:55:27.678+0000 7f3ddaffd700 1 -- 172.21.15.38:0/800024410 <== mon.0 v2:172.21.15.38:3300/0 2 ==== config(27 keys) ==== 1135+0+0 (secure 0 0 0) 0x7f3dd0004300 con 0x7f3ddc108610
2024-04-25T12:55:28.682 INFO:teuthology.orchestra.run.smithi038.stdout:/usr/bin/ceph: stderr
2024-04-25T12:55:27.678+0000 7f3ddaffd700 1 -- 172.21.15.38:0/800024410 <== mon.0 v2:172.21.15.38:3300/0 3 ==== mon_map magic: 0 ==== 205+0+0 (secure 0 0 0) 0x7f3dd0011af0 con 0x7f3ddc108610
2024-04-25T12:55:28.682 INFO:teuthology.orchestra.run.smithi038.stdout:/usr/bin/ceph: stderr
2024-04-25T12:55:27.678+0000 7f3de2462700 1 -- 172.21.15.38:0/800024410 >> [v2:172.21.15.38:3300/0,v1:172.21.15.38:6789/0] conn(0x7f3ddc108610 msgr2=0x7f3ddc108a30 secure :-1 s=STATE_CONNECTION_ESTABLISHED l=1).mark_down
2024-04-25T12:55:28.682 INFO:teuthology.orchestra.run.smithi038.stdout:/usr/bin/ceph: stderr
2024-04-25T12:55:27.678+0000 7f3de2462700 1 --2- 172.21.15.38:0/800024410 >> [v2:172.21.15.38:3300/0,v1:172.21.15.38:6789/0] conn(0x7f3ddc108610 0x7f3ddc108a30 secure :-1 s=READY pgs=55 cs=0 l=1 rev1=1 crypto rx=0x7f3dd00098a0 tx=0x7f3dd0009bb0 comp rx=0 tx=0).stop
2024-04-25T12:55:28.682 INFO:teuthology.orchestra.run.smithi038.stdout:/usr/bin/ceph: stderr
2024-04-25T12:55:27.678+0000 7f3de2462700 1 -- 172.21.15.38:0/800024410 shutdown_connections
2024-04-25T12:55:28.682 INFO:teuthology.orchestra.run.smithi038.stdout:/usr/bin/ceph: stderr
2024-04-25T12:55:27.679+0000 7f3de2462700 1 --2- 172.21.15.38:0/800024410 >> [v2:172.21.15.38:3300/0,v1:172.21.15.38:6789/0] conn(0x7f3ddc108610 0x7f3ddc108a30 unknown :-1 s=CLOSED pgs=55 cs=0 l=1 rev1=1 crypto rx=0 tx=0 comp rx=0 tx=0).stop
2024-04-25T12:55:28.682 INFO:teuthology.orchestra.run.smithi038.stdout:/usr/bin/ceph: stderr
2024-04-25T12:55:27.679+0000 7f3de2462700 1 -- 172.21.15.38:0/800024410 >> 172.21.15.38:0/800024410 conn(0x7f3ddc103c10 msgr2=0x7f3ddc106030 unknown :-1 s=STATE_NONE l=0).mark_down
2024-04-25T12:55:28.682 INFO:teuthology.orchestra.run.smithi038.stdout:/usr/bin/ceph: stderr
2024-04-25T12:55:27.679+0000 7f3de2462700 1 -- 172.21.15.38:0/800024410 shutdown_connections
2024-04-25T12:55:28.682 INFO:teuthology.orchestra.run.smithi038.stdout:/usr/bin/ceph: stderr
2024-04-25T12:55:27.679+0000 7f3de2462700 1 -- 172.21.15.38:0/800024410 wait complete.
2024-04-25T12:55:28.682 INFO:teuthology.orchestra.run.smithi038.stdout:/usr/bin/ceph: stderr
2024-04-25T12:55:27.679+0000 7f3de2462700 1 Processor -- start
2024-04-25T12:55:28.682 INFO:teuthology.orchestra.run.smithi038.stdout:/usr/bin/ceph: stderr
2024-04-25T12:55:27.679+0000 7f3de2462700 1 -- start start
2024-04-25T12:55:28.683 INFO:teuthology.orchestra.run.smithi038.stdout:/usr/bin/ceph: stderr
2024-04-25T12:55:27.680+0000 7f3de2462700 1 --2- >> [v2:172.21.15.38:3300/0,v1:172.21.15.38:6789/0] conn(0x7f3ddc108610 0x7f3ddc07db60 unknown :-1 s=NONE pgs=0 cs=0 l=1 rev1=0 crypto rx=0 tx=0 comp rx=0 tx=0).connect
2024-04-25T12:55:28.683 INFO:teuthology.orchestra.run.smithi038.stdout:/usr/bin/ceph: stderr
2024-04-25T12:55:27.680+0000 7f3de2462700 1 -- --> [v2:172.21.15.38:3300/0,v1:172.21.15.38:6789/0] -- mon_getmap magic: 0 -- 0x7f3ddc10cb70 con 0x7f3ddc108610
2024-04-25T12:55:28.683 INFO:teuthology.orchestra.run.smithi038.stdout:/usr/bin/ceph: stderr
2024-04-25T12:55:27.680+0000 7f3ddbfff700 1 --2- >> [v2:172.21.15.38:3300/0,v1:172.21.15.38:6789/0] conn(0x7f3ddc108610 0x7f3ddc07db60 unknown :-1 s=BANNER_CONNECTING pgs=0 cs=0 l=1 rev1=0 crypto rx=0 tx=0 comp rx=0 tx=0)._handle_peer_banner_payload supported=3 required=0
2024-04-25T12:55:28.683 INFO:teuthology.orchestra.run.smithi038.stdout:/usr/bin/ceph: stderr
2024-04-25T12:55:27.680+0000 7f3ddbfff700 1 --2- >> [v2:172.21.15.38:3300/0,v1:172.21.15.38:6789/0] conn(0x7f3ddc108610 0x7f3ddc07db60 unknown :-1 s=HELLO_CONNECTING pgs=0 cs=0 l=1 rev1=1 crypto rx=0 tx=0 comp rx=0 tx=0).handle_hello peer v2:172.21.15.38:3300/0 says I am v2:172.21.15.38:37966/0 (socket says 172.21.15.38:37966)
2024-04-25T12:55:28.683 INFO:teuthology.orchestra.run.smithi038.stdout:/usr/bin/ceph: stderr
2024-04-25T12:55:27.680+0000 7f3ddbfff700 1 -- 172.21.15.38:0/1129336188 learned_addr learned my addr 172.21.15.38:0/1129336188 (peer_addr_for_me v2:172.21.15.38:0/0)
2024-04-25T12:55:28.683 INFO:teuthology.orchestra.run.smithi038.stdout:/usr/bin/ceph: stderr
2024-04-25T12:55:27.680+0000 7f3ddbfff700 1 -- 172.21.15.38:0/1129336188 --> [v2:172.21.15.38:3300/0,v1:172.21.15.38:6789/0] -- mon_subscribe({config=0+,monmap=0+}) -- 0x7f3ddc07e0a0 con 0x7f3ddc108610
2024-04-25T12:55:28.683 INFO:teuthology.orchestra.run.smithi038.stdout:/usr/bin/ceph: stderr
2024-04-25T12:55:27.680+0000 7f3ddbfff700 1 --2- 172.21.15.38:0/1129336188 >> [v2:172.21.15.38:3300/0,v1:172.21.15.38:6789/0] conn(0x7f3ddc108610 0x7f3ddc07db60 secure :-1 s=READY pgs=56 cs=0 l=1 rev1=1 crypto rx=0x7f3dd0009520 tx=0x7f3dd0003eb0 comp rx=0 tx=0).ready entity=mon.0 client_cookie=0 server_cookie=0 in_seq=0 out_seq=0
2024-04-25T12:55:28.683 INFO:teuthology.orchestra.run.smithi038.stdout:/usr/bin/ceph: stderr
2024-04-25T12:55:27.680+0000 7f3dd97fa700 1 -- 172.21.15.38:0/1129336188 <== mon.0 v2:172.21.15.38:3300/0 1 ==== mon_map magic: 0 ==== 205+0+0 (secure 0 0 0) 0x7f3dd00036a0 con 0x7f3ddc108610
2024-04-25T12:55:28.683 INFO:teuthology.orchestra.run.smithi038.stdout:/usr/bin/ceph: stderr
2024-04-25T12:55:27.680+0000 7f3de2462700 1 -- 172.21.15.38:0/1129336188 --> [v2:172.21.15.38:3300/0,v1:172.21.15.38:6789/0] -- mon_subscribe({mgrmap=0+}) -- 0x7f3ddc07c290 con 0x7f3ddc108610
2024-04-25T12:55:28.683 INFO:teuthology.orchestra.run.smithi038.stdout:/usr/bin/ceph: stderr
2024-04-25T12:55:27.680+0000 7f3dd97fa700 1 -- 172.21.15.38:0/1129336188 <== mon.0 v2:172.21.15.38:3300/0 2 ==== config(27 keys) ==== 1135+0+0 (secure 0 0 0) 0x7f3dd001a430 con 0x7f3ddc108610
2024-04-25T12:55:28.683 INFO:teuthology.orchestra.run.smithi038.stdout:/usr/bin/ceph: stderr
2024-04-25T12:55:27.680+0000 7f3dd97fa700 1 -- 172.21.15.38:0/1129336188 <== mon.0 v2:172.21.15.38:3300/0 3 ==== mon_map magic: 0 ==== 205+0+0 (secure 0 0 0) 0x7f3dd00193c0 con 0x7f3ddc108610
2024-04-25T12:55:28.683 INFO:teuthology.orchestra.run.smithi038.stdout:/usr/bin/ceph: stderr
2024-04-25T12:55:27.680+0000 7f3de2462700 1 -- 172.21.15.38:0/1129336188 --> [v2:172.21.15.38:3300/0,v1:172.21.15.38:6789/0] -- mon_subscribe({osdmap=0}) -- 0x7f3ddc07c7d0 con 0x7f3ddc108610
2024-04-25T12:55:28.683 INFO:teuthology.orchestra.run.smithi038.stdout:/usr/bin/ceph: stderr
2024-04-25T12:55:27.681+0000 7f3de2462700 1 -- 172.21.15.38:0/1129336188 --> [v2:172.21.15.38:3300/0,v1:172.21.15.38:6789/0] -- mon_command({"prefix": "get_command_descriptions"} v 0) -- 0x7f3ddc0640a0 con 0x7f3ddc108610
2024-04-25T12:55:28.683 INFO:teuthology.orchestra.run.smithi038.stdout:/usr/bin/ceph: stderr
2024-04-25T12:55:27.682+0000 7f3dd97fa700 1 -- 172.21.15.38:0/1129336188 <== mon.0 v2:172.21.15.38:3300/0 4 ==== mgrmap(e 8) ==== 46558+0+0 (secure 0 0 0) 0x7f3dd0019560 con 0x7f3ddc108610
2024-04-25T12:55:28.684 INFO:teuthology.orchestra.run.smithi038.stdout:/usr/bin/ceph: stderr
2024-04-25T12:55:27.682+0000 7f3dd97fa700 1 --2- 172.21.15.38:0/1129336188 >> [v2:172.21.15.38:6800/3157707598,v1:172.21.15.38:6801/3157707598] conn(0x7f3dc4039670 0x7f3dc403bb30 unknown :-1 s=NONE pgs=0 cs=0 l=1 rev1=0 crypto rx=0 tx=0 comp rx=0 tx=0).connect
2024-04-25T12:55:28.684 INFO:teuthology.orchestra.run.smithi038.stdout:/usr/bin/ceph: stderr
2024-04-25T12:55:27.682+0000 7f3dd97fa700 1 -- 172.21.15.38:0/1129336188 <== mon.0 v2:172.21.15.38:3300/0 5 ==== osd_map(2..2 src has 1..2) ==== 940+0+0 (secure 0 0 0) 0x7f3dd004d7f0 con 0x7f3ddc108610
2024-04-25T12:55:28.684 INFO:teuthology.orchestra.run.smithi038.stdout:/usr/bin/ceph: stderr
2024-04-25T12:55:27.682+0000 7f3ddb7fe700 1 --2- 172.21.15.38:0/1129336188 >> [v2:172.21.15.38:6800/3157707598,v1:172.21.15.38:6801/3157707598] conn(0x7f3dc4039670 0x7f3dc403bb30 unknown :-1 s=BANNER_CONNECTING pgs=0 cs=0 l=1 rev1=0 crypto rx=0 tx=0 comp rx=0 tx=0)._handle_peer_banner_payload supported=3 required=0
2024-04-25T12:55:28.684 INFO:teuthology.orchestra.run.smithi038.stdout:/usr/bin/ceph: stderr
2024-04-25T12:55:27.682+0000 7f3ddb7fe700 1 --2- 172.21.15.38:0/1129336188 >> [v2:172.21.15.38:6800/3157707598,v1:172.21.15.38:6801/3157707598] conn(0x7f3dc4039670 0x7f3dc403bb30 secure :-1 s=READY pgs=16 cs=0 l=1 rev1=1 crypto rx=0x7f3dcc006fd0 tx=0x7f3dcc006e40 comp rx=0 tx=0).ready entity=mgr.14120 client_cookie=0 server_cookie=0 in_seq=0 out_seq=0
2024-04-25T12:55:28.684 INFO:teuthology.orchestra.run.smithi038.stdout:/usr/bin/ceph: stderr
2024-04-25T12:55:27.691+0000 7f3dd97fa700 1 -- 172.21.15.38:0/1129336188 <== mon.0 v2:172.21.15.38:3300/0 6 ==== mon_command_ack([{"prefix": "get_command_descriptions"}]=0 v0) ==== 72+0+188370 (secure 0 0 0) 0x7f3dd000f2e0 con 0x7f3ddc108610
2024-04-25T12:55:28.684 INFO:teuthology.orchestra.run.smithi038.stdout:/usr/bin/ceph: stderr
2024-04-25T12:55:27.963+0000 7f3de2462700 1 -- 172.21.15.38:0/1129336188 --> [v2:172.21.15.38:3300/0,v1:172.21.15.38:6789/0] -- mon_command({"prefix": "mgr module enable", "module": "dashboard"} v 0) -- 0x7f3ddc07ca50 con 0x7f3ddc108610
2024-04-25T12:55:28.684 INFO:teuthology.orchestra.run.smithi038.stdout:/usr/bin/ceph: stderr
2024-04-25T12:55:28.019+0000 7f3dd97fa700 1 -- 172.21.15.38:0/1129336188 <== mon.0 v2:172.21.15.38:3300/0 7 ==== mon_command_ack([{"prefix": "mgr module enable", "module": "dashboard"}]=0 v9) ==== 88+0+0 (secure 0 0 0) 0x7f3dd000b7e0 con 0x7f3ddc108610
2024-04-25T12:55:28.684 INFO:teuthology.orchestra.run.smithi038.stdout:/usr/bin/ceph: stderr
2024-04-25T12:55:28.022+0000 7f3dd97fa700 1 -- 172.21.15.38:0/1129336188 <== mon.0 v2:172.21.15.38:3300/0 8 ==== mgrmap(e 9) ==== 46571+0+0 (secure 0 0 0) 0x7f3dd004fcf0 con 0x7f3ddc108610
2024-04-25T12:55:28.684 INFO:teuthology.orchestra.run.smithi038.stdout:/usr/bin/ceph: stderr
2024-04-25T12:55:28.023+0000 7f3de2462700 1 -- 172.21.15.38:0/1129336188 >> [v2:172.21.15.38:6800/3157707598,v1:172.21.15.38:6801/3157707598] conn(0x7f3dc4039670 msgr2=0x7f3dc403bb30 secure :-1 s=STATE_CONNECTION_ESTABLISHED l=1).mark_down
2024-04-25T12:55:28.684 INFO:teuthology.orchestra.run.smithi038.stdout:/usr/bin/ceph: stderr
2024-04-25T12:55:28.023+0000 7f3de2462700 1 --2- 172.21.15.38:0/1129336188 >> [v2:172.21.15.38:6800/3157707598,v1:172.21.15.38:6801/3157707598] conn(0x7f3dc4039670 0x7f3dc403bb30 secure :-1 s=READY pgs=16 cs=0 l=1 rev1=1 crypto rx=0x7f3dcc006fd0 tx=0x7f3dcc006e40 comp rx=0 tx=0).stop
2024-04-25T12:55:28.684 INFO:teuthology.orchestra.run.smithi038.stdout:/usr/bin/ceph: stderr
2024-04-25T12:55:28.023+0000 7f3de2462700 1 -- 172.21.15.38:0/1129336188 >> [v2:172.21.15.38:3300/0,v1:172.21.15.38:6789/0] conn(0x7f3ddc108610 msgr2=0x7f3ddc07db60 secure :-1 s=STATE_CONNECTION_ESTABLISHED l=1).mark_down
2024-04-25T12:55:28.684 INFO:teuthology.orchestra.run.smithi038.stdout:/usr/bin/ceph: stderr
2024-04-25T12:55:28.023+0000 7f3de2462700 1 --2- 172.21.15.38:0/1129336188 >> [v2:172.21.15.38:3300/0,v1:172.21.15.38:6789/0] conn(0x7f3ddc108610 0x7f3ddc07db60 secure :-1 s=READY pgs=56 cs=0 l=1 rev1=1 crypto rx=0x7f3dd0009520 tx=0x7f3dd0003eb0 comp rx=0 tx=0).stop
2024-04-25T12:55:28.684 INFO:teuthology.orchestra.run.smithi038.stdout:/usr/bin/ceph: stderr
2024-04-25T12:55:28.024+0000 7f3de2462700 1 -- 172.21.15.38:0/1129336188 shutdown_connections
2024-04-25T12:55:28.684 INFO:teuthology.orchestra.run.smithi038.stdout:/usr/bin/ceph: stderr
2024-04-25T12:55:28.024+0000 7f3de2462700 1 --2- 172.21.15.38:0/1129336188 >> [v2:172.21.15.38:6800/3157707598,v1:172.21.15.38:6801/3157707598] conn(0x7f3dc4039670 0x7f3dc403bb30 unknown :-1 s=CLOSED pgs=16 cs=0 l=1 rev1=1 crypto rx=0 tx=0 comp rx=0 tx=0).stop
2024-04-25T12:55:28.685 INFO:teuthology.orchestra.run.smithi038.stdout:/usr/bin/ceph: stderr
2024-04-25T12:55:28.024+0000 7f3de2462700 1 --2- 172.21.15.38:0/1129336188 >> [v2:172.21.15.38:3300/0,v1:172.21.15.38:6789/0] conn(0x7f3ddc108610 0x7f3ddc07db60 unknown :-1 s=CLOSED pgs=56 cs=0 l=1 rev1=1 crypto rx=0 tx=0 comp rx=0 tx=0).stop
2024-04-25T12:55:28.685 INFO:teuthology.orchestra.run.smithi038.stdout:/usr/bin/ceph: stderr
2024-04-25T12:55:28.024+0000 7f3de2462700 1 -- 172.21.15.38:0/1129336188 >> 172.21.15.38:0/1129336188 conn(0x7f3ddc103c10 msgr2=0x7f3ddc104610 unknown :-1 s=STATE_NONE l=0).mark_down
2024-04-25T12:55:28.685 INFO:teuthology.orchestra.run.smithi038.stdout:/usr/bin/ceph: stderr
2024-04-25T12:55:28.024+0000 7f3de2462700 1 -- 172.21.15.38:0/1129336188 shutdown_connections
2024-04-25T12:55:28.685 INFO:teuthology.orchestra.run.smithi038.stdout:/usr/bin/ceph: stderr
2024-04-25T12:55:28.024+0000 7f3de2462700 1 -- 172.21.15.38:0/1129336188 wait complete.
2024-04-25T12:55:28.946 INFO:journalctl@ceph.mgr.x.smithi038.stdout:Apr 25 12:55:28 smithi038 ceph-d3627c2a-0302-11ef-bc93-c7b262605968-mgr-x[29632]:
2024-04-25T12:55:28.833+0000 7f1e1e3ae200 -1 mgr[py] Module progress has missing NOTIFY_TYPES member
2024-04-25T12:55:28.947 INFO:journalctl@ceph.mgr.x.smithi038.stdout:Apr 25 12:55:28 smithi038 ceph-d3627c2a-0302-11ef-bc93-c7b262605968-mgr-x[29632]:
2024-04-25T12:55:28.922+0000 7f1e1e3ae200 -1 mgr[py] Module influx has missing NOTIFY_TYPES member
2024-04-25T12:55:29.320 INFO:journalctl@ceph.mon.a.smithi038.stdout:Apr 25 12:55:29 smithi038 ceph-mon[29400]: from='client.? 172.21.15.38:0/1129336188' entity='client.admin' cmd='[{"prefix": "mgr module enable", "module": "dashboard"}]': finished
2024-04-25T12:55:29.320 INFO:journalctl@ceph.mon.a.smithi038.stdout:Apr 25 12:55:29 smithi038 ceph-mon[29400]: mgrmap e9: x(active, since 19s)
2024-04-25T12:55:30.062 INFO:journalctl@ceph.mon.a.smithi038.stdout:Apr 25 12:55:30 smithi038 ceph-mon[29400]: from='client.? 172.21.15.38:0/2196607732' entity='client.admin' cmd=[{"prefix": "mgr stat"}]: dispatch
2024-04-25T12:55:30.072 INFO:teuthology.orchestra.run.smithi038.stdout:/usr/bin/ceph: stdout {
2024-04-25T12:55:30.072 INFO:teuthology.orchestra.run.smithi038.stdout:/usr/bin/ceph: stdout "epoch": 9,
2024-04-25T12:55:30.072 INFO:teuthology.orchestra.run.smithi038.stdout:/usr/bin/ceph: stdout "available": true,
2024-04-25T12:55:30.072 INFO:teuthology.orchestra.run.smithi038.stdout:/usr/bin/ceph: stdout "active_name": "x",
2024-04-25T12:55:30.072 INFO:teuthology.orchestra.run.smithi038.stdout:/usr/bin/ceph: stdout "num_standby": 0
2024-04-25T12:55:30.072 INFO:teuthology.orchestra.run.smithi038.stdout:/usr/bin/ceph: stdout }
2024-04-25T12:55:30.072 INFO:teuthology.orchestra.run.smithi038.stdout:/usr/bin/ceph: stderr
2024-04-25T12:55:29.147+0000 7fcbebc7c700 1 Processor -- start
2024-04-25T12:55:30.072 INFO:teuthology.orchestra.run.smithi038.stdout:/usr/bin/ceph: stderr
2024-04-25T12:55:29.147+0000 7fcbebc7c700 1 -- start start
2024-04-25T12:55:30.072 INFO:teuthology.orchestra.run.smithi038.stdout:/usr/bin/ceph: stderr
2024-04-25T12:55:29.147+0000 7fcbebc7c700 1 --2- >> [v2:172.21.15.38:3300/0,v1:172.21.15.38:6789/0] conn(0x7fcbe4108610 0x7fcbe4108a30 unknown :-1 s=NONE pgs=0 cs=0 l=0 rev1=0 crypto rx=0 tx=0 comp rx=0 tx=0).connect
2024-04-25T12:55:30.072 INFO:teuthology.orchestra.run.smithi038.stdout:/usr/bin/ceph: stderr
2024-04-25T12:55:29.147+0000 7fcbebc7c700 1 -- --> [v2:172.21.15.38:3300/0,v1:172.21.15.38:6789/0] -- mon_getmap magic: 0 -- 0x7fcbe4109000 con 0x7fcbe4108610
2024-04-25T12:55:30.072 INFO:teuthology.orchestra.run.smithi038.stdout:/usr/bin/ceph: stderr
2024-04-25T12:55:29.148+0000 7fcbe9a18700 1 --2- >> [v2:172.21.15.38:3300/0,v1:172.21.15.38:6789/0] conn(0x7fcbe4108610 0x7fcbe4108a30 unknown :-1 s=BANNER_CONNECTING pgs=0 cs=0 l=0 rev1=0 crypto rx=0 tx=0 comp rx=0 tx=0)._handle_peer_banner_payload supported=3 required=0
2024-04-25T12:55:30.072 INFO:teuthology.orchestra.run.smithi038.stdout:/usr/bin/ceph: stderr
2024-04-25T12:55:29.148+0000 7fcbe9a18700 1 --2- >> [v2:172.21.15.38:3300/0,v1:172.21.15.38:6789/0] conn(0x7fcbe4108610 0x7fcbe4108a30 unknown :-1 s=HELLO_CONNECTING pgs=0 cs=0 l=0 rev1=1 crypto rx=0 tx=0 comp rx=0 tx=0).handle_hello peer v2:172.21.15.38:3300/0 says I am v2:172.21.15.38:37984/0 (socket says 172.21.15.38:37984)
2024-04-25T12:55:30.073 INFO:teuthology.orchestra.run.smithi038.stdout:/usr/bin/ceph: stderr
2024-04-25T12:55:29.148+0000 7fcbe9a18700 1 -- 172.21.15.38:0/2660003710 learned_addr learned my addr 172.21.15.38:0/2660003710 (peer_addr_for_me v2:172.21.15.38:0/0)
2024-04-25T12:55:30.073 INFO:teuthology.orchestra.run.smithi038.stdout:/usr/bin/ceph: stderr
2024-04-25T12:55:29.148+0000 7fcbe9a18700 1 -- 172.21.15.38:0/2660003710 --> [v2:172.21.15.38:3300/0,v1:172.21.15.38:6789/0] -- mon_subscribe({config=0+,monmap=0+}) -- 0x7fcbe41097c0 con 0x7fcbe4108610
2024-04-25T12:55:30.073 INFO:teuthology.orchestra.run.smithi038.stdout:/usr/bin/ceph: stderr
2024-04-25T12:55:29.148+0000 7fcbe9a18700 1 --2- 172.21.15.38:0/2660003710 >> [v2:172.21.15.38:3300/0,v1:172.21.15.38:6789/0] conn(0x7fcbe4108610 0x7fcbe4108a30 secure :-1 s=READY pgs=59 cs=0 l=1 rev1=1 crypto rx=0x7fcbe00098a0 tx=0x7fcbe0009bb0 comp rx=0 tx=0).ready entity=mon.0 client_cookie=2810fc9c462d857d server_cookie=0 in_seq=0 out_seq=0
2024-04-25T12:55:30.073 INFO:teuthology.orchestra.run.smithi038.stdout:/usr/bin/ceph: stderr
2024-04-25T12:55:29.148+0000 7fcbe8a16700 1 -- 172.21.15.38:0/2660003710 <== mon.0 v2:172.21.15.38:3300/0 1 ==== mon_map magic: 0 ==== 205+0+0 (secure 0 0 0) 0x7fcbe0004160 con 0x7fcbe4108610
2024-04-25T12:55:30.073 INFO:teuthology.orchestra.run.smithi038.stdout:/usr/bin/ceph: stderr
2024-04-25T12:55:29.148+0000 7fcbe8a16700 1 -- 172.21.15.38:0/2660003710 <== mon.0 v2:172.21.15.38:3300/0 2 ==== config(27 keys) ==== 1135+0+0 (secure 0 0 0) 0x7fcbe0004300 con 0x7fcbe4108610
2024-04-25T12:55:30.073 INFO:teuthology.orchestra.run.smithi038.stdout:/usr/bin/ceph: stderr
2024-04-25T12:55:29.148+0000 7fcbe8a16700 1 -- 172.21.15.38:0/2660003710 <== mon.0 v2:172.21.15.38:3300/0 3 ==== mon_map magic: 0 ==== 205+0+0 (secure 0 0 0) 0x7fcbe0011af0 con 0x7fcbe4108610
2024-04-25T12:55:30.073 INFO:teuthology.orchestra.run.smithi038.stdout:/usr/bin/ceph: stderr
2024-04-25T12:55:29.149+0000 7fcbebc7c700 1 -- 172.21.15.38:0/2660003710 >> [v2:172.21.15.38:3300/0,v1:172.21.15.38:6789/0] conn(0x7fcbe4108610 msgr2=0x7fcbe4108a30 secure :-1 s=STATE_CONNECTION_ESTABLISHED l=1).mark_down
2024-04-25T12:55:30.073 INFO:teuthology.orchestra.run.smithi038.stdout:/usr/bin/ceph: stderr
2024-04-25T12:55:29.149+0000 7fcbebc7c700 1 --2- 172.21.15.38:0/2660003710 >> [v2:172.21.15.38:3300/0,v1:172.21.15.38:6789/0] conn(0x7fcbe4108610 0x7fcbe4108a30 secure :-1 s=READY pgs=59 cs=0 l=1 rev1=1 crypto rx=0x7fcbe00098a0 tx=0x7fcbe0009bb0 comp rx=0 tx=0).stop
2024-04-25T12:55:30.073 INFO:teuthology.orchestra.run.smithi038.stdout:/usr/bin/ceph: stderr
2024-04-25T12:55:29.149+0000 7fcbebc7c700 1 -- 172.21.15.38:0/2660003710 shutdown_connections
2024-04-25T12:55:30.073 INFO:teuthology.orchestra.run.smithi038.stdout:/usr/bin/ceph: stderr
2024-04-25T12:55:29.149+0000 7fcbebc7c700 1 --2- 172.21.15.38:0/2660003710 >> [v2:172.21.15.38:3300/0,v1:172.21.15.38:6789/0] conn(0x7fcbe4108610 0x7fcbe4108a30 unknown :-1 s=CLOSED pgs=59 cs=0 l=1 rev1=1 crypto rx=0 tx=0 comp rx=0 tx=0).stop
2024-04-25T12:55:30.073 INFO:teuthology.orchestra.run.smithi038.stdout:/usr/bin/ceph: stderr
2024-04-25T12:55:29.149+0000 7fcbebc7c700 1 -- 172.21.15.38:0/2660003710 >> 172.21.15.38:0/2660003710 conn(0x7fcbe4103c10 msgr2=0x7fcbe4106030 unknown :-1 s=STATE_NONE l=0).mark_down
2024-04-25T12:55:30.073 INFO:teuthology.orchestra.run.smithi038.stdout:/usr/bin/ceph: stderr
2024-04-25T12:55:29.149+0000 7fcbebc7c700 1 -- 172.21.15.38:0/2660003710 shutdown_connections
2024-04-25T12:55:30.073 INFO:teuthology.orchestra.run.smithi038.stdout:/usr/bin/ceph: stderr
2024-04-25T12:55:29.149+0000 7fcbebc7c700 1 -- 172.21.15.38:0/2660003710 wait complete.
2024-04-25T12:55:30.073 INFO:teuthology.orchestra.run.smithi038.stdout:/usr/bin/ceph: stderr
2024-04-25T12:55:29.150+0000 7fcbebc7c700 1 Processor -- start
2024-04-25T12:55:30.074 INFO:teuthology.orchestra.run.smithi038.stdout:/usr/bin/ceph: stderr
2024-04-25T12:55:29.150+0000 7fcbebc7c700 1 -- start start
2024-04-25T12:55:30.074 INFO:teuthology.orchestra.run.smithi038.stdout:/usr/bin/ceph: stderr
2024-04-25T12:55:29.150+0000 7fcbebc7c700 1 --2- >> [v2:172.21.15.38:3300/0,v1:172.21.15.38:6789/0] conn(0x7fcbe4108610 0x7fcbe407db60 unknown :-1 s=NONE pgs=0 cs=0 l=1 rev1=0 crypto rx=0 tx=0 comp rx=0 tx=0).connect
2024-04-25T12:55:30.074 INFO:teuthology.orchestra.run.smithi038.stdout:/usr/bin/ceph: stderr
2024-04-25T12:55:29.150+0000 7fcbebc7c700 1 -- --> [v2:172.21.15.38:3300/0,v1:172.21.15.38:6789/0] -- mon_getmap magic: 0 -- 0x7fcbe410cb70 con 0x7fcbe4108610
2024-04-25T12:55:30.074 INFO:teuthology.orchestra.run.smithi038.stdout:/usr/bin/ceph: stderr
2024-04-25T12:55:29.150+0000 7fcbe9a18700 1 --2- >> [v2:172.21.15.38:3300/0,v1:172.21.15.38:6789/0] conn(0x7fcbe4108610 0x7fcbe407db60 unknown :-1 s=BANNER_CONNECTING pgs=0 cs=0 l=1 rev1=0 crypto rx=0 tx=0 comp rx=0 tx=0)._handle_peer_banner_payload supported=3 required=0
2024-04-25T12:55:30.074 INFO:teuthology.orchestra.run.smithi038.stdout:/usr/bin/ceph: stderr
2024-04-25T12:55:29.150+0000 7fcbe9a18700 1 --2- >> [v2:172.21.15.38:3300/0,v1:172.21.15.38:6789/0] conn(0x7fcbe4108610 0x7fcbe407db60 unknown :-1 s=HELLO_CONNECTING pgs=0 cs=0 l=1 rev1=1 crypto rx=0 tx=0 comp rx=0 tx=0).handle_hello peer v2:172.21.15.38:3300/0 says I am v2:172.21.15.38:37986/0 (socket says 172.21.15.38:37986)
2024-04-25T12:55:30.074 INFO:teuthology.orchestra.run.smithi038.stdout:/usr/bin/ceph: stderr
2024-04-25T12:55:29.150+0000 7fcbe9a18700 1 -- 172.21.15.38:0/2196607732 learned_addr learned my addr 172.21.15.38:0/2196607732 (peer_addr_for_me v2:172.21.15.38:0/0)
2024-04-25T12:55:30.074 INFO:teuthology.orchestra.run.smithi038.stdout:/usr/bin/ceph: stderr
2024-04-25T12:55:29.151+0000 7fcbe9a18700 1 -- 172.21.15.38:0/2196607732 --> [v2:172.21.15.38:3300/0,v1:172.21.15.38:6789/0] -- mon_subscribe({config=0+,monmap=0+}) -- 0x7fcbe407e0a0 con 0x7fcbe4108610
2024-04-25T12:55:30.075 INFO:teuthology.orchestra.run.smithi038.stdout:/usr/bin/ceph: stderr
2024-04-25T12:55:29.151+0000 7fcbe9a18700 1 --2- 172.21.15.38:0/2196607732 >> [v2:172.21.15.38:3300/0,v1:172.21.15.38:6789/0] conn(0x7fcbe4108610 0x7fcbe407db60 secure :-1 s=READY pgs=60 cs=0 l=1 rev1=1 crypto rx=0x7fcbe0009520 tx=0x7fcbe0003eb0 comp rx=0 tx=0).ready entity=mon.0 client_cookie=0 server_cookie=0 in_seq=0 out_seq=0
2024-04-25T12:55:30.075 INFO:teuthology.orchestra.run.smithi038.stdout:/usr/bin/ceph: stderr
2024-04-25T12:55:29.151+0000 7fcbdaffd700 1 -- 172.21.15.38:0/2196607732 <== mon.0 v2:172.21.15.38:3300/0 1 ==== mon_map magic: 0 ==== 205+0+0 (secure 0 0 0) 0x7fcbe00036a0 con 0x7fcbe4108610
2024-04-25T12:55:30.075 INFO:teuthology.orchestra.run.smithi038.stdout:/usr/bin/ceph: stderr
2024-04-25T12:55:29.151+0000 7fcbdaffd700 1 -- 172.21.15.38:0/2196607732 <== mon.0 v2:172.21.15.38:3300/0 2 ==== config(27 keys) ==== 1135+0+0 (secure 0 0 0) 0x7fcbe001a430 con 0x7fcbe4108610
2024-04-25T12:55:30.075 INFO:teuthology.orchestra.run.smithi038.stdout:/usr/bin/ceph: stderr
2024-04-25T12:55:29.151+0000 7fcbdaffd700 1 -- 172.21.15.38:0/2196607732 <== mon.0 v2:172.21.15.38:3300/0 3 ==== mon_map magic: 0 ==== 205+0+0 (secure 0 0 0) 0x7fcbe00193c0 con 0x7fcbe4108610
2024-04-25T12:55:30.075 INFO:teuthology.orchestra.run.smithi038.stdout:/usr/bin/ceph: stderr
2024-04-25T12:55:29.151+0000 7fcbebc7c700 1 -- 172.21.15.38:0/2196607732 --> [v2:172.21.15.38:3300/0,v1:172.21.15.38:6789/0] -- mon_subscribe({mgrmap=0+}) -- 0x7fcbe407c290 con 0x7fcbe4108610
2024-04-25T12:55:30.075 INFO:teuthology.orchestra.run.smithi038.stdout:/usr/bin/ceph: stderr
2024-04-25T12:55:29.151+0000 7fcbebc7c700 1 -- 172.21.15.38:0/2196607732 --> [v2:172.21.15.38:3300/0,v1:172.21.15.38:6789/0] -- mon_subscribe({osdmap=0}) -- 0x7fcbe407c7d0 con 0x7fcbe4108610
2024-04-25T12:55:30.075 INFO:teuthology.orchestra.run.smithi038.stdout:/usr/bin/ceph: stderr
2024-04-25T12:55:29.152+0000 7fcbdaffd700 1 -- 172.21.15.38:0/2196607732 <== mon.0 v2:172.21.15.38:3300/0 4 ==== mgrmap(e 9) ==== 46571+0+0 (secure 0 0 0) 0x7fcbe0019670 con 0x7fcbe4108610
2024-04-25T12:55:30.075 INFO:teuthology.orchestra.run.smithi038.stdout:/usr/bin/ceph: stderr
2024-04-25T12:55:29.152+0000 7fcbdaffd700 1 --2- 172.21.15.38:0/2196607732 >> [v2:172.21.15.38:6800/3157707598,v1:172.21.15.38:6801/3157707598] conn(0x7fcbd0039670 0x7fcbd003bb30 unknown :-1 s=NONE pgs=0 cs=0 l=1 rev1=0 crypto rx=0 tx=0 comp rx=0 tx=0).connect
2024-04-25T12:55:30.075 INFO:teuthology.orchestra.run.smithi038.stdout:/usr/bin/ceph: stderr
2024-04-25T12:55:29.152+0000 7fcbebc7c700 1 -- 172.21.15.38:0/2196607732 --> [v2:172.21.15.38:3300/0,v1:172.21.15.38:6789/0] -- mon_command({"prefix": "get_command_descriptions"} v 0) -- 0x7fcbe40640a0 con 0x7fcbe4108610
2024-04-25T12:55:30.075 INFO:teuthology.orchestra.run.smithi038.stdout:/usr/bin/ceph: stderr
2024-04-25T12:55:29.152+0000 7fcbdaffd700 1 -- 172.21.15.38:0/2196607732 <== mon.0 v2:172.21.15.38:3300/0 5 ==== osd_map(2..2 src has 1..2) ==== 940+0+0 (secure 0 0 0) 0x7fcbe004d890 con 0x7fcbe4108610
2024-04-25T12:55:30.075 INFO:teuthology.orchestra.run.smithi038.stdout:/usr/bin/ceph: stderr
2024-04-25T12:55:29.152+0000 7fcbe9217700 1 -- 172.21.15.38:0/2196607732 >> [v2:172.21.15.38:6800/3157707598,v1:172.21.15.38:6801/3157707598] conn(0x7fcbd0039670 msgr2=0x7fcbd003bb30 unknown :-1 s=STATE_CONNECTING_RE l=1).process reconnect failed to v2:172.21.15.38:6800/3157707598
2024-04-25T12:55:30.075 INFO:teuthology.orchestra.run.smithi038.stdout:/usr/bin/ceph: stderr
2024-04-25T12:55:29.152+0000 7fcbe9217700 1 --2- 172.21.15.38:0/2196607732 >> [v2:172.21.15.38:6800/3157707598,v1:172.21.15.38:6801/3157707598] conn(0x7fcbd0039670 0x7fcbd003bb30 unknown :-1 s=START_CONNECT pgs=0 cs=0 l=1 rev1=0 crypto rx=0 tx=0 comp rx=0 tx=0)._fault waiting 0.200000
2024-04-25T12:55:30.075 INFO:teuthology.orchestra.run.smithi038.stdout:/usr/bin/ceph: stderr
2024-04-25T12:55:29.162+0000 7fcbdaffd700 1 -- 172.21.15.38:0/2196607732 <== mon.0 v2:172.21.15.38:3300/0 6 ==== mon_command_ack([{"prefix": "get_command_descriptions"}]=0 v0) ==== 72+0+188370 (secure 0 0 0) 0x7fcbe000bc70 con 0x7fcbe4108610
2024-04-25T12:55:30.076 INFO:teuthology.orchestra.run.smithi038.stdout:/usr/bin/ceph: stderr
2024-04-25T12:55:29.353+0000 7fcbe9217700 1 -- 172.21.15.38:0/2196607732 >> [v2:172.21.15.38:6800/3157707598,v1:172.21.15.38:6801/3157707598] conn(0x7fcbd0039670 msgr2=0x7fcbd003bb30 unknown :-1 s=STATE_CONNECTING_RE l=1).process reconnect failed to v2:172.21.15.38:6800/3157707598
2024-04-25T12:55:30.076 INFO:teuthology.orchestra.run.smithi038.stdout:/usr/bin/ceph: stderr
2024-04-25T12:55:29.353+0000 7fcbe9217700 1 --2- 172.21.15.38:0/2196607732 >> [v2:172.21.15.38:6800/3157707598,v1:172.21.15.38:6801/3157707598] conn(0x7fcbd0039670 0x7fcbd003bb30 unknown :-1 s=START_CONNECT pgs=0 cs=0 l=1 rev1=0 crypto rx=0 tx=0 comp rx=0 tx=0)._fault waiting 0.400000
2024-04-25T12:55:30.076 INFO:teuthology.orchestra.run.smithi038.stdout:/usr/bin/ceph: stderr
2024-04-25T12:55:29.473+0000 7fcbebc7c700 1 -- 172.21.15.38:0/2196607732 --> [v2:172.21.15.38:3300/0,v1:172.21.15.38:6789/0] -- mon_command({"prefix": "mgr stat"} v 0) -- 0x7fcbe407d0d0 con 0x7fcbe4108610
2024-04-25T12:55:30.076 INFO:teuthology.orchestra.run.smithi038.stdout:/usr/bin/ceph: stderr
2024-04-25T12:55:29.474+0000 7fcbdaffd700 1 -- 172.21.15.38:0/2196607732 <== mon.0 v2:172.21.15.38:3300/0 7 ==== mon_command_ack([{"prefix": "mgr stat"}]=0 v9) ==== 56+0+88 (secure 0 0 0) 0x7fcbe000fda0 con 0x7fcbe4108610
2024-04-25T12:55:30.076 INFO:teuthology.orchestra.run.smithi038.stdout:/usr/bin/ceph: stderr
2024-04-25T12:55:29.476+0000 7fcbebc7c700 1 -- 172.21.15.38:0/2196607732 >> [v2:172.21.15.38:6800/3157707598,v1:172.21.15.38:6801/3157707598] conn(0x7fcbd0039670 msgr2=0x7fcbd003bb30 unknown :-1 s=STATE_CONNECTING l=1).mark_down
2024-04-25T12:55:30.076 INFO:teuthology.orchestra.run.smithi038.stdout:/usr/bin/ceph: stderr
2024-04-25T12:55:29.476+0000 7fcbebc7c700 1 --2- 172.21.15.38:0/2196607732 >> [v2:172.21.15.38:6800/3157707598,v1:172.21.15.38:6801/3157707598] conn(0x7fcbd0039670 0x7fcbd003bb30 unknown :-1 s=START_CONNECT pgs=0 cs=0 l=1 rev1=0 crypto rx=0 tx=0 comp rx=0 tx=0).stop
2024-04-25T12:55:30.076 INFO:teuthology.orchestra.run.smithi038.stdout:/usr/bin/ceph: stderr
2024-04-25T12:55:29.476+0000 7fcbebc7c700 1 -- 172.21.15.38:0/2196607732 >> [v2:172.21.15.38:3300/0,v1:172.21.15.38:6789/0] conn(0x7fcbe4108610 msgr2=0x7fcbe407db60 secure :-1 s=STATE_CONNECTION_ESTABLISHED l=1).mark_down
2024-04-25T12:55:30.076 INFO:teuthology.orchestra.run.smithi038.stdout:/usr/bin/ceph: stderr
2024-04-25T12:55:29.476+0000 7fcbebc7c700 1 --2- 172.21.15.38:0/2196607732 >> [v2:172.21.15.38:3300/0,v1:172.21.15.38:6789/0] conn(0x7fcbe4108610 0x7fcbe407db60 secure :-1 s=READY pgs=60 cs=0 l=1 rev1=1 crypto rx=0x7fcbe0009520 tx=0x7fcbe0003eb0 comp rx=0 tx=0).stop
2024-04-25T12:55:30.076 INFO:teuthology.orchestra.run.smithi038.stdout:/usr/bin/ceph: stderr
2024-04-25T12:55:29.476+0000 7fcbebc7c700 1 -- 172.21.15.38:0/2196607732 shutdown_connections
2024-04-25T12:55:30.076 INFO:teuthology.orchestra.run.smithi038.stdout:/usr/bin/ceph: stderr
2024-04-25T12:55:29.476+0000 7fcbebc7c700 1 --2- 172.21.15.38:0/2196607732 >> [v2:172.21.15.38:6800/3157707598,v1:172.21.15.38:6801/3157707598] conn(0x7fcbd0039670 0x7fcbd003bb30 unknown :-1 s=CLOSED pgs=0 cs=0 l=1 rev1=0 crypto rx=0 tx=0 comp rx=0 tx=0).stop
2024-04-25T12:55:30.076 INFO:teuthology.orchestra.run.smithi038.stdout:/usr/bin/ceph: stderr
2024-04-25T12:55:29.476+0000 7fcbebc7c700 1 --2- 172.21.15.38:0/2196607732 >> [v2:172.21.15.38:3300/0,v1:172.21.15.38:6789/0] conn(0x7fcbe4108610 0x7fcbe407db60 unknown :-1 s=CLOSED pgs=60 cs=0 l=1 rev1=1 crypto rx=0 tx=0 comp rx=0 tx=0).stop
2024-04-25T12:55:30.076 INFO:teuthology.orchestra.run.smithi038.stdout:/usr/bin/ceph: stderr
2024-04-25T12:55:29.476+0000 7fcbebc7c700 1 -- 172.21.15.38:0/2196607732 >> 172.21.15.38:0/2196607732 conn(0x7fcbe4103c10 msgr2=0x7fcbe4104640 unknown :-1 s=STATE_NONE l=0).mark_down
2024-04-25T12:55:30.077 INFO:teuthology.orchestra.run.smithi038.stdout:/usr/bin/ceph: stderr
2024-04-25T12:55:29.476+0000 7fcbebc7c700 1 -- 172.21.15.38:0/2196607732 shutdown_connections
2024-04-25T12:55:30.077 INFO:teuthology.orchestra.run.smithi038.stdout:/usr/bin/ceph: stderr
2024-04-25T12:55:29.476+0000 7fcbebc7c700 1 -- 172.21.15.38:0/2196607732 wait complete.
2024-04-25T12:55:30.077 INFO:teuthology.orchestra.run.smithi038.stdout:Waiting for the mgr to restart...
2024-04-25T12:55:30.077 INFO:teuthology.orchestra.run.smithi038.stdout:Waiting for mgr epoch 9...
2024-04-25T12:55:30.314 INFO:journalctl@ceph.mgr.x.smithi038.stdout:Apr 25 12:55:30 smithi038 ceph-d3627c2a-0302-11ef-bc93-c7b262605968-mgr-x[29632]:
2024-04-25T12:55:30.185+0000 7f1e1e3ae200 -1 mgr[py] Module telegraf has missing NOTIFY_TYPES member
2024-04-25T12:55:30.570 INFO:journalctl@ceph.mgr.x.smithi038.stdout:Apr 25 12:55:30 smithi038 ceph-d3627c2a-0302-11ef-bc93-c7b262605968-mgr-x[29632]:
2024-04-25T12:55:30.369+0000 7f1e1e3ae200 -1 mgr[py] Module osd_support has missing NOTIFY_TYPES member
2024-04-25T12:55:30.570 INFO:journalctl@ceph.mgr.x.smithi038.stdout:Apr 25 12:55:30 smithi038 ceph-d3627c2a-0302-11ef-bc93-c7b262605968-mgr-x[29632]:
2024-04-25T12:55:30.551+0000 7f1e1e3ae200 -1 mgr[py] Module iostat has missing NOTIFY_TYPES member
2024-04-25T12:55:31.070 INFO:journalctl@ceph.mgr.x.smithi038.stdout:Apr 25 12:55:30 smithi038 ceph-d3627c2a-0302-11ef-bc93-c7b262605968-mgr-x[29632]:
2024-04-25T12:55:30.854+0000 7f1e1e3ae200 -1 mgr[py] Module alerts has missing NOTIFY_TYPES member
2024-04-25T12:55:31.070 INFO:journalctl@ceph.mgr.x.smithi038.stdout:Apr 25 12:55:30 smithi038 ceph-d3627c2a-0302-11ef-bc93-c7b262605968-mgr-x[29632]:
2024-04-25T12:55:30.950+0000 7f1e1e3ae200 -1 mgr[py] Module selftest has missing NOTIFY_TYPES member
2024-04-25T12:55:31.362 INFO:journalctl@ceph.mgr.x.smithi038.stdout:Apr 25 12:55:31 smithi038 ceph-d3627c2a-0302-11ef-bc93-c7b262605968-mgr-x[29632]:
2024-04-25T12:55:31.162+0000 7f1e1e3ae200 -1 mgr[py] Module pg_autoscaler has missing NOTIFY_TYPES member
2024-04-25T12:55:31.820 INFO:journalctl@ceph.mgr.x.smithi038.stdout:Apr 25 12:55:31 smithi038 ceph-d3627c2a-0302-11ef-bc93-c7b262605968-mgr-x[29632]:
2024-04-25T12:55:31.363+0000 7f1e1e3ae200 -1 mgr[py] Module test_orchestrator has missing NOTIFY_TYPES member
2024-04-25T12:55:32.320 INFO:journalctl@ceph.mgr.x.smithi038.stdout:Apr 25 12:55:31 smithi038 ceph-d3627c2a-0302-11ef-bc93-c7b262605968-mgr-x[29632]:
2024-04-25T12:55:31.991+0000 7f1e1e3ae200 -1 mgr[py] Module rook has missing NOTIFY_TYPES member
2024-04-25T12:55:32.752 INFO:journalctl@ceph.mgr.x.smithi038.stdout:Apr 25 12:55:32 smithi038 ceph-d3627c2a-0302-11ef-bc93-c7b262605968-mgr-x[29632]:
2024-04-25T12:55:32.434+0000 7f1e1e3ae200 -1 mgr[py] Module volumes has missing NOTIFY_TYPES member
2024-04-25T12:55:32.752 INFO:journalctl@ceph.mgr.x.smithi038.stdout:Apr 25 12:55:32 smithi038 ceph-d3627c2a-0302-11ef-bc93-c7b262605968-mgr-x[29632]:
2024-04-25T12:55:32.540+0000 7f1e1e3ae200 -1 mgr[py] Module crash has missing NOTIFY_TYPES member
2024-04-25T12:55:32.752 INFO:journalctl@ceph.mgr.x.smithi038.stdout:Apr 25 12:55:32 smithi038 ceph-d3627c2a-0302-11ef-bc93-c7b262605968-mgr-x[29632]:
2024-04-25T12:55:32.753+0000 7f1e1e3ae200 -1 mgr[py] Module rgw has missing NOTIFY_TYPES member
2024-04-25T12:55:33.570 INFO:journalctl@ceph.mgr.x.smithi038.stdout:Apr 25 12:55:33 smithi038 ceph-d3627c2a-0302-11ef-bc93-c7b262605968-mgr-x[29632]:
2024-04-25T12:55:33.305+0000 7f1e1e3ae200 -1 mgr[py] Module prometheus has missing NOTIFY_TYPES member
2024-04-25T12:55:33.571 INFO:journalctl@ceph.mgr.x.smithi038.stdout:Apr 25 12:55:33 smithi038 ceph-d3627c2a-0302-11ef-bc93-c7b262605968-mgr-x[29632]:
2024-04-25T12:55:33.402+0000 7f1e1e3ae200 -1 mgr[py] Module devicehealth has missing NOTIFY_TYPES member
2024-04-25T12:55:34.017 INFO:journalctl@ceph.mgr.x.smithi038.stdout:Apr 25 12:55:33 smithi038 ceph-d3627c2a-0302-11ef-bc93-c7b262605968-mgr-x[29632]:
2024-04-25T12:55:33.657+0000 7f1e1e3ae200 -1 mgr[py] Module telemetry has missing NOTIFY_TYPES member
2024-04-25T12:55:34.017 INFO:journalctl@ceph.mgr.x.smithi038.stdout:Apr 25 12:55:33 smithi038 ceph-d3627c2a-0302-11ef-bc93-c7b262605968-mgr-x[29632]:
2024-04-25T12:55:33.797+0000 7f1e1e3ae200 -1 mgr[py] Module diskprediction_local has missing NOTIFY_TYPES member
2024-04-25T12:55:34.017 INFO:journalctl@ceph.mgr.x.smithi038.stdout:Apr 25 12:55:33 smithi038 ceph-d3627c2a-0302-11ef-bc93-c7b262605968-mgr-x[29632]:
2024-04-25T12:55:33.897+0000 7f1e1e3ae200 -1 mgr[py] Module osd_perf_query has missing NOTIFY_TYPES member
2024-04-25T12:55:34.017 INFO:journalctl@ceph.mgr.x.smithi038.stdout:Apr 25 12:55:34 smithi038 ceph-d3627c2a-0302-11ef-bc93-c7b262605968-mgr-x[29632]:
2024-04-25T12:55:34.018+0000 7f1e1e3ae200 -1 mgr[py] Module rbd_support has missing NOTIFY_TYPES member
2024-04-25T12:55:34.820 INFO:journalctl@ceph.mgr.x.smithi038.stdout:Apr 25 12:55:34 smithi038 ceph-d3627c2a-0302-11ef-bc93-c7b262605968-mgr-x[29632]:
2024-04-25T12:55:34.330+0000 7f1e1e3ae200 -1 mgr[py] Module zabbix has missing NOTIFY_TYPES member
2024-04-25T12:55:35.241 INFO:journalctl@ceph.mgr.x.smithi038.stdout:Apr 25 12:55:34 smithi038 ceph-d3627c2a-0302-11ef-bc93-c7b262605968-mgr-x[29632]:
2024-04-25T12:55:34.962+0000 7f1e1e3ae200 -1 mgr[py] Module status has missing NOTIFY_TYPES member
2024-04-25T12:55:35.241 INFO:journalctl@ceph.mgr.x.smithi038.stdout:Apr 25 12:55:35 smithi038 ceph-d3627c2a-0302-11ef-bc93-c7b262605968-mgr-x[29632]:
2024-04-25T12:55:35.188+0000 7f1e1e3ae200 -1 mgr[py] Module nfs has missing NOTIFY_TYPES member
