2024-04-25T13:03:52.390+0000 7f7f4553e700 1 --2- 172.21.15.72:0/1998487180 >> [v2:172.21.15.72:3300/0,v1:172.21.15.72:6789/0] conn(0x7f7f40108b00 0x7f7f40108f20 secure :-1 s=READY pgs=47 cs=0 l=1 rev1=1 crypto rx=0x7f7f300098a0 tx=0x7f7f30009bb0 comp rx=0 tx=0).stop
2024-04-25T13:03:53.380 INFO:teuthology.orchestra.run.smithi072.stdout:/usr/bin/ceph: stderr
2024-04-25T13:03:52.390+0000 7f7f4553e700 1 -- 172.21.15.72:0/1998487180 shutdown_connections
2024-04-25T13:03:53.381 INFO:teuthology.orchestra.run.smithi072.stdout:/usr/bin/ceph: stderr
2024-04-25T13:03:52.390+0000 7f7f4553e700 1 --2- 172.21.15.72:0/1998487180 >> [v2:172.21.15.72:3300/0,v1:172.21.15.72:6789/0] conn(0x7f7f40108b00 0x7f7f40108f20 unknown :-1 s=CLOSED pgs=47 cs=0 l=1 rev1=1 crypto rx=0 tx=0 comp rx=0 tx=0).stop
2024-04-25T13:03:53.381 INFO:teuthology.orchestra.run.smithi072.stdout:/usr/bin/ceph: stderr
2024-04-25T13:03:52.390+0000 7f7f4553e700 1 -- 172.21.15.72:0/1998487180 >> 172.21.15.72:0/1998487180 conn(0x7f7f401022b0 msgr2=0x7f7f401046d0 unknown :-1 s=STATE_NONE l=0).mark_down
2024-04-25T13:03:53.381 INFO:teuthology.orchestra.run.smithi072.stdout:/usr/bin/ceph: stderr
2024-04-25T13:03:52.390+0000 7f7f4553e700 1 -- 172.21.15.72:0/1998487180 shutdown_connections
2024-04-25T13:03:53.381 INFO:teuthology.orchestra.run.smithi072.stdout:/usr/bin/ceph: stderr
2024-04-25T13:03:52.390+0000 7f7f4553e700 1 -- 172.21.15.72:0/1998487180 wait complete.
2024-04-25T13:03:53.381 INFO:teuthology.orchestra.run.smithi072.stdout:/usr/bin/ceph: stderr
2024-04-25T13:03:52.391+0000 7f7f4553e700 1 Processor -- start
2024-04-25T13:03:53.381 INFO:teuthology.orchestra.run.smithi072.stdout:/usr/bin/ceph: stderr
2024-04-25T13:03:52.391+0000 7f7f4553e700 1 -- start start
2024-04-25T13:03:53.381 INFO:teuthology.orchestra.run.smithi072.stdout:/usr/bin/ceph: stderr
2024-04-25T13:03:52.391+0000 7f7f4553e700 1 --2- >> [v2:172.21.15.72:3300/0,v1:172.21.15.72:6789/0] conn(0x7f7f40108b00 0x7f7f401070f0 unknown :-1 s=NONE pgs=0 cs=0 l=1 rev1=0 crypto rx=0 tx=0 comp rx=0 tx=0).connect
2024-04-25T13:03:53.381 INFO:teuthology.orchestra.run.smithi072.stdout:/usr/bin/ceph: stderr
2024-04-25T13:03:52.391+0000 7f7f4553e700 1 -- --> [v2:172.21.15.72:3300/0,v1:172.21.15.72:6789/0] -- mon_getmap magic: 0 -- 0x7f7f4010b9a0 con 0x7f7f40108b00
2024-04-25T13:03:53.381 INFO:teuthology.orchestra.run.smithi072.stdout:/usr/bin/ceph: stderr
2024-04-25T13:03:52.391+0000 7f7f3effd700 1 --2- >> [v2:172.21.15.72:3300/0,v1:172.21.15.72:6789/0] conn(0x7f7f40108b00 0x7f7f401070f0 unknown :-1 s=BANNER_CONNECTING pgs=0 cs=0 l=1 rev1=0 crypto rx=0 tx=0 comp rx=0 tx=0)._handle_peer_banner_payload supported=3 required=0
2024-04-25T13:03:53.381 INFO:teuthology.orchestra.run.smithi072.stdout:/usr/bin/ceph: stderr
2024-04-25T13:03:52.391+0000 7f7f3effd700 1 --2- >> [v2:172.21.15.72:3300/0,v1:172.21.15.72:6789/0] conn(0x7f7f40108b00 0x7f7f401070f0 unknown :-1 s=HELLO_CONNECTING pgs=0 cs=0 l=1 rev1=1 crypto rx=0 tx=0 comp rx=0 tx=0).handle_hello peer v2:172.21.15.72:3300/0 says I am v2:172.21.15.72:53090/0 (socket says 172.21.15.72:53090)
2024-04-25T13:03:53.381 INFO:teuthology.orchestra.run.smithi072.stdout:/usr/bin/ceph: stderr
2024-04-25T13:03:52.391+0000 7f7f3effd700 1 -- 172.21.15.72:0/2651894964 learned_addr learned my addr 172.21.15.72:0/2651894964 (peer_addr_for_me v2:172.21.15.72:0/0)
2024-04-25T13:03:53.381 INFO:teuthology.orchestra.run.smithi072.stdout:/usr/bin/ceph: stderr
2024-04-25T13:03:52.392+0000 7f7f3effd700 1 -- 172.21.15.72:0/2651894964 --> [v2:172.21.15.72:3300/0,v1:172.21.15.72:6789/0] -- mon_subscribe({config=0+,monmap=0+}) -- 0x7f7f4019f2b0 con 0x7f7f40108b00
2024-04-25T13:03:53.381 INFO:teuthology.orchestra.run.smithi072.stdout:/usr/bin/ceph: stderr
2024-04-25T13:03:52.392+0000 7f7f3effd700 1 --2- 172.21.15.72:0/2651894964 >> [v2:172.21.15.72:3300/0,v1:172.21.15.72:6789/0] conn(0x7f7f40108b00 0x7f7f401070f0 secure :-1 s=READY pgs=48 cs=0 l=1 rev1=1 crypto rx=0x7f7f30009fb0 tx=0x7f7f30011940 comp rx=0 tx=0).ready entity=mon.0 client_cookie=0 server_cookie=0 in_seq=0 out_seq=0
2024-04-25T13:03:53.381 INFO:teuthology.orchestra.run.smithi072.stdout:/usr/bin/ceph: stderr
2024-04-25T13:03:52.392+0000 7f7f27fff700 1 -- 172.21.15.72:0/2651894964 <== mon.0 v2:172.21.15.72:3300/0 1 ==== mon_map magic: 0 ==== 205+0+0 (secure 0 0 0) 0x7f7f300036a0 con 0x7f7f40108b00
2024-04-25T13:03:53.382 INFO:teuthology.orchestra.run.smithi072.stdout:/usr/bin/ceph: stderr
2024-04-25T13:03:52.392+0000 7f7f27fff700 1 -- 172.21.15.72:0/2651894964 <== mon.0 v2:172.21.15.72:3300/0 2 ==== config(26 keys) ==== 1070+0+0 (secure 0 0 0) 0x7f7f3001a430 con 0x7f7f40108b00
2024-04-25T13:03:53.382 INFO:teuthology.orchestra.run.smithi072.stdout:/usr/bin/ceph: stderr
2024-04-25T13:03:52.392+0000 7f7f4553e700 1 -- 172.21.15.72:0/2651894964 --> [v2:172.21.15.72:3300/0,v1:172.21.15.72:6789/0] -- mon_subscribe({mgrmap=0+}) -- 0x7f7f4019f480 con 0x7f7f40108b00
2024-04-25T13:03:53.382 INFO:teuthology.orchestra.run.smithi072.stdout:/usr/bin/ceph: stderr
2024-04-25T13:03:52.392+0000 7f7f27fff700 1 -- 172.21.15.72:0/2651894964 <== mon.0 v2:172.21.15.72:3300/0 3 ==== mon_map magic: 0 ==== 205+0+0 (secure 0 0 0) 0x7f7f30019550 con 0x7f7f40108b00
2024-04-25T13:03:53.382 INFO:teuthology.orchestra.run.smithi072.stdout:/usr/bin/ceph: stderr
2024-04-25T13:03:52.392+0000 7f7f4553e700 1 -- 172.21.15.72:0/2651894964 --> [v2:172.21.15.72:3300/0,v1:172.21.15.72:6789/0] -- mon_subscribe({osdmap=0}) -- 0x7f7f4019f8a0 con 0x7f7f40108b00
2024-04-25T13:03:53.382 INFO:teuthology.orchestra.run.smithi072.stdout:/usr/bin/ceph: stderr
2024-04-25T13:03:52.393+0000 7f7f27fff700 1 -- 172.21.15.72:0/2651894964 <== mon.0 v2:172.21.15.72:3300/0 4 ==== mgrmap(e 8) ==== 46558+0+0 (secure 0 0 0) 0x7f7f30019800 con 0x7f7f40108b00
2024-04-25T13:03:53.382 INFO:teuthology.orchestra.run.smithi072.stdout:/usr/bin/ceph: stderr
2024-04-25T13:03:52.393+0000 7f7f4553e700 1 -- 172.21.15.72:0/2651894964 --> [v2:172.21.15.72:3300/0,v1:172.21.15.72:6789/0] -- mon_command({"prefix": "get_command_descriptions"} v 0) -- 0x7f7f400640a0 con 0x7f7f40108b00
2024-04-25T13:03:53.382 INFO:teuthology.orchestra.run.smithi072.stdout:/usr/bin/ceph: stderr
2024-04-25T13:03:52.393+0000 7f7f27fff700 1 --2- 172.21.15.72:0/2651894964 >> [v2:172.21.15.72:6800/2774697366,v1:172.21.15.72:6801/2774697366] conn(0x7f7f280395b0 0x7f7f2803ba70 unknown :-1 s=NONE pgs=0 cs=0 l=1 rev1=0 crypto rx=0 tx=0 comp rx=0 tx=0).connect
2024-04-25T13:03:53.382 INFO:teuthology.orchestra.run.smithi072.stdout:/usr/bin/ceph: stderr
2024-04-25T13:03:52.393+0000 7f7f27fff700 1 -- 172.21.15.72:0/2651894964 <== mon.0 v2:172.21.15.72:3300/0 5 ==== osd_map(2..2 src has 1..2) ==== 940+0+0 (secure 0 0 0) 0x7f7f3004da30 con 0x7f7f40108b00
2024-04-25T13:03:53.382 INFO:teuthology.orchestra.run.smithi072.stdout:/usr/bin/ceph: stderr
2024-04-25T13:03:52.393+0000 7f7f3e7fc700 1 --2- 172.21.15.72:0/2651894964 >> [v2:172.21.15.72:6800/2774697366,v1:172.21.15.72:6801/2774697366] conn(0x7f7f280395b0 0x7f7f2803ba70 unknown :-1 s=BANNER_CONNECTING pgs=0 cs=0 l=1 rev1=0 crypto rx=0 tx=0 comp rx=0 tx=0)._handle_peer_banner_payload supported=3 required=0
2024-04-25T13:03:53.382 INFO:teuthology.orchestra.run.smithi072.stdout:/usr/bin/ceph: stderr
2024-04-25T13:03:52.393+0000 7f7f3e7fc700 1 --2- 172.21.15.72:0/2651894964 >> [v2:172.21.15.72:6800/2774697366,v1:172.21.15.72:6801/2774697366] conn(0x7f7f280395b0 0x7f7f2803ba70 secure :-1 s=READY pgs=12 cs=0 l=1 rev1=1 crypto rx=0x7f7f34006fd0 tx=0x7f7f34006e40 comp rx=0 tx=0).ready entity=mgr.14120 client_cookie=0 server_cookie=0 in_seq=0 out_seq=0
2024-04-25T13:03:53.382 INFO:teuthology.orchestra.run.smithi072.stdout:/usr/bin/ceph: stderr
2024-04-25T13:03:52.398+0000 7f7f27fff700 1 -- 172.21.15.72:0/2651894964 <== mon.0 v2:172.21.15.72:3300/0 6 ==== mon_command_ack([{"prefix": "get_command_descriptions"}]=0 v0) ==== 72+0+188370 (secure 0 0 0) 0x7f7f3001a5e0 con 0x7f7f40108b00
2024-04-25T13:03:53.382 INFO:teuthology.orchestra.run.smithi072.stdout:/usr/bin/ceph: stderr
2024-04-25T13:03:52.621+0000 7f7f4553e700 1 -- 172.21.15.72:0/2651894964 --> [v2:172.21.15.72:6800/2774697366,v1:172.21.15.72:6801/2774697366] -- mgr_command(tid 0: {"prefix": "orch apply", "service_type": "mon", "unmanaged": true, "target": ["mon-mgr", ""]}) -- 0x7f7f40103550 con 0x7f7f280395b0
2024-04-25T13:03:53.382 INFO:teuthology.orchestra.run.smithi072.stdout:/usr/bin/ceph: stderr
2024-04-25T13:03:52.628+0000 7f7f27fff700 1 -- 172.21.15.72:0/2651894964 <== mgr.14120 v2:172.21.15.72:6800/2774697366 1 ==== mgr_command_reply(tid 0: 0 ) ==== 8+0+24 (secure 0 0 0) 0x7f7f40103550 con 0x7f7f280395b0
2024-04-25T13:03:53.383 INFO:teuthology.orchestra.run.smithi072.stdout:/usr/bin/ceph: stderr
2024-04-25T13:03:52.631+0000 7f7f4553e700 1 -- 172.21.15.72:0/2651894964 >> [v2:172.21.15.72:6800/2774697366,v1:172.21.15.72:6801/2774697366] conn(0x7f7f280395b0 msgr2=0x7f7f2803ba70 secure :-1 s=STATE_CONNECTION_ESTABLISHED l=1).mark_down
2024-04-25T13:03:53.383 INFO:teuthology.orchestra.run.smithi072.stdout:/usr/bin/ceph: stderr
2024-04-25T13:03:52.631+0000 7f7f4553e700 1 --2- 172.21.15.72:0/2651894964 >> [v2:172.21.15.72:6800/2774697366,v1:172.21.15.72:6801/2774697366] conn(0x7f7f280395b0 0x7f7f2803ba70 secure :-1 s=READY pgs=12 cs=0 l=1 rev1=1 crypto rx=0x7f7f34006fd0 tx=0x7f7f34006e40 comp rx=0 tx=0).stop
2024-04-25T13:03:53.383 INFO:teuthology.orchestra.run.smithi072.stdout:/usr/bin/ceph: stderr
2024-04-25T13:03:52.631+0000 7f7f4553e700 1 -- 172.21.15.72:0/2651894964 >> [v2:172.21.15.72:3300/0,v1:172.21.15.72:6789/0] conn(0x7f7f40108b00 msgr2=0x7f7f401070f0 secure :-1 s=STATE_CONNECTION_ESTABLISHED l=1).mark_down
2024-04-25T13:03:53.383 INFO:teuthology.orchestra.run.smithi072.stdout:/usr/bin/ceph: stderr
2024-04-25T13:03:52.631+0000 7f7f4553e700 1 --2- 172.21.15.72:0/2651894964 >> [v2:172.21.15.72:3300/0,v1:172.21.15.72:6789/0] conn(0x7f7f40108b00 0x7f7f401070f0 secure :-1 s=READY pgs=48 cs=0 l=1 rev1=1 crypto rx=0x7f7f30009fb0 tx=0x7f7f30011940 comp rx=0 tx=0).stop
2024-04-25T13:03:53.383 INFO:teuthology.orchestra.run.smithi072.stdout:/usr/bin/ceph: stderr
2024-04-25T13:03:52.631+0000 7f7f4553e700 1 -- 172.21.15.72:0/2651894964 shutdown_connections
2024-04-25T13:03:53.383 INFO:teuthology.orchestra.run.smithi072.stdout:/usr/bin/ceph: stderr
2024-04-25T13:03:52.631+0000 7f7f4553e700 1 --2- 172.21.15.72:0/2651894964 >> [v2:172.21.15.72:6800/2774697366,v1:172.21.15.72:6801/2774697366] conn(0x7f7f280395b0 0x7f7f2803ba70 unknown :-1 s=CLOSED pgs=12 cs=0 l=1 rev1=1 crypto rx=0 tx=0 comp rx=0 tx=0).stop
2024-04-25T13:03:53.383 INFO:teuthology.orchestra.run.smithi072.stdout:/usr/bin/ceph: stderr
2024-04-25T13:03:52.631+0000 7f7f4553e700 1 --2- 172.21.15.72:0/2651894964 >> [v2:172.21.15.72:3300/0,v1:172.21.15.72:6789/0] conn(0x7f7f40108b00 0x7f7f401070f0 unknown :-1 s=CLOSED pgs=48 cs=0 l=1 rev1=1 crypto rx=0 tx=0 comp rx=0 tx=0).stop
2024-04-25T13:03:53.383 INFO:teuthology.orchestra.run.smithi072.stdout:/usr/bin/ceph: stderr
2024-04-25T13:03:52.631+0000 7f7f4553e700 1 -- 172.21.15.72:0/2651894964 >> 172.21.15.72:0/2651894964 conn(0x7f7f401022b0 msgr2=0x7f7f40102e40 unknown :-1 s=STATE_NONE l=0).mark_down
2024-04-25T13:03:53.383 INFO:teuthology.orchestra.run.smithi072.stdout:/usr/bin/ceph: stderr
2024-04-25T13:03:52.631+0000 7f7f4553e700 1 -- 172.21.15.72:0/2651894964 shutdown_connections
2024-04-25T13:03:53.383 INFO:teuthology.orchestra.run.smithi072.stdout:/usr/bin/ceph: stderr
2024-04-25T13:03:52.631+0000 7f7f4553e700 1 -- 172.21.15.72:0/2651894964 wait complete.
2024-04-25T13:03:53.383 INFO:teuthology.orchestra.run.smithi072.stdout:Deploying unmanaged mgr service...
2024-04-25T13:03:53.929 INFO:journalctl@ceph.mon.a.smithi072.stdout:Apr 25 13:03:53 smithi072 ceph-mon[29199]: from='client.14142 -' entity='client.admin' cmd=[{"prefix": "orch apply", "service_type": "mon", "unmanaged": true, "target": ["mon-mgr", ""]}]: dispatch
2024-04-25T13:03:53.929 INFO:journalctl@ceph.mon.a.smithi072.stdout:Apr 25 13:03:53 smithi072 ceph-mon[29199]: Saving service mon spec with placement count:5
2024-04-25T13:03:53.929 INFO:journalctl@ceph.mon.a.smithi072.stdout:Apr 25 13:03:53 smithi072 ceph-mon[29199]: from='mgr.14120 172.21.15.72:0/2869514866' entity='mgr.x'
2024-04-25T13:03:55.272 INFO:journalctl@ceph.mon.a.smithi072.stdout:Apr 25 13:03:55 smithi072 ceph-mon[29199]: from='client.14144 -' entity='client.admin' cmd=[{"prefix": "orch apply", "service_type": "mgr", "unmanaged": true, "target": ["mon-mgr", ""]}]: dispatch
2024-04-25T13:03:55.272 INFO:journalctl@ceph.mon.a.smithi072.stdout:Apr 25 13:03:55 smithi072 ceph-mon[29199]: Saving service mgr spec with placement count:2
2024-04-25T13:03:55.272 INFO:journalctl@ceph.mon.a.smithi072.stdout:Apr 25 13:03:55 smithi072 ceph-mon[29199]: from='mgr.14120 172.21.15.72:0/2869514866' entity='mgr.x'
2024-04-25T13:03:55.481 INFO:teuthology.orchestra.run.smithi072.stdout:/usr/bin/ceph: stdout Scheduled mgr update...
2024-04-25T13:03:55.482 INFO:teuthology.orchestra.run.smithi072.stdout:/usr/bin/ceph: stderr
2024-04-25T13:03:53.816+0000 7f25d9d88700 1 Processor -- start
2024-04-25T13:03:55.482 INFO:teuthology.orchestra.run.smithi072.stdout:/usr/bin/ceph: stderr
2024-04-25T13:03:53.816+0000 7f25d9d88700 1 -- start start
2024-04-25T13:03:55.482 INFO:teuthology.orchestra.run.smithi072.stdout:/usr/bin/ceph: stderr
2024-04-25T13:03:53.816+0000 7f25d9d88700 1 --2- >> [v2:172.21.15.72:3300/0,v1:172.21.15.72:6789/0] conn(0x7f25d4108610 0x7f25d4108a30 unknown :-1 s=NONE pgs=0 cs=0 l=0 rev1=0 crypto rx=0 tx=0 comp rx=0 tx=0).connect
2024-04-25T13:03:55.482 INFO:teuthology.orchestra.run.smithi072.stdout:/usr/bin/ceph: stderr
2024-04-25T13:03:53.816+0000 7f25d9d88700 1 -- --> [v2:172.21.15.72:3300/0,v1:172.21.15.72:6789/0] -- mon_getmap magic: 0 -- 0x7f25d4109000 con 0x7f25d4108610
2024-04-25T13:03:55.482 INFO:teuthology.orchestra.run.smithi072.stdout:/usr/bin/ceph: stderr
2024-04-25T13:03:53.816+0000 7f25d37fe700 1 --2- >> [v2:172.21.15.72:3300/0,v1:172.21.15.72:6789/0] conn(0x7f25d4108610 0x7f25d4108a30 unknown :-1 s=BANNER_CONNECTING pgs=0 cs=0 l=0 rev1=0 crypto rx=0 tx=0 comp rx=0 tx=0)._handle_peer_banner_payload supported=3 required=0
2024-04-25T13:03:55.482 INFO:teuthology.orchestra.run.smithi072.stdout:/usr/bin/ceph: stderr
2024-04-25T13:03:53.816+0000 7f25d37fe700 1 --2- >> [v2:172.21.15.72:3300/0,v1:172.21.15.72:6789/0] conn(0x7f25d4108610 0x7f25d4108a30 unknown :-1 s=HELLO_CONNECTING pgs=0 cs=0 l=0 rev1=1 crypto rx=0 tx=0 comp rx=0 tx=0).handle_hello peer v2:172.21.15.72:3300/0 says I am v2:172.21.15.72:53098/0 (socket says 172.21.15.72:53098)
2024-04-25T13:03:55.482 INFO:teuthology.orchestra.run.smithi072.stdout:/usr/bin/ceph: stderr
2024-04-25T13:03:53.816+0000 7f25d37fe700 1 -- 172.21.15.72:0/4239205514 learned_addr learned my addr 172.21.15.72:0/4239205514 (peer_addr_for_me v2:172.21.15.72:0/0)
2024-04-25T13:03:55.482 INFO:teuthology.orchestra.run.smithi072.stdout:/usr/bin/ceph: stderr
2024-04-25T13:03:53.816+0000 7f25d37fe700 1 -- 172.21.15.72:0/4239205514 --> [v2:172.21.15.72:3300/0,v1:172.21.15.72:6789/0] -- mon_subscribe({config=0+,monmap=0+}) -- 0x7f25d4109810 con 0x7f25d4108610
2024-04-25T13:03:55.482 INFO:teuthology.orchestra.run.smithi072.stdout:/usr/bin/ceph: stderr
2024-04-25T13:03:53.816+0000 7f25d37fe700 1 --2- 172.21.15.72:0/4239205514 >> [v2:172.21.15.72:3300/0,v1:172.21.15.72:6789/0] conn(0x7f25d4108610 0x7f25d4108a30 secure :-1 s=READY pgs=49 cs=0 l=1 rev1=1 crypto rx=0x7f25c80098a0 tx=0x7f25c8009bb0 comp rx=0 tx=0).ready entity=mon.0 client_cookie=3fe429f0b96b3780 server_cookie=0 in_seq=0 out_seq=0
2024-04-25T13:03:55.482 INFO:teuthology.orchestra.run.smithi072.stdout:/usr/bin/ceph: stderr
2024-04-25T13:03:53.817+0000 7f25d27fc700 1 -- 172.21.15.72:0/4239205514 <== mon.0 v2:172.21.15.72:3300/0 1 ==== mon_map magic: 0 ==== 205+0+0 (secure 0 0 0) 0x7f25c8004160 con 0x7f25d4108610
2024-04-25T13:03:55.482 INFO:teuthology.orchestra.run.smithi072.stdout:/usr/bin/ceph: stderr
2024-04-25T13:03:53.817+0000 7f25d27fc700 1 -- 172.21.15.72:0/4239205514 <== mon.0 v2:172.21.15.72:3300/0 2 ==== config(26 keys) ==== 1070+0+0 (secure 0 0 0) 0x7f25c8004300 con 0x7f25d4108610
2024-04-25T13:03:55.483 INFO:teuthology.orchestra.run.smithi072.stdout:/usr/bin/ceph: stderr
2024-04-25T13:03:53.817+0000 7f25d27fc700 1 -- 172.21.15.72:0/4239205514 <== mon.0 v2:172.21.15.72:3300/0 3 ==== mon_map magic: 0 ==== 205+0+0 (secure 0 0 0) 0x7f25c8011af0 con 0x7f25d4108610
2024-04-25T13:03:55.483 INFO:teuthology.orchestra.run.smithi072.stdout:/usr/bin/ceph: stderr
2024-04-25T13:03:53.817+0000 7f25d9d88700 1 -- 172.21.15.72:0/4239205514 >> [v2:172.21.15.72:3300/0,v1:172.21.15.72:6789/0] conn(0x7f25d4108610 msgr2=0x7f25d4108a30 secure :-1 s=STATE_CONNECTION_ESTABLISHED l=1).mark_down
2024-04-25T13:03:55.483 INFO:teuthology.orchestra.run.smithi072.stdout:/usr/bin/ceph: stderr
2024-04-25T13:03:53.817+0000 7f25d9d88700 1 --2- 172.21.15.72:0/4239205514 >> [v2:172.21.15.72:3300/0,v1:172.21.15.72:6789/0] conn(0x7f25d4108610 0x7f25d4108a30 secure :-1 s=READY pgs=49 cs=0 l=1 rev1=1 crypto rx=0x7f25c80098a0 tx=0x7f25c8009bb0 comp rx=0 tx=0).stop
2024-04-25T13:03:55.483 INFO:teuthology.orchestra.run.smithi072.stdout:/usr/bin/ceph: stderr
2024-04-25T13:03:53.817+0000 7f25d9d88700 1 -- 172.21.15.72:0/4239205514 shutdown_connections
2024-04-25T13:03:55.483 INFO:teuthology.orchestra.run.smithi072.stdout:/usr/bin/ceph: stderr
2024-04-25T13:03:53.817+0000 7f25d9d88700 1 --2- 172.21.15.72:0/4239205514 >> [v2:172.21.15.72:3300/0,v1:172.21.15.72:6789/0] conn(0x7f25d4108610 0x7f25d4108a30 unknown :-1 s=CLOSED pgs=49 cs=0 l=1 rev1=1 crypto rx=0 tx=0 comp rx=0 tx=0).stop
2024-04-25T13:03:55.483 INFO:teuthology.orchestra.run.smithi072.stdout:/usr/bin/ceph: stderr
2024-04-25T13:03:53.817+0000 7f25d9d88700 1 -- 172.21.15.72:0/4239205514 >> 172.21.15.72:0/4239205514 conn(0x7f25d4103bf0 msgr2=0x7f25d4106010 unknown :-1 s=STATE_NONE l=0).mark_down
2024-04-25T13:03:55.483 INFO:teuthology.orchestra.run.smithi072.stdout:/usr/bin/ceph: stderr
2024-04-25T13:03:53.817+0000 7f25d9d88700 1 -- 172.21.15.72:0/4239205514 shutdown_connections
2024-04-25T13:03:55.483 INFO:teuthology.orchestra.run.smithi072.stdout:/usr/bin/ceph: stderr
2024-04-25T13:03:53.817+0000 7f25d9d88700 1 -- 172.21.15.72:0/4239205514 wait complete.
2024-04-25T13:03:55.483 INFO:teuthology.orchestra.run.smithi072.stdout:/usr/bin/ceph: stderr
2024-04-25T13:03:53.818+0000 7f25d9d88700 1 Processor -- start
2024-04-25T13:03:55.483 INFO:teuthology.orchestra.run.smithi072.stdout:/usr/bin/ceph: stderr
2024-04-25T13:03:53.818+0000 7f25d9d88700 1 -- start start
2024-04-25T13:03:55.483 INFO:teuthology.orchestra.run.smithi072.stdout:/usr/bin/ceph: stderr
2024-04-25T13:03:53.818+0000 7f25d9d88700 1 --2- >> [v2:172.21.15.72:3300/0,v1:172.21.15.72:6789/0] conn(0x7f25d4108610 0x7f25d419c570 unknown :-1 s=NONE pgs=0 cs=0 l=1 rev1=0 crypto rx=0 tx=0 comp rx=0 tx=0).connect
2024-04-25T13:03:55.483 INFO:teuthology.orchestra.run.smithi072.stdout:/usr/bin/ceph: stderr
2024-04-25T13:03:53.818+0000 7f25d9d88700 1 -- --> [v2:172.21.15.72:3300/0,v1:172.21.15.72:6789/0] -- mon_getmap magic: 0 -- 0x7f25d410ca40 con 0x7f25d4108610
2024-04-25T13:03:55.483 INFO:teuthology.orchestra.run.smithi072.stdout:/usr/bin/ceph: stderr
2024-04-25T13:03:53.818+0000 7f25d37fe700 1 --2- >> [v2:172.21.15.72:3300/0,v1:172.21.15.72:6789/0] conn(0x7f25d4108610 0x7f25d419c570 unknown :-1 s=BANNER_CONNECTING pgs=0 cs=0 l=1 rev1=0 crypto rx=0 tx=0 comp rx=0 tx=0)._handle_peer_banner_payload supported=3 required=0
2024-04-25T13:03:55.484 INFO:teuthology.orchestra.run.smithi072.stdout:/usr/bin/ceph: stderr
2024-04-25T13:03:53.818+0000 7f25d37fe700 1 --2- >> [v2:172.21.15.72:3300/0,v1:172.21.15.72:6789/0] conn(0x7f25d4108610 0x7f25d419c570 unknown :-1 s=HELLO_CONNECTING pgs=0 cs=0 l=1 rev1=1 crypto rx=0 tx=0 comp rx=0 tx=0).handle_hello peer v2:172.21.15.72:3300/0 says I am v2:172.21.15.72:53106/0 (socket says 172.21.15.72:53106)
2024-04-25T13:03:55.484 INFO:teuthology.orchestra.run.smithi072.stdout:/usr/bin/ceph: stderr
2024-04-25T13:03:53.818+0000 7f25d37fe700 1 -- 172.21.15.72:0/2126256798 learned_addr learned my addr 172.21.15.72:0/2126256798 (peer_addr_for_me v2:172.21.15.72:0/0)
2024-04-25T13:03:55.484 INFO:teuthology.orchestra.run.smithi072.stdout:/usr/bin/ceph: stderr
2024-04-25T13:03:53.819+0000 7f25d37fe700 1 -- 172.21.15.72:0/2126256798 --> [v2:172.21.15.72:3300/0,v1:172.21.15.72:6789/0] -- mon_subscribe({config=0+,monmap=0+}) -- 0x7f25d419cab0 con 0x7f25d4108610
2024-04-25T13:03:55.484 INFO:teuthology.orchestra.run.smithi072.stdout:/usr/bin/ceph: stderr
2024-04-25T13:03:53.819+0000 7f25d37fe700 1 --2- 172.21.15.72:0/2126256798 >> [v2:172.21.15.72:3300/0,v1:172.21.15.72:6789/0] conn(0x7f25d4108610 0x7f25d419c570 secure :-1 s=READY pgs=50 cs=0 l=1 rev1=1 crypto rx=0x7f25c8009fb0 tx=0x7f25c8011940 comp rx=0 tx=0).ready entity=mon.0 client_cookie=0 server_cookie=0 in_seq=0 out_seq=0
2024-04-25T13:03:55.484 INFO:teuthology.orchestra.run.smithi072.stdout:/usr/bin/ceph: stderr
2024-04-25T13:03:53.819+0000 7f25d0ff9700 1 -- 172.21.15.72:0/2126256798 <== mon.0 v2:172.21.15.72:3300/0 1 ==== mon_map magic: 0 ==== 205+0+0 (secure 0 0 0) 0x7f25c80036a0 con 0x7f25d4108610
2024-04-25T13:03:55.484 INFO:teuthology.orchestra.run.smithi072.stdout:/usr/bin/ceph: stderr
2024-04-25T13:03:53.819+0000 7f25d0ff9700 1 -- 172.21.15.72:0/2126256798 <== mon.0 v2:172.21.15.72:3300/0 2 ==== config(26 keys) ==== 1070+0+0 (secure 0 0 0) 0x7f25c801a430 con 0x7f25d4108610
2024-04-25T13:03:55.484 INFO:teuthology.orchestra.run.smithi072.stdout:/usr/bin/ceph: stderr
2024-04-25T13:03:53.819+0000 7f25d9d88700 1 -- 172.21.15.72:0/2126256798 --> [v2:172.21.15.72:3300/0,v1:172.21.15.72:6789/0] -- mon_subscribe({mgrmap=0+}) -- 0x7f25d419cd40 con 0x7f25d4108610
2024-04-25T13:03:55.484 INFO:teuthology.orchestra.run.smithi072.stdout:/usr/bin/ceph: stderr
2024-04-25T13:03:53.819+0000 7f25d0ff9700 1 -- 172.21.15.72:0/2126256798 <== mon.0 v2:172.21.15.72:3300/0 3 ==== mon_map magic: 0 ==== 205+0+0 (secure 0 0 0) 0x7f25c8019550 con 0x7f25d4108610
2024-04-25T13:03:55.484 INFO:teuthology.orchestra.run.smithi072.stdout:/usr/bin/ceph: stderr
2024-04-25T13:03:53.819+0000 7f25d9d88700 1 -- 172.21.15.72:0/2126256798 --> [v2:172.21.15.72:3300/0,v1:172.21.15.72:6789/0] -- mon_subscribe({osdmap=0}) -- 0x7f25d419fa30 con 0x7f25d4108610
2024-04-25T13:03:55.484 INFO:teuthology.orchestra.run.smithi072.stdout:/usr/bin/ceph: stderr
2024-04-25T13:03:53.820+0000 7f25d0ff9700 1 -- 172.21.15.72:0/2126256798 <== mon.0 v2:172.21.15.72:3300/0 4 ==== mgrmap(e 8) ==== 46558+0+0 (secure 0 0 0) 0x7f25c8019850 con 0x7f25d4108610
2024-04-25T13:03:55.484 INFO:teuthology.orchestra.run.smithi072.stdout:/usr/bin/ceph: stderr
2024-04-25T13:03:53.820+0000 7f25d0ff9700 1 --2- 172.21.15.72:0/2126256798 >> [v2:172.21.15.72:6800/2774697366,v1:172.21.15.72:6801/2774697366] conn(0x7f25bc039560 0x7f25bc03ba20 unknown :-1 s=NONE pgs=0 cs=0 l=1 rev1=0 crypto rx=0 tx=0 comp rx=0 tx=0).connect
2024-04-25T13:03:55.484 INFO:teuthology.orchestra.run.smithi072.stdout:/usr/bin/ceph: stderr
2024-04-25T13:03:53.820+0000 7f25d0ff9700 1 -- 172.21.15.72:0/2126256798 <== mon.0 v2:172.21.15.72:3300/0 5 ==== osd_map(2..2 src has 1..2) ==== 940+0+0 (secure 0 0 0) 0x7f25c804d940 con 0x7f25d4108610
2024-04-25T13:03:55.484 INFO:teuthology.orchestra.run.smithi072.stdout:/usr/bin/ceph: stderr
2024-04-25T13:03:53.820+0000 7f25d2ffd700 1 --2- 172.21.15.72:0/2126256798 >> [v2:172.21.15.72:6800/2774697366,v1:172.21.15.72:6801/2774697366] conn(0x7f25bc039560 0x7f25bc03ba20 unknown :-1 s=BANNER_CONNECTING pgs=0 cs=0 l=1 rev1=0 crypto rx=0 tx=0 comp rx=0 tx=0)._handle_peer_banner_payload supported=3 required=0
2024-04-25T13:03:55.485 INFO:teuthology.orchestra.run.smithi072.stdout:/usr/bin/ceph: stderr
2024-04-25T13:03:53.820+0000 7f25d9d88700 1 -- 172.21.15.72:0/2126256798 --> [v2:172.21.15.72:3300/0,v1:172.21.15.72:6789/0] -- mon_command({"prefix": "get_command_descriptions"} v 0) -- 0x7f25d410cbc0 con 0x7f25d4108610
2024-04-25T13:03:55.485 INFO:teuthology.orchestra.run.smithi072.stdout:/usr/bin/ceph: stderr
2024-04-25T13:03:53.820+0000 7f25d2ffd700 1 --2- 172.21.15.72:0/2126256798 >> [v2:172.21.15.72:6800/2774697366,v1:172.21.15.72:6801/2774697366] conn(0x7f25bc039560 0x7f25bc03ba20 secure :-1 s=READY pgs=13 cs=0 l=1 rev1=1 crypto rx=0x7f25c4006fd0 tx=0x7f25c4006e40 comp rx=0 tx=0).ready entity=mgr.14120 client_cookie=0 server_cookie=0 in_seq=0 out_seq=0
2024-04-25T13:03:55.485 INFO:teuthology.orchestra.run.smithi072.stdout:/usr/bin/ceph: stderr
2024-04-25T13:03:53.825+0000 7f25d0ff9700 1 -- 172.21.15.72:0/2126256798 <== mon.0 v2:172.21.15.72:3300/0 6 ==== mon_command_ack([{"prefix": "get_command_descriptions"}]=0 v0) ==== 72+0+188370 (secure 0 0 0) 0x7f25c8023c90 con 0x7f25d4108610
2024-04-25T13:03:55.485 INFO:teuthology.orchestra.run.smithi072.stdout:/usr/bin/ceph: stderr
2024-04-25T13:03:54.040+0000 7f25d9d88700 1 -- 172.21.15.72:0/2126256798 --> [v2:172.21.15.72:6800/2774697366,v1:172.21.15.72:6801/2774697366] -- mgr_command(tid 0: {"prefix": "orch apply", "service_type": "mgr", "unmanaged": true, "target": ["mon-mgr", ""]}) -- 0x7f25d4104e50 con 0x7f25bc039560
2024-04-25T13:03:55.485 INFO:teuthology.orchestra.run.smithi072.stdout:/usr/bin/ceph: stderr
2024-04-25T13:03:54.047+0000 7f25d0ff9700 1 -- 172.21.15.72:0/2126256798 <== mgr.14120 v2:172.21.15.72:6800/2774697366 1 ==== mgr_command_reply(tid 0: 0 ) ==== 8+0+24 (secure 0 0 0) 0x7f25d4104e50 con 0x7f25bc039560
2024-04-25T13:03:55.485 INFO:teuthology.orchestra.run.smithi072.stdout:/usr/bin/ceph: stderr
2024-04-25T13:03:54.049+0000 7f25d9d88700 1 -- 172.21.15.72:0/2126256798 >> [v2:172.21.15.72:6800/2774697366,v1:172.21.15.72:6801/2774697366] conn(0x7f25bc039560 msgr2=0x7f25bc03ba20 secure :-1 s=STATE_CONNECTION_ESTABLISHED l=1).mark_down
2024-04-25T13:03:55.485 INFO:teuthology.orchestra.run.smithi072.stdout:/usr/bin/ceph: stderr
2024-04-25T13:03:54.049+0000 7f25d9d88700 1 --2- 172.21.15.72:0/2126256798 >> [v2:172.21.15.72:6800/2774697366,v1:172.21.15.72:6801/2774697366] conn(0x7f25bc039560 0x7f25bc03ba20 secure :-1 s=READY pgs=13 cs=0 l=1 rev1=1 crypto rx=0x7f25c4006fd0 tx=0x7f25c4006e40 comp rx=0 tx=0).stop
2024-04-25T13:03:55.485 INFO:teuthology.orchestra.run.smithi072.stdout:/usr/bin/ceph: stderr
2024-04-25T13:03:54.049+0000 7f25d9d88700 1 -- 172.21.15.72:0/2126256798 >> [v2:172.21.15.72:3300/0,v1:172.21.15.72:6789/0] conn(0x7f25d4108610 msgr2=0x7f25d419c570 secure :-1 s=STATE_CONNECTION_ESTABLISHED l=1).mark_down
2024-04-25T13:03:55.485 INFO:teuthology.orchestra.run.smithi072.stdout:/usr/bin/ceph: stderr
2024-04-25T13:03:54.049+0000 7f25d9d88700 1 --2- 172.21.15.72:0/2126256798 >> [v2:172.21.15.72:3300/0,v1:172.21.15.72:6789/0] conn(0x7f25d4108610 0x7f25d419c570 secure :-1 s=READY pgs=50 cs=0 l=1 rev1=1 crypto rx=0x7f25c8009fb0 tx=0x7f25c8011940 comp rx=0 tx=0).stop
2024-04-25T13:03:55.485 INFO:teuthology.orchestra.run.smithi072.stdout:/usr/bin/ceph: stderr
2024-04-25T13:03:54.049+0000 7f25d9d88700 1 -- 172.21.15.72:0/2126256798 shutdown_connections
2024-04-25T13:03:55.485 INFO:teuthology.orchestra.run.smithi072.stdout:/usr/bin/ceph: stderr
2024-04-25T13:03:54.049+0000 7f25d9d88700 1 --2- 172.21.15.72:0/2126256798 >> [v2:172.21.15.72:6800/2774697366,v1:172.21.15.72:6801/2774697366] conn(0x7f25bc039560 0x7f25bc03ba20 unknown :-1 s=CLOSED pgs=13 cs=0 l=1 rev1=1 crypto rx=0 tx=0 comp rx=0 tx=0).stop
2024-04-25T13:03:55.485 INFO:teuthology.orchestra.run.smithi072.stdout:/usr/bin/ceph: stderr
2024-04-25T13:03:54.049+0000 7f25d9d88700 1 --2- 172.21.15.72:0/2126256798 >> [v2:172.21.15.72:3300/0,v1:172.21.15.72:6789/0] conn(0x7f25d4108610 0x7f25d419c570 unknown :-1 s=CLOSED pgs=50 cs=0 l=1 rev1=1 crypto rx=0 tx=0 comp rx=0 tx=0).stop
2024-04-25T13:03:55.485 INFO:teuthology.orchestra.run.smithi072.stdout:/usr/bin/ceph: stderr
2024-04-25T13:03:54.049+0000 7f25d9d88700 1 -- 172.21.15.72:0/2126256798 >> 172.21.15.72:0/2126256798 conn(0x7f25d4103bf0 msgr2=0x7f25d4104740 unknown :-1 s=STATE_NONE l=0).mark_down
2024-04-25T13:03:55.486 INFO:teuthology.orchestra.run.smithi072.stdout:/usr/bin/ceph: stderr
2024-04-25T13:03:54.049+0000 7f25d9d88700 1 -- 172.21.15.72:0/2126256798 shutdown_connections
2024-04-25T13:03:55.486 INFO:teuthology.orchestra.run.smithi072.stdout:/usr/bin/ceph: stderr
2024-04-25T13:03:54.049+0000 7f25d9d88700 1 -- 172.21.15.72:0/2126256798 wait complete.
2024-04-25T13:03:56.353 INFO:journalctl@ceph.mon.a.smithi072.stdout:Apr 25 13:03:56 smithi072 ceph-mon[29199]: from='mgr.14120 172.21.15.72:0/2869514866' entity='mgr.x'
2024-04-25T13:03:56.353 INFO:journalctl@ceph.mon.a.smithi072.stdout:Apr 25 13:03:56 smithi072 ceph-mon[29199]: from='mgr.14120 172.21.15.72:0/2869514866' entity='mgr.x'
2024-04-25T13:03:57.355 INFO:teuthology.orchestra.run.smithi072.stdout:/usr/bin/ceph: stderr
2024-04-25T13:03:55.972+0000 7f2a976c8700 1 Processor -- start
2024-04-25T13:03:57.356 INFO:teuthology.orchestra.run.smithi072.stdout:/usr/bin/ceph: stderr
2024-04-25T13:03:55.972+0000 7f2a976c8700 1 -- start start
2024-04-25T13:03:57.356 INFO:teuthology.orchestra.run.smithi072.stdout:/usr/bin/ceph: stderr
2024-04-25T13:03:55.972+0000 7f2a976c8700 1 --2- >> [v2:172.21.15.72:3300/0,v1:172.21.15.72:6789/0] conn(0x7f2a90107510 0x7f2a90107930 unknown :-1 s=NONE pgs=0 cs=0 l=0 rev1=0 crypto rx=0 tx=0 comp rx=0 tx=0).connect
2024-04-25T13:03:57.356 INFO:teuthology.orchestra.run.smithi072.stdout:/usr/bin/ceph: stderr
2024-04-25T13:03:55.972+0000 7f2a976c8700 1 -- --> [v2:172.21.15.72:3300/0,v1:172.21.15.72:6789/0] -- mon_getmap magic: 0 -- 0x7f2a90107f00 con 0x7f2a90107510
2024-04-25T13:03:57.356 INFO:teuthology.orchestra.run.smithi072.stdout:/usr/bin/ceph: stderr
2024-04-25T13:03:55.972+0000 7f2a95464700 1 --2- >> [v2:172.21.15.72:3300/0,v1:172.21.15.72:6789/0] conn(0x7f2a90107510 0x7f2a90107930 unknown :-1 s=BANNER_CONNECTING pgs=0 cs=0 l=0 rev1=0 crypto rx=0 tx=0 comp rx=0 tx=0)._handle_peer_banner_payload supported=3 required=0
2024-04-25T13:03:57.356 INFO:teuthology.orchestra.run.smithi072.stdout:/usr/bin/ceph: stderr
2024-04-25T13:03:55.972+0000 7f2a95464700 1 --2- >> [v2:172.21.15.72:3300/0,v1:172.21.15.72:6789/0] conn(0x7f2a90107510 0x7f2a90107930 unknown :-1 s=HELLO_CONNECTING pgs=0 cs=0 l=0 rev1=1 crypto rx=0 tx=0 comp rx=0 tx=0).handle_hello peer v2:172.21.15.72:3300/0 says I am v2:172.21.15.72:40432/0 (socket says 172.21.15.72:40432)
2024-04-25T13:03:57.356 INFO:teuthology.orchestra.run.smithi072.stdout:/usr/bin/ceph: stderr
2024-04-25T13:03:55.972+0000 7f2a95464700 1 -- 172.21.15.72:0/39500010 learned_addr learned my addr 172.21.15.72:0/39500010 (peer_addr_for_me v2:172.21.15.72:0/0)
2024-04-25T13:03:57.356 INFO:teuthology.orchestra.run.smithi072.stdout:/usr/bin/ceph: stderr
2024-04-25T13:03:55.972+0000 7f2a95464700 1 -- 172.21.15.72:0/39500010 --> [v2:172.21.15.72:3300/0,v1:172.21.15.72:6789/0] -- mon_subscribe({config=0+,monmap=0+}) -- 0x7f2a90108710 con 0x7f2a90107510
2024-04-25T13:03:57.356 INFO:teuthology.orchestra.run.smithi072.stdout:/usr/bin/ceph: stderr
2024-04-25T13:03:55.973+0000 7f2a95464700 1 --2- 172.21.15.72:0/39500010 >> [v2:172.21.15.72:3300/0,v1:172.21.15.72:6789/0] conn(0x7f2a90107510 0x7f2a90107930 secure :-1 s=READY pgs=51 cs=0 l=1 rev1=1 crypto rx=0x7f2a8c0098a0 tx=0x7f2a8c009bb0 comp rx=0 tx=0).ready entity=mon.0 client_cookie=4c7ae1b57d067403 server_cookie=0 in_seq=0 out_seq=0
2024-04-25T13:03:57.356 INFO:teuthology.orchestra.run.smithi072.stdout:/usr/bin/ceph: stderr
2024-04-25T13:03:55.973+0000 7f2a87fff700 1 -- 172.21.15.72:0/39500010 <== mon.0 v2:172.21.15.72:3300/0 1 ==== mon_map magic: 0 ==== 205+0+0 (secure 0 0 0) 0x7f2a8c004160 con 0x7f2a90107510
2024-04-25T13:03:57.356 INFO:teuthology.orchestra.run.smithi072.stdout:/usr/bin/ceph: stderr
2024-04-25T13:03:55.973+0000 7f2a87fff700 1 -- 172.21.15.72:0/39500010 <== mon.0 v2:172.21.15.72:3300/0 2 ==== config(26 keys) ==== 1101+0+0 (secure 0 0 0) 0x7f2a8c004300 con 0x7f2a90107510
2024-04-25T13:03:57.356 INFO:teuthology.orchestra.run.smithi072.stdout:/usr/bin/ceph: stderr
2024-04-25T13:03:55.973+0000 7f2a87fff700 1 -- 172.21.15.72:0/39500010 <== mon.0 v2:172.21.15.72:3300/0 3 ==== mon_map magic: 0 ==== 205+0+0 (secure 0 0 0) 0x7f2a8c011a20 con 0x7f2a90107510
2024-04-25T13:03:57.356 INFO:teuthology.orchestra.run.smithi072.stdout:/usr/bin/ceph: stderr
2024-04-25T13:03:55.974+0000 7f2a976c8700 1 -- 172.21.15.72:0/39500010 >> [v2:172.21.15.72:3300/0,v1:172.21.15.72:6789/0] conn(0x7f2a90107510 msgr2=0x7f2a90107930 secure :-1 s=STATE_CONNECTION_ESTABLISHED l=1).mark_down
2024-04-25T13:03:57.356 INFO:teuthology.orchestra.run.smithi072.stdout:/usr/bin/ceph: stderr
2024-04-25T13:03:55.974+0000 7f2a976c8700 1 --2- 172.21.15.72:0/39500010 >> [v2:172.21.15.72:3300/0,v1:172.21.15.72:6789/0] conn(0x7f2a90107510 0x7f2a90107930 secure :-1 s=READY pgs=51 cs=0 l=1 rev1=1 crypto rx=0x7f2a8c0098a0 tx=0x7f2a8c009bb0 comp rx=0 tx=0).stop
2024-04-25T13:03:57.357 INFO:teuthology.orchestra.run.smithi072.stdout:/usr/bin/ceph: stderr
2024-04-25T13:03:55.974+0000 7f2a976c8700 1 -- 172.21.15.72:0/39500010 shutdown_connections
2024-04-25T13:03:57.357 INFO:teuthology.orchestra.run.smithi072.stdout:/usr/bin/ceph: stderr
2024-04-25T13:03:55.974+0000 7f2a976c8700 1 --2- 172.21.15.72:0/39500010 >> [v2:172.21.15.72:3300/0,v1:172.21.15.72:6789/0] conn(0x7f2a90107510 0x7f2a90107930 unknown :-1 s=CLOSED pgs=51 cs=0 l=1 rev1=1 crypto rx=0 tx=0 comp rx=0 tx=0).stop
2024-04-25T13:03:57.357 INFO:teuthology.orchestra.run.smithi072.stdout:/usr/bin/ceph: stderr
2024-04-25T13:03:55.974+0000 7f2a976c8700 1 -- 172.21.15.72:0/39500010 >> 172.21.15.72:0/39500010 conn(0x7f2a90102ad0 msgr2=0x7f2a90104ef0 unknown :-1 s=STATE_NONE l=0).mark_down
2024-04-25T13:03:57.357 INFO:teuthology.orchestra.run.smithi072.stdout:/usr/bin/ceph: stderr
2024-04-25T13:03:55.974+0000 7f2a976c8700 1 -- 172.21.15.72:0/39500010 shutdown_connections
2024-04-25T13:03:57.357 INFO:teuthology.orchestra.run.smithi072.stdout:/usr/bin/ceph: stderr
2024-04-25T13:03:55.974+0000 7f2a976c8700 1 -- 172.21.15.72:0/39500010 wait complete.
2024-04-25T13:03:57.357 INFO:teuthology.orchestra.run.smithi072.stdout:/usr/bin/ceph: stderr
2024-04-25T13:03:55.974+0000 7f2a976c8700 1 Processor -- start
2024-04-25T13:03:57.357 INFO:teuthology.orchestra.run.smithi072.stdout:/usr/bin/ceph: stderr
2024-04-25T13:03:55.974+0000 7f2a976c8700 1 -- start start
2024-04-25T13:03:57.357 INFO:teuthology.orchestra.run.smithi072.stdout:/usr/bin/ceph: stderr
2024-04-25T13:03:55.974+0000 7f2a976c8700 1 --2- >> [v2:172.21.15.72:3300/0,v1:172.21.15.72:6789/0] conn(0x7f2a90107510 0x7f2a9019b410 unknown :-1 s=NONE pgs=0 cs=0 l=1 rev1=0 crypto rx=0 tx=0 comp rx=0 tx=0).connect
2024-04-25T13:03:57.357 INFO:teuthology.orchestra.run.smithi072.stdout:/usr/bin/ceph: stderr
2024-04-25T13:03:55.975+0000 7f2a976c8700 1 -- --> [v2:172.21.15.72:3300/0,v1:172.21.15.72:6789/0] -- mon_getmap magic: 0 -- 0x7f2a9010bac0 con 0x7f2a90107510
2024-04-25T13:03:57.357 INFO:teuthology.orchestra.run.smithi072.stdout:/usr/bin/ceph: stderr
2024-04-25T13:03:55.975+0000 7f2a95464700 1 --2- >> [v2:172.21.15.72:3300/0,v1:172.21.15.72:6789/0] conn(0x7f2a90107510 0x7f2a9019b410 unknown :-1 s=BANNER_CONNECTING pgs=0 cs=0 l=1 rev1=0 crypto rx=0 tx=0 comp rx=0 tx=0)._handle_peer_banner_payload supported=3 required=0
2024-04-25T13:03:57.357 INFO:teuthology.orchestra.run.smithi072.stdout:/usr/bin/ceph: stderr
2024-04-25T13:03:55.975+0000 7f2a95464700 1 --2- >> [v2:172.21.15.72:3300/0,v1:172.21.15.72:6789/0] conn(0x7f2a90107510 0x7f2a9019b410 unknown :-1 s=HELLO_CONNECTING pgs=0 cs=0 l=1 rev1=1 crypto rx=0 tx=0 comp rx=0 tx=0).handle_hello peer v2:172.21.15.72:3300/0 says I am v2:172.21.15.72:40444/0 (socket says 172.21.15.72:40444)
2024-04-25T13:03:57.357 INFO:teuthology.orchestra.run.smithi072.stdout:/usr/bin/ceph: stderr
2024-04-25T13:03:55.975+0000 7f2a95464700 1 -- 172.21.15.72:0/58307859 learned_addr learned my addr 172.21.15.72:0/58307859 (peer_addr_for_me v2:172.21.15.72:0/0)
2024-04-25T13:03:57.357 INFO:teuthology.orchestra.run.smithi072.stdout:/usr/bin/ceph: stderr
2024-04-25T13:03:55.975+0000 7f2a95464700 1 -- 172.21.15.72:0/58307859 --> [v2:172.21.15.72:3300/0,v1:172.21.15.72:6789/0] -- mon_subscribe({config=0+,monmap=0+}) -- 0x7f2a9019b950 con 0x7f2a90107510
2024-04-25T13:03:57.357 INFO:teuthology.orchestra.run.smithi072.stdout:/usr/bin/ceph: stderr
2024-04-25T13:03:55.975+0000 7f2a95464700 1 --2- 172.21.15.72:0/58307859 >> [v2:172.21.15.72:3300/0,v1:172.21.15.72:6789/0] conn(0x7f2a90107510 0x7f2a9019b410 secure :-1 s=READY pgs=52 cs=0 l=1 rev1=1 crypto rx=0x7f2a8c0119f0 tx=0x7f2a8c011ad0 comp rx=0 tx=0).ready entity=mon.0 client_cookie=0 server_cookie=0 in_seq=0 out_seq=0
2024-04-25T13:03:57.358 INFO:teuthology.orchestra.run.smithi072.stdout:/usr/bin/ceph: stderr
2024-04-25T13:03:55.975+0000 7f2a867fc700 1 -- 172.21.15.72:0/58307859 <== mon.0 v2:172.21.15.72:3300/0 1 ==== mon_map magic: 0 ==== 205+0+0 (secure 0 0 0) 0x7f2a8c0039e0 con 0x7f2a90107510
2024-04-25T13:03:57.358 INFO:teuthology.orchestra.run.smithi072.stdout:/usr/bin/ceph: stderr
2024-04-25T13:03:55.975+0000 7f2a867fc700 1 -- 172.21.15.72:0/58307859 <== mon.0 v2:172.21.15.72:3300/0 2 ==== config(26 keys) ==== 1101+0+0 (secure 0 0 0) 0x7f2a8c01aa10 con 0x7f2a90107510
2024-04-25T13:03:57.358 INFO:teuthology.orchestra.run.smithi072.stdout:/usr/bin/ceph: stderr
2024-04-25T13:03:55.975+0000 7f2a976c8700 1 -- 172.21.15.72:0/58307859 --> [v2:172.21.15.72:3300/0,v1:172.21.15.72:6789/0] -- mon_subscribe({mgrmap=0+}) -- 0x7f2a9019bbe0 con 0x7f2a90107510
2024-04-25T13:03:57.358 INFO:teuthology.orchestra.run.smithi072.stdout:/usr/bin/ceph: stderr
2024-04-25T13:03:55.975+0000 7f2a867fc700 1 -- 172.21.15.72:0/58307859 <== mon.0 v2:172.21.15.72:3300/0 3 ==== mon_map magic: 0 ==== 205+0+0 (secure 0 0 0) 0x7f2a8c023930 con 0x7f2a90107510
2024-04-25T13:03:57.358 INFO:teuthology.orchestra.run.smithi072.stdout:/usr/bin/ceph: stderr
2024-04-25T13:03:55.975+0000 7f2a976c8700 1 -- 172.21.15.72:0/58307859 --> [v2:172.21.15.72:3300/0,v1:172.21.15.72:6789/0] -- mon_subscribe({osdmap=0}) -- 0x7f2a9007bfd0 con 0x7f2a90107510
2024-04-25T13:03:57.358 INFO:teuthology.orchestra.run.smithi072.stdout:/usr/bin/ceph: stderr
2024-04-25T13:03:55.976+0000 7f2a867fc700 1 -- 172.21.15.72:0/58307859 <== mon.0 v2:172.21.15.72:3300/0 4 ==== mgrmap(e 8) ==== 46558+0+0 (secure 0 0 0) 0x7f2a8c023ba0 con 0x7f2a90107510
2024-04-25T13:03:57.358 INFO:teuthology.orchestra.run.smithi072.stdout:/usr/bin/ceph: stderr
2024-04-25T13:03:55.976+0000 7f2a867fc700 1 --2- 172.21.15.72:0/58307859 >> [v2:172.21.15.72:6800/2774697366,v1:172.21.15.72:6801/2774697366] conn(0x7f2a7c0395b0 0x7f2a7c03ba70 unknown :-1 s=NONE pgs=0 cs=0 l=1 rev1=0 crypto rx=0 tx=0 comp rx=0 tx=0).connect
2024-04-25T13:03:57.358 INFO:teuthology.orchestra.run.smithi072.stdout:/usr/bin/ceph: stderr
2024-04-25T13:03:55.976+0000 7f2a867fc700 1 -- 172.21.15.72:0/58307859 <== mon.0 v2:172.21.15.72:3300/0 5 ==== osd_map(2..2 src has 1..2) ==== 940+0+0 (secure 0 0 0) 0x7f2a8c04f8a0 con 0x7f2a90107510
2024-04-25T13:03:57.358 INFO:teuthology.orchestra.run.smithi072.stdout:/usr/bin/ceph: stderr
2024-04-25T13:03:55.976+0000 7f2a94c63700 1 --2- 172.21.15.72:0/58307859 >> [v2:172.21.15.72:6800/2774697366,v1:172.21.15.72:6801/2774697366] conn(0x7f2a7c0395b0 0x7f2a7c03ba70 unknown :-1 s=BANNER_CONNECTING pgs=0 cs=0 l=1 rev1=0 crypto rx=0 tx=0 comp rx=0 tx=0)._handle_peer_banner_payload supported=3 required=0
2024-04-25T13:03:57.358 INFO:teuthology.orchestra.run.smithi072.stdout:/usr/bin/ceph: stderr
2024-04-25T13:03:55.977+0000 7f2a976c8700 1 -- 172.21.15.72:0/58307859 --> [v2:172.21.15.72:3300/0,v1:172.21.15.72:6789/0] -- mon_command({"prefix": "get_command_descriptions"} v 0) -- 0x7f2a9010bc40 con 0x7f2a90107510
2024-04-25T13:03:57.358 INFO:teuthology.orchestra.run.smithi072.stdout:/usr/bin/ceph: stderr
2024-04-25T13:03:55.977+0000 7f2a94c63700 1 --2- 172.21.15.72:0/58307859 >> [v2:172.21.15.72:6800/2774697366,v1:172.21.15.72:6801/2774697366] conn(0x7f2a7c0395b0 0x7f2a7c03ba70 secure :-1 s=READY pgs=14 cs=0 l=1 rev1=1 crypto rx=0x7f2a80006fd0 tx=0x7f2a80006e40 comp rx=0 tx=0).ready entity=mgr.14120 client_cookie=0 server_cookie=0 in_seq=0 out_seq=0
2024-04-25T13:03:57.358 INFO:teuthology.orchestra.run.smithi072.stdout:/usr/bin/ceph: stderr
2024-04-25T13:03:55.982+0000 7f2a867fc700 1 -- 172.21.15.72:0/58307859 <== mon.0 v2:172.21.15.72:3300/0 6 ==== mon_command_ack([{"prefix": "get_command_descriptions"}]=0 v0) ==== 72+0+188370 (secure 0 0 0) 0x7f2a8c02a2b0 con 0x7f2a90107510
2024-04-25T13:03:57.358 INFO:teuthology.orchestra.run.smithi072.stdout:/usr/bin/ceph: stderr
2024-04-25T13:03:56.219+0000 7f2a976c8700 1 -- 172.21.15.72:0/58307859 --> [v2:172.21.15.72:3300/0,v1:172.21.15.72:6789/0] -- mon_command([{prefix=config set, name=mgr/cephadm/container_init}] v 0) -- 0x7f2a9007c4c0 con 0x7f2a90107510
2024-04-25T13:03:57.359 INFO:teuthology.orchestra.run.smithi072.stdout:/usr/bin/ceph: stderr
2024-04-25T13:03:56.222+0000 7f2a867fc700 1 -- 172.21.15.72:0/58307859 <== mon.0 v2:172.21.15.72:3300/0 7 ==== mon_command_ack([{prefix=config set, name=mgr/cephadm/container_init}]=0 v7)=0 v7) ==== 142+0+0 (secure 0 0 0) 0x7f2a8c032020 con 0x7f2a90107510
2024-04-25T13:03:57.359 INFO:teuthology.orchestra.run.smithi072.stdout:/usr/bin/ceph: stderr
2024-04-25T13:03:56.225+0000 7f2a976c8700 1 -- 172.21.15.72:0/58307859 >> [v2:172.21.15.72:6800/2774697366,v1:172.21.15.72:6801/2774697366] conn(0x7f2a7c0395b0 msgr2=0x7f2a7c03ba70 secure :-1 s=STATE_CONNECTION_ESTABLISHED l=1).mark_down
2024-04-25T13:03:57.359 INFO:teuthology.orchestra.run.smithi072.stdout:/usr/bin/ceph: stderr
2024-04-25T13:03:56.225+0000 7f2a976c8700 1 --2- 172.21.15.72:0/58307859 >> [v2:172.21.15.72:6800/2774697366,v1:172.21.15.72:6801/2774697366] conn(0x7f2a7c0395b0 0x7f2a7c03ba70 secure :-1 s=READY pgs=14 cs=0 l=1 rev1=1 crypto rx=0x7f2a80006fd0 tx=0x7f2a80006e40 comp rx=0 tx=0).stop
2024-04-25T13:03:57.359 INFO:teuthology.orchestra.run.smithi072.stdout:/usr/bin/ceph: stderr
2024-04-25T13:03:56.225+0000 7f2a976c8700 1 -- 172.21.15.72:0/58307859 >> [v2:172.21.15.72:3300/0,v1:172.21.15.72:6789/0] conn(0x7f2a90107510 msgr2=0x7f2a9019b410 secure :-1 s=STATE_CONNECTION_ESTABLISHED l=1).mark_down
2024-04-25T13:03:57.359 INFO:teuthology.orchestra.run.smithi072.stdout:/usr/bin/ceph: stderr
2024-04-25T13:03:56.225+0000 7f2a976c8700 1 --2- 172.21.15.72:0/58307859 >> [v2:172.21.15.72:3300/0,v1:172.21.15.72:6789/0] conn(0x7f2a90107510 0x7f2a9019b410 secure :-1 s=READY pgs=52 cs=0 l=1 rev1=1 crypto rx=0x7f2a8c0119f0 tx=0x7f2a8c011ad0 comp rx=0 tx=0).stop
2024-04-25T13:03:57.359 INFO:teuthology.orchestra.run.smithi072.stdout:/usr/bin/ceph: stderr
2024-04-25T13:03:56.225+0000 7f2a976c8700 1 -- 172.21.15.72:0/58307859 shutdown_connections
2024-04-25T13:03:57.359 INFO:teuthology.orchestra.run.smithi072.stdout:/usr/bin/ceph: stderr
2024-04-25T13:03:56.225+0000 7f2a976c8700 1 --2- 172.21.15.72:0/58307859 >> [v2:172.21.15.72:6800/2774697366,v1:172.21.15.72:6801/2774697366] conn(0x7f2a7c0395b0 0x7f2a7c03ba70 unknown :-1 s=CLOSED pgs=14 cs=0 l=1 rev1=1 crypto rx=0 tx=0 comp rx=0 tx=0).stop
2024-04-25T13:03:57.359 INFO:teuthology.orchestra.run.smithi072.stdout:/usr/bin/ceph: stderr
2024-04-25T13:03:56.225+0000 7f2a976c8700 1 --2- 172.21.15.72:0/58307859 >> [v2:172.21.15.72:3300/0,v1:172.21.15.72:6789/0] conn(0x7f2a90107510 0x7f2a9019b410 unknown :-1 s=CLOSED pgs=52 cs=0 l=1 rev1=1 crypto rx=0 tx=0 comp rx=0 tx=0).stop
2024-04-25T13:03:57.359 INFO:teuthology.orchestra.run.smithi072.stdout:/usr/bin/ceph: stderr
2024-04-25T13:03:56.225+0000 7f2a976c8700 1 -- 172.21.15.72:0/58307859 >> 172.21.15.72:0/58307859 conn(0x7f2a90102ad0 msgr2=0x7f2a901035e0 unknown :-1 s=STATE_NONE l=0).mark_down
2024-04-25T13:03:57.359 INFO:teuthology.orchestra.run.smithi072.stdout:/usr/bin/ceph: stderr
2024-04-25T13:03:56.225+0000 7f2a976c8700 1 -- 172.21.15.72:0/58307859 shutdown_connections
2024-04-25T13:03:57.359 INFO:teuthology.orchestra.run.smithi072.stdout:/usr/bin/ceph: stderr
2024-04-25T13:03:56.225+0000 7f2a976c8700 1 -- 172.21.15.72:0/58307859 wait complete.
2024-04-25T13:03:57.474 INFO:journalctl@ceph.mon.a.smithi072.stdout:Apr 25 13:03:57 smithi072 ceph-mon[29199]: from='client.? 172.21.15.72:0/58307859' entity='client.admin'
2024-04-25T13:03:58.619 INFO:teuthology.orchestra.run.smithi072.stdout:/usr/bin/ceph: stderr
2024-04-25T13:03:57.778+0000 7f3134821700 1 Processor -- start
2024-04-25T13:03:58.619 INFO:teuthology.orchestra.run.smithi072.stdout:/usr/bin/ceph: stderr
2024-04-25T13:03:57.778+0000 7f3134821700 1 -- start start
2024-04-25T13:03:58.620 INFO:teuthology.orchestra.run.smithi072.stdout:/usr/bin/ceph: stderr
2024-04-25T13:03:57.778+0000 7f3134821700 1 --2- >> [v2:172.21.15.72:3300/0,v1:172.21.15.72:6789/0] conn(0x7f31301090c0 0x7f313010b4b0 unknown :-1 s=NONE pgs=0 cs=0 l=0 rev1=0 crypto rx=0 tx=0 comp rx=0 tx=0).connect
2024-04-25T13:03:58.620 INFO:teuthology.orchestra.run.smithi072.stdout:/usr/bin/ceph: stderr
2024-04-25T13:03:57.778+0000 7f3134821700 1 -- --> [v2:172.21.15.72:3300/0,v1:172.21.15.72:6789/0] -- mon_getmap magic: 0 -- 0x7f313007ce70 con 0x7f31301090c0
2024-04-25T13:03:58.620 INFO:teuthology.orchestra.run.smithi072.stdout:/usr/bin/ceph: stderr
2024-04-25T13:03:57.778+0000 7f312e59c700 1 --2- >> [v2:172.21.15.72:3300/0,v1:172.21.15.72:6789/0] conn(0x7f31301090c0 0x7f313010b4b0 unknown :-1 s=BANNER_CONNECTING pgs=0 cs=0 l=0 rev1=0 crypto rx=0 tx=0 comp rx=0 tx=0)._handle_peer_banner_payload supported=3 required=0
2024-04-25T13:03:58.620 INFO:teuthology.orchestra.run.smithi072.stdout:/usr/bin/ceph: stderr
2024-04-25T13:03:57.778+0000 7f312e59c700 1 --2- >> [v2:172.21.15.72:3300/0,v1:172.21.15.72:6789/0] conn(0x7f31301090c0 0x7f313010b4b0 unknown :-1 s=HELLO_CONNECTING pgs=0 cs=0 l=0 rev1=1 crypto rx=0 tx=0 comp rx=0 tx=0).handle_hello peer v2:172.21.15.72:3300/0 says I am v2:172.21.15.72:40446/0 (socket says 172.21.15.72:40446)
2024-04-25T13:03:58.620 INFO:teuthology.orchestra.run.smithi072.stdout:/usr/bin/ceph: stderr
2024-04-25T13:03:57.778+0000 7f312e59c700 1 -- 172.21.15.72:0/238485746 learned_addr learned my addr 172.21.15.72:0/238485746 (peer_addr_for_me v2:172.21.15.72:0/0)
2024-04-25T13:03:58.620 INFO:teuthology.orchestra.run.smithi072.stdout:/usr/bin/ceph: stderr
2024-04-25T13:03:57.778+0000 7f312e59c700 1 -- 172.21.15.72:0/238485746 --> [v2:172.21.15.72:3300/0,v1:172.21.15.72:6789/0] -- mon_subscribe({config=0+,monmap=0+}) -- 0x7f313010b9f0 con 0x7f31301090c0
2024-04-25T13:03:58.620 INFO:teuthology.orchestra.run.smithi072.stdout:/usr/bin/ceph: stderr
2024-04-25T13:03:57.779+0000 7f312e59c700 1 --2- 172.21.15.72:0/238485746 >> [v2:172.21.15.72:3300/0,v1:172.21.15.72:6789/0] conn(0x7f31301090c0 0x7f313010b4b0 secure :-1 s=READY pgs=53 cs=0 l=1 rev1=1 crypto rx=0x7f31200098a0 tx=0x7f3120009bb0 comp rx=0 tx=0).ready entity=mon.0 client_cookie=8e1f2ba7085b7099 server_cookie=0 in_seq=0 out_seq=0
2024-04-25T13:03:58.620 INFO:teuthology.orchestra.run.smithi072.stdout:/usr/bin/ceph: stderr
2024-04-25T13:03:57.779+0000 7f312d59a700 1 -- 172.21.15.72:0/238485746 <== mon.0 v2:172.21.15.72:3300/0 1 ==== mon_map magic: 0 ==== 205+0+0 (secure 0 0 0) 0x7f3120004160 con 0x7f31301090c0
2024-04-25T13:03:58.620 INFO:teuthology.orchestra.run.smithi072.stdout:/usr/bin/ceph: stderr
2024-04-25T13:03:57.779+0000 7f312d59a700 1 -- 172.21.15.72:0/238485746 <== mon.0 v2:172.21.15.72:3300/0 2 ==== config(26 keys) ==== 1101+0+0 (secure 0 0 0) 0x7f3120004300 con 0x7f31301090c0
2024-04-25T13:03:58.620 INFO:teuthology.orchestra.run.smithi072.stdout:/usr/bin/ceph: stderr
2024-04-25T13:03:57.779+0000 7f312d59a700 1 -- 172.21.15.72:0/238485746 <== mon.0 v2:172.21.15.72:3300/0 3 ==== mon_map magic: 0 ==== 205+0+0 (secure 0 0 0) 0x7f3120011a20 con 0x7f31301090c0
2024-04-25T13:03:58.620 INFO:teuthology.orchestra.run.smithi072.stdout:/usr/bin/ceph: stderr
2024-04-25T13:03:57.779+0000 7f3134821700 1 -- 172.21.15.72:0/238485746 >> [v2:172.21.15.72:3300/0,v1:172.21.15.72:6789/0] conn(0x7f31301090c0 msgr2=0x7f313010b4b0 secure :-1 s=STATE_CONNECTION_ESTABLISHED l=1).mark_down
2024-04-25T13:03:58.621 INFO:teuthology.orchestra.run.smithi072.stdout:/usr/bin/ceph: stderr
2024-04-25T13:03:57.779+0000 7f3134821700 1 --2- 172.21.15.72:0/238485746 >> [v2:172.21.15.72:3300/0,v1:172.21.15.72:6789/0] conn(0x7f31301090c0 0x7f313010b4b0 secure :-1 s=READY pgs=53 cs=0 l=1 rev1=1 crypto rx=0x7f31200098a0 tx=0x7f3120009bb0 comp rx=0 tx=0).stop
2024-04-25T13:03:58.621 INFO:teuthology.orchestra.run.smithi072.stdout:/usr/bin/ceph: stderr
2024-04-25T13:03:57.779+0000 7f3134821700 1 -- 172.21.15.72:0/238485746 shutdown_connections
2024-04-25T13:03:58.621 INFO:teuthology.orchestra.run.smithi072.stdout:/usr/bin/ceph: stderr
2024-04-25T13:03:57.779+0000 7f3134821700 1 --2- 172.21.15.72:0/238485746 >> [v2:172.21.15.72:3300/0,v1:172.21.15.72:6789/0] conn(0x7f31301090c0 0x7f313010b4b0 unknown :-1 s=CLOSED pgs=53 cs=0 l=1 rev1=1 crypto rx=0 tx=0 comp rx=0 tx=0).stop
2024-04-25T13:03:58.621 INFO:teuthology.orchestra.run.smithi072.stdout:/usr/bin/ceph: stderr
2024-04-25T13:03:57.779+0000 7f3134821700 1 -- 172.21.15.72:0/238485746 >> 172.21.15.72:0/238485746 conn(0x7f3130102ad0 msgr2=0x7f3130104ef0 unknown :-1 s=STATE_NONE l=0).mark_down
2024-04-25T13:03:58.621 INFO:teuthology.orchestra.run.smithi072.stdout:/usr/bin/ceph: stderr
2024-04-25T13:03:57.780+0000 7f3134821700 1 -- 172.21.15.72:0/238485746 shutdown_connections
2024-04-25T13:03:58.621 INFO:teuthology.orchestra.run.smithi072.stdout:/usr/bin/ceph: stderr
2024-04-25T13:03:57.780+0000 7f3134821700 1 -- 172.21.15.72:0/238485746 wait complete.
2024-04-25T13:03:58.621 INFO:teuthology.orchestra.run.smithi072.stdout:/usr/bin/ceph: stderr
2024-04-25T13:03:57.780+0000 7f3134821700 1 Processor -- start
2024-04-25T13:03:58.621 INFO:teuthology.orchestra.run.smithi072.stdout:/usr/bin/ceph: stderr
2024-04-25T13:03:57.780+0000 7f3134821700 1 -- start start
2024-04-25T13:03:58.621 INFO:teuthology.orchestra.run.smithi072.stdout:/usr/bin/ceph: stderr
