2024-04-25T13:03:33.487 INFO:teuthology.orchestra.run.smithi072.stdout:/usr/bin/ceph: stderr
2024-04-25T13:03:31.909+0000 7f8eb1514700 1 -- 172.21.15.72:0/2553569030 shutdown_connections
2024-04-25T13:03:33.487 INFO:teuthology.orchestra.run.smithi072.stdout:/usr/bin/ceph: stderr
2024-04-25T13:03:31.909+0000 7f8eb1514700 1 -- 172.21.15.72:0/2553569030 wait complete.
2024-04-25T13:03:33.487 INFO:teuthology.orchestra.run.smithi072.stdout:/usr/bin/ceph: stderr
2024-04-25T13:03:31.909+0000 7f8eb1514700 1 Processor -- start
2024-04-25T13:03:33.487 INFO:teuthology.orchestra.run.smithi072.stdout:/usr/bin/ceph: stderr
2024-04-25T13:03:31.909+0000 7f8eb1514700 1 -- start start
2024-04-25T13:03:33.487 INFO:teuthology.orchestra.run.smithi072.stdout:/usr/bin/ceph: stderr
2024-04-25T13:03:31.910+0000 7f8eb1514700 1 --2- >> [v2:172.21.15.72:3300/0,v1:172.21.15.72:6789/0] conn(0x7f8eac106eb0 0x7f8eac19e700 unknown :-1 s=NONE pgs=0 cs=0 l=1 rev1=0 crypto rx=0 tx=0 comp rx=0 tx=0).connect
2024-04-25T13:03:33.487 INFO:teuthology.orchestra.run.smithi072.stdout:/usr/bin/ceph: stderr
2024-04-25T13:03:31.910+0000 7f8eb1514700 1 -- --> [v2:172.21.15.72:3300/0,v1:172.21.15.72:6789/0] -- mon_getmap magic: 0 -- 0x7f8eac1087d0 con 0x7f8eac106eb0
2024-04-25T13:03:33.488 INFO:teuthology.orchestra.run.smithi072.stdout:/usr/bin/ceph: stderr
2024-04-25T13:03:31.910+0000 7f8eaaffd700 1 --2- >> [v2:172.21.15.72:3300/0,v1:172.21.15.72:6789/0] conn(0x7f8eac106eb0 0x7f8eac19e700 unknown :-1 s=BANNER_CONNECTING pgs=0 cs=0 l=1 rev1=0 crypto rx=0 tx=0 comp rx=0 tx=0)._handle_peer_banner_payload supported=3 required=0
2024-04-25T13:03:33.488 INFO:teuthology.orchestra.run.smithi072.stdout:/usr/bin/ceph: stderr
2024-04-25T13:03:31.910+0000 7f8eaaffd700 1 --2- >> [v2:172.21.15.72:3300/0,v1:172.21.15.72:6789/0] conn(0x7f8eac106eb0 0x7f8eac19e700 unknown :-1 s=HELLO_CONNECTING pgs=0 cs=0 l=1 rev1=1 crypto rx=0 tx=0 comp rx=0 tx=0).handle_hello peer v2:172.21.15.72:3300/0 says I am v2:172.21.15.72:43380/0 (socket says 172.21.15.72:43380)
2024-04-25T13:03:33.488 INFO:teuthology.orchestra.run.smithi072.stdout:/usr/bin/ceph: stderr
2024-04-25T13:03:31.910+0000 7f8eaaffd700 1 -- 172.21.15.72:0/2848269059 learned_addr learned my addr 172.21.15.72:0/2848269059 (peer_addr_for_me v2:172.21.15.72:0/0)
2024-04-25T13:03:33.488 INFO:teuthology.orchestra.run.smithi072.stdout:/usr/bin/ceph: stderr
2024-04-25T13:03:31.910+0000 7f8eaaffd700 1 -- 172.21.15.72:0/2848269059 --> [v2:172.21.15.72:3300/0,v1:172.21.15.72:6789/0] -- mon_subscribe({config=0+,monmap=0+}) -- 0x7f8eac19ec40 con 0x7f8eac106eb0
2024-04-25T13:03:33.488 INFO:teuthology.orchestra.run.smithi072.stdout:/usr/bin/ceph: stderr
2024-04-25T13:03:31.910+0000 7f8eaaffd700 1 --2- 172.21.15.72:0/2848269059 >> [v2:172.21.15.72:3300/0,v1:172.21.15.72:6789/0] conn(0x7f8eac106eb0 0x7f8eac19e700 secure :-1 s=READY pgs=23 cs=0 l=1 rev1=1 crypto rx=0x7f8e9c009fb0 tx=0x7f8e9c011940 comp rx=0 tx=0).ready entity=mon.0 client_cookie=0 server_cookie=0 in_seq=0 out_seq=0
2024-04-25T13:03:33.488 INFO:teuthology.orchestra.run.smithi072.stdout:/usr/bin/ceph: stderr
2024-04-25T13:03:31.910+0000 7f8ea8ff9700 1 -- 172.21.15.72:0/2848269059 <== mon.0 v2:172.21.15.72:3300/0 1 ==== mon_map magic: 0 ==== 205+0+0 (secure 0 0 0) 0x7f8e9c0036a0 con 0x7f8eac106eb0
2024-04-25T13:03:33.488 INFO:teuthology.orchestra.run.smithi072.stdout:/usr/bin/ceph: stderr
2024-04-25T13:03:31.910+0000 7f8ea8ff9700 1 -- 172.21.15.72:0/2848269059 <== mon.0 v2:172.21.15.72:3300/0 2 ==== config(26 keys) ==== 1070+0+0 (secure 0 0 0) 0x7f8e9c01a430 con 0x7f8eac106eb0
2024-04-25T13:03:33.488 INFO:teuthology.orchestra.run.smithi072.stdout:/usr/bin/ceph: stderr
2024-04-25T13:03:31.910+0000 7f8eb1514700 1 -- 172.21.15.72:0/2848269059 --> [v2:172.21.15.72:3300/0,v1:172.21.15.72:6789/0] -- mon_subscribe({mgrmap=0+}) -- 0x7f8eac19eed0 con 0x7f8eac106eb0
2024-04-25T13:03:33.488 INFO:teuthology.orchestra.run.smithi072.stdout:/usr/bin/ceph: stderr
2024-04-25T13:03:31.910+0000 7f8ea8ff9700 1 -- 172.21.15.72:0/2848269059 <== mon.0 v2:172.21.15.72:3300/0 3 ==== mon_map magic: 0 ==== 205+0+0 (secure 0 0 0) 0x7f8e9c019550 con 0x7f8eac106eb0
2024-04-25T13:03:33.488 INFO:teuthology.orchestra.run.smithi072.stdout:/usr/bin/ceph: stderr
2024-04-25T13:03:31.910+0000 7f8eb1514700 1 -- 172.21.15.72:0/2848269059 --> [v2:172.21.15.72:3300/0,v1:172.21.15.72:6789/0] -- mon_subscribe({osdmap=0}) -- 0x7f8eac1a1bc0 con 0x7f8eac106eb0
2024-04-25T13:03:33.488 INFO:teuthology.orchestra.run.smithi072.stdout:/usr/bin/ceph: stderr
2024-04-25T13:03:31.911+0000 7f8ea8ff9700 1 -- 172.21.15.72:0/2848269059 <== mon.0 v2:172.21.15.72:3300/0 4 ==== mgrmap(e 4) ==== 46547+0+0 (secure 0 0 0) 0x7f8e9c003840 con 0x7f8eac106eb0
2024-04-25T13:03:33.488 INFO:teuthology.orchestra.run.smithi072.stdout:/usr/bin/ceph: stderr
2024-04-25T13:03:31.911+0000 7f8eb1514700 1 -- 172.21.15.72:0/2848269059 --> [v2:172.21.15.72:3300/0,v1:172.21.15.72:6789/0] -- mon_command({"prefix": "get_command_descriptions"} v 0) -- 0x7f8eac0640a0 con 0x7f8eac106eb0
2024-04-25T13:03:33.488 INFO:teuthology.orchestra.run.smithi072.stdout:/usr/bin/ceph: stderr
2024-04-25T13:03:31.911+0000 7f8ea8ff9700 1 --2- 172.21.15.72:0/2848269059 >> [v2:172.21.15.72:6800/2706752188,v1:172.21.15.72:6801/2706752188] conn(0x7f8e98039510 0x7f8e9803b9d0 unknown :-1 s=NONE pgs=0 cs=0 l=1 rev1=0 crypto rx=0 tx=0 comp rx=0 tx=0).connect
2024-04-25T13:03:33.488 INFO:teuthology.orchestra.run.smithi072.stdout:/usr/bin/ceph: stderr
2024-04-25T13:03:31.911+0000 7f8ea8ff9700 1 -- 172.21.15.72:0/2848269059 <== mon.0 v2:172.21.15.72:3300/0 5 ==== osd_map(1..1 src has 1..1) ==== 725+0+0 (secure 0 0 0) 0x7f8e9c04d8a0 con 0x7f8eac106eb0
2024-04-25T13:03:33.489 INFO:teuthology.orchestra.run.smithi072.stdout:/usr/bin/ceph: stderr
2024-04-25T13:03:31.912+0000 7f8ea3fff700 1 --2- 172.21.15.72:0/2848269059 >> [v2:172.21.15.72:6800/2706752188,v1:172.21.15.72:6801/2706752188] conn(0x7f8e98039510 0x7f8e9803b9d0 unknown :-1 s=BANNER_CONNECTING pgs=0 cs=0 l=1 rev1=0 crypto rx=0 tx=0 comp rx=0 tx=0)._handle_peer_banner_payload supported=3 required=0
2024-04-25T13:03:33.489 INFO:teuthology.orchestra.run.smithi072.stdout:/usr/bin/ceph: stderr
2024-04-25T13:03:31.912+0000 7f8ea3fff700 1 --2- 172.21.15.72:0/2848269059 >> [v2:172.21.15.72:6800/2706752188,v1:172.21.15.72:6801/2706752188] conn(0x7f8e98039510 0x7f8e9803b9d0 secure :-1 s=READY pgs=8 cs=0 l=1 rev1=1 crypto rx=0x7f8e94006fd0 tx=0x7f8e94006e40 comp rx=0 tx=0).ready entity=mgr.14100 client_cookie=0 server_cookie=0 in_seq=0 out_seq=0
2024-04-25T13:03:33.489 INFO:teuthology.orchestra.run.smithi072.stdout:/usr/bin/ceph: stderr
2024-04-25T13:03:31.917+0000 7f8ea8ff9700 1 -- 172.21.15.72:0/2848269059 <== mon.0 v2:172.21.15.72:3300/0 6 ==== mon_command_ack([{"prefix": "get_command_descriptions"}]=0 v0) ==== 72+0+188370 (secure 0 0 0) 0x7f8e9c023e00 con 0x7f8eac106eb0
2024-04-25T13:03:33.489 INFO:teuthology.orchestra.run.smithi072.stdout:/usr/bin/ceph: stderr
2024-04-25T13:03:32.168+0000 7f8eb1514700 1 -- 172.21.15.72:0/2848269059 --> [v2:172.21.15.72:3300/0,v1:172.21.15.72:6789/0] -- mon_command({"prefix": "mgr module enable", "module": "cephadm"} v 0) -- 0x7f8eac0008d0 con 0x7f8eac106eb0
2024-04-25T13:03:33.489 INFO:teuthology.orchestra.run.smithi072.stdout:/usr/bin/ceph: stderr
2024-04-25T13:03:32.898+0000 7f8ea8ff9700 1 -- 172.21.15.72:0/2848269059 <== mon.0 v2:172.21.15.72:3300/0 7 ==== mon_command_ack([{"prefix": "mgr module enable", "module": "cephadm"}]=0 v5) ==== 86+0+0 (secure 0 0 0) 0x7f8e9c04d2c0 con 0x7f8eac106eb0
2024-04-25T13:03:33.489 INFO:teuthology.orchestra.run.smithi072.stdout:/usr/bin/ceph: stderr
2024-04-25T13:03:32.900+0000 7f8ea8ff9700 1 -- 172.21.15.72:0/2848269059 <== mon.0 v2:172.21.15.72:3300/0 8 ==== mgrmap(e 5) ==== 46558+0+0 (secure 0 0 0) 0x7f8e9c019850 con 0x7f8eac106eb0
2024-04-25T13:03:33.489 INFO:teuthology.orchestra.run.smithi072.stdout:/usr/bin/ceph: stderr
2024-04-25T13:03:32.902+0000 7f8eb1514700 1 -- 172.21.15.72:0/2848269059 >> [v2:172.21.15.72:6800/2706752188,v1:172.21.15.72:6801/2706752188] conn(0x7f8e98039510 msgr2=0x7f8e9803b9d0 secure :-1 s=STATE_CONNECTION_ESTABLISHED l=1).mark_down
2024-04-25T13:03:33.489 INFO:teuthology.orchestra.run.smithi072.stdout:/usr/bin/ceph: stderr
2024-04-25T13:03:32.902+0000 7f8eb1514700 1 --2- 172.21.15.72:0/2848269059 >> [v2:172.21.15.72:6800/2706752188,v1:172.21.15.72:6801/2706752188] conn(0x7f8e98039510 0x7f8e9803b9d0 secure :-1 s=READY pgs=8 cs=0 l=1 rev1=1 crypto rx=0x7f8e94006fd0 tx=0x7f8e94006e40 comp rx=0 tx=0).stop
2024-04-25T13:03:33.489 INFO:teuthology.orchestra.run.smithi072.stdout:/usr/bin/ceph: stderr
2024-04-25T13:03:32.902+0000 7f8eb1514700 1 -- 172.21.15.72:0/2848269059 >> [v2:172.21.15.72:3300/0,v1:172.21.15.72:6789/0] conn(0x7f8eac106eb0 msgr2=0x7f8eac19e700 secure :-1 s=STATE_CONNECTION_ESTABLISHED l=1).mark_down
2024-04-25T13:03:33.489 INFO:teuthology.orchestra.run.smithi072.stdout:/usr/bin/ceph: stderr
2024-04-25T13:03:32.902+0000 7f8eb1514700 1 --2- 172.21.15.72:0/2848269059 >> [v2:172.21.15.72:3300/0,v1:172.21.15.72:6789/0] conn(0x7f8eac106eb0 0x7f8eac19e700 secure :-1 s=READY pgs=23 cs=0 l=1 rev1=1 crypto rx=0x7f8e9c009fb0 tx=0x7f8e9c011940 comp rx=0 tx=0).stop
2024-04-25T13:03:33.489 INFO:teuthology.orchestra.run.smithi072.stdout:/usr/bin/ceph: stderr
2024-04-25T13:03:32.902+0000 7f8eb1514700 1 -- 172.21.15.72:0/2848269059 shutdown_connections
2024-04-25T13:03:33.489 INFO:teuthology.orchestra.run.smithi072.stdout:/usr/bin/ceph: stderr
2024-04-25T13:03:32.902+0000 7f8eb1514700 1 --2- 172.21.15.72:0/2848269059 >> [v2:172.21.15.72:6800/2706752188,v1:172.21.15.72:6801/2706752188] conn(0x7f8e98039510 0x7f8e9803b9d0 unknown :-1 s=CLOSED pgs=8 cs=0 l=1 rev1=1 crypto rx=0 tx=0 comp rx=0 tx=0).stop
2024-04-25T13:03:33.489 INFO:teuthology.orchestra.run.smithi072.stdout:/usr/bin/ceph: stderr
2024-04-25T13:03:32.902+0000 7f8eb1514700 1 --2- 172.21.15.72:0/2848269059 >> [v2:172.21.15.72:3300/0,v1:172.21.15.72:6789/0] conn(0x7f8eac106eb0 0x7f8eac19e700 unknown :-1 s=CLOSED pgs=23 cs=0 l=1 rev1=1 crypto rx=0 tx=0 comp rx=0 tx=0).stop
2024-04-25T13:03:33.490 INFO:teuthology.orchestra.run.smithi072.stdout:/usr/bin/ceph: stderr
2024-04-25T13:03:32.902+0000 7f8eb1514700 1 -- 172.21.15.72:0/2848269059 >> 172.21.15.72:0/2848269059 conn(0x7f8eac102b10 msgr2=0x7f8eac1953c0 unknown :-1 s=STATE_NONE l=0).mark_down
2024-04-25T13:03:33.490 INFO:teuthology.orchestra.run.smithi072.stdout:/usr/bin/ceph: stderr
2024-04-25T13:03:32.902+0000 7f8eb1514700 1 -- 172.21.15.72:0/2848269059 shutdown_connections
2024-04-25T13:03:33.490 INFO:teuthology.orchestra.run.smithi072.stdout:/usr/bin/ceph: stderr
2024-04-25T13:03:32.902+0000 7f8eb1514700 1 -- 172.21.15.72:0/2848269059 wait complete.
2024-04-25T13:03:33.765 INFO:journalctl@ceph.mgr.x.smithi072.stdout:Apr 25 13:03:33 smithi072 ceph-d8ca43ea-0303-11ef-bc93-c7b262605968-mgr-x[29432]:
2024-04-25T13:03:33.678+0000 7f9c2149f200 -1 mgr[py] Module progress has missing NOTIFY_TYPES member
2024-04-25T13:03:33.765 INFO:journalctl@ceph.mgr.x.smithi072.stdout:Apr 25 13:03:33 smithi072 ceph-d8ca43ea-0303-11ef-bc93-c7b262605968-mgr-x[29432]:
2024-04-25T13:03:33.765+0000 7f9c2149f200 -1 mgr[py] Module influx has missing NOTIFY_TYPES member
2024-04-25T13:03:34.022 INFO:journalctl@ceph.mon.a.smithi072.stdout:Apr 25 13:03:33 smithi072 ceph-mon[29199]: from='client.? 172.21.15.72:0/2848269059' entity='client.admin' cmd='[{"prefix": "mgr module enable", "module": "cephadm"}]': finished
2024-04-25T13:03:34.022 INFO:journalctl@ceph.mon.a.smithi072.stdout:Apr 25 13:03:33 smithi072 ceph-mon[29199]: mgrmap e5: x(active, since 22s)
2024-04-25T13:03:34.775 INFO:teuthology.orchestra.run.smithi072.stdout:/usr/bin/ceph: stdout {
2024-04-25T13:03:34.775 INFO:teuthology.orchestra.run.smithi072.stdout:/usr/bin/ceph: stdout "epoch": 5,
2024-04-25T13:03:34.775 INFO:teuthology.orchestra.run.smithi072.stdout:/usr/bin/ceph: stdout "available": true,
2024-04-25T13:03:34.776 INFO:teuthology.orchestra.run.smithi072.stdout:/usr/bin/ceph: stdout "active_name": "x",
2024-04-25T13:03:34.776 INFO:teuthology.orchestra.run.smithi072.stdout:/usr/bin/ceph: stdout "num_standby": 0
2024-04-25T13:03:34.776 INFO:teuthology.orchestra.run.smithi072.stdout:/usr/bin/ceph: stdout }
2024-04-25T13:03:34.776 INFO:teuthology.orchestra.run.smithi072.stdout:/usr/bin/ceph: stderr
2024-04-25T13:03:33.925+0000 7f224ff32700 1 Processor -- start
2024-04-25T13:03:34.776 INFO:teuthology.orchestra.run.smithi072.stdout:/usr/bin/ceph: stderr
2024-04-25T13:03:33.925+0000 7f224ff32700 1 -- start start
2024-04-25T13:03:34.776 INFO:teuthology.orchestra.run.smithi072.stdout:/usr/bin/ceph: stderr
2024-04-25T13:03:33.925+0000 7f224ff32700 1 --2- >> [v2:172.21.15.72:3300/0,v1:172.21.15.72:6789/0] conn(0x7f2248108660 0x7f2248108a80 unknown :-1 s=NONE pgs=0 cs=0 l=0 rev1=0 crypto rx=0 tx=0 comp rx=0 tx=0).connect
2024-04-25T13:03:34.776 INFO:teuthology.orchestra.run.smithi072.stdout:/usr/bin/ceph: stderr
2024-04-25T13:03:33.925+0000 7f224ff32700 1 -- --> [v2:172.21.15.72:3300/0,v1:172.21.15.72:6789/0] -- mon_getmap magic: 0 -- 0x7f2248109050 con 0x7f2248108660
2024-04-25T13:03:34.776 INFO:teuthology.orchestra.run.smithi072.stdout:/usr/bin/ceph: stderr
2024-04-25T13:03:33.926+0000 7f224dcce700 1 --2- >> [v2:172.21.15.72:3300/0,v1:172.21.15.72:6789/0] conn(0x7f2248108660 0x7f2248108a80 unknown :-1 s=BANNER_CONNECTING pgs=0 cs=0 l=0 rev1=0 crypto rx=0 tx=0 comp rx=0 tx=0)._handle_peer_banner_payload supported=3 required=0
2024-04-25T13:03:34.776 INFO:teuthology.orchestra.run.smithi072.stdout:/usr/bin/ceph: stderr
2024-04-25T13:03:33.926+0000 7f224dcce700 1 --2- >> [v2:172.21.15.72:3300/0,v1:172.21.15.72:6789/0] conn(0x7f2248108660 0x7f2248108a80 unknown :-1 s=HELLO_CONNECTING pgs=0 cs=0 l=0 rev1=1 crypto rx=0 tx=0 comp rx=0 tx=0).handle_hello peer v2:172.21.15.72:3300/0 says I am v2:172.21.15.72:43404/0 (socket says 172.21.15.72:43404)
2024-04-25T13:03:34.776 INFO:teuthology.orchestra.run.smithi072.stdout:/usr/bin/ceph: stderr
2024-04-25T13:03:33.926+0000 7f224dcce700 1 -- 172.21.15.72:0/374062679 learned_addr learned my addr 172.21.15.72:0/374062679 (peer_addr_for_me v2:172.21.15.72:0/0)
2024-04-25T13:03:34.776 INFO:teuthology.orchestra.run.smithi072.stdout:/usr/bin/ceph: stderr
2024-04-25T13:03:33.926+0000 7f224dcce700 1 -- 172.21.15.72:0/374062679 --> [v2:172.21.15.72:3300/0,v1:172.21.15.72:6789/0] -- mon_subscribe({config=0+,monmap=0+}) -- 0x7f2248109810 con 0x7f2248108660
2024-04-25T13:03:34.776 INFO:teuthology.orchestra.run.smithi072.stdout:/usr/bin/ceph: stderr
2024-04-25T13:03:33.926+0000 7f224dcce700 1 --2- 172.21.15.72:0/374062679 >> [v2:172.21.15.72:3300/0,v1:172.21.15.72:6789/0] conn(0x7f2248108660 0x7f2248108a80 secure :-1 s=READY pgs=26 cs=0 l=1 rev1=1 crypto rx=0x7f22380098a0 tx=0x7f2238009bb0 comp rx=0 tx=0).ready entity=mon.0 client_cookie=a960345eb09e39be server_cookie=0 in_seq=0 out_seq=0
2024-04-25T13:03:34.776 INFO:teuthology.orchestra.run.smithi072.stdout:/usr/bin/ceph: stderr
2024-04-25T13:03:33.926+0000 7f224cccc700 1 -- 172.21.15.72:0/374062679 <== mon.0 v2:172.21.15.72:3300/0 1 ==== mon_map magic: 0 ==== 205+0+0 (secure 0 0 0) 0x7f2238004160 con 0x7f2248108660
2024-04-25T13:03:34.777 INFO:teuthology.orchestra.run.smithi072.stdout:/usr/bin/ceph: stderr
2024-04-25T13:03:33.926+0000 7f224cccc700 1 -- 172.21.15.72:0/374062679 <== mon.0 v2:172.21.15.72:3300/0 2 ==== config(26 keys) ==== 1070+0+0 (secure 0 0 0) 0x7f2238004300 con 0x7f2248108660
2024-04-25T13:03:34.777 INFO:teuthology.orchestra.run.smithi072.stdout:/usr/bin/ceph: stderr
2024-04-25T13:03:33.926+0000 7f224cccc700 1 -- 172.21.15.72:0/374062679 <== mon.0 v2:172.21.15.72:3300/0 3 ==== mon_map magic: 0 ==== 205+0+0 (secure 0 0 0) 0x7f2238011af0 con 0x7f2248108660
2024-04-25T13:03:34.777 INFO:teuthology.orchestra.run.smithi072.stdout:/usr/bin/ceph: stderr
2024-04-25T13:03:33.927+0000 7f224ff32700 1 -- 172.21.15.72:0/374062679 >> [v2:172.21.15.72:3300/0,v1:172.21.15.72:6789/0] conn(0x7f2248108660 msgr2=0x7f2248108a80 secure :-1 s=STATE_CONNECTION_ESTABLISHED l=1).mark_down
2024-04-25T13:03:34.777 INFO:teuthology.orchestra.run.smithi072.stdout:/usr/bin/ceph: stderr
2024-04-25T13:03:33.927+0000 7f224ff32700 1 --2- 172.21.15.72:0/374062679 >> [v2:172.21.15.72:3300/0,v1:172.21.15.72:6789/0] conn(0x7f2248108660 0x7f2248108a80 secure :-1 s=READY pgs=26 cs=0 l=1 rev1=1 crypto rx=0x7f22380098a0 tx=0x7f2238009bb0 comp rx=0 tx=0).stop
2024-04-25T13:03:34.777 INFO:teuthology.orchestra.run.smithi072.stdout:/usr/bin/ceph: stderr
2024-04-25T13:03:33.927+0000 7f224ff32700 1 -- 172.21.15.72:0/374062679 shutdown_connections
2024-04-25T13:03:34.777 INFO:teuthology.orchestra.run.smithi072.stdout:/usr/bin/ceph: stderr
2024-04-25T13:03:33.927+0000 7f224ff32700 1 --2- 172.21.15.72:0/374062679 >> [v2:172.21.15.72:3300/0,v1:172.21.15.72:6789/0] conn(0x7f2248108660 0x7f2248108a80 unknown :-1 s=CLOSED pgs=26 cs=0 l=1 rev1=1 crypto rx=0 tx=0 comp rx=0 tx=0).stop
2024-04-25T13:03:34.777 INFO:teuthology.orchestra.run.smithi072.stdout:/usr/bin/ceph: stderr
2024-04-25T13:03:33.927+0000 7f224ff32700 1 -- 172.21.15.72:0/374062679 >> 172.21.15.72:0/374062679 conn(0x7f2248103c40 msgr2=0x7f2248106060 unknown :-1 s=STATE_NONE l=0).mark_down
2024-04-25T13:03:34.777 INFO:teuthology.orchestra.run.smithi072.stdout:/usr/bin/ceph: stderr
2024-04-25T13:03:33.927+0000 7f224ff32700 1 -- 172.21.15.72:0/374062679 shutdown_connections
2024-04-25T13:03:34.777 INFO:teuthology.orchestra.run.smithi072.stdout:/usr/bin/ceph: stderr
2024-04-25T13:03:33.927+0000 7f224ff32700 1 -- 172.21.15.72:0/374062679 wait complete.
2024-04-25T13:03:34.777 INFO:teuthology.orchestra.run.smithi072.stdout:/usr/bin/ceph: stderr
2024-04-25T13:03:33.928+0000 7f224ff32700 1 Processor -- start
2024-04-25T13:03:34.777 INFO:teuthology.orchestra.run.smithi072.stdout:/usr/bin/ceph: stderr
2024-04-25T13:03:33.928+0000 7f224ff32700 1 -- start start
2024-04-25T13:03:34.777 INFO:teuthology.orchestra.run.smithi072.stdout:/usr/bin/ceph: stderr
2024-04-25T13:03:33.928+0000 7f224ff32700 1 --2- >> [v2:172.21.15.72:3300/0,v1:172.21.15.72:6789/0] conn(0x7f2248108660 0x7f224807eb70 unknown :-1 s=NONE pgs=0 cs=0 l=1 rev1=0 crypto rx=0 tx=0 comp rx=0 tx=0).connect
2024-04-25T13:03:34.777 INFO:teuthology.orchestra.run.smithi072.stdout:/usr/bin/ceph: stderr
2024-04-25T13:03:33.928+0000 7f224ff32700 1 -- --> [v2:172.21.15.72:3300/0,v1:172.21.15.72:6789/0] -- mon_getmap magic: 0 -- 0x7f224810ca40 con 0x7f2248108660
2024-04-25T13:03:34.778 INFO:teuthology.orchestra.run.smithi072.stdout:/usr/bin/ceph: stderr
2024-04-25T13:03:33.928+0000 7f224dcce700 1 --2- >> [v2:172.21.15.72:3300/0,v1:172.21.15.72:6789/0] conn(0x7f2248108660 0x7f224807eb70 unknown :-1 s=BANNER_CONNECTING pgs=0 cs=0 l=1 rev1=0 crypto rx=0 tx=0 comp rx=0 tx=0)._handle_peer_banner_payload supported=3 required=0
2024-04-25T13:03:34.778 INFO:teuthology.orchestra.run.smithi072.stdout:/usr/bin/ceph: stderr
2024-04-25T13:03:33.928+0000 7f224dcce700 1 --2- >> [v2:172.21.15.72:3300/0,v1:172.21.15.72:6789/0] conn(0x7f2248108660 0x7f224807eb70 unknown :-1 s=HELLO_CONNECTING pgs=0 cs=0 l=1 rev1=1 crypto rx=0 tx=0 comp rx=0 tx=0).handle_hello peer v2:172.21.15.72:3300/0 says I am v2:172.21.15.72:43416/0 (socket says 172.21.15.72:43416)
2024-04-25T13:03:34.778 INFO:teuthology.orchestra.run.smithi072.stdout:/usr/bin/ceph: stderr
2024-04-25T13:03:33.928+0000 7f224dcce700 1 -- 172.21.15.72:0/2762704200 learned_addr learned my addr 172.21.15.72:0/2762704200 (peer_addr_for_me v2:172.21.15.72:0/0)
2024-04-25T13:03:34.778 INFO:teuthology.orchestra.run.smithi072.stdout:/usr/bin/ceph: stderr
2024-04-25T13:03:33.928+0000 7f224dcce700 1 -- 172.21.15.72:0/2762704200 --> [v2:172.21.15.72:3300/0,v1:172.21.15.72:6789/0] -- mon_subscribe({config=0+,monmap=0+}) -- 0x7f224807f0b0 con 0x7f2248108660
2024-04-25T13:03:34.778 INFO:teuthology.orchestra.run.smithi072.stdout:/usr/bin/ceph: stderr
2024-04-25T13:03:33.929+0000 7f224dcce700 1 --2- 172.21.15.72:0/2762704200 >> [v2:172.21.15.72:3300/0,v1:172.21.15.72:6789/0] conn(0x7f2248108660 0x7f224807eb70 secure :-1 s=READY pgs=27 cs=0 l=1 rev1=1 crypto rx=0x7f2238009fb0 tx=0x7f2238011940 comp rx=0 tx=0).ready entity=mon.0 client_cookie=0 server_cookie=0 in_seq=0 out_seq=0
2024-04-25T13:03:34.778 INFO:teuthology.orchestra.run.smithi072.stdout:/usr/bin/ceph: stderr
2024-04-25T13:03:33.929+0000 7f223effd700 1 -- 172.21.15.72:0/2762704200 <== mon.0 v2:172.21.15.72:3300/0 1 ==== mon_map magic: 0 ==== 205+0+0 (secure 0 0 0) 0x7f22380036a0 con 0x7f2248108660
2024-04-25T13:03:34.778 INFO:teuthology.orchestra.run.smithi072.stdout:/usr/bin/ceph: stderr
2024-04-25T13:03:33.929+0000 7f224ff32700 1 -- 172.21.15.72:0/2762704200 --> [v2:172.21.15.72:3300/0,v1:172.21.15.72:6789/0] -- mon_subscribe({mgrmap=0+}) -- 0x7f224807d2a0 con 0x7f2248108660
2024-04-25T13:03:34.778 INFO:teuthology.orchestra.run.smithi072.stdout:/usr/bin/ceph: stderr
2024-04-25T13:03:33.929+0000 7f223effd700 1 -- 172.21.15.72:0/2762704200 <== mon.0 v2:172.21.15.72:3300/0 2 ==== config(26 keys) ==== 1070+0+0 (secure 0 0 0) 0x7f223801a430 con 0x7f2248108660
2024-04-25T13:03:34.778 INFO:teuthology.orchestra.run.smithi072.stdout:/usr/bin/ceph: stderr
2024-04-25T13:03:33.929+0000 7f223effd700 1 -- 172.21.15.72:0/2762704200 <== mon.0 v2:172.21.15.72:3300/0 3 ==== mon_map magic: 0 ==== 205+0+0 (secure 0 0 0) 0x7f2238019550 con 0x7f2248108660
2024-04-25T13:03:34.778 INFO:teuthology.orchestra.run.smithi072.stdout:/usr/bin/ceph: stderr
2024-04-25T13:03:33.929+0000 7f224ff32700 1 -- 172.21.15.72:0/2762704200 --> [v2:172.21.15.72:3300/0,v1:172.21.15.72:6789/0] -- mon_subscribe({osdmap=0}) -- 0x7f224807d7e0 con 0x7f2248108660
2024-04-25T13:03:34.779 INFO:teuthology.orchestra.run.smithi072.stdout:/usr/bin/ceph: stderr
2024-04-25T13:03:33.930+0000 7f223effd700 1 -- 172.21.15.72:0/2762704200 <== mon.0 v2:172.21.15.72:3300/0 4 ==== mgrmap(e 5) ==== 46558+0+0 (secure 0 0 0) 0x7f2238019850 con 0x7f2248108660
2024-04-25T13:03:34.779 INFO:teuthology.orchestra.run.smithi072.stdout:/usr/bin/ceph: stderr
2024-04-25T13:03:33.930+0000 7f223effd700 1 --2- 172.21.15.72:0/2762704200 >> [v2:172.21.15.72:6800/2706752188,v1:172.21.15.72:6801/2706752188] conn(0x7f2234039560 0x7f223403ba20 unknown :-1 s=NONE pgs=0 cs=0 l=1 rev1=0 crypto rx=0 tx=0 comp rx=0 tx=0).connect
2024-04-25T13:03:34.779 INFO:teuthology.orchestra.run.smithi072.stdout:/usr/bin/ceph: stderr
2024-04-25T13:03:33.930+0000 7f223effd700 1 -- 172.21.15.72:0/2762704200 <== mon.0 v2:172.21.15.72:3300/0 5 ==== osd_map(1..1 src has 1..1) ==== 725+0+0 (secure 0 0 0) 0x7f223804d8f0 con 0x7f2248108660
2024-04-25T13:03:34.779 INFO:teuthology.orchestra.run.smithi072.stdout:/usr/bin/ceph: stderr
2024-04-25T13:03:33.930+0000 7f224ff32700 1 -- 172.21.15.72:0/2762704200 --> [v2:172.21.15.72:3300/0,v1:172.21.15.72:6789/0] -- mon_command({"prefix": "get_command_descriptions"} v 0) -- 0x7f22480640a0 con 0x7f2248108660
2024-04-25T13:03:34.779 INFO:teuthology.orchestra.run.smithi072.stdout:/usr/bin/ceph: stderr
2024-04-25T13:03:33.930+0000 7f224d4cd700 1 -- 172.21.15.72:0/2762704200 >> [v2:172.21.15.72:6800/2706752188,v1:172.21.15.72:6801/2706752188] conn(0x7f2234039560 msgr2=0x7f223403ba20 unknown :-1 s=STATE_CONNECTING_RE l=1).process reconnect failed to v2:172.21.15.72:6800/2706752188
2024-04-25T13:03:34.779 INFO:teuthology.orchestra.run.smithi072.stdout:/usr/bin/ceph: stderr
2024-04-25T13:03:33.930+0000 7f224d4cd700 1 --2- 172.21.15.72:0/2762704200 >> [v2:172.21.15.72:6800/2706752188,v1:172.21.15.72:6801/2706752188] conn(0x7f2234039560 0x7f223403ba20 unknown :-1 s=START_CONNECT pgs=0 cs=0 l=1 rev1=0 crypto rx=0 tx=0 comp rx=0 tx=0)._fault waiting 0.200000
2024-04-25T13:03:34.779 INFO:teuthology.orchestra.run.smithi072.stdout:/usr/bin/ceph: stderr
2024-04-25T13:03:33.935+0000 7f223effd700 1 -- 172.21.15.72:0/2762704200 <== mon.0 v2:172.21.15.72:3300/0 6 ==== mon_command_ack([{"prefix": "get_command_descriptions"}]=0 v0) ==== 72+0+188370 (secure 0 0 0) 0x7f2238016dd0 con 0x7f2248108660
2024-04-25T13:03:34.779 INFO:teuthology.orchestra.run.smithi072.stdout:/usr/bin/ceph: stderr
2024-04-25T13:03:34.131+0000 7f224d4cd700 1 -- 172.21.15.72:0/2762704200 >> [v2:172.21.15.72:6800/2706752188,v1:172.21.15.72:6801/2706752188] conn(0x7f2234039560 msgr2=0x7f223403ba20 unknown :-1 s=STATE_CONNECTING_RE l=1).process reconnect failed to v2:172.21.15.72:6800/2706752188
2024-04-25T13:03:34.779 INFO:teuthology.orchestra.run.smithi072.stdout:/usr/bin/ceph: stderr
2024-04-25T13:03:34.131+0000 7f224d4cd700 1 --2- 172.21.15.72:0/2762704200 >> [v2:172.21.15.72:6800/2706752188,v1:172.21.15.72:6801/2706752188] conn(0x7f2234039560 0x7f223403ba20 unknown :-1 s=START_CONNECT pgs=0 cs=0 l=1 rev1=0 crypto rx=0 tx=0 comp rx=0 tx=0)._fault waiting 0.400000
2024-04-25T13:03:34.779 INFO:teuthology.orchestra.run.smithi072.stdout:/usr/bin/ceph: stderr
2024-04-25T13:03:34.231+0000 7f224ff32700 1 -- 172.21.15.72:0/2762704200 --> [v2:172.21.15.72:3300/0,v1:172.21.15.72:6789/0] -- mon_command({"prefix": "mgr stat"} v 0) -- 0x7f22481a2570 con 0x7f2248108660
2024-04-25T13:03:34.779 INFO:teuthology.orchestra.run.smithi072.stdout:/usr/bin/ceph: stderr
2024-04-25T13:03:34.232+0000 7f223effd700 1 -- 172.21.15.72:0/2762704200 <== mon.0 v2:172.21.15.72:3300/0 7 ==== mon_command_ack([{"prefix": "mgr stat"}]=0 v5) ==== 56+0+88 (secure 0 0 0) 0x7f223804d310 con 0x7f2248108660
2024-04-25T13:03:34.779 INFO:teuthology.orchestra.run.smithi072.stdout:/usr/bin/ceph: stderr
2024-04-25T13:03:34.235+0000 7f224ff32700 1 -- 172.21.15.72:0/2762704200 >> [v2:172.21.15.72:6800/2706752188,v1:172.21.15.72:6801/2706752188] conn(0x7f2234039560 msgr2=0x7f223403ba20 unknown :-1 s=STATE_CONNECTING l=1).mark_down
2024-04-25T13:03:34.779 INFO:teuthology.orchestra.run.smithi072.stdout:/usr/bin/ceph: stderr
2024-04-25T13:03:34.235+0000 7f224ff32700 1 --2- 172.21.15.72:0/2762704200 >> [v2:172.21.15.72:6800/2706752188,v1:172.21.15.72:6801/2706752188] conn(0x7f2234039560 0x7f223403ba20 unknown :-1 s=START_CONNECT pgs=0 cs=0 l=1 rev1=0 crypto rx=0 tx=0 comp rx=0 tx=0).stop
2024-04-25T13:03:34.780 INFO:teuthology.orchestra.run.smithi072.stdout:/usr/bin/ceph: stderr
2024-04-25T13:03:34.235+0000 7f224ff32700 1 -- 172.21.15.72:0/2762704200 >> [v2:172.21.15.72:3300/0,v1:172.21.15.72:6789/0] conn(0x7f2248108660 msgr2=0x7f224807eb70 secure :-1 s=STATE_CONNECTION_ESTABLISHED l=1).mark_down
2024-04-25T13:03:34.780 INFO:teuthology.orchestra.run.smithi072.stdout:/usr/bin/ceph: stderr
2024-04-25T13:03:34.235+0000 7f224ff32700 1 --2- 172.21.15.72:0/2762704200 >> [v2:172.21.15.72:3300/0,v1:172.21.15.72:6789/0] conn(0x7f2248108660 0x7f224807eb70 secure :-1 s=READY pgs=27 cs=0 l=1 rev1=1 crypto rx=0x7f2238009fb0 tx=0x7f2238011940 comp rx=0 tx=0).stop
2024-04-25T13:03:34.780 INFO:teuthology.orchestra.run.smithi072.stdout:/usr/bin/ceph: stderr
2024-04-25T13:03:34.235+0000 7f224ff32700 1 -- 172.21.15.72:0/2762704200 shutdown_connections
2024-04-25T13:03:34.780 INFO:teuthology.orchestra.run.smithi072.stdout:/usr/bin/ceph: stderr
2024-04-25T13:03:34.235+0000 7f224ff32700 1 --2- 172.21.15.72:0/2762704200 >> [v2:172.21.15.72:6800/2706752188,v1:172.21.15.72:6801/2706752188] conn(0x7f2234039560 0x7f223403ba20 unknown :-1 s=CLOSED pgs=0 cs=0 l=1 rev1=0 crypto rx=0 tx=0 comp rx=0 tx=0).stop
2024-04-25T13:03:34.780 INFO:teuthology.orchestra.run.smithi072.stdout:/usr/bin/ceph: stderr
2024-04-25T13:03:34.235+0000 7f224ff32700 1 --2- 172.21.15.72:0/2762704200 >> [v2:172.21.15.72:3300/0,v1:172.21.15.72:6789/0] conn(0x7f2248108660 0x7f224807eb70 unknown :-1 s=CLOSED pgs=27 cs=0 l=1 rev1=1 crypto rx=0 tx=0 comp rx=0 tx=0).stop
2024-04-25T13:03:34.780 INFO:teuthology.orchestra.run.smithi072.stdout:/usr/bin/ceph: stderr
2024-04-25T13:03:34.235+0000 7f224ff32700 1 -- 172.21.15.72:0/2762704200 >> 172.21.15.72:0/2762704200 conn(0x7f2248103c40 msgr2=0x7f2248104750 unknown :-1 s=STATE_NONE l=0).mark_down
2024-04-25T13:03:34.780 INFO:teuthology.orchestra.run.smithi072.stdout:/usr/bin/ceph: stderr
2024-04-25T13:03:34.236+0000 7f224ff32700 1 -- 172.21.15.72:0/2762704200 shutdown_connections
2024-04-25T13:03:34.780 INFO:teuthology.orchestra.run.smithi072.stdout:/usr/bin/ceph: stderr
2024-04-25T13:03:34.236+0000 7f224ff32700 1 -- 172.21.15.72:0/2762704200 wait complete.
2024-04-25T13:03:34.780 INFO:teuthology.orchestra.run.smithi072.stdout:Waiting for the mgr to restart...
2024-04-25T13:03:34.780 INFO:teuthology.orchestra.run.smithi072.stdout:Waiting for mgr epoch 5...
2024-04-25T13:03:35.146 INFO:journalctl@ceph.mon.a.smithi072.stdout:Apr 25 13:03:34 smithi072 ceph-mon[29199]: from='client.? 172.21.15.72:0/2762704200' entity='client.admin' cmd=[{"prefix": "mgr stat"}]: dispatch
2024-04-25T13:03:35.146 INFO:journalctl@ceph.mgr.x.smithi072.stdout:Apr 25 13:03:34 smithi072 ceph-d8ca43ea-0303-11ef-bc93-c7b262605968-mgr-x[29432]:
2024-04-25T13:03:34.975+0000 7f9c2149f200 -1 mgr[py] Module telegraf has missing NOTIFY_TYPES member
2024-04-25T13:03:35.146 INFO:journalctl@ceph.mgr.x.smithi072.stdout:Apr 25 13:03:35 smithi072 ceph-d8ca43ea-0303-11ef-bc93-c7b262605968-mgr-x[29432]:
2024-04-25T13:03:35.147+0000 7f9c2149f200 -1 mgr[py] Module osd_support has missing NOTIFY_TYPES member
2024-04-25T13:03:35.522 INFO:journalctl@ceph.mgr.x.smithi072.stdout:Apr 25 13:03:35 smithi072 ceph-d8ca43ea-0303-11ef-bc93-c7b262605968-mgr-x[29432]:
2024-04-25T13:03:35.314+0000 7f9c2149f200 -1 mgr[py] Module iostat has missing NOTIFY_TYPES member
2024-04-25T13:03:35.896 INFO:journalctl@ceph.mgr.x.smithi072.stdout:Apr 25 13:03:35 smithi072 ceph-d8ca43ea-0303-11ef-bc93-c7b262605968-mgr-x[29432]:
2024-04-25T13:03:35.603+0000 7f9c2149f200 -1 mgr[py] Module alerts has missing NOTIFY_TYPES member
2024-04-25T13:03:35.896 INFO:journalctl@ceph.mgr.x.smithi072.stdout:Apr 25 13:03:35 smithi072 ceph-d8ca43ea-0303-11ef-bc93-c7b262605968-mgr-x[29432]:
2024-04-25T13:03:35.696+0000 7f9c2149f200 -1 mgr[py] Module selftest has missing NOTIFY_TYPES member
2024-04-25T13:03:35.896 INFO:journalctl@ceph.mgr.x.smithi072.stdout:Apr 25 13:03:35 smithi072 ceph-d8ca43ea-0303-11ef-bc93-c7b262605968-mgr-x[29432]:
2024-04-25T13:03:35.897+0000 7f9c2149f200 -1 mgr[py] Module pg_autoscaler has missing NOTIFY_TYPES member
2024-04-25T13:03:36.247 INFO:journalctl@ceph.mgr.x.smithi072.stdout:Apr 25 13:03:36 smithi072 ceph-d8ca43ea-0303-11ef-bc93-c7b262605968-mgr-x[29432]:
2024-04-25T13:03:36.096+0000 7f9c2149f200 -1 mgr[py] Module test_orchestrator has missing NOTIFY_TYPES member
2024-04-25T13:03:37.022 INFO:journalctl@ceph.mgr.x.smithi072.stdout:Apr 25 13:03:36 smithi072 ceph-d8ca43ea-0303-11ef-bc93-c7b262605968-mgr-x[29432]:
2024-04-25T13:03:36.690+0000 7f9c2149f200 -1 mgr[py] Module rook has missing NOTIFY_TYPES member
2024-04-25T13:03:37.409 INFO:journalctl@ceph.mgr.x.smithi072.stdout:Apr 25 13:03:37 smithi072 ceph-d8ca43ea-0303-11ef-bc93-c7b262605968-mgr-x[29432]:
2024-04-25T13:03:37.111+0000 7f9c2149f200 -1 mgr[py] Module volumes has missing NOTIFY_TYPES member
2024-04-25T13:03:37.409 INFO:journalctl@ceph.mgr.x.smithi072.stdout:Apr 25 13:03:37 smithi072 ceph-d8ca43ea-0303-11ef-bc93-c7b262605968-mgr-x[29432]:
2024-04-25T13:03:37.207+0000 7f9c2149f200 -1 mgr[py] Module crash has missing NOTIFY_TYPES member
2024-04-25T13:03:37.410 INFO:journalctl@ceph.mgr.x.smithi072.stdout:Apr 25 13:03:37 smithi072 ceph-d8ca43ea-0303-11ef-bc93-c7b262605968-mgr-x[29432]:
2024-04-25T13:03:37.410+0000 7f9c2149f200 -1 mgr[py] Module rgw has missing NOTIFY_TYPES member
2024-04-25T13:03:38.259 INFO:journalctl@ceph.mgr.x.smithi072.stdout:Apr 25 13:03:37 smithi072 ceph-d8ca43ea-0303-11ef-bc93-c7b262605968-mgr-x[29432]:
2024-04-25T13:03:37.928+0000 7f9c2149f200 -1 mgr[py] Module prometheus has missing NOTIFY_TYPES member
2024-04-25T13:03:38.259 INFO:journalctl@ceph.mgr.x.smithi072.stdout:Apr 25 13:03:38 smithi072 ceph-d8ca43ea-0303-11ef-bc93-c7b262605968-mgr-x[29432]:
2024-04-25T13:03:38.020+0000 7f9c2149f200 -1 mgr[py] Module devicehealth has missing NOTIFY_TYPES member
2024-04-25T13:03:38.522 INFO:journalctl@ceph.mgr.x.smithi072.stdout:Apr 25 13:03:38 smithi072 ceph-d8ca43ea-0303-11ef-bc93-c7b262605968-mgr-x[29432]:
2024-04-25T13:03:38.260+0000 7f9c2149f200 -1 mgr[py] Module telemetry has missing NOTIFY_TYPES member
2024-04-25T13:03:38.522 INFO:journalctl@ceph.mgr.x.smithi072.stdout:Apr 25 13:03:38 smithi072 ceph-d8ca43ea-0303-11ef-bc93-c7b262605968-mgr-x[29432]:
2024-04-25T13:03:38.391+0000 7f9c2149f200 -1 mgr[py] Module diskprediction_local has missing NOTIFY_TYPES member
2024-04-25T13:03:38.522 INFO:journalctl@ceph.mgr.x.smithi072.stdout:Apr 25 13:03:38 smithi072 ceph-d8ca43ea-0303-11ef-bc93-c7b262605968-mgr-x[29432]:
2024-04-25T13:03:38.487+0000 7f9c2149f200 -1 mgr[py] Module osd_perf_query has missing NOTIFY_TYPES member
2024-04-25T13:03:38.925 INFO:journalctl@ceph.mgr.x.smithi072.stdout:Apr 25 13:03:38 smithi072 ceph-d8ca43ea-0303-11ef-bc93-c7b262605968-mgr-x[29432]:
2024-04-25T13:03:38.603+0000 7f9c2149f200 -1 mgr[py] Module rbd_support has missing NOTIFY_TYPES member
2024-04-25T13:03:38.925 INFO:journalctl@ceph.mgr.x.smithi072.stdout:Apr 25 13:03:38 smithi072 ceph-d8ca43ea-0303-11ef-bc93-c7b262605968-mgr-x[29432]:
2024-04-25T13:03:38.926+0000 7f9c2149f200 -1 mgr[py] Module zabbix has missing NOTIFY_TYPES member
2024-04-25T13:03:39.772 INFO:journalctl@ceph.mgr.x.smithi072.stdout:Apr 25 13:03:39 smithi072 ceph-d8ca43ea-0303-11ef-bc93-c7b262605968-mgr-x[29432]:
2024-04-25T13:03:39.521+0000 7f9c2149f200 -1 mgr[py] Module status has missing NOTIFY_TYPES member
2024-04-25T13:03:39.772 INFO:journalctl@ceph.mgr.x.smithi072.stdout:Apr 25 13:03:39 smithi072 ceph-d8ca43ea-0303-11ef-bc93-c7b262605968-mgr-x[29432]:
2024-04-25T13:03:39.741+0000 7f9c2149f200 -1 mgr[py] Module nfs has missing NOTIFY_TYPES member
2024-04-25T13:03:40.272 INFO:journalctl@ceph.mon.a.smithi072.stdout:Apr 25 13:03:39 smithi072 ceph-mon[29199]: Active manager daemon x restarted
2024-04-25T13:03:40.272 INFO:journalctl@ceph.mon.a.smithi072.stdout:Apr 25 13:03:39 smithi072 ceph-mon[29199]: Activating manager daemon x
2024-04-25T13:03:40.273 INFO:journalctl@ceph.mon.a.smithi072.stdout:Apr 25 13:03:39 smithi072 ceph-mon[29199]: osdmap e2: 0 total, 0 up, 0 in
2024-04-25T13:03:40.273 INFO:journalctl@ceph.mon.a.smithi072.stdout:Apr 25 13:03:39 smithi072 ceph-mon[29199]: mgrmap e6: x(active, starting, since 0.00334254s)
2024-04-25T13:03:40.273 INFO:journalctl@ceph.mon.a.smithi072.stdout:Apr 25 13:03:39 smithi072 ceph-mon[29199]: from='mgr.14120 172.21.15.72:0/2869514866' entity='mgr.x' cmd=[{"prefix": "mon metadata", "id": "a"}]: dispatch
2024-04-25T13:03:40.273 INFO:journalctl@ceph.mon.a.smithi072.stdout:Apr 25 13:03:39 smithi072 ceph-mon[29199]: from='mgr.14120 172.21.15.72:0/2869514866' entity='mgr.x' cmd=[{"prefix": "mgr metadata", "who": "x", "id": "x"}]: dispatch
2024-04-25T13:03:40.273 INFO:journalctl@ceph.mon.a.smithi072.stdout:Apr 25 13:03:39 smithi072 ceph-mon[29199]: from='mgr.14120 172.21.15.72:0/2869514866' entity='mgr.x' cmd=[{"prefix": "mds metadata"}]: dispatch
2024-04-25T13:03:40.273 INFO:journalctl@ceph.mon.a.smithi072.stdout:Apr 25 13:03:39 smithi072 ceph-mon[29199]: from='mgr.14120 172.21.15.72:0/2869514866' entity='mgr.x' cmd=[{"prefix": "osd metadata"}]: dispatch
2024-04-25T13:03:40.273 INFO:journalctl@ceph.mon.a.smithi072.stdout:Apr 25 13:03:39 smithi072 ceph-mon[29199]: from='mgr.14120 172.21.15.72:0/2869514866' entity='mgr.x' cmd=[{"prefix": "mon metadata"}]: dispatch
2024-04-25T13:03:40.273 INFO:journalctl@ceph.mon.a.smithi072.stdout:Apr 25 13:03:39 smithi072 ceph-mon[29199]: Manager daemon x is now available
2024-04-25T13:03:40.273 INFO:journalctl@ceph.mon.a.smithi072.stdout:Apr 25 13:03:39 smithi072 ceph-mon[29199]: from='mgr.14120 172.21.15.72:0/2869514866' entity='mgr.x'
2024-04-25T13:03:40.274 INFO:journalctl@ceph.mon.a.smithi072.stdout:Apr 25 13:03:39 smithi072 ceph-mon[29199]: from='mgr.14120 172.21.15.72:0/2869514866' entity='mgr.x'
2024-04-25T13:03:40.274 INFO:journalctl@ceph.mon.a.smithi072.stdout:Apr 25 13:03:39 smithi072 ceph-mon[29199]: from='mgr.14120 172.21.15.72:0/2869514866' entity='mgr.x' cmd=[{"prefix": "config dump", "format": "json"}]: dispatch
2024-04-25T13:03:40.274 INFO:journalctl@ceph.mon.a.smithi072.stdout:Apr 25 13:03:39 smithi072 ceph-mon[29199]: from='mgr.14120 172.21.15.72:0/2869514866' entity='mgr.x' cmd=[{"prefix": "config dump", "format": "json"}]: dispatch
2024-04-25T13:03:40.274 INFO:journalctl@ceph.mon.a.smithi072.stdout:Apr 25 13:03:39 smithi072 ceph-mon[29199]: from='mgr.14120 172.21.15.72:0/2869514866' entity='mgr.x' cmd=[{"prefix":"config rm","who":"mgr","name":"mgr/rbd_support/x/mirror_snapshot_schedule"}]: dispatch
2024-04-25T13:03:41.022 INFO:journalctl@ceph.mon.a.smithi072.stdout:Apr 25 13:03:40 smithi072 ceph-mon[29199]: Found migration_current of "None". Setting to last migration.
2024-04-25T13:03:41.022 INFO:journalctl@ceph.mon.a.smithi072.stdout:Apr 25 13:03:40 smithi072 ceph-mon[29199]: from='mgr.14120 172.21.15.72:0/2869514866' entity='mgr.x' cmd=[{"prefix":"config rm","who":"mgr","name":"mgr/rbd_support/x/trash_purge_schedule"}]: dispatch
2024-04-25T13:03:41.022 INFO:journalctl@ceph.mon.a.smithi072.stdout:Apr 25 13:03:40 smithi072 ceph-mon[29199]: from='mgr.14120 172.21.15.72:0/2869514866' entity='mgr.x'
2024-04-25T13:03:41.022 INFO:journalctl@ceph.mon.a.smithi072.stdout:Apr 25 13:03:40 smithi072 ceph-mon[29199]: from='mgr.14120 172.21.15.72:0/2869514866' entity='mgr.x'
2024-04-25T13:03:41.022 INFO:journalctl@ceph.mon.a.smithi072.stdout:Apr 25 13:03:40 smithi072 ceph-mon[29199]: mgrmap e7: x(active, since 1.00518s)
2024-04-25T13:03:41.385 INFO:teuthology.orchestra.run.smithi072.stdout:/usr/bin/ceph: stdout {
2024-04-25T13:03:41.385 INFO:teuthology.orchestra.run.smithi072.stdout:/usr/bin/ceph: stdout "mgrmap_epoch": 7,
2024-04-25T13:03:41.385 INFO:teuthology.orchestra.run.smithi072.stdout:/usr/bin/ceph: stdout "initialized": true
2024-04-25T13:03:41.385 INFO:teuthology.orchestra.run.smithi072.stdout:/usr/bin/ceph: stdout }
2024-04-25T13:03:41.386 INFO:teuthology.orchestra.run.smithi072.stdout:/usr/bin/ceph: stderr
2024-04-25T13:03:36.043+0000 7f4152f89700 1 Processor -- start
2024-04-25T13:03:41.386 INFO:teuthology.orchestra.run.smithi072.stdout:/usr/bin/ceph: stderr
2024-04-25T13:03:36.043+0000 7f4152f89700 1 -- start start
2024-04-25T13:03:41.386 INFO:teuthology.orchestra.run.smithi072.stdout:/usr/bin/ceph: stderr
2024-04-25T13:03:36.043+0000 7f4152f89700 1 --2- >> [v2:172.21.15.72:3300/0,v1:172.21.15.72:6789/0] conn(0x7f414c07eea0 0x7f414c07d300 unknown :-1 s=NONE pgs=0 cs=0 l=0 rev1=0 crypto rx=0 tx=0 comp rx=0 tx=0).connect
2024-04-25T13:03:41.386 INFO:teuthology.orchestra.run.smithi072.stdout:/usr/bin/ceph: stderr
2024-04-25T13:03:36.043+0000 7f4152f89700 1 -- --> [v2:172.21.15.72:3300/0,v1:172.21.15.72:6789/0] -- mon_getmap magic: 0 -- 0x7f414c07d8d0 con 0x7f414c07eea0
2024-04-25T13:03:41.386 INFO:teuthology.orchestra.run.smithi072.stdout:/usr/bin/ceph: stderr
2024-04-25T13:03:36.044+0000 7f4150d25700 1 --2- >> [v2:172.21.15.72:3300/0,v1:172.21.15.72:6789/0] conn(0x7f414c07eea0 0x7f414c07d300 unknown :-1 s=BANNER_CONNECTING pgs=0 cs=0 l=0 rev1=0 crypto rx=0 tx=0 comp rx=0 tx=0)._handle_peer_banner_payload supported=3 required=0
2024-04-25T13:03:41.386 INFO:teuthology.orchestra.run.smithi072.stdout:/usr/bin/ceph: stderr
2024-04-25T13:03:36.044+0000 7f4150d25700 1 --2- >> [v2:172.21.15.72:3300/0,v1:172.21.15.72:6789/0] conn(0x7f414c07eea0 0x7f414c07d300 unknown :-1 s=HELLO_CONNECTING pgs=0 cs=0 l=0 rev1=1 crypto rx=0 tx=0 comp rx=0 tx=0).handle_hello peer v2:172.21.15.72:3300/0 says I am v2:172.21.15.72:44424/0 (socket says 172.21.15.72:44424)
2024-04-25T13:03:41.386 INFO:teuthology.orchestra.run.smithi072.stdout:/usr/bin/ceph: stderr
2024-04-25T13:03:36.044+0000 7f4150d25700 1 -- 172.21.15.72:0/2881872586 learned_addr learned my addr 172.21.15.72:0/2881872586 (peer_addr_for_me v2:172.21.15.72:0/0)
2024-04-25T13:03:41.386 INFO:teuthology.orchestra.run.smithi072.stdout:/usr/bin/ceph: stderr
2024-04-25T13:03:36.044+0000 7f4150d25700 1 -- 172.21.15.72:0/2881872586 --> [v2:172.21.15.72:3300/0,v1:172.21.15.72:6789/0] -- mon_subscribe({config=0+,monmap=0+}) -- 0x7f414c07da50 con 0x7f414c07eea0
2024-04-25T13:03:41.386 INFO:teuthology.orchestra.run.smithi072.stdout:/usr/bin/ceph: stderr
2024-04-25T13:03:36.044+0000 7f4150d25700 1 --2- 172.21.15.72:0/2881872586 >> [v2:172.21.15.72:3300/0,v1:172.21.15.72:6789/0] conn(0x7f414c07eea0 0x7f414c07d300 secure :-1 s=READY pgs=28 cs=0 l=1 rev1=1 crypto rx=0x7f41400098a0 tx=0x7f4140009bb0 comp rx=0 tx=0).ready entity=mon.0 client_cookie=5abcd16859be6561 server_cookie=0 in_seq=0 out_seq=0
2024-04-25T13:03:41.387 INFO:teuthology.orchestra.run.smithi072.stdout:/usr/bin/ceph: stderr
2024-04-25T13:03:36.044+0000 7f414b7fe700 1 -- 172.21.15.72:0/2881872586 <== mon.0 v2:172.21.15.72:3300/0 1 ==== mon_map magic: 0 ==== 205+0+0 (secure 0 0 0) 0x7f4140004160 con 0x7f414c07eea0
2024-04-25T13:03:41.387 INFO:teuthology.orchestra.run.smithi072.stdout:/usr/bin/ceph: stderr
2024-04-25T13:03:36.044+0000 7f414b7fe700 1 -- 172.21.15.72:0/2881872586 <== mon.0 v2:172.21.15.72:3300/0 2 ==== config(26 keys) ==== 1070+0+0 (secure 0 0 0) 0x7f4140004300 con 0x7f414c07eea0
2024-04-25T13:03:41.387 INFO:teuthology.orchestra.run.smithi072.stdout:/usr/bin/ceph: stderr
2024-04-25T13:03:36.044+0000 7f414b7fe700 1 -- 172.21.15.72:0/2881872586 <== mon.0 v2:172.21.15.72:3300/0 3 ==== mon_map magic: 0 ==== 205+0+0 (secure 0 0 0) 0x7f4140011af0 con 0x7f414c07eea0
2024-04-25T13:03:41.387 INFO:teuthology.orchestra.run.smithi072.stdout:/usr/bin/ceph: stderr
2024-04-25T13:03:36.045+0000 7f4152f89700 1 -- 172.21.15.72:0/2881872586 >> [v2:172.21.15.72:3300/0,v1:172.21.15.72:6789/0] conn(0x7f414c07eea0 msgr2=0x7f414c07d300 secure :-1 s=STATE_CONNECTION_ESTABLISHED l=1).mark_down
2024-04-25T13:03:41.387 INFO:teuthology.orchestra.run.smithi072.stdout:/usr/bin/ceph: stderr
2024-04-25T13:03:36.045+0000 7f4152f89700 1 --2- 172.21.15.72:0/2881872586 >> [v2:172.21.15.72:3300/0,v1:172.21.15.72:6789/0] conn(0x7f414c07eea0 0x7f414c07d300 secure :-1 s=READY pgs=28 cs=0 l=1 rev1=1 crypto rx=0x7f41400098a0 tx=0x7f4140009bb0 comp rx=0 tx=0).stop
2024-04-25T13:03:41.387 INFO:teuthology.orchestra.run.smithi072.stdout:/usr/bin/ceph: stderr
2024-04-25T13:03:36.045+0000 7f4152f89700 1 -- 172.21.15.72:0/2881872586 shutdown_connections
2024-04-25T13:03:41.387 INFO:teuthology.orchestra.run.smithi072.stdout:/usr/bin/ceph: stderr
2024-04-25T13:03:36.045+0000 7f4152f89700 1 --2- 172.21.15.72:0/2881872586 >> [v2:172.21.15.72:3300/0,v1:172.21.15.72:6789/0] conn(0x7f414c07eea0 0x7f414c07d300 unknown :-1 s=CLOSED pgs=28 cs=0 l=1 rev1=1 crypto rx=0 tx=0 comp rx=0 tx=0).stop
2024-04-25T13:03:41.387 INFO:teuthology.orchestra.run.smithi072.stdout:/usr/bin/ceph: stderr
2024-04-25T13:03:36.045+0000 7f4152f89700 1 -- 172.21.15.72:0/2881872586 >> 172.21.15.72:0/2881872586 conn(0x7f414c103cc0 msgr2=0x7f414c1060e0 unknown :-1 s=STATE_NONE l=0).mark_down
2024-04-25T13:03:41.387 INFO:teuthology.orchestra.run.smithi072.stdout:/usr/bin/ceph: stderr
2024-04-25T13:03:36.045+0000 7f4152f89700 1 -- 172.21.15.72:0/2881872586 shutdown_connections
2024-04-25T13:03:41.387 INFO:teuthology.orchestra.run.smithi072.stdout:/usr/bin/ceph: stderr
2024-04-25T13:03:36.045+0000 7f4152f89700 1 -- 172.21.15.72:0/2881872586 wait complete.
2024-04-25T13:03:41.387 INFO:teuthology.orchestra.run.smithi072.stdout:/usr/bin/ceph: stderr
2024-04-25T13:03:36.046+0000 7f4152f89700 1 Processor -- start
2024-04-25T13:03:41.387 INFO:teuthology.orchestra.run.smithi072.stdout:/usr/bin/ceph: stderr
2024-04-25T13:03:36.046+0000 7f4152f89700 1 -- start start
2024-04-25T13:03:41.387 INFO:teuthology.orchestra.run.smithi072.stdout:/usr/bin/ceph: stderr
2024-04-25T13:03:36.046+0000 7f4152f89700 1 --2- >> [v2:172.21.15.72:3300/0,v1:172.21.15.72:6789/0] conn(0x7f414c07eea0 0x7f414c19e790 unknown :-1 s=NONE pgs=0 cs=0 l=1 rev1=0 crypto rx=0 tx=0 comp rx=0 tx=0).connect
2024-04-25T13:03:41.388 INFO:teuthology.orchestra.run.smithi072.stdout:/usr/bin/ceph: stderr
2024-04-25T13:03:36.046+0000 7f4152f89700 1 -- --> [v2:172.21.15.72:3300/0,v1:172.21.15.72:6789/0] -- mon_getmap magic: 0 -- 0x7f414c10eb80 con 0x7f414c07eea0
2024-04-25T13:03:41.388 INFO:teuthology.orchestra.run.smithi072.stdout:/usr/bin/ceph: stderr
2024-04-25T13:03:36.046+0000 7f4150d25700 1 --2- >> [v2:172.21.15.72:3300/0,v1:172.21.15.72:6789/0] conn(0x7f414c07eea0 0x7f414c19e790 unknown :-1 s=BANNER_CONNECTING pgs=0 cs=0 l=1 rev1=0 crypto rx=0 tx=0 comp rx=0 tx=0)._handle_peer_banner_payload supported=3 required=0
2024-04-25T13:03:41.388 INFO:teuthology.orchestra.run.smithi072.stdout:/usr/bin/ceph: stderr
2024-04-25T13:03:36.046+0000 7f4150d25700 1 --2- >> [v2:172.21.15.72:3300/0,v1:172.21.15.72:6789/0] conn(0x7f414c07eea0 0x7f414c19e790 unknown :-1 s=HELLO_CONNECTING pgs=0 cs=0 l=1 rev1=1 crypto rx=0 tx=0 comp rx=0 tx=0).handle_hello peer v2:172.21.15.72:3300/0 says I am v2:172.21.15.72:44428/0 (socket says 172.21.15.72:44428)
2024-04-25T13:03:41.388 INFO:teuthology.orchestra.run.smithi072.stdout:/usr/bin/ceph: stderr
2024-04-25T13:03:36.046+0000 7f4150d25700 1 -- 172.21.15.72:0/74527998 learned_addr learned my addr 172.21.15.72:0/74527998 (peer_addr_for_me v2:172.21.15.72:0/0)
2024-04-25T13:03:41.388 INFO:teuthology.orchestra.run.smithi072.stdout:/usr/bin/ceph: stderr
2024-04-25T13:03:36.046+0000 7f4150d25700 1 -- 172.21.15.72:0/74527998 --> [v2:172.21.15.72:3300/0,v1:172.21.15.72:6789/0] -- mon_subscribe({config=0+,monmap=0+}) -- 0x7f414c19ecd0 con 0x7f414c07eea0
2024-04-25T13:03:41.388 INFO:teuthology.orchestra.run.smithi072.stdout:/usr/bin/ceph: stderr
2024-04-25T13:03:36.046+0000 7f4150d25700 1 --2- 172.21.15.72:0/74527998 >> [v2:172.21.15.72:3300/0,v1:172.21.15.72:6789/0] conn(0x7f414c07eea0 0x7f414c19e790 secure :-1 s=READY pgs=29 cs=0 l=1 rev1=1 crypto rx=0x7f4140009fb0 tx=0x7f4140011940 comp rx=0 tx=0).ready entity=mon.0 client_cookie=0 server_cookie=0 in_seq=0 out_seq=0
2024-04-25T13:03:41.388 INFO:teuthology.orchestra.run.smithi072.stdout:/usr/bin/ceph: stderr
2024-04-25T13:03:36.046+0000 7f4149ffb700 1 -- 172.21.15.72:0/74527998 <== mon.0 v2:172.21.15.72:3300/0 1 ==== mon_map magic: 0 ==== 205+0+0 (secure 0 0 0) 0x7f41400036a0 con 0x7f414c07eea0
2024-04-25T13:03:41.388 INFO:teuthology.orchestra.run.smithi072.stdout:/usr/bin/ceph: stderr
2024-04-25T13:03:36.046+0000 7f4149ffb700 1 -- 172.21.15.72:0/74527998 <== mon.0 v2:172.21.15.72:3300/0 2 ==== config(26 keys) ==== 1070+0+0 (secure 0 0 0) 0x7f414001a430 con 0x7f414c07eea0
2024-04-25T13:03:41.388 INFO:teuthology.orchestra.run.smithi072.stdout:/usr/bin/ceph: stderr
2024-04-25T13:03:36.046+0000 7f4152f89700 1 -- 172.21.15.72:0/74527998 --> [v2:172.21.15.72:3300/0,v1:172.21.15.72:6789/0] -- mon_subscribe({mgrmap=0+}) -- 0x7f414c19ef60 con 0x7f414c07eea0
2024-04-25T13:03:41.388 INFO:teuthology.orchestra.run.smithi072.stdout:/usr/bin/ceph: stderr
2024-04-25T13:03:36.046+0000 7f4149ffb700 1 -- 172.21.15.72:0/74527998 <== mon.0 v2:172.21.15.72:3300/0 3 ==== mon_map magic: 0 ==== 205+0+0 (secure 0 0 0) 0x7f4140019550 con 0x7f414c07eea0
2024-04-25T13:03:41.389 INFO:teuthology.orchestra.run.smithi072.stdout:/usr/bin/ceph: stderr
2024-04-25T13:03:36.047+0000 7f4152f89700 1 -- 172.21.15.72:0/74527998 --> [v2:172.21.15.72:3300/0,v1:172.21.15.72:6789/0] -- mon_subscribe({osdmap=0}) -- 0x7f414c1a1c50 con 0x7f414c07eea0
2024-04-25T13:03:41.389 INFO:teuthology.orchestra.run.smithi072.stdout:/usr/bin/ceph: stderr
2024-04-25T13:03:36.047+0000 7f4149ffb700 1 -- 172.21.15.72:0/74527998 <== mon.0 v2:172.21.15.72:3300/0 4 ==== mgrmap(e 5) ==== 46558+0+0 (secure 0 0 0) 0x7f4140019850 con 0x7f414c07eea0
2024-04-25T13:03:41.389 INFO:teuthology.orchestra.run.smithi072.stdout:/usr/bin/ceph: stderr
2024-04-25T13:03:36.048+0000 7f4149ffb700 1 --2- 172.21.15.72:0/74527998 >> [v2:172.21.15.72:6800/2706752188,v1:172.21.15.72:6801/2706752188] conn(0x7f413c039560 0x7f413c03ba20 unknown :-1 s=NONE pgs=0 cs=0 l=1 rev1=0 crypto rx=0 tx=0 comp rx=0 tx=0).connect
2024-04-25T13:03:41.389 INFO:teuthology.orchestra.run.smithi072.stdout:/usr/bin/ceph: stderr
2024-04-25T13:03:36.048+0000 7f4149ffb700 1 -- 172.21.15.72:0/74527998 --> [v2:172.21.15.72:6800/2706752188,v1:172.21.15.72:6801/2706752188] -- command(tid 0: {"prefix": "get_command_descriptions"}) -- 0x7f413c03c130 con 0x7f413c039560
2024-04-25T13:03:41.389 INFO:teuthology.orchestra.run.smithi072.stdout:/usr/bin/ceph: stderr
2024-04-25T13:03:36.048+0000 7f4149ffb700 1 -- 172.21.15.72:0/74527998 <== mon.0 v2:172.21.15.72:3300/0 5 ==== osd_map(1..1 src has 1..1) ==== 725+0+0 (secure 0 0 0) 0x7f414004d930 con 0x7f414c07eea0
2024-04-25T13:03:41.389 INFO:teuthology.orchestra.run.smithi072.stdout:/usr/bin/ceph: stderr
2024-04-25T13:03:36.048+0000 7f414bfff700 1 -- 172.21.15.72:0/74527998 >> [v2:172.21.15.72:6800/2706752188,v1:172.21.15.72:6801/2706752188] conn(0x7f413c039560 msgr2=0x7f413c03ba20 unknown :-1 s=STATE_CONNECTING_RE l=1).process reconnect failed to v2:172.21.15.72:6800/2706752188
2024-04-25T13:03:41.389 INFO:teuthology.orchestra.run.smithi072.stdout:/usr/bin/ceph: stderr
2024-04-25T13:03:36.048+0000 7f414bfff700 1 --2- 172.21.15.72:0/74527998 >> [v2:172.21.15.72:6800/2706752188,v1:172.21.15.72:6801/2706752188] conn(0x7f413c039560 0x7f413c03ba20 unknown :-1 s=START_CONNECT pgs=0 cs=0 l=1 rev1=0 crypto rx=0 tx=0 comp rx=0 tx=0)._fault waiting 0.200000
2024-04-25T13:03:41.389 INFO:teuthology.orchestra.run.smithi072.stdout:/usr/bin/ceph: stderr
2024-04-25T13:03:36.249+0000 7f414bfff700 1 -- 172.21.15.72:0/74527998 >> [v2:172.21.15.72:6800/2706752188,v1:172.21.15.72:6801/2706752188] conn(0x7f413c039560 msgr2=0x7f413c03ba20 unknown :-1 s=STATE_CONNECTING_RE l=1).process reconnect failed to v2:172.21.15.72:6800/2706752188
2024-04-25T13:03:41.389 INFO:teuthology.orchestra.run.smithi072.stdout:/usr/bin/ceph: stderr
