2024-04-25T13:04:49.427 INFO:teuthology.orchestra.run.smithi106.stdout:/usr/bin/ceph: stderr
2024-04-25T13:04:48.340+0000 7f2238727700 1 -- --> [v2:172.21.15.106:3300/0,v1:172.21.15.106:6789/0] -- mon_getmap magic: 0 -- 0x7f223010c9e0 con 0x7f2230108600
2024-04-25T13:04:49.427 INFO:teuthology.orchestra.run.smithi106.stdout:/usr/bin/ceph: stderr
2024-04-25T13:04:48.340+0000 7f22364c3700 1 --2- >> [v2:172.21.15.106:3300/0,v1:172.21.15.106:6789/0] conn(0x7f2230108600 0x7f223019c4c0 unknown :-1 s=BANNER_CONNECTING pgs=0 cs=0 l=1 rev1=0 crypto rx=0 tx=0 comp rx=0 tx=0)._handle_peer_banner_payload supported=3 required=0
2024-04-25T13:04:49.428 INFO:teuthology.orchestra.run.smithi106.stdout:/usr/bin/ceph: stderr
2024-04-25T13:04:48.340+0000 7f22364c3700 1 --2- >> [v2:172.21.15.106:3300/0,v1:172.21.15.106:6789/0] conn(0x7f2230108600 0x7f223019c4c0 unknown :-1 s=HELLO_CONNECTING pgs=0 cs=0 l=1 rev1=1 crypto rx=0 tx=0 comp rx=0 tx=0).handle_hello peer v2:172.21.15.106:3300/0 says I am v2:172.21.15.106:55580/0 (socket says 172.21.15.106:55580)
2024-04-25T13:04:49.428 INFO:teuthology.orchestra.run.smithi106.stdout:/usr/bin/ceph: stderr
2024-04-25T13:04:48.340+0000 7f22364c3700 1 -- 172.21.15.106:0/3751460657 learned_addr learned my addr 172.21.15.106:0/3751460657 (peer_addr_for_me v2:172.21.15.106:0/0)
2024-04-25T13:04:49.428 INFO:teuthology.orchestra.run.smithi106.stdout:/usr/bin/ceph: stderr
2024-04-25T13:04:48.340+0000 7f22364c3700 1 -- 172.21.15.106:0/3751460657 --> [v2:172.21.15.106:3300/0,v1:172.21.15.106:6789/0] -- mon_subscribe({config=0+,monmap=0+}) -- 0x7f223019ca00 con 0x7f2230108600
2024-04-25T13:04:49.428 INFO:teuthology.orchestra.run.smithi106.stdout:/usr/bin/ceph: stderr
2024-04-25T13:04:48.340+0000 7f22364c3700 1 --2- 172.21.15.106:0/3751460657 >> [v2:172.21.15.106:3300/0,v1:172.21.15.106:6789/0] conn(0x7f2230108600 0x7f223019c4c0 secure :-1 s=READY pgs=42 cs=0 l=1 rev1=1 crypto rx=0x7f222800b7b0 tx=0x7f222800be20 comp rx=0 tx=0).ready entity=mon.0 client_cookie=0 server_cookie=0 in_seq=0 out_seq=0
2024-04-25T13:04:49.428 INFO:teuthology.orchestra.run.smithi106.stdout:/usr/bin/ceph: stderr
2024-04-25T13:04:48.341+0000 7f22277fe700 1 -- 172.21.15.106:0/3751460657 <== mon.0 v2:172.21.15.106:3300/0 1 ==== mon_map magic: 0 ==== 205+0+0 (secure 0 0 0) 0x7f2228020020 con 0x7f2230108600
2024-04-25T13:04:49.428 INFO:teuthology.orchestra.run.smithi106.stdout:/usr/bin/ceph: stderr
2024-04-25T13:04:48.341+0000 7f22277fe700 1 -- 172.21.15.106:0/3751460657 <== mon.0 v2:172.21.15.106:3300/0 2 ==== config(26 keys) ==== 1070+0+0 (secure 0 0 0) 0x7f2228012430 con 0x7f2230108600
2024-04-25T13:04:49.428 INFO:teuthology.orchestra.run.smithi106.stdout:/usr/bin/ceph: stderr
2024-04-25T13:04:48.341+0000 7f22277fe700 1 -- 172.21.15.106:0/3751460657 <== mon.0 v2:172.21.15.106:3300/0 3 ==== mon_map magic: 0 ==== 205+0+0 (secure 0 0 0) 0x7f2228017040 con 0x7f2230108600
2024-04-25T13:04:49.428 INFO:teuthology.orchestra.run.smithi106.stdout:/usr/bin/ceph: stderr
2024-04-25T13:04:48.341+0000 7f2238727700 1 -- 172.21.15.106:0/3751460657 --> [v2:172.21.15.106:3300/0,v1:172.21.15.106:6789/0] -- mon_subscribe({mgrmap=0+}) -- 0x7f223019cc90 con 0x7f2230108600
2024-04-25T13:04:49.428 INFO:teuthology.orchestra.run.smithi106.stdout:/usr/bin/ceph: stderr
2024-04-25T13:04:48.341+0000 7f2238727700 1 -- 172.21.15.106:0/3751460657 --> [v2:172.21.15.106:3300/0,v1:172.21.15.106:6789/0] -- mon_subscribe({osdmap=0}) -- 0x7f223019f980 con 0x7f2230108600
2024-04-25T13:04:49.428 INFO:teuthology.orchestra.run.smithi106.stdout:/usr/bin/ceph: stderr
2024-04-25T13:04:48.341+0000 7f22277fe700 1 -- 172.21.15.106:0/3751460657 <== mon.0 v2:172.21.15.106:3300/0 4 ==== mgrmap(e 8) ==== 46558+0+0 (secure 0 0 0) 0x7f2228023020 con 0x7f2230108600
2024-04-25T13:04:49.428 INFO:teuthology.orchestra.run.smithi106.stdout:/usr/bin/ceph: stderr
2024-04-25T13:04:48.342+0000 7f22277fe700 1 --2- 172.21.15.106:0/3751460657 >> [v2:172.21.15.106:6800/635912648,v1:172.21.15.106:6801/635912648] conn(0x7f221c0395b0 0x7f221c03ba70 unknown :-1 s=NONE pgs=0 cs=0 l=1 rev1=0 crypto rx=0 tx=0 comp rx=0 tx=0).connect
2024-04-25T13:04:49.428 INFO:teuthology.orchestra.run.smithi106.stdout:/usr/bin/ceph: stderr
2024-04-25T13:04:48.342+0000 7f22277fe700 1 -- 172.21.15.106:0/3751460657 <== mon.0 v2:172.21.15.106:3300/0 5 ==== osd_map(2..2 src has 1..2) ==== 940+0+0 (secure 0 0 0) 0x7f222800f050 con 0x7f2230108600
2024-04-25T13:04:49.428 INFO:teuthology.orchestra.run.smithi106.stdout:/usr/bin/ceph: stderr
2024-04-25T13:04:48.342+0000 7f2235cc2700 1 --2- 172.21.15.106:0/3751460657 >> [v2:172.21.15.106:6800/635912648,v1:172.21.15.106:6801/635912648] conn(0x7f221c0395b0 0x7f221c03ba70 unknown :-1 s=BANNER_CONNECTING pgs=0 cs=0 l=1 rev1=0 crypto rx=0 tx=0 comp rx=0 tx=0)._handle_peer_banner_payload supported=3 required=0
2024-04-25T13:04:49.428 INFO:teuthology.orchestra.run.smithi106.stdout:/usr/bin/ceph: stderr
2024-04-25T13:04:48.342+0000 7f2238727700 1 -- 172.21.15.106:0/3751460657 --> [v2:172.21.15.106:3300/0,v1:172.21.15.106:6789/0] -- mon_command({"prefix": "get_command_descriptions"} v 0) -- 0x7f223010cb60 con 0x7f2230108600
2024-04-25T13:04:49.429 INFO:teuthology.orchestra.run.smithi106.stdout:/usr/bin/ceph: stderr
2024-04-25T13:04:48.342+0000 7f2235cc2700 1 --2- 172.21.15.106:0/3751460657 >> [v2:172.21.15.106:6800/635912648,v1:172.21.15.106:6801/635912648] conn(0x7f221c0395b0 0x7f221c03ba70 secure :-1 s=READY pgs=9 cs=0 l=1 rev1=1 crypto rx=0x7f2220006fd0 tx=0x7f2220006e40 comp rx=0 tx=0).ready entity=mgr.14120 client_cookie=0 server_cookie=0 in_seq=0 out_seq=0
2024-04-25T13:04:49.429 INFO:teuthology.orchestra.run.smithi106.stdout:/usr/bin/ceph: stderr
2024-04-25T13:04:48.347+0000 7f22277fe700 1 -- 172.21.15.106:0/3751460657 <== mon.0 v2:172.21.15.106:3300/0 6 ==== mon_command_ack([{"prefix": "get_command_descriptions"}]=0 v0) ==== 72+0+188370 (secure 0 0 0) 0x7f222802a020 con 0x7f2230108600
2024-04-25T13:04:49.429 INFO:teuthology.orchestra.run.smithi106.stdout:/usr/bin/ceph: stderr
2024-04-25T13:04:48.544+0000 7f2238727700 1 -- 172.21.15.106:0/3751460657 --> [v2:172.21.15.106:6800/635912648,v1:172.21.15.106:6801/635912648] -- mgr_command(tid 0: {"prefix": "cephadm generate-key", "target": ["mon-mgr", ""]}) -- 0x7f2230104e30 con 0x7f221c0395b0
2024-04-25T13:04:49.429 INFO:teuthology.orchestra.run.smithi106.stdout:/usr/bin/ceph: stderr
2024-04-25T13:04:48.832+0000 7f22277fe700 1 -- 172.21.15.106:0/3751460657 <== mgr.14120 v2:172.21.15.106:6800/635912648 1 ==== mgr_command_reply(tid 0: 0 ) ==== 8+0+0 (secure 0 0 0) 0x7f2230104e30 con 0x7f221c0395b0
2024-04-25T13:04:49.429 INFO:teuthology.orchestra.run.smithi106.stdout:/usr/bin/ceph: stderr
2024-04-25T13:04:48.835+0000 7f2238727700 1 -- 172.21.15.106:0/3751460657 >> [v2:172.21.15.106:6800/635912648,v1:172.21.15.106:6801/635912648] conn(0x7f221c0395b0 msgr2=0x7f221c03ba70 secure :-1 s=STATE_CONNECTION_ESTABLISHED l=1).mark_down
2024-04-25T13:04:49.429 INFO:teuthology.orchestra.run.smithi106.stdout:/usr/bin/ceph: stderr
2024-04-25T13:04:48.835+0000 7f2238727700 1 --2- 172.21.15.106:0/3751460657 >> [v2:172.21.15.106:6800/635912648,v1:172.21.15.106:6801/635912648] conn(0x7f221c0395b0 0x7f221c03ba70 secure :-1 s=READY pgs=9 cs=0 l=1 rev1=1 crypto rx=0x7f2220006fd0 tx=0x7f2220006e40 comp rx=0 tx=0).stop
2024-04-25T13:04:49.429 INFO:teuthology.orchestra.run.smithi106.stdout:/usr/bin/ceph: stderr
2024-04-25T13:04:48.835+0000 7f2238727700 1 -- 172.21.15.106:0/3751460657 >> [v2:172.21.15.106:3300/0,v1:172.21.15.106:6789/0] conn(0x7f2230108600 msgr2=0x7f223019c4c0 secure :-1 s=STATE_CONNECTION_ESTABLISHED l=1).mark_down
2024-04-25T13:04:49.429 INFO:teuthology.orchestra.run.smithi106.stdout:/usr/bin/ceph: stderr
2024-04-25T13:04:48.835+0000 7f2238727700 1 --2- 172.21.15.106:0/3751460657 >> [v2:172.21.15.106:3300/0,v1:172.21.15.106:6789/0] conn(0x7f2230108600 0x7f223019c4c0 secure :-1 s=READY pgs=42 cs=0 l=1 rev1=1 crypto rx=0x7f222800b7b0 tx=0x7f222800be20 comp rx=0 tx=0).stop
2024-04-25T13:04:49.429 INFO:teuthology.orchestra.run.smithi106.stdout:/usr/bin/ceph: stderr
2024-04-25T13:04:48.835+0000 7f2238727700 1 -- 172.21.15.106:0/3751460657 shutdown_connections
2024-04-25T13:04:49.429 INFO:teuthology.orchestra.run.smithi106.stdout:/usr/bin/ceph: stderr
2024-04-25T13:04:48.835+0000 7f2238727700 1 --2- 172.21.15.106:0/3751460657 >> [v2:172.21.15.106:6800/635912648,v1:172.21.15.106:6801/635912648] conn(0x7f221c0395b0 0x7f221c03ba70 unknown :-1 s=CLOSED pgs=9 cs=0 l=1 rev1=1 crypto rx=0 tx=0 comp rx=0 tx=0).stop
2024-04-25T13:04:49.429 INFO:teuthology.orchestra.run.smithi106.stdout:/usr/bin/ceph: stderr
2024-04-25T13:04:48.835+0000 7f2238727700 1 --2- 172.21.15.106:0/3751460657 >> [v2:172.21.15.106:3300/0,v1:172.21.15.106:6789/0] conn(0x7f2230108600 0x7f223019c4c0 unknown :-1 s=CLOSED pgs=42 cs=0 l=1 rev1=1 crypto rx=0 tx=0 comp rx=0 tx=0).stop
2024-04-25T13:04:49.429 INFO:teuthology.orchestra.run.smithi106.stdout:/usr/bin/ceph: stderr
2024-04-25T13:04:48.835+0000 7f2238727700 1 -- 172.21.15.106:0/3751460657 >> 172.21.15.106:0/3751460657 conn(0x7f2230103bc0 msgr2=0x7f2230104720 unknown :-1 s=STATE_NONE l=0).mark_down
2024-04-25T13:04:49.429 INFO:teuthology.orchestra.run.smithi106.stdout:/usr/bin/ceph: stderr
2024-04-25T13:04:48.835+0000 7f2238727700 1 -- 172.21.15.106:0/3751460657 shutdown_connections
2024-04-25T13:04:49.429 INFO:teuthology.orchestra.run.smithi106.stdout:/usr/bin/ceph: stderr
2024-04-25T13:04:48.835+0000 7f2238727700 1 -- 172.21.15.106:0/3751460657 wait complete.
2024-04-25T13:04:50.057 INFO:journalctl@ceph.mon.a.smithi106.stdout:Apr 25 13:04:49 smithi106 ceph-mon[29185]: from='client.14136 -' entity='client.admin' cmd=[{"prefix": "cephadm generate-key", "target": ["mon-mgr", ""]}]: dispatch
2024-04-25T13:04:50.057 INFO:journalctl@ceph.mon.a.smithi106.stdout:Apr 25 13:04:49 smithi106 ceph-mon[29185]: Generating ssh key...
2024-04-25T13:04:50.057 INFO:journalctl@ceph.mon.a.smithi106.stdout:Apr 25 13:04:49 smithi106 ceph-mon[29185]: from='mgr.14120 172.21.15.106:0/4265531845' entity='mgr.x'
2024-04-25T13:04:50.057 INFO:journalctl@ceph.mon.a.smithi106.stdout:Apr 25 13:04:49 smithi106 ceph-mon[29185]: from='mgr.14120 172.21.15.106:0/4265531845' entity='mgr.x'
2024-04-25T13:04:50.673 INFO:teuthology.orchestra.run.smithi106.stdout:/usr/bin/ceph: stdout ssh-rsa AAAAB3NzaC1yc2EAAAADAQABAAABgQCnAGWqxk/6P8ufaLysslneV7f8P69+4h19L2mrfeqdhxYqGrKAjTeBKaVB76Q9j360pEdIf4Hydrr/aY+kcdq+06vf+1k5Yvovmr1QYdY4SGdlMzb30KMKviHozvc/WlrCP9y7UBWCjg2eZu24aHyyZ6wubheX/jt3TJI4RBh4tfjopAoRyELO1JCNF6I1VlM8VBvIK1rwlt7NtQj0BJE3AEEdz5naJlPT/lhtp8mlR6QB5bR7VNCrM0xlDMBoAQNlGTfN6mPzlpQRd53fGd4xDUjbwyWBXKzL9RUh4q5TDA292N3ukeNVPpFoc2/lbgVihyEUiMBd9uhRExVgCo+X2hW9hDlbvEsXchfcIg3XVvJC2859r1yN066y0UtIrvawesHYpIJr7y/vR2ojyWvEqhWValjdVR4+gdPeXrNksVT2/2F5/Sk4Hb0ob3E7phIbsf9Ks+HYuzfEnZ2lNZLCiLHspCORP6ybRxV9Sr0T6SBXpsCK1mgPszNSYO9rhic= ceph-242a0294-0304-11ef-bc93-c7b262605968
2024-04-25T13:04:50.673 INFO:teuthology.orchestra.run.smithi106.stdout:/usr/bin/ceph: stderr
2024-04-25T13:04:49.854+0000 7fcdee5c9700 1 Processor -- start
2024-04-25T13:04:50.673 INFO:teuthology.orchestra.run.smithi106.stdout:/usr/bin/ceph: stderr
2024-04-25T13:04:49.854+0000 7fcdee5c9700 1 -- start start
2024-04-25T13:04:50.673 INFO:teuthology.orchestra.run.smithi106.stdout:/usr/bin/ceph: stderr
2024-04-25T13:04:49.854+0000 7fcdee5c9700 1 --2- >> [v2:172.21.15.106:3300/0,v1:172.21.15.106:6789/0] conn(0x7fcde8108600 0x7fcde8108a20 unknown :-1 s=NONE pgs=0 cs=0 l=0 rev1=0 crypto rx=0 tx=0 comp rx=0 tx=0).connect
2024-04-25T13:04:50.673 INFO:teuthology.orchestra.run.smithi106.stdout:/usr/bin/ceph: stderr
2024-04-25T13:04:49.854+0000 7fcdee5c9700 1 -- --> [v2:172.21.15.106:3300/0,v1:172.21.15.106:6789/0] -- mon_getmap magic: 0 -- 0x7fcde8108ff0 con 0x7fcde8108600
2024-04-25T13:04:50.673 INFO:teuthology.orchestra.run.smithi106.stdout:/usr/bin/ceph: stderr
2024-04-25T13:04:49.854+0000 7fcde7fff700 1 --2- >> [v2:172.21.15.106:3300/0,v1:172.21.15.106:6789/0] conn(0x7fcde8108600 0x7fcde8108a20 unknown :-1 s=BANNER_CONNECTING pgs=0 cs=0 l=0 rev1=0 crypto rx=0 tx=0 comp rx=0 tx=0)._handle_peer_banner_payload supported=3 required=0
2024-04-25T13:04:50.673 INFO:teuthology.orchestra.run.smithi106.stdout:/usr/bin/ceph: stderr
2024-04-25T13:04:49.854+0000 7fcde7fff700 1 --2- >> [v2:172.21.15.106:3300/0,v1:172.21.15.106:6789/0] conn(0x7fcde8108600 0x7fcde8108a20 unknown :-1 s=HELLO_CONNECTING pgs=0 cs=0 l=0 rev1=1 crypto rx=0 tx=0 comp rx=0 tx=0).handle_hello peer v2:172.21.15.106:3300/0 says I am v2:172.21.15.106:49300/0 (socket says 172.21.15.106:49300)
2024-04-25T13:04:50.673 INFO:teuthology.orchestra.run.smithi106.stdout:/usr/bin/ceph: stderr
2024-04-25T13:04:49.854+0000 7fcde7fff700 1 -- 172.21.15.106:0/4098538302 learned_addr learned my addr 172.21.15.106:0/4098538302 (peer_addr_for_me v2:172.21.15.106:0/0)
2024-04-25T13:04:50.673 INFO:teuthology.orchestra.run.smithi106.stdout:/usr/bin/ceph: stderr
2024-04-25T13:04:49.854+0000 7fcde7fff700 1 -- 172.21.15.106:0/4098538302 --> [v2:172.21.15.106:3300/0,v1:172.21.15.106:6789/0] -- mon_subscribe({config=0+,monmap=0+}) -- 0x7fcde81097b0 con 0x7fcde8108600
2024-04-25T13:04:50.674 INFO:teuthology.orchestra.run.smithi106.stdout:/usr/bin/ceph: stderr
2024-04-25T13:04:49.854+0000 7fcde7fff700 1 --2- 172.21.15.106:0/4098538302 >> [v2:172.21.15.106:3300/0,v1:172.21.15.106:6789/0] conn(0x7fcde8108600 0x7fcde8108a20 secure :-1 s=READY pgs=43 cs=0 l=1 rev1=1 crypto rx=0x7fcdd80098a0 tx=0x7fcdd8009bb0 comp rx=0 tx=0).ready entity=mon.0 client_cookie=6e5cf3a2778c4dec server_cookie=0 in_seq=0 out_seq=0
2024-04-25T13:04:50.674 INFO:teuthology.orchestra.run.smithi106.stdout:/usr/bin/ceph: stderr
2024-04-25T13:04:49.855+0000 7fcde6ffd700 1 -- 172.21.15.106:0/4098538302 <== mon.0 v2:172.21.15.106:3300/0 1 ==== mon_map magic: 0 ==== 205+0+0 (secure 0 0 0) 0x7fcdd8004160 con 0x7fcde8108600
2024-04-25T13:04:50.674 INFO:teuthology.orchestra.run.smithi106.stdout:/usr/bin/ceph: stderr
2024-04-25T13:04:49.855+0000 7fcde6ffd700 1 -- 172.21.15.106:0/4098538302 <== mon.0 v2:172.21.15.106:3300/0 2 ==== config(26 keys) ==== 1070+0+0 (secure 0 0 0) 0x7fcdd8004300 con 0x7fcde8108600
2024-04-25T13:04:50.674 INFO:teuthology.orchestra.run.smithi106.stdout:/usr/bin/ceph: stderr
2024-04-25T13:04:49.855+0000 7fcde6ffd700 1 -- 172.21.15.106:0/4098538302 <== mon.0 v2:172.21.15.106:3300/0 3 ==== mon_map magic: 0 ==== 205+0+0 (secure 0 0 0) 0x7fcdd8011af0 con 0x7fcde8108600
2024-04-25T13:04:50.674 INFO:teuthology.orchestra.run.smithi106.stdout:/usr/bin/ceph: stderr
2024-04-25T13:04:49.855+0000 7fcdee5c9700 1 -- 172.21.15.106:0/4098538302 >> [v2:172.21.15.106:3300/0,v1:172.21.15.106:6789/0] conn(0x7fcde8108600 msgr2=0x7fcde8108a20 secure :-1 s=STATE_CONNECTION_ESTABLISHED l=1).mark_down
2024-04-25T13:04:50.674 INFO:teuthology.orchestra.run.smithi106.stdout:/usr/bin/ceph: stderr
2024-04-25T13:04:49.855+0000 7fcdee5c9700 1 --2- 172.21.15.106:0/4098538302 >> [v2:172.21.15.106:3300/0,v1:172.21.15.106:6789/0] conn(0x7fcde8108600 0x7fcde8108a20 secure :-1 s=READY pgs=43 cs=0 l=1 rev1=1 crypto rx=0x7fcdd80098a0 tx=0x7fcdd8009bb0 comp rx=0 tx=0).stop
2024-04-25T13:04:50.674 INFO:teuthology.orchestra.run.smithi106.stdout:/usr/bin/ceph: stderr
2024-04-25T13:04:49.855+0000 7fcdee5c9700 1 -- 172.21.15.106:0/4098538302 shutdown_connections
2024-04-25T13:04:50.674 INFO:teuthology.orchestra.run.smithi106.stdout:/usr/bin/ceph: stderr
2024-04-25T13:04:49.855+0000 7fcdee5c9700 1 --2- 172.21.15.106:0/4098538302 >> [v2:172.21.15.106:3300/0,v1:172.21.15.106:6789/0] conn(0x7fcde8108600 0x7fcde8108a20 unknown :-1 s=CLOSED pgs=43 cs=0 l=1 rev1=1 crypto rx=0 tx=0 comp rx=0 tx=0).stop
2024-04-25T13:04:50.674 INFO:teuthology.orchestra.run.smithi106.stdout:/usr/bin/ceph: stderr
2024-04-25T13:04:49.855+0000 7fcdee5c9700 1 -- 172.21.15.106:0/4098538302 >> 172.21.15.106:0/4098538302 conn(0x7fcde8103ba0 msgr2=0x7fcde8105fe0 unknown :-1 s=STATE_NONE l=0).mark_down
2024-04-25T13:04:50.674 INFO:teuthology.orchestra.run.smithi106.stdout:/usr/bin/ceph: stderr
2024-04-25T13:04:49.855+0000 7fcdee5c9700 1 -- 172.21.15.106:0/4098538302 shutdown_connections
2024-04-25T13:04:50.674 INFO:teuthology.orchestra.run.smithi106.stdout:/usr/bin/ceph: stderr
2024-04-25T13:04:49.855+0000 7fcdee5c9700 1 -- 172.21.15.106:0/4098538302 wait complete.
2024-04-25T13:04:50.674 INFO:teuthology.orchestra.run.smithi106.stdout:/usr/bin/ceph: stderr
2024-04-25T13:04:49.856+0000 7fcdee5c9700 1 Processor -- start
2024-04-25T13:04:50.674 INFO:teuthology.orchestra.run.smithi106.stdout:/usr/bin/ceph: stderr
2024-04-25T13:04:49.856+0000 7fcdee5c9700 1 -- start start
2024-04-25T13:04:50.674 INFO:teuthology.orchestra.run.smithi106.stdout:/usr/bin/ceph: stderr
2024-04-25T13:04:49.856+0000 7fcdee5c9700 1 --2- >> [v2:172.21.15.106:3300/0,v1:172.21.15.106:6789/0] conn(0x7fcde8108600 0x7fcde819c530 unknown :-1 s=NONE pgs=0 cs=0 l=1 rev1=0 crypto rx=0 tx=0 comp rx=0 tx=0).connect
2024-04-25T13:04:50.675 INFO:teuthology.orchestra.run.smithi106.stdout:/usr/bin/ceph: stderr
2024-04-25T13:04:49.856+0000 7fcdee5c9700 1 -- --> [v2:172.21.15.106:3300/0,v1:172.21.15.106:6789/0] -- mon_getmap magic: 0 -- 0x7fcde810c9e0 con 0x7fcde8108600
2024-04-25T13:04:50.675 INFO:teuthology.orchestra.run.smithi106.stdout:/usr/bin/ceph: stderr
2024-04-25T13:04:49.856+0000 7fcde7fff700 1 --2- >> [v2:172.21.15.106:3300/0,v1:172.21.15.106:6789/0] conn(0x7fcde8108600 0x7fcde819c530 unknown :-1 s=BANNER_CONNECTING pgs=0 cs=0 l=1 rev1=0 crypto rx=0 tx=0 comp rx=0 tx=0)._handle_peer_banner_payload supported=3 required=0
2024-04-25T13:04:50.675 INFO:teuthology.orchestra.run.smithi106.stdout:/usr/bin/ceph: stderr
2024-04-25T13:04:49.856+0000 7fcde7fff700 1 --2- >> [v2:172.21.15.106:3300/0,v1:172.21.15.106:6789/0] conn(0x7fcde8108600 0x7fcde819c530 unknown :-1 s=HELLO_CONNECTING pgs=0 cs=0 l=1 rev1=1 crypto rx=0 tx=0 comp rx=0 tx=0).handle_hello peer v2:172.21.15.106:3300/0 says I am v2:172.21.15.106:49314/0 (socket says 172.21.15.106:49314)
2024-04-25T13:04:50.675 INFO:teuthology.orchestra.run.smithi106.stdout:/usr/bin/ceph: stderr
2024-04-25T13:04:49.856+0000 7fcde7fff700 1 -- 172.21.15.106:0/2028466740 learned_addr learned my addr 172.21.15.106:0/2028466740 (peer_addr_for_me v2:172.21.15.106:0/0)
2024-04-25T13:04:50.675 INFO:teuthology.orchestra.run.smithi106.stdout:/usr/bin/ceph: stderr
2024-04-25T13:04:49.856+0000 7fcde7fff700 1 -- 172.21.15.106:0/2028466740 --> [v2:172.21.15.106:3300/0,v1:172.21.15.106:6789/0] -- mon_subscribe({config=0+,monmap=0+}) -- 0x7fcde819ca70 con 0x7fcde8108600
2024-04-25T13:04:50.675 INFO:teuthology.orchestra.run.smithi106.stdout:/usr/bin/ceph: stderr
2024-04-25T13:04:49.857+0000 7fcde7fff700 1 --2- 172.21.15.106:0/2028466740 >> [v2:172.21.15.106:3300/0,v1:172.21.15.106:6789/0] conn(0x7fcde8108600 0x7fcde819c530 secure :-1 s=READY pgs=44 cs=0 l=1 rev1=1 crypto rx=0x7fcdd8009fb0 tx=0x7fcdd8011940 comp rx=0 tx=0).ready entity=mon.0 client_cookie=0 server_cookie=0 in_seq=0 out_seq=0
2024-04-25T13:04:50.675 INFO:teuthology.orchestra.run.smithi106.stdout:/usr/bin/ceph: stderr
2024-04-25T13:04:49.857+0000 7fcde57fa700 1 -- 172.21.15.106:0/2028466740 <== mon.0 v2:172.21.15.106:3300/0 1 ==== mon_map magic: 0 ==== 205+0+0 (secure 0 0 0) 0x7fcdd80036a0 con 0x7fcde8108600
2024-04-25T13:04:50.675 INFO:teuthology.orchestra.run.smithi106.stdout:/usr/bin/ceph: stderr
2024-04-25T13:04:49.857+0000 7fcde57fa700 1 -- 172.21.15.106:0/2028466740 <== mon.0 v2:172.21.15.106:3300/0 2 ==== config(26 keys) ==== 1070+0+0 (secure 0 0 0) 0x7fcdd801a430 con 0x7fcde8108600
2024-04-25T13:04:50.675 INFO:teuthology.orchestra.run.smithi106.stdout:/usr/bin/ceph: stderr
2024-04-25T13:04:49.857+0000 7fcdee5c9700 1 -- 172.21.15.106:0/2028466740 --> [v2:172.21.15.106:3300/0,v1:172.21.15.106:6789/0] -- mon_subscribe({mgrmap=0+}) -- 0x7fcde819cd00 con 0x7fcde8108600
2024-04-25T13:04:50.675 INFO:teuthology.orchestra.run.smithi106.stdout:/usr/bin/ceph: stderr
2024-04-25T13:04:49.857+0000 7fcde57fa700 1 -- 172.21.15.106:0/2028466740 <== mon.0 v2:172.21.15.106:3300/0 3 ==== mon_map magic: 0 ==== 205+0+0 (secure 0 0 0) 0x7fcdd8019550 con 0x7fcde8108600
2024-04-25T13:04:50.675 INFO:teuthology.orchestra.run.smithi106.stdout:/usr/bin/ceph: stderr
2024-04-25T13:04:49.857+0000 7fcdee5c9700 1 -- 172.21.15.106:0/2028466740 --> [v2:172.21.15.106:3300/0,v1:172.21.15.106:6789/0] -- mon_subscribe({osdmap=0}) -- 0x7fcde819f9f0 con 0x7fcde8108600
2024-04-25T13:04:50.675 INFO:teuthology.orchestra.run.smithi106.stdout:/usr/bin/ceph: stderr
2024-04-25T13:04:49.858+0000 7fcde57fa700 1 -- 172.21.15.106:0/2028466740 <== mon.0 v2:172.21.15.106:3300/0 4 ==== mgrmap(e 8) ==== 46558+0+0 (secure 0 0 0) 0x7fcdd8019800 con 0x7fcde8108600
2024-04-25T13:04:50.675 INFO:teuthology.orchestra.run.smithi106.stdout:/usr/bin/ceph: stderr
2024-04-25T13:04:49.858+0000 7fcdee5c9700 1 -- 172.21.15.106:0/2028466740 --> [v2:172.21.15.106:3300/0,v1:172.21.15.106:6789/0] -- mon_command({"prefix": "get_command_descriptions"} v 0) -- 0x7fcde810cb60 con 0x7fcde8108600
2024-04-25T13:04:50.675 INFO:teuthology.orchestra.run.smithi106.stdout:/usr/bin/ceph: stderr
2024-04-25T13:04:49.858+0000 7fcde57fa700 1 --2- 172.21.15.106:0/2028466740 >> [v2:172.21.15.106:6800/635912648,v1:172.21.15.106:6801/635912648] conn(0x7fcdd00395b0 0x7fcdd003ba70 unknown :-1 s=NONE pgs=0 cs=0 l=1 rev1=0 crypto rx=0 tx=0 comp rx=0 tx=0).connect
2024-04-25T13:04:50.676 INFO:teuthology.orchestra.run.smithi106.stdout:/usr/bin/ceph: stderr
2024-04-25T13:04:49.858+0000 7fcde57fa700 1 -- 172.21.15.106:0/2028466740 <== mon.0 v2:172.21.15.106:3300/0 5 ==== osd_map(2..2 src has 1..2) ==== 940+0+0 (secure 0 0 0) 0x7fcdd804da30 con 0x7fcde8108600
2024-04-25T13:04:50.676 INFO:teuthology.orchestra.run.smithi106.stdout:/usr/bin/ceph: stderr
2024-04-25T13:04:49.858+0000 7fcde77fe700 1 --2- 172.21.15.106:0/2028466740 >> [v2:172.21.15.106:6800/635912648,v1:172.21.15.106:6801/635912648] conn(0x7fcdd00395b0 0x7fcdd003ba70 unknown :-1 s=BANNER_CONNECTING pgs=0 cs=0 l=1 rev1=0 crypto rx=0 tx=0 comp rx=0 tx=0)._handle_peer_banner_payload supported=3 required=0
2024-04-25T13:04:50.676 INFO:teuthology.orchestra.run.smithi106.stdout:/usr/bin/ceph: stderr
2024-04-25T13:04:49.858+0000 7fcde77fe700 1 --2- 172.21.15.106:0/2028466740 >> [v2:172.21.15.106:6800/635912648,v1:172.21.15.106:6801/635912648] conn(0x7fcdd00395b0 0x7fcdd003ba70 secure :-1 s=READY pgs=10 cs=0 l=1 rev1=1 crypto rx=0x7fcddc006fd0 tx=0x7fcddc006e40 comp rx=0 tx=0).ready entity=mgr.14120 client_cookie=0 server_cookie=0 in_seq=0 out_seq=0
2024-04-25T13:04:50.676 INFO:teuthology.orchestra.run.smithi106.stdout:/usr/bin/ceph: stderr
2024-04-25T13:04:49.863+0000 7fcde57fa700 1 -- 172.21.15.106:0/2028466740 <== mon.0 v2:172.21.15.106:3300/0 6 ==== mon_command_ack([{"prefix": "get_command_descriptions"}]=0 v0) ==== 72+0+188370 (secure 0 0 0) 0x7fcdd802d440 con 0x7fcde8108600
2024-04-25T13:04:50.676 INFO:teuthology.orchestra.run.smithi106.stdout:/usr/bin/ceph: stderr
2024-04-25T13:04:50.061+0000 7fcdee5c9700 1 -- 172.21.15.106:0/2028466740 --> [v2:172.21.15.106:6800/635912648,v1:172.21.15.106:6801/635912648] -- mgr_command(tid 0: {"prefix": "cephadm get-pub-key", "target": ["mon-mgr", ""]}) -- 0x7fcde8104e80 con 0x7fcdd00395b0
2024-04-25T13:04:50.676 INFO:teuthology.orchestra.run.smithi106.stdout:/usr/bin/ceph: stderr
2024-04-25T13:04:50.061+0000 7fcde57fa700 1 -- 172.21.15.106:0/2028466740 <== mgr.14120 v2:172.21.15.106:6800/635912648 1 ==== mgr_command_reply(tid 0: 0 ) ==== 8+0+595 (secure 0 0 0) 0x7fcde8104e80 con 0x7fcdd00395b0
2024-04-25T13:04:50.676 INFO:teuthology.orchestra.run.smithi106.stdout:/usr/bin/ceph: stderr
2024-04-25T13:04:50.063+0000 7fcdee5c9700 1 -- 172.21.15.106:0/2028466740 >> [v2:172.21.15.106:6800/635912648,v1:172.21.15.106:6801/635912648] conn(0x7fcdd00395b0 msgr2=0x7fcdd003ba70 secure :-1 s=STATE_CONNECTION_ESTABLISHED l=1).mark_down
2024-04-25T13:04:50.676 INFO:teuthology.orchestra.run.smithi106.stdout:/usr/bin/ceph: stderr
2024-04-25T13:04:50.063+0000 7fcdee5c9700 1 --2- 172.21.15.106:0/2028466740 >> [v2:172.21.15.106:6800/635912648,v1:172.21.15.106:6801/635912648] conn(0x7fcdd00395b0 0x7fcdd003ba70 secure :-1 s=READY pgs=10 cs=0 l=1 rev1=1 crypto rx=0x7fcddc006fd0 tx=0x7fcddc006e40 comp rx=0 tx=0).stop
2024-04-25T13:04:50.676 INFO:teuthology.orchestra.run.smithi106.stdout:/usr/bin/ceph: stderr
2024-04-25T13:04:50.063+0000 7fcdee5c9700 1 -- 172.21.15.106:0/2028466740 >> [v2:172.21.15.106:3300/0,v1:172.21.15.106:6789/0] conn(0x7fcde8108600 msgr2=0x7fcde819c530 secure :-1 s=STATE_CONNECTION_ESTABLISHED l=1).mark_down
2024-04-25T13:04:50.676 INFO:teuthology.orchestra.run.smithi106.stdout:/usr/bin/ceph: stderr
2024-04-25T13:04:50.063+0000 7fcdee5c9700 1 --2- 172.21.15.106:0/2028466740 >> [v2:172.21.15.106:3300/0,v1:172.21.15.106:6789/0] conn(0x7fcde8108600 0x7fcde819c530 secure :-1 s=READY pgs=44 cs=0 l=1 rev1=1 crypto rx=0x7fcdd8009fb0 tx=0x7fcdd8011940 comp rx=0 tx=0).stop
2024-04-25T13:04:50.676 INFO:teuthology.orchestra.run.smithi106.stdout:/usr/bin/ceph: stderr
2024-04-25T13:04:50.063+0000 7fcdee5c9700 1 -- 172.21.15.106:0/2028466740 shutdown_connections
2024-04-25T13:04:50.676 INFO:teuthology.orchestra.run.smithi106.stdout:/usr/bin/ceph: stderr
2024-04-25T13:04:50.063+0000 7fcdee5c9700 1 --2- 172.21.15.106:0/2028466740 >> [v2:172.21.15.106:6800/635912648,v1:172.21.15.106:6801/635912648] conn(0x7fcdd00395b0 0x7fcdd003ba70 unknown :-1 s=CLOSED pgs=10 cs=0 l=1 rev1=1 crypto rx=0 tx=0 comp rx=0 tx=0).stop
2024-04-25T13:04:50.676 INFO:teuthology.orchestra.run.smithi106.stdout:/usr/bin/ceph: stderr
2024-04-25T13:04:50.063+0000 7fcdee5c9700 1 --2- 172.21.15.106:0/2028466740 >> [v2:172.21.15.106:3300/0,v1:172.21.15.106:6789/0] conn(0x7fcde8108600 0x7fcde819c530 unknown :-1 s=CLOSED pgs=44 cs=0 l=1 rev1=1 crypto rx=0 tx=0 comp rx=0 tx=0).stop
2024-04-25T13:04:50.676 INFO:teuthology.orchestra.run.smithi106.stdout:/usr/bin/ceph: stderr
2024-04-25T13:04:50.063+0000 7fcdee5c9700 1 -- 172.21.15.106:0/2028466740 >> 172.21.15.106:0/2028466740 conn(0x7fcde8103ba0 msgr2=0x7fcde8104770 unknown :-1 s=STATE_NONE l=0).mark_down
2024-04-25T13:04:50.677 INFO:teuthology.orchestra.run.smithi106.stdout:/usr/bin/ceph: stderr
2024-04-25T13:04:50.064+0000 7fcdee5c9700 1 -- 172.21.15.106:0/2028466740 shutdown_connections
2024-04-25T13:04:50.677 INFO:teuthology.orchestra.run.smithi106.stdout:/usr/bin/ceph: stderr
2024-04-25T13:04:50.064+0000 7fcdee5c9700 1 -- 172.21.15.106:0/2028466740 wait complete.
2024-04-25T13:04:50.677 INFO:teuthology.orchestra.run.smithi106.stdout:Wrote public SSH key to /home/ubuntu/cephtest/ceph.pub
2024-04-25T13:04:50.677 INFO:teuthology.orchestra.run.smithi106.stdout:Adding key to root@localhost authorized_keys...
2024-04-25T13:04:50.677 INFO:teuthology.orchestra.run.smithi106.stdout:Adding host smithi106...
2024-04-25T13:04:50.942 INFO:journalctl@ceph.mon.a.smithi106.stdout:Apr 25 13:04:50 smithi106 ceph-mon[29185]: from='client.14138 -' entity='client.admin' cmd=[{"prefix": "cephadm get-pub-key", "target": ["mon-mgr", ""]}]: dispatch
2024-04-25T13:04:52.557 INFO:journalctl@ceph.mon.a.smithi106.stdout:Apr 25 13:04:52 smithi106 ceph-mon[29185]: from='client.14140 -' entity='client.admin' cmd=[{"prefix": "orch host add", "hostname": "smithi106", "addr": "172.21.15.106", "target": ["mon-mgr", ""]}]: dispatch
2024-04-25T13:04:52.557 INFO:journalctl@ceph.mon.a.smithi106.stdout:Apr 25 13:04:52 smithi106 ceph-mon[29185]: Deploying cephadm binary to smithi106
2024-04-25T13:04:56.014 INFO:teuthology.orchestra.run.smithi106.stdout:/usr/bin/ceph: stdout Added host 'smithi106' with addr '172.21.15.106'
2024-04-25T13:04:56.014 INFO:teuthology.orchestra.run.smithi106.stdout:/usr/bin/ceph: stderr
2024-04-25T13:04:51.049+0000 7effabc72700 1 Processor -- start
2024-04-25T13:04:56.014 INFO:teuthology.orchestra.run.smithi106.stdout:/usr/bin/ceph: stderr
2024-04-25T13:04:51.049+0000 7effabc72700 1 -- start start
2024-04-25T13:04:56.014 INFO:teuthology.orchestra.run.smithi106.stdout:/usr/bin/ceph: stderr
2024-04-25T13:04:51.049+0000 7effabc72700 1 --2- >> [v2:172.21.15.106:3300/0,v1:172.21.15.106:6789/0] conn(0x7effa41085b0 0x7effa41089d0 unknown :-1 s=NONE pgs=0 cs=0 l=0 rev1=0 crypto rx=0 tx=0 comp rx=0 tx=0).connect
2024-04-25T13:04:56.014 INFO:teuthology.orchestra.run.smithi106.stdout:/usr/bin/ceph: stderr
2024-04-25T13:04:51.049+0000 7effabc72700 1 -- --> [v2:172.21.15.106:3300/0,v1:172.21.15.106:6789/0] -- mon_getmap magic: 0 -- 0x7effa4108fa0 con 0x7effa41085b0
2024-04-25T13:04:56.014 INFO:teuthology.orchestra.run.smithi106.stdout:/usr/bin/ceph: stderr
2024-04-25T13:04:51.049+0000 7effa9a0e700 1 --2- >> [v2:172.21.15.106:3300/0,v1:172.21.15.106:6789/0] conn(0x7effa41085b0 0x7effa41089d0 unknown :-1 s=BANNER_CONNECTING pgs=0 cs=0 l=0 rev1=0 crypto rx=0 tx=0 comp rx=0 tx=0)._handle_peer_banner_payload supported=3 required=0
2024-04-25T13:04:56.014 INFO:teuthology.orchestra.run.smithi106.stdout:/usr/bin/ceph: stderr
2024-04-25T13:04:51.049+0000 7effa9a0e700 1 --2- >> [v2:172.21.15.106:3300/0,v1:172.21.15.106:6789/0] conn(0x7effa41085b0 0x7effa41089d0 unknown :-1 s=HELLO_CONNECTING pgs=0 cs=0 l=0 rev1=1 crypto rx=0 tx=0 comp rx=0 tx=0).handle_hello peer v2:172.21.15.106:3300/0 says I am v2:172.21.15.106:49330/0 (socket says 172.21.15.106:49330)
2024-04-25T13:04:56.014 INFO:teuthology.orchestra.run.smithi106.stdout:/usr/bin/ceph: stderr
2024-04-25T13:04:51.049+0000 7effa9a0e700 1 -- 172.21.15.106:0/3417371178 learned_addr learned my addr 172.21.15.106:0/3417371178 (peer_addr_for_me v2:172.21.15.106:0/0)
2024-04-25T13:04:56.015 INFO:teuthology.orchestra.run.smithi106.stdout:/usr/bin/ceph: stderr
2024-04-25T13:04:51.050+0000 7effa9a0e700 1 -- 172.21.15.106:0/3417371178 --> [v2:172.21.15.106:3300/0,v1:172.21.15.106:6789/0] -- mon_subscribe({config=0+,monmap=0+}) -- 0x7effa4109760 con 0x7effa41085b0
2024-04-25T13:04:56.015 INFO:teuthology.orchestra.run.smithi106.stdout:/usr/bin/ceph: stderr
2024-04-25T13:04:51.050+0000 7effa9a0e700 1 --2- 172.21.15.106:0/3417371178 >> [v2:172.21.15.106:3300/0,v1:172.21.15.106:6789/0] conn(0x7effa41085b0 0x7effa41089d0 secure :-1 s=READY pgs=45 cs=0 l=1 rev1=1 crypto rx=0x7effa00098a0 tx=0x7effa0009bb0 comp rx=0 tx=0).ready entity=mon.0 client_cookie=8e14f401caedebdd server_cookie=0 in_seq=0 out_seq=0
2024-04-25T13:04:56.015 INFO:teuthology.orchestra.run.smithi106.stdout:/usr/bin/ceph: stderr
2024-04-25T13:04:51.050+0000 7effa8a0c700 1 -- 172.21.15.106:0/3417371178 <== mon.0 v2:172.21.15.106:3300/0 1 ==== mon_map magic: 0 ==== 205+0+0 (secure 0 0 0) 0x7effa0004160 con 0x7effa41085b0
2024-04-25T13:04:56.015 INFO:teuthology.orchestra.run.smithi106.stdout:/usr/bin/ceph: stderr
2024-04-25T13:04:51.050+0000 7effa8a0c700 1 -- 172.21.15.106:0/3417371178 <== mon.0 v2:172.21.15.106:3300/0 2 ==== config(26 keys) ==== 1070+0+0 (secure 0 0 0) 0x7effa0004300 con 0x7effa41085b0
2024-04-25T13:04:56.015 INFO:teuthology.orchestra.run.smithi106.stdout:/usr/bin/ceph: stderr
2024-04-25T13:04:51.050+0000 7effa8a0c700 1 -- 172.21.15.106:0/3417371178 <== mon.0 v2:172.21.15.106:3300/0 3 ==== mon_map magic: 0 ==== 205+0+0 (secure 0 0 0) 0x7effa0011af0 con 0x7effa41085b0
2024-04-25T13:04:56.015 INFO:teuthology.orchestra.run.smithi106.stdout:/usr/bin/ceph: stderr
2024-04-25T13:04:51.050+0000 7effabc72700 1 -- 172.21.15.106:0/3417371178 >> [v2:172.21.15.106:3300/0,v1:172.21.15.106:6789/0] conn(0x7effa41085b0 msgr2=0x7effa41089d0 secure :-1 s=STATE_CONNECTION_ESTABLISHED l=1).mark_down
2024-04-25T13:04:56.015 INFO:teuthology.orchestra.run.smithi106.stdout:/usr/bin/ceph: stderr
2024-04-25T13:04:51.050+0000 7effabc72700 1 --2- 172.21.15.106:0/3417371178 >> [v2:172.21.15.106:3300/0,v1:172.21.15.106:6789/0] conn(0x7effa41085b0 0x7effa41089d0 secure :-1 s=READY pgs=45 cs=0 l=1 rev1=1 crypto rx=0x7effa00098a0 tx=0x7effa0009bb0 comp rx=0 tx=0).stop
2024-04-25T13:04:56.015 INFO:teuthology.orchestra.run.smithi106.stdout:/usr/bin/ceph: stderr
2024-04-25T13:04:51.050+0000 7effabc72700 1 -- 172.21.15.106:0/3417371178 shutdown_connections
2024-04-25T13:04:56.015 INFO:teuthology.orchestra.run.smithi106.stdout:/usr/bin/ceph: stderr
2024-04-25T13:04:51.050+0000 7effabc72700 1 --2- 172.21.15.106:0/3417371178 >> [v2:172.21.15.106:3300/0,v1:172.21.15.106:6789/0] conn(0x7effa41085b0 0x7effa41089d0 unknown :-1 s=CLOSED pgs=45 cs=0 l=1 rev1=1 crypto rx=0 tx=0 comp rx=0 tx=0).stop
2024-04-25T13:04:56.015 INFO:teuthology.orchestra.run.smithi106.stdout:/usr/bin/ceph: stderr
2024-04-25T13:04:51.050+0000 7effabc72700 1 -- 172.21.15.106:0/3417371178 >> 172.21.15.106:0/3417371178 conn(0x7effa4103b70 msgr2=0x7effa4105f90 unknown :-1 s=STATE_NONE l=0).mark_down
2024-04-25T13:04:56.015 INFO:teuthology.orchestra.run.smithi106.stdout:/usr/bin/ceph: stderr
2024-04-25T13:04:51.051+0000 7effabc72700 1 -- 172.21.15.106:0/3417371178 shutdown_connections
2024-04-25T13:04:56.015 INFO:teuthology.orchestra.run.smithi106.stdout:/usr/bin/ceph: stderr
2024-04-25T13:04:51.051+0000 7effabc72700 1 -- 172.21.15.106:0/3417371178 wait complete.
2024-04-25T13:04:56.015 INFO:teuthology.orchestra.run.smithi106.stdout:/usr/bin/ceph: stderr
2024-04-25T13:04:51.051+0000 7effabc72700 1 Processor -- start
2024-04-25T13:04:56.015 INFO:teuthology.orchestra.run.smithi106.stdout:/usr/bin/ceph: stderr
2024-04-25T13:04:51.051+0000 7effabc72700 1 -- start start
2024-04-25T13:04:56.015 INFO:teuthology.orchestra.run.smithi106.stdout:/usr/bin/ceph: stderr
2024-04-25T13:04:51.051+0000 7effabc72700 1 --2- >> [v2:172.21.15.106:3300/0,v1:172.21.15.106:6789/0] conn(0x7effa41085b0 0x7effa419c4c0 unknown :-1 s=NONE pgs=0 cs=0 l=1 rev1=0 crypto rx=0 tx=0 comp rx=0 tx=0).connect
2024-04-25T13:04:56.015 INFO:teuthology.orchestra.run.smithi106.stdout:/usr/bin/ceph: stderr
2024-04-25T13:04:51.051+0000 7effabc72700 1 -- --> [v2:172.21.15.106:3300/0,v1:172.21.15.106:6789/0] -- mon_getmap magic: 0 -- 0x7effa410c990 con 0x7effa41085b0
2024-04-25T13:04:56.016 INFO:teuthology.orchestra.run.smithi106.stdout:/usr/bin/ceph: stderr
2024-04-25T13:04:51.051+0000 7effa9a0e700 1 --2- >> [v2:172.21.15.106:3300/0,v1:172.21.15.106:6789/0] conn(0x7effa41085b0 0x7effa419c4c0 unknown :-1 s=BANNER_CONNECTING pgs=0 cs=0 l=1 rev1=0 crypto rx=0 tx=0 comp rx=0 tx=0)._handle_peer_banner_payload supported=3 required=0
2024-04-25T13:04:56.016 INFO:teuthology.orchestra.run.smithi106.stdout:/usr/bin/ceph: stderr
2024-04-25T13:04:51.051+0000 7effa9a0e700 1 --2- >> [v2:172.21.15.106:3300/0,v1:172.21.15.106:6789/0] conn(0x7effa41085b0 0x7effa419c4c0 unknown :-1 s=HELLO_CONNECTING pgs=0 cs=0 l=1 rev1=1 crypto rx=0 tx=0 comp rx=0 tx=0).handle_hello peer v2:172.21.15.106:3300/0 says I am v2:172.21.15.106:49332/0 (socket says 172.21.15.106:49332)
2024-04-25T13:04:56.016 INFO:teuthology.orchestra.run.smithi106.stdout:/usr/bin/ceph: stderr
2024-04-25T13:04:51.051+0000 7effa9a0e700 1 -- 172.21.15.106:0/1553646430 learned_addr learned my addr 172.21.15.106:0/1553646430 (peer_addr_for_me v2:172.21.15.106:0/0)
2024-04-25T13:04:56.016 INFO:teuthology.orchestra.run.smithi106.stdout:/usr/bin/ceph: stderr
2024-04-25T13:04:51.052+0000 7effa9a0e700 1 -- 172.21.15.106:0/1553646430 --> [v2:172.21.15.106:3300/0,v1:172.21.15.106:6789/0] -- mon_subscribe({config=0+,monmap=0+}) -- 0x7effa419ca00 con 0x7effa41085b0
2024-04-25T13:04:56.016 INFO:teuthology.orchestra.run.smithi106.stdout:/usr/bin/ceph: stderr
2024-04-25T13:04:51.052+0000 7effa9a0e700 1 --2- 172.21.15.106:0/1553646430 >> [v2:172.21.15.106:3300/0,v1:172.21.15.106:6789/0] conn(0x7effa41085b0 0x7effa419c4c0 secure :-1 s=READY pgs=46 cs=0 l=1 rev1=1 crypto rx=0x7effa0003f40 tx=0x7effa0011890 comp rx=0 tx=0).ready entity=mon.0 client_cookie=0 server_cookie=0 in_seq=0 out_seq=0
2024-04-25T13:04:56.016 INFO:teuthology.orchestra.run.smithi106.stdout:/usr/bin/ceph: stderr
2024-04-25T13:04:51.052+0000 7eff9affd700 1 -- 172.21.15.106:0/1553646430 <== mon.0 v2:172.21.15.106:3300/0 1 ==== mon_map magic: 0 ==== 205+0+0 (secure 0 0 0) 0x7effa00038b0 con 0x7effa41085b0
2024-04-25T13:04:56.016 INFO:teuthology.orchestra.run.smithi106.stdout:/usr/bin/ceph: stderr
2024-04-25T13:04:51.052+0000 7eff9affd700 1 -- 172.21.15.106:0/1553646430 <== mon.0 v2:172.21.15.106:3300/0 2 ==== config(26 keys) ==== 1070+0+0 (secure 0 0 0) 0x7effa0003a50 con 0x7effa41085b0
2024-04-25T13:04:56.016 INFO:teuthology.orchestra.run.smithi106.stdout:/usr/bin/ceph: stderr
2024-04-25T13:04:51.052+0000 7effabc72700 1 -- 172.21.15.106:0/1553646430 --> [v2:172.21.15.106:3300/0,v1:172.21.15.106:6789/0] -- mon_subscribe({mgrmap=0+}) -- 0x7effa419cc90 con 0x7effa41085b0
2024-04-25T13:04:56.016 INFO:teuthology.orchestra.run.smithi106.stdout:/usr/bin/ceph: stderr
2024-04-25T13:04:51.052+0000 7eff9affd700 1 -- 172.21.15.106:0/1553646430 <== mon.0 v2:172.21.15.106:3300/0 3 ==== mon_map magic: 0 ==== 205+0+0 (secure 0 0 0) 0x7effa001a5c0 con 0x7effa41085b0
2024-04-25T13:04:56.016 INFO:teuthology.orchestra.run.smithi106.stdout:/usr/bin/ceph: stderr
2024-04-25T13:04:51.052+0000 7effabc72700 1 -- 172.21.15.106:0/1553646430 --> [v2:172.21.15.106:3300/0,v1:172.21.15.106:6789/0] -- mon_subscribe({osdmap=0}) -- 0x7effa419f980 con 0x7effa41085b0
2024-04-25T13:04:56.016 INFO:teuthology.orchestra.run.smithi106.stdout:/usr/bin/ceph: stderr
2024-04-25T13:04:51.053+0000 7eff9affd700 1 -- 172.21.15.106:0/1553646430 <== mon.0 v2:172.21.15.106:3300/0 4 ==== mgrmap(e 8) ==== 46558+0+0 (secure 0 0 0) 0x7effa001a8c0 con 0x7effa41085b0
2024-04-25T13:04:56.016 INFO:teuthology.orchestra.run.smithi106.stdout:/usr/bin/ceph: stderr
2024-04-25T13:04:51.053+0000 7effabc72700 1 -- 172.21.15.106:0/1553646430 --> [v2:172.21.15.106:3300/0,v1:172.21.15.106:6789/0] -- mon_command({"prefix": "get_command_descriptions"} v 0) -- 0x7effa410cb10 con 0x7effa41085b0
2024-04-25T13:04:56.016 INFO:teuthology.orchestra.run.smithi106.stdout:/usr/bin/ceph: stderr
2024-04-25T13:04:51.053+0000 7eff9affd700 1 --2- 172.21.15.106:0/1553646430 >> [v2:172.21.15.106:6800/635912648,v1:172.21.15.106:6801/635912648] conn(0x7eff90039560 0x7eff9003ba20 unknown :-1 s=NONE pgs=0 cs=0 l=1 rev1=0 crypto rx=0 tx=0 comp rx=0 tx=0).connect
2024-04-25T13:04:56.016 INFO:teuthology.orchestra.run.smithi106.stdout:/usr/bin/ceph: stderr
2024-04-25T13:04:51.053+0000 7eff9affd700 1 -- 172.21.15.106:0/1553646430 <== mon.0 v2:172.21.15.106:3300/0 5 ==== osd_map(2..2 src has 1..2) ==== 940+0+0 (secure 0 0 0) 0x7effa004dad0 con 0x7effa41085b0
2024-04-25T13:04:56.016 INFO:teuthology.orchestra.run.smithi106.stdout:/usr/bin/ceph: stderr
2024-04-25T13:04:51.053+0000 7effa920d700 1 --2- 172.21.15.106:0/1553646430 >> [v2:172.21.15.106:6800/635912648,v1:172.21.15.106:6801/635912648] conn(0x7eff90039560 0x7eff9003ba20 unknown :-1 s=BANNER_CONNECTING pgs=0 cs=0 l=1 rev1=0 crypto rx=0 tx=0 comp rx=0 tx=0)._handle_peer_banner_payload supported=3 required=0
2024-04-25T13:04:56.017 INFO:teuthology.orchestra.run.smithi106.stdout:/usr/bin/ceph: stderr
2024-04-25T13:04:51.054+0000 7effa920d700 1 --2- 172.21.15.106:0/1553646430 >> [v2:172.21.15.106:6800/635912648,v1:172.21.15.106:6801/635912648] conn(0x7eff90039560 0x7eff9003ba20 secure :-1 s=READY pgs=11 cs=0 l=1 rev1=1 crypto rx=0x7eff94006fd0 tx=0x7eff94006e40 comp rx=0 tx=0).ready entity=mgr.14120 client_cookie=0 server_cookie=0 in_seq=0 out_seq=0
2024-04-25T13:04:56.017 INFO:teuthology.orchestra.run.smithi106.stdout:/usr/bin/ceph: stderr
2024-04-25T13:04:51.058+0000 7eff9affd700 1 -- 172.21.15.106:0/1553646430 <== mon.0 v2:172.21.15.106:3300/0 6 ==== mon_command_ack([{"prefix": "get_command_descriptions"}]=0 v0) ==== 72+0+188370 (secure 0 0 0) 0x7effa002d3f0 con 0x7effa41085b0
2024-04-25T13:04:56.017 INFO:teuthology.orchestra.run.smithi106.stdout:/usr/bin/ceph: stderr
2024-04-25T13:04:51.263+0000 7effabc72700 1 -- 172.21.15.106:0/1553646430 --> [v2:172.21.15.106:6800/635912648,v1:172.21.15.106:6801/635912648] -- mgr_command(tid 0: {"prefix": "orch host add", "hostname": "smithi106", "addr": "172.21.15.106", "target": ["mon-mgr", ""]}) -- 0x7effa4104e30 con 0x7eff90039560
2024-04-25T13:04:56.017 INFO:teuthology.orchestra.run.smithi106.stdout:/usr/bin/ceph: stderr
2024-04-25T13:04:55.355+0000 7eff9affd700 1 -- 172.21.15.106:0/1553646430 <== mgr.14120 v2:172.21.15.106:6800/635912648 1 ==== mgr_command_reply(tid 0: 0 ) ==== 8+0+49 (secure 0 0 0) 0x7effa4104e30 con 0x7eff90039560
2024-04-25T13:04:56.017 INFO:teuthology.orchestra.run.smithi106.stdout:/usr/bin/ceph: stderr
2024-04-25T13:04:55.358+0000 7effabc72700 1 -- 172.21.15.106:0/1553646430 >> [v2:172.21.15.106:6800/635912648,v1:172.21.15.106:6801/635912648] conn(0x7eff90039560 msgr2=0x7eff9003ba20 secure :-1 s=STATE_CONNECTION_ESTABLISHED l=1).mark_down
2024-04-25T13:04:56.017 INFO:teuthology.orchestra.run.smithi106.stdout:/usr/bin/ceph: stderr
2024-04-25T13:04:55.358+0000 7effabc72700 1 --2- 172.21.15.106:0/1553646430 >> [v2:172.21.15.106:6800/635912648,v1:172.21.15.106:6801/635912648] conn(0x7eff90039560 0x7eff9003ba20 secure :-1 s=READY pgs=11 cs=0 l=1 rev1=1 crypto rx=0x7eff94006fd0 tx=0x7eff94006e40 comp rx=0 tx=0).stop
2024-04-25T13:04:56.017 INFO:teuthology.orchestra.run.smithi106.stdout:/usr/bin/ceph: stderr
2024-04-25T13:04:55.358+0000 7effabc72700 1 -- 172.21.15.106:0/1553646430 >> [v2:172.21.15.106:3300/0,v1:172.21.15.106:6789/0] conn(0x7effa41085b0 msgr2=0x7effa419c4c0 secure :-1 s=STATE_CONNECTION_ESTABLISHED l=1).mark_down
2024-04-25T13:04:56.017 INFO:teuthology.orchestra.run.smithi106.stdout:/usr/bin/ceph: stderr
2024-04-25T13:04:55.358+0000 7effabc72700 1 --2- 172.21.15.106:0/1553646430 >> [v2:172.21.15.106:3300/0,v1:172.21.15.106:6789/0] conn(0x7effa41085b0 0x7effa419c4c0 secure :-1 s=READY pgs=46 cs=0 l=1 rev1=1 crypto rx=0x7effa0003f40 tx=0x7effa0011890 comp rx=0 tx=0).stop
2024-04-25T13:04:56.017 INFO:teuthology.orchestra.run.smithi106.stdout:/usr/bin/ceph: stderr
2024-04-25T13:04:55.358+0000 7effabc72700 1 -- 172.21.15.106:0/1553646430 shutdown_connections
2024-04-25T13:04:56.017 INFO:teuthology.orchestra.run.smithi106.stdout:/usr/bin/ceph: stderr
2024-04-25T13:04:55.358+0000 7effabc72700 1 --2- 172.21.15.106:0/1553646430 >> [v2:172.21.15.106:6800/635912648,v1:172.21.15.106:6801/635912648] conn(0x7eff90039560 0x7eff9003ba20 unknown :-1 s=CLOSED pgs=11 cs=0 l=1 rev1=1 crypto rx=0 tx=0 comp rx=0 tx=0).stop
2024-04-25T13:04:56.017 INFO:teuthology.orchestra.run.smithi106.stdout:/usr/bin/ceph: stderr
2024-04-25T13:04:55.358+0000 7effabc72700 1 --2- 172.21.15.106:0/1553646430 >> [v2:172.21.15.106:3300/0,v1:172.21.15.106:6789/0] conn(0x7effa41085b0 0x7effa419c4c0 unknown :-1 s=CLOSED pgs=46 cs=0 l=1 rev1=1 crypto rx=0 tx=0 comp rx=0 tx=0).stop
2024-04-25T13:04:56.017 INFO:teuthology.orchestra.run.smithi106.stdout:/usr/bin/ceph: stderr
2024-04-25T13:04:55.358+0000 7effabc72700 1 -- 172.21.15.106:0/1553646430 >> 172.21.15.106:0/1553646430 conn(0x7effa4103b70 msgr2=0x7effa4104720 unknown :-1 s=STATE_NONE l=0).mark_down
2024-04-25T13:04:56.017 INFO:teuthology.orchestra.run.smithi106.stdout:/usr/bin/ceph: stderr
2024-04-25T13:04:55.358+0000 7effabc72700 1 -- 172.21.15.106:0/1553646430 shutdown_connections
2024-04-25T13:04:56.017 INFO:teuthology.orchestra.run.smithi106.stdout:/usr/bin/ceph: stderr
2024-04-25T13:04:55.358+0000 7effabc72700 1 -- 172.21.15.106:0/1553646430 wait complete.
2024-04-25T13:04:56.017 INFO:teuthology.orchestra.run.smithi106.stdout:Deploying unmanaged mon service...
2024-04-25T13:04:56.557 INFO:journalctl@ceph.mon.a.smithi106.stdout:Apr 25 13:04:56 smithi106 ceph-mon[29185]: from='mgr.14120 172.21.15.106:0/4265531845' entity='mgr.x'
2024-04-25T13:04:56.557 INFO:journalctl@ceph.mon.a.smithi106.stdout:Apr 25 13:04:56 smithi106 ceph-mon[29185]: Added host smithi106
2024-04-25T13:04:56.557 INFO:journalctl@ceph.mon.a.smithi106.stdout:Apr 25 13:04:56 smithi106 ceph-mon[29185]: from='mgr.14120 172.21.15.106:0/4265531845' entity='mgr.x' cmd=[{"prefix": "config dump", "format": "json"}]: dispatch
2024-04-25T13:04:57.385 INFO:teuthology.orchestra.run.smithi106.stdout:/usr/bin/ceph: stdout Scheduled mon update...
2024-04-25T13:04:57.385 INFO:teuthology.orchestra.run.smithi106.stdout:/usr/bin/ceph: stderr
2024-04-25T13:04:56.377+0000 7f0a4a27c700 1 Processor -- start
2024-04-25T13:04:57.385 INFO:teuthology.orchestra.run.smithi106.stdout:/usr/bin/ceph: stderr
2024-04-25T13:04:56.377+0000 7f0a4a27c700 1 -- start start
2024-04-25T13:04:57.385 INFO:teuthology.orchestra.run.smithi106.stdout:/usr/bin/ceph: stderr
2024-04-25T13:04:56.377+0000 7f0a4a27c700 1 --2- >> [v2:172.21.15.106:3300/0,v1:172.21.15.106:6789/0] conn(0x7f0a44108600 0x7f0a44108a20 unknown :-1 s=NONE pgs=0 cs=0 l=0 rev1=0 crypto rx=0 tx=0 comp rx=0 tx=0).connect
2024-04-25T13:04:57.386 INFO:teuthology.orchestra.run.smithi106.stdout:/usr/bin/ceph: stderr
2024-04-25T13:04:56.377+0000 7f0a4a27c700 1 -- --> [v2:172.21.15.106:3300/0,v1:172.21.15.106:6789/0] -- mon_getmap magic: 0 -- 0x7f0a44108ff0 con 0x7f0a44108600
2024-04-25T13:04:57.386 INFO:teuthology.orchestra.run.smithi106.stdout:/usr/bin/ceph: stderr
2024-04-25T13:04:56.377+0000 7f0a43fff700 1 --2- >> [v2:172.21.15.106:3300/0,v1:172.21.15.106:6789/0] conn(0x7f0a44108600 0x7f0a44108a20 unknown :-1 s=BANNER_CONNECTING pgs=0 cs=0 l=0 rev1=0 crypto rx=0 tx=0 comp rx=0 tx=0)._handle_peer_banner_payload supported=3 required=0
2024-04-25T13:04:57.386 INFO:teuthology.orchestra.run.smithi106.stdout:/usr/bin/ceph: stderr
2024-04-25T13:04:56.378+0000 7f0a43fff700 1 --2- >> [v2:172.21.15.106:3300/0,v1:172.21.15.106:6789/0] conn(0x7f0a44108600 0x7f0a44108a20 unknown :-1 s=HELLO_CONNECTING pgs=0 cs=0 l=0 rev1=1 crypto rx=0 tx=0 comp rx=0 tx=0).handle_hello peer v2:172.21.15.106:3300/0 says I am v2:172.21.15.106:49342/0 (socket says 172.21.15.106:49342)
2024-04-25T13:04:57.386 INFO:teuthology.orchestra.run.smithi106.stdout:/usr/bin/ceph: stderr
2024-04-25T13:04:56.378+0000 7f0a43fff700 1 -- 172.21.15.106:0/49263329 learned_addr learned my addr 172.21.15.106:0/49263329 (peer_addr_for_me v2:172.21.15.106:0/0)
2024-04-25T13:04:57.386 INFO:teuthology.orchestra.run.smithi106.stdout:/usr/bin/ceph: stderr
2024-04-25T13:04:56.378+0000 7f0a43fff700 1 -- 172.21.15.106:0/49263329 --> [v2:172.21.15.106:3300/0,v1:172.21.15.106:6789/0] -- mon_subscribe({config=0+,monmap=0+}) -- 0x7f0a441097b0 con 0x7f0a44108600
2024-04-25T13:04:57.386 INFO:teuthology.orchestra.run.smithi106.stdout:/usr/bin/ceph: stderr
2024-04-25T13:04:56.378+0000 7f0a43fff700 1 --2- 172.21.15.106:0/49263329 >> [v2:172.21.15.106:3300/0,v1:172.21.15.106:6789/0] conn(0x7f0a44108600 0x7f0a44108a20 secure :-1 s=READY pgs=47 cs=0 l=1 rev1=1 crypto rx=0x7f0a340098a0 tx=0x7f0a34009bb0 comp rx=0 tx=0).ready entity=mon.0 client_cookie=b1f56c07073b92c1 server_cookie=0 in_seq=0 out_seq=0
2024-04-25T13:04:57.390 INFO:teuthology.orchestra.run.smithi106.stdout:/usr/bin/ceph: stderr
2024-04-25T13:04:56.378+0000 7f0a42ffd700 1 -- 172.21.15.106:0/49263329 <== mon.0 v2:172.21.15.106:3300/0 1 ==== mon_map magic: 0 ==== 205+0+0 (secure 0 0 0) 0x7f0a34004160 con 0x7f0a44108600
2024-04-25T13:04:57.390 INFO:teuthology.orchestra.run.smithi106.stdout:/usr/bin/ceph: stderr
2024-04-25T13:04:56.378+0000 7f0a42ffd700 1 -- 172.21.15.106:0/49263329 <== mon.0 v2:172.21.15.106:3300/0 2 ==== config(26 keys) ==== 1070+0+0 (secure 0 0 0) 0x7f0a34004300 con 0x7f0a44108600
2024-04-25T13:04:57.391 INFO:teuthology.orchestra.run.smithi106.stdout:/usr/bin/ceph: stderr
2024-04-25T13:04:56.378+0000 7f0a42ffd700 1 -- 172.21.15.106:0/49263329 <== mon.0 v2:172.21.15.106:3300/0 3 ==== mon_map magic: 0 ==== 205+0+0 (secure 0 0 0) 0x7f0a34011af0 con 0x7f0a44108600
2024-04-25T13:04:57.391 INFO:teuthology.orchestra.run.smithi106.stdout:/usr/bin/ceph: stderr
2024-04-25T13:04:56.379+0000 7f0a4a27c700 1 -- 172.21.15.106:0/49263329 >> [v2:172.21.15.106:3300/0,v1:172.21.15.106:6789/0] conn(0x7f0a44108600 msgr2=0x7f0a44108a20 secure :-1 s=STATE_CONNECTION_ESTABLISHED l=1).mark_down
2024-04-25T13:04:57.391 INFO:teuthology.orchestra.run.smithi106.stdout:/usr/bin/ceph: stderr
2024-04-25T13:04:56.379+0000 7f0a4a27c700 1 --2- 172.21.15.106:0/49263329 >> [v2:172.21.15.106:3300/0,v1:172.21.15.106:6789/0] conn(0x7f0a44108600 0x7f0a44108a20 secure :-1 s=READY pgs=47 cs=0 l=1 rev1=1 crypto rx=0x7f0a340098a0 tx=0x7f0a34009bb0 comp rx=0 tx=0).stop
2024-04-25T13:04:57.391 INFO:teuthology.orchestra.run.smithi106.stdout:/usr/bin/ceph: stderr
2024-04-25T13:04:56.379+0000 7f0a4a27c700 1 -- 172.21.15.106:0/49263329 shutdown_connections
2024-04-25T13:04:57.391 INFO:teuthology.orchestra.run.smithi106.stdout:/usr/bin/ceph: stderr
2024-04-25T13:04:56.379+0000 7f0a4a27c700 1 --2- 172.21.15.106:0/49263329 >> [v2:172.21.15.106:3300/0,v1:172.21.15.106:6789/0] conn(0x7f0a44108600 0x7f0a44108a20 unknown :-1 s=CLOSED pgs=47 cs=0 l=1 rev1=1 crypto rx=0 tx=0 comp rx=0 tx=0).stop
2024-04-25T13:04:57.391 INFO:teuthology.orchestra.run.smithi106.stdout:/usr/bin/ceph: stderr
2024-04-25T13:04:56.379+0000 7f0a4a27c700 1 -- 172.21.15.106:0/49263329 >> 172.21.15.106:0/49263329 conn(0x7f0a44103bc0 msgr2=0x7f0a44105fe0 unknown :-1 s=STATE_NONE l=0).mark_down
2024-04-25T13:04:57.391 INFO:teuthology.orchestra.run.smithi106.stdout:/usr/bin/ceph: stderr
2024-04-25T13:04:56.379+0000 7f0a4a27c700 1 -- 172.21.15.106:0/49263329 shutdown_connections
2024-04-25T13:04:57.391 INFO:teuthology.orchestra.run.smithi106.stdout:/usr/bin/ceph: stderr
2024-04-25T13:04:56.379+0000 7f0a4a27c700 1 -- 172.21.15.106:0/49263329 wait complete.
2024-04-25T13:04:57.391 INFO:teuthology.orchestra.run.smithi106.stdout:/usr/bin/ceph: stderr
2024-04-25T13:04:56.379+0000 7f0a4a27c700 1 Processor -- start
2024-04-25T13:04:57.391 INFO:teuthology.orchestra.run.smithi106.stdout:/usr/bin/ceph: stderr
2024-04-25T13:04:56.379+0000 7f0a4a27c700 1 -- start start
2024-04-25T13:04:57.391 INFO:teuthology.orchestra.run.smithi106.stdout:/usr/bin/ceph: stderr
2024-04-25T13:04:56.380+0000 7f0a4a27c700 1 --2- >> [v2:172.21.15.106:3300/0,v1:172.21.15.106:6789/0] conn(0x7f0a44108600 0x7f0a4419c510 unknown :-1 s=NONE pgs=0 cs=0 l=1 rev1=0 crypto rx=0 tx=0 comp rx=0 tx=0).connect
2024-04-25T13:04:57.391 INFO:teuthology.orchestra.run.smithi106.stdout:/usr/bin/ceph: stderr
