2024-04-25T13:10:20.267+0000 7fbcce9b2700 1 -- 172.21.15.31:0/2077169249 shutdown_connections
2024-04-25T13:10:20.816 INFO:teuthology.orchestra.run.smithi031.stdout:/usr/bin/ceph: stderr
2024-04-25T13:10:20.267+0000 7fbcce9b2700 1 -- 172.21.15.31:0/2077169249 wait complete.
2024-04-25T13:10:21.121 INFO:journalctl@ceph.mon.a.smithi031.stdout:Apr 25 13:10:20 smithi031 ceph-mon[29457]: from='mgr.14116 172.21.15.31:0/3147738812' entity='mgr.x'
2024-04-25T13:10:21.121 INFO:journalctl@ceph.mon.a.smithi031.stdout:Apr 25 13:10:20 smithi031 ceph-mon[29457]: from='client.? 172.21.15.31:0/2077169249' entity='client.admin'
2024-04-25T13:10:21.121 INFO:journalctl@ceph.mon.a.smithi031.stdout:Apr 25 13:10:20 smithi031 ceph-mon[29457]: from='mgr.14116 172.21.15.31:0/3147738812' entity='mgr.x'
2024-04-25T13:10:22.670 INFO:journalctl@ceph.mon.a.smithi031.stdout:Apr 25 13:10:22 smithi031 ceph-mon[29457]: from='client.? 172.21.15.31:0/3057619197' entity='client.admin'
2024-04-25T13:10:22.670 INFO:journalctl@ceph.mon.a.smithi031.stdout:Apr 25 13:10:22 smithi031 ceph-mon[29457]: from='mgr.14116 172.21.15.31:0/3147738812' entity='mgr.x'
2024-04-25T13:10:22.680 INFO:teuthology.orchestra.run.smithi031.stdout:/usr/bin/ceph: stderr
2024-04-25T13:10:21.226+0000 7f3f8dab4700 1 Processor -- start
2024-04-25T13:10:22.680 INFO:teuthology.orchestra.run.smithi031.stdout:/usr/bin/ceph: stderr
2024-04-25T13:10:21.226+0000 7f3f8dab4700 1 -- start start
2024-04-25T13:10:22.680 INFO:teuthology.orchestra.run.smithi031.stdout:/usr/bin/ceph: stderr
2024-04-25T13:10:21.226+0000 7f3f8dab4700 1 --2- >> [v2:172.21.15.31:3300/0,v1:172.21.15.31:6789/0] conn(0x7f3f8807de30 0x7f3f8807c2e0 unknown :-1 s=NONE pgs=0 cs=0 l=0 rev1=0 crypto rx=0 tx=0 comp rx=0 tx=0).connect
2024-04-25T13:10:22.680 INFO:teuthology.orchestra.run.smithi031.stdout:/usr/bin/ceph: stderr
2024-04-25T13:10:21.226+0000 7f3f8dab4700 1 -- --> [v2:172.21.15.31:3300/0,v1:172.21.15.31:6789/0] -- mon_getmap magic: 0 -- 0x7f3f8807c8b0 con 0x7f3f8807de30
2024-04-25T13:10:22.680 INFO:teuthology.orchestra.run.smithi031.stdout:/usr/bin/ceph: stderr
2024-04-25T13:10:21.226+0000 7f3f877fe700 1 --2- >> [v2:172.21.15.31:3300/0,v1:172.21.15.31:6789/0] conn(0x7f3f8807de30 0x7f3f8807c2e0 unknown :-1 s=BANNER_CONNECTING pgs=0 cs=0 l=0 rev1=0 crypto rx=0 tx=0 comp rx=0 tx=0)._handle_peer_banner_payload supported=3 required=0
2024-04-25T13:10:22.680 INFO:teuthology.orchestra.run.smithi031.stdout:/usr/bin/ceph: stderr
2024-04-25T13:10:21.226+0000 7f3f877fe700 1 --2- >> [v2:172.21.15.31:3300/0,v1:172.21.15.31:6789/0] conn(0x7f3f8807de30 0x7f3f8807c2e0 unknown :-1 s=HELLO_CONNECTING pgs=0 cs=0 l=0 rev1=1 crypto rx=0 tx=0 comp rx=0 tx=0).handle_hello peer v2:172.21.15.31:3300/0 says I am v2:172.21.15.31:34152/0 (socket says 172.21.15.31:34152)
2024-04-25T13:10:22.680 INFO:teuthology.orchestra.run.smithi031.stdout:/usr/bin/ceph: stderr
2024-04-25T13:10:21.226+0000 7f3f877fe700 1 -- 172.21.15.31:0/3145543182 learned_addr learned my addr 172.21.15.31:0/3145543182 (peer_addr_for_me v2:172.21.15.31:0/0)
2024-04-25T13:10:22.680 INFO:teuthology.orchestra.run.smithi031.stdout:/usr/bin/ceph: stderr
2024-04-25T13:10:21.227+0000 7f3f877fe700 1 -- 172.21.15.31:0/3145543182 --> [v2:172.21.15.31:3300/0,v1:172.21.15.31:6789/0] -- mon_subscribe({config=0+,monmap=0+}) -- 0x7f3f8807ca30 con 0x7f3f8807de30
2024-04-25T13:10:22.680 INFO:teuthology.orchestra.run.smithi031.stdout:/usr/bin/ceph: stderr
2024-04-25T13:10:21.227+0000 7f3f877fe700 1 --2- 172.21.15.31:0/3145543182 >> [v2:172.21.15.31:3300/0,v1:172.21.15.31:6789/0] conn(0x7f3f8807de30 0x7f3f8807c2e0 secure :-1 s=READY pgs=49 cs=0 l=1 rev1=1 crypto rx=0x7f3f780098a0 tx=0x7f3f78009bb0 comp rx=0 tx=0).ready entity=mon.0 client_cookie=b8d394793225e266 server_cookie=0 in_seq=0 out_seq=0
2024-04-25T13:10:22.681 INFO:teuthology.orchestra.run.smithi031.stdout:/usr/bin/ceph: stderr
2024-04-25T13:10:21.227+0000 7f3f867fc700 1 -- 172.21.15.31:0/3145543182 <== mon.0 v2:172.21.15.31:3300/0 1 ==== mon_map magic: 0 ==== 205+0+0 (secure 0 0 0) 0x7f3f78004160 con 0x7f3f8807de30
2024-04-25T13:10:22.681 INFO:teuthology.orchestra.run.smithi031.stdout:/usr/bin/ceph: stderr
2024-04-25T13:10:21.227+0000 7f3f867fc700 1 -- 172.21.15.31:0/3145543182 <== mon.0 v2:172.21.15.31:3300/0 2 ==== config(26 keys) ==== 1101+0+0 (secure 0 0 0) 0x7f3f78004300 con 0x7f3f8807de30
2024-04-25T13:10:22.681 INFO:teuthology.orchestra.run.smithi031.stdout:/usr/bin/ceph: stderr
2024-04-25T13:10:21.227+0000 7f3f867fc700 1 -- 172.21.15.31:0/3145543182 <== mon.0 v2:172.21.15.31:3300/0 3 ==== mon_map magic: 0 ==== 205+0+0 (secure 0 0 0) 0x7f3f78011a20 con 0x7f3f8807de30
2024-04-25T13:10:22.681 INFO:teuthology.orchestra.run.smithi031.stdout:/usr/bin/ceph: stderr
2024-04-25T13:10:21.228+0000 7f3f8dab4700 1 -- 172.21.15.31:0/3145543182 >> [v2:172.21.15.31:3300/0,v1:172.21.15.31:6789/0] conn(0x7f3f8807de30 msgr2=0x7f3f8807c2e0 secure :-1 s=STATE_CONNECTION_ESTABLISHED l=1).mark_down
2024-04-25T13:10:22.681 INFO:teuthology.orchestra.run.smithi031.stdout:/usr/bin/ceph: stderr
2024-04-25T13:10:21.228+0000 7f3f8dab4700 1 --2- 172.21.15.31:0/3145543182 >> [v2:172.21.15.31:3300/0,v1:172.21.15.31:6789/0] conn(0x7f3f8807de30 0x7f3f8807c2e0 secure :-1 s=READY pgs=49 cs=0 l=1 rev1=1 crypto rx=0x7f3f780098a0 tx=0x7f3f78009bb0 comp rx=0 tx=0).stop
2024-04-25T13:10:22.681 INFO:teuthology.orchestra.run.smithi031.stdout:/usr/bin/ceph: stderr
2024-04-25T13:10:21.228+0000 7f3f8dab4700 1 -- 172.21.15.31:0/3145543182 shutdown_connections
2024-04-25T13:10:22.681 INFO:teuthology.orchestra.run.smithi031.stdout:/usr/bin/ceph: stderr
2024-04-25T13:10:21.228+0000 7f3f8dab4700 1 --2- 172.21.15.31:0/3145543182 >> [v2:172.21.15.31:3300/0,v1:172.21.15.31:6789/0] conn(0x7f3f8807de30 0x7f3f8807c2e0 unknown :-1 s=CLOSED pgs=49 cs=0 l=1 rev1=1 crypto rx=0 tx=0 comp rx=0 tx=0).stop
2024-04-25T13:10:22.681 INFO:teuthology.orchestra.run.smithi031.stdout:/usr/bin/ceph: stderr
2024-04-25T13:10:21.228+0000 7f3f8dab4700 1 -- 172.21.15.31:0/3145543182 >> 172.21.15.31:0/3145543182 conn(0x7f3f88103bc0 msgr2=0x7f3f88105fe0 unknown :-1 s=STATE_NONE l=0).mark_down
2024-04-25T13:10:22.681 INFO:teuthology.orchestra.run.smithi031.stdout:/usr/bin/ceph: stderr
2024-04-25T13:10:21.228+0000 7f3f8dab4700 1 -- 172.21.15.31:0/3145543182 shutdown_connections
2024-04-25T13:10:22.681 INFO:teuthology.orchestra.run.smithi031.stdout:/usr/bin/ceph: stderr
2024-04-25T13:10:21.228+0000 7f3f8dab4700 1 -- 172.21.15.31:0/3145543182 wait complete.
2024-04-25T13:10:22.681 INFO:teuthology.orchestra.run.smithi031.stdout:/usr/bin/ceph: stderr
2024-04-25T13:10:21.228+0000 7f3f8dab4700 1 Processor -- start
2024-04-25T13:10:22.681 INFO:teuthology.orchestra.run.smithi031.stdout:/usr/bin/ceph: stderr
2024-04-25T13:10:21.228+0000 7f3f8dab4700 1 -- start start
2024-04-25T13:10:22.681 INFO:teuthology.orchestra.run.smithi031.stdout:/usr/bin/ceph: stderr
2024-04-25T13:10:21.229+0000 7f3f8dab4700 1 --2- >> [v2:172.21.15.31:3300/0,v1:172.21.15.31:6789/0] conn(0x7f3f8807de30 0x7f3f8819e5d0 unknown :-1 s=NONE pgs=0 cs=0 l=1 rev1=0 crypto rx=0 tx=0 comp rx=0 tx=0).connect
2024-04-25T13:10:22.681 INFO:teuthology.orchestra.run.smithi031.stdout:/usr/bin/ceph: stderr
2024-04-25T13:10:21.229+0000 7f3f8dab4700 1 -- --> [v2:172.21.15.31:3300/0,v1:172.21.15.31:6789/0] -- mon_getmap magic: 0 -- 0x7f3f8810eba0 con 0x7f3f8807de30
2024-04-25T13:10:22.682 INFO:teuthology.orchestra.run.smithi031.stdout:/usr/bin/ceph: stderr
2024-04-25T13:10:21.229+0000 7f3f877fe700 1 --2- >> [v2:172.21.15.31:3300/0,v1:172.21.15.31:6789/0] conn(0x7f3f8807de30 0x7f3f8819e5d0 unknown :-1 s=BANNER_CONNECTING pgs=0 cs=0 l=1 rev1=0 crypto rx=0 tx=0 comp rx=0 tx=0)._handle_peer_banner_payload supported=3 required=0
2024-04-25T13:10:22.682 INFO:teuthology.orchestra.run.smithi031.stdout:/usr/bin/ceph: stderr
2024-04-25T13:10:21.229+0000 7f3f877fe700 1 --2- >> [v2:172.21.15.31:3300/0,v1:172.21.15.31:6789/0] conn(0x7f3f8807de30 0x7f3f8819e5d0 unknown :-1 s=HELLO_CONNECTING pgs=0 cs=0 l=1 rev1=1 crypto rx=0 tx=0 comp rx=0 tx=0).handle_hello peer v2:172.21.15.31:3300/0 says I am v2:172.21.15.31:34156/0 (socket says 172.21.15.31:34156)
2024-04-25T13:10:22.682 INFO:teuthology.orchestra.run.smithi031.stdout:/usr/bin/ceph: stderr
2024-04-25T13:10:21.229+0000 7f3f877fe700 1 -- 172.21.15.31:0/3057619197 learned_addr learned my addr 172.21.15.31:0/3057619197 (peer_addr_for_me v2:172.21.15.31:0/0)
2024-04-25T13:10:22.682 INFO:teuthology.orchestra.run.smithi031.stdout:/usr/bin/ceph: stderr
2024-04-25T13:10:21.229+0000 7f3f877fe700 1 -- 172.21.15.31:0/3057619197 --> [v2:172.21.15.31:3300/0,v1:172.21.15.31:6789/0] -- mon_subscribe({config=0+,monmap=0+}) -- 0x7f3f8819eb10 con 0x7f3f8807de30
2024-04-25T13:10:22.682 INFO:teuthology.orchestra.run.smithi031.stdout:/usr/bin/ceph: stderr
2024-04-25T13:10:21.229+0000 7f3f877fe700 1 --2- 172.21.15.31:0/3057619197 >> [v2:172.21.15.31:3300/0,v1:172.21.15.31:6789/0] conn(0x7f3f8807de30 0x7f3f8819e5d0 secure :-1 s=READY pgs=50 cs=0 l=1 rev1=1 crypto rx=0x7f3f780116e0 tx=0x7f3f78011aa0 comp rx=0 tx=0).ready entity=mon.0 client_cookie=0 server_cookie=0 in_seq=0 out_seq=0
2024-04-25T13:10:22.682 INFO:teuthology.orchestra.run.smithi031.stdout:/usr/bin/ceph: stderr
2024-04-25T13:10:21.229+0000 7f3f84ff9700 1 -- 172.21.15.31:0/3057619197 <== mon.0 v2:172.21.15.31:3300/0 1 ==== mon_map magic: 0 ==== 205+0+0 (secure 0 0 0) 0x7f3f78003a60 con 0x7f3f8807de30
2024-04-25T13:10:22.682 INFO:teuthology.orchestra.run.smithi031.stdout:/usr/bin/ceph: stderr
2024-04-25T13:10:21.229+0000 7f3f84ff9700 1 -- 172.21.15.31:0/3057619197 <== mon.0 v2:172.21.15.31:3300/0 2 ==== config(26 keys) ==== 1101+0+0 (secure 0 0 0) 0x7f3f7801b8f0 con 0x7f3f8807de30
2024-04-25T13:10:22.682 INFO:teuthology.orchestra.run.smithi031.stdout:/usr/bin/ceph: stderr
2024-04-25T13:10:21.229+0000 7f3f84ff9700 1 -- 172.21.15.31:0/3057619197 <== mon.0 v2:172.21.15.31:3300/0 3 ==== mon_map magic: 0 ==== 205+0+0 (secure 0 0 0) 0x7f3f78019860 con 0x7f3f8807de30
2024-04-25T13:10:22.682 INFO:teuthology.orchestra.run.smithi031.stdout:/usr/bin/ceph: stderr
2024-04-25T13:10:21.229+0000 7f3f8dab4700 1 -- 172.21.15.31:0/3057619197 --> [v2:172.21.15.31:3300/0,v1:172.21.15.31:6789/0] -- mon_subscribe({mgrmap=0+}) -- 0x7f3f8819eda0 con 0x7f3f8807de30
2024-04-25T13:10:22.682 INFO:teuthology.orchestra.run.smithi031.stdout:/usr/bin/ceph: stderr
2024-04-25T13:10:21.229+0000 7f3f8dab4700 1 -- 172.21.15.31:0/3057619197 --> [v2:172.21.15.31:3300/0,v1:172.21.15.31:6789/0] -- mon_subscribe({osdmap=0}) -- 0x7f3f881a1a90 con 0x7f3f8807de30
2024-04-25T13:10:22.682 INFO:teuthology.orchestra.run.smithi031.stdout:/usr/bin/ceph: stderr
2024-04-25T13:10:21.230+0000 7f3f84ff9700 1 -- 172.21.15.31:0/3057619197 <== mon.0 v2:172.21.15.31:3300/0 4 ==== mgrmap(e 8) ==== 46558+0+0 (secure 0 0 0) 0x7f3f7801b440 con 0x7f3f8807de30
2024-04-25T13:10:22.682 INFO:teuthology.orchestra.run.smithi031.stdout:/usr/bin/ceph: stderr
2024-04-25T13:10:21.230+0000 7f3f8dab4700 1 -- 172.21.15.31:0/3057619197 --> [v2:172.21.15.31:3300/0,v1:172.21.15.31:6789/0] -- mon_command({"prefix": "get_command_descriptions"} v 0) -- 0x7f3f880640a0 con 0x7f3f8807de30
2024-04-25T13:10:22.682 INFO:teuthology.orchestra.run.smithi031.stdout:/usr/bin/ceph: stderr
2024-04-25T13:10:21.230+0000 7f3f84ff9700 1 --2- 172.21.15.31:0/3057619197 >> [v2:172.21.15.31:6800/3047311576,v1:172.21.15.31:6801/3047311576] conn(0x7f3f700395b0 0x7f3f7003ba70 unknown :-1 s=NONE pgs=0 cs=0 l=1 rev1=0 crypto rx=0 tx=0 comp rx=0 tx=0).connect
2024-04-25T13:10:22.683 INFO:teuthology.orchestra.run.smithi031.stdout:/usr/bin/ceph: stderr
2024-04-25T13:10:21.230+0000 7f3f84ff9700 1 -- 172.21.15.31:0/3057619197 <== mon.0 v2:172.21.15.31:3300/0 5 ==== osd_map(2..2 src has 1..2) ==== 940+0+0 (secure 0 0 0) 0x7f3f7804dc90 con 0x7f3f8807de30
2024-04-25T13:10:22.683 INFO:teuthology.orchestra.run.smithi031.stdout:/usr/bin/ceph: stderr
2024-04-25T13:10:21.231+0000 7f3f86ffd700 1 --2- 172.21.15.31:0/3057619197 >> [v2:172.21.15.31:6800/3047311576,v1:172.21.15.31:6801/3047311576] conn(0x7f3f700395b0 0x7f3f7003ba70 unknown :-1 s=BANNER_CONNECTING pgs=0 cs=0 l=1 rev1=0 crypto rx=0 tx=0 comp rx=0 tx=0)._handle_peer_banner_payload supported=3 required=0
2024-04-25T13:10:22.683 INFO:teuthology.orchestra.run.smithi031.stdout:/usr/bin/ceph: stderr
2024-04-25T13:10:21.231+0000 7f3f86ffd700 1 --2- 172.21.15.31:0/3057619197 >> [v2:172.21.15.31:6800/3047311576,v1:172.21.15.31:6801/3047311576] conn(0x7f3f700395b0 0x7f3f7003ba70 secure :-1 s=READY pgs=15 cs=0 l=1 rev1=1 crypto rx=0x7f3f7c006fd0 tx=0x7f3f7c006e40 comp rx=0 tx=0).ready entity=mgr.14116 client_cookie=0 server_cookie=0 in_seq=0 out_seq=0
2024-04-25T13:10:22.683 INFO:teuthology.orchestra.run.smithi031.stdout:/usr/bin/ceph: stderr
2024-04-25T13:10:21.235+0000 7f3f84ff9700 1 -- 172.21.15.31:0/3057619197 <== mon.0 v2:172.21.15.31:3300/0 6 ==== mon_command_ack([{"prefix": "get_command_descriptions"}]=0 v0) ==== 72+0+188370 (secure 0 0 0) 0x7f3f7801f030 con 0x7f3f8807de30
2024-04-25T13:10:22.683 INFO:teuthology.orchestra.run.smithi031.stdout:/usr/bin/ceph: stderr
2024-04-25T13:10:21.455+0000 7f3f8dab4700 1 -- 172.21.15.31:0/3057619197 --> [v2:172.21.15.31:3300/0,v1:172.21.15.31:6789/0] -- mon_command([{prefix=config set, name=mgr/dashboard/ssl_server_port}] v 0) -- 0x7f3f881a1c60 con 0x7f3f8807de30
2024-04-25T13:10:22.683 INFO:teuthology.orchestra.run.smithi031.stdout:/usr/bin/ceph: stderr
2024-04-25T13:10:21.458+0000 7f3f84ff9700 1 -- 172.21.15.31:0/3057619197 <== mon.0 v2:172.21.15.31:3300/0 7 ==== mon_command_ack([{prefix=config set, name=mgr/dashboard/ssl_server_port}]=0 v8)=0 v8) ==== 130+0+0 (secure 0 0 0) 0x7f3f780223b0 con 0x7f3f8807de30
2024-04-25T13:10:22.683 INFO:teuthology.orchestra.run.smithi031.stdout:/usr/bin/ceph: stderr
2024-04-25T13:10:21.460+0000 7f3f8dab4700 1 -- 172.21.15.31:0/3057619197 >> [v2:172.21.15.31:6800/3047311576,v1:172.21.15.31:6801/3047311576] conn(0x7f3f700395b0 msgr2=0x7f3f7003ba70 secure :-1 s=STATE_CONNECTION_ESTABLISHED l=1).mark_down
2024-04-25T13:10:22.683 INFO:teuthology.orchestra.run.smithi031.stdout:/usr/bin/ceph: stderr
2024-04-25T13:10:21.460+0000 7f3f8dab4700 1 --2- 172.21.15.31:0/3057619197 >> [v2:172.21.15.31:6800/3047311576,v1:172.21.15.31:6801/3047311576] conn(0x7f3f700395b0 0x7f3f7003ba70 secure :-1 s=READY pgs=15 cs=0 l=1 rev1=1 crypto rx=0x7f3f7c006fd0 tx=0x7f3f7c006e40 comp rx=0 tx=0).stop
2024-04-25T13:10:22.684 INFO:teuthology.orchestra.run.smithi031.stdout:/usr/bin/ceph: stderr
2024-04-25T13:10:21.460+0000 7f3f8dab4700 1 -- 172.21.15.31:0/3057619197 >> [v2:172.21.15.31:3300/0,v1:172.21.15.31:6789/0] conn(0x7f3f8807de30 msgr2=0x7f3f8819e5d0 secure :-1 s=STATE_CONNECTION_ESTABLISHED l=1).mark_down
2024-04-25T13:10:22.684 INFO:teuthology.orchestra.run.smithi031.stdout:/usr/bin/ceph: stderr
2024-04-25T13:10:21.460+0000 7f3f8dab4700 1 --2- 172.21.15.31:0/3057619197 >> [v2:172.21.15.31:3300/0,v1:172.21.15.31:6789/0] conn(0x7f3f8807de30 0x7f3f8819e5d0 secure :-1 s=READY pgs=50 cs=0 l=1 rev1=1 crypto rx=0x7f3f780116e0 tx=0x7f3f78011aa0 comp rx=0 tx=0).stop
2024-04-25T13:10:22.684 INFO:teuthology.orchestra.run.smithi031.stdout:/usr/bin/ceph: stderr
2024-04-25T13:10:21.461+0000 7f3f8dab4700 1 -- 172.21.15.31:0/3057619197 shutdown_connections
2024-04-25T13:10:22.684 INFO:teuthology.orchestra.run.smithi031.stdout:/usr/bin/ceph: stderr
2024-04-25T13:10:21.461+0000 7f3f8dab4700 1 --2- 172.21.15.31:0/3057619197 >> [v2:172.21.15.31:6800/3047311576,v1:172.21.15.31:6801/3047311576] conn(0x7f3f700395b0 0x7f3f7003ba70 unknown :-1 s=CLOSED pgs=15 cs=0 l=1 rev1=1 crypto rx=0 tx=0 comp rx=0 tx=0).stop
2024-04-25T13:10:22.684 INFO:teuthology.orchestra.run.smithi031.stdout:/usr/bin/ceph: stderr
2024-04-25T13:10:21.461+0000 7f3f8dab4700 1 --2- 172.21.15.31:0/3057619197 >> [v2:172.21.15.31:3300/0,v1:172.21.15.31:6789/0] conn(0x7f3f8807de30 0x7f3f8819e5d0 unknown :-1 s=CLOSED pgs=50 cs=0 l=1 rev1=1 crypto rx=0 tx=0 comp rx=0 tx=0).stop
2024-04-25T13:10:22.684 INFO:teuthology.orchestra.run.smithi031.stdout:/usr/bin/ceph: stderr
2024-04-25T13:10:21.461+0000 7f3f8dab4700 1 -- 172.21.15.31:0/3057619197 >> 172.21.15.31:0/3057619197 conn(0x7f3f88103bc0 msgr2=0x7f3f88104610 unknown :-1 s=STATE_NONE l=0).mark_down
2024-04-25T13:10:22.684 INFO:teuthology.orchestra.run.smithi031.stdout:/usr/bin/ceph: stderr
2024-04-25T13:10:21.461+0000 7f3f8dab4700 1 -- 172.21.15.31:0/3057619197 shutdown_connections
2024-04-25T13:10:22.684 INFO:teuthology.orchestra.run.smithi031.stdout:/usr/bin/ceph: stderr
2024-04-25T13:10:21.461+0000 7f3f8dab4700 1 -- 172.21.15.31:0/3057619197 wait complete.
2024-04-25T13:10:22.684 INFO:teuthology.orchestra.run.smithi031.stdout:Enabling the dashboard module...
2024-04-25T13:10:24.580 INFO:journalctl@ceph.mon.a.smithi031.stdout:Apr 25 13:10:24 smithi031 ceph-mon[29457]: from='mgr.14116 172.21.15.31:0/3147738812' entity='mgr.x'
2024-04-25T13:10:24.580 INFO:journalctl@ceph.mon.a.smithi031.stdout:Apr 25 13:10:24 smithi031 ceph-mon[29457]: from='client.? 172.21.15.31:0/2250356198' entity='client.admin' cmd=[{"prefix": "mgr module enable", "module": "dashboard"}]: dispatch
2024-04-25T13:10:24.580 INFO:journalctl@ceph.mgr.x.smithi031.stdout:Apr 25 13:10:24 smithi031 ceph-e4b023f4-0304-11ef-bc93-c7b262605968-mgr-x[29687]: ignoring --setuser ceph since I am not root
2024-04-25T13:10:24.580 INFO:journalctl@ceph.mgr.x.smithi031.stdout:Apr 25 13:10:24 smithi031 ceph-e4b023f4-0304-11ef-bc93-c7b262605968-mgr-x[29687]: ignoring --setgroup ceph since I am not root
2024-04-25T13:10:24.580 INFO:journalctl@ceph.mgr.x.smithi031.stdout:Apr 25 13:10:24 smithi031 ceph-e4b023f4-0304-11ef-bc93-c7b262605968-mgr-x[29687]:
2024-04-25T13:10:24.580+0000 7f7a1422b200 -1 mgr[py] Module balancer has missing NOTIFY_TYPES member
2024-04-25T13:10:24.885 INFO:journalctl@ceph.mgr.x.smithi031.stdout:Apr 25 13:10:24 smithi031 ceph-e4b023f4-0304-11ef-bc93-c7b262605968-mgr-x[29687]:
2024-04-25T13:10:24.777+0000 7f7a1422b200 -1 mgr[py] Module orchestrator has missing NOTIFY_TYPES member
2024-04-25T13:10:24.885 INFO:journalctl@ceph.mgr.x.smithi031.stdout:Apr 25 13:10:24 smithi031 ceph-e4b023f4-0304-11ef-bc93-c7b262605968-mgr-x[29687]:
2024-04-25T13:10:24.885+0000 7f7a1422b200 -1 mgr[py] Module snap_schedule has missing NOTIFY_TYPES member
2024-04-25T13:10:25.071 INFO:teuthology.orchestra.run.smithi031.stdout:/usr/bin/ceph: stderr
2024-04-25T13:10:23.129+0000 7f1a6d67c700 1 Processor -- start
2024-04-25T13:10:25.071 INFO:teuthology.orchestra.run.smithi031.stdout:/usr/bin/ceph: stderr
2024-04-25T13:10:23.129+0000 7f1a6d67c700 1 -- start start
2024-04-25T13:10:25.071 INFO:teuthology.orchestra.run.smithi031.stdout:/usr/bin/ceph: stderr
2024-04-25T13:10:23.129+0000 7f1a6d67c700 1 --2- >> [v2:172.21.15.31:3300/0,v1:172.21.15.31:6789/0] conn(0x7f1a68109050 0x7f1a6810b440 unknown :-1 s=NONE pgs=0 cs=0 l=0 rev1=0 crypto rx=0 tx=0 comp rx=0 tx=0).connect
2024-04-25T13:10:25.071 INFO:teuthology.orchestra.run.smithi031.stdout:/usr/bin/ceph: stderr
2024-04-25T13:10:23.129+0000 7f1a6d67c700 1 -- --> [v2:172.21.15.31:3300/0,v1:172.21.15.31:6789/0] -- mon_getmap magic: 0 -- 0x7f1a6807be50 con 0x7f1a68109050
2024-04-25T13:10:25.071 INFO:teuthology.orchestra.run.smithi031.stdout:/usr/bin/ceph: stderr
2024-04-25T13:10:23.129+0000 7f1a66ffd700 1 --2- >> [v2:172.21.15.31:3300/0,v1:172.21.15.31:6789/0] conn(0x7f1a68109050 0x7f1a6810b440 unknown :-1 s=BANNER_CONNECTING pgs=0 cs=0 l=0 rev1=0 crypto rx=0 tx=0 comp rx=0 tx=0)._handle_peer_banner_payload supported=3 required=0
2024-04-25T13:10:25.071 INFO:teuthology.orchestra.run.smithi031.stdout:/usr/bin/ceph: stderr
2024-04-25T13:10:23.129+0000 7f1a66ffd700 1 --2- >> [v2:172.21.15.31:3300/0,v1:172.21.15.31:6789/0] conn(0x7f1a68109050 0x7f1a6810b440 unknown :-1 s=HELLO_CONNECTING pgs=0 cs=0 l=0 rev1=1 crypto rx=0 tx=0 comp rx=0 tx=0).handle_hello peer v2:172.21.15.31:3300/0 says I am v2:172.21.15.31:39658/0 (socket says 172.21.15.31:39658)
2024-04-25T13:10:25.071 INFO:teuthology.orchestra.run.smithi031.stdout:/usr/bin/ceph: stderr
2024-04-25T13:10:23.129+0000 7f1a66ffd700 1 -- 172.21.15.31:0/3190091132 learned_addr learned my addr 172.21.15.31:0/3190091132 (peer_addr_for_me v2:172.21.15.31:0/0)
2024-04-25T13:10:25.071 INFO:teuthology.orchestra.run.smithi031.stdout:/usr/bin/ceph: stderr
2024-04-25T13:10:23.130+0000 7f1a66ffd700 1 -- 172.21.15.31:0/3190091132 --> [v2:172.21.15.31:3300/0,v1:172.21.15.31:6789/0] -- mon_subscribe({config=0+,monmap=0+}) -- 0x7f1a6810b980 con 0x7f1a68109050
2024-04-25T13:10:25.071 INFO:teuthology.orchestra.run.smithi031.stdout:/usr/bin/ceph: stderr
2024-04-25T13:10:23.130+0000 7f1a66ffd700 1 --2- 172.21.15.31:0/3190091132 >> [v2:172.21.15.31:3300/0,v1:172.21.15.31:6789/0] conn(0x7f1a68109050 0x7f1a6810b440 secure :-1 s=READY pgs=51 cs=0 l=1 rev1=1 crypto rx=0x7f1a5c0098a0 tx=0x7f1a5c009bb0 comp rx=0 tx=0).ready entity=mon.0 client_cookie=1cad70d18ade3020 server_cookie=0 in_seq=0 out_seq=0
2024-04-25T13:10:25.071 INFO:teuthology.orchestra.run.smithi031.stdout:/usr/bin/ceph: stderr
2024-04-25T13:10:23.130+0000 7f1a65ffb700 1 -- 172.21.15.31:0/3190091132 <== mon.0 v2:172.21.15.31:3300/0 1 ==== mon_map magic: 0 ==== 205+0+0 (secure 0 0 0) 0x7f1a5c004160 con 0x7f1a68109050
2024-04-25T13:10:25.072 INFO:teuthology.orchestra.run.smithi031.stdout:/usr/bin/ceph: stderr
2024-04-25T13:10:23.130+0000 7f1a65ffb700 1 -- 172.21.15.31:0/3190091132 <== mon.0 v2:172.21.15.31:3300/0 2 ==== config(26 keys) ==== 1101+0+0 (secure 0 0 0) 0x7f1a5c004300 con 0x7f1a68109050
2024-04-25T13:10:25.072 INFO:teuthology.orchestra.run.smithi031.stdout:/usr/bin/ceph: stderr
2024-04-25T13:10:23.130+0000 7f1a65ffb700 1 -- 172.21.15.31:0/3190091132 <== mon.0 v2:172.21.15.31:3300/0 3 ==== mon_map magic: 0 ==== 205+0+0 (secure 0 0 0) 0x7f1a5c011a20 con 0x7f1a68109050
2024-04-25T13:10:25.072 INFO:teuthology.orchestra.run.smithi031.stdout:/usr/bin/ceph: stderr
2024-04-25T13:10:23.131+0000 7f1a6d67c700 1 -- 172.21.15.31:0/3190091132 >> [v2:172.21.15.31:3300/0,v1:172.21.15.31:6789/0] conn(0x7f1a68109050 msgr2=0x7f1a6810b440 secure :-1 s=STATE_CONNECTION_ESTABLISHED l=1).mark_down
2024-04-25T13:10:25.072 INFO:teuthology.orchestra.run.smithi031.stdout:/usr/bin/ceph: stderr
2024-04-25T13:10:23.131+0000 7f1a6d67c700 1 --2- 172.21.15.31:0/3190091132 >> [v2:172.21.15.31:3300/0,v1:172.21.15.31:6789/0] conn(0x7f1a68109050 0x7f1a6810b440 secure :-1 s=READY pgs=51 cs=0 l=1 rev1=1 crypto rx=0x7f1a5c0098a0 tx=0x7f1a5c009bb0 comp rx=0 tx=0).stop
2024-04-25T13:10:25.072 INFO:teuthology.orchestra.run.smithi031.stdout:/usr/bin/ceph: stderr
2024-04-25T13:10:23.131+0000 7f1a6d67c700 1 -- 172.21.15.31:0/3190091132 shutdown_connections
2024-04-25T13:10:25.072 INFO:teuthology.orchestra.run.smithi031.stdout:/usr/bin/ceph: stderr
2024-04-25T13:10:23.131+0000 7f1a6d67c700 1 --2- 172.21.15.31:0/3190091132 >> [v2:172.21.15.31:3300/0,v1:172.21.15.31:6789/0] conn(0x7f1a68109050 0x7f1a6810b440 unknown :-1 s=CLOSED pgs=51 cs=0 l=1 rev1=1 crypto rx=0 tx=0 comp rx=0 tx=0).stop
2024-04-25T13:10:25.072 INFO:teuthology.orchestra.run.smithi031.stdout:/usr/bin/ceph: stderr
2024-04-25T13:10:23.131+0000 7f1a6d67c700 1 -- 172.21.15.31:0/3190091132 >> 172.21.15.31:0/3190091132 conn(0x7f1a68102a60 msgr2=0x7f1a68104e80 unknown :-1 s=STATE_NONE l=0).mark_down
2024-04-25T13:10:25.072 INFO:teuthology.orchestra.run.smithi031.stdout:/usr/bin/ceph: stderr
2024-04-25T13:10:23.131+0000 7f1a6d67c700 1 -- 172.21.15.31:0/3190091132 shutdown_connections
2024-04-25T13:10:25.072 INFO:teuthology.orchestra.run.smithi031.stdout:/usr/bin/ceph: stderr
2024-04-25T13:10:23.131+0000 7f1a6d67c700 1 -- 172.21.15.31:0/3190091132 wait complete.
2024-04-25T13:10:25.072 INFO:teuthology.orchestra.run.smithi031.stdout:/usr/bin/ceph: stderr
2024-04-25T13:10:23.132+0000 7f1a6d67c700 1 Processor -- start
2024-04-25T13:10:25.072 INFO:teuthology.orchestra.run.smithi031.stdout:/usr/bin/ceph: stderr
2024-04-25T13:10:23.132+0000 7f1a6d67c700 1 -- start start
2024-04-25T13:10:25.072 INFO:teuthology.orchestra.run.smithi031.stdout:/usr/bin/ceph: stderr
2024-04-25T13:10:23.132+0000 7f1a6d67c700 1 --2- >> [v2:172.21.15.31:3300/0,v1:172.21.15.31:6789/0] conn(0x7f1a68109050 0x7f1a681088d0 unknown :-1 s=NONE pgs=0 cs=0 l=1 rev1=0 crypto rx=0 tx=0 comp rx=0 tx=0).connect
2024-04-25T13:10:25.072 INFO:teuthology.orchestra.run.smithi031.stdout:/usr/bin/ceph: stderr
2024-04-25T13:10:23.132+0000 7f1a6d67c700 1 -- --> [v2:172.21.15.31:3300/0,v1:172.21.15.31:6789/0] -- mon_getmap magic: 0 -- 0x7f1a6810c980 con 0x7f1a68109050
2024-04-25T13:10:25.072 INFO:teuthology.orchestra.run.smithi031.stdout:/usr/bin/ceph: stderr
2024-04-25T13:10:23.132+0000 7f1a66ffd700 1 --2- >> [v2:172.21.15.31:3300/0,v1:172.21.15.31:6789/0] conn(0x7f1a68109050 0x7f1a681088d0 unknown :-1 s=BANNER_CONNECTING pgs=0 cs=0 l=1 rev1=0 crypto rx=0 tx=0 comp rx=0 tx=0)._handle_peer_banner_payload supported=3 required=0
2024-04-25T13:10:25.073 INFO:teuthology.orchestra.run.smithi031.stdout:/usr/bin/ceph: stderr
2024-04-25T13:10:23.132+0000 7f1a66ffd700 1 --2- >> [v2:172.21.15.31:3300/0,v1:172.21.15.31:6789/0] conn(0x7f1a68109050 0x7f1a681088d0 unknown :-1 s=HELLO_CONNECTING pgs=0 cs=0 l=1 rev1=1 crypto rx=0 tx=0 comp rx=0 tx=0).handle_hello peer v2:172.21.15.31:3300/0 says I am v2:172.21.15.31:39668/0 (socket says 172.21.15.31:39668)
2024-04-25T13:10:25.073 INFO:teuthology.orchestra.run.smithi031.stdout:/usr/bin/ceph: stderr
2024-04-25T13:10:23.132+0000 7f1a66ffd700 1 -- 172.21.15.31:0/2250356198 learned_addr learned my addr 172.21.15.31:0/2250356198 (peer_addr_for_me v2:172.21.15.31:0/0)
2024-04-25T13:10:25.073 INFO:teuthology.orchestra.run.smithi031.stdout:/usr/bin/ceph: stderr
2024-04-25T13:10:23.133+0000 7f1a66ffd700 1 -- 172.21.15.31:0/2250356198 --> [v2:172.21.15.31:3300/0,v1:172.21.15.31:6789/0] -- mon_subscribe({config=0+,monmap=0+}) -- 0x7f1a68108e10 con 0x7f1a68109050
2024-04-25T13:10:25.073 INFO:teuthology.orchestra.run.smithi031.stdout:/usr/bin/ceph: stderr
2024-04-25T13:10:23.133+0000 7f1a66ffd700 1 --2- 172.21.15.31:0/2250356198 >> [v2:172.21.15.31:3300/0,v1:172.21.15.31:6789/0] conn(0x7f1a68109050 0x7f1a681088d0 secure :-1 s=READY pgs=52 cs=0 l=1 rev1=1 crypto rx=0x7f1a5c000c00 tx=0x7f1a5c011aa0 comp rx=0 tx=0).ready entity=mon.0 client_cookie=0 server_cookie=0 in_seq=0 out_seq=0
2024-04-25T13:10:25.073 INFO:teuthology.orchestra.run.smithi031.stdout:/usr/bin/ceph: stderr
2024-04-25T13:10:23.133+0000 7f1a4ffff700 1 -- 172.21.15.31:0/2250356198 <== mon.0 v2:172.21.15.31:3300/0 1 ==== mon_map magic: 0 ==== 205+0+0 (secure 0 0 0) 0x7f1a5c003aa0 con 0x7f1a68109050
2024-04-25T13:10:25.073 INFO:teuthology.orchestra.run.smithi031.stdout:/usr/bin/ceph: stderr
2024-04-25T13:10:23.133+0000 7f1a4ffff700 1 -- 172.21.15.31:0/2250356198 <== mon.0 v2:172.21.15.31:3300/0 2 ==== config(26 keys) ==== 1101+0+0 (secure 0 0 0) 0x7f1a5c01b8f0 con 0x7f1a68109050
2024-04-25T13:10:25.073 INFO:teuthology.orchestra.run.smithi031.stdout:/usr/bin/ceph: stderr
2024-04-25T13:10:23.133+0000 7f1a6d67c700 1 -- 172.21.15.31:0/2250356198 --> [v2:172.21.15.31:3300/0,v1:172.21.15.31:6789/0] -- mon_subscribe({mgrmap=0+}) -- 0x7f1a68107000 con 0x7f1a68109050
2024-04-25T13:10:25.073 INFO:teuthology.orchestra.run.smithi031.stdout:/usr/bin/ceph: stderr
2024-04-25T13:10:23.133+0000 7f1a4ffff700 1 -- 172.21.15.31:0/2250356198 <== mon.0 v2:172.21.15.31:3300/0 3 ==== mon_map magic: 0 ==== 205+0+0 (secure 0 0 0) 0x7f1a5c023870 con 0x7f1a68109050
2024-04-25T13:10:25.073 INFO:teuthology.orchestra.run.smithi031.stdout:/usr/bin/ceph: stderr
2024-04-25T13:10:23.133+0000 7f1a6d67c700 1 -- 172.21.15.31:0/2250356198 --> [v2:172.21.15.31:3300/0,v1:172.21.15.31:6789/0] -- mon_subscribe({osdmap=0}) -- 0x7f1a68107540 con 0x7f1a68109050
2024-04-25T13:10:25.073 INFO:teuthology.orchestra.run.smithi031.stdout:/usr/bin/ceph: stderr
2024-04-25T13:10:23.134+0000 7f1a6d67c700 1 -- 172.21.15.31:0/2250356198 --> [v2:172.21.15.31:3300/0,v1:172.21.15.31:6789/0] -- mon_command({"prefix": "get_command_descriptions"} v 0) -- 0x7f1a680640a0 con 0x7f1a68109050
2024-04-25T13:10:25.073 INFO:teuthology.orchestra.run.smithi031.stdout:/usr/bin/ceph: stderr
2024-04-25T13:10:23.134+0000 7f1a4ffff700 1 -- 172.21.15.31:0/2250356198 <== mon.0 v2:172.21.15.31:3300/0 4 ==== mgrmap(e 8) ==== 46558+0+0 (secure 0 0 0) 0x7f1a5c023b70 con 0x7f1a68109050
2024-04-25T13:10:25.073 INFO:teuthology.orchestra.run.smithi031.stdout:/usr/bin/ceph: stderr
2024-04-25T13:10:23.134+0000 7f1a4ffff700 1 --2- 172.21.15.31:0/2250356198 >> [v2:172.21.15.31:6800/3047311576,v1:172.21.15.31:6801/3047311576] conn(0x7f1a500395b0 0x7f1a5003ba70 unknown :-1 s=NONE pgs=0 cs=0 l=1 rev1=0 crypto rx=0 tx=0 comp rx=0 tx=0).connect
2024-04-25T13:10:25.073 INFO:teuthology.orchestra.run.smithi031.stdout:/usr/bin/ceph: stderr
2024-04-25T13:10:23.134+0000 7f1a4ffff700 1 -- 172.21.15.31:0/2250356198 <== mon.0 v2:172.21.15.31:3300/0 5 ==== osd_map(2..2 src has 1..2) ==== 940+0+0 (secure 0 0 0) 0x7f1a5c04de80 con 0x7f1a68109050
2024-04-25T13:10:25.073 INFO:teuthology.orchestra.run.smithi031.stdout:/usr/bin/ceph: stderr
2024-04-25T13:10:23.135+0000 7f1a667fc700 1 --2- 172.21.15.31:0/2250356198 >> [v2:172.21.15.31:6800/3047311576,v1:172.21.15.31:6801/3047311576] conn(0x7f1a500395b0 0x7f1a5003ba70 unknown :-1 s=BANNER_CONNECTING pgs=0 cs=0 l=1 rev1=0 crypto rx=0 tx=0 comp rx=0 tx=0)._handle_peer_banner_payload supported=3 required=0
2024-04-25T13:10:25.074 INFO:teuthology.orchestra.run.smithi031.stdout:/usr/bin/ceph: stderr
2024-04-25T13:10:23.135+0000 7f1a667fc700 1 --2- 172.21.15.31:0/2250356198 >> [v2:172.21.15.31:6800/3047311576,v1:172.21.15.31:6801/3047311576] conn(0x7f1a500395b0 0x7f1a5003ba70 secure :-1 s=READY pgs=16 cs=0 l=1 rev1=1 crypto rx=0x7f1a58006fd0 tx=0x7f1a58006e40 comp rx=0 tx=0).ready entity=mgr.14116 client_cookie=0 server_cookie=0 in_seq=0 out_seq=0
2024-04-25T13:10:25.074 INFO:teuthology.orchestra.run.smithi031.stdout:/usr/bin/ceph: stderr
2024-04-25T13:10:23.139+0000 7f1a4ffff700 1 -- 172.21.15.31:0/2250356198 <== mon.0 v2:172.21.15.31:3300/0 6 ==== mon_command_ack([{"prefix": "get_command_descriptions"}]=0 v0) ==== 72+0+188370 (secure 0 0 0) 0x7f1a5c01f030 con 0x7f1a68109050
2024-04-25T13:10:25.074 INFO:teuthology.orchestra.run.smithi031.stdout:/usr/bin/ceph: stderr
2024-04-25T13:10:23.411+0000 7f1a6d67c700 1 -- 172.21.15.31:0/2250356198 --> [v2:172.21.15.31:3300/0,v1:172.21.15.31:6789/0] -- mon_command({"prefix": "mgr module enable", "module": "dashboard"} v 0) -- 0x7f1a68107e20 con 0x7f1a68109050
2024-04-25T13:10:25.074 INFO:teuthology.orchestra.run.smithi031.stdout:/usr/bin/ceph: stderr
2024-04-25T13:10:24.395+0000 7f1a4ffff700 1 -- 172.21.15.31:0/2250356198 <== mon.0 v2:172.21.15.31:3300/0 7 ==== mon_command_ack([{"prefix": "mgr module enable", "module": "dashboard"}]=0 v9) ==== 88+0+0 (secure 0 0 0) 0x7f1a5c016260 con 0x7f1a68109050
2024-04-25T13:10:25.074 INFO:teuthology.orchestra.run.smithi031.stdout:/usr/bin/ceph: stderr
2024-04-25T13:10:24.398+0000 7f1a4ffff700 1 -- 172.21.15.31:0/2250356198 <== mon.0 v2:172.21.15.31:3300/0 8 ==== mgrmap(e 9) ==== 46571+0+0 (secure 0 0 0) 0x7f1a5c02c720 con 0x7f1a68109050
2024-04-25T13:10:25.074 INFO:teuthology.orchestra.run.smithi031.stdout:/usr/bin/ceph: stderr
2024-04-25T13:10:24.399+0000 7f1a6d67c700 1 -- 172.21.15.31:0/2250356198 >> [v2:172.21.15.31:6800/3047311576,v1:172.21.15.31:6801/3047311576] conn(0x7f1a500395b0 msgr2=0x7f1a5003ba70 secure :-1 s=STATE_CONNECTION_ESTABLISHED l=1).mark_down
2024-04-25T13:10:25.074 INFO:teuthology.orchestra.run.smithi031.stdout:/usr/bin/ceph: stderr
2024-04-25T13:10:24.399+0000 7f1a6d67c700 1 --2- 172.21.15.31:0/2250356198 >> [v2:172.21.15.31:6800/3047311576,v1:172.21.15.31:6801/3047311576] conn(0x7f1a500395b0 0x7f1a5003ba70 secure :-1 s=READY pgs=16 cs=0 l=1 rev1=1 crypto rx=0x7f1a58006fd0 tx=0x7f1a58006e40 comp rx=0 tx=0).stop
2024-04-25T13:10:25.074 INFO:teuthology.orchestra.run.smithi031.stdout:/usr/bin/ceph: stderr
2024-04-25T13:10:24.399+0000 7f1a6d67c700 1 -- 172.21.15.31:0/2250356198 >> [v2:172.21.15.31:3300/0,v1:172.21.15.31:6789/0] conn(0x7f1a68109050 msgr2=0x7f1a681088d0 secure :-1 s=STATE_CONNECTION_ESTABLISHED l=1).mark_down
2024-04-25T13:10:25.074 INFO:teuthology.orchestra.run.smithi031.stdout:/usr/bin/ceph: stderr
2024-04-25T13:10:24.399+0000 7f1a6d67c700 1 --2- 172.21.15.31:0/2250356198 >> [v2:172.21.15.31:3300/0,v1:172.21.15.31:6789/0] conn(0x7f1a68109050 0x7f1a681088d0 secure :-1 s=READY pgs=52 cs=0 l=1 rev1=1 crypto rx=0x7f1a5c000c00 tx=0x7f1a5c011aa0 comp rx=0 tx=0).stop
2024-04-25T13:10:25.074 INFO:teuthology.orchestra.run.smithi031.stdout:/usr/bin/ceph: stderr
2024-04-25T13:10:24.400+0000 7f1a6d67c700 1 -- 172.21.15.31:0/2250356198 shutdown_connections
2024-04-25T13:10:25.074 INFO:teuthology.orchestra.run.smithi031.stdout:/usr/bin/ceph: stderr
2024-04-25T13:10:24.400+0000 7f1a6d67c700 1 --2- 172.21.15.31:0/2250356198 >> [v2:172.21.15.31:6800/3047311576,v1:172.21.15.31:6801/3047311576] conn(0x7f1a500395b0 0x7f1a5003ba70 unknown :-1 s=CLOSED pgs=16 cs=0 l=1 rev1=1 crypto rx=0 tx=0 comp rx=0 tx=0).stop
2024-04-25T13:10:25.074 INFO:teuthology.orchestra.run.smithi031.stdout:/usr/bin/ceph: stderr
2024-04-25T13:10:24.400+0000 7f1a6d67c700 1 --2- 172.21.15.31:0/2250356198 >> [v2:172.21.15.31:3300/0,v1:172.21.15.31:6789/0] conn(0x7f1a68109050 0x7f1a681088d0 unknown :-1 s=CLOSED pgs=52 cs=0 l=1 rev1=1 crypto rx=0 tx=0 comp rx=0 tx=0).stop
2024-04-25T13:10:25.074 INFO:teuthology.orchestra.run.smithi031.stdout:/usr/bin/ceph: stderr
2024-04-25T13:10:24.400+0000 7f1a6d67c700 1 -- 172.21.15.31:0/2250356198 >> 172.21.15.31:0/2250356198 conn(0x7f1a68102a60 msgr2=0x7f1a68103500 unknown :-1 s=STATE_NONE l=0).mark_down
2024-04-25T13:10:25.075 INFO:teuthology.orchestra.run.smithi031.stdout:/usr/bin/ceph: stderr
2024-04-25T13:10:24.400+0000 7f1a6d67c700 1 -- 172.21.15.31:0/2250356198 shutdown_connections
2024-04-25T13:10:25.075 INFO:teuthology.orchestra.run.smithi031.stdout:/usr/bin/ceph: stderr
2024-04-25T13:10:24.400+0000 7f1a6d67c700 1 -- 172.21.15.31:0/2250356198 wait complete.
2024-04-25T13:10:25.415 INFO:journalctl@ceph.mon.a.smithi031.stdout:Apr 25 13:10:25 smithi031 ceph-mon[29457]: from='client.? 172.21.15.31:0/2250356198' entity='client.admin' cmd='[{"prefix": "mgr module enable", "module": "dashboard"}]': finished
2024-04-25T13:10:25.415 INFO:journalctl@ceph.mon.a.smithi031.stdout:Apr 25 13:10:25 smithi031 ceph-mon[29457]: mgrmap e9: x(active, since 20s)
2024-04-25T13:10:25.415 INFO:journalctl@ceph.mgr.x.smithi031.stdout:Apr 25 13:10:25 smithi031 ceph-e4b023f4-0304-11ef-bc93-c7b262605968-mgr-x[29687]:
2024-04-25T13:10:25.218+0000 7f7a1422b200 -1 mgr[py] Module progress has missing NOTIFY_TYPES member
2024-04-25T13:10:25.416 INFO:journalctl@ceph.mgr.x.smithi031.stdout:Apr 25 13:10:25 smithi031 ceph-e4b023f4-0304-11ef-bc93-c7b262605968-mgr-x[29687]:
2024-04-25T13:10:25.307+0000 7f7a1422b200 -1 mgr[py] Module influx has missing NOTIFY_TYPES member
2024-04-25T13:10:26.721 INFO:journalctl@ceph.mon.a.smithi031.stdout:Apr 25 13:10:26 smithi031 ceph-mon[29457]: from='client.? 172.21.15.31:0/1469709831' entity='client.admin' cmd=[{"prefix": "mgr stat"}]: dispatch
2024-04-25T13:10:26.721 INFO:journalctl@ceph.mgr.x.smithi031.stdout:Apr 25 13:10:26 smithi031 ceph-e4b023f4-0304-11ef-bc93-c7b262605968-mgr-x[29687]:
2024-04-25T13:10:26.619+0000 7f7a1422b200 -1 mgr[py] Module telegraf has missing NOTIFY_TYPES member
2024-04-25T13:10:26.732 INFO:teuthology.orchestra.run.smithi031.stdout:/usr/bin/ceph: stdout {
2024-04-25T13:10:26.732 INFO:teuthology.orchestra.run.smithi031.stdout:/usr/bin/ceph: stdout "epoch": 9,
2024-04-25T13:10:26.732 INFO:teuthology.orchestra.run.smithi031.stdout:/usr/bin/ceph: stdout "available": true,
2024-04-25T13:10:26.733 INFO:teuthology.orchestra.run.smithi031.stdout:/usr/bin/ceph: stdout "active_name": "x",
2024-04-25T13:10:26.733 INFO:teuthology.orchestra.run.smithi031.stdout:/usr/bin/ceph: stdout "num_standby": 0
2024-04-25T13:10:26.733 INFO:teuthology.orchestra.run.smithi031.stdout:/usr/bin/ceph: stdout }
2024-04-25T13:10:26.733 INFO:teuthology.orchestra.run.smithi031.stdout:/usr/bin/ceph: stderr
2024-04-25T13:10:25.832+0000 7f634a7b9700 1 Processor -- start
2024-04-25T13:10:26.733 INFO:teuthology.orchestra.run.smithi031.stdout:/usr/bin/ceph: stderr
2024-04-25T13:10:25.832+0000 7f634a7b9700 1 -- start start
2024-04-25T13:10:26.733 INFO:teuthology.orchestra.run.smithi031.stdout:/usr/bin/ceph: stderr
2024-04-25T13:10:25.832+0000 7f634a7b9700 1 --2- >> [v2:172.21.15.31:3300/0,v1:172.21.15.31:6789/0] conn(0x7f6344109040 0x7f634410b430 unknown :-1 s=NONE pgs=0 cs=0 l=0 rev1=0 crypto rx=0 tx=0 comp rx=0 tx=0).connect
2024-04-25T13:10:26.733 INFO:teuthology.orchestra.run.smithi031.stdout:/usr/bin/ceph: stderr
2024-04-25T13:10:25.832+0000 7f634a7b9700 1 -- --> [v2:172.21.15.31:3300/0,v1:172.21.15.31:6789/0] -- mon_getmap magic: 0 -- 0x7f634407be90 con 0x7f6344109040
2024-04-25T13:10:26.733 INFO:teuthology.orchestra.run.smithi031.stdout:/usr/bin/ceph: stderr
2024-04-25T13:10:25.833+0000 7f6343fff700 1 --2- >> [v2:172.21.15.31:3300/0,v1:172.21.15.31:6789/0] conn(0x7f6344109040 0x7f634410b430 unknown :-1 s=BANNER_CONNECTING pgs=0 cs=0 l=0 rev1=0 crypto rx=0 tx=0 comp rx=0 tx=0)._handle_peer_banner_payload supported=3 required=0
2024-04-25T13:10:26.733 INFO:teuthology.orchestra.run.smithi031.stdout:/usr/bin/ceph: stderr
2024-04-25T13:10:25.833+0000 7f6343fff700 1 --2- >> [v2:172.21.15.31:3300/0,v1:172.21.15.31:6789/0] conn(0x7f6344109040 0x7f634410b430 unknown :-1 s=HELLO_CONNECTING pgs=0 cs=0 l=0 rev1=1 crypto rx=0 tx=0 comp rx=0 tx=0).handle_hello peer v2:172.21.15.31:3300/0 says I am v2:172.21.15.31:39694/0 (socket says 172.21.15.31:39694)
2024-04-25T13:10:26.733 INFO:teuthology.orchestra.run.smithi031.stdout:/usr/bin/ceph: stderr
2024-04-25T13:10:25.833+0000 7f6343fff700 1 -- 172.21.15.31:0/4152834514 learned_addr learned my addr 172.21.15.31:0/4152834514 (peer_addr_for_me v2:172.21.15.31:0/0)
2024-04-25T13:10:26.733 INFO:teuthology.orchestra.run.smithi031.stdout:/usr/bin/ceph: stderr
2024-04-25T13:10:25.833+0000 7f6343fff700 1 -- 172.21.15.31:0/4152834514 --> [v2:172.21.15.31:3300/0,v1:172.21.15.31:6789/0] -- mon_subscribe({config=0+,monmap=0+}) -- 0x7f634410b970 con 0x7f6344109040
2024-04-25T13:10:26.733 INFO:teuthology.orchestra.run.smithi031.stdout:/usr/bin/ceph: stderr
2024-04-25T13:10:25.833+0000 7f6343fff700 1 --2- 172.21.15.31:0/4152834514 >> [v2:172.21.15.31:3300/0,v1:172.21.15.31:6789/0] conn(0x7f6344109040 0x7f634410b430 secure :-1 s=READY pgs=55 cs=0 l=1 rev1=1 crypto rx=0x7f63340098a0 tx=0x7f6334009bb0 comp rx=0 tx=0).ready entity=mon.0 client_cookie=25e6d30a12b7c911 server_cookie=0 in_seq=0 out_seq=0
2024-04-25T13:10:26.733 INFO:teuthology.orchestra.run.smithi031.stdout:/usr/bin/ceph: stderr
2024-04-25T13:10:25.833+0000 7f6342ffd700 1 -- 172.21.15.31:0/4152834514 <== mon.0 v2:172.21.15.31:3300/0 1 ==== mon_map magic: 0 ==== 205+0+0 (secure 0 0 0) 0x7f6334004160 con 0x7f6344109040
2024-04-25T13:10:26.734 INFO:teuthology.orchestra.run.smithi031.stdout:/usr/bin/ceph: stderr
2024-04-25T13:10:25.833+0000 7f6342ffd700 1 -- 172.21.15.31:0/4152834514 <== mon.0 v2:172.21.15.31:3300/0 2 ==== config(26 keys) ==== 1101+0+0 (secure 0 0 0) 0x7f6334004300 con 0x7f6344109040
2024-04-25T13:10:26.734 INFO:teuthology.orchestra.run.smithi031.stdout:/usr/bin/ceph: stderr
2024-04-25T13:10:25.833+0000 7f6342ffd700 1 -- 172.21.15.31:0/4152834514 <== mon.0 v2:172.21.15.31:3300/0 3 ==== mon_map magic: 0 ==== 205+0+0 (secure 0 0 0) 0x7f6334011a20 con 0x7f6344109040
2024-04-25T13:10:26.734 INFO:teuthology.orchestra.run.smithi031.stdout:/usr/bin/ceph: stderr
2024-04-25T13:10:25.834+0000 7f634a7b9700 1 -- 172.21.15.31:0/4152834514 >> [v2:172.21.15.31:3300/0,v1:172.21.15.31:6789/0] conn(0x7f6344109040 msgr2=0x7f634410b430 secure :-1 s=STATE_CONNECTION_ESTABLISHED l=1).mark_down
2024-04-25T13:10:26.734 INFO:teuthology.orchestra.run.smithi031.stdout:/usr/bin/ceph: stderr
2024-04-25T13:10:25.834+0000 7f634a7b9700 1 --2- 172.21.15.31:0/4152834514 >> [v2:172.21.15.31:3300/0,v1:172.21.15.31:6789/0] conn(0x7f6344109040 0x7f634410b430 secure :-1 s=READY pgs=55 cs=0 l=1 rev1=1 crypto rx=0x7f63340098a0 tx=0x7f6334009bb0 comp rx=0 tx=0).stop
2024-04-25T13:10:26.734 INFO:teuthology.orchestra.run.smithi031.stdout:/usr/bin/ceph: stderr
2024-04-25T13:10:25.834+0000 7f634a7b9700 1 -- 172.21.15.31:0/4152834514 shutdown_connections
2024-04-25T13:10:26.734 INFO:teuthology.orchestra.run.smithi031.stdout:/usr/bin/ceph: stderr
2024-04-25T13:10:25.834+0000 7f634a7b9700 1 --2- 172.21.15.31:0/4152834514 >> [v2:172.21.15.31:3300/0,v1:172.21.15.31:6789/0] conn(0x7f6344109040 0x7f634410b430 unknown :-1 s=CLOSED pgs=55 cs=0 l=1 rev1=1 crypto rx=0 tx=0 comp rx=0 tx=0).stop
2024-04-25T13:10:26.734 INFO:teuthology.orchestra.run.smithi031.stdout:/usr/bin/ceph: stderr
2024-04-25T13:10:25.834+0000 7f634a7b9700 1 -- 172.21.15.31:0/4152834514 >> 172.21.15.31:0/4152834514 conn(0x7f6344102ad0 msgr2=0x7f6344104ef0 unknown :-1 s=STATE_NONE l=0).mark_down
2024-04-25T13:10:26.734 INFO:teuthology.orchestra.run.smithi031.stdout:/usr/bin/ceph: stderr
2024-04-25T13:10:25.834+0000 7f634a7b9700 1 -- 172.21.15.31:0/4152834514 shutdown_connections
2024-04-25T13:10:26.734 INFO:teuthology.orchestra.run.smithi031.stdout:/usr/bin/ceph: stderr
2024-04-25T13:10:25.834+0000 7f634a7b9700 1 -- 172.21.15.31:0/4152834514 wait complete.
2024-04-25T13:10:26.734 INFO:teuthology.orchestra.run.smithi031.stdout:/usr/bin/ceph: stderr
2024-04-25T13:10:25.835+0000 7f634a7b9700 1 Processor -- start
2024-04-25T13:10:26.734 INFO:teuthology.orchestra.run.smithi031.stdout:/usr/bin/ceph: stderr
2024-04-25T13:10:25.835+0000 7f634a7b9700 1 -- start start
2024-04-25T13:10:26.734 INFO:teuthology.orchestra.run.smithi031.stdout:/usr/bin/ceph: stderr
2024-04-25T13:10:25.835+0000 7f634a7b9700 1 --2- >> [v2:172.21.15.31:3300/0,v1:172.21.15.31:6789/0] conn(0x7f6344109040 0x7f634419c430 unknown :-1 s=NONE pgs=0 cs=0 l=1 rev1=0 crypto rx=0 tx=0 comp rx=0 tx=0).connect
2024-04-25T13:10:26.734 INFO:teuthology.orchestra.run.smithi031.stdout:/usr/bin/ceph: stderr
2024-04-25T13:10:25.835+0000 7f634a7b9700 1 -- --> [v2:172.21.15.31:3300/0,v1:172.21.15.31:6789/0] -- mon_getmap magic: 0 -- 0x7f634410c980 con 0x7f6344109040
2024-04-25T13:10:26.734 INFO:teuthology.orchestra.run.smithi031.stdout:/usr/bin/ceph: stderr
2024-04-25T13:10:25.835+0000 7f6343fff700 1 --2- >> [v2:172.21.15.31:3300/0,v1:172.21.15.31:6789/0] conn(0x7f6344109040 0x7f634419c430 unknown :-1 s=BANNER_CONNECTING pgs=0 cs=0 l=1 rev1=0 crypto rx=0 tx=0 comp rx=0 tx=0)._handle_peer_banner_payload supported=3 required=0
2024-04-25T13:10:26.735 INFO:teuthology.orchestra.run.smithi031.stdout:/usr/bin/ceph: stderr
2024-04-25T13:10:25.835+0000 7f6343fff700 1 --2- >> [v2:172.21.15.31:3300/0,v1:172.21.15.31:6789/0] conn(0x7f6344109040 0x7f634419c430 unknown :-1 s=HELLO_CONNECTING pgs=0 cs=0 l=1 rev1=1 crypto rx=0 tx=0 comp rx=0 tx=0).handle_hello peer v2:172.21.15.31:3300/0 says I am v2:172.21.15.31:39706/0 (socket says 172.21.15.31:39706)
2024-04-25T13:10:26.735 INFO:teuthology.orchestra.run.smithi031.stdout:/usr/bin/ceph: stderr
2024-04-25T13:10:25.835+0000 7f6343fff700 1 -- 172.21.15.31:0/1469709831 learned_addr learned my addr 172.21.15.31:0/1469709831 (peer_addr_for_me v2:172.21.15.31:0/0)
2024-04-25T13:10:26.735 INFO:teuthology.orchestra.run.smithi031.stdout:/usr/bin/ceph: stderr
2024-04-25T13:10:25.836+0000 7f6343fff700 1 -- 172.21.15.31:0/1469709831 --> [v2:172.21.15.31:3300/0,v1:172.21.15.31:6789/0] -- mon_subscribe({config=0+,monmap=0+}) -- 0x7f634419c970 con 0x7f6344109040
2024-04-25T13:10:26.735 INFO:teuthology.orchestra.run.smithi031.stdout:/usr/bin/ceph: stderr
2024-04-25T13:10:25.836+0000 7f6343fff700 1 --2- 172.21.15.31:0/1469709831 >> [v2:172.21.15.31:3300/0,v1:172.21.15.31:6789/0] conn(0x7f6344109040 0x7f634419c430 secure :-1 s=READY pgs=56 cs=0 l=1 rev1=1 crypto rx=0x7f6334000c00 tx=0x7f6334011aa0 comp rx=0 tx=0).ready entity=mon.0 client_cookie=0 server_cookie=0 in_seq=0 out_seq=0
2024-04-25T13:10:26.735 INFO:teuthology.orchestra.run.smithi031.stdout:/usr/bin/ceph: stderr
2024-04-25T13:10:25.836+0000 7f63417fa700 1 -- 172.21.15.31:0/1469709831 <== mon.0 v2:172.21.15.31:3300/0 1 ==== mon_map magic: 0 ==== 205+0+0 (secure 0 0 0) 0x7f6334003aa0 con 0x7f6344109040
2024-04-25T13:10:26.735 INFO:teuthology.orchestra.run.smithi031.stdout:/usr/bin/ceph: stderr
2024-04-25T13:10:25.836+0000 7f63417fa700 1 -- 172.21.15.31:0/1469709831 <== mon.0 v2:172.21.15.31:3300/0 2 ==== config(26 keys) ==== 1101+0+0 (secure 0 0 0) 0x7f633401b8f0 con 0x7f6344109040
2024-04-25T13:10:26.735 INFO:teuthology.orchestra.run.smithi031.stdout:/usr/bin/ceph: stderr
2024-04-25T13:10:25.836+0000 7f634a7b9700 1 -- 172.21.15.31:0/1469709831 --> [v2:172.21.15.31:3300/0,v1:172.21.15.31:6789/0] -- mon_subscribe({mgrmap=0+}) -- 0x7f634419cc00 con 0x7f6344109040
2024-04-25T13:10:26.735 INFO:teuthology.orchestra.run.smithi031.stdout:/usr/bin/ceph: stderr
2024-04-25T13:10:25.836+0000 7f63417fa700 1 -- 172.21.15.31:0/1469709831 <== mon.0 v2:172.21.15.31:3300/0 3 ==== mon_map magic: 0 ==== 205+0+0 (secure 0 0 0) 0x7f6334023870 con 0x7f6344109040
2024-04-25T13:10:26.735 INFO:teuthology.orchestra.run.smithi031.stdout:/usr/bin/ceph: stderr
2024-04-25T13:10:25.836+0000 7f634a7b9700 1 -- 172.21.15.31:0/1469709831 --> [v2:172.21.15.31:3300/0,v1:172.21.15.31:6789/0] -- mon_subscribe({osdmap=0}) -- 0x7f634419f8f0 con 0x7f6344109040
2024-04-25T13:10:26.735 INFO:teuthology.orchestra.run.smithi031.stdout:/usr/bin/ceph: stderr
2024-04-25T13:10:25.837+0000 7f634a7b9700 1 -- 172.21.15.31:0/1469709831 --> [v2:172.21.15.31:3300/0,v1:172.21.15.31:6789/0] -- mon_command({"prefix": "get_command_descriptions"} v 0) -- 0x7f63440640a0 con 0x7f6344109040
2024-04-25T13:10:26.735 INFO:teuthology.orchestra.run.smithi031.stdout:/usr/bin/ceph: stderr
2024-04-25T13:10:25.837+0000 7f63417fa700 1 -- 172.21.15.31:0/1469709831 <== mon.0 v2:172.21.15.31:3300/0 4 ==== mgrmap(e 9) ==== 46571+0+0 (secure 0 0 0) 0x7f6334023b20 con 0x7f6344109040
2024-04-25T13:10:26.735 INFO:teuthology.orchestra.run.smithi031.stdout:/usr/bin/ceph: stderr
2024-04-25T13:10:25.838+0000 7f63417fa700 1 --2- 172.21.15.31:0/1469709831 >> [v2:172.21.15.31:6800/3047311576,v1:172.21.15.31:6801/3047311576] conn(0x7f632c039660 0x7f632c03bb20 unknown :-1 s=NONE pgs=0 cs=0 l=1 rev1=0 crypto rx=0 tx=0 comp rx=0 tx=0).connect
2024-04-25T13:10:26.735 INFO:teuthology.orchestra.run.smithi031.stdout:/usr/bin/ceph: stderr
2024-04-25T13:10:25.838+0000 7f63417fa700 1 -- 172.21.15.31:0/1469709831 <== mon.0 v2:172.21.15.31:3300/0 5 ==== osd_map(2..2 src has 1..2) ==== 940+0+0 (secure 0 0 0) 0x7f633404de60 con 0x7f6344109040
2024-04-25T13:10:26.735 INFO:teuthology.orchestra.run.smithi031.stdout:/usr/bin/ceph: stderr
2024-04-25T13:10:25.838+0000 7f63437fe700 1 -- 172.21.15.31:0/1469709831 >> [v2:172.21.15.31:6800/3047311576,v1:172.21.15.31:6801/3047311576] conn(0x7f632c039660 msgr2=0x7f632c03bb20 unknown :-1 s=STATE_CONNECTING_RE l=1).process reconnect failed to v2:172.21.15.31:6800/3047311576
2024-04-25T13:10:26.736 INFO:teuthology.orchestra.run.smithi031.stdout:/usr/bin/ceph: stderr
2024-04-25T13:10:25.838+0000 7f63437fe700 1 --2- 172.21.15.31:0/1469709831 >> [v2:172.21.15.31:6800/3047311576,v1:172.21.15.31:6801/3047311576] conn(0x7f632c039660 0x7f632c03bb20 unknown :-1 s=START_CONNECT pgs=0 cs=0 l=1 rev1=0 crypto rx=0 tx=0 comp rx=0 tx=0)._fault waiting 0.200000
2024-04-25T13:10:26.736 INFO:teuthology.orchestra.run.smithi031.stdout:/usr/bin/ceph: stderr
2024-04-25T13:10:25.843+0000 7f63417fa700 1 -- 172.21.15.31:0/1469709831 <== mon.0 v2:172.21.15.31:3300/0 6 ==== mon_command_ack([{"prefix": "get_command_descriptions"}]=0 v0) ==== 72+0+188370 (secure 0 0 0) 0x7f633401f030 con 0x7f6344109040
2024-04-25T13:10:26.736 INFO:teuthology.orchestra.run.smithi031.stdout:/usr/bin/ceph: stderr
2024-04-25T13:10:26.039+0000 7f63437fe700 1 -- 172.21.15.31:0/1469709831 >> [v2:172.21.15.31:6800/3047311576,v1:172.21.15.31:6801/3047311576] conn(0x7f632c039660 msgr2=0x7f632c03bb20 unknown :-1 s=STATE_CONNECTING_RE l=1).process reconnect failed to v2:172.21.15.31:6800/3047311576
2024-04-25T13:10:26.736 INFO:teuthology.orchestra.run.smithi031.stdout:/usr/bin/ceph: stderr
2024-04-25T13:10:26.039+0000 7f63437fe700 1 --2- 172.21.15.31:0/1469709831 >> [v2:172.21.15.31:6800/3047311576,v1:172.21.15.31:6801/3047311576] conn(0x7f632c039660 0x7f632c03bb20 unknown :-1 s=START_CONNECT pgs=0 cs=0 l=1 rev1=0 crypto rx=0 tx=0 comp rx=0 tx=0)._fault waiting 0.400000
2024-04-25T13:10:26.736 INFO:teuthology.orchestra.run.smithi031.stdout:/usr/bin/ceph: stderr
2024-04-25T13:10:26.111+0000 7f634a7b9700 1 -- 172.21.15.31:0/1469709831 --> [v2:172.21.15.31:3300/0,v1:172.21.15.31:6789/0] -- mon_command({"prefix": "mgr stat"} v 0) -- 0x7f6344107300 con 0x7f6344109040
2024-04-25T13:10:26.736 INFO:teuthology.orchestra.run.smithi031.stdout:/usr/bin/ceph: stderr
2024-04-25T13:10:26.112+0000 7f63417fa700 1 -- 172.21.15.31:0/1469709831 <== mon.0 v2:172.21.15.31:3300/0 7 ==== mon_command_ack([{"prefix": "mgr stat"}]=0 v9) ==== 56+0+88 (secure 0 0 0) 0x7f6334016260 con 0x7f6344109040
2024-04-25T13:10:26.736 INFO:teuthology.orchestra.run.smithi031.stdout:/usr/bin/ceph: stderr
2024-04-25T13:10:26.114+0000 7f634a7b9700 1 -- 172.21.15.31:0/1469709831 >> [v2:172.21.15.31:6800/3047311576,v1:172.21.15.31:6801/3047311576] conn(0x7f632c039660 msgr2=0x7f632c03bb20 unknown :-1 s=STATE_CONNECTING l=1).mark_down
2024-04-25T13:10:26.736 INFO:teuthology.orchestra.run.smithi031.stdout:/usr/bin/ceph: stderr
2024-04-25T13:10:26.114+0000 7f634a7b9700 1 --2- 172.21.15.31:0/1469709831 >> [v2:172.21.15.31:6800/3047311576,v1:172.21.15.31:6801/3047311576] conn(0x7f632c039660 0x7f632c03bb20 unknown :-1 s=START_CONNECT pgs=0 cs=0 l=1 rev1=0 crypto rx=0 tx=0 comp rx=0 tx=0).stop
2024-04-25T13:10:26.736 INFO:teuthology.orchestra.run.smithi031.stdout:/usr/bin/ceph: stderr
