2024-04-25T13:10:08.725 INFO:journalctl@ceph.mgr.x.smithi031.stdout:Apr 25 13:10:08 smithi031 ceph-e4b023f4-0304-11ef-bc93-c7b262605968-mgr-x[29687]: Your identification has been saved in /tmp/tmpwzhstqas/key.
2024-04-25T13:10:08.725 INFO:journalctl@ceph.mgr.x.smithi031.stdout:Apr 25 13:10:08 smithi031 ceph-e4b023f4-0304-11ef-bc93-c7b262605968-mgr-x[29687]: Your public key has been saved in /tmp/tmpwzhstqas/key.pub.
2024-04-25T13:10:08.725 INFO:journalctl@ceph.mgr.x.smithi031.stdout:Apr 25 13:10:08 smithi031 ceph-e4b023f4-0304-11ef-bc93-c7b262605968-mgr-x[29687]: The key fingerprint is:
2024-04-25T13:10:08.725 INFO:journalctl@ceph.mgr.x.smithi031.stdout:Apr 25 13:10:08 smithi031 ceph-e4b023f4-0304-11ef-bc93-c7b262605968-mgr-x[29687]: SHA256:I78DbIR3/QokahjZaV+19g0kutSkLO5ljX00di0CgyA ceph-e4b023f4-0304-11ef-bc93-c7b262605968
2024-04-25T13:10:08.725 INFO:journalctl@ceph.mgr.x.smithi031.stdout:Apr 25 13:10:08 smithi031 ceph-e4b023f4-0304-11ef-bc93-c7b262605968-mgr-x[29687]: The key's randomart image is:
2024-04-25T13:10:08.725 INFO:journalctl@ceph.mgr.x.smithi031.stdout:Apr 25 13:10:08 smithi031 ceph-e4b023f4-0304-11ef-bc93-c7b262605968-mgr-x[29687]: +---[RSA 3072]----+
2024-04-25T13:10:08.725 INFO:journalctl@ceph.mgr.x.smithi031.stdout:Apr 25 13:10:08 smithi031 ceph-e4b023f4-0304-11ef-bc93-c7b262605968-mgr-x[29687]: | E .. . |
2024-04-25T13:10:08.725 INFO:journalctl@ceph.mgr.x.smithi031.stdout:Apr 25 13:10:08 smithi031 ceph-e4b023f4-0304-11ef-bc93-c7b262605968-mgr-x[29687]: | . . * . |
2024-04-25T13:10:08.726 INFO:journalctl@ceph.mgr.x.smithi031.stdout:Apr 25 13:10:08 smithi031 ceph-e4b023f4-0304-11ef-bc93-c7b262605968-mgr-x[29687]: | o o . B * . |
2024-04-25T13:10:08.726 INFO:journalctl@ceph.mgr.x.smithi031.stdout:Apr 25 13:10:08 smithi031 ceph-e4b023f4-0304-11ef-bc93-c7b262605968-mgr-x[29687]: | o = = O = * o .|
2024-04-25T13:10:08.726 INFO:journalctl@ceph.mgr.x.smithi031.stdout:Apr 25 13:10:08 smithi031 ceph-e4b023f4-0304-11ef-bc93-c7b262605968-mgr-x[29687]: | + B.BS* = * . |
2024-04-25T13:10:08.726 INFO:journalctl@ceph.mgr.x.smithi031.stdout:Apr 25 13:10:08 smithi031 ceph-e4b023f4-0304-11ef-bc93-c7b262605968-mgr-x[29687]: | . o *o*.o + . |
2024-04-25T13:10:08.726 INFO:journalctl@ceph.mgr.x.smithi031.stdout:Apr 25 13:10:08 smithi031 ceph-e4b023f4-0304-11ef-bc93-c7b262605968-mgr-x[29687]: | . o +.. o |
2024-04-25T13:10:08.726 INFO:journalctl@ceph.mgr.x.smithi031.stdout:Apr 25 13:10:08 smithi031 ceph-e4b023f4-0304-11ef-bc93-c7b262605968-mgr-x[29687]: | . ... |
2024-04-25T13:10:08.726 INFO:journalctl@ceph.mgr.x.smithi031.stdout:Apr 25 13:10:08 smithi031 ceph-e4b023f4-0304-11ef-bc93-c7b262605968-mgr-x[29687]: | .. |
2024-04-25T13:10:08.726 INFO:journalctl@ceph.mgr.x.smithi031.stdout:Apr 25 13:10:08 smithi031 ceph-e4b023f4-0304-11ef-bc93-c7b262605968-mgr-x[29687]: +----[SHA256]-----+
2024-04-25T13:10:09.347 INFO:teuthology.orchestra.run.smithi031.stdout:/usr/bin/ceph: stderr
2024-04-25T13:10:08.248+0000 7fb62ed40700 1 Processor -- start
2024-04-25T13:10:09.347 INFO:teuthology.orchestra.run.smithi031.stdout:/usr/bin/ceph: stderr
2024-04-25T13:10:08.248+0000 7fb62ed40700 1 -- start start
2024-04-25T13:10:09.347 INFO:teuthology.orchestra.run.smithi031.stdout:/usr/bin/ceph: stderr
2024-04-25T13:10:08.248+0000 7fb62ed40700 1 --2- >> [v2:172.21.15.31:3300/0,v1:172.21.15.31:6789/0] conn(0x7fb628108600 0x7fb628108a20 unknown :-1 s=NONE pgs=0 cs=0 l=0 rev1=0 crypto rx=0 tx=0 comp rx=0 tx=0).connect
2024-04-25T13:10:09.347 INFO:teuthology.orchestra.run.smithi031.stdout:/usr/bin/ceph: stderr
2024-04-25T13:10:08.248+0000 7fb62ed40700 1 -- --> [v2:172.21.15.31:3300/0,v1:172.21.15.31:6789/0] -- mon_getmap magic: 0 -- 0x7fb628108ff0 con 0x7fb628108600
2024-04-25T13:10:09.347 INFO:teuthology.orchestra.run.smithi031.stdout:/usr/bin/ceph: stderr
2024-04-25T13:10:08.248+0000 7fb62cadc700 1 --2- >> [v2:172.21.15.31:3300/0,v1:172.21.15.31:6789/0] conn(0x7fb628108600 0x7fb628108a20 unknown :-1 s=BANNER_CONNECTING pgs=0 cs=0 l=0 rev1=0 crypto rx=0 tx=0 comp rx=0 tx=0)._handle_peer_banner_payload supported=3 required=0
2024-04-25T13:10:09.348 INFO:teuthology.orchestra.run.smithi031.stdout:/usr/bin/ceph: stderr
2024-04-25T13:10:08.249+0000 7fb62cadc700 1 --2- >> [v2:172.21.15.31:3300/0,v1:172.21.15.31:6789/0] conn(0x7fb628108600 0x7fb628108a20 unknown :-1 s=HELLO_CONNECTING pgs=0 cs=0 l=0 rev1=1 crypto rx=0 tx=0 comp rx=0 tx=0).handle_hello peer v2:172.21.15.31:3300/0 says I am v2:172.21.15.31:56828/0 (socket says 172.21.15.31:56828)
2024-04-25T13:10:09.348 INFO:teuthology.orchestra.run.smithi031.stdout:/usr/bin/ceph: stderr
2024-04-25T13:10:08.249+0000 7fb62cadc700 1 -- 172.21.15.31:0/3774082309 learned_addr learned my addr 172.21.15.31:0/3774082309 (peer_addr_for_me v2:172.21.15.31:0/0)
2024-04-25T13:10:09.348 INFO:teuthology.orchestra.run.smithi031.stdout:/usr/bin/ceph: stderr
2024-04-25T13:10:08.249+0000 7fb62cadc700 1 -- 172.21.15.31:0/3774082309 --> [v2:172.21.15.31:3300/0,v1:172.21.15.31:6789/0] -- mon_subscribe({config=0+,monmap=0+}) -- 0x7fb6281097b0 con 0x7fb628108600
2024-04-25T13:10:09.348 INFO:teuthology.orchestra.run.smithi031.stdout:/usr/bin/ceph: stderr
2024-04-25T13:10:08.249+0000 7fb62cadc700 1 --2- 172.21.15.31:0/3774082309 >> [v2:172.21.15.31:3300/0,v1:172.21.15.31:6789/0] conn(0x7fb628108600 0x7fb628108a20 secure :-1 s=READY pgs=37 cs=0 l=1 rev1=1 crypto rx=0x7fb61c0098a0 tx=0x7fb61c009bb0 comp rx=0 tx=0).ready entity=mon.0 client_cookie=1e4629cf27ada530 server_cookie=0 in_seq=0 out_seq=0
2024-04-25T13:10:09.348 INFO:teuthology.orchestra.run.smithi031.stdout:/usr/bin/ceph: stderr
2024-04-25T13:10:08.249+0000 7fb6277fe700 1 -- 172.21.15.31:0/3774082309 <== mon.0 v2:172.21.15.31:3300/0 1 ==== mon_map magic: 0 ==== 205+0+0 (secure 0 0 0) 0x7fb61c004160 con 0x7fb628108600
2024-04-25T13:10:09.348 INFO:teuthology.orchestra.run.smithi031.stdout:/usr/bin/ceph: stderr
2024-04-25T13:10:08.249+0000 7fb6277fe700 1 -- 172.21.15.31:0/3774082309 <== mon.0 v2:172.21.15.31:3300/0 2 ==== config(26 keys) ==== 1070+0+0 (secure 0 0 0) 0x7fb61c004300 con 0x7fb628108600
2024-04-25T13:10:09.348 INFO:teuthology.orchestra.run.smithi031.stdout:/usr/bin/ceph: stderr
2024-04-25T13:10:08.249+0000 7fb6277fe700 1 -- 172.21.15.31:0/3774082309 <== mon.0 v2:172.21.15.31:3300/0 3 ==== mon_map magic: 0 ==== 205+0+0 (secure 0 0 0) 0x7fb61c011af0 con 0x7fb628108600
2024-04-25T13:10:09.348 INFO:teuthology.orchestra.run.smithi031.stdout:/usr/bin/ceph: stderr
2024-04-25T13:10:08.250+0000 7fb62ed40700 1 -- 172.21.15.31:0/3774082309 >> [v2:172.21.15.31:3300/0,v1:172.21.15.31:6789/0] conn(0x7fb628108600 msgr2=0x7fb628108a20 secure :-1 s=STATE_CONNECTION_ESTABLISHED l=1).mark_down
2024-04-25T13:10:09.348 INFO:teuthology.orchestra.run.smithi031.stdout:/usr/bin/ceph: stderr
2024-04-25T13:10:08.250+0000 7fb62ed40700 1 --2- 172.21.15.31:0/3774082309 >> [v2:172.21.15.31:3300/0,v1:172.21.15.31:6789/0] conn(0x7fb628108600 0x7fb628108a20 secure :-1 s=READY pgs=37 cs=0 l=1 rev1=1 crypto rx=0x7fb61c0098a0 tx=0x7fb61c009bb0 comp rx=0 tx=0).stop
2024-04-25T13:10:09.348 INFO:teuthology.orchestra.run.smithi031.stdout:/usr/bin/ceph: stderr
2024-04-25T13:10:08.250+0000 7fb62ed40700 1 -- 172.21.15.31:0/3774082309 shutdown_connections
2024-04-25T13:10:09.348 INFO:teuthology.orchestra.run.smithi031.stdout:/usr/bin/ceph: stderr
2024-04-25T13:10:08.250+0000 7fb62ed40700 1 --2- 172.21.15.31:0/3774082309 >> [v2:172.21.15.31:3300/0,v1:172.21.15.31:6789/0] conn(0x7fb628108600 0x7fb628108a20 unknown :-1 s=CLOSED pgs=37 cs=0 l=1 rev1=1 crypto rx=0 tx=0 comp rx=0 tx=0).stop
2024-04-25T13:10:09.348 INFO:teuthology.orchestra.run.smithi031.stdout:/usr/bin/ceph: stderr
2024-04-25T13:10:08.250+0000 7fb62ed40700 1 -- 172.21.15.31:0/3774082309 >> 172.21.15.31:0/3774082309 conn(0x7fb628103bc0 msgr2=0x7fb628105fe0 unknown :-1 s=STATE_NONE l=0).mark_down
2024-04-25T13:10:09.348 INFO:teuthology.orchestra.run.smithi031.stdout:/usr/bin/ceph: stderr
2024-04-25T13:10:08.250+0000 7fb62ed40700 1 -- 172.21.15.31:0/3774082309 shutdown_connections
2024-04-25T13:10:09.348 INFO:teuthology.orchestra.run.smithi031.stdout:/usr/bin/ceph: stderr
2024-04-25T13:10:08.250+0000 7fb62ed40700 1 -- 172.21.15.31:0/3774082309 wait complete.
2024-04-25T13:10:09.348 INFO:teuthology.orchestra.run.smithi031.stdout:/usr/bin/ceph: stderr
2024-04-25T13:10:08.250+0000 7fb62ed40700 1 Processor -- start
2024-04-25T13:10:09.349 INFO:teuthology.orchestra.run.smithi031.stdout:/usr/bin/ceph: stderr
2024-04-25T13:10:08.251+0000 7fb62ed40700 1 -- start start
2024-04-25T13:10:09.349 INFO:teuthology.orchestra.run.smithi031.stdout:/usr/bin/ceph: stderr
2024-04-25T13:10:08.251+0000 7fb62ed40700 1 --2- >> [v2:172.21.15.31:3300/0,v1:172.21.15.31:6789/0] conn(0x7fb628108600 0x7fb62819e6d0 unknown :-1 s=NONE pgs=0 cs=0 l=1 rev1=0 crypto rx=0 tx=0 comp rx=0 tx=0).connect
2024-04-25T13:10:09.349 INFO:teuthology.orchestra.run.smithi031.stdout:/usr/bin/ceph: stderr
2024-04-25T13:10:08.251+0000 7fb62ed40700 1 -- --> [v2:172.21.15.31:3300/0,v1:172.21.15.31:6789/0] -- mon_getmap magic: 0 -- 0x7fb62810c9e0 con 0x7fb628108600
2024-04-25T13:10:09.349 INFO:teuthology.orchestra.run.smithi031.stdout:/usr/bin/ceph: stderr
2024-04-25T13:10:08.251+0000 7fb62cadc700 1 --2- >> [v2:172.21.15.31:3300/0,v1:172.21.15.31:6789/0] conn(0x7fb628108600 0x7fb62819e6d0 unknown :-1 s=BANNER_CONNECTING pgs=0 cs=0 l=1 rev1=0 crypto rx=0 tx=0 comp rx=0 tx=0)._handle_peer_banner_payload supported=3 required=0
2024-04-25T13:10:09.349 INFO:teuthology.orchestra.run.smithi031.stdout:/usr/bin/ceph: stderr
2024-04-25T13:10:08.251+0000 7fb62cadc700 1 --2- >> [v2:172.21.15.31:3300/0,v1:172.21.15.31:6789/0] conn(0x7fb628108600 0x7fb62819e6d0 unknown :-1 s=HELLO_CONNECTING pgs=0 cs=0 l=1 rev1=1 crypto rx=0 tx=0 comp rx=0 tx=0).handle_hello peer v2:172.21.15.31:3300/0 says I am v2:172.21.15.31:56838/0 (socket says 172.21.15.31:56838)
2024-04-25T13:10:09.349 INFO:teuthology.orchestra.run.smithi031.stdout:/usr/bin/ceph: stderr
2024-04-25T13:10:08.251+0000 7fb62cadc700 1 -- 172.21.15.31:0/1082429341 learned_addr learned my addr 172.21.15.31:0/1082429341 (peer_addr_for_me v2:172.21.15.31:0/0)
2024-04-25T13:10:09.349 INFO:teuthology.orchestra.run.smithi031.stdout:/usr/bin/ceph: stderr
2024-04-25T13:10:08.251+0000 7fb62cadc700 1 -- 172.21.15.31:0/1082429341 --> [v2:172.21.15.31:3300/0,v1:172.21.15.31:6789/0] -- mon_subscribe({config=0+,monmap=0+}) -- 0x7fb62819ec10 con 0x7fb628108600
2024-04-25T13:10:09.349 INFO:teuthology.orchestra.run.smithi031.stdout:/usr/bin/ceph: stderr
2024-04-25T13:10:08.251+0000 7fb62cadc700 1 --2- 172.21.15.31:0/1082429341 >> [v2:172.21.15.31:3300/0,v1:172.21.15.31:6789/0] conn(0x7fb628108600 0x7fb62819e6d0 secure :-1 s=READY pgs=38 cs=0 l=1 rev1=1 crypto rx=0x7fb61c003f40 tx=0x7fb61c011890 comp rx=0 tx=0).ready entity=mon.0 client_cookie=0 server_cookie=0 in_seq=0 out_seq=0
2024-04-25T13:10:09.349 INFO:teuthology.orchestra.run.smithi031.stdout:/usr/bin/ceph: stderr
2024-04-25T13:10:08.251+0000 7fb625ffb700 1 -- 172.21.15.31:0/1082429341 <== mon.0 v2:172.21.15.31:3300/0 1 ==== mon_map magic: 0 ==== 205+0+0 (secure 0 0 0) 0x7fb61c0038b0 con 0x7fb628108600
2024-04-25T13:10:09.349 INFO:teuthology.orchestra.run.smithi031.stdout:/usr/bin/ceph: stderr
2024-04-25T13:10:08.251+0000 7fb625ffb700 1 -- 172.21.15.31:0/1082429341 <== mon.0 v2:172.21.15.31:3300/0 2 ==== config(26 keys) ==== 1070+0+0 (secure 0 0 0) 0x7fb61c003a50 con 0x7fb628108600
2024-04-25T13:10:09.349 INFO:teuthology.orchestra.run.smithi031.stdout:/usr/bin/ceph: stderr
2024-04-25T13:10:08.251+0000 7fb62ed40700 1 -- 172.21.15.31:0/1082429341 --> [v2:172.21.15.31:3300/0,v1:172.21.15.31:6789/0] -- mon_subscribe({mgrmap=0+}) -- 0x7fb62819eea0 con 0x7fb628108600
2024-04-25T13:10:09.349 INFO:teuthology.orchestra.run.smithi031.stdout:/usr/bin/ceph: stderr
2024-04-25T13:10:08.252+0000 7fb625ffb700 1 -- 172.21.15.31:0/1082429341 <== mon.0 v2:172.21.15.31:3300/0 3 ==== mon_map magic: 0 ==== 205+0+0 (secure 0 0 0) 0x7fb61c01a5c0 con 0x7fb628108600
2024-04-25T13:10:09.349 INFO:teuthology.orchestra.run.smithi031.stdout:/usr/bin/ceph: stderr
2024-04-25T13:10:08.252+0000 7fb62ed40700 1 -- 172.21.15.31:0/1082429341 --> [v2:172.21.15.31:3300/0,v1:172.21.15.31:6789/0] -- mon_subscribe({osdmap=0}) -- 0x7fb6281a1b90 con 0x7fb628108600
2024-04-25T13:10:09.349 INFO:teuthology.orchestra.run.smithi031.stdout:/usr/bin/ceph: stderr
2024-04-25T13:10:08.253+0000 7fb625ffb700 1 -- 172.21.15.31:0/1082429341 <== mon.0 v2:172.21.15.31:3300/0 4 ==== mgrmap(e 8) ==== 46558+0+0 (secure 0 0 0) 0x7fb61c01a870 con 0x7fb628108600
2024-04-25T13:10:09.349 INFO:teuthology.orchestra.run.smithi031.stdout:/usr/bin/ceph: stderr
2024-04-25T13:10:08.253+0000 7fb62ed40700 1 -- 172.21.15.31:0/1082429341 --> [v2:172.21.15.31:3300/0,v1:172.21.15.31:6789/0] -- mon_command({"prefix": "get_command_descriptions"} v 0) -- 0x7fb62810cb60 con 0x7fb628108600
2024-04-25T13:10:09.350 INFO:teuthology.orchestra.run.smithi031.stdout:/usr/bin/ceph: stderr
2024-04-25T13:10:08.253+0000 7fb625ffb700 1 --2- 172.21.15.31:0/1082429341 >> [v2:172.21.15.31:6800/3047311576,v1:172.21.15.31:6801/3047311576] conn(0x7fb6180395b0 0x7fb61803ba70 unknown :-1 s=NONE pgs=0 cs=0 l=1 rev1=0 crypto rx=0 tx=0 comp rx=0 tx=0).connect
2024-04-25T13:10:09.350 INFO:teuthology.orchestra.run.smithi031.stdout:/usr/bin/ceph: stderr
2024-04-25T13:10:08.253+0000 7fb625ffb700 1 -- 172.21.15.31:0/1082429341 <== mon.0 v2:172.21.15.31:3300/0 5 ==== osd_map(2..2 src has 1..2) ==== 940+0+0 (secure 0 0 0) 0x7fb61c04da90 con 0x7fb628108600
2024-04-25T13:10:09.350 INFO:teuthology.orchestra.run.smithi031.stdout:/usr/bin/ceph: stderr
2024-04-25T13:10:08.253+0000 7fb627fff700 1 --2- 172.21.15.31:0/1082429341 >> [v2:172.21.15.31:6800/3047311576,v1:172.21.15.31:6801/3047311576] conn(0x7fb6180395b0 0x7fb61803ba70 unknown :-1 s=BANNER_CONNECTING pgs=0 cs=0 l=1 rev1=0 crypto rx=0 tx=0 comp rx=0 tx=0)._handle_peer_banner_payload supported=3 required=0
2024-04-25T13:10:09.350 INFO:teuthology.orchestra.run.smithi031.stdout:/usr/bin/ceph: stderr
2024-04-25T13:10:08.254+0000 7fb627fff700 1 --2- 172.21.15.31:0/1082429341 >> [v2:172.21.15.31:6800/3047311576,v1:172.21.15.31:6801/3047311576] conn(0x7fb6180395b0 0x7fb61803ba70 secure :-1 s=READY pgs=9 cs=0 l=1 rev1=1 crypto rx=0x7fb614006fd0 tx=0x7fb614006e40 comp rx=0 tx=0).ready entity=mgr.14116 client_cookie=0 server_cookie=0 in_seq=0 out_seq=0
2024-04-25T13:10:09.350 INFO:teuthology.orchestra.run.smithi031.stdout:/usr/bin/ceph: stderr
2024-04-25T13:10:08.258+0000 7fb625ffb700 1 -- 172.21.15.31:0/1082429341 <== mon.0 v2:172.21.15.31:3300/0 6 ==== mon_command_ack([{"prefix": "get_command_descriptions"}]=0 v0) ==== 72+0+188370 (secure 0 0 0) 0x7fb61c02d3f0 con 0x7fb628108600
2024-04-25T13:10:09.350 INFO:teuthology.orchestra.run.smithi031.stdout:/usr/bin/ceph: stderr
2024-04-25T13:10:08.468+0000 7fb62ed40700 1 -- 172.21.15.31:0/1082429341 --> [v2:172.21.15.31:6800/3047311576,v1:172.21.15.31:6801/3047311576] -- mgr_command(tid 0: {"prefix": "cephadm generate-key", "target": ["mon-mgr", ""]}) -- 0x7fb628104d60 con 0x7fb6180395b0
2024-04-25T13:10:09.350 INFO:teuthology.orchestra.run.smithi031.stdout:/usr/bin/ceph: stderr
2024-04-25T13:10:08.711+0000 7fb625ffb700 1 -- 172.21.15.31:0/1082429341 <== mgr.14116 v2:172.21.15.31:6800/3047311576 1 ==== mgr_command_reply(tid 0: 0 ) ==== 8+0+0 (secure 0 0 0) 0x7fb628104d60 con 0x7fb6180395b0
2024-04-25T13:10:09.350 INFO:teuthology.orchestra.run.smithi031.stdout:/usr/bin/ceph: stderr
2024-04-25T13:10:08.713+0000 7fb62ed40700 1 -- 172.21.15.31:0/1082429341 >> [v2:172.21.15.31:6800/3047311576,v1:172.21.15.31:6801/3047311576] conn(0x7fb6180395b0 msgr2=0x7fb61803ba70 secure :-1 s=STATE_CONNECTION_ESTABLISHED l=1).mark_down
2024-04-25T13:10:09.350 INFO:teuthology.orchestra.run.smithi031.stdout:/usr/bin/ceph: stderr
2024-04-25T13:10:08.713+0000 7fb62ed40700 1 --2- 172.21.15.31:0/1082429341 >> [v2:172.21.15.31:6800/3047311576,v1:172.21.15.31:6801/3047311576] conn(0x7fb6180395b0 0x7fb61803ba70 secure :-1 s=READY pgs=9 cs=0 l=1 rev1=1 crypto rx=0x7fb614006fd0 tx=0x7fb614006e40 comp rx=0 tx=0).stop
2024-04-25T13:10:09.350 INFO:teuthology.orchestra.run.smithi031.stdout:/usr/bin/ceph: stderr
2024-04-25T13:10:08.713+0000 7fb62ed40700 1 -- 172.21.15.31:0/1082429341 >> [v2:172.21.15.31:3300/0,v1:172.21.15.31:6789/0] conn(0x7fb628108600 msgr2=0x7fb62819e6d0 secure :-1 s=STATE_CONNECTION_ESTABLISHED l=1).mark_down
2024-04-25T13:10:09.350 INFO:teuthology.orchestra.run.smithi031.stdout:/usr/bin/ceph: stderr
2024-04-25T13:10:08.713+0000 7fb62ed40700 1 --2- 172.21.15.31:0/1082429341 >> [v2:172.21.15.31:3300/0,v1:172.21.15.31:6789/0] conn(0x7fb628108600 0x7fb62819e6d0 secure :-1 s=READY pgs=38 cs=0 l=1 rev1=1 crypto rx=0x7fb61c003f40 tx=0x7fb61c011890 comp rx=0 tx=0).stop
2024-04-25T13:10:09.350 INFO:teuthology.orchestra.run.smithi031.stdout:/usr/bin/ceph: stderr
2024-04-25T13:10:08.713+0000 7fb62ed40700 1 -- 172.21.15.31:0/1082429341 shutdown_connections
2024-04-25T13:10:09.350 INFO:teuthology.orchestra.run.smithi031.stdout:/usr/bin/ceph: stderr
2024-04-25T13:10:08.713+0000 7fb62ed40700 1 --2- 172.21.15.31:0/1082429341 >> [v2:172.21.15.31:6800/3047311576,v1:172.21.15.31:6801/3047311576] conn(0x7fb6180395b0 0x7fb61803ba70 unknown :-1 s=CLOSED pgs=9 cs=0 l=1 rev1=1 crypto rx=0 tx=0 comp rx=0 tx=0).stop
2024-04-25T13:10:09.351 INFO:teuthology.orchestra.run.smithi031.stdout:/usr/bin/ceph: stderr
2024-04-25T13:10:08.713+0000 7fb62ed40700 1 --2- 172.21.15.31:0/1082429341 >> [v2:172.21.15.31:3300/0,v1:172.21.15.31:6789/0] conn(0x7fb628108600 0x7fb62819e6d0 unknown :-1 s=CLOSED pgs=38 cs=0 l=1 rev1=1 crypto rx=0 tx=0 comp rx=0 tx=0).stop
2024-04-25T13:10:09.351 INFO:teuthology.orchestra.run.smithi031.stdout:/usr/bin/ceph: stderr
2024-04-25T13:10:08.713+0000 7fb62ed40700 1 -- 172.21.15.31:0/1082429341 >> 172.21.15.31:0/1082429341 conn(0x7fb628103bc0 msgr2=0x7fb628104650 unknown :-1 s=STATE_NONE l=0).mark_down
2024-04-25T13:10:09.351 INFO:teuthology.orchestra.run.smithi031.stdout:/usr/bin/ceph: stderr
2024-04-25T13:10:08.713+0000 7fb62ed40700 1 -- 172.21.15.31:0/1082429341 shutdown_connections
2024-04-25T13:10:09.351 INFO:teuthology.orchestra.run.smithi031.stdout:/usr/bin/ceph: stderr
2024-04-25T13:10:08.713+0000 7fb62ed40700 1 -- 172.21.15.31:0/1082429341 wait complete.
2024-04-25T13:10:09.984 INFO:journalctl@ceph.mon.a.smithi031.stdout:Apr 25 13:10:09 smithi031 ceph-mon[29457]: from='client.14132 -' entity='client.admin' cmd=[{"prefix": "cephadm generate-key", "target": ["mon-mgr", ""]}]: dispatch
2024-04-25T13:10:09.984 INFO:journalctl@ceph.mon.a.smithi031.stdout:Apr 25 13:10:09 smithi031 ceph-mon[29457]: Generating ssh key...
2024-04-25T13:10:09.984 INFO:journalctl@ceph.mon.a.smithi031.stdout:Apr 25 13:10:09 smithi031 ceph-mon[29457]: from='mgr.14116 172.21.15.31:0/3147738812' entity='mgr.x'
2024-04-25T13:10:09.984 INFO:journalctl@ceph.mon.a.smithi031.stdout:Apr 25 13:10:09 smithi031 ceph-mon[29457]: from='mgr.14116 172.21.15.31:0/3147738812' entity='mgr.x'
2024-04-25T13:10:10.563 INFO:teuthology.orchestra.run.smithi031.stdout:/usr/bin/ceph: stdout ssh-rsa AAAAB3NzaC1yc2EAAAADAQABAAABgQDd21Kz63tEiVZqeHg2TtSIOO6/5WQ4oj7DOv9bHDL/XMY6D16abVmSEXoymVZqjP1yBG/NaJX0Brcfo+PCwIzHR4j92uHXqJoNDqaSGtFK2FevzzfdZwzUUo6VKuO1036ak9Sy5ly9Hg7fOUtGiGHdXdr/XfVXyrNh+Rc1WiZqItdmtL/eeR1b71UHHSXJLGAP2b1m6Zmbw/M/Gec0oCxKwX3TOq/dmrKpfJaVDWE4qpGRa4E2MRpTb+0tf0c1UkKChlOYWgfwMZe/NQsHoznSbNxaS1EZVjuArk/279ggX23RcjtMDpS8QgCV5/zDAU122VJHQR0Y0pw9DcWgy20ABD3DGA3TgAVsUG4Q4RjMrY3rJd4lfp/fMFhfkVOFimCyZHq/m7jV03lWmn0aXQxl9kGMnQzNUpRp6mZK1UObkyx9niHY231WN3poji7BFeJgqBR1rdXtc33GI5NnRcOAPOi6yMTlCKp1yWj1w3aw3qcE4QRCCWvjCkqnUHVOB80= ceph-e4b023f4-0304-11ef-bc93-c7b262605968
2024-04-25T13:10:10.563 INFO:teuthology.orchestra.run.smithi031.stdout:/usr/bin/ceph: stderr
2024-04-25T13:10:09.769+0000 7fc510067700 1 Processor -- start
2024-04-25T13:10:10.563 INFO:teuthology.orchestra.run.smithi031.stdout:/usr/bin/ceph: stderr
2024-04-25T13:10:09.769+0000 7fc510067700 1 -- start start
2024-04-25T13:10:10.564 INFO:teuthology.orchestra.run.smithi031.stdout:/usr/bin/ceph: stderr
2024-04-25T13:10:09.769+0000 7fc510067700 1 --2- >> [v2:172.21.15.31:3300/0,v1:172.21.15.31:6789/0] conn(0x7fc5081090c0 0x7fc50810b4b0 unknown :-1 s=NONE pgs=0 cs=0 l=0 rev1=0 crypto rx=0 tx=0 comp rx=0 tx=0).connect
2024-04-25T13:10:10.564 INFO:teuthology.orchestra.run.smithi031.stdout:/usr/bin/ceph: stderr
2024-04-25T13:10:09.769+0000 7fc510067700 1 -- --> [v2:172.21.15.31:3300/0,v1:172.21.15.31:6789/0] -- mon_getmap magic: 0 -- 0x7fc50807be30 con 0x7fc5081090c0
2024-04-25T13:10:10.564 INFO:teuthology.orchestra.run.smithi031.stdout:/usr/bin/ceph: stderr
2024-04-25T13:10:09.769+0000 7fc50de03700 1 --2- >> [v2:172.21.15.31:3300/0,v1:172.21.15.31:6789/0] conn(0x7fc5081090c0 0x7fc50810b4b0 unknown :-1 s=BANNER_CONNECTING pgs=0 cs=0 l=0 rev1=0 crypto rx=0 tx=0 comp rx=0 tx=0)._handle_peer_banner_payload supported=3 required=0
2024-04-25T13:10:10.564 INFO:teuthology.orchestra.run.smithi031.stdout:/usr/bin/ceph: stderr
2024-04-25T13:10:09.769+0000 7fc50de03700 1 --2- >> [v2:172.21.15.31:3300/0,v1:172.21.15.31:6789/0] conn(0x7fc5081090c0 0x7fc50810b4b0 unknown :-1 s=HELLO_CONNECTING pgs=0 cs=0 l=0 rev1=1 crypto rx=0 tx=0 comp rx=0 tx=0).handle_hello peer v2:172.21.15.31:3300/0 says I am v2:172.21.15.31:56850/0 (socket says 172.21.15.31:56850)
2024-04-25T13:10:10.564 INFO:teuthology.orchestra.run.smithi031.stdout:/usr/bin/ceph: stderr
2024-04-25T13:10:09.769+0000 7fc50de03700 1 -- 172.21.15.31:0/3634247580 learned_addr learned my addr 172.21.15.31:0/3634247580 (peer_addr_for_me v2:172.21.15.31:0/0)
2024-04-25T13:10:10.564 INFO:teuthology.orchestra.run.smithi031.stdout:/usr/bin/ceph: stderr
2024-04-25T13:10:09.770+0000 7fc50de03700 1 -- 172.21.15.31:0/3634247580 --> [v2:172.21.15.31:3300/0,v1:172.21.15.31:6789/0] -- mon_subscribe({config=0+,monmap=0+}) -- 0x7fc50810b9f0 con 0x7fc5081090c0
2024-04-25T13:10:10.564 INFO:teuthology.orchestra.run.smithi031.stdout:/usr/bin/ceph: stderr
2024-04-25T13:10:09.770+0000 7fc50de03700 1 --2- 172.21.15.31:0/3634247580 >> [v2:172.21.15.31:3300/0,v1:172.21.15.31:6789/0] conn(0x7fc5081090c0 0x7fc50810b4b0 secure :-1 s=READY pgs=39 cs=0 l=1 rev1=1 crypto rx=0x7fc5040098a0 tx=0x7fc504009bb0 comp rx=0 tx=0).ready entity=mon.0 client_cookie=346bf578e5d2990c server_cookie=0 in_seq=0 out_seq=0
2024-04-25T13:10:10.564 INFO:teuthology.orchestra.run.smithi031.stdout:/usr/bin/ceph: stderr
2024-04-25T13:10:09.770+0000 7fc50ce01700 1 -- 172.21.15.31:0/3634247580 <== mon.0 v2:172.21.15.31:3300/0 1 ==== mon_map magic: 0 ==== 205+0+0 (secure 0 0 0) 0x7fc504004160 con 0x7fc5081090c0
2024-04-25T13:10:10.564 INFO:teuthology.orchestra.run.smithi031.stdout:/usr/bin/ceph: stderr
2024-04-25T13:10:09.770+0000 7fc50ce01700 1 -- 172.21.15.31:0/3634247580 <== mon.0 v2:172.21.15.31:3300/0 2 ==== config(26 keys) ==== 1070+0+0 (secure 0 0 0) 0x7fc504004300 con 0x7fc5081090c0
2024-04-25T13:10:10.564 INFO:teuthology.orchestra.run.smithi031.stdout:/usr/bin/ceph: stderr
2024-04-25T13:10:09.770+0000 7fc50ce01700 1 -- 172.21.15.31:0/3634247580 <== mon.0 v2:172.21.15.31:3300/0 3 ==== mon_map magic: 0 ==== 205+0+0 (secure 0 0 0) 0x7fc504011af0 con 0x7fc5081090c0
2024-04-25T13:10:10.564 INFO:teuthology.orchestra.run.smithi031.stdout:/usr/bin/ceph: stderr
2024-04-25T13:10:09.771+0000 7fc510067700 1 -- 172.21.15.31:0/3634247580 >> [v2:172.21.15.31:3300/0,v1:172.21.15.31:6789/0] conn(0x7fc5081090c0 msgr2=0x7fc50810b4b0 secure :-1 s=STATE_CONNECTION_ESTABLISHED l=1).mark_down
2024-04-25T13:10:10.564 INFO:teuthology.orchestra.run.smithi031.stdout:/usr/bin/ceph: stderr
2024-04-25T13:10:09.771+0000 7fc510067700 1 --2- 172.21.15.31:0/3634247580 >> [v2:172.21.15.31:3300/0,v1:172.21.15.31:6789/0] conn(0x7fc5081090c0 0x7fc50810b4b0 secure :-1 s=READY pgs=39 cs=0 l=1 rev1=1 crypto rx=0x7fc5040098a0 tx=0x7fc504009bb0 comp rx=0 tx=0).stop
2024-04-25T13:10:10.564 INFO:teuthology.orchestra.run.smithi031.stdout:/usr/bin/ceph: stderr
2024-04-25T13:10:09.771+0000 7fc510067700 1 -- 172.21.15.31:0/3634247580 shutdown_connections
2024-04-25T13:10:10.564 INFO:teuthology.orchestra.run.smithi031.stdout:/usr/bin/ceph: stderr
2024-04-25T13:10:09.771+0000 7fc510067700 1 --2- 172.21.15.31:0/3634247580 >> [v2:172.21.15.31:3300/0,v1:172.21.15.31:6789/0] conn(0x7fc5081090c0 0x7fc50810b4b0 unknown :-1 s=CLOSED pgs=39 cs=0 l=1 rev1=1 crypto rx=0 tx=0 comp rx=0 tx=0).stop
2024-04-25T13:10:10.565 INFO:teuthology.orchestra.run.smithi031.stdout:/usr/bin/ceph: stderr
2024-04-25T13:10:09.771+0000 7fc510067700 1 -- 172.21.15.31:0/3634247580 >> 172.21.15.31:0/3634247580 conn(0x7fc508102a90 msgr2=0x7fc508104ed0 unknown :-1 s=STATE_NONE l=0).mark_down
2024-04-25T13:10:10.565 INFO:teuthology.orchestra.run.smithi031.stdout:/usr/bin/ceph: stderr
2024-04-25T13:10:09.771+0000 7fc510067700 1 -- 172.21.15.31:0/3634247580 shutdown_connections
2024-04-25T13:10:10.565 INFO:teuthology.orchestra.run.smithi031.stdout:/usr/bin/ceph: stderr
2024-04-25T13:10:09.771+0000 7fc510067700 1 -- 172.21.15.31:0/3634247580 wait complete.
2024-04-25T13:10:10.565 INFO:teuthology.orchestra.run.smithi031.stdout:/usr/bin/ceph: stderr
2024-04-25T13:10:09.772+0000 7fc510067700 1 Processor -- start
2024-04-25T13:10:10.565 INFO:teuthology.orchestra.run.smithi031.stdout:/usr/bin/ceph: stderr
2024-04-25T13:10:09.772+0000 7fc510067700 1 -- start start
2024-04-25T13:10:10.565 INFO:teuthology.orchestra.run.smithi031.stdout:/usr/bin/ceph: stderr
2024-04-25T13:10:09.772+0000 7fc510067700 1 --2- >> [v2:172.21.15.31:3300/0,v1:172.21.15.31:6789/0] conn(0x7fc5081090c0 0x7fc50819e670 unknown :-1 s=NONE pgs=0 cs=0 l=1 rev1=0 crypto rx=0 tx=0 comp rx=0 tx=0).connect
2024-04-25T13:10:10.565 INFO:teuthology.orchestra.run.smithi031.stdout:/usr/bin/ceph: stderr
2024-04-25T13:10:09.772+0000 7fc510067700 1 -- --> [v2:172.21.15.31:3300/0,v1:172.21.15.31:6789/0] -- mon_getmap magic: 0 -- 0x7fc50810c8f0 con 0x7fc5081090c0
2024-04-25T13:10:10.565 INFO:teuthology.orchestra.run.smithi031.stdout:/usr/bin/ceph: stderr
2024-04-25T13:10:09.772+0000 7fc50de03700 1 --2- >> [v2:172.21.15.31:3300/0,v1:172.21.15.31:6789/0] conn(0x7fc5081090c0 0x7fc50819e670 unknown :-1 s=BANNER_CONNECTING pgs=0 cs=0 l=1 rev1=0 crypto rx=0 tx=0 comp rx=0 tx=0)._handle_peer_banner_payload supported=3 required=0
2024-04-25T13:10:10.565 INFO:teuthology.orchestra.run.smithi031.stdout:/usr/bin/ceph: stderr
2024-04-25T13:10:09.772+0000 7fc50de03700 1 --2- >> [v2:172.21.15.31:3300/0,v1:172.21.15.31:6789/0] conn(0x7fc5081090c0 0x7fc50819e670 unknown :-1 s=HELLO_CONNECTING pgs=0 cs=0 l=1 rev1=1 crypto rx=0 tx=0 comp rx=0 tx=0).handle_hello peer v2:172.21.15.31:3300/0 says I am v2:172.21.15.31:56856/0 (socket says 172.21.15.31:56856)
2024-04-25T13:10:10.565 INFO:teuthology.orchestra.run.smithi031.stdout:/usr/bin/ceph: stderr
2024-04-25T13:10:09.772+0000 7fc50de03700 1 -- 172.21.15.31:0/3393098102 learned_addr learned my addr 172.21.15.31:0/3393098102 (peer_addr_for_me v2:172.21.15.31:0/0)
2024-04-25T13:10:10.565 INFO:teuthology.orchestra.run.smithi031.stdout:/usr/bin/ceph: stderr
2024-04-25T13:10:09.772+0000 7fc50de03700 1 -- 172.21.15.31:0/3393098102 --> [v2:172.21.15.31:3300/0,v1:172.21.15.31:6789/0] -- mon_subscribe({config=0+,monmap=0+}) -- 0x7fc50819ebb0 con 0x7fc5081090c0
2024-04-25T13:10:10.565 INFO:teuthology.orchestra.run.smithi031.stdout:/usr/bin/ceph: stderr
2024-04-25T13:10:09.772+0000 7fc50de03700 1 --2- 172.21.15.31:0/3393098102 >> [v2:172.21.15.31:3300/0,v1:172.21.15.31:6789/0] conn(0x7fc5081090c0 0x7fc50819e670 secure :-1 s=READY pgs=40 cs=0 l=1 rev1=1 crypto rx=0x7fc504011ac0 tx=0x7fc504011ba0 comp rx=0 tx=0).ready entity=mon.0 client_cookie=0 server_cookie=0 in_seq=0 out_seq=0
2024-04-25T13:10:10.565 INFO:teuthology.orchestra.run.smithi031.stdout:/usr/bin/ceph: stderr
2024-04-25T13:10:09.773+0000 7fc4feffd700 1 -- 172.21.15.31:0/3393098102 <== mon.0 v2:172.21.15.31:3300/0 1 ==== mon_map magic: 0 ==== 205+0+0 (secure 0 0 0) 0x7fc504003b20 con 0x7fc5081090c0
2024-04-25T13:10:10.565 INFO:teuthology.orchestra.run.smithi031.stdout:/usr/bin/ceph: stderr
2024-04-25T13:10:09.773+0000 7fc4feffd700 1 -- 172.21.15.31:0/3393098102 <== mon.0 v2:172.21.15.31:3300/0 2 ==== config(26 keys) ==== 1070+0+0 (secure 0 0 0) 0x7fc50401a8c0 con 0x7fc5081090c0
2024-04-25T13:10:10.565 INFO:teuthology.orchestra.run.smithi031.stdout:/usr/bin/ceph: stderr
2024-04-25T13:10:09.773+0000 7fc4feffd700 1 -- 172.21.15.31:0/3393098102 <== mon.0 v2:172.21.15.31:3300/0 3 ==== mon_map magic: 0 ==== 205+0+0 (secure 0 0 0) 0x7fc5040248d0 con 0x7fc5081090c0
2024-04-25T13:10:10.566 INFO:teuthology.orchestra.run.smithi031.stdout:/usr/bin/ceph: stderr
2024-04-25T13:10:09.773+0000 7fc510067700 1 -- 172.21.15.31:0/3393098102 --> [v2:172.21.15.31:3300/0,v1:172.21.15.31:6789/0] -- mon_subscribe({mgrmap=0+}) -- 0x7fc50819ee40 con 0x7fc5081090c0
2024-04-25T13:10:10.566 INFO:teuthology.orchestra.run.smithi031.stdout:/usr/bin/ceph: stderr
2024-04-25T13:10:09.773+0000 7fc510067700 1 -- 172.21.15.31:0/3393098102 --> [v2:172.21.15.31:3300/0,v1:172.21.15.31:6789/0] -- mon_subscribe({osdmap=0}) -- 0x7fc5081a1b30 con 0x7fc5081090c0
2024-04-25T13:10:10.566 INFO:teuthology.orchestra.run.smithi031.stdout:/usr/bin/ceph: stderr
2024-04-25T13:10:09.774+0000 7fc4feffd700 1 -- 172.21.15.31:0/3393098102 <== mon.0 v2:172.21.15.31:3300/0 4 ==== mgrmap(e 8) ==== 46558+0+0 (secure 0 0 0) 0x7fc504022020 con 0x7fc5081090c0
2024-04-25T13:10:10.566 INFO:teuthology.orchestra.run.smithi031.stdout:/usr/bin/ceph: stderr
2024-04-25T13:10:09.774+0000 7fc510067700 1 -- 172.21.15.31:0/3393098102 --> [v2:172.21.15.31:3300/0,v1:172.21.15.31:6789/0] -- mon_command({"prefix": "get_command_descriptions"} v 0) -- 0x7fc5080640a0 con 0x7fc5081090c0
2024-04-25T13:10:10.566 INFO:teuthology.orchestra.run.smithi031.stdout:/usr/bin/ceph: stderr
2024-04-25T13:10:09.774+0000 7fc4feffd700 1 --2- 172.21.15.31:0/3393098102 >> [v2:172.21.15.31:6800/3047311576,v1:172.21.15.31:6801/3047311576] conn(0x7fc4f40395b0 0x7fc4f403ba70 unknown :-1 s=NONE pgs=0 cs=0 l=1 rev1=0 crypto rx=0 tx=0 comp rx=0 tx=0).connect
2024-04-25T13:10:10.566 INFO:teuthology.orchestra.run.smithi031.stdout:/usr/bin/ceph: stderr
2024-04-25T13:10:09.774+0000 7fc4feffd700 1 -- 172.21.15.31:0/3393098102 <== mon.0 v2:172.21.15.31:3300/0 5 ==== osd_map(2..2 src has 1..2) ==== 940+0+0 (secure 0 0 0) 0x7fc50404d8a0 con 0x7fc5081090c0
2024-04-25T13:10:10.566 INFO:teuthology.orchestra.run.smithi031.stdout:/usr/bin/ceph: stderr
2024-04-25T13:10:09.774+0000 7fc50d602700 1 --2- 172.21.15.31:0/3393098102 >> [v2:172.21.15.31:6800/3047311576,v1:172.21.15.31:6801/3047311576] conn(0x7fc4f40395b0 0x7fc4f403ba70 unknown :-1 s=BANNER_CONNECTING pgs=0 cs=0 l=1 rev1=0 crypto rx=0 tx=0 comp rx=0 tx=0)._handle_peer_banner_payload supported=3 required=0
2024-04-25T13:10:10.566 INFO:teuthology.orchestra.run.smithi031.stdout:/usr/bin/ceph: stderr
2024-04-25T13:10:09.775+0000 7fc50d602700 1 --2- 172.21.15.31:0/3393098102 >> [v2:172.21.15.31:6800/3047311576,v1:172.21.15.31:6801/3047311576] conn(0x7fc4f40395b0 0x7fc4f403ba70 secure :-1 s=READY pgs=10 cs=0 l=1 rev1=1 crypto rx=0x7fc4f8006fd0 tx=0x7fc4f8006e40 comp rx=0 tx=0).ready entity=mgr.14116 client_cookie=0 server_cookie=0 in_seq=0 out_seq=0
2024-04-25T13:10:10.566 INFO:teuthology.orchestra.run.smithi031.stdout:/usr/bin/ceph: stderr
2024-04-25T13:10:09.779+0000 7fc4feffd700 1 -- 172.21.15.31:0/3393098102 <== mon.0 v2:172.21.15.31:3300/0 6 ==== mon_command_ack([{"prefix": "get_command_descriptions"}]=0 v0) ==== 72+0+188370 (secure 0 0 0) 0x7fc50400f2e0 con 0x7fc5081090c0
2024-04-25T13:10:10.566 INFO:teuthology.orchestra.run.smithi031.stdout:/usr/bin/ceph: stderr
2024-04-25T13:10:09.991+0000 7fc510067700 1 -- 172.21.15.31:0/3393098102 --> [v2:172.21.15.31:6800/3047311576,v1:172.21.15.31:6801/3047311576] -- mgr_command(tid 0: {"prefix": "cephadm get-pub-key", "target": ["mon-mgr", ""]}) -- 0x7fc508103c10 con 0x7fc4f40395b0
2024-04-25T13:10:10.566 INFO:teuthology.orchestra.run.smithi031.stdout:/usr/bin/ceph: stderr
2024-04-25T13:10:09.992+0000 7fc4feffd700 1 -- 172.21.15.31:0/3393098102 <== mgr.14116 v2:172.21.15.31:6800/3047311576 1 ==== mgr_command_reply(tid 0: 0 ) ==== 8+0+595 (secure 0 0 0) 0x7fc508103c10 con 0x7fc4f40395b0
2024-04-25T13:10:10.566 INFO:teuthology.orchestra.run.smithi031.stdout:/usr/bin/ceph: stderr
2024-04-25T13:10:09.994+0000 7fc510067700 1 -- 172.21.15.31:0/3393098102 >> [v2:172.21.15.31:6800/3047311576,v1:172.21.15.31:6801/3047311576] conn(0x7fc4f40395b0 msgr2=0x7fc4f403ba70 secure :-1 s=STATE_CONNECTION_ESTABLISHED l=1).mark_down
2024-04-25T13:10:10.566 INFO:teuthology.orchestra.run.smithi031.stdout:/usr/bin/ceph: stderr
2024-04-25T13:10:09.994+0000 7fc510067700 1 --2- 172.21.15.31:0/3393098102 >> [v2:172.21.15.31:6800/3047311576,v1:172.21.15.31:6801/3047311576] conn(0x7fc4f40395b0 0x7fc4f403ba70 secure :-1 s=READY pgs=10 cs=0 l=1 rev1=1 crypto rx=0x7fc4f8006fd0 tx=0x7fc4f8006e40 comp rx=0 tx=0).stop
2024-04-25T13:10:10.567 INFO:teuthology.orchestra.run.smithi031.stdout:/usr/bin/ceph: stderr
2024-04-25T13:10:09.994+0000 7fc510067700 1 -- 172.21.15.31:0/3393098102 >> [v2:172.21.15.31:3300/0,v1:172.21.15.31:6789/0] conn(0x7fc5081090c0 msgr2=0x7fc50819e670 secure :-1 s=STATE_CONNECTION_ESTABLISHED l=1).mark_down
2024-04-25T13:10:10.567 INFO:teuthology.orchestra.run.smithi031.stdout:/usr/bin/ceph: stderr
2024-04-25T13:10:09.994+0000 7fc510067700 1 --2- 172.21.15.31:0/3393098102 >> [v2:172.21.15.31:3300/0,v1:172.21.15.31:6789/0] conn(0x7fc5081090c0 0x7fc50819e670 secure :-1 s=READY pgs=40 cs=0 l=1 rev1=1 crypto rx=0x7fc504011ac0 tx=0x7fc504011ba0 comp rx=0 tx=0).stop
2024-04-25T13:10:10.567 INFO:teuthology.orchestra.run.smithi031.stdout:/usr/bin/ceph: stderr
2024-04-25T13:10:09.994+0000 7fc510067700 1 -- 172.21.15.31:0/3393098102 shutdown_connections
2024-04-25T13:10:10.567 INFO:teuthology.orchestra.run.smithi031.stdout:/usr/bin/ceph: stderr
2024-04-25T13:10:09.994+0000 7fc510067700 1 --2- 172.21.15.31:0/3393098102 >> [v2:172.21.15.31:6800/3047311576,v1:172.21.15.31:6801/3047311576] conn(0x7fc4f40395b0 0x7fc4f403ba70 unknown :-1 s=CLOSED pgs=10 cs=0 l=1 rev1=1 crypto rx=0 tx=0 comp rx=0 tx=0).stop
2024-04-25T13:10:10.567 INFO:teuthology.orchestra.run.smithi031.stdout:/usr/bin/ceph: stderr
2024-04-25T13:10:09.994+0000 7fc510067700 1 --2- 172.21.15.31:0/3393098102 >> [v2:172.21.15.31:3300/0,v1:172.21.15.31:6789/0] conn(0x7fc5081090c0 0x7fc50819e670 unknown :-1 s=CLOSED pgs=40 cs=0 l=1 rev1=1 crypto rx=0 tx=0 comp rx=0 tx=0).stop
2024-04-25T13:10:10.567 INFO:teuthology.orchestra.run.smithi031.stdout:/usr/bin/ceph: stderr
2024-04-25T13:10:09.994+0000 7fc510067700 1 -- 172.21.15.31:0/3393098102 >> 172.21.15.31:0/3393098102 conn(0x7fc508102a90 msgr2=0x7fc508103500 unknown :-1 s=STATE_NONE l=0).mark_down
2024-04-25T13:10:10.567 INFO:teuthology.orchestra.run.smithi031.stdout:/usr/bin/ceph: stderr
2024-04-25T13:10:09.995+0000 7fc510067700 1 -- 172.21.15.31:0/3393098102 shutdown_connections
2024-04-25T13:10:10.567 INFO:teuthology.orchestra.run.smithi031.stdout:/usr/bin/ceph: stderr
2024-04-25T13:10:09.995+0000 7fc510067700 1 -- 172.21.15.31:0/3393098102 wait complete.
2024-04-25T13:10:10.567 INFO:teuthology.orchestra.run.smithi031.stdout:Wrote public SSH key to /home/ubuntu/cephtest/ceph.pub
2024-04-25T13:10:10.567 INFO:teuthology.orchestra.run.smithi031.stdout:Adding key to root@localhost authorized_keys...
2024-04-25T13:10:10.567 INFO:teuthology.orchestra.run.smithi031.stdout:Adding host smithi031...
2024-04-25T13:10:10.855 INFO:journalctl@ceph.mon.a.smithi031.stdout:Apr 25 13:10:10 smithi031 ceph-mon[29457]: from='client.14134 -' entity='client.admin' cmd=[{"prefix": "cephadm get-pub-key", "target": ["mon-mgr", ""]}]: dispatch
2024-04-25T13:10:12.080 INFO:journalctl@ceph.mon.a.smithi031.stdout:Apr 25 13:10:11 smithi031 ceph-mon[29457]: from='client.14136 -' entity='client.admin' cmd=[{"prefix": "orch host add", "hostname": "smithi031", "addr": "172.21.15.31", "target": ["mon-mgr", ""]}]: dispatch
2024-04-25T13:10:13.233 INFO:journalctl@ceph.mon.a.smithi031.stdout:Apr 25 13:10:12 smithi031 ceph-mon[29457]: Deploying cephadm binary to smithi031
2024-04-25T13:10:15.976 INFO:teuthology.orchestra.run.smithi031.stdout:/usr/bin/ceph: stdout Added host 'smithi031' with addr '172.21.15.31'
2024-04-25T13:10:15.976 INFO:teuthology.orchestra.run.smithi031.stdout:/usr/bin/ceph: stderr
2024-04-25T13:10:10.968+0000 7f08b808f700 1 Processor -- start
2024-04-25T13:10:15.976 INFO:teuthology.orchestra.run.smithi031.stdout:/usr/bin/ceph: stderr
2024-04-25T13:10:10.968+0000 7f08b808f700 1 -- start start
2024-04-25T13:10:15.976 INFO:teuthology.orchestra.run.smithi031.stdout:/usr/bin/ceph: stderr
2024-04-25T13:10:10.968+0000 7f08b808f700 1 --2- >> [v2:172.21.15.31:3300/0,v1:172.21.15.31:6789/0] conn(0x7f08b01090a0 0x7f08b010b490 unknown :-1 s=NONE pgs=0 cs=0 l=0 rev1=0 crypto rx=0 tx=0 comp rx=0 tx=0).connect
2024-04-25T13:10:15.977 INFO:teuthology.orchestra.run.smithi031.stdout:/usr/bin/ceph: stderr
2024-04-25T13:10:10.968+0000 7f08b808f700 1 -- --> [v2:172.21.15.31:3300/0,v1:172.21.15.31:6789/0] -- mon_getmap magic: 0 -- 0x7f08b007be30 con 0x7f08b01090a0
2024-04-25T13:10:15.977 INFO:teuthology.orchestra.run.smithi031.stdout:/usr/bin/ceph: stderr
2024-04-25T13:10:10.968+0000 7f08b5e2b700 1 --2- >> [v2:172.21.15.31:3300/0,v1:172.21.15.31:6789/0] conn(0x7f08b01090a0 0x7f08b010b490 unknown :-1 s=BANNER_CONNECTING pgs=0 cs=0 l=0 rev1=0 crypto rx=0 tx=0 comp rx=0 tx=0)._handle_peer_banner_payload supported=3 required=0
2024-04-25T13:10:15.977 INFO:teuthology.orchestra.run.smithi031.stdout:/usr/bin/ceph: stderr
2024-04-25T13:10:10.968+0000 7f08b5e2b700 1 --2- >> [v2:172.21.15.31:3300/0,v1:172.21.15.31:6789/0] conn(0x7f08b01090a0 0x7f08b010b490 unknown :-1 s=HELLO_CONNECTING pgs=0 cs=0 l=0 rev1=1 crypto rx=0 tx=0 comp rx=0 tx=0).handle_hello peer v2:172.21.15.31:3300/0 says I am v2:172.21.15.31:56872/0 (socket says 172.21.15.31:56872)
2024-04-25T13:10:15.977 INFO:teuthology.orchestra.run.smithi031.stdout:/usr/bin/ceph: stderr
2024-04-25T13:10:10.969+0000 7f08b5e2b700 1 -- 172.21.15.31:0/2451121942 learned_addr learned my addr 172.21.15.31:0/2451121942 (peer_addr_for_me v2:172.21.15.31:0/0)
2024-04-25T13:10:15.977 INFO:teuthology.orchestra.run.smithi031.stdout:/usr/bin/ceph: stderr
2024-04-25T13:10:10.969+0000 7f08b5e2b700 1 -- 172.21.15.31:0/2451121942 --> [v2:172.21.15.31:3300/0,v1:172.21.15.31:6789/0] -- mon_subscribe({config=0+,monmap=0+}) -- 0x7f08b010b9d0 con 0x7f08b01090a0
2024-04-25T13:10:15.977 INFO:teuthology.orchestra.run.smithi031.stdout:/usr/bin/ceph: stderr
2024-04-25T13:10:10.969+0000 7f08b5e2b700 1 --2- 172.21.15.31:0/2451121942 >> [v2:172.21.15.31:3300/0,v1:172.21.15.31:6789/0] conn(0x7f08b01090a0 0x7f08b010b490 secure :-1 s=READY pgs=41 cs=0 l=1 rev1=1 crypto rx=0x7f08ac0098a0 tx=0x7f08ac009bb0 comp rx=0 tx=0).ready entity=mon.0 client_cookie=d304f2d387b3d494 server_cookie=0 in_seq=0 out_seq=0
2024-04-25T13:10:15.977 INFO:teuthology.orchestra.run.smithi031.stdout:/usr/bin/ceph: stderr
2024-04-25T13:10:10.969+0000 7f08b4e29700 1 -- 172.21.15.31:0/2451121942 <== mon.0 v2:172.21.15.31:3300/0 1 ==== mon_map magic: 0 ==== 205+0+0 (secure 0 0 0) 0x7f08ac004160 con 0x7f08b01090a0
2024-04-25T13:10:15.977 INFO:teuthology.orchestra.run.smithi031.stdout:/usr/bin/ceph: stderr
2024-04-25T13:10:10.969+0000 7f08b4e29700 1 -- 172.21.15.31:0/2451121942 <== mon.0 v2:172.21.15.31:3300/0 2 ==== config(26 keys) ==== 1070+0+0 (secure 0 0 0) 0x7f08ac004300 con 0x7f08b01090a0
2024-04-25T13:10:15.977 INFO:teuthology.orchestra.run.smithi031.stdout:/usr/bin/ceph: stderr
2024-04-25T13:10:10.969+0000 7f08b4e29700 1 -- 172.21.15.31:0/2451121942 <== mon.0 v2:172.21.15.31:3300/0 3 ==== mon_map magic: 0 ==== 205+0+0 (secure 0 0 0) 0x7f08ac011af0 con 0x7f08b01090a0
2024-04-25T13:10:15.977 INFO:teuthology.orchestra.run.smithi031.stdout:/usr/bin/ceph: stderr
2024-04-25T13:10:10.970+0000 7f08b808f700 1 -- 172.21.15.31:0/2451121942 >> [v2:172.21.15.31:3300/0,v1:172.21.15.31:6789/0] conn(0x7f08b01090a0 msgr2=0x7f08b010b490 secure :-1 s=STATE_CONNECTION_ESTABLISHED l=1).mark_down
2024-04-25T13:10:15.977 INFO:teuthology.orchestra.run.smithi031.stdout:/usr/bin/ceph: stderr
2024-04-25T13:10:10.970+0000 7f08b808f700 1 --2- 172.21.15.31:0/2451121942 >> [v2:172.21.15.31:3300/0,v1:172.21.15.31:6789/0] conn(0x7f08b01090a0 0x7f08b010b490 secure :-1 s=READY pgs=41 cs=0 l=1 rev1=1 crypto rx=0x7f08ac0098a0 tx=0x7f08ac009bb0 comp rx=0 tx=0).stop
2024-04-25T13:10:15.977 INFO:teuthology.orchestra.run.smithi031.stdout:/usr/bin/ceph: stderr
2024-04-25T13:10:10.970+0000 7f08b808f700 1 -- 172.21.15.31:0/2451121942 shutdown_connections
2024-04-25T13:10:15.977 INFO:teuthology.orchestra.run.smithi031.stdout:/usr/bin/ceph: stderr
2024-04-25T13:10:10.970+0000 7f08b808f700 1 --2- 172.21.15.31:0/2451121942 >> [v2:172.21.15.31:3300/0,v1:172.21.15.31:6789/0] conn(0x7f08b01090a0 0x7f08b010b490 unknown :-1 s=CLOSED pgs=41 cs=0 l=1 rev1=1 crypto rx=0 tx=0 comp rx=0 tx=0).stop
2024-04-25T13:10:15.978 INFO:teuthology.orchestra.run.smithi031.stdout:/usr/bin/ceph: stderr
2024-04-25T13:10:10.970+0000 7f08b808f700 1 -- 172.21.15.31:0/2451121942 >> 172.21.15.31:0/2451121942 conn(0x7f08b0102ad0 msgr2=0x7f08b0104ef0 unknown :-1 s=STATE_NONE l=0).mark_down
2024-04-25T13:10:15.978 INFO:teuthology.orchestra.run.smithi031.stdout:/usr/bin/ceph: stderr
2024-04-25T13:10:10.970+0000 7f08b808f700 1 -- 172.21.15.31:0/2451121942 shutdown_connections
2024-04-25T13:10:15.978 INFO:teuthology.orchestra.run.smithi031.stdout:/usr/bin/ceph: stderr
2024-04-25T13:10:10.970+0000 7f08b808f700 1 -- 172.21.15.31:0/2451121942 wait complete.
2024-04-25T13:10:15.978 INFO:teuthology.orchestra.run.smithi031.stdout:/usr/bin/ceph: stderr
2024-04-25T13:10:10.970+0000 7f08b808f700 1 Processor -- start
2024-04-25T13:10:15.978 INFO:teuthology.orchestra.run.smithi031.stdout:/usr/bin/ceph: stderr
2024-04-25T13:10:10.971+0000 7f08b808f700 1 -- start start
2024-04-25T13:10:15.978 INFO:teuthology.orchestra.run.smithi031.stdout:/usr/bin/ceph: stderr
2024-04-25T13:10:10.971+0000 7f08b808f700 1 --2- >> [v2:172.21.15.31:3300/0,v1:172.21.15.31:6789/0] conn(0x7f08b01090a0 0x7f08b0108920 unknown :-1 s=NONE pgs=0 cs=0 l=1 rev1=0 crypto rx=0 tx=0 comp rx=0 tx=0).connect
2024-04-25T13:10:15.978 INFO:teuthology.orchestra.run.smithi031.stdout:/usr/bin/ceph: stderr
2024-04-25T13:10:10.971+0000 7f08b808f700 1 -- --> [v2:172.21.15.31:3300/0,v1:172.21.15.31:6789/0] -- mon_getmap magic: 0 -- 0x7f08b010c8d0 con 0x7f08b01090a0
2024-04-25T13:10:15.978 INFO:teuthology.orchestra.run.smithi031.stdout:/usr/bin/ceph: stderr
2024-04-25T13:10:10.971+0000 7f08b5e2b700 1 --2- >> [v2:172.21.15.31:3300/0,v1:172.21.15.31:6789/0] conn(0x7f08b01090a0 0x7f08b0108920 unknown :-1 s=BANNER_CONNECTING pgs=0 cs=0 l=1 rev1=0 crypto rx=0 tx=0 comp rx=0 tx=0)._handle_peer_banner_payload supported=3 required=0
2024-04-25T13:10:15.978 INFO:teuthology.orchestra.run.smithi031.stdout:/usr/bin/ceph: stderr
2024-04-25T13:10:10.971+0000 7f08b5e2b700 1 --2- >> [v2:172.21.15.31:3300/0,v1:172.21.15.31:6789/0] conn(0x7f08b01090a0 0x7f08b0108920 unknown :-1 s=HELLO_CONNECTING pgs=0 cs=0 l=1 rev1=1 crypto rx=0 tx=0 comp rx=0 tx=0).handle_hello peer v2:172.21.15.31:3300/0 says I am v2:172.21.15.31:56882/0 (socket says 172.21.15.31:56882)
2024-04-25T13:10:15.978 INFO:teuthology.orchestra.run.smithi031.stdout:/usr/bin/ceph: stderr
2024-04-25T13:10:10.971+0000 7f08b5e2b700 1 -- 172.21.15.31:0/302687720 learned_addr learned my addr 172.21.15.31:0/302687720 (peer_addr_for_me v2:172.21.15.31:0/0)
2024-04-25T13:10:15.978 INFO:teuthology.orchestra.run.smithi031.stdout:/usr/bin/ceph: stderr
2024-04-25T13:10:10.971+0000 7f08b5e2b700 1 -- 172.21.15.31:0/302687720 --> [v2:172.21.15.31:3300/0,v1:172.21.15.31:6789/0] -- mon_subscribe({config=0+,monmap=0+}) -- 0x7f08b0108e60 con 0x7f08b01090a0
2024-04-25T13:10:15.978 INFO:teuthology.orchestra.run.smithi031.stdout:/usr/bin/ceph: stderr
2024-04-25T13:10:10.971+0000 7f08b5e2b700 1 --2- 172.21.15.31:0/302687720 >> [v2:172.21.15.31:3300/0,v1:172.21.15.31:6789/0] conn(0x7f08b01090a0 0x7f08b0108920 secure :-1 s=READY pgs=42 cs=0 l=1 rev1=1 crypto rx=0x7f08ac011ac0 tx=0x7f08ac011ba0 comp rx=0 tx=0).ready entity=mon.0 client_cookie=0 server_cookie=0 in_seq=0 out_seq=0
2024-04-25T13:10:15.979 INFO:teuthology.orchestra.run.smithi031.stdout:/usr/bin/ceph: stderr
2024-04-25T13:10:10.971+0000 7f08a6ffd700 1 -- 172.21.15.31:0/302687720 <== mon.0 v2:172.21.15.31:3300/0 1 ==== mon_map magic: 0 ==== 205+0+0 (secure 0 0 0) 0x7f08ac003b20 con 0x7f08b01090a0
2024-04-25T13:10:15.979 INFO:teuthology.orchestra.run.smithi031.stdout:/usr/bin/ceph: stderr
2024-04-25T13:10:10.972+0000 7f08a6ffd700 1 -- 172.21.15.31:0/302687720 <== mon.0 v2:172.21.15.31:3300/0 2 ==== config(26 keys) ==== 1070+0+0 (secure 0 0 0) 0x7f08ac01a8c0 con 0x7f08b01090a0
2024-04-25T13:10:15.979 INFO:teuthology.orchestra.run.smithi031.stdout:/usr/bin/ceph: stderr
2024-04-25T13:10:10.972+0000 7f08b808f700 1 -- 172.21.15.31:0/302687720 --> [v2:172.21.15.31:3300/0,v1:172.21.15.31:6789/0] -- mon_subscribe({mgrmap=0+}) -- 0x7f08b0107050 con 0x7f08b01090a0
2024-04-25T13:10:15.979 INFO:teuthology.orchestra.run.smithi031.stdout:/usr/bin/ceph: stderr
2024-04-25T13:10:10.972+0000 7f08a6ffd700 1 -- 172.21.15.31:0/302687720 <== mon.0 v2:172.21.15.31:3300/0 3 ==== mon_map magic: 0 ==== 205+0+0 (secure 0 0 0) 0x7f08ac0248d0 con 0x7f08b01090a0
2024-04-25T13:10:15.979 INFO:teuthology.orchestra.run.smithi031.stdout:/usr/bin/ceph: stderr
2024-04-25T13:10:10.972+0000 7f08b808f700 1 -- 172.21.15.31:0/302687720 --> [v2:172.21.15.31:3300/0,v1:172.21.15.31:6789/0] -- mon_subscribe({osdmap=0}) -- 0x7f08b0107590 con 0x7f08b01090a0
2024-04-25T13:10:15.979 INFO:teuthology.orchestra.run.smithi031.stdout:/usr/bin/ceph: stderr
2024-04-25T13:10:10.972+0000 7f08a6ffd700 1 -- 172.21.15.31:0/302687720 <== mon.0 v2:172.21.15.31:3300/0 4 ==== mgrmap(e 8) ==== 46558+0+0 (secure 0 0 0) 0x7f08ac022020 con 0x7f08b01090a0
2024-04-25T13:10:15.979 INFO:teuthology.orchestra.run.smithi031.stdout:/usr/bin/ceph: stderr
2024-04-25T13:10:10.973+0000 7f08b808f700 1 -- 172.21.15.31:0/302687720 --> [v2:172.21.15.31:3300/0,v1:172.21.15.31:6789/0] -- mon_command({"prefix": "get_command_descriptions"} v 0) -- 0x7f08b00640a0 con 0x7f08b01090a0
2024-04-25T13:10:15.979 INFO:teuthology.orchestra.run.smithi031.stdout:/usr/bin/ceph: stderr
2024-04-25T13:10:10.973+0000 7f08a6ffd700 1 --2- 172.21.15.31:0/302687720 >> [v2:172.21.15.31:6800/3047311576,v1:172.21.15.31:6801/3047311576] conn(0x7f089c039600 0x7f089c03bac0 unknown :-1 s=NONE pgs=0 cs=0 l=1 rev1=0 crypto rx=0 tx=0 comp rx=0 tx=0).connect
2024-04-25T13:10:15.979 INFO:teuthology.orchestra.run.smithi031.stdout:/usr/bin/ceph: stderr
2024-04-25T13:10:10.973+0000 7f08a6ffd700 1 -- 172.21.15.31:0/302687720 <== mon.0 v2:172.21.15.31:3300/0 5 ==== osd_map(2..2 src has 1..2) ==== 940+0+0 (secure 0 0 0) 0x7f08ac04d8a0 con 0x7f08b01090a0
2024-04-25T13:10:15.979 INFO:teuthology.orchestra.run.smithi031.stdout:/usr/bin/ceph: stderr
2024-04-25T13:10:10.973+0000 7f08b562a700 1 --2- 172.21.15.31:0/302687720 >> [v2:172.21.15.31:6800/3047311576,v1:172.21.15.31:6801/3047311576] conn(0x7f089c039600 0x7f089c03bac0 unknown :-1 s=BANNER_CONNECTING pgs=0 cs=0 l=1 rev1=0 crypto rx=0 tx=0 comp rx=0 tx=0)._handle_peer_banner_payload supported=3 required=0
2024-04-25T13:10:15.979 INFO:teuthology.orchestra.run.smithi031.stdout:/usr/bin/ceph: stderr
2024-04-25T13:10:10.973+0000 7f08b562a700 1 --2- 172.21.15.31:0/302687720 >> [v2:172.21.15.31:6800/3047311576,v1:172.21.15.31:6801/3047311576] conn(0x7f089c039600 0x7f089c03bac0 secure :-1 s=READY pgs=11 cs=0 l=1 rev1=1 crypto rx=0x7f08a0006fd0 tx=0x7f08a0006e40 comp rx=0 tx=0).ready entity=mgr.14116 client_cookie=0 server_cookie=0 in_seq=0 out_seq=0
2024-04-25T13:10:15.979 INFO:teuthology.orchestra.run.smithi031.stdout:/usr/bin/ceph: stderr
2024-04-25T13:10:10.978+0000 7f08a6ffd700 1 -- 172.21.15.31:0/302687720 <== mon.0 v2:172.21.15.31:3300/0 6 ==== mon_command_ack([{"prefix": "get_command_descriptions"}]=0 v0) ==== 72+0+188370 (secure 0 0 0) 0x7f08ac0172b0 con 0x7f08b01090a0
2024-04-25T13:10:15.979 INFO:teuthology.orchestra.run.smithi031.stdout:/usr/bin/ceph: stderr
2024-04-25T13:10:11.190+0000 7f08b808f700 1 -- 172.21.15.31:0/302687720 --> [v2:172.21.15.31:6800/3047311576,v1:172.21.15.31:6801/3047311576] -- mgr_command(tid 0: {"prefix": "orch host add", "hostname": "smithi031", "addr": "172.21.15.31", "target": ["mon-mgr", ""]}) -- 0x7f08b0103cd0 con 0x7f089c039600
2024-04-25T13:10:15.979 INFO:teuthology.orchestra.run.smithi031.stdout:/usr/bin/ceph: stderr
2024-04-25T13:10:15.385+0000 7f08a6ffd700 1 -- 172.21.15.31:0/302687720 <== mgr.14116 v2:172.21.15.31:6800/3047311576 1 ==== mgr_command_reply(tid 0: 0 ) ==== 8+0+48 (secure 0 0 0) 0x7f08b0103cd0 con 0x7f089c039600
2024-04-25T13:10:15.980 INFO:teuthology.orchestra.run.smithi031.stdout:/usr/bin/ceph: stderr
2024-04-25T13:10:15.388+0000 7f08b808f700 1 -- 172.21.15.31:0/302687720 >> [v2:172.21.15.31:6800/3047311576,v1:172.21.15.31:6801/3047311576] conn(0x7f089c039600 msgr2=0x7f089c03bac0 secure :-1 s=STATE_CONNECTION_ESTABLISHED l=1).mark_down
2024-04-25T13:10:15.980 INFO:teuthology.orchestra.run.smithi031.stdout:/usr/bin/ceph: stderr
2024-04-25T13:10:15.388+0000 7f08b808f700 1 --2- 172.21.15.31:0/302687720 >> [v2:172.21.15.31:6800/3047311576,v1:172.21.15.31:6801/3047311576] conn(0x7f089c039600 0x7f089c03bac0 secure :-1 s=READY pgs=11 cs=0 l=1 rev1=1 crypto rx=0x7f08a0006fd0 tx=0x7f08a0006e40 comp rx=0 tx=0).stop
2024-04-25T13:10:15.980 INFO:teuthology.orchestra.run.smithi031.stdout:/usr/bin/ceph: stderr
2024-04-25T13:10:15.388+0000 7f08b808f700 1 -- 172.21.15.31:0/302687720 >> [v2:172.21.15.31:3300/0,v1:172.21.15.31:6789/0] conn(0x7f08b01090a0 msgr2=0x7f08b0108920 secure :-1 s=STATE_CONNECTION_ESTABLISHED l=1).mark_down
2024-04-25T13:10:15.980 INFO:teuthology.orchestra.run.smithi031.stdout:/usr/bin/ceph: stderr
