2024-04-25T13:17:08.547+0000 7f6ceeb8b700 1 --2- >> [v2:172.21.15.132:3300/0,v1:172.21.15.132:6789/0] conn(0x7f6ce8106d00 0x7f6ce819e5c0 unknown :-1 s=NONE pgs=0 cs=0 l=1 rev1=0 crypto rx=0 tx=0 comp rx=0 tx=0).connect
2024-04-25T13:17:09.436 INFO:teuthology.orchestra.run.smithi132.stdout:/usr/bin/ceph: stderr
2024-04-25T13:17:08.547+0000 7f6ceeb8b700 1 -- --> [v2:172.21.15.132:3300/0,v1:172.21.15.132:6789/0] -- mon_getmap magic: 0 -- 0x7f6ce8108690 con 0x7f6ce8106d00
2024-04-25T13:17:09.436 INFO:teuthology.orchestra.run.smithi132.stdout:/usr/bin/ceph: stderr
2024-04-25T13:17:08.547+0000 7f6cec927700 1 --2- >> [v2:172.21.15.132:3300/0,v1:172.21.15.132:6789/0] conn(0x7f6ce8106d00 0x7f6ce819e5c0 unknown :-1 s=BANNER_CONNECTING pgs=0 cs=0 l=1 rev1=0 crypto rx=0 tx=0 comp rx=0 tx=0)._handle_peer_banner_payload supported=3 required=0
2024-04-25T13:17:09.436 INFO:teuthology.orchestra.run.smithi132.stdout:/usr/bin/ceph: stderr
2024-04-25T13:17:08.547+0000 7f6cec927700 1 --2- >> [v2:172.21.15.132:3300/0,v1:172.21.15.132:6789/0] conn(0x7f6ce8106d00 0x7f6ce819e5c0 unknown :-1 s=HELLO_CONNECTING pgs=0 cs=0 l=1 rev1=1 crypto rx=0 tx=0 comp rx=0 tx=0).handle_hello peer v2:172.21.15.132:3300/0 says I am v2:172.21.15.132:56702/0 (socket says 172.21.15.132:56702)
2024-04-25T13:17:09.436 INFO:teuthology.orchestra.run.smithi132.stdout:/usr/bin/ceph: stderr
2024-04-25T13:17:08.547+0000 7f6cec927700 1 -- 172.21.15.132:0/1127389771 learned_addr learned my addr 172.21.15.132:0/1127389771 (peer_addr_for_me v2:172.21.15.132:0/0)
2024-04-25T13:17:09.436 INFO:teuthology.orchestra.run.smithi132.stdout:/usr/bin/ceph: stderr
2024-04-25T13:17:08.547+0000 7f6cec927700 1 -- 172.21.15.132:0/1127389771 --> [v2:172.21.15.132:3300/0,v1:172.21.15.132:6789/0] -- mon_subscribe({config=0+,monmap=0+}) -- 0x7f6ce819eb00 con 0x7f6ce8106d00
2024-04-25T13:17:09.436 INFO:teuthology.orchestra.run.smithi132.stdout:/usr/bin/ceph: stderr
2024-04-25T13:17:08.547+0000 7f6cec927700 1 --2- 172.21.15.132:0/1127389771 >> [v2:172.21.15.132:3300/0,v1:172.21.15.132:6789/0] conn(0x7f6ce8106d00 0x7f6ce819e5c0 secure :-1 s=READY pgs=42 cs=0 l=1 rev1=1 crypto rx=0x7f6cdc009fb0 tx=0x7f6cdc011940 comp rx=0 tx=0).ready entity=mon.0 client_cookie=0 server_cookie=0 in_seq=0 out_seq=0
2024-04-25T13:17:09.436 INFO:teuthology.orchestra.run.smithi132.stdout:/usr/bin/ceph: stderr
2024-04-25T13:17:08.547+0000 7f6ce5ffb700 1 -- 172.21.15.132:0/1127389771 <== mon.0 v2:172.21.15.132:3300/0 1 ==== mon_map magic: 0 ==== 205+0+0 (secure 0 0 0) 0x7f6cdc0036a0 con 0x7f6ce8106d00
2024-04-25T13:17:09.436 INFO:teuthology.orchestra.run.smithi132.stdout:/usr/bin/ceph: stderr
2024-04-25T13:17:08.547+0000 7f6ce5ffb700 1 -- 172.21.15.132:0/1127389771 <== mon.0 v2:172.21.15.132:3300/0 2 ==== config(26 keys) ==== 1070+0+0 (secure 0 0 0) 0x7f6cdc01a430 con 0x7f6ce8106d00
2024-04-25T13:17:09.436 INFO:teuthology.orchestra.run.smithi132.stdout:/usr/bin/ceph: stderr
2024-04-25T13:17:08.547+0000 7f6ceeb8b700 1 -- 172.21.15.132:0/1127389771 --> [v2:172.21.15.132:3300/0,v1:172.21.15.132:6789/0] -- mon_subscribe({mgrmap=0+}) -- 0x7f6ce819ed90 con 0x7f6ce8106d00
2024-04-25T13:17:09.437 INFO:teuthology.orchestra.run.smithi132.stdout:/usr/bin/ceph: stderr
2024-04-25T13:17:08.547+0000 7f6ce5ffb700 1 -- 172.21.15.132:0/1127389771 <== mon.0 v2:172.21.15.132:3300/0 3 ==== mon_map magic: 0 ==== 205+0+0 (secure 0 0 0) 0x7f6cdc019550 con 0x7f6ce8106d00
2024-04-25T13:17:09.437 INFO:teuthology.orchestra.run.smithi132.stdout:/usr/bin/ceph: stderr
2024-04-25T13:17:08.548+0000 7f6ceeb8b700 1 -- 172.21.15.132:0/1127389771 --> [v2:172.21.15.132:3300/0,v1:172.21.15.132:6789/0] -- mon_subscribe({osdmap=0}) -- 0x7f6ce81a1a80 con 0x7f6ce8106d00
2024-04-25T13:17:09.437 INFO:teuthology.orchestra.run.smithi132.stdout:/usr/bin/ceph: stderr
2024-04-25T13:17:08.548+0000 7f6ce5ffb700 1 -- 172.21.15.132:0/1127389771 <== mon.0 v2:172.21.15.132:3300/0 4 ==== mgrmap(e 8) ==== 46558+0+0 (secure 0 0 0) 0x7f6cdc019850 con 0x7f6ce8106d00
2024-04-25T13:17:09.437 INFO:teuthology.orchestra.run.smithi132.stdout:/usr/bin/ceph: stderr
2024-04-25T13:17:08.548+0000 7f6ceeb8b700 1 -- 172.21.15.132:0/1127389771 --> [v2:172.21.15.132:3300/0,v1:172.21.15.132:6789/0] -- mon_command({"prefix": "get_command_descriptions"} v 0) -- 0x7f6ce80640a0 con 0x7f6ce8106d00
2024-04-25T13:17:09.437 INFO:teuthology.orchestra.run.smithi132.stdout:/usr/bin/ceph: stderr
2024-04-25T13:17:08.549+0000 7f6ce5ffb700 1 --2- 172.21.15.132:0/1127389771 >> [v2:172.21.15.132:6800/3731525834,v1:172.21.15.132:6801/3731525834] conn(0x7f6cd8039560 0x7f6cd803ba20 unknown :-1 s=NONE pgs=0 cs=0 l=1 rev1=0 crypto rx=0 tx=0 comp rx=0 tx=0).connect
2024-04-25T13:17:09.437 INFO:teuthology.orchestra.run.smithi132.stdout:/usr/bin/ceph: stderr
2024-04-25T13:17:08.549+0000 7f6ce5ffb700 1 -- 172.21.15.132:0/1127389771 <== mon.0 v2:172.21.15.132:3300/0 5 ==== osd_map(2..2 src has 1..2) ==== 940+0+0 (secure 0 0 0) 0x7f6cdc04da30 con 0x7f6ce8106d00
2024-04-25T13:17:09.437 INFO:teuthology.orchestra.run.smithi132.stdout:/usr/bin/ceph: stderr
2024-04-25T13:17:08.549+0000 7f6ce7fff700 1 --2- 172.21.15.132:0/1127389771 >> [v2:172.21.15.132:6800/3731525834,v1:172.21.15.132:6801/3731525834] conn(0x7f6cd8039560 0x7f6cd803ba20 unknown :-1 s=BANNER_CONNECTING pgs=0 cs=0 l=1 rev1=0 crypto rx=0 tx=0 comp rx=0 tx=0)._handle_peer_banner_payload supported=3 required=0
2024-04-25T13:17:09.437 INFO:teuthology.orchestra.run.smithi132.stdout:/usr/bin/ceph: stderr
2024-04-25T13:17:08.549+0000 7f6ce7fff700 1 --2- 172.21.15.132:0/1127389771 >> [v2:172.21.15.132:6800/3731525834,v1:172.21.15.132:6801/3731525834] conn(0x7f6cd8039560 0x7f6cd803ba20 secure :-1 s=READY pgs=9 cs=0 l=1 rev1=1 crypto rx=0x7f6cd4006fd0 tx=0x7f6cd4006e40 comp rx=0 tx=0).ready entity=mgr.14120 client_cookie=0 server_cookie=0 in_seq=0 out_seq=0
2024-04-25T13:17:09.437 INFO:teuthology.orchestra.run.smithi132.stdout:/usr/bin/ceph: stderr
2024-04-25T13:17:08.554+0000 7f6ce5ffb700 1 -- 172.21.15.132:0/1127389771 <== mon.0 v2:172.21.15.132:3300/0 6 ==== mon_command_ack([{"prefix": "get_command_descriptions"}]=0 v0) ==== 72+0+188370 (secure 0 0 0) 0x7f6cdc00bc40 con 0x7f6ce8106d00
2024-04-25T13:17:09.437 INFO:teuthology.orchestra.run.smithi132.stdout:/usr/bin/ceph: stderr
2024-04-25T13:17:08.750+0000 7f6ceeb8b700 1 -- 172.21.15.132:0/1127389771 --> [v2:172.21.15.132:6800/3731525834,v1:172.21.15.132:6801/3731525834] -- mgr_command(tid 0: {"prefix": "cephadm generate-key", "target": ["mon-mgr", ""]}) -- 0x7f6ce80008d0 con 0x7f6cd8039560
2024-04-25T13:17:09.437 INFO:teuthology.orchestra.run.smithi132.stdout:/usr/bin/ceph: stderr
2024-04-25T13:17:08.865+0000 7f6ce5ffb700 1 -- 172.21.15.132:0/1127389771 <== mgr.14120 v2:172.21.15.132:6800/3731525834 1 ==== mgr_command_reply(tid 0: 0 ) ==== 8+0+0 (secure 0 0 0) 0x7f6ce80008d0 con 0x7f6cd8039560
2024-04-25T13:17:09.437 INFO:teuthology.orchestra.run.smithi132.stdout:/usr/bin/ceph: stderr
2024-04-25T13:17:08.867+0000 7f6ceeb8b700 1 -- 172.21.15.132:0/1127389771 >> [v2:172.21.15.132:6800/3731525834,v1:172.21.15.132:6801/3731525834] conn(0x7f6cd8039560 msgr2=0x7f6cd803ba20 secure :-1 s=STATE_CONNECTION_ESTABLISHED l=1).mark_down
2024-04-25T13:17:09.437 INFO:teuthology.orchestra.run.smithi132.stdout:/usr/bin/ceph: stderr
2024-04-25T13:17:08.867+0000 7f6ceeb8b700 1 --2- 172.21.15.132:0/1127389771 >> [v2:172.21.15.132:6800/3731525834,v1:172.21.15.132:6801/3731525834] conn(0x7f6cd8039560 0x7f6cd803ba20 secure :-1 s=READY pgs=9 cs=0 l=1 rev1=1 crypto rx=0x7f6cd4006fd0 tx=0x7f6cd4006e40 comp rx=0 tx=0).stop
2024-04-25T13:17:09.437 INFO:teuthology.orchestra.run.smithi132.stdout:/usr/bin/ceph: stderr
2024-04-25T13:17:08.867+0000 7f6ceeb8b700 1 -- 172.21.15.132:0/1127389771 >> [v2:172.21.15.132:3300/0,v1:172.21.15.132:6789/0] conn(0x7f6ce8106d00 msgr2=0x7f6ce819e5c0 secure :-1 s=STATE_CONNECTION_ESTABLISHED l=1).mark_down
2024-04-25T13:17:09.438 INFO:teuthology.orchestra.run.smithi132.stdout:/usr/bin/ceph: stderr
2024-04-25T13:17:08.867+0000 7f6ceeb8b700 1 --2- 172.21.15.132:0/1127389771 >> [v2:172.21.15.132:3300/0,v1:172.21.15.132:6789/0] conn(0x7f6ce8106d00 0x7f6ce819e5c0 secure :-1 s=READY pgs=42 cs=0 l=1 rev1=1 crypto rx=0x7f6cdc009fb0 tx=0x7f6cdc011940 comp rx=0 tx=0).stop
2024-04-25T13:17:09.438 INFO:teuthology.orchestra.run.smithi132.stdout:/usr/bin/ceph: stderr
2024-04-25T13:17:08.867+0000 7f6ceeb8b700 1 -- 172.21.15.132:0/1127389771 shutdown_connections
2024-04-25T13:17:09.438 INFO:teuthology.orchestra.run.smithi132.stdout:/usr/bin/ceph: stderr
2024-04-25T13:17:08.867+0000 7f6ceeb8b700 1 --2- 172.21.15.132:0/1127389771 >> [v2:172.21.15.132:6800/3731525834,v1:172.21.15.132:6801/3731525834] conn(0x7f6cd8039560 0x7f6cd803ba20 unknown :-1 s=CLOSED pgs=9 cs=0 l=1 rev1=1 crypto rx=0 tx=0 comp rx=0 tx=0).stop
2024-04-25T13:17:09.438 INFO:teuthology.orchestra.run.smithi132.stdout:/usr/bin/ceph: stderr
2024-04-25T13:17:08.867+0000 7f6ceeb8b700 1 --2- 172.21.15.132:0/1127389771 >> [v2:172.21.15.132:3300/0,v1:172.21.15.132:6789/0] conn(0x7f6ce8106d00 0x7f6ce819e5c0 unknown :-1 s=CLOSED pgs=42 cs=0 l=1 rev1=1 crypto rx=0 tx=0 comp rx=0 tx=0).stop
2024-04-25T13:17:09.438 INFO:teuthology.orchestra.run.smithi132.stdout:/usr/bin/ceph: stderr
2024-04-25T13:17:08.867+0000 7f6ceeb8b700 1 -- 172.21.15.132:0/1127389771 >> 172.21.15.132:0/1127389771 conn(0x7f6ce8102940 msgr2=0x7f6ce8195260 unknown :-1 s=STATE_NONE l=0).mark_down
2024-04-25T13:17:09.438 INFO:teuthology.orchestra.run.smithi132.stdout:/usr/bin/ceph: stderr
2024-04-25T13:17:08.867+0000 7f6ceeb8b700 1 -- 172.21.15.132:0/1127389771 shutdown_connections
2024-04-25T13:17:09.438 INFO:teuthology.orchestra.run.smithi132.stdout:/usr/bin/ceph: stderr
2024-04-25T13:17:08.867+0000 7f6ceeb8b700 1 -- 172.21.15.132:0/1127389771 wait complete.
2024-04-25T13:17:10.432 INFO:journalctl@ceph.mon.a.smithi132.stdout:Apr 25 13:17:10 smithi132 ceph-mon[29176]: from='client.14136 -' entity='client.admin' cmd=[{"prefix": "cephadm generate-key", "target": ["mon-mgr", ""]}]: dispatch
2024-04-25T13:17:10.433 INFO:journalctl@ceph.mon.a.smithi132.stdout:Apr 25 13:17:10 smithi132 ceph-mon[29176]: Generating ssh key...
2024-04-25T13:17:10.608 INFO:teuthology.orchestra.run.smithi132.stdout:/usr/bin/ceph: stdout ssh-rsa AAAAB3NzaC1yc2EAAAADAQABAAABgQDGRXJvfIoqhmJrAhcWzhoSks2CDqKUBU5z+m2MKXDihAqF3docrE0lcPATRj7JoHD9a8XkwZeiRiXdEx2qGWPQRslSbC0y1d/lKrr57arpvrvjsYwRAMERhrWlRAmpQv2HKdwkyT/zVgYzpPq0tN3nbKXyZmXRFFDi9lDiKyS+EBrbNPjG6W35h/MeiUpPwCq75bgBVTj9aZBrC6TQ+6EogvsfxtkjNHBb2XWADLCVS9wf8zG/L6rm6ikHY7hwoIqRsrRZeINUHY0HWQAxTnFTJhkGU5Sv+1OypZgT6aHqaXHJWtWfM8JANGXfYVDfSUdn4dt2iziatxcD2Ss/DZm4d7LfSopaDUB0dJ9b9SC+RBwvdtPnUdC3m3ruiy2yK2cZ2jv03mFudnhIE4y68GPqNIL0Ch0FUc1UoXJdf+e+tPRDiyjWdW7ree5/6rvHGc7srl4y8tXKOsIbMf1xvjhyHGgUYJ9LlY4thVJHopzrEmzU7nCmEPBG5xnExA8Gv3M= ceph-e85bb134-0305-11ef-bc93-c7b262605968
2024-04-25T13:17:10.608 INFO:teuthology.orchestra.run.smithi132.stdout:/usr/bin/ceph: stderr
2024-04-25T13:17:09.842+0000 7f3fa984e700 1 Processor -- start
2024-04-25T13:17:10.608 INFO:teuthology.orchestra.run.smithi132.stdout:/usr/bin/ceph: stderr
2024-04-25T13:17:09.842+0000 7f3fa984e700 1 -- start start
2024-04-25T13:17:10.608 INFO:teuthology.orchestra.run.smithi132.stdout:/usr/bin/ceph: stderr
2024-04-25T13:17:09.842+0000 7f3fa984e700 1 --2- >> [v2:172.21.15.132:3300/0,v1:172.21.15.132:6789/0] conn(0x7f3fa41072f0 0x7f3fa4107710 unknown :-1 s=NONE pgs=0 cs=0 l=0 rev1=0 crypto rx=0 tx=0 comp rx=0 tx=0).connect
2024-04-25T13:17:10.608 INFO:teuthology.orchestra.run.smithi132.stdout:/usr/bin/ceph: stderr
2024-04-25T13:17:09.842+0000 7f3fa984e700 1 -- --> [v2:172.21.15.132:3300/0,v1:172.21.15.132:6789/0] -- mon_getmap magic: 0 -- 0x7f3fa4107ce0 con 0x7f3fa41072f0
2024-04-25T13:17:10.608 INFO:teuthology.orchestra.run.smithi132.stdout:/usr/bin/ceph: stderr
2024-04-25T13:17:09.843+0000 7f3fa2ffd700 1 --2- >> [v2:172.21.15.132:3300/0,v1:172.21.15.132:6789/0] conn(0x7f3fa41072f0 0x7f3fa4107710 unknown :-1 s=BANNER_CONNECTING pgs=0 cs=0 l=0 rev1=0 crypto rx=0 tx=0 comp rx=0 tx=0)._handle_peer_banner_payload supported=3 required=0
2024-04-25T13:17:10.608 INFO:teuthology.orchestra.run.smithi132.stdout:/usr/bin/ceph: stderr
2024-04-25T13:17:09.843+0000 7f3fa2ffd700 1 --2- >> [v2:172.21.15.132:3300/0,v1:172.21.15.132:6789/0] conn(0x7f3fa41072f0 0x7f3fa4107710 unknown :-1 s=HELLO_CONNECTING pgs=0 cs=0 l=0 rev1=1 crypto rx=0 tx=0 comp rx=0 tx=0).handle_hello peer v2:172.21.15.132:3300/0 says I am v2:172.21.15.132:56712/0 (socket says 172.21.15.132:56712)
2024-04-25T13:17:10.608 INFO:teuthology.orchestra.run.smithi132.stdout:/usr/bin/ceph: stderr
2024-04-25T13:17:09.843+0000 7f3fa2ffd700 1 -- 172.21.15.132:0/454521243 learned_addr learned my addr 172.21.15.132:0/454521243 (peer_addr_for_me v2:172.21.15.132:0/0)
2024-04-25T13:17:10.609 INFO:teuthology.orchestra.run.smithi132.stdout:/usr/bin/ceph: stderr
2024-04-25T13:17:09.843+0000 7f3fa2ffd700 1 -- 172.21.15.132:0/454521243 --> [v2:172.21.15.132:3300/0,v1:172.21.15.132:6789/0] -- mon_subscribe({config=0+,monmap=0+}) -- 0x7f3fa41084f0 con 0x7f3fa41072f0
2024-04-25T13:17:10.609 INFO:teuthology.orchestra.run.smithi132.stdout:/usr/bin/ceph: stderr
2024-04-25T13:17:09.843+0000 7f3fa2ffd700 1 --2- 172.21.15.132:0/454521243 >> [v2:172.21.15.132:3300/0,v1:172.21.15.132:6789/0] conn(0x7f3fa41072f0 0x7f3fa4107710 secure :-1 s=READY pgs=43 cs=0 l=1 rev1=1 crypto rx=0x7f3f9400bb40 tx=0x7f3f9400be50 comp rx=0 tx=0).ready entity=mon.0 client_cookie=8fc51fdb6e4ae6f7 server_cookie=0 in_seq=0 out_seq=0
2024-04-25T13:17:10.609 INFO:teuthology.orchestra.run.smithi132.stdout:/usr/bin/ceph: stderr
2024-04-25T13:17:09.843+0000 7f3fa27fc700 1 -- 172.21.15.132:0/454521243 <== mon.0 v2:172.21.15.132:3300/0 1 ==== mon_map magic: 0 ==== 205+0+0 (secure 0 0 0) 0x7f3f9400dbe0 con 0x7f3fa41072f0
2024-04-25T13:17:10.609 INFO:teuthology.orchestra.run.smithi132.stdout:/usr/bin/ceph: stderr
2024-04-25T13:17:09.843+0000 7f3fa27fc700 1 -- 172.21.15.132:0/454521243 <== mon.0 v2:172.21.15.132:3300/0 2 ==== config(26 keys) ==== 1070+0+0 (secure 0 0 0) 0x7f3f940044c0 con 0x7f3fa41072f0
2024-04-25T13:17:10.609 INFO:teuthology.orchestra.run.smithi132.stdout:/usr/bin/ceph: stderr
2024-04-25T13:17:09.843+0000 7f3fa27fc700 1 -- 172.21.15.132:0/454521243 <== mon.0 v2:172.21.15.132:3300/0 3 ==== mon_map magic: 0 ==== 205+0+0 (secure 0 0 0) 0x7f3f94010470 con 0x7f3fa41072f0
2024-04-25T13:17:10.609 INFO:teuthology.orchestra.run.smithi132.stdout:/usr/bin/ceph: stderr
2024-04-25T13:17:09.844+0000 7f3fa984e700 1 -- 172.21.15.132:0/454521243 >> [v2:172.21.15.132:3300/0,v1:172.21.15.132:6789/0] conn(0x7f3fa41072f0 msgr2=0x7f3fa4107710 secure :-1 s=STATE_CONNECTION_ESTABLISHED l=1).mark_down
2024-04-25T13:17:10.609 INFO:teuthology.orchestra.run.smithi132.stdout:/usr/bin/ceph: stderr
2024-04-25T13:17:09.844+0000 7f3fa984e700 1 --2- 172.21.15.132:0/454521243 >> [v2:172.21.15.132:3300/0,v1:172.21.15.132:6789/0] conn(0x7f3fa41072f0 0x7f3fa4107710 secure :-1 s=READY pgs=43 cs=0 l=1 rev1=1 crypto rx=0x7f3f9400bb40 tx=0x7f3f9400be50 comp rx=0 tx=0).stop
2024-04-25T13:17:10.609 INFO:teuthology.orchestra.run.smithi132.stdout:/usr/bin/ceph: stderr
2024-04-25T13:17:09.844+0000 7f3fa984e700 1 -- 172.21.15.132:0/454521243 shutdown_connections
2024-04-25T13:17:10.609 INFO:teuthology.orchestra.run.smithi132.stdout:/usr/bin/ceph: stderr
2024-04-25T13:17:09.844+0000 7f3fa984e700 1 --2- 172.21.15.132:0/454521243 >> [v2:172.21.15.132:3300/0,v1:172.21.15.132:6789/0] conn(0x7f3fa41072f0 0x7f3fa4107710 unknown :-1 s=CLOSED pgs=43 cs=0 l=1 rev1=1 crypto rx=0 tx=0 comp rx=0 tx=0).stop
2024-04-25T13:17:10.609 INFO:teuthology.orchestra.run.smithi132.stdout:/usr/bin/ceph: stderr
2024-04-25T13:17:09.844+0000 7f3fa984e700 1 -- 172.21.15.132:0/454521243 >> 172.21.15.132:0/454521243 conn(0x7f3fa4102890 msgr2=0x7f3fa4104cd0 unknown :-1 s=STATE_NONE l=0).mark_down
2024-04-25T13:17:10.609 INFO:teuthology.orchestra.run.smithi132.stdout:/usr/bin/ceph: stderr
2024-04-25T13:17:09.844+0000 7f3fa984e700 1 -- 172.21.15.132:0/454521243 shutdown_connections
2024-04-25T13:17:10.609 INFO:teuthology.orchestra.run.smithi132.stdout:/usr/bin/ceph: stderr
2024-04-25T13:17:09.844+0000 7f3fa984e700 1 -- 172.21.15.132:0/454521243 wait complete.
2024-04-25T13:17:10.610 INFO:teuthology.orchestra.run.smithi132.stdout:/usr/bin/ceph: stderr
2024-04-25T13:17:09.845+0000 7f3fa984e700 1 Processor -- start
2024-04-25T13:17:10.610 INFO:teuthology.orchestra.run.smithi132.stdout:/usr/bin/ceph: stderr
2024-04-25T13:17:09.845+0000 7f3fa984e700 1 -- start start
2024-04-25T13:17:10.610 INFO:teuthology.orchestra.run.smithi132.stdout:/usr/bin/ceph: stderr
2024-04-25T13:17:09.845+0000 7f3fa984e700 1 --2- >> [v2:172.21.15.132:3300/0,v1:172.21.15.132:6789/0] conn(0x7f3fa41072f0 0x7f3fa419a1b0 unknown :-1 s=NONE pgs=0 cs=0 l=1 rev1=0 crypto rx=0 tx=0 comp rx=0 tx=0).connect
2024-04-25T13:17:10.610 INFO:teuthology.orchestra.run.smithi132.stdout:/usr/bin/ceph: stderr
2024-04-25T13:17:09.845+0000 7f3fa984e700 1 -- --> [v2:172.21.15.132:3300/0,v1:172.21.15.132:6789/0] -- mon_getmap magic: 0 -- 0x7f3fa407aff0 con 0x7f3fa41072f0
2024-04-25T13:17:10.610 INFO:teuthology.orchestra.run.smithi132.stdout:/usr/bin/ceph: stderr
2024-04-25T13:17:09.845+0000 7f3fa2ffd700 1 --2- >> [v2:172.21.15.132:3300/0,v1:172.21.15.132:6789/0] conn(0x7f3fa41072f0 0x7f3fa419a1b0 unknown :-1 s=BANNER_CONNECTING pgs=0 cs=0 l=1 rev1=0 crypto rx=0 tx=0 comp rx=0 tx=0)._handle_peer_banner_payload supported=3 required=0
2024-04-25T13:17:10.610 INFO:teuthology.orchestra.run.smithi132.stdout:/usr/bin/ceph: stderr
2024-04-25T13:17:09.845+0000 7f3fa2ffd700 1 --2- >> [v2:172.21.15.132:3300/0,v1:172.21.15.132:6789/0] conn(0x7f3fa41072f0 0x7f3fa419a1b0 unknown :-1 s=HELLO_CONNECTING pgs=0 cs=0 l=1 rev1=1 crypto rx=0 tx=0 comp rx=0 tx=0).handle_hello peer v2:172.21.15.132:3300/0 says I am v2:172.21.15.132:56720/0 (socket says 172.21.15.132:56720)
2024-04-25T13:17:10.610 INFO:teuthology.orchestra.run.smithi132.stdout:/usr/bin/ceph: stderr
2024-04-25T13:17:09.845+0000 7f3fa2ffd700 1 -- 172.21.15.132:0/3662423349 learned_addr learned my addr 172.21.15.132:0/3662423349 (peer_addr_for_me v2:172.21.15.132:0/0)
2024-04-25T13:17:10.610 INFO:teuthology.orchestra.run.smithi132.stdout:/usr/bin/ceph: stderr
2024-04-25T13:17:09.845+0000 7f3fa2ffd700 1 -- 172.21.15.132:0/3662423349 --> [v2:172.21.15.132:3300/0,v1:172.21.15.132:6789/0] -- mon_subscribe({config=0+,monmap=0+}) -- 0x7f3fa419a6f0 con 0x7f3fa41072f0
2024-04-25T13:17:10.610 INFO:teuthology.orchestra.run.smithi132.stdout:/usr/bin/ceph: stderr
2024-04-25T13:17:09.845+0000 7f3fa2ffd700 1 --2- 172.21.15.132:0/3662423349 >> [v2:172.21.15.132:3300/0,v1:172.21.15.132:6789/0] conn(0x7f3fa41072f0 0x7f3fa419a1b0 secure :-1 s=READY pgs=44 cs=0 l=1 rev1=1 crypto rx=0x7f3f9400b340 tx=0x7f3f94003dc0 comp rx=0 tx=0).ready entity=mon.0 client_cookie=0 server_cookie=0 in_seq=0 out_seq=0
2024-04-25T13:17:10.610 INFO:teuthology.orchestra.run.smithi132.stdout:/usr/bin/ceph: stderr
2024-04-25T13:17:09.845+0000 7f3fa884c700 1 -- 172.21.15.132:0/3662423349 <== mon.0 v2:172.21.15.132:3300/0 1 ==== mon_map magic: 0 ==== 205+0+0 (secure 0 0 0) 0x7f3f94027070 con 0x7f3fa41072f0
2024-04-25T13:17:10.610 INFO:teuthology.orchestra.run.smithi132.stdout:/usr/bin/ceph: stderr
2024-04-25T13:17:09.846+0000 7f3fa884c700 1 -- 172.21.15.132:0/3662423349 <== mon.0 v2:172.21.15.132:3300/0 2 ==== config(26 keys) ==== 1070+0+0 (secure 0 0 0) 0x7f3f94010bb0 con 0x7f3fa41072f0
2024-04-25T13:17:10.610 INFO:teuthology.orchestra.run.smithi132.stdout:/usr/bin/ceph: stderr
2024-04-25T13:17:09.846+0000 7f3fa984e700 1 -- 172.21.15.132:0/3662423349 --> [v2:172.21.15.132:3300/0,v1:172.21.15.132:6789/0] -- mon_subscribe({mgrmap=0+}) -- 0x7f3fa419a980 con 0x7f3fa41072f0
2024-04-25T13:17:10.610 INFO:teuthology.orchestra.run.smithi132.stdout:/usr/bin/ceph: stderr
2024-04-25T13:17:09.846+0000 7f3fa884c700 1 -- 172.21.15.132:0/3662423349 <== mon.0 v2:172.21.15.132:3300/0 3 ==== mon_map magic: 0 ==== 205+0+0 (secure 0 0 0) 0x7f3f94022ba0 con 0x7f3fa41072f0
2024-04-25T13:17:10.611 INFO:teuthology.orchestra.run.smithi132.stdout:/usr/bin/ceph: stderr
2024-04-25T13:17:09.846+0000 7f3fa984e700 1 -- 172.21.15.132:0/3662423349 --> [v2:172.21.15.132:3300/0,v1:172.21.15.132:6789/0] -- mon_subscribe({osdmap=0}) -- 0x7f3fa419d620 con 0x7f3fa41072f0
2024-04-25T13:17:10.611 INFO:teuthology.orchestra.run.smithi132.stdout:/usr/bin/ceph: stderr
2024-04-25T13:17:09.846+0000 7f3fa884c700 1 -- 172.21.15.132:0/3662423349 <== mon.0 v2:172.21.15.132:3300/0 4 ==== mgrmap(e 8) ==== 46558+0+0 (secure 0 0 0) 0x7f3f9402a070 con 0x7f3fa41072f0
2024-04-25T13:17:10.611 INFO:teuthology.orchestra.run.smithi132.stdout:/usr/bin/ceph: stderr
2024-04-25T13:17:09.846+0000 7f3fa984e700 1 -- 172.21.15.132:0/3662423349 --> [v2:172.21.15.132:3300/0,v1:172.21.15.132:6789/0] -- mon_command({"prefix": "get_command_descriptions"} v 0) -- 0x7f3fa40640a0 con 0x7f3fa41072f0
2024-04-25T13:17:10.611 INFO:teuthology.orchestra.run.smithi132.stdout:/usr/bin/ceph: stderr
2024-04-25T13:17:09.847+0000 7f3fa884c700 1 --2- 172.21.15.132:0/3662423349 >> [v2:172.21.15.132:6800/3731525834,v1:172.21.15.132:6801/3731525834] conn(0x7f3f90039600 0x7f3f9003bac0 unknown :-1 s=NONE pgs=0 cs=0 l=1 rev1=0 crypto rx=0 tx=0 comp rx=0 tx=0).connect
2024-04-25T13:17:10.611 INFO:teuthology.orchestra.run.smithi132.stdout:/usr/bin/ceph: stderr
2024-04-25T13:17:09.847+0000 7f3fa884c700 1 -- 172.21.15.132:0/3662423349 <== mon.0 v2:172.21.15.132:3300/0 5 ==== osd_map(2..2 src has 1..2) ==== 940+0+0 (secure 0 0 0) 0x7f3f9401f070 con 0x7f3fa41072f0
2024-04-25T13:17:10.611 INFO:teuthology.orchestra.run.smithi132.stdout:/usr/bin/ceph: stderr
2024-04-25T13:17:09.847+0000 7f3f9a7fc700 1 --2- 172.21.15.132:0/3662423349 >> [v2:172.21.15.132:6800/3731525834,v1:172.21.15.132:6801/3731525834] conn(0x7f3f90039600 0x7f3f9003bac0 unknown :-1 s=BANNER_CONNECTING pgs=0 cs=0 l=1 rev1=0 crypto rx=0 tx=0 comp rx=0 tx=0)._handle_peer_banner_payload supported=3 required=0
2024-04-25T13:17:10.611 INFO:teuthology.orchestra.run.smithi132.stdout:/usr/bin/ceph: stderr
2024-04-25T13:17:09.847+0000 7f3f9a7fc700 1 --2- 172.21.15.132:0/3662423349 >> [v2:172.21.15.132:6800/3731525834,v1:172.21.15.132:6801/3731525834] conn(0x7f3f90039600 0x7f3f9003bac0 secure :-1 s=READY pgs=10 cs=0 l=1 rev1=1 crypto rx=0x7f3f8c006fd0 tx=0x7f3f8c006e40 comp rx=0 tx=0).ready entity=mgr.14120 client_cookie=0 server_cookie=0 in_seq=0 out_seq=0
2024-04-25T13:17:10.611 INFO:teuthology.orchestra.run.smithi132.stdout:/usr/bin/ceph: stderr
2024-04-25T13:17:09.852+0000 7f3fa884c700 1 -- 172.21.15.132:0/3662423349 <== mon.0 v2:172.21.15.132:3300/0 6 ==== mon_command_ack([{"prefix": "get_command_descriptions"}]=0 v0) ==== 72+0+188370 (secure 0 0 0) 0x7f3f94053030 con 0x7f3fa41072f0
2024-04-25T13:17:10.611 INFO:teuthology.orchestra.run.smithi132.stdout:/usr/bin/ceph: stderr
2024-04-25T13:17:10.053+0000 7f3fa984e700 1 -- 172.21.15.132:0/3662423349 --> [v2:172.21.15.132:6800/3731525834,v1:172.21.15.132:6801/3731525834] -- mgr_command(tid 0: {"prefix": "cephadm get-pub-key", "target": ["mon-mgr", ""]}) -- 0x7f3fa4062e80 con 0x7f3f90039600
2024-04-25T13:17:10.611 INFO:teuthology.orchestra.run.smithi132.stdout:/usr/bin/ceph: stderr
2024-04-25T13:17:10.053+0000 7f3fa884c700 1 -- 172.21.15.132:0/3662423349 <== mgr.14120 v2:172.21.15.132:6800/3731525834 1 ==== mgr_command_reply(tid 0: 0 ) ==== 8+0+595 (secure 0 0 0) 0x7f3fa4062e80 con 0x7f3f90039600
2024-04-25T13:17:10.611 INFO:teuthology.orchestra.run.smithi132.stdout:/usr/bin/ceph: stderr
2024-04-25T13:17:10.056+0000 7f3fa984e700 1 -- 172.21.15.132:0/3662423349 >> [v2:172.21.15.132:6800/3731525834,v1:172.21.15.132:6801/3731525834] conn(0x7f3f90039600 msgr2=0x7f3f9003bac0 secure :-1 s=STATE_CONNECTION_ESTABLISHED l=1).mark_down
2024-04-25T13:17:10.611 INFO:teuthology.orchestra.run.smithi132.stdout:/usr/bin/ceph: stderr
2024-04-25T13:17:10.056+0000 7f3fa984e700 1 --2- 172.21.15.132:0/3662423349 >> [v2:172.21.15.132:6800/3731525834,v1:172.21.15.132:6801/3731525834] conn(0x7f3f90039600 0x7f3f9003bac0 secure :-1 s=READY pgs=10 cs=0 l=1 rev1=1 crypto rx=0x7f3f8c006fd0 tx=0x7f3f8c006e40 comp rx=0 tx=0).stop
2024-04-25T13:17:10.612 INFO:teuthology.orchestra.run.smithi132.stdout:/usr/bin/ceph: stderr
2024-04-25T13:17:10.056+0000 7f3fa984e700 1 -- 172.21.15.132:0/3662423349 >> [v2:172.21.15.132:3300/0,v1:172.21.15.132:6789/0] conn(0x7f3fa41072f0 msgr2=0x7f3fa419a1b0 secure :-1 s=STATE_CONNECTION_ESTABLISHED l=1).mark_down
2024-04-25T13:17:10.612 INFO:teuthology.orchestra.run.smithi132.stdout:/usr/bin/ceph: stderr
2024-04-25T13:17:10.056+0000 7f3fa984e700 1 --2- 172.21.15.132:0/3662423349 >> [v2:172.21.15.132:3300/0,v1:172.21.15.132:6789/0] conn(0x7f3fa41072f0 0x7f3fa419a1b0 secure :-1 s=READY pgs=44 cs=0 l=1 rev1=1 crypto rx=0x7f3f9400b340 tx=0x7f3f94003dc0 comp rx=0 tx=0).stop
2024-04-25T13:17:10.612 INFO:teuthology.orchestra.run.smithi132.stdout:/usr/bin/ceph: stderr
2024-04-25T13:17:10.056+0000 7f3fa984e700 1 -- 172.21.15.132:0/3662423349 shutdown_connections
2024-04-25T13:17:10.612 INFO:teuthology.orchestra.run.smithi132.stdout:/usr/bin/ceph: stderr
2024-04-25T13:17:10.056+0000 7f3fa984e700 1 --2- 172.21.15.132:0/3662423349 >> [v2:172.21.15.132:6800/3731525834,v1:172.21.15.132:6801/3731525834] conn(0x7f3f90039600 0x7f3f9003bac0 unknown :-1 s=CLOSED pgs=10 cs=0 l=1 rev1=1 crypto rx=0 tx=0 comp rx=0 tx=0).stop
2024-04-25T13:17:10.612 INFO:teuthology.orchestra.run.smithi132.stdout:/usr/bin/ceph: stderr
2024-04-25T13:17:10.056+0000 7f3fa984e700 1 --2- 172.21.15.132:0/3662423349 >> [v2:172.21.15.132:3300/0,v1:172.21.15.132:6789/0] conn(0x7f3fa41072f0 0x7f3fa419a1b0 unknown :-1 s=CLOSED pgs=44 cs=0 l=1 rev1=1 crypto rx=0 tx=0 comp rx=0 tx=0).stop
2024-04-25T13:17:10.612 INFO:teuthology.orchestra.run.smithi132.stdout:/usr/bin/ceph: stderr
2024-04-25T13:17:10.056+0000 7f3fa984e700 1 -- 172.21.15.132:0/3662423349 >> 172.21.15.132:0/3662423349 conn(0x7f3fa4102890 msgr2=0x7f3fa41907d0 unknown :-1 s=STATE_NONE l=0).mark_down
2024-04-25T13:17:10.612 INFO:teuthology.orchestra.run.smithi132.stdout:/usr/bin/ceph: stderr
2024-04-25T13:17:10.057+0000 7f3fa984e700 1 -- 172.21.15.132:0/3662423349 shutdown_connections
2024-04-25T13:17:10.612 INFO:teuthology.orchestra.run.smithi132.stdout:/usr/bin/ceph: stderr
2024-04-25T13:17:10.057+0000 7f3fa984e700 1 -- 172.21.15.132:0/3662423349 wait complete.
2024-04-25T13:17:10.612 INFO:teuthology.orchestra.run.smithi132.stdout:Wrote public SSH key to /home/ubuntu/cephtest/ceph.pub
2024-04-25T13:17:10.612 INFO:teuthology.orchestra.run.smithi132.stdout:Adding key to root@localhost authorized_keys...
2024-04-25T13:17:10.612 INFO:teuthology.orchestra.run.smithi132.stdout:Adding host smithi132...
2024-04-25T13:17:11.517 INFO:journalctl@ceph.mon.a.smithi132.stdout:Apr 25 13:17:11 smithi132 ceph-mon[29176]: from='client.14138 -' entity='client.admin' cmd=[{"prefix": "cephadm get-pub-key", "target": ["mon-mgr", ""]}]: dispatch
2024-04-25T13:17:12.432 INFO:journalctl@ceph.mon.a.smithi132.stdout:Apr 25 13:17:12 smithi132 ceph-mon[29176]: from='client.14140 -' entity='client.admin' cmd=[{"prefix": "orch host add", "hostname": "smithi132", "addr": "172.21.15.132", "target": ["mon-mgr", ""]}]: dispatch
2024-04-25T13:17:13.682 INFO:journalctl@ceph.mon.a.smithi132.stdout:Apr 25 13:17:13 smithi132 ceph-mon[29176]: Deploying cephadm binary to smithi132
2024-04-25T13:17:15.865 INFO:teuthology.orchestra.run.smithi132.stdout:/usr/bin/ceph: stdout Added host 'smithi132' with addr '172.21.15.132'
2024-04-25T13:17:15.865 INFO:teuthology.orchestra.run.smithi132.stdout:/usr/bin/ceph: stderr
2024-04-25T13:17:11.029+0000 7fdd46d03700 1 Processor -- start
2024-04-25T13:17:15.865 INFO:teuthology.orchestra.run.smithi132.stdout:/usr/bin/ceph: stderr
2024-04-25T13:17:11.029+0000 7fdd46d03700 1 -- start start
2024-04-25T13:17:15.865 INFO:teuthology.orchestra.run.smithi132.stdout:/usr/bin/ceph: stderr
2024-04-25T13:17:11.030+0000 7fdd46d03700 1 --2- >> [v2:172.21.15.132:3300/0,v1:172.21.15.132:6789/0] conn(0x7fdd401066d0 0x7fdd40106af0 unknown :-1 s=NONE pgs=0 cs=0 l=0 rev1=0 crypto rx=0 tx=0 comp rx=0 tx=0).connect
2024-04-25T13:17:15.866 INFO:teuthology.orchestra.run.smithi132.stdout:/usr/bin/ceph: stderr
2024-04-25T13:17:11.030+0000 7fdd46d03700 1 -- --> [v2:172.21.15.132:3300/0,v1:172.21.15.132:6789/0] -- mon_getmap magic: 0 -- 0x7fdd401070c0 con 0x7fdd401066d0
2024-04-25T13:17:15.866 INFO:teuthology.orchestra.run.smithi132.stdout:/usr/bin/ceph: stderr
2024-04-25T13:17:11.030+0000 7fdd44a9f700 1 --2- >> [v2:172.21.15.132:3300/0,v1:172.21.15.132:6789/0] conn(0x7fdd401066d0 0x7fdd40106af0 unknown :-1 s=BANNER_CONNECTING pgs=0 cs=0 l=0 rev1=0 crypto rx=0 tx=0 comp rx=0 tx=0)._handle_peer_banner_payload supported=3 required=0
2024-04-25T13:17:15.866 INFO:teuthology.orchestra.run.smithi132.stdout:/usr/bin/ceph: stderr
2024-04-25T13:17:11.030+0000 7fdd44a9f700 1 --2- >> [v2:172.21.15.132:3300/0,v1:172.21.15.132:6789/0] conn(0x7fdd401066d0 0x7fdd40106af0 unknown :-1 s=HELLO_CONNECTING pgs=0 cs=0 l=0 rev1=1 crypto rx=0 tx=0 comp rx=0 tx=0).handle_hello peer v2:172.21.15.132:3300/0 says I am v2:172.21.15.132:56736/0 (socket says 172.21.15.132:56736)
2024-04-25T13:17:15.866 INFO:teuthology.orchestra.run.smithi132.stdout:/usr/bin/ceph: stderr
2024-04-25T13:17:11.030+0000 7fdd44a9f700 1 -- 172.21.15.132:0/918147909 learned_addr learned my addr 172.21.15.132:0/918147909 (peer_addr_for_me v2:172.21.15.132:0/0)
2024-04-25T13:17:15.866 INFO:teuthology.orchestra.run.smithi132.stdout:/usr/bin/ceph: stderr
2024-04-25T13:17:11.030+0000 7fdd44a9f700 1 -- 172.21.15.132:0/918147909 --> [v2:172.21.15.132:3300/0,v1:172.21.15.132:6789/0] -- mon_subscribe({config=0+,monmap=0+}) -- 0x7fdd40107240 con 0x7fdd401066d0
2024-04-25T13:17:15.866 INFO:teuthology.orchestra.run.smithi132.stdout:/usr/bin/ceph: stderr
2024-04-25T13:17:11.030+0000 7fdd44a9f700 1 --2- 172.21.15.132:0/918147909 >> [v2:172.21.15.132:3300/0,v1:172.21.15.132:6789/0] conn(0x7fdd401066d0 0x7fdd40106af0 secure :-1 s=READY pgs=45 cs=0 l=1 rev1=1 crypto rx=0x7fdd340098a0 tx=0x7fdd34009bb0 comp rx=0 tx=0).ready entity=mon.0 client_cookie=eeeceea94ea180b6 server_cookie=0 in_seq=0 out_seq=0
2024-04-25T13:17:15.866 INFO:teuthology.orchestra.run.smithi132.stdout:/usr/bin/ceph: stderr
2024-04-25T13:17:11.030+0000 7fdd3f7fe700 1 -- 172.21.15.132:0/918147909 <== mon.0 v2:172.21.15.132:3300/0 1 ==== mon_map magic: 0 ==== 205+0+0 (secure 0 0 0) 0x7fdd34004160 con 0x7fdd401066d0
2024-04-25T13:17:15.866 INFO:teuthology.orchestra.run.smithi132.stdout:/usr/bin/ceph: stderr
2024-04-25T13:17:11.030+0000 7fdd3f7fe700 1 -- 172.21.15.132:0/918147909 <== mon.0 v2:172.21.15.132:3300/0 2 ==== config(26 keys) ==== 1070+0+0 (secure 0 0 0) 0x7fdd34004300 con 0x7fdd401066d0
2024-04-25T13:17:15.866 INFO:teuthology.orchestra.run.smithi132.stdout:/usr/bin/ceph: stderr
2024-04-25T13:17:11.030+0000 7fdd3f7fe700 1 -- 172.21.15.132:0/918147909 <== mon.0 v2:172.21.15.132:3300/0 3 ==== mon_map magic: 0 ==== 205+0+0 (secure 0 0 0) 0x7fdd34011af0 con 0x7fdd401066d0
2024-04-25T13:17:15.866 INFO:teuthology.orchestra.run.smithi132.stdout:/usr/bin/ceph: stderr
2024-04-25T13:17:11.031+0000 7fdd46d03700 1 -- 172.21.15.132:0/918147909 >> [v2:172.21.15.132:3300/0,v1:172.21.15.132:6789/0] conn(0x7fdd401066d0 msgr2=0x7fdd40106af0 secure :-1 s=STATE_CONNECTION_ESTABLISHED l=1).mark_down
2024-04-25T13:17:15.866 INFO:teuthology.orchestra.run.smithi132.stdout:/usr/bin/ceph: stderr
2024-04-25T13:17:11.031+0000 7fdd46d03700 1 --2- 172.21.15.132:0/918147909 >> [v2:172.21.15.132:3300/0,v1:172.21.15.132:6789/0] conn(0x7fdd401066d0 0x7fdd40106af0 secure :-1 s=READY pgs=45 cs=0 l=1 rev1=1 crypto rx=0x7fdd340098a0 tx=0x7fdd34009bb0 comp rx=0 tx=0).stop
2024-04-25T13:17:15.866 INFO:teuthology.orchestra.run.smithi132.stdout:/usr/bin/ceph: stderr
2024-04-25T13:17:11.031+0000 7fdd46d03700 1 -- 172.21.15.132:0/918147909 shutdown_connections
2024-04-25T13:17:15.866 INFO:teuthology.orchestra.run.smithi132.stdout:/usr/bin/ceph: stderr
2024-04-25T13:17:11.031+0000 7fdd46d03700 1 --2- 172.21.15.132:0/918147909 >> [v2:172.21.15.132:3300/0,v1:172.21.15.132:6789/0] conn(0x7fdd401066d0 0x7fdd40106af0 unknown :-1 s=CLOSED pgs=45 cs=0 l=1 rev1=1 crypto rx=0 tx=0 comp rx=0 tx=0).stop
2024-04-25T13:17:15.866 INFO:teuthology.orchestra.run.smithi132.stdout:/usr/bin/ceph: stderr
2024-04-25T13:17:11.031+0000 7fdd46d03700 1 -- 172.21.15.132:0/918147909 >> 172.21.15.132:0/918147909 conn(0x7fdd40102030 msgr2=0x7fdd40104470 unknown :-1 s=STATE_NONE l=0).mark_down
2024-04-25T13:17:15.867 INFO:teuthology.orchestra.run.smithi132.stdout:/usr/bin/ceph: stderr
2024-04-25T13:17:11.031+0000 7fdd46d03700 1 -- 172.21.15.132:0/918147909 shutdown_connections
2024-04-25T13:17:15.867 INFO:teuthology.orchestra.run.smithi132.stdout:/usr/bin/ceph: stderr
2024-04-25T13:17:11.031+0000 7fdd46d03700 1 -- 172.21.15.132:0/918147909 wait complete.
2024-04-25T13:17:15.867 INFO:teuthology.orchestra.run.smithi132.stdout:/usr/bin/ceph: stderr
2024-04-25T13:17:11.032+0000 7fdd46d03700 1 Processor -- start
2024-04-25T13:17:15.867 INFO:teuthology.orchestra.run.smithi132.stdout:/usr/bin/ceph: stderr
2024-04-25T13:17:11.032+0000 7fdd46d03700 1 -- start start
2024-04-25T13:17:15.867 INFO:teuthology.orchestra.run.smithi132.stdout:/usr/bin/ceph: stderr
2024-04-25T13:17:11.032+0000 7fdd46d03700 1 --2- >> [v2:172.21.15.132:3300/0,v1:172.21.15.132:6789/0] conn(0x7fdd401066d0 0x7fdd40108fd0 unknown :-1 s=NONE pgs=0 cs=0 l=1 rev1=0 crypto rx=0 tx=0 comp rx=0 tx=0).connect
2024-04-25T13:17:15.867 INFO:teuthology.orchestra.run.smithi132.stdout:/usr/bin/ceph: stderr
2024-04-25T13:17:11.032+0000 7fdd46d03700 1 -- --> [v2:172.21.15.132:3300/0,v1:172.21.15.132:6789/0] -- mon_getmap magic: 0 -- 0x7fdd4010a5b0 con 0x7fdd401066d0
2024-04-25T13:17:15.867 INFO:teuthology.orchestra.run.smithi132.stdout:/usr/bin/ceph: stderr
2024-04-25T13:17:11.032+0000 7fdd44a9f700 1 --2- >> [v2:172.21.15.132:3300/0,v1:172.21.15.132:6789/0] conn(0x7fdd401066d0 0x7fdd40108fd0 unknown :-1 s=BANNER_CONNECTING pgs=0 cs=0 l=1 rev1=0 crypto rx=0 tx=0 comp rx=0 tx=0)._handle_peer_banner_payload supported=3 required=0
2024-04-25T13:17:15.867 INFO:teuthology.orchestra.run.smithi132.stdout:/usr/bin/ceph: stderr
2024-04-25T13:17:11.032+0000 7fdd44a9f700 1 --2- >> [v2:172.21.15.132:3300/0,v1:172.21.15.132:6789/0] conn(0x7fdd401066d0 0x7fdd40108fd0 unknown :-1 s=HELLO_CONNECTING pgs=0 cs=0 l=1 rev1=1 crypto rx=0 tx=0 comp rx=0 tx=0).handle_hello peer v2:172.21.15.132:3300/0 says I am v2:172.21.15.132:56748/0 (socket says 172.21.15.132:56748)
2024-04-25T13:17:15.867 INFO:teuthology.orchestra.run.smithi132.stdout:/usr/bin/ceph: stderr
2024-04-25T13:17:11.032+0000 7fdd44a9f700 1 -- 172.21.15.132:0/51897249 learned_addr learned my addr 172.21.15.132:0/51897249 (peer_addr_for_me v2:172.21.15.132:0/0)
2024-04-25T13:17:15.867 INFO:teuthology.orchestra.run.smithi132.stdout:/usr/bin/ceph: stderr
2024-04-25T13:17:11.032+0000 7fdd44a9f700 1 -- 172.21.15.132:0/51897249 --> [v2:172.21.15.132:3300/0,v1:172.21.15.132:6789/0] -- mon_subscribe({config=0+,monmap=0+}) -- 0x7fdd40109510 con 0x7fdd401066d0
2024-04-25T13:17:15.867 INFO:teuthology.orchestra.run.smithi132.stdout:/usr/bin/ceph: stderr
2024-04-25T13:17:11.032+0000 7fdd44a9f700 1 --2- 172.21.15.132:0/51897249 >> [v2:172.21.15.132:3300/0,v1:172.21.15.132:6789/0] conn(0x7fdd401066d0 0x7fdd40108fd0 secure :-1 s=READY pgs=46 cs=0 l=1 rev1=1 crypto rx=0x7fdd340117b0 tx=0x7fdd34011b70 comp rx=0 tx=0).ready entity=mon.0 client_cookie=0 server_cookie=0 in_seq=0 out_seq=0
2024-04-25T13:17:15.867 INFO:teuthology.orchestra.run.smithi132.stdout:/usr/bin/ceph: stderr
2024-04-25T13:17:11.032+0000 7fdd3dffb700 1 -- 172.21.15.132:0/51897249 <== mon.0 v2:172.21.15.132:3300/0 1 ==== mon_map magic: 0 ==== 205+0+0 (secure 0 0 0) 0x7fdd34003af0 con 0x7fdd401066d0
2024-04-25T13:17:15.867 INFO:teuthology.orchestra.run.smithi132.stdout:/usr/bin/ceph: stderr
2024-04-25T13:17:11.032+0000 7fdd3dffb700 1 -- 172.21.15.132:0/51897249 <== mon.0 v2:172.21.15.132:3300/0 2 ==== config(26 keys) ==== 1070+0+0 (secure 0 0 0) 0x7fdd34020070 con 0x7fdd401066d0
2024-04-25T13:17:15.867 INFO:teuthology.orchestra.run.smithi132.stdout:/usr/bin/ceph: stderr
2024-04-25T13:17:11.032+0000 7fdd46d03700 1 -- 172.21.15.132:0/51897249 --> [v2:172.21.15.132:3300/0,v1:172.21.15.132:6789/0] -- mon_subscribe({mgrmap=0+}) -- 0x7fdd40107700 con 0x7fdd401066d0
2024-04-25T13:17:15.867 INFO:teuthology.orchestra.run.smithi132.stdout:/usr/bin/ceph: stderr
2024-04-25T13:17:11.032+0000 7fdd3dffb700 1 -- 172.21.15.132:0/51897249 <== mon.0 v2:172.21.15.132:3300/0 3 ==== mon_map magic: 0 ==== 205+0+0 (secure 0 0 0) 0x7fdd34019550 con 0x7fdd401066d0
2024-04-25T13:17:15.867 INFO:teuthology.orchestra.run.smithi132.stdout:/usr/bin/ceph: stderr
2024-04-25T13:17:11.033+0000 7fdd46d03700 1 -- 172.21.15.132:0/51897249 --> [v2:172.21.15.132:3300/0,v1:172.21.15.132:6789/0] -- mon_subscribe({osdmap=0}) -- 0x7fdd40107c40 con 0x7fdd401066d0
2024-04-25T13:17:15.868 INFO:teuthology.orchestra.run.smithi132.stdout:/usr/bin/ceph: stderr
2024-04-25T13:17:11.033+0000 7fdd3dffb700 1 -- 172.21.15.132:0/51897249 <== mon.0 v2:172.21.15.132:3300/0 4 ==== mgrmap(e 8) ==== 46558+0+0 (secure 0 0 0) 0x7fdd34019810 con 0x7fdd401066d0
2024-04-25T13:17:15.868 INFO:teuthology.orchestra.run.smithi132.stdout:/usr/bin/ceph: stderr
2024-04-25T13:17:11.033+0000 7fdd46d03700 1 -- 172.21.15.132:0/51897249 --> [v2:172.21.15.132:3300/0,v1:172.21.15.132:6789/0] -- mon_command({"prefix": "get_command_descriptions"} v 0) -- 0x7fdd400640a0 con 0x7fdd401066d0
2024-04-25T13:17:15.868 INFO:teuthology.orchestra.run.smithi132.stdout:/usr/bin/ceph: stderr
2024-04-25T13:17:11.034+0000 7fdd3dffb700 1 --2- 172.21.15.132:0/51897249 >> [v2:172.21.15.132:6800/3731525834,v1:172.21.15.132:6801/3731525834] conn(0x7fdd300395b0 0x7fdd3003ba70 unknown :-1 s=NONE pgs=0 cs=0 l=1 rev1=0 crypto rx=0 tx=0 comp rx=0 tx=0).connect
2024-04-25T13:17:15.868 INFO:teuthology.orchestra.run.smithi132.stdout:/usr/bin/ceph: stderr
2024-04-25T13:17:11.034+0000 7fdd3dffb700 1 -- 172.21.15.132:0/51897249 <== mon.0 v2:172.21.15.132:3300/0 5 ==== osd_map(2..2 src has 1..2) ==== 940+0+0 (secure 0 0 0) 0x7fdd3404db60 con 0x7fdd401066d0
2024-04-25T13:17:15.868 INFO:teuthology.orchestra.run.smithi132.stdout:/usr/bin/ceph: stderr
2024-04-25T13:17:11.034+0000 7fdd3ffff700 1 --2- 172.21.15.132:0/51897249 >> [v2:172.21.15.132:6800/3731525834,v1:172.21.15.132:6801/3731525834] conn(0x7fdd300395b0 0x7fdd3003ba70 unknown :-1 s=BANNER_CONNECTING pgs=0 cs=0 l=1 rev1=0 crypto rx=0 tx=0 comp rx=0 tx=0)._handle_peer_banner_payload supported=3 required=0
2024-04-25T13:17:15.868 INFO:teuthology.orchestra.run.smithi132.stdout:/usr/bin/ceph: stderr
2024-04-25T13:17:11.034+0000 7fdd3ffff700 1 --2- 172.21.15.132:0/51897249 >> [v2:172.21.15.132:6800/3731525834,v1:172.21.15.132:6801/3731525834] conn(0x7fdd300395b0 0x7fdd3003ba70 secure :-1 s=READY pgs=11 cs=0 l=1 rev1=1 crypto rx=0x7fdd2c006fd0 tx=0x7fdd2c006e40 comp rx=0 tx=0).ready entity=mgr.14120 client_cookie=0 server_cookie=0 in_seq=0 out_seq=0
2024-04-25T13:17:15.868 INFO:teuthology.orchestra.run.smithi132.stdout:/usr/bin/ceph: stderr
2024-04-25T13:17:11.039+0000 7fdd3dffb700 1 -- 172.21.15.132:0/51897249 <== mon.0 v2:172.21.15.132:3300/0 6 ==== mon_command_ack([{"prefix": "get_command_descriptions"}]=0 v0) ==== 72+0+188370 (secure 0 0 0) 0x7fdd340042a0 con 0x7fdd401066d0
2024-04-25T13:17:15.868 INFO:teuthology.orchestra.run.smithi132.stdout:/usr/bin/ceph: stderr
2024-04-25T13:17:11.241+0000 7fdd46d03700 1 -- 172.21.15.132:0/51897249 --> [v2:172.21.15.132:6800/3731525834,v1:172.21.15.132:6801/3731525834] -- mgr_command(tid 0: {"prefix": "orch host add", "hostname": "smithi132", "addr": "172.21.15.132", "target": ["mon-mgr", ""]}) -- 0x7fdd401084c0 con 0x7fdd300395b0
2024-04-25T13:17:15.868 INFO:teuthology.orchestra.run.smithi132.stdout:/usr/bin/ceph: stderr
2024-04-25T13:17:15.278+0000 7fdd3dffb700 1 -- 172.21.15.132:0/51897249 <== mgr.14120 v2:172.21.15.132:6800/3731525834 1 ==== mgr_command_reply(tid 0: 0 ) ==== 8+0+49 (secure 0 0 0) 0x7fdd401084c0 con 0x7fdd300395b0
2024-04-25T13:17:15.868 INFO:teuthology.orchestra.run.smithi132.stdout:/usr/bin/ceph: stderr
2024-04-25T13:17:15.281+0000 7fdd46d03700 1 -- 172.21.15.132:0/51897249 >> [v2:172.21.15.132:6800/3731525834,v1:172.21.15.132:6801/3731525834] conn(0x7fdd300395b0 msgr2=0x7fdd3003ba70 secure :-1 s=STATE_CONNECTION_ESTABLISHED l=1).mark_down
2024-04-25T13:17:15.868 INFO:teuthology.orchestra.run.smithi132.stdout:/usr/bin/ceph: stderr
2024-04-25T13:17:15.281+0000 7fdd46d03700 1 --2- 172.21.15.132:0/51897249 >> [v2:172.21.15.132:6800/3731525834,v1:172.21.15.132:6801/3731525834] conn(0x7fdd300395b0 0x7fdd3003ba70 secure :-1 s=READY pgs=11 cs=0 l=1 rev1=1 crypto rx=0x7fdd2c006fd0 tx=0x7fdd2c006e40 comp rx=0 tx=0).stop
2024-04-25T13:17:15.868 INFO:teuthology.orchestra.run.smithi132.stdout:/usr/bin/ceph: stderr
2024-04-25T13:17:15.281+0000 7fdd46d03700 1 -- 172.21.15.132:0/51897249 >> [v2:172.21.15.132:3300/0,v1:172.21.15.132:6789/0] conn(0x7fdd401066d0 msgr2=0x7fdd40108fd0 secure :-1 s=STATE_CONNECTION_ESTABLISHED l=1).mark_down
2024-04-25T13:17:15.868 INFO:teuthology.orchestra.run.smithi132.stdout:/usr/bin/ceph: stderr
2024-04-25T13:17:15.281+0000 7fdd46d03700 1 --2- 172.21.15.132:0/51897249 >> [v2:172.21.15.132:3300/0,v1:172.21.15.132:6789/0] conn(0x7fdd401066d0 0x7fdd40108fd0 secure :-1 s=READY pgs=46 cs=0 l=1 rev1=1 crypto rx=0x7fdd340117b0 tx=0x7fdd34011b70 comp rx=0 tx=0).stop
2024-04-25T13:17:15.868 INFO:teuthology.orchestra.run.smithi132.stdout:/usr/bin/ceph: stderr
2024-04-25T13:17:15.281+0000 7fdd46d03700 1 -- 172.21.15.132:0/51897249 shutdown_connections
2024-04-25T13:17:15.869 INFO:teuthology.orchestra.run.smithi132.stdout:/usr/bin/ceph: stderr
2024-04-25T13:17:15.281+0000 7fdd46d03700 1 --2- 172.21.15.132:0/51897249 >> [v2:172.21.15.132:6800/3731525834,v1:172.21.15.132:6801/3731525834] conn(0x7fdd300395b0 0x7fdd3003ba70 unknown :-1 s=CLOSED pgs=11 cs=0 l=1 rev1=1 crypto rx=0 tx=0 comp rx=0 tx=0).stop
2024-04-25T13:17:15.869 INFO:teuthology.orchestra.run.smithi132.stdout:/usr/bin/ceph: stderr
2024-04-25T13:17:15.281+0000 7fdd46d03700 1 --2- 172.21.15.132:0/51897249 >> [v2:172.21.15.132:3300/0,v1:172.21.15.132:6789/0] conn(0x7fdd401066d0 0x7fdd40108fd0 unknown :-1 s=CLOSED pgs=46 cs=0 l=1 rev1=1 crypto rx=0 tx=0 comp rx=0 tx=0).stop
2024-04-25T13:17:15.869 INFO:teuthology.orchestra.run.smithi132.stdout:/usr/bin/ceph: stderr
2024-04-25T13:17:15.281+0000 7fdd46d03700 1 -- 172.21.15.132:0/51897249 >> 172.21.15.132:0/51897249 conn(0x7fdd40102030 msgr2=0x7fdd40102c50 unknown :-1 s=STATE_NONE l=0).mark_down
2024-04-25T13:17:15.869 INFO:teuthology.orchestra.run.smithi132.stdout:/usr/bin/ceph: stderr
2024-04-25T13:17:15.281+0000 7fdd46d03700 1 -- 172.21.15.132:0/51897249 shutdown_connections
2024-04-25T13:17:15.869 INFO:teuthology.orchestra.run.smithi132.stdout:/usr/bin/ceph: stderr
2024-04-25T13:17:15.281+0000 7fdd46d03700 1 -- 172.21.15.132:0/51897249 wait complete.
2024-04-25T13:17:15.869 INFO:teuthology.orchestra.run.smithi132.stdout:Deploying unmanaged mon service...
2024-04-25T13:17:16.379 INFO:journalctl@ceph.mon.a.smithi132.stdout:Apr 25 13:17:16 smithi132 ceph-mon[29176]: from='mgr.14120 172.21.15.132:0/3128030550' entity='mgr.x'
2024-04-25T13:17:16.380 INFO:journalctl@ceph.mon.a.smithi132.stdout:Apr 25 13:17:16 smithi132 ceph-mon[29176]: Added host smithi132
2024-04-25T13:17:16.380 INFO:journalctl@ceph.mon.a.smithi132.stdout:Apr 25 13:17:16 smithi132 ceph-mon[29176]: from='mgr.14120 172.21.15.132:0/3128030550' entity='mgr.x' cmd=[{"prefix": "config dump", "format": "json"}]: dispatch
2024-04-25T13:17:17.689 INFO:journalctl@ceph.mon.a.smithi132.stdout:Apr 25 13:17:17 smithi132 ceph-mon[29176]: from='client.14142 -' entity='client.admin' cmd=[{"prefix": "orch apply", "service_type": "mon", "unmanaged": true, "target": ["mon-mgr", ""]}]: dispatch
2024-04-25T13:17:17.689 INFO:journalctl@ceph.mon.a.smithi132.stdout:Apr 25 13:17:17 smithi132 ceph-mon[29176]: Saving service mon spec with placement count:5
2024-04-25T13:17:17.689 INFO:journalctl@ceph.mon.a.smithi132.stdout:Apr 25 13:17:17 smithi132 ceph-mon[29176]: from='mgr.14120 172.21.15.132:0/3128030550' entity='mgr.x'
2024-04-25T13:17:17.956 INFO:teuthology.orchestra.run.smithi132.stdout:/usr/bin/ceph: stdout Scheduled mon update...
2024-04-25T13:17:17.956 INFO:teuthology.orchestra.run.smithi132.stdout:/usr/bin/ceph: stderr
2024-04-25T13:17:16.379+0000 7f7967630700 1 Processor -- start
2024-04-25T13:17:17.956 INFO:teuthology.orchestra.run.smithi132.stdout:/usr/bin/ceph: stderr
2024-04-25T13:17:16.380+0000 7f7967630700 1 -- start start
2024-04-25T13:17:17.956 INFO:teuthology.orchestra.run.smithi132.stdout:/usr/bin/ceph: stderr
2024-04-25T13:17:16.380+0000 7f7967630700 1 --2- >> [v2:172.21.15.132:3300/0,v1:172.21.15.132:6789/0] conn(0x7f7960108ea0 0x7f796010b290 unknown :-1 s=NONE pgs=0 cs=0 l=0 rev1=0 crypto rx=0 tx=0 comp rx=0 tx=0).connect
2024-04-25T13:17:17.956 INFO:teuthology.orchestra.run.smithi132.stdout:/usr/bin/ceph: stderr
2024-04-25T13:17:16.380+0000 7f7967630700 1 -- --> [v2:172.21.15.132:3300/0,v1:172.21.15.132:6789/0] -- mon_getmap magic: 0 -- 0x7f796007be90 con 0x7f7960108ea0
2024-04-25T13:17:17.956 INFO:teuthology.orchestra.run.smithi132.stdout:/usr/bin/ceph: stderr
2024-04-25T13:17:16.380+0000 7f79653cc700 1 --2- >> [v2:172.21.15.132:3300/0,v1:172.21.15.132:6789/0] conn(0x7f7960108ea0 0x7f796010b290 unknown :-1 s=BANNER_CONNECTING pgs=0 cs=0 l=0 rev1=0 crypto rx=0 tx=0 comp rx=0 tx=0)._handle_peer_banner_payload supported=3 required=0
2024-04-25T13:17:17.956 INFO:teuthology.orchestra.run.smithi132.stdout:/usr/bin/ceph: stderr
2024-04-25T13:17:16.380+0000 7f79653cc700 1 --2- >> [v2:172.21.15.132:3300/0,v1:172.21.15.132:6789/0] conn(0x7f7960108ea0 0x7f796010b290 unknown :-1 s=HELLO_CONNECTING pgs=0 cs=0 l=0 rev1=1 crypto rx=0 tx=0 comp rx=0 tx=0).handle_hello peer v2:172.21.15.132:3300/0 says I am v2:172.21.15.132:35100/0 (socket says 172.21.15.132:35100)
2024-04-25T13:17:17.956 INFO:teuthology.orchestra.run.smithi132.stdout:/usr/bin/ceph: stderr
2024-04-25T13:17:16.380+0000 7f79653cc700 1 -- 172.21.15.132:0/56412659 learned_addr learned my addr 172.21.15.132:0/56412659 (peer_addr_for_me v2:172.21.15.132:0/0)
2024-04-25T13:17:17.957 INFO:teuthology.orchestra.run.smithi132.stdout:/usr/bin/ceph: stderr
2024-04-25T13:17:16.380+0000 7f79653cc700 1 -- 172.21.15.132:0/56412659 --> [v2:172.21.15.132:3300/0,v1:172.21.15.132:6789/0] -- mon_subscribe({config=0+,monmap=0+}) -- 0x7f796010b7d0 con 0x7f7960108ea0
2024-04-25T13:17:17.957 INFO:teuthology.orchestra.run.smithi132.stdout:/usr/bin/ceph: stderr
2024-04-25T13:17:16.381+0000 7f79653cc700 1 --2- 172.21.15.132:0/56412659 >> [v2:172.21.15.132:3300/0,v1:172.21.15.132:6789/0] conn(0x7f7960108ea0 0x7f796010b290 secure :-1 s=READY pgs=47 cs=0 l=1 rev1=1 crypto rx=0x7f79500098a0 tx=0x7f7950009bb0 comp rx=0 tx=0).ready entity=mon.0 client_cookie=4382239a1bd7645c server_cookie=0 in_seq=0 out_seq=0
2024-04-25T13:17:17.957 INFO:teuthology.orchestra.run.smithi132.stdout:/usr/bin/ceph: stderr
2024-04-25T13:17:16.381+0000 7f7957fff700 1 -- 172.21.15.132:0/56412659 <== mon.0 v2:172.21.15.132:3300/0 1 ==== mon_map magic: 0 ==== 205+0+0 (secure 0 0 0) 0x7f7950004160 con 0x7f7960108ea0
2024-04-25T13:17:17.957 INFO:teuthology.orchestra.run.smithi132.stdout:/usr/bin/ceph: stderr
2024-04-25T13:17:16.381+0000 7f7957fff700 1 -- 172.21.15.132:0/56412659 <== mon.0 v2:172.21.15.132:3300/0 2 ==== config(26 keys) ==== 1070+0+0 (secure 0 0 0) 0x7f7950004300 con 0x7f7960108ea0
2024-04-25T13:17:17.957 INFO:teuthology.orchestra.run.smithi132.stdout:/usr/bin/ceph: stderr
2024-04-25T13:17:16.381+0000 7f7957fff700 1 -- 172.21.15.132:0/56412659 <== mon.0 v2:172.21.15.132:3300/0 3 ==== mon_map magic: 0 ==== 205+0+0 (secure 0 0 0) 0x7f7950011af0 con 0x7f7960108ea0
2024-04-25T13:17:17.957 INFO:teuthology.orchestra.run.smithi132.stdout:/usr/bin/ceph: stderr
2024-04-25T13:17:16.381+0000 7f7967630700 1 -- 172.21.15.132:0/56412659 >> [v2:172.21.15.132:3300/0,v1:172.21.15.132:6789/0] conn(0x7f7960108ea0 msgr2=0x7f796010b290 secure :-1 s=STATE_CONNECTION_ESTABLISHED l=1).mark_down
2024-04-25T13:17:17.957 INFO:teuthology.orchestra.run.smithi132.stdout:/usr/bin/ceph: stderr
2024-04-25T13:17:16.381+0000 7f7967630700 1 --2- 172.21.15.132:0/56412659 >> [v2:172.21.15.132:3300/0,v1:172.21.15.132:6789/0] conn(0x7f7960108ea0 0x7f796010b290 secure :-1 s=READY pgs=47 cs=0 l=1 rev1=1 crypto rx=0x7f79500098a0 tx=0x7f7950009bb0 comp rx=0 tx=0).stop
2024-04-25T13:17:17.957 INFO:teuthology.orchestra.run.smithi132.stdout:/usr/bin/ceph: stderr
2024-04-25T13:17:16.381+0000 7f7967630700 1 -- 172.21.15.132:0/56412659 shutdown_connections
2024-04-25T13:17:17.957 INFO:teuthology.orchestra.run.smithi132.stdout:/usr/bin/ceph: stderr
2024-04-25T13:17:16.381+0000 7f7967630700 1 --2- 172.21.15.132:0/56412659 >> [v2:172.21.15.132:3300/0,v1:172.21.15.132:6789/0] conn(0x7f7960108ea0 0x7f796010b290 unknown :-1 s=CLOSED pgs=47 cs=0 l=1 rev1=1 crypto rx=0 tx=0 comp rx=0 tx=0).stop
2024-04-25T13:17:17.957 INFO:teuthology.orchestra.run.smithi132.stdout:/usr/bin/ceph: stderr
2024-04-25T13:17:16.381+0000 7f7967630700 1 -- 172.21.15.132:0/56412659 >> 172.21.15.132:0/56412659 conn(0x7f7960102890 msgr2=0x7f7960104cd0 unknown :-1 s=STATE_NONE l=0).mark_down
2024-04-25T13:17:17.957 INFO:teuthology.orchestra.run.smithi132.stdout:/usr/bin/ceph: stderr
2024-04-25T13:17:16.381+0000 7f7967630700 1 -- 172.21.15.132:0/56412659 shutdown_connections
2024-04-25T13:17:17.957 INFO:teuthology.orchestra.run.smithi132.stdout:/usr/bin/ceph: stderr
2024-04-25T13:17:16.381+0000 7f7967630700 1 -- 172.21.15.132:0/56412659 wait complete.
2024-04-25T13:17:17.957 INFO:teuthology.orchestra.run.smithi132.stdout:/usr/bin/ceph: stderr
2024-04-25T13:17:16.382+0000 7f7967630700 1 Processor -- start
2024-04-25T13:17:17.957 INFO:teuthology.orchestra.run.smithi132.stdout:/usr/bin/ceph: stderr
2024-04-25T13:17:16.382+0000 7f7967630700 1 -- start start
