2024-04-25T13:17:04.216+0000 7fab197fa700 1 -- 172.21.15.132:0/2877672608 >> [v2:172.21.15.132:6800/1609880537,v1:172.21.15.132:6801/1609880537] conn(0x7fab04039600 msgr2=0x7fab0403bac0 unknown :-1 s=STATE_CONNECTING l=1).mark_down
2024-04-25T13:17:05.837 INFO:teuthology.orchestra.run.smithi132.stdout:/usr/bin/ceph: stderr
2024-04-25T13:17:04.216+0000 7fab197fa700 1 --2- 172.21.15.132:0/2877672608 >> [v2:172.21.15.132:6800/1609880537,v1:172.21.15.132:6801/1609880537] conn(0x7fab04039600 0x7fab0403bac0 unknown :-1 s=START_CONNECT pgs=0 cs=0 l=1 rev1=0 crypto rx=0 tx=0 comp rx=0 tx=0).stop
2024-04-25T13:17:05.837 INFO:teuthology.orchestra.run.smithi132.stdout:/usr/bin/ceph: stderr
2024-04-25T13:17:05.217+0000 7fab197fa700 1 -- 172.21.15.132:0/2877672608 <== mon.0 v2:172.21.15.132:3300/0 7 ==== mgrmap(e 7) ==== 46452+0+0 (secure 0 0 0) 0x7fab0c04fa50 con 0x7fab1c106780
2024-04-25T13:17:05.837 INFO:teuthology.orchestra.run.smithi132.stdout:/usr/bin/ceph: stderr
2024-04-25T13:17:05.218+0000 7fab197fa700 1 --2- 172.21.15.132:0/2877672608 >> [v2:172.21.15.132:6800/3731525834,v1:172.21.15.132:6801/3731525834] conn(0x7fab0403cef0 0x7fab0403f2e0 unknown :-1 s=NONE pgs=0 cs=0 l=1 rev1=0 crypto rx=0 tx=0 comp rx=0 tx=0).connect
2024-04-25T13:17:05.838 INFO:teuthology.orchestra.run.smithi132.stdout:/usr/bin/ceph: stderr
2024-04-25T13:17:05.218+0000 7fab197fa700 1 -- 172.21.15.132:0/2877672608 --> [v2:172.21.15.132:6800/3731525834,v1:172.21.15.132:6801/3731525834] -- command(tid 0: {"prefix": "get_command_descriptions"}) -- 0x7fab0c007da0 con 0x7fab0403cef0
2024-04-25T13:17:05.838 INFO:teuthology.orchestra.run.smithi132.stdout:/usr/bin/ceph: stderr
2024-04-25T13:17:05.218+0000 7fab1b7fe700 1 --2- 172.21.15.132:0/2877672608 >> [v2:172.21.15.132:6800/3731525834,v1:172.21.15.132:6801/3731525834] conn(0x7fab0403cef0 0x7fab0403f2e0 unknown :-1 s=BANNER_CONNECTING pgs=0 cs=0 l=1 rev1=0 crypto rx=0 tx=0 comp rx=0 tx=0)._handle_peer_banner_payload supported=3 required=0
2024-04-25T13:17:05.838 INFO:teuthology.orchestra.run.smithi132.stdout:/usr/bin/ceph: stderr
2024-04-25T13:17:05.218+0000 7fab1b7fe700 1 --2- 172.21.15.132:0/2877672608 >> [v2:172.21.15.132:6800/3731525834,v1:172.21.15.132:6801/3731525834] conn(0x7fab0403cef0 0x7fab0403f2e0 secure :-1 s=READY pgs=1 cs=0 l=1 rev1=1 crypto rx=0x7fab10003a10 tx=0x7fab100092b0 comp rx=0 tx=0).ready entity=mgr.14120 client_cookie=0 server_cookie=0 in_seq=0 out_seq=0
2024-04-25T13:17:05.838 INFO:teuthology.orchestra.run.smithi132.stdout:/usr/bin/ceph: stderr
2024-04-25T13:17:05.219+0000 7fab197fa700 1 -- 172.21.15.132:0/2877672608 <== mgr.14120 v2:172.21.15.132:6800/3731525834 1 ==== command_reply(tid 0: 0 ) ==== 8+0+7774 (secure 0 0 0) 0x7fab0c007da0 con 0x7fab0403cef0
2024-04-25T13:17:05.838 INFO:teuthology.orchestra.run.smithi132.stdout:/usr/bin/ceph: stderr
2024-04-25T13:17:05.225+0000 7fab22844700 1 -- 172.21.15.132:0/2877672608 --> [v2:172.21.15.132:6800/3731525834,v1:172.21.15.132:6801/3731525834] -- command(tid 1: {"prefix": "mgr_status"}) -- 0x7fab1c069b80 con 0x7fab0403cef0
2024-04-25T13:17:05.838 INFO:teuthology.orchestra.run.smithi132.stdout:/usr/bin/ceph: stderr
2024-04-25T13:17:05.225+0000 7fab197fa700 1 -- 172.21.15.132:0/2877672608 <== mgr.14120 v2:172.21.15.132:6800/3731525834 2 ==== command_reply(tid 1: 0 ) ==== 8+0+51 (secure 0 0 0) 0x7fab1c069b80 con 0x7fab0403cef0
2024-04-25T13:17:05.838 INFO:teuthology.orchestra.run.smithi132.stdout:/usr/bin/ceph: stderr
2024-04-25T13:17:05.226+0000 7fab22844700 1 -- 172.21.15.132:0/2877672608 >> [v2:172.21.15.132:6800/3731525834,v1:172.21.15.132:6801/3731525834] conn(0x7fab0403cef0 msgr2=0x7fab0403f2e0 secure :-1 s=STATE_CONNECTION_ESTABLISHED l=1).mark_down
2024-04-25T13:17:05.838 INFO:teuthology.orchestra.run.smithi132.stdout:/usr/bin/ceph: stderr
2024-04-25T13:17:05.226+0000 7fab22844700 1 --2- 172.21.15.132:0/2877672608 >> [v2:172.21.15.132:6800/3731525834,v1:172.21.15.132:6801/3731525834] conn(0x7fab0403cef0 0x7fab0403f2e0 secure :-1 s=READY pgs=1 cs=0 l=1 rev1=1 crypto rx=0x7fab10003a10 tx=0x7fab100092b0 comp rx=0 tx=0).stop
2024-04-25T13:17:05.838 INFO:teuthology.orchestra.run.smithi132.stdout:/usr/bin/ceph: stderr
2024-04-25T13:17:05.226+0000 7fab22844700 1 -- 172.21.15.132:0/2877672608 >> [v2:172.21.15.132:3300/0,v1:172.21.15.132:6789/0] conn(0x7fab1c106780 msgr2=0x7fab1c19c3b0 secure :-1 s=STATE_CONNECTION_ESTABLISHED l=1).mark_down
2024-04-25T13:17:05.838 INFO:teuthology.orchestra.run.smithi132.stdout:/usr/bin/ceph: stderr
2024-04-25T13:17:05.226+0000 7fab22844700 1 --2- 172.21.15.132:0/2877672608 >> [v2:172.21.15.132:3300/0,v1:172.21.15.132:6789/0] conn(0x7fab1c106780 0x7fab1c19c3b0 secure :-1 s=READY pgs=29 cs=0 l=1 rev1=1 crypto rx=0x7fab0c011ac0 tx=0x7fab0c011ba0 comp rx=0 tx=0).stop
2024-04-25T13:17:05.838 INFO:teuthology.orchestra.run.smithi132.stdout:/usr/bin/ceph: stderr
2024-04-25T13:17:05.226+0000 7fab22844700 1 -- 172.21.15.132:0/2877672608 shutdown_connections
2024-04-25T13:17:05.838 INFO:teuthology.orchestra.run.smithi132.stdout:/usr/bin/ceph: stderr
2024-04-25T13:17:05.226+0000 7fab22844700 1 --2- 172.21.15.132:0/2877672608 >> [v2:172.21.15.132:6800/3731525834,v1:172.21.15.132:6801/3731525834] conn(0x7fab0403cef0 0x7fab0403f2e0 unknown :-1 s=CLOSED pgs=1 cs=0 l=1 rev1=1 crypto rx=0 tx=0 comp rx=0 tx=0).stop
2024-04-25T13:17:05.839 INFO:teuthology.orchestra.run.smithi132.stdout:/usr/bin/ceph: stderr
2024-04-25T13:17:05.226+0000 7fab22844700 1 --2- 172.21.15.132:0/2877672608 >> [v2:172.21.15.132:3300/0,v1:172.21.15.132:6789/0] conn(0x7fab1c106780 0x7fab1c19c3b0 unknown :-1 s=CLOSED pgs=29 cs=0 l=1 rev1=1 crypto rx=0 tx=0 comp rx=0 tx=0).stop
2024-04-25T13:17:05.839 INFO:teuthology.orchestra.run.smithi132.stdout:/usr/bin/ceph: stderr
2024-04-25T13:17:05.226+0000 7fab22844700 1 --2- 172.21.15.132:0/2877672608 >> [v2:172.21.15.132:6800/1609880537,v1:172.21.15.132:6801/1609880537] conn(0x7fab04039600 0x7fab0403bac0 unknown :-1 s=CLOSED pgs=0 cs=0 l=1 rev1=0 crypto rx=0 tx=0 comp rx=0 tx=0).stop
2024-04-25T13:17:05.839 INFO:teuthology.orchestra.run.smithi132.stdout:/usr/bin/ceph: stderr
2024-04-25T13:17:05.226+0000 7fab22844700 1 -- 172.21.15.132:0/2877672608 >> 172.21.15.132:0/2877672608 conn(0x7fab1c102040 msgr2=0x7fab1c102bd0 unknown :-1 s=STATE_NONE l=0).mark_down
2024-04-25T13:17:05.839 INFO:teuthology.orchestra.run.smithi132.stdout:/usr/bin/ceph: stderr
2024-04-25T13:17:05.226+0000 7fab22844700 1 -- 172.21.15.132:0/2877672608 shutdown_connections
2024-04-25T13:17:05.839 INFO:teuthology.orchestra.run.smithi132.stdout:/usr/bin/ceph: stderr
2024-04-25T13:17:05.226+0000 7fab22844700 1 -- 172.21.15.132:0/2877672608 wait complete.
2024-04-25T13:17:05.839 INFO:teuthology.orchestra.run.smithi132.stdout:mgr epoch 5 is available
2024-04-25T13:17:05.839 INFO:teuthology.orchestra.run.smithi132.stdout:Setting orchestrator backend to cephadm...
2024-04-25T13:17:06.432 INFO:journalctl@ceph.mon.a.smithi132.stdout:Apr 25 13:17:06 smithi132 ceph-mon[29176]: from='client.14124 -' entity='client.admin' cmd=[{"prefix": "get_command_descriptions"}]: dispatch
2024-04-25T13:17:06.433 INFO:journalctl@ceph.mon.a.smithi132.stdout:Apr 25 13:17:06 smithi132 ceph-mon[29176]: from='client.14124 -' entity='client.admin' cmd=[{"prefix": "mgr_status"}]: dispatch
2024-04-25T13:17:06.433 INFO:journalctl@ceph.mon.a.smithi132.stdout:Apr 25 13:17:06 smithi132 ceph-mon[29176]: from='mgr.14120 172.21.15.132:0/3128030550' entity='mgr.x' cmd=[{"prefix": "config dump", "format": "json"}]: dispatch
2024-04-25T13:17:07.029 INFO:teuthology.orchestra.run.smithi132.stdout:/usr/bin/ceph: stderr
2024-04-25T13:17:06.217+0000 7fac43cf3700 1 Processor -- start
2024-04-25T13:17:07.029 INFO:teuthology.orchestra.run.smithi132.stdout:/usr/bin/ceph: stderr
2024-04-25T13:17:06.217+0000 7fac43cf3700 1 -- start start
2024-04-25T13:17:07.029 INFO:teuthology.orchestra.run.smithi132.stdout:/usr/bin/ceph: stderr
2024-04-25T13:17:06.217+0000 7fac43cf3700 1 --2- >> [v2:172.21.15.132:3300/0,v1:172.21.15.132:6789/0] conn(0x7fac3c108420 0x7fac3c108840 unknown :-1 s=NONE pgs=0 cs=0 l=0 rev1=0 crypto rx=0 tx=0 comp rx=0 tx=0).connect
2024-04-25T13:17:07.029 INFO:teuthology.orchestra.run.smithi132.stdout:/usr/bin/ceph: stderr
2024-04-25T13:17:06.217+0000 7fac43cf3700 1 -- --> [v2:172.21.15.132:3300/0,v1:172.21.15.132:6789/0] -- mon_getmap magic: 0 -- 0x7fac3c108e10 con 0x7fac3c108420
2024-04-25T13:17:07.029 INFO:teuthology.orchestra.run.smithi132.stdout:/usr/bin/ceph: stderr
2024-04-25T13:17:06.217+0000 7fac41a8f700 1 --2- >> [v2:172.21.15.132:3300/0,v1:172.21.15.132:6789/0] conn(0x7fac3c108420 0x7fac3c108840 unknown :-1 s=BANNER_CONNECTING pgs=0 cs=0 l=0 rev1=0 crypto rx=0 tx=0 comp rx=0 tx=0)._handle_peer_banner_payload supported=3 required=0
2024-04-25T13:17:07.029 INFO:teuthology.orchestra.run.smithi132.stdout:/usr/bin/ceph: stderr
2024-04-25T13:17:06.217+0000 7fac41a8f700 1 --2- >> [v2:172.21.15.132:3300/0,v1:172.21.15.132:6789/0] conn(0x7fac3c108420 0x7fac3c108840 unknown :-1 s=HELLO_CONNECTING pgs=0 cs=0 l=0 rev1=1 crypto rx=0 tx=0 comp rx=0 tx=0).handle_hello peer v2:172.21.15.132:3300/0 says I am v2:172.21.15.132:56662/0 (socket says 172.21.15.132:56662)
2024-04-25T13:17:07.029 INFO:teuthology.orchestra.run.smithi132.stdout:/usr/bin/ceph: stderr
2024-04-25T13:17:06.217+0000 7fac41a8f700 1 -- 172.21.15.132:0/2686099930 learned_addr learned my addr 172.21.15.132:0/2686099930 (peer_addr_for_me v2:172.21.15.132:0/0)
2024-04-25T13:17:07.029 INFO:teuthology.orchestra.run.smithi132.stdout:/usr/bin/ceph: stderr
2024-04-25T13:17:06.218+0000 7fac41a8f700 1 -- 172.21.15.132:0/2686099930 --> [v2:172.21.15.132:3300/0,v1:172.21.15.132:6789/0] -- mon_subscribe({config=0+,monmap=0+}) -- 0x7fac3c1095d0 con 0x7fac3c108420
2024-04-25T13:17:07.029 INFO:teuthology.orchestra.run.smithi132.stdout:/usr/bin/ceph: stderr
2024-04-25T13:17:06.218+0000 7fac41a8f700 1 --2- 172.21.15.132:0/2686099930 >> [v2:172.21.15.132:3300/0,v1:172.21.15.132:6789/0] conn(0x7fac3c108420 0x7fac3c108840 secure :-1 s=READY pgs=37 cs=0 l=1 rev1=1 crypto rx=0x7fac380098a0 tx=0x7fac38009bb0 comp rx=0 tx=0).ready entity=mon.0 client_cookie=304ca200ad0dca7c server_cookie=0 in_seq=0 out_seq=0
2024-04-25T13:17:07.030 INFO:teuthology.orchestra.run.smithi132.stdout:/usr/bin/ceph: stderr
2024-04-25T13:17:06.218+0000 7fac40a8d700 1 -- 172.21.15.132:0/2686099930 <== mon.0 v2:172.21.15.132:3300/0 1 ==== mon_map magic: 0 ==== 205+0+0 (secure 0 0 0) 0x7fac38004160 con 0x7fac3c108420
2024-04-25T13:17:07.030 INFO:teuthology.orchestra.run.smithi132.stdout:/usr/bin/ceph: stderr
2024-04-25T13:17:06.218+0000 7fac40a8d700 1 -- 172.21.15.132:0/2686099930 <== mon.0 v2:172.21.15.132:3300/0 2 ==== config(26 keys) ==== 1070+0+0 (secure 0 0 0) 0x7fac38004300 con 0x7fac3c108420
2024-04-25T13:17:07.030 INFO:teuthology.orchestra.run.smithi132.stdout:/usr/bin/ceph: stderr
2024-04-25T13:17:06.218+0000 7fac40a8d700 1 -- 172.21.15.132:0/2686099930 <== mon.0 v2:172.21.15.132:3300/0 3 ==== mon_map magic: 0 ==== 205+0+0 (secure 0 0 0) 0x7fac38011af0 con 0x7fac3c108420
2024-04-25T13:17:07.030 INFO:teuthology.orchestra.run.smithi132.stdout:/usr/bin/ceph: stderr
2024-04-25T13:17:06.219+0000 7fac43cf3700 1 -- 172.21.15.132:0/2686099930 >> [v2:172.21.15.132:3300/0,v1:172.21.15.132:6789/0] conn(0x7fac3c108420 msgr2=0x7fac3c108840 secure :-1 s=STATE_CONNECTION_ESTABLISHED l=1).mark_down
2024-04-25T13:17:07.030 INFO:teuthology.orchestra.run.smithi132.stdout:/usr/bin/ceph: stderr
2024-04-25T13:17:06.219+0000 7fac43cf3700 1 --2- 172.21.15.132:0/2686099930 >> [v2:172.21.15.132:3300/0,v1:172.21.15.132:6789/0] conn(0x7fac3c108420 0x7fac3c108840 secure :-1 s=READY pgs=37 cs=0 l=1 rev1=1 crypto rx=0x7fac380098a0 tx=0x7fac38009bb0 comp rx=0 tx=0).stop
2024-04-25T13:17:07.030 INFO:teuthology.orchestra.run.smithi132.stdout:/usr/bin/ceph: stderr
2024-04-25T13:17:06.219+0000 7fac43cf3700 1 -- 172.21.15.132:0/2686099930 shutdown_connections
2024-04-25T13:17:07.030 INFO:teuthology.orchestra.run.smithi132.stdout:/usr/bin/ceph: stderr
2024-04-25T13:17:06.219+0000 7fac43cf3700 1 --2- 172.21.15.132:0/2686099930 >> [v2:172.21.15.132:3300/0,v1:172.21.15.132:6789/0] conn(0x7fac3c108420 0x7fac3c108840 unknown :-1 s=CLOSED pgs=37 cs=0 l=1 rev1=1 crypto rx=0 tx=0 comp rx=0 tx=0).stop
2024-04-25T13:17:07.030 INFO:teuthology.orchestra.run.smithi132.stdout:/usr/bin/ceph: stderr
2024-04-25T13:17:06.219+0000 7fac43cf3700 1 -- 172.21.15.132:0/2686099930 >> 172.21.15.132:0/2686099930 conn(0x7fac3c103a20 msgr2=0x7fac3c105e40 unknown :-1 s=STATE_NONE l=0).mark_down
2024-04-25T13:17:07.030 INFO:teuthology.orchestra.run.smithi132.stdout:/usr/bin/ceph: stderr
2024-04-25T13:17:06.219+0000 7fac43cf3700 1 -- 172.21.15.132:0/2686099930 shutdown_connections
2024-04-25T13:17:07.030 INFO:teuthology.orchestra.run.smithi132.stdout:/usr/bin/ceph: stderr
2024-04-25T13:17:06.219+0000 7fac43cf3700 1 -- 172.21.15.132:0/2686099930 wait complete.
2024-04-25T13:17:07.030 INFO:teuthology.orchestra.run.smithi132.stdout:/usr/bin/ceph: stderr
2024-04-25T13:17:06.219+0000 7fac43cf3700 1 Processor -- start
2024-04-25T13:17:07.030 INFO:teuthology.orchestra.run.smithi132.stdout:/usr/bin/ceph: stderr
2024-04-25T13:17:06.219+0000 7fac43cf3700 1 -- start start
2024-04-25T13:17:07.031 INFO:teuthology.orchestra.run.smithi132.stdout:/usr/bin/ceph: stderr
2024-04-25T13:17:06.219+0000 7fac43cf3700 1 --2- >> [v2:172.21.15.132:3300/0,v1:172.21.15.132:6789/0] conn(0x7fac3c108420 0x7fac3c07db90 unknown :-1 s=NONE pgs=0 cs=0 l=1 rev1=0 crypto rx=0 tx=0 comp rx=0 tx=0).connect
2024-04-25T13:17:07.031 INFO:teuthology.orchestra.run.smithi132.stdout:/usr/bin/ceph: stderr
2024-04-25T13:17:06.219+0000 7fac43cf3700 1 -- --> [v2:172.21.15.132:3300/0,v1:172.21.15.132:6789/0] -- mon_getmap magic: 0 -- 0x7fac3c10c980 con 0x7fac3c108420
2024-04-25T13:17:07.031 INFO:teuthology.orchestra.run.smithi132.stdout:/usr/bin/ceph: stderr
2024-04-25T13:17:06.220+0000 7fac41a8f700 1 --2- >> [v2:172.21.15.132:3300/0,v1:172.21.15.132:6789/0] conn(0x7fac3c108420 0x7fac3c07db90 unknown :-1 s=BANNER_CONNECTING pgs=0 cs=0 l=1 rev1=0 crypto rx=0 tx=0 comp rx=0 tx=0)._handle_peer_banner_payload supported=3 required=0
2024-04-25T13:17:07.031 INFO:teuthology.orchestra.run.smithi132.stdout:/usr/bin/ceph: stderr
2024-04-25T13:17:06.220+0000 7fac41a8f700 1 --2- >> [v2:172.21.15.132:3300/0,v1:172.21.15.132:6789/0] conn(0x7fac3c108420 0x7fac3c07db90 unknown :-1 s=HELLO_CONNECTING pgs=0 cs=0 l=1 rev1=1 crypto rx=0 tx=0 comp rx=0 tx=0).handle_hello peer v2:172.21.15.132:3300/0 says I am v2:172.21.15.132:56666/0 (socket says 172.21.15.132:56666)
2024-04-25T13:17:07.031 INFO:teuthology.orchestra.run.smithi132.stdout:/usr/bin/ceph: stderr
2024-04-25T13:17:06.220+0000 7fac41a8f700 1 -- 172.21.15.132:0/1072996601 learned_addr learned my addr 172.21.15.132:0/1072996601 (peer_addr_for_me v2:172.21.15.132:0/0)
2024-04-25T13:17:07.031 INFO:teuthology.orchestra.run.smithi132.stdout:/usr/bin/ceph: stderr
2024-04-25T13:17:06.220+0000 7fac41a8f700 1 -- 172.21.15.132:0/1072996601 --> [v2:172.21.15.132:3300/0,v1:172.21.15.132:6789/0] -- mon_subscribe({config=0+,monmap=0+}) -- 0x7fac3c07e0d0 con 0x7fac3c108420
2024-04-25T13:17:07.031 INFO:teuthology.orchestra.run.smithi132.stdout:/usr/bin/ceph: stderr
2024-04-25T13:17:06.220+0000 7fac41a8f700 1 --2- 172.21.15.132:0/1072996601 >> [v2:172.21.15.132:3300/0,v1:172.21.15.132:6789/0] conn(0x7fac3c108420 0x7fac3c07db90 secure :-1 s=READY pgs=38 cs=0 l=1 rev1=1 crypto rx=0x7fac38003f40 tx=0x7fac38011890 comp rx=0 tx=0).ready entity=mon.0 client_cookie=0 server_cookie=0 in_seq=0 out_seq=0
2024-04-25T13:17:07.031 INFO:teuthology.orchestra.run.smithi132.stdout:/usr/bin/ceph: stderr
2024-04-25T13:17:06.220+0000 7fac32ffd700 1 -- 172.21.15.132:0/1072996601 <== mon.0 v2:172.21.15.132:3300/0 1 ==== mon_map magic: 0 ==== 205+0+0 (secure 0 0 0) 0x7fac380038b0 con 0x7fac3c108420
2024-04-25T13:17:07.031 INFO:teuthology.orchestra.run.smithi132.stdout:/usr/bin/ceph: stderr
2024-04-25T13:17:06.220+0000 7fac32ffd700 1 -- 172.21.15.132:0/1072996601 <== mon.0 v2:172.21.15.132:3300/0 2 ==== config(26 keys) ==== 1070+0+0 (secure 0 0 0) 0x7fac38003a50 con 0x7fac3c108420
2024-04-25T13:17:07.031 INFO:teuthology.orchestra.run.smithi132.stdout:/usr/bin/ceph: stderr
2024-04-25T13:17:06.220+0000 7fac43cf3700 1 -- 172.21.15.132:0/1072996601 --> [v2:172.21.15.132:3300/0,v1:172.21.15.132:6789/0] -- mon_subscribe({mgrmap=0+}) -- 0x7fac3c07c2c0 con 0x7fac3c108420
2024-04-25T13:17:07.031 INFO:teuthology.orchestra.run.smithi132.stdout:/usr/bin/ceph: stderr
2024-04-25T13:17:06.220+0000 7fac32ffd700 1 -- 172.21.15.132:0/1072996601 <== mon.0 v2:172.21.15.132:3300/0 3 ==== mon_map magic: 0 ==== 205+0+0 (secure 0 0 0) 0x7fac3801a5c0 con 0x7fac3c108420
2024-04-25T13:17:07.031 INFO:teuthology.orchestra.run.smithi132.stdout:/usr/bin/ceph: stderr
2024-04-25T13:17:06.220+0000 7fac43cf3700 1 -- 172.21.15.132:0/1072996601 --> [v2:172.21.15.132:3300/0,v1:172.21.15.132:6789/0] -- mon_subscribe({osdmap=0}) -- 0x7fac3c07c800 con 0x7fac3c108420
2024-04-25T13:17:07.031 INFO:teuthology.orchestra.run.smithi132.stdout:/usr/bin/ceph: stderr
2024-04-25T13:17:06.221+0000 7fac32ffd700 1 -- 172.21.15.132:0/1072996601 <== mon.0 v2:172.21.15.132:3300/0 4 ==== mgrmap(e 7) ==== 46452+0+0 (secure 0 0 0) 0x7fac3801a870 con 0x7fac3c108420
2024-04-25T13:17:07.031 INFO:teuthology.orchestra.run.smithi132.stdout:/usr/bin/ceph: stderr
2024-04-25T13:17:06.221+0000 7fac32ffd700 1 --2- 172.21.15.132:0/1072996601 >> [v2:172.21.15.132:6800/3731525834,v1:172.21.15.132:6801/3731525834] conn(0x7fac280394a0 0x7fac2803b960 unknown :-1 s=NONE pgs=0 cs=0 l=1 rev1=0 crypto rx=0 tx=0 comp rx=0 tx=0).connect
2024-04-25T13:17:07.032 INFO:teuthology.orchestra.run.smithi132.stdout:/usr/bin/ceph: stderr
2024-04-25T13:17:06.221+0000 7fac32ffd700 1 -- 172.21.15.132:0/1072996601 <== mon.0 v2:172.21.15.132:3300/0 5 ==== osd_map(2..2 src has 1..2) ==== 940+0+0 (secure 0 0 0) 0x7fac3804d910 con 0x7fac3c108420
2024-04-25T13:17:07.032 INFO:teuthology.orchestra.run.smithi132.stdout:/usr/bin/ceph: stderr
2024-04-25T13:17:06.221+0000 7fac4128e700 1 --2- 172.21.15.132:0/1072996601 >> [v2:172.21.15.132:6800/3731525834,v1:172.21.15.132:6801/3731525834] conn(0x7fac280394a0 0x7fac2803b960 unknown :-1 s=BANNER_CONNECTING pgs=0 cs=0 l=1 rev1=0 crypto rx=0 tx=0 comp rx=0 tx=0)._handle_peer_banner_payload supported=3 required=0
2024-04-25T13:17:07.032 INFO:teuthology.orchestra.run.smithi132.stdout:/usr/bin/ceph: stderr
2024-04-25T13:17:06.221+0000 7fac43cf3700 1 -- 172.21.15.132:0/1072996601 --> [v2:172.21.15.132:3300/0,v1:172.21.15.132:6789/0] -- mon_command({"prefix": "get_command_descriptions"} v 0) -- 0x7fac3c0640a0 con 0x7fac3c108420
2024-04-25T13:17:07.032 INFO:teuthology.orchestra.run.smithi132.stdout:/usr/bin/ceph: stderr
2024-04-25T13:17:06.222+0000 7fac4128e700 1 --2- 172.21.15.132:0/1072996601 >> [v2:172.21.15.132:6800/3731525834,v1:172.21.15.132:6801/3731525834] conn(0x7fac280394a0 0x7fac2803b960 secure :-1 s=READY pgs=7 cs=0 l=1 rev1=1 crypto rx=0x7fac2c006fd0 tx=0x7fac2c006e40 comp rx=0 tx=0).ready entity=mgr.14120 client_cookie=0 server_cookie=0 in_seq=0 out_seq=0
2024-04-25T13:17:07.032 INFO:teuthology.orchestra.run.smithi132.stdout:/usr/bin/ceph: stderr
2024-04-25T13:17:06.227+0000 7fac32ffd700 1 -- 172.21.15.132:0/1072996601 <== mon.0 v2:172.21.15.132:3300/0 6 ==== mon_command_ack([{"prefix": "get_command_descriptions"}]=0 v0) ==== 72+0+188370 (secure 0 0 0) 0x7fac38019c70 con 0x7fac3c108420
2024-04-25T13:17:07.032 INFO:teuthology.orchestra.run.smithi132.stdout:/usr/bin/ceph: stderr
2024-04-25T13:17:06.270+0000 7fac32ffd700 1 -- 172.21.15.132:0/1072996601 <== mon.0 v2:172.21.15.132:3300/0 7 ==== mgrmap(e 8) ==== 46558+0+0 (secure 0 0 0) 0x7fac3802d910 con 0x7fac3c108420
2024-04-25T13:17:07.032 INFO:teuthology.orchestra.run.smithi132.stdout:/usr/bin/ceph: stderr
2024-04-25T13:17:06.446+0000 7fac43cf3700 1 -- 172.21.15.132:0/1072996601 --> [v2:172.21.15.132:6800/3731525834,v1:172.21.15.132:6801/3731525834] -- mgr_command(tid 0: {"prefix": "orch set backend", "module_name": "cephadm", "target": ["mon-mgr", ""]}) -- 0x7fac3c07d130 con 0x7fac280394a0
2024-04-25T13:17:07.032 INFO:teuthology.orchestra.run.smithi132.stdout:/usr/bin/ceph: stderr
2024-04-25T13:17:06.451+0000 7fac32ffd700 1 -- 172.21.15.132:0/1072996601 <== mgr.14120 v2:172.21.15.132:6800/3731525834 1 ==== mgr_command_reply(tid 0: 0 ) ==== 8+0+0 (secure 0 0 0) 0x7fac3c07d130 con 0x7fac280394a0
2024-04-25T13:17:07.032 INFO:teuthology.orchestra.run.smithi132.stdout:/usr/bin/ceph: stderr
2024-04-25T13:17:06.453+0000 7fac43cf3700 1 -- 172.21.15.132:0/1072996601 >> [v2:172.21.15.132:6800/3731525834,v1:172.21.15.132:6801/3731525834] conn(0x7fac280394a0 msgr2=0x7fac2803b960 secure :-1 s=STATE_CONNECTION_ESTABLISHED l=1).mark_down
2024-04-25T13:17:07.032 INFO:teuthology.orchestra.run.smithi132.stdout:/usr/bin/ceph: stderr
2024-04-25T13:17:06.453+0000 7fac43cf3700 1 --2- 172.21.15.132:0/1072996601 >> [v2:172.21.15.132:6800/3731525834,v1:172.21.15.132:6801/3731525834] conn(0x7fac280394a0 0x7fac2803b960 secure :-1 s=READY pgs=7 cs=0 l=1 rev1=1 crypto rx=0x7fac2c006fd0 tx=0x7fac2c006e40 comp rx=0 tx=0).stop
2024-04-25T13:17:07.032 INFO:teuthology.orchestra.run.smithi132.stdout:/usr/bin/ceph: stderr
2024-04-25T13:17:06.453+0000 7fac43cf3700 1 -- 172.21.15.132:0/1072996601 >> [v2:172.21.15.132:3300/0,v1:172.21.15.132:6789/0] conn(0x7fac3c108420 msgr2=0x7fac3c07db90 secure :-1 s=STATE_CONNECTION_ESTABLISHED l=1).mark_down
2024-04-25T13:17:07.032 INFO:teuthology.orchestra.run.smithi132.stdout:/usr/bin/ceph: stderr
2024-04-25T13:17:06.453+0000 7fac43cf3700 1 --2- 172.21.15.132:0/1072996601 >> [v2:172.21.15.132:3300/0,v1:172.21.15.132:6789/0] conn(0x7fac3c108420 0x7fac3c07db90 secure :-1 s=READY pgs=38 cs=0 l=1 rev1=1 crypto rx=0x7fac38003f40 tx=0x7fac38011890 comp rx=0 tx=0).stop
2024-04-25T13:17:07.032 INFO:teuthology.orchestra.run.smithi132.stdout:/usr/bin/ceph: stderr
2024-04-25T13:17:06.453+0000 7fac43cf3700 1 -- 172.21.15.132:0/1072996601 shutdown_connections
2024-04-25T13:17:07.033 INFO:teuthology.orchestra.run.smithi132.stdout:/usr/bin/ceph: stderr
2024-04-25T13:17:06.453+0000 7fac43cf3700 1 --2- 172.21.15.132:0/1072996601 >> [v2:172.21.15.132:6800/3731525834,v1:172.21.15.132:6801/3731525834] conn(0x7fac280394a0 0x7fac2803b960 unknown :-1 s=CLOSED pgs=7 cs=0 l=1 rev1=1 crypto rx=0 tx=0 comp rx=0 tx=0).stop
2024-04-25T13:17:07.033 INFO:teuthology.orchestra.run.smithi132.stdout:/usr/bin/ceph: stderr
2024-04-25T13:17:06.453+0000 7fac43cf3700 1 --2- 172.21.15.132:0/1072996601 >> [v2:172.21.15.132:3300/0,v1:172.21.15.132:6789/0] conn(0x7fac3c108420 0x7fac3c07db90 unknown :-1 s=CLOSED pgs=38 cs=0 l=1 rev1=1 crypto rx=0 tx=0 comp rx=0 tx=0).stop
2024-04-25T13:17:07.033 INFO:teuthology.orchestra.run.smithi132.stdout:/usr/bin/ceph: stderr
2024-04-25T13:17:06.453+0000 7fac43cf3700 1 -- 172.21.15.132:0/1072996601 >> 172.21.15.132:0/1072996601 conn(0x7fac3c103a20 msgr2=0x7fac3c1045d0 unknown :-1 s=STATE_NONE l=0).mark_down
2024-04-25T13:17:07.033 INFO:teuthology.orchestra.run.smithi132.stdout:/usr/bin/ceph: stderr
2024-04-25T13:17:06.454+0000 7fac43cf3700 1 -- 172.21.15.132:0/1072996601 shutdown_connections
2024-04-25T13:17:07.033 INFO:teuthology.orchestra.run.smithi132.stdout:/usr/bin/ceph: stderr
2024-04-25T13:17:06.454+0000 7fac43cf3700 1 -- 172.21.15.132:0/1072996601 wait complete.
2024-04-25T13:17:07.614 INFO:journalctl@ceph.mon.a.smithi132.stdout:Apr 25 13:17:07 smithi132 ceph-mon[29176]: [25/Apr/2024:13:17:05] ENGINE Bus STARTING
2024-04-25T13:17:07.615 INFO:journalctl@ceph.mon.a.smithi132.stdout:Apr 25 13:17:07 smithi132 ceph-mon[29176]: [25/Apr/2024:13:17:05] ENGINE Serving on https://172.21.15.132:7150
2024-04-25T13:17:07.615 INFO:journalctl@ceph.mon.a.smithi132.stdout:Apr 25 13:17:07 smithi132 ceph-mon[29176]: [25/Apr/2024:13:17:05] ENGINE Serving on http://172.21.15.132:8765
2024-04-25T13:17:07.615 INFO:journalctl@ceph.mon.a.smithi132.stdout:Apr 25 13:17:07 smithi132 ceph-mon[29176]: [25/Apr/2024:13:17:05] ENGINE Bus STARTED
2024-04-25T13:17:07.615 INFO:journalctl@ceph.mon.a.smithi132.stdout:Apr 25 13:17:07 smithi132 ceph-mon[29176]: mgrmap e8: x(active, since 2s)
2024-04-25T13:17:07.615 INFO:journalctl@ceph.mon.a.smithi132.stdout:Apr 25 13:17:07 smithi132 ceph-mon[29176]: from='mgr.14120 172.21.15.132:0/3128030550' entity='mgr.x'
2024-04-25T13:17:07.615 INFO:journalctl@ceph.mon.a.smithi132.stdout:Apr 25 13:17:07 smithi132 ceph-mon[29176]: from='mgr.14120 172.21.15.132:0/3128030550' entity='mgr.x' cmd=[{"prefix": "config dump", "format": "json"}]: dispatch
2024-04-25T13:17:08.118 INFO:teuthology.orchestra.run.smithi132.stdout:/usr/bin/ceph: stdout value unchanged
2024-04-25T13:17:08.119 INFO:teuthology.orchestra.run.smithi132.stdout:/usr/bin/ceph: stderr
2024-04-25T13:17:07.405+0000 7f6c260af700 1 Processor -- start
2024-04-25T13:17:08.119 INFO:teuthology.orchestra.run.smithi132.stdout:/usr/bin/ceph: stderr
2024-04-25T13:17:07.405+0000 7f6c260af700 1 -- start start
2024-04-25T13:17:08.119 INFO:teuthology.orchestra.run.smithi132.stdout:/usr/bin/ceph: stderr
2024-04-25T13:17:07.405+0000 7f6c260af700 1 --2- >> [v2:172.21.15.132:3300/0,v1:172.21.15.132:6789/0] conn(0x7f6c20106740 0x7f6c20106b60 unknown :-1 s=NONE pgs=0 cs=0 l=0 rev1=0 crypto rx=0 tx=0 comp rx=0 tx=0).connect
2024-04-25T13:17:08.119 INFO:teuthology.orchestra.run.smithi132.stdout:/usr/bin/ceph: stderr
2024-04-25T13:17:07.405+0000 7f6c260af700 1 -- --> [v2:172.21.15.132:3300/0,v1:172.21.15.132:6789/0] -- mon_getmap magic: 0 -- 0x7f6c20107130 con 0x7f6c20106740
2024-04-25T13:17:08.119 INFO:teuthology.orchestra.run.smithi132.stdout:/usr/bin/ceph: stderr
2024-04-25T13:17:07.405+0000 7f6c1f7fe700 1 --2- >> [v2:172.21.15.132:3300/0,v1:172.21.15.132:6789/0] conn(0x7f6c20106740 0x7f6c20106b60 unknown :-1 s=BANNER_CONNECTING pgs=0 cs=0 l=0 rev1=0 crypto rx=0 tx=0 comp rx=0 tx=0)._handle_peer_banner_payload supported=3 required=0
2024-04-25T13:17:08.119 INFO:teuthology.orchestra.run.smithi132.stdout:/usr/bin/ceph: stderr
2024-04-25T13:17:07.406+0000 7f6c1f7fe700 1 --2- >> [v2:172.21.15.132:3300/0,v1:172.21.15.132:6789/0] conn(0x7f6c20106740 0x7f6c20106b60 unknown :-1 s=HELLO_CONNECTING pgs=0 cs=0 l=0 rev1=1 crypto rx=0 tx=0 comp rx=0 tx=0).handle_hello peer v2:172.21.15.132:3300/0 says I am v2:172.21.15.132:56676/0 (socket says 172.21.15.132:56676)
2024-04-25T13:17:08.119 INFO:teuthology.orchestra.run.smithi132.stdout:/usr/bin/ceph: stderr
2024-04-25T13:17:07.406+0000 7f6c1f7fe700 1 -- 172.21.15.132:0/3982324833 learned_addr learned my addr 172.21.15.132:0/3982324833 (peer_addr_for_me v2:172.21.15.132:0/0)
2024-04-25T13:17:08.119 INFO:teuthology.orchestra.run.smithi132.stdout:/usr/bin/ceph: stderr
2024-04-25T13:17:07.406+0000 7f6c1f7fe700 1 -- 172.21.15.132:0/3982324833 --> [v2:172.21.15.132:3300/0,v1:172.21.15.132:6789/0] -- mon_subscribe({config=0+,monmap=0+}) -- 0x7f6c201096d0 con 0x7f6c20106740
2024-04-25T13:17:08.119 INFO:teuthology.orchestra.run.smithi132.stdout:/usr/bin/ceph: stderr
2024-04-25T13:17:07.406+0000 7f6c1f7fe700 1 --2- 172.21.15.132:0/3982324833 >> [v2:172.21.15.132:3300/0,v1:172.21.15.132:6789/0] conn(0x7f6c20106740 0x7f6c20106b60 secure :-1 s=READY pgs=39 cs=0 l=1 rev1=1 crypto rx=0x7f6c100098a0 tx=0x7f6c10009bb0 comp rx=0 tx=0).ready entity=mon.0 client_cookie=e2c7d728d0e1a5f6 server_cookie=0 in_seq=0 out_seq=0
2024-04-25T13:17:08.119 INFO:teuthology.orchestra.run.smithi132.stdout:/usr/bin/ceph: stderr
2024-04-25T13:17:07.406+0000 7f6c1effd700 1 -- 172.21.15.132:0/3982324833 <== mon.0 v2:172.21.15.132:3300/0 1 ==== mon_map magic: 0 ==== 205+0+0 (secure 0 0 0) 0x7f6c10004160 con 0x7f6c20106740
2024-04-25T13:17:08.119 INFO:teuthology.orchestra.run.smithi132.stdout:/usr/bin/ceph: stderr
2024-04-25T13:17:07.406+0000 7f6c1effd700 1 -- 172.21.15.132:0/3982324833 <== mon.0 v2:172.21.15.132:3300/0 2 ==== config(26 keys) ==== 1070+0+0 (secure 0 0 0) 0x7f6c10004300 con 0x7f6c20106740
2024-04-25T13:17:08.119 INFO:teuthology.orchestra.run.smithi132.stdout:/usr/bin/ceph: stderr
2024-04-25T13:17:07.406+0000 7f6c1effd700 1 -- 172.21.15.132:0/3982324833 <== mon.0 v2:172.21.15.132:3300/0 3 ==== mon_map magic: 0 ==== 205+0+0 (secure 0 0 0) 0x7f6c10011af0 con 0x7f6c20106740
2024-04-25T13:17:08.119 INFO:teuthology.orchestra.run.smithi132.stdout:/usr/bin/ceph: stderr
2024-04-25T13:17:07.407+0000 7f6c260af700 1 -- 172.21.15.132:0/3982324833 >> [v2:172.21.15.132:3300/0,v1:172.21.15.132:6789/0] conn(0x7f6c20106740 msgr2=0x7f6c20106b60 secure :-1 s=STATE_CONNECTION_ESTABLISHED l=1).mark_down
2024-04-25T13:17:08.120 INFO:teuthology.orchestra.run.smithi132.stdout:/usr/bin/ceph: stderr
2024-04-25T13:17:07.407+0000 7f6c260af700 1 --2- 172.21.15.132:0/3982324833 >> [v2:172.21.15.132:3300/0,v1:172.21.15.132:6789/0] conn(0x7f6c20106740 0x7f6c20106b60 secure :-1 s=READY pgs=39 cs=0 l=1 rev1=1 crypto rx=0x7f6c100098a0 tx=0x7f6c10009bb0 comp rx=0 tx=0).stop
2024-04-25T13:17:08.120 INFO:teuthology.orchestra.run.smithi132.stdout:/usr/bin/ceph: stderr
2024-04-25T13:17:07.407+0000 7f6c260af700 1 -- 172.21.15.132:0/3982324833 shutdown_connections
2024-04-25T13:17:08.120 INFO:teuthology.orchestra.run.smithi132.stdout:/usr/bin/ceph: stderr
2024-04-25T13:17:07.407+0000 7f6c260af700 1 --2- 172.21.15.132:0/3982324833 >> [v2:172.21.15.132:3300/0,v1:172.21.15.132:6789/0] conn(0x7f6c20106740 0x7f6c20106b60 unknown :-1 s=CLOSED pgs=39 cs=0 l=1 rev1=1 crypto rx=0 tx=0 comp rx=0 tx=0).stop
2024-04-25T13:17:08.120 INFO:teuthology.orchestra.run.smithi132.stdout:/usr/bin/ceph: stderr
2024-04-25T13:17:07.407+0000 7f6c260af700 1 -- 172.21.15.132:0/3982324833 >> 172.21.15.132:0/3982324833 conn(0x7f6c201020f0 msgr2=0x7f6c20104510 unknown :-1 s=STATE_NONE l=0).mark_down
2024-04-25T13:17:08.120 INFO:teuthology.orchestra.run.smithi132.stdout:/usr/bin/ceph: stderr
2024-04-25T13:17:07.407+0000 7f6c260af700 1 -- 172.21.15.132:0/3982324833 shutdown_connections
2024-04-25T13:17:08.120 INFO:teuthology.orchestra.run.smithi132.stdout:/usr/bin/ceph: stderr
2024-04-25T13:17:07.407+0000 7f6c260af700 1 -- 172.21.15.132:0/3982324833 wait complete.
2024-04-25T13:17:08.120 INFO:teuthology.orchestra.run.smithi132.stdout:/usr/bin/ceph: stderr
2024-04-25T13:17:07.407+0000 7f6c260af700 1 Processor -- start
2024-04-25T13:17:08.120 INFO:teuthology.orchestra.run.smithi132.stdout:/usr/bin/ceph: stderr
2024-04-25T13:17:07.407+0000 7f6c260af700 1 -- start start
2024-04-25T13:17:08.120 INFO:teuthology.orchestra.run.smithi132.stdout:/usr/bin/ceph: stderr
2024-04-25T13:17:07.408+0000 7f6c260af700 1 --2- >> [v2:172.21.15.132:3300/0,v1:172.21.15.132:6789/0] conn(0x7f6c20106740 0x7f6c2019c3f0 unknown :-1 s=NONE pgs=0 cs=0 l=1 rev1=0 crypto rx=0 tx=0 comp rx=0 tx=0).connect
2024-04-25T13:17:08.120 INFO:teuthology.orchestra.run.smithi132.stdout:/usr/bin/ceph: stderr
2024-04-25T13:17:07.408+0000 7f6c260af700 1 -- --> [v2:172.21.15.132:3300/0,v1:172.21.15.132:6789/0] -- mon_getmap magic: 0 -- 0x7f6c2010ca80 con 0x7f6c20106740
2024-04-25T13:17:08.120 INFO:teuthology.orchestra.run.smithi132.stdout:/usr/bin/ceph: stderr
2024-04-25T13:17:07.408+0000 7f6c1f7fe700 1 --2- >> [v2:172.21.15.132:3300/0,v1:172.21.15.132:6789/0] conn(0x7f6c20106740 0x7f6c2019c3f0 unknown :-1 s=BANNER_CONNECTING pgs=0 cs=0 l=1 rev1=0 crypto rx=0 tx=0 comp rx=0 tx=0)._handle_peer_banner_payload supported=3 required=0
2024-04-25T13:17:08.120 INFO:teuthology.orchestra.run.smithi132.stdout:/usr/bin/ceph: stderr
2024-04-25T13:17:07.408+0000 7f6c1f7fe700 1 --2- >> [v2:172.21.15.132:3300/0,v1:172.21.15.132:6789/0] conn(0x7f6c20106740 0x7f6c2019c3f0 unknown :-1 s=HELLO_CONNECTING pgs=0 cs=0 l=1 rev1=1 crypto rx=0 tx=0 comp rx=0 tx=0).handle_hello peer v2:172.21.15.132:3300/0 says I am v2:172.21.15.132:56684/0 (socket says 172.21.15.132:56684)
2024-04-25T13:17:08.120 INFO:teuthology.orchestra.run.smithi132.stdout:/usr/bin/ceph: stderr
2024-04-25T13:17:07.408+0000 7f6c1f7fe700 1 -- 172.21.15.132:0/3225145926 learned_addr learned my addr 172.21.15.132:0/3225145926 (peer_addr_for_me v2:172.21.15.132:0/0)
2024-04-25T13:17:08.120 INFO:teuthology.orchestra.run.smithi132.stdout:/usr/bin/ceph: stderr
2024-04-25T13:17:07.408+0000 7f6c1f7fe700 1 -- 172.21.15.132:0/3225145926 --> [v2:172.21.15.132:3300/0,v1:172.21.15.132:6789/0] -- mon_subscribe({config=0+,monmap=0+}) -- 0x7f6c2019c930 con 0x7f6c20106740
2024-04-25T13:17:08.121 INFO:teuthology.orchestra.run.smithi132.stdout:/usr/bin/ceph: stderr
2024-04-25T13:17:07.408+0000 7f6c1f7fe700 1 --2- 172.21.15.132:0/3225145926 >> [v2:172.21.15.132:3300/0,v1:172.21.15.132:6789/0] conn(0x7f6c20106740 0x7f6c2019c3f0 secure :-1 s=READY pgs=40 cs=0 l=1 rev1=1 crypto rx=0x7f6c10009fb0 tx=0x7f6c10011940 comp rx=0 tx=0).ready entity=mon.0 client_cookie=0 server_cookie=0 in_seq=0 out_seq=0
2024-04-25T13:17:08.121 INFO:teuthology.orchestra.run.smithi132.stdout:/usr/bin/ceph: stderr
2024-04-25T13:17:07.408+0000 7f6c1d7fa700 1 -- 172.21.15.132:0/3225145926 <== mon.0 v2:172.21.15.132:3300/0 1 ==== mon_map magic: 0 ==== 205+0+0 (secure 0 0 0) 0x7f6c100036a0 con 0x7f6c20106740
2024-04-25T13:17:08.121 INFO:teuthology.orchestra.run.smithi132.stdout:/usr/bin/ceph: stderr
2024-04-25T13:17:07.408+0000 7f6c260af700 1 -- 172.21.15.132:0/3225145926 --> [v2:172.21.15.132:3300/0,v1:172.21.15.132:6789/0] -- mon_subscribe({mgrmap=0+}) -- 0x7f6c2019cbc0 con 0x7f6c20106740
2024-04-25T13:17:08.121 INFO:teuthology.orchestra.run.smithi132.stdout:/usr/bin/ceph: stderr
2024-04-25T13:17:07.408+0000 7f6c1d7fa700 1 -- 172.21.15.132:0/3225145926 <== mon.0 v2:172.21.15.132:3300/0 2 ==== config(26 keys) ==== 1070+0+0 (secure 0 0 0) 0x7f6c1001a430 con 0x7f6c20106740
2024-04-25T13:17:08.121 INFO:teuthology.orchestra.run.smithi132.stdout:/usr/bin/ceph: stderr
2024-04-25T13:17:07.409+0000 7f6c260af700 1 -- 172.21.15.132:0/3225145926 --> [v2:172.21.15.132:3300/0,v1:172.21.15.132:6789/0] -- mon_subscribe({osdmap=0}) -- 0x7f6c2019f8b0 con 0x7f6c20106740
2024-04-25T13:17:08.121 INFO:teuthology.orchestra.run.smithi132.stdout:/usr/bin/ceph: stderr
2024-04-25T13:17:07.409+0000 7f6c1d7fa700 1 -- 172.21.15.132:0/3225145926 <== mon.0 v2:172.21.15.132:3300/0 3 ==== mon_map magic: 0 ==== 205+0+0 (secure 0 0 0) 0x7f6c10019550 con 0x7f6c20106740
2024-04-25T13:17:08.121 INFO:teuthology.orchestra.run.smithi132.stdout:/usr/bin/ceph: stderr
2024-04-25T13:17:07.409+0000 7f6c260af700 1 -- 172.21.15.132:0/3225145926 --> [v2:172.21.15.132:3300/0,v1:172.21.15.132:6789/0] -- mon_command({"prefix": "get_command_descriptions"} v 0) -- 0x7f6c20069b80 con 0x7f6c20106740
2024-04-25T13:17:08.121 INFO:teuthology.orchestra.run.smithi132.stdout:/usr/bin/ceph: stderr
2024-04-25T13:17:07.409+0000 7f6c1d7fa700 1 -- 172.21.15.132:0/3225145926 <== mon.0 v2:172.21.15.132:3300/0 4 ==== mgrmap(e 8) ==== 46558+0+0 (secure 0 0 0) 0x7f6c10019850 con 0x7f6c20106740
2024-04-25T13:17:08.121 INFO:teuthology.orchestra.run.smithi132.stdout:/usr/bin/ceph: stderr
2024-04-25T13:17:07.410+0000 7f6c1d7fa700 1 --2- 172.21.15.132:0/3225145926 >> [v2:172.21.15.132:6800/3731525834,v1:172.21.15.132:6801/3731525834] conn(0x7f6c0c039560 0x7f6c0c03ba20 unknown :-1 s=NONE pgs=0 cs=0 l=1 rev1=0 crypto rx=0 tx=0 comp rx=0 tx=0).connect
2024-04-25T13:17:08.121 INFO:teuthology.orchestra.run.smithi132.stdout:/usr/bin/ceph: stderr
2024-04-25T13:17:07.410+0000 7f6c1d7fa700 1 -- 172.21.15.132:0/3225145926 <== mon.0 v2:172.21.15.132:3300/0 5 ==== osd_map(2..2 src has 1..2) ==== 940+0+0 (secure 0 0 0) 0x7f6c1004da80 con 0x7f6c20106740
2024-04-25T13:17:08.121 INFO:teuthology.orchestra.run.smithi132.stdout:/usr/bin/ceph: stderr
2024-04-25T13:17:07.410+0000 7f6c16ffd700 1 --2- 172.21.15.132:0/3225145926 >> [v2:172.21.15.132:6800/3731525834,v1:172.21.15.132:6801/3731525834] conn(0x7f6c0c039560 0x7f6c0c03ba20 unknown :-1 s=BANNER_CONNECTING pgs=0 cs=0 l=1 rev1=0 crypto rx=0 tx=0 comp rx=0 tx=0)._handle_peer_banner_payload supported=3 required=0
2024-04-25T13:17:08.121 INFO:teuthology.orchestra.run.smithi132.stdout:/usr/bin/ceph: stderr
2024-04-25T13:17:07.410+0000 7f6c16ffd700 1 --2- 172.21.15.132:0/3225145926 >> [v2:172.21.15.132:6800/3731525834,v1:172.21.15.132:6801/3731525834] conn(0x7f6c0c039560 0x7f6c0c03ba20 secure :-1 s=READY pgs=8 cs=0 l=1 rev1=1 crypto rx=0x7f6c08006fd0 tx=0x7f6c08006e40 comp rx=0 tx=0).ready entity=mgr.14120 client_cookie=0 server_cookie=0 in_seq=0 out_seq=0
2024-04-25T13:17:08.121 INFO:teuthology.orchestra.run.smithi132.stdout:/usr/bin/ceph: stderr
2024-04-25T13:17:07.415+0000 7f6c1d7fa700 1 -- 172.21.15.132:0/3225145926 <== mon.0 v2:172.21.15.132:3300/0 6 ==== mon_command_ack([{"prefix": "get_command_descriptions"}]=0 v0) ==== 72+0+188370 (secure 0 0 0) 0x7f6c1001a5e0 con 0x7f6c20106740
2024-04-25T13:17:08.122 INFO:teuthology.orchestra.run.smithi132.stdout:/usr/bin/ceph: stderr
2024-04-25T13:17:07.614+0000 7f6c260af700 1 -- 172.21.15.132:0/3225145926 --> [v2:172.21.15.132:6800/3731525834,v1:172.21.15.132:6801/3731525834] -- mgr_command(tid 0: {"prefix": "cephadm set-user", "user": "root", "target": ["mon-mgr", ""]}) -- 0x7f6c201032f0 con 0x7f6c0c039560
2024-04-25T13:17:08.122 INFO:teuthology.orchestra.run.smithi132.stdout:/usr/bin/ceph: stderr
2024-04-25T13:17:07.615+0000 7f6c1d7fa700 1 -- 172.21.15.132:0/3225145926 <== mgr.14120 v2:172.21.15.132:6800/3731525834 1 ==== mgr_command_reply(tid 0: 0 ) ==== 8+0+16 (secure 0 0 0) 0x7f6c201032f0 con 0x7f6c0c039560
2024-04-25T13:17:08.122 INFO:teuthology.orchestra.run.smithi132.stdout:/usr/bin/ceph: stderr
2024-04-25T13:17:07.618+0000 7f6c260af700 1 -- 172.21.15.132:0/3225145926 >> [v2:172.21.15.132:6800/3731525834,v1:172.21.15.132:6801/3731525834] conn(0x7f6c0c039560 msgr2=0x7f6c0c03ba20 secure :-1 s=STATE_CONNECTION_ESTABLISHED l=1).mark_down
2024-04-25T13:17:08.122 INFO:teuthology.orchestra.run.smithi132.stdout:/usr/bin/ceph: stderr
2024-04-25T13:17:07.618+0000 7f6c260af700 1 --2- 172.21.15.132:0/3225145926 >> [v2:172.21.15.132:6800/3731525834,v1:172.21.15.132:6801/3731525834] conn(0x7f6c0c039560 0x7f6c0c03ba20 secure :-1 s=READY pgs=8 cs=0 l=1 rev1=1 crypto rx=0x7f6c08006fd0 tx=0x7f6c08006e40 comp rx=0 tx=0).stop
2024-04-25T13:17:08.122 INFO:teuthology.orchestra.run.smithi132.stdout:/usr/bin/ceph: stderr
2024-04-25T13:17:07.618+0000 7f6c260af700 1 -- 172.21.15.132:0/3225145926 >> [v2:172.21.15.132:3300/0,v1:172.21.15.132:6789/0] conn(0x7f6c20106740 msgr2=0x7f6c2019c3f0 secure :-1 s=STATE_CONNECTION_ESTABLISHED l=1).mark_down
2024-04-25T13:17:08.122 INFO:teuthology.orchestra.run.smithi132.stdout:/usr/bin/ceph: stderr
2024-04-25T13:17:07.618+0000 7f6c260af700 1 --2- 172.21.15.132:0/3225145926 >> [v2:172.21.15.132:3300/0,v1:172.21.15.132:6789/0] conn(0x7f6c20106740 0x7f6c2019c3f0 secure :-1 s=READY pgs=40 cs=0 l=1 rev1=1 crypto rx=0x7f6c10009fb0 tx=0x7f6c10011940 comp rx=0 tx=0).stop
2024-04-25T13:17:08.122 INFO:teuthology.orchestra.run.smithi132.stdout:/usr/bin/ceph: stderr
2024-04-25T13:17:07.618+0000 7f6c260af700 1 -- 172.21.15.132:0/3225145926 shutdown_connections
2024-04-25T13:17:08.122 INFO:teuthology.orchestra.run.smithi132.stdout:/usr/bin/ceph: stderr
2024-04-25T13:17:07.618+0000 7f6c260af700 1 --2- 172.21.15.132:0/3225145926 >> [v2:172.21.15.132:6800/3731525834,v1:172.21.15.132:6801/3731525834] conn(0x7f6c0c039560 0x7f6c0c03ba20 unknown :-1 s=CLOSED pgs=8 cs=0 l=1 rev1=1 crypto rx=0 tx=0 comp rx=0 tx=0).stop
2024-04-25T13:17:08.122 INFO:teuthology.orchestra.run.smithi132.stdout:/usr/bin/ceph: stderr
2024-04-25T13:17:07.618+0000 7f6c260af700 1 --2- 172.21.15.132:0/3225145926 >> [v2:172.21.15.132:3300/0,v1:172.21.15.132:6789/0] conn(0x7f6c20106740 0x7f6c2019c3f0 unknown :-1 s=CLOSED pgs=40 cs=0 l=1 rev1=1 crypto rx=0 tx=0 comp rx=0 tx=0).stop
2024-04-25T13:17:08.122 INFO:teuthology.orchestra.run.smithi132.stdout:/usr/bin/ceph: stderr
2024-04-25T13:17:07.618+0000 7f6c260af700 1 -- 172.21.15.132:0/3225145926 >> 172.21.15.132:0/3225145926 conn(0x7f6c201020f0 msgr2=0x7f6c20102be0 unknown :-1 s=STATE_NONE l=0).mark_down
2024-04-25T13:17:08.122 INFO:teuthology.orchestra.run.smithi132.stdout:/usr/bin/ceph: stderr
2024-04-25T13:17:07.618+0000 7f6c260af700 1 -- 172.21.15.132:0/3225145926 shutdown_connections
2024-04-25T13:17:08.122 INFO:teuthology.orchestra.run.smithi132.stdout:/usr/bin/ceph: stderr
2024-04-25T13:17:07.618+0000 7f6c260af700 1 -- 172.21.15.132:0/3225145926 wait complete.
2024-04-25T13:17:08.122 INFO:teuthology.orchestra.run.smithi132.stdout:Generating ssh key...
2024-04-25T13:17:08.522 INFO:journalctl@ceph.mon.a.smithi132.stdout:Apr 25 13:17:08 smithi132 ceph-mon[29176]: from='client.14132 -' entity='client.admin' cmd=[{"prefix": "orch set backend", "module_name": "cephadm", "target": ["mon-mgr", ""]}]: dispatch
2024-04-25T13:17:09.159 INFO:journalctl@ceph.mgr.x.smithi132.stdout:Apr 25 13:17:08 smithi132 ceph-e85bb134-0305-11ef-bc93-c7b262605968-mgr-x[29407]: Generating public/private rsa key pair.
2024-04-25T13:17:09.159 INFO:journalctl@ceph.mgr.x.smithi132.stdout:Apr 25 13:17:08 smithi132 ceph-e85bb134-0305-11ef-bc93-c7b262605968-mgr-x[29407]: Your identification has been saved in /tmp/tmp3qr_zr8a/key.
2024-04-25T13:17:09.159 INFO:journalctl@ceph.mgr.x.smithi132.stdout:Apr 25 13:17:08 smithi132 ceph-e85bb134-0305-11ef-bc93-c7b262605968-mgr-x[29407]: Your public key has been saved in /tmp/tmp3qr_zr8a/key.pub.
2024-04-25T13:17:09.159 INFO:journalctl@ceph.mgr.x.smithi132.stdout:Apr 25 13:17:08 smithi132 ceph-e85bb134-0305-11ef-bc93-c7b262605968-mgr-x[29407]: The key fingerprint is:
2024-04-25T13:17:09.159 INFO:journalctl@ceph.mgr.x.smithi132.stdout:Apr 25 13:17:08 smithi132 ceph-e85bb134-0305-11ef-bc93-c7b262605968-mgr-x[29407]: SHA256:HAmPsvX4UircZY+P52xnetrcD5czYCzYxu/OwSNwkxc ceph-e85bb134-0305-11ef-bc93-c7b262605968
2024-04-25T13:17:09.159 INFO:journalctl@ceph.mgr.x.smithi132.stdout:Apr 25 13:17:08 smithi132 ceph-e85bb134-0305-11ef-bc93-c7b262605968-mgr-x[29407]: The key's randomart image is:
2024-04-25T13:17:09.159 INFO:journalctl@ceph.mgr.x.smithi132.stdout:Apr 25 13:17:08 smithi132 ceph-e85bb134-0305-11ef-bc93-c7b262605968-mgr-x[29407]: +---[RSA 3072]----+
2024-04-25T13:17:09.159 INFO:journalctl@ceph.mgr.x.smithi132.stdout:Apr 25 13:17:08 smithi132 ceph-e85bb134-0305-11ef-bc93-c7b262605968-mgr-x[29407]: | . |
2024-04-25T13:17:09.159 INFO:journalctl@ceph.mgr.x.smithi132.stdout:Apr 25 13:17:08 smithi132 ceph-e85bb134-0305-11ef-bc93-c7b262605968-mgr-x[29407]: | + . |
2024-04-25T13:17:09.159 INFO:journalctl@ceph.mgr.x.smithi132.stdout:Apr 25 13:17:08 smithi132 ceph-e85bb134-0305-11ef-bc93-c7b262605968-mgr-x[29407]: | . o + E |
2024-04-25T13:17:09.159 INFO:journalctl@ceph.mgr.x.smithi132.stdout:Apr 25 13:17:08 smithi132 ceph-e85bb134-0305-11ef-bc93-c7b262605968-mgr-x[29407]: | + + .+ o . |
2024-04-25T13:17:09.159 INFO:journalctl@ceph.mgr.x.smithi132.stdout:Apr 25 13:17:08 smithi132 ceph-e85bb134-0305-11ef-bc93-c7b262605968-mgr-x[29407]: | . . So O = |
2024-04-25T13:17:09.159 INFO:journalctl@ceph.mgr.x.smithi132.stdout:Apr 25 13:17:08 smithi132 ceph-e85bb134-0305-11ef-bc93-c7b262605968-mgr-x[29407]: | . . * o+ B . .|
2024-04-25T13:17:09.160 INFO:journalctl@ceph.mgr.x.smithi132.stdout:Apr 25 13:17:08 smithi132 ceph-e85bb134-0305-11ef-bc93-c7b262605968-mgr-x[29407]: | o + o .. =.+.|
2024-04-25T13:17:09.160 INFO:journalctl@ceph.mgr.x.smithi132.stdout:Apr 25 13:17:08 smithi132 ceph-e85bb134-0305-11ef-bc93-c7b262605968-mgr-x[29407]: | . . +ooB.ooo|
2024-04-25T13:17:09.160 INFO:journalctl@ceph.mgr.x.smithi132.stdout:Apr 25 13:17:08 smithi132 ceph-e85bb134-0305-11ef-bc93-c7b262605968-mgr-x[29407]: | .+**++...|
2024-04-25T13:17:09.160 INFO:journalctl@ceph.mgr.x.smithi132.stdout:Apr 25 13:17:08 smithi132 ceph-e85bb134-0305-11ef-bc93-c7b262605968-mgr-x[29407]: +----[SHA256]-----+
2024-04-25T13:17:09.426 INFO:journalctl@ceph.mon.a.smithi132.stdout:Apr 25 13:17:09 smithi132 ceph-mon[29176]: from='client.14134 -' entity='client.admin' cmd=[{"prefix": "cephadm set-user", "user": "root", "target": ["mon-mgr", ""]}]: dispatch
2024-04-25T13:17:09.426 INFO:journalctl@ceph.mon.a.smithi132.stdout:Apr 25 13:17:09 smithi132 ceph-mon[29176]: from='mgr.14120 172.21.15.132:0/3128030550' entity='mgr.x'
2024-04-25T13:17:09.426 INFO:journalctl@ceph.mon.a.smithi132.stdout:Apr 25 13:17:09 smithi132 ceph-mon[29176]: from='mgr.14120 172.21.15.132:0/3128030550' entity='mgr.x'
2024-04-25T13:17:09.434 INFO:teuthology.orchestra.run.smithi132.stdout:/usr/bin/ceph: stderr
2024-04-25T13:17:08.544+0000 7f6ceeb8b700 1 Processor -- start
2024-04-25T13:17:09.434 INFO:teuthology.orchestra.run.smithi132.stdout:/usr/bin/ceph: stderr
2024-04-25T13:17:08.544+0000 7f6ceeb8b700 1 -- start start
2024-04-25T13:17:09.434 INFO:teuthology.orchestra.run.smithi132.stdout:/usr/bin/ceph: stderr
2024-04-25T13:17:08.544+0000 7f6ceeb8b700 1 --2- >> [v2:172.21.15.132:3300/0,v1:172.21.15.132:6789/0] conn(0x7f6ce8106d00 0x7f6ce8107120 unknown :-1 s=NONE pgs=0 cs=0 l=0 rev1=0 crypto rx=0 tx=0 comp rx=0 tx=0).connect
2024-04-25T13:17:09.434 INFO:teuthology.orchestra.run.smithi132.stdout:/usr/bin/ceph: stderr
2024-04-25T13:17:08.544+0000 7f6ceeb8b700 1 -- --> [v2:172.21.15.132:3300/0,v1:172.21.15.132:6789/0] -- mon_getmap magic: 0 -- 0x7f6ce807be90 con 0x7f6ce8106d00
2024-04-25T13:17:09.434 INFO:teuthology.orchestra.run.smithi132.stdout:/usr/bin/ceph: stderr
2024-04-25T13:17:08.545+0000 7f6cec927700 1 --2- >> [v2:172.21.15.132:3300/0,v1:172.21.15.132:6789/0] conn(0x7f6ce8106d00 0x7f6ce8107120 unknown :-1 s=BANNER_CONNECTING pgs=0 cs=0 l=0 rev1=0 crypto rx=0 tx=0 comp rx=0 tx=0)._handle_peer_banner_payload supported=3 required=0
2024-04-25T13:17:09.434 INFO:teuthology.orchestra.run.smithi132.stdout:/usr/bin/ceph: stderr
2024-04-25T13:17:08.545+0000 7f6cec927700 1 --2- >> [v2:172.21.15.132:3300/0,v1:172.21.15.132:6789/0] conn(0x7f6ce8106d00 0x7f6ce8107120 unknown :-1 s=HELLO_CONNECTING pgs=0 cs=0 l=0 rev1=1 crypto rx=0 tx=0 comp rx=0 tx=0).handle_hello peer v2:172.21.15.132:3300/0 says I am v2:172.21.15.132:56686/0 (socket says 172.21.15.132:56686)
2024-04-25T13:17:09.434 INFO:teuthology.orchestra.run.smithi132.stdout:/usr/bin/ceph: stderr
2024-04-25T13:17:08.545+0000 7f6cec927700 1 -- 172.21.15.132:0/376405942 learned_addr learned my addr 172.21.15.132:0/376405942 (peer_addr_for_me v2:172.21.15.132:0/0)
2024-04-25T13:17:09.434 INFO:teuthology.orchestra.run.smithi132.stdout:/usr/bin/ceph: stderr
2024-04-25T13:17:08.545+0000 7f6cec927700 1 -- 172.21.15.132:0/376405942 --> [v2:172.21.15.132:3300/0,v1:172.21.15.132:6789/0] -- mon_subscribe({config=0+,monmap=0+}) -- 0x7f6ce8107660 con 0x7f6ce8106d00
2024-04-25T13:17:09.435 INFO:teuthology.orchestra.run.smithi132.stdout:/usr/bin/ceph: stderr
2024-04-25T13:17:08.545+0000 7f6cec927700 1 --2- 172.21.15.132:0/376405942 >> [v2:172.21.15.132:3300/0,v1:172.21.15.132:6789/0] conn(0x7f6ce8106d00 0x7f6ce8107120 secure :-1 s=READY pgs=41 cs=0 l=1 rev1=1 crypto rx=0x7f6cdc0098a0 tx=0x7f6cdc009bb0 comp rx=0 tx=0).ready entity=mon.0 client_cookie=62bb1392c5194d5d server_cookie=0 in_seq=0 out_seq=0
2024-04-25T13:17:09.435 INFO:teuthology.orchestra.run.smithi132.stdout:/usr/bin/ceph: stderr
2024-04-25T13:17:08.545+0000 7f6ce77fe700 1 -- 172.21.15.132:0/376405942 <== mon.0 v2:172.21.15.132:3300/0 1 ==== mon_map magic: 0 ==== 205+0+0 (secure 0 0 0) 0x7f6cdc004160 con 0x7f6ce8106d00
2024-04-25T13:17:09.435 INFO:teuthology.orchestra.run.smithi132.stdout:/usr/bin/ceph: stderr
2024-04-25T13:17:08.545+0000 7f6ce77fe700 1 -- 172.21.15.132:0/376405942 <== mon.0 v2:172.21.15.132:3300/0 2 ==== config(26 keys) ==== 1070+0+0 (secure 0 0 0) 0x7f6cdc004300 con 0x7f6ce8106d00
2024-04-25T13:17:09.435 INFO:teuthology.orchestra.run.smithi132.stdout:/usr/bin/ceph: stderr
2024-04-25T13:17:08.545+0000 7f6ce77fe700 1 -- 172.21.15.132:0/376405942 <== mon.0 v2:172.21.15.132:3300/0 3 ==== mon_map magic: 0 ==== 205+0+0 (secure 0 0 0) 0x7f6cdc011af0 con 0x7f6ce8106d00
2024-04-25T13:17:09.435 INFO:teuthology.orchestra.run.smithi132.stdout:/usr/bin/ceph: stderr
2024-04-25T13:17:08.546+0000 7f6ceeb8b700 1 -- 172.21.15.132:0/376405942 >> [v2:172.21.15.132:3300/0,v1:172.21.15.132:6789/0] conn(0x7f6ce8106d00 msgr2=0x7f6ce8107120 secure :-1 s=STATE_CONNECTION_ESTABLISHED l=1).mark_down
2024-04-25T13:17:09.435 INFO:teuthology.orchestra.run.smithi132.stdout:/usr/bin/ceph: stderr
2024-04-25T13:17:08.546+0000 7f6ceeb8b700 1 --2- 172.21.15.132:0/376405942 >> [v2:172.21.15.132:3300/0,v1:172.21.15.132:6789/0] conn(0x7f6ce8106d00 0x7f6ce8107120 secure :-1 s=READY pgs=41 cs=0 l=1 rev1=1 crypto rx=0x7f6cdc0098a0 tx=0x7f6cdc009bb0 comp rx=0 tx=0).stop
2024-04-25T13:17:09.435 INFO:teuthology.orchestra.run.smithi132.stdout:/usr/bin/ceph: stderr
2024-04-25T13:17:08.546+0000 7f6ceeb8b700 1 -- 172.21.15.132:0/376405942 shutdown_connections
2024-04-25T13:17:09.435 INFO:teuthology.orchestra.run.smithi132.stdout:/usr/bin/ceph: stderr
2024-04-25T13:17:08.546+0000 7f6ceeb8b700 1 --2- 172.21.15.132:0/376405942 >> [v2:172.21.15.132:3300/0,v1:172.21.15.132:6789/0] conn(0x7f6ce8106d00 0x7f6ce8107120 unknown :-1 s=CLOSED pgs=41 cs=0 l=1 rev1=1 crypto rx=0 tx=0 comp rx=0 tx=0).stop
2024-04-25T13:17:09.435 INFO:teuthology.orchestra.run.smithi132.stdout:/usr/bin/ceph: stderr
2024-04-25T13:17:08.546+0000 7f6ceeb8b700 1 -- 172.21.15.132:0/376405942 >> 172.21.15.132:0/376405942 conn(0x7f6ce8102940 msgr2=0x7f6ce8104d60 unknown :-1 s=STATE_NONE l=0).mark_down
2024-04-25T13:17:09.435 INFO:teuthology.orchestra.run.smithi132.stdout:/usr/bin/ceph: stderr
2024-04-25T13:17:08.546+0000 7f6ceeb8b700 1 -- 172.21.15.132:0/376405942 shutdown_connections
2024-04-25T13:17:09.435 INFO:teuthology.orchestra.run.smithi132.stdout:/usr/bin/ceph: stderr
2024-04-25T13:17:08.546+0000 7f6ceeb8b700 1 -- 172.21.15.132:0/376405942 wait complete.
2024-04-25T13:17:09.436 INFO:teuthology.orchestra.run.smithi132.stdout:/usr/bin/ceph: stderr
2024-04-25T13:17:08.547+0000 7f6ceeb8b700 1 Processor -- start
2024-04-25T13:17:09.436 INFO:teuthology.orchestra.run.smithi132.stdout:/usr/bin/ceph: stderr
2024-04-25T13:17:08.547+0000 7f6ceeb8b700 1 -- start start
2024-04-25T13:17:09.436 INFO:teuthology.orchestra.run.smithi132.stdout:/usr/bin/ceph: stderr
