2024-04-25T13:16:44.182 INFO:journalctl@ceph.mon.a.smithi132.stdout:Apr 25 13:16:43 smithi132 ceph-mon[29176]: mgrmap e4: x(active, since 2s)
2024-04-25T13:16:47.182 INFO:journalctl@ceph.mon.a.smithi132.stdout:Apr 25 13:16:46 smithi132 ceph-mon[29176]: from='client.? 172.21.15.132:0/3177305602' entity='client.admin' cmd=[{"prefix": "status", "format": "json-pretty"}]: dispatch
2024-04-25T13:16:53.046 INFO:teuthology.orchestra.run.smithi132.stdout:/usr/bin/ceph: stdout
2024-04-25T13:16:53.047 INFO:teuthology.orchestra.run.smithi132.stdout:/usr/bin/ceph: stdout {
2024-04-25T13:16:53.047 INFO:teuthology.orchestra.run.smithi132.stdout:/usr/bin/ceph: stdout "fsid": "e85bb134-0305-11ef-bc93-c7b262605968",
2024-04-25T13:16:53.047 INFO:teuthology.orchestra.run.smithi132.stdout:/usr/bin/ceph: stdout "health": {
2024-04-25T13:16:53.047 INFO:teuthology.orchestra.run.smithi132.stdout:/usr/bin/ceph: stdout "status": "HEALTH_OK",
2024-04-25T13:16:53.047 INFO:teuthology.orchestra.run.smithi132.stdout:/usr/bin/ceph: stdout "checks": {},
2024-04-25T13:16:53.047 INFO:teuthology.orchestra.run.smithi132.stdout:/usr/bin/ceph: stdout "mutes": []
2024-04-25T13:16:53.047 INFO:teuthology.orchestra.run.smithi132.stdout:/usr/bin/ceph: stdout },
2024-04-25T13:16:53.047 INFO:teuthology.orchestra.run.smithi132.stdout:/usr/bin/ceph: stdout "election_epoch": 5,
2024-04-25T13:16:53.047 INFO:teuthology.orchestra.run.smithi132.stdout:/usr/bin/ceph: stdout "quorum": [
2024-04-25T13:16:53.047 INFO:teuthology.orchestra.run.smithi132.stdout:/usr/bin/ceph: stdout 0
2024-04-25T13:16:53.047 INFO:teuthology.orchestra.run.smithi132.stdout:/usr/bin/ceph: stdout ],
2024-04-25T13:16:53.047 INFO:teuthology.orchestra.run.smithi132.stdout:/usr/bin/ceph: stdout "quorum_names": [
2024-04-25T13:16:53.048 INFO:teuthology.orchestra.run.smithi132.stdout:/usr/bin/ceph: stdout "a"
2024-04-25T13:16:53.048 INFO:teuthology.orchestra.run.smithi132.stdout:/usr/bin/ceph: stdout ],
2024-04-25T13:16:53.048 INFO:teuthology.orchestra.run.smithi132.stdout:/usr/bin/ceph: stdout "quorum_age": 14,
2024-04-25T13:16:53.048 INFO:teuthology.orchestra.run.smithi132.stdout:/usr/bin/ceph: stdout "monmap": {
2024-04-25T13:16:53.048 INFO:teuthology.orchestra.run.smithi132.stdout:/usr/bin/ceph: stdout "epoch": 1,
2024-04-25T13:16:53.048 INFO:teuthology.orchestra.run.smithi132.stdout:/usr/bin/ceph: stdout "min_mon_release_name": "squid",
2024-04-25T13:16:53.048 INFO:teuthology.orchestra.run.smithi132.stdout:/usr/bin/ceph: stdout "num_mons": 1
2024-04-25T13:16:53.048 INFO:teuthology.orchestra.run.smithi132.stdout:/usr/bin/ceph: stdout },
2024-04-25T13:16:53.048 INFO:teuthology.orchestra.run.smithi132.stdout:/usr/bin/ceph: stdout "osdmap": {
2024-04-25T13:16:53.048 INFO:teuthology.orchestra.run.smithi132.stdout:/usr/bin/ceph: stdout "epoch": 1,
2024-04-25T13:16:53.048 INFO:teuthology.orchestra.run.smithi132.stdout:/usr/bin/ceph: stdout "num_osds": 0,
2024-04-25T13:16:53.048 INFO:teuthology.orchestra.run.smithi132.stdout:/usr/bin/ceph: stdout "num_up_osds": 0,
2024-04-25T13:16:53.048 INFO:teuthology.orchestra.run.smithi132.stdout:/usr/bin/ceph: stdout "osd_up_since": 0,
2024-04-25T13:16:53.057 INFO:teuthology.orchestra.run.smithi132.stdout:/usr/bin/ceph: stdout "num_in_osds": 0,
2024-04-25T13:16:53.057 INFO:teuthology.orchestra.run.smithi132.stdout:/usr/bin/ceph: stdout "osd_in_since": 0,
2024-04-25T13:16:53.057 INFO:teuthology.orchestra.run.smithi132.stdout:/usr/bin/ceph: stdout "num_remapped_pgs": 0
2024-04-25T13:16:53.057 INFO:teuthology.orchestra.run.smithi132.stdout:/usr/bin/ceph: stdout },
2024-04-25T13:16:53.057 INFO:teuthology.orchestra.run.smithi132.stdout:/usr/bin/ceph: stdout "pgmap": {
2024-04-25T13:16:53.057 INFO:teuthology.orchestra.run.smithi132.stdout:/usr/bin/ceph: stdout "pgs_by_state": [],
2024-04-25T13:16:53.057 INFO:teuthology.orchestra.run.smithi132.stdout:/usr/bin/ceph: stdout "num_pgs": 0,
2024-04-25T13:16:53.057 INFO:teuthology.orchestra.run.smithi132.stdout:/usr/bin/ceph: stdout "num_pools": 0,
2024-04-25T13:16:53.057 INFO:teuthology.orchestra.run.smithi132.stdout:/usr/bin/ceph: stdout "num_objects": 0,
2024-04-25T13:16:53.057 INFO:teuthology.orchestra.run.smithi132.stdout:/usr/bin/ceph: stdout "data_bytes": 0,
2024-04-25T13:16:53.058 INFO:teuthology.orchestra.run.smithi132.stdout:/usr/bin/ceph: stdout "bytes_used": 0,
2024-04-25T13:16:53.058 INFO:teuthology.orchestra.run.smithi132.stdout:/usr/bin/ceph: stdout "bytes_avail": 0,
2024-04-25T13:16:53.058 INFO:teuthology.orchestra.run.smithi132.stdout:/usr/bin/ceph: stdout "bytes_total": 0
2024-04-25T13:16:53.058 INFO:teuthology.orchestra.run.smithi132.stdout:/usr/bin/ceph: stdout },
2024-04-25T13:16:53.058 INFO:teuthology.orchestra.run.smithi132.stdout:/usr/bin/ceph: stdout "fsmap": {
2024-04-25T13:16:53.058 INFO:teuthology.orchestra.run.smithi132.stdout:/usr/bin/ceph: stdout "epoch": 1,
2024-04-25T13:16:53.058 INFO:teuthology.orchestra.run.smithi132.stdout:/usr/bin/ceph: stdout "by_rank": [],
2024-04-25T13:16:53.058 INFO:teuthology.orchestra.run.smithi132.stdout:/usr/bin/ceph: stdout "up:standby": 0
2024-04-25T13:16:53.058 INFO:teuthology.orchestra.run.smithi132.stdout:/usr/bin/ceph: stdout },
2024-04-25T13:16:53.058 INFO:teuthology.orchestra.run.smithi132.stdout:/usr/bin/ceph: stdout "mgrmap": {
2024-04-25T13:16:53.058 INFO:teuthology.orchestra.run.smithi132.stdout:/usr/bin/ceph: stdout "available": true,
2024-04-25T13:16:53.058 INFO:teuthology.orchestra.run.smithi132.stdout:/usr/bin/ceph: stdout "num_standbys": 0,
2024-04-25T13:16:53.058 INFO:teuthology.orchestra.run.smithi132.stdout:/usr/bin/ceph: stdout "modules": [
2024-04-25T13:16:53.058 INFO:teuthology.orchestra.run.smithi132.stdout:/usr/bin/ceph: stdout "iostat",
2024-04-25T13:16:53.059 INFO:teuthology.orchestra.run.smithi132.stdout:/usr/bin/ceph: stdout "nfs",
2024-04-25T13:16:53.059 INFO:teuthology.orchestra.run.smithi132.stdout:/usr/bin/ceph: stdout "restful"
2024-04-25T13:16:53.059 INFO:teuthology.orchestra.run.smithi132.stdout:/usr/bin/ceph: stdout ],
2024-04-25T13:16:53.059 INFO:teuthology.orchestra.run.smithi132.stdout:/usr/bin/ceph: stdout "services": {}
2024-04-25T13:16:53.059 INFO:teuthology.orchestra.run.smithi132.stdout:/usr/bin/ceph: stdout },
2024-04-25T13:16:53.059 INFO:teuthology.orchestra.run.smithi132.stdout:/usr/bin/ceph: stdout "servicemap": {
2024-04-25T13:16:53.059 INFO:teuthology.orchestra.run.smithi132.stdout:/usr/bin/ceph: stdout "epoch": 1,
2024-04-25T13:16:53.059 INFO:teuthology.orchestra.run.smithi132.stdout:/usr/bin/ceph: stdout "modified": "2024-04-25T13:16:27.049909+0000",
2024-04-25T13:16:53.059 INFO:teuthology.orchestra.run.smithi132.stdout:/usr/bin/ceph: stdout "services": {}
2024-04-25T13:16:53.059 INFO:teuthology.orchestra.run.smithi132.stdout:/usr/bin/ceph: stdout },
2024-04-25T13:16:53.059 INFO:teuthology.orchestra.run.smithi132.stdout:/usr/bin/ceph: stdout "progress_events": {}
2024-04-25T13:16:53.059 INFO:teuthology.orchestra.run.smithi132.stdout:/usr/bin/ceph: stdout }
2024-04-25T13:16:53.059 INFO:teuthology.orchestra.run.smithi132.stdout:/usr/bin/ceph: stderr
2024-04-25T13:16:46.545+0000 7ff43165f700 1 Processor -- start
2024-04-25T13:16:53.059 INFO:teuthology.orchestra.run.smithi132.stdout:/usr/bin/ceph: stderr
2024-04-25T13:16:46.545+0000 7ff43165f700 1 -- start start
2024-04-25T13:16:53.060 INFO:teuthology.orchestra.run.smithi132.stdout:/usr/bin/ceph: stderr
2024-04-25T13:16:46.545+0000 7ff43165f700 1 --2- >> [v2:172.21.15.132:3300/0,v1:172.21.15.132:6789/0] conn(0x7ff42c1072f0 0x7ff42c107710 unknown :-1 s=NONE pgs=0 cs=0 l=0 rev1=0 crypto rx=0 tx=0 comp rx=0 tx=0).connect
2024-04-25T13:16:53.060 INFO:teuthology.orchestra.run.smithi132.stdout:/usr/bin/ceph: stderr
2024-04-25T13:16:46.545+0000 7ff43165f700 1 -- --> [v2:172.21.15.132:3300/0,v1:172.21.15.132:6789/0] -- mon_getmap magic: 0 -- 0x7ff42c107ce0 con 0x7ff42c1072f0
2024-04-25T13:16:53.060 INFO:teuthology.orchestra.run.smithi132.stdout:/usr/bin/ceph: stderr
2024-04-25T13:16:46.546+0000 7ff42affd700 1 --2- >> [v2:172.21.15.132:3300/0,v1:172.21.15.132:6789/0] conn(0x7ff42c1072f0 0x7ff42c107710 unknown :-1 s=BANNER_CONNECTING pgs=0 cs=0 l=0 rev1=0 crypto rx=0 tx=0 comp rx=0 tx=0)._handle_peer_banner_payload supported=3 required=0
2024-04-25T13:16:53.060 INFO:teuthology.orchestra.run.smithi132.stdout:/usr/bin/ceph: stderr
2024-04-25T13:16:46.546+0000 7ff42affd700 1 --2- >> [v2:172.21.15.132:3300/0,v1:172.21.15.132:6789/0] conn(0x7ff42c1072f0 0x7ff42c107710 unknown :-1 s=HELLO_CONNECTING pgs=0 cs=0 l=0 rev1=1 crypto rx=0 tx=0 comp rx=0 tx=0).handle_hello peer v2:172.21.15.132:3300/0 says I am v2:172.21.15.132:48422/0 (socket says 172.21.15.132:48422)
2024-04-25T13:16:53.060 INFO:teuthology.orchestra.run.smithi132.stdout:/usr/bin/ceph: stderr
2024-04-25T13:16:46.546+0000 7ff42affd700 1 -- 172.21.15.132:0/2369913151 learned_addr learned my addr 172.21.15.132:0/2369913151 (peer_addr_for_me v2:172.21.15.132:0/0)
2024-04-25T13:16:53.060 INFO:teuthology.orchestra.run.smithi132.stdout:/usr/bin/ceph: stderr
2024-04-25T13:16:46.546+0000 7ff42affd700 1 -- 172.21.15.132:0/2369913151 --> [v2:172.21.15.132:3300/0,v1:172.21.15.132:6789/0] -- mon_subscribe({config=0+,monmap=0+}) -- 0x7ff42c1084f0 con 0x7ff42c1072f0
2024-04-25T13:16:53.060 INFO:teuthology.orchestra.run.smithi132.stdout:/usr/bin/ceph: stderr
2024-04-25T13:16:46.546+0000 7ff42affd700 1 --2- 172.21.15.132:0/2369913151 >> [v2:172.21.15.132:3300/0,v1:172.21.15.132:6789/0] conn(0x7ff42c1072f0 0x7ff42c107710 secure :-1 s=READY pgs=18 cs=0 l=1 rev1=1 crypto rx=0x7ff424009e80 tx=0x7ff42400b330 comp rx=0 tx=0).ready entity=mon.0 client_cookie=d581c1189d54c613 server_cookie=0 in_seq=0 out_seq=0
2024-04-25T13:16:53.060 INFO:teuthology.orchestra.run.smithi132.stdout:/usr/bin/ceph: stderr
2024-04-25T13:16:46.546+0000 7ff429ffb700 1 -- 172.21.15.132:0/2369913151 <== mon.0 v2:172.21.15.132:3300/0 1 ==== mon_map magic: 0 ==== 205+0+0 (secure 0 0 0) 0x7ff424017070 con 0x7ff42c1072f0
2024-04-25T13:16:53.060 INFO:teuthology.orchestra.run.smithi132.stdout:/usr/bin/ceph: stderr
2024-04-25T13:16:46.547+0000 7ff429ffb700 1 -- 172.21.15.132:0/2369913151 <== mon.0 v2:172.21.15.132:3300/0 2 ==== config(26 keys) ==== 1070+0+0 (secure 0 0 0) 0x7ff42400b8c0 con 0x7ff42c1072f0
2024-04-25T13:16:53.060 INFO:teuthology.orchestra.run.smithi132.stdout:/usr/bin/ceph: stderr
2024-04-25T13:16:46.547+0000 7ff429ffb700 1 -- 172.21.15.132:0/2369913151 <== mon.0 v2:172.21.15.132:3300/0 3 ==== mon_map magic: 0 ==== 205+0+0 (secure 0 0 0) 0x7ff424004490 con 0x7ff42c1072f0
2024-04-25T13:16:53.060 INFO:teuthology.orchestra.run.smithi132.stdout:/usr/bin/ceph: stderr
2024-04-25T13:16:46.547+0000 7ff43165f700 1 -- 172.21.15.132:0/2369913151 >> [v2:172.21.15.132:3300/0,v1:172.21.15.132:6789/0] conn(0x7ff42c1072f0 msgr2=0x7ff42c107710 secure :-1 s=STATE_CONNECTION_ESTABLISHED l=1).mark_down
2024-04-25T13:16:53.060 INFO:teuthology.orchestra.run.smithi132.stdout:/usr/bin/ceph: stderr
2024-04-25T13:16:46.547+0000 7ff43165f700 1 --2- 172.21.15.132:0/2369913151 >> [v2:172.21.15.132:3300/0,v1:172.21.15.132:6789/0] conn(0x7ff42c1072f0 0x7ff42c107710 secure :-1 s=READY pgs=18 cs=0 l=1 rev1=1 crypto rx=0x7ff424009e80 tx=0x7ff42400b330 comp rx=0 tx=0).stop
2024-04-25T13:16:53.060 INFO:teuthology.orchestra.run.smithi132.stdout:/usr/bin/ceph: stderr
2024-04-25T13:16:46.547+0000 7ff43165f700 1 -- 172.21.15.132:0/2369913151 shutdown_connections
2024-04-25T13:16:53.060 INFO:teuthology.orchestra.run.smithi132.stdout:/usr/bin/ceph: stderr
2024-04-25T13:16:46.547+0000 7ff43165f700 1 --2- 172.21.15.132:0/2369913151 >> [v2:172.21.15.132:3300/0,v1:172.21.15.132:6789/0] conn(0x7ff42c1072f0 0x7ff42c107710 unknown :-1 s=CLOSED pgs=18 cs=0 l=1 rev1=1 crypto rx=0 tx=0 comp rx=0 tx=0).stop
2024-04-25T13:16:53.060 INFO:teuthology.orchestra.run.smithi132.stdout:/usr/bin/ceph: stderr
2024-04-25T13:16:46.547+0000 7ff43165f700 1 -- 172.21.15.132:0/2369913151 >> 172.21.15.132:0/2369913151 conn(0x7ff42c102890 msgr2=0x7ff42c104cd0 unknown :-1 s=STATE_NONE l=0).mark_down
2024-04-25T13:16:53.061 INFO:teuthology.orchestra.run.smithi132.stdout:/usr/bin/ceph: stderr
2024-04-25T13:16:46.547+0000 7ff43165f700 1 -- 172.21.15.132:0/2369913151 shutdown_connections
2024-04-25T13:16:53.061 INFO:teuthology.orchestra.run.smithi132.stdout:/usr/bin/ceph: stderr
2024-04-25T13:16:46.547+0000 7ff43165f700 1 -- 172.21.15.132:0/2369913151 wait complete.
2024-04-25T13:16:53.061 INFO:teuthology.orchestra.run.smithi132.stdout:/usr/bin/ceph: stderr
2024-04-25T13:16:46.548+0000 7ff43165f700 1 Processor -- start
2024-04-25T13:16:53.061 INFO:teuthology.orchestra.run.smithi132.stdout:/usr/bin/ceph: stderr
2024-04-25T13:16:46.548+0000 7ff43165f700 1 -- start start
2024-04-25T13:16:53.061 INFO:teuthology.orchestra.run.smithi132.stdout:/usr/bin/ceph: stderr
2024-04-25T13:16:46.548+0000 7ff43165f700 1 --2- >> [v2:172.21.15.132:3300/0,v1:172.21.15.132:6789/0] conn(0x7ff42c1072f0 0x7ff42c07bad0 unknown :-1 s=NONE pgs=0 cs=0 l=1 rev1=0 crypto rx=0 tx=0 comp rx=0 tx=0).connect
2024-04-25T13:16:53.061 INFO:teuthology.orchestra.run.smithi132.stdout:/usr/bin/ceph: stderr
2024-04-25T13:16:46.548+0000 7ff43165f700 1 -- --> [v2:172.21.15.132:3300/0,v1:172.21.15.132:6789/0] -- mon_getmap magic: 0 -- 0x7ff42c10b8a0 con 0x7ff42c1072f0
2024-04-25T13:16:53.061 INFO:teuthology.orchestra.run.smithi132.stdout:/usr/bin/ceph: stderr
2024-04-25T13:16:46.548+0000 7ff42affd700 1 --2- >> [v2:172.21.15.132:3300/0,v1:172.21.15.132:6789/0] conn(0x7ff42c1072f0 0x7ff42c07bad0 unknown :-1 s=BANNER_CONNECTING pgs=0 cs=0 l=1 rev1=0 crypto rx=0 tx=0 comp rx=0 tx=0)._handle_peer_banner_payload supported=3 required=0
2024-04-25T13:16:53.061 INFO:teuthology.orchestra.run.smithi132.stdout:/usr/bin/ceph: stderr
2024-04-25T13:16:46.548+0000 7ff42affd700 1 --2- >> [v2:172.21.15.132:3300/0,v1:172.21.15.132:6789/0] conn(0x7ff42c1072f0 0x7ff42c07bad0 unknown :-1 s=HELLO_CONNECTING pgs=0 cs=0 l=1 rev1=1 crypto rx=0 tx=0 comp rx=0 tx=0).handle_hello peer v2:172.21.15.132:3300/0 says I am v2:172.21.15.132:48436/0 (socket says 172.21.15.132:48436)
2024-04-25T13:16:53.061 INFO:teuthology.orchestra.run.smithi132.stdout:/usr/bin/ceph: stderr
2024-04-25T13:16:46.548+0000 7ff42affd700 1 -- 172.21.15.132:0/3177305602 learned_addr learned my addr 172.21.15.132:0/3177305602 (peer_addr_for_me v2:172.21.15.132:0/0)
2024-04-25T13:16:53.061 INFO:teuthology.orchestra.run.smithi132.stdout:/usr/bin/ceph: stderr
2024-04-25T13:16:46.549+0000 7ff42affd700 1 -- 172.21.15.132:0/3177305602 --> [v2:172.21.15.132:3300/0,v1:172.21.15.132:6789/0] -- mon_subscribe({config=0+,monmap=0+}) -- 0x7ff42c19f0c0 con 0x7ff42c1072f0
2024-04-25T13:16:53.061 INFO:teuthology.orchestra.run.smithi132.stdout:/usr/bin/ceph: stderr
2024-04-25T13:16:46.549+0000 7ff42affd700 1 --2- 172.21.15.132:0/3177305602 >> [v2:172.21.15.132:3300/0,v1:172.21.15.132:6789/0] conn(0x7ff42c1072f0 0x7ff42c07bad0 secure :-1 s=READY pgs=19 cs=0 l=1 rev1=1 crypto rx=0x7ff424004a60 tx=0x7ff42400bd50 comp rx=0 tx=0).ready entity=mon.0 client_cookie=0 server_cookie=0 in_seq=0 out_seq=0
2024-04-25T13:16:53.061 INFO:teuthology.orchestra.run.smithi132.stdout:/usr/bin/ceph: stderr
2024-04-25T13:16:46.549+0000 7ff423fff700 1 -- 172.21.15.132:0/3177305602 <== mon.0 v2:172.21.15.132:3300/0 1 ==== mon_map magic: 0 ==== 205+0+0 (secure 0 0 0) 0x7ff424020020 con 0x7ff42c1072f0
2024-04-25T13:16:53.061 INFO:teuthology.orchestra.run.smithi132.stdout:/usr/bin/ceph: stderr
2024-04-25T13:16:46.549+0000 7ff43165f700 1 -- 172.21.15.132:0/3177305602 --> [v2:172.21.15.132:3300/0,v1:172.21.15.132:6789/0] -- mon_subscribe({mgrmap=0+}) -- 0x7ff42c19f290 con 0x7ff42c1072f0
2024-04-25T13:16:53.061 INFO:teuthology.orchestra.run.smithi132.stdout:/usr/bin/ceph: stderr
2024-04-25T13:16:46.549+0000 7ff423fff700 1 -- 172.21.15.132:0/3177305602 <== mon.0 v2:172.21.15.132:3300/0 2 ==== config(26 keys) ==== 1070+0+0 (secure 0 0 0) 0x7ff424012430 con 0x7ff42c1072f0
2024-04-25T13:16:53.062 INFO:teuthology.orchestra.run.smithi132.stdout:/usr/bin/ceph: stderr
2024-04-25T13:16:46.549+0000 7ff423fff700 1 -- 172.21.15.132:0/3177305602 <== mon.0 v2:172.21.15.132:3300/0 3 ==== mon_map magic: 0 ==== 205+0+0 (secure 0 0 0) 0x7ff424017040 con 0x7ff42c1072f0
2024-04-25T13:16:53.062 INFO:teuthology.orchestra.run.smithi132.stdout:/usr/bin/ceph: stderr
2024-04-25T13:16:46.549+0000 7ff43165f700 1 -- 172.21.15.132:0/3177305602 --> [v2:172.21.15.132:3300/0,v1:172.21.15.132:6789/0] -- mon_subscribe({osdmap=0}) -- 0x7ff42c19f710 con 0x7ff42c1072f0
2024-04-25T13:16:53.062 INFO:teuthology.orchestra.run.smithi132.stdout:/usr/bin/ceph: stderr
2024-04-25T13:16:46.550+0000 7ff423fff700 1 -- 172.21.15.132:0/3177305602 <== mon.0 v2:172.21.15.132:3300/0 4 ==== mgrmap(e 4) ==== 46547+0+0 (secure 0 0 0) 0x7ff424023020 con 0x7ff42c1072f0
2024-04-25T13:16:53.062 INFO:teuthology.orchestra.run.smithi132.stdout:/usr/bin/ceph: stderr
2024-04-25T13:16:46.550+0000 7ff423fff700 1 --2- 172.21.15.132:0/3177305602 >> [v2:172.21.15.132:6800/1609880537,v1:172.21.15.132:6801/1609880537] conn(0x7ff418039560 0x7ff41803ba20 unknown :-1 s=NONE pgs=0 cs=0 l=1 rev1=0 crypto rx=0 tx=0 comp rx=0 tx=0).connect
2024-04-25T13:16:53.062 INFO:teuthology.orchestra.run.smithi132.stdout:/usr/bin/ceph: stderr
2024-04-25T13:16:46.550+0000 7ff423fff700 1 -- 172.21.15.132:0/3177305602 <== mon.0 v2:172.21.15.132:3300/0 5 ==== osd_map(1..1 src has 1..1) ==== 725+0+0 (secure 0 0 0) 0x7ff42400f050 con 0x7ff42c1072f0
2024-04-25T13:16:53.062 INFO:teuthology.orchestra.run.smithi132.stdout:/usr/bin/ceph: stderr
2024-04-25T13:16:46.550+0000 7ff42a7fc700 1 --2- 172.21.15.132:0/3177305602 >> [v2:172.21.15.132:6800/1609880537,v1:172.21.15.132:6801/1609880537] conn(0x7ff418039560 0x7ff41803ba20 unknown :-1 s=BANNER_CONNECTING pgs=0 cs=0 l=1 rev1=0 crypto rx=0 tx=0 comp rx=0 tx=0)._handle_peer_banner_payload supported=3 required=0
2024-04-25T13:16:53.062 INFO:teuthology.orchestra.run.smithi132.stdout:/usr/bin/ceph: stderr
2024-04-25T13:16:46.550+0000 7ff43165f700 1 -- 172.21.15.132:0/3177305602 --> [v2:172.21.15.132:3300/0,v1:172.21.15.132:6789/0] -- mon_command({"prefix": "get_command_descriptions"} v 0) -- 0x7ff42c0640a0 con 0x7ff42c1072f0
2024-04-25T13:16:53.062 INFO:teuthology.orchestra.run.smithi132.stdout:/usr/bin/ceph: stderr
2024-04-25T13:16:46.550+0000 7ff42a7fc700 1 --2- 172.21.15.132:0/3177305602 >> [v2:172.21.15.132:6800/1609880537,v1:172.21.15.132:6801/1609880537] conn(0x7ff418039560 0x7ff41803ba20 secure :-1 s=READY pgs=6 cs=0 l=1 rev1=1 crypto rx=0x7ff414006fd0 tx=0x7ff414006e40 comp rx=0 tx=0).ready entity=mgr.14100 client_cookie=0 server_cookie=0 in_seq=0 out_seq=0
2024-04-25T13:16:53.062 INFO:teuthology.orchestra.run.smithi132.stdout:/usr/bin/ceph: stderr
2024-04-25T13:16:46.555+0000 7ff423fff700 1 -- 172.21.15.132:0/3177305602 <== mon.0 v2:172.21.15.132:3300/0 6 ==== mon_command_ack([{"prefix": "get_command_descriptions"}]=0 v0) ==== 72+0+188370 (secure 0 0 0) 0x7ff42402a020 con 0x7ff42c1072f0
2024-04-25T13:16:53.062 INFO:teuthology.orchestra.run.smithi132.stdout:/usr/bin/ceph: stderr
2024-04-25T13:16:46.852+0000 7ff43165f700 1 -- 172.21.15.132:0/3177305602 --> [v2:172.21.15.132:3300/0,v1:172.21.15.132:6789/0] -- mon_command({"prefix": "status", "format": "json-pretty"} v 0) -- 0x7ff42c19fe10 con 0x7ff42c1072f0
2024-04-25T13:16:53.062 INFO:teuthology.orchestra.run.smithi132.stdout:/usr/bin/ceph: stderr
2024-04-25T13:16:46.853+0000 7ff423fff700 1 -- 172.21.15.132:0/3177305602 <== mon.0 v2:172.21.15.132:3300/0 7 ==== mon_command_ack([{"prefix": "status", "format": "json-pretty"}]=0 v0) ==== 79+0+1239 (secure 0 0 0) 0x7ff42404d120 con 0x7ff42c1072f0
2024-04-25T13:16:53.062 INFO:teuthology.orchestra.run.smithi132.stdout:/usr/bin/ceph: stderr
2024-04-25T13:16:46.855+0000 7ff43165f700 1 -- 172.21.15.132:0/3177305602 >> [v2:172.21.15.132:6800/1609880537,v1:172.21.15.132:6801/1609880537] conn(0x7ff418039560 msgr2=0x7ff41803ba20 secure :-1 s=STATE_CONNECTION_ESTABLISHED l=1).mark_down
2024-04-25T13:16:53.062 INFO:teuthology.orchestra.run.smithi132.stdout:/usr/bin/ceph: stderr
2024-04-25T13:16:46.855+0000 7ff43165f700 1 --2- 172.21.15.132:0/3177305602 >> [v2:172.21.15.132:6800/1609880537,v1:172.21.15.132:6801/1609880537] conn(0x7ff418039560 0x7ff41803ba20 secure :-1 s=READY pgs=6 cs=0 l=1 rev1=1 crypto rx=0x7ff414006fd0 tx=0x7ff414006e40 comp rx=0 tx=0).stop
2024-04-25T13:16:53.063 INFO:teuthology.orchestra.run.smithi132.stdout:/usr/bin/ceph: stderr
2024-04-25T13:16:46.855+0000 7ff43165f700 1 -- 172.21.15.132:0/3177305602 >> [v2:172.21.15.132:3300/0,v1:172.21.15.132:6789/0] conn(0x7ff42c1072f0 msgr2=0x7ff42c07bad0 secure :-1 s=STATE_CONNECTION_ESTABLISHED l=1).mark_down
2024-04-25T13:16:53.063 INFO:teuthology.orchestra.run.smithi132.stdout:/usr/bin/ceph: stderr
2024-04-25T13:16:46.855+0000 7ff43165f700 1 --2- 172.21.15.132:0/3177305602 >> [v2:172.21.15.132:3300/0,v1:172.21.15.132:6789/0] conn(0x7ff42c1072f0 0x7ff42c07bad0 secure :-1 s=READY pgs=19 cs=0 l=1 rev1=1 crypto rx=0x7ff424004a60 tx=0x7ff42400bd50 comp rx=0 tx=0).stop
2024-04-25T13:16:53.063 INFO:teuthology.orchestra.run.smithi132.stdout:/usr/bin/ceph: stderr
2024-04-25T13:16:46.855+0000 7ff43165f700 1 -- 172.21.15.132:0/3177305602 shutdown_connections
2024-04-25T13:16:53.063 INFO:teuthology.orchestra.run.smithi132.stdout:/usr/bin/ceph: stderr
2024-04-25T13:16:46.855+0000 7ff43165f700 1 --2- 172.21.15.132:0/3177305602 >> [v2:172.21.15.132:6800/1609880537,v1:172.21.15.132:6801/1609880537] conn(0x7ff418039560 0x7ff41803ba20 unknown :-1 s=CLOSED pgs=6 cs=0 l=1 rev1=1 crypto rx=0 tx=0 comp rx=0 tx=0).stop
2024-04-25T13:16:53.063 INFO:teuthology.orchestra.run.smithi132.stdout:/usr/bin/ceph: stderr
2024-04-25T13:16:46.855+0000 7ff43165f700 1 --2- 172.21.15.132:0/3177305602 >> [v2:172.21.15.132:3300/0,v1:172.21.15.132:6789/0] conn(0x7ff42c1072f0 0x7ff42c07bad0 unknown :-1 s=CLOSED pgs=19 cs=0 l=1 rev1=1 crypto rx=0 tx=0 comp rx=0 tx=0).stop
2024-04-25T13:16:53.063 INFO:teuthology.orchestra.run.smithi132.stdout:/usr/bin/ceph: stderr
2024-04-25T13:16:46.855+0000 7ff43165f700 1 -- 172.21.15.132:0/3177305602 >> 172.21.15.132:0/3177305602 conn(0x7ff42c102890 msgr2=0x7ff42c1033d0 unknown :-1 s=STATE_NONE l=0).mark_down
2024-04-25T13:16:53.063 INFO:teuthology.orchestra.run.smithi132.stdout:/usr/bin/ceph: stderr
2024-04-25T13:16:46.855+0000 7ff43165f700 1 -- 172.21.15.132:0/3177305602 shutdown_connections
2024-04-25T13:16:53.063 INFO:teuthology.orchestra.run.smithi132.stdout:/usr/bin/ceph: stderr
2024-04-25T13:16:46.855+0000 7ff43165f700 1 -- 172.21.15.132:0/3177305602 wait complete.
2024-04-25T13:16:53.063 INFO:teuthology.orchestra.run.smithi132.stdout:mgr is available
2024-04-25T13:16:56.370 INFO:journalctl@ceph.mon.a.smithi132.stdout:Apr 25 13:16:56 smithi132 ceph-mon[29176]: from='client.? 172.21.15.132:0/2130648277' entity='client.admin' cmd=[{"prefix": "config assimilate-conf"}]: dispatch
2024-04-25T13:16:56.629 INFO:teuthology.orchestra.run.smithi132.stdout:/usr/bin/ceph: stdout
2024-04-25T13:16:56.630 INFO:teuthology.orchestra.run.smithi132.stdout:/usr/bin/ceph: stdout [global]
2024-04-25T13:16:56.630 INFO:teuthology.orchestra.run.smithi132.stdout:/usr/bin/ceph: stdout fsid = e85bb134-0305-11ef-bc93-c7b262605968
2024-04-25T13:16:56.630 INFO:teuthology.orchestra.run.smithi132.stdout:/usr/bin/ceph: stdout mon_cluster_log_file_level = debug
2024-04-25T13:16:56.630 INFO:teuthology.orchestra.run.smithi132.stdout:/usr/bin/ceph: stdout mon_osd_allow_pg_remap = true
2024-04-25T13:16:56.630 INFO:teuthology.orchestra.run.smithi132.stdout:/usr/bin/ceph: stdout mon_osd_allow_primary_affinity = true
2024-04-25T13:16:56.630 INFO:teuthology.orchestra.run.smithi132.stdout:/usr/bin/ceph: stdout mon_warn_on_no_sortbitwise = false
2024-04-25T13:16:56.630 INFO:teuthology.orchestra.run.smithi132.stdout:/usr/bin/ceph: stdout osd_crush_chooseleaf_type = 0
2024-04-25T13:16:56.630 INFO:teuthology.orchestra.run.smithi132.stdout:/usr/bin/ceph: stdout
2024-04-25T13:16:56.630 INFO:teuthology.orchestra.run.smithi132.stdout:/usr/bin/ceph: stdout [mgr]
2024-04-25T13:16:56.630 INFO:teuthology.orchestra.run.smithi132.stdout:/usr/bin/ceph: stdout mgr/telemetry/nag = false
2024-04-25T13:16:56.630 INFO:teuthology.orchestra.run.smithi132.stdout:/usr/bin/ceph: stdout
2024-04-25T13:16:56.631 INFO:teuthology.orchestra.run.smithi132.stdout:/usr/bin/ceph: stdout [osd]
2024-04-25T13:16:56.631 INFO:teuthology.orchestra.run.smithi132.stdout:/usr/bin/ceph: stdout mon_osd_backfillfull_ratio = 0.85
2024-04-25T13:16:56.631 INFO:teuthology.orchestra.run.smithi132.stdout:/usr/bin/ceph: stdout mon_osd_full_ratio = 0.9
2024-04-25T13:16:56.631 INFO:teuthology.orchestra.run.smithi132.stdout:/usr/bin/ceph: stdout mon_osd_nearfull_ratio = 0.8
2024-04-25T13:16:56.631 INFO:teuthology.orchestra.run.smithi132.stdout:/usr/bin/ceph: stdout osd_map_max_advance = 10
2024-04-25T13:16:56.631 INFO:teuthology.orchestra.run.smithi132.stdout:/usr/bin/ceph: stdout osd_sloppy_crc = true
2024-04-25T13:16:56.631 INFO:teuthology.orchestra.run.smithi132.stdout:/usr/bin/ceph: stderr
2024-04-25T13:16:55.868+0000 7f3309a85700 1 Processor -- start
2024-04-25T13:16:56.631 INFO:teuthology.orchestra.run.smithi132.stdout:/usr/bin/ceph: stderr
2024-04-25T13:16:55.868+0000 7f3309a85700 1 -- start start
2024-04-25T13:16:56.631 INFO:teuthology.orchestra.run.smithi132.stdout:/usr/bin/ceph: stderr
2024-04-25T13:16:55.868+0000 7f3309a85700 1 --2- >> [v2:172.21.15.132:3300/0,v1:172.21.15.132:6789/0] conn(0x7f330407de70 0x7f330407c320 unknown :-1 s=NONE pgs=0 cs=0 l=0 rev1=0 crypto rx=0 tx=0 comp rx=0 tx=0).connect
2024-04-25T13:16:56.631 INFO:teuthology.orchestra.run.smithi132.stdout:/usr/bin/ceph: stderr
2024-04-25T13:16:55.868+0000 7f3309a85700 1 -- --> [v2:172.21.15.132:3300/0,v1:172.21.15.132:6789/0] -- mon_getmap magic: 0 -- 0x7f330407c8f0 con 0x7f330407de70
2024-04-25T13:16:56.631 INFO:teuthology.orchestra.run.smithi132.stdout:/usr/bin/ceph: stderr
2024-04-25T13:16:55.868+0000 7f33037fe700 1 --2- >> [v2:172.21.15.132:3300/0,v1:172.21.15.132:6789/0] conn(0x7f330407de70 0x7f330407c320 unknown :-1 s=BANNER_CONNECTING pgs=0 cs=0 l=0 rev1=0 crypto rx=0 tx=0 comp rx=0 tx=0)._handle_peer_banner_payload supported=3 required=0
2024-04-25T13:16:56.631 INFO:teuthology.orchestra.run.smithi132.stdout:/usr/bin/ceph: stderr
2024-04-25T13:16:55.868+0000 7f33037fe700 1 --2- >> [v2:172.21.15.132:3300/0,v1:172.21.15.132:6789/0] conn(0x7f330407de70 0x7f330407c320 unknown :-1 s=HELLO_CONNECTING pgs=0 cs=0 l=0 rev1=1 crypto rx=0 tx=0 comp rx=0 tx=0).handle_hello peer v2:172.21.15.132:3300/0 says I am v2:172.21.15.132:33566/0 (socket says 172.21.15.132:33566)
2024-04-25T13:16:56.631 INFO:teuthology.orchestra.run.smithi132.stdout:/usr/bin/ceph: stderr
2024-04-25T13:16:55.868+0000 7f33037fe700 1 -- 172.21.15.132:0/1831431079 learned_addr learned my addr 172.21.15.132:0/1831431079 (peer_addr_for_me v2:172.21.15.132:0/0)
2024-04-25T13:16:56.631 INFO:teuthology.orchestra.run.smithi132.stdout:/usr/bin/ceph: stderr
2024-04-25T13:16:55.868+0000 7f33037fe700 1 -- 172.21.15.132:0/1831431079 --> [v2:172.21.15.132:3300/0,v1:172.21.15.132:6789/0] -- mon_subscribe({config=0+,monmap=0+}) -- 0x7f330407ca70 con 0x7f330407de70
2024-04-25T13:16:56.631 INFO:teuthology.orchestra.run.smithi132.stdout:/usr/bin/ceph: stderr
2024-04-25T13:16:55.869+0000 7f33037fe700 1 --2- 172.21.15.132:0/1831431079 >> [v2:172.21.15.132:3300/0,v1:172.21.15.132:6789/0] conn(0x7f330407de70 0x7f330407c320 secure :-1 s=READY pgs=20 cs=0 l=1 rev1=1 crypto rx=0x7f32fc009e80 tx=0x7f32fc00b330 comp rx=0 tx=0).ready entity=mon.0 client_cookie=f42a34382cef8cc6 server_cookie=0 in_seq=0 out_seq=0
2024-04-25T13:16:56.632 INFO:teuthology.orchestra.run.smithi132.stdout:/usr/bin/ceph: stderr
2024-04-25T13:16:55.869+0000 7f33027fc700 1 -- 172.21.15.132:0/1831431079 <== mon.0 v2:172.21.15.132:3300/0 1 ==== mon_map magic: 0 ==== 205+0+0 (secure 0 0 0) 0x7f32fc017070 con 0x7f330407de70
2024-04-25T13:16:56.632 INFO:teuthology.orchestra.run.smithi132.stdout:/usr/bin/ceph: stderr
2024-04-25T13:16:55.869+0000 7f33027fc700 1 -- 172.21.15.132:0/1831431079 <== mon.0 v2:172.21.15.132:3300/0 2 ==== config(26 keys) ==== 1070+0+0 (secure 0 0 0) 0x7f32fc00b8c0 con 0x7f330407de70
2024-04-25T13:16:56.632 INFO:teuthology.orchestra.run.smithi132.stdout:/usr/bin/ceph: stderr
2024-04-25T13:16:55.869+0000 7f33027fc700 1 -- 172.21.15.132:0/1831431079 <== mon.0 v2:172.21.15.132:3300/0 3 ==== mon_map magic: 0 ==== 205+0+0 (secure 0 0 0) 0x7f32fc004490 con 0x7f330407de70
2024-04-25T13:16:56.632 INFO:teuthology.orchestra.run.smithi132.stdout:/usr/bin/ceph: stderr
2024-04-25T13:16:55.869+0000 7f3309a85700 1 -- 172.21.15.132:0/1831431079 >> [v2:172.21.15.132:3300/0,v1:172.21.15.132:6789/0] conn(0x7f330407de70 msgr2=0x7f330407c320 secure :-1 s=STATE_CONNECTION_ESTABLISHED l=1).mark_down
2024-04-25T13:16:56.632 INFO:teuthology.orchestra.run.smithi132.stdout:/usr/bin/ceph: stderr
2024-04-25T13:16:55.869+0000 7f3309a85700 1 --2- 172.21.15.132:0/1831431079 >> [v2:172.21.15.132:3300/0,v1:172.21.15.132:6789/0] conn(0x7f330407de70 0x7f330407c320 secure :-1 s=READY pgs=20 cs=0 l=1 rev1=1 crypto rx=0x7f32fc009e80 tx=0x7f32fc00b330 comp rx=0 tx=0).stop
2024-04-25T13:16:56.632 INFO:teuthology.orchestra.run.smithi132.stdout:/usr/bin/ceph: stderr
2024-04-25T13:16:55.869+0000 7f3309a85700 1 -- 172.21.15.132:0/1831431079 shutdown_connections
2024-04-25T13:16:56.632 INFO:teuthology.orchestra.run.smithi132.stdout:/usr/bin/ceph: stderr
2024-04-25T13:16:55.869+0000 7f3309a85700 1 --2- 172.21.15.132:0/1831431079 >> [v2:172.21.15.132:3300/0,v1:172.21.15.132:6789/0] conn(0x7f330407de70 0x7f330407c320 unknown :-1 s=CLOSED pgs=20 cs=0 l=1 rev1=1 crypto rx=0 tx=0 comp rx=0 tx=0).stop
2024-04-25T13:16:56.632 INFO:teuthology.orchestra.run.smithi132.stdout:/usr/bin/ceph: stderr
2024-04-25T13:16:55.869+0000 7f3309a85700 1 -- 172.21.15.132:0/1831431079 >> 172.21.15.132:0/1831431079 conn(0x7f3304103ac0 msgr2=0x7f3304105ee0 unknown :-1 s=STATE_NONE l=0).mark_down
2024-04-25T13:16:56.632 INFO:teuthology.orchestra.run.smithi132.stdout:/usr/bin/ceph: stderr
2024-04-25T13:16:55.869+0000 7f3309a85700 1 -- 172.21.15.132:0/1831431079 shutdown_connections
2024-04-25T13:16:56.632 INFO:teuthology.orchestra.run.smithi132.stdout:/usr/bin/ceph: stderr
2024-04-25T13:16:55.869+0000 7f3309a85700 1 -- 172.21.15.132:0/1831431079 wait complete.
2024-04-25T13:16:56.632 INFO:teuthology.orchestra.run.smithi132.stdout:/usr/bin/ceph: stderr
2024-04-25T13:16:55.870+0000 7f3309a85700 1 Processor -- start
2024-04-25T13:16:56.632 INFO:teuthology.orchestra.run.smithi132.stdout:/usr/bin/ceph: stderr
2024-04-25T13:16:55.870+0000 7f3309a85700 1 -- start start
2024-04-25T13:16:56.632 INFO:teuthology.orchestra.run.smithi132.stdout:/usr/bin/ceph: stderr
2024-04-25T13:16:55.870+0000 7f3309a85700 1 --2- >> [v2:172.21.15.132:3300/0,v1:172.21.15.132:6789/0] conn(0x7f330407de70 0x7f330419e530 unknown :-1 s=NONE pgs=0 cs=0 l=1 rev1=0 crypto rx=0 tx=0 comp rx=0 tx=0).connect
2024-04-25T13:16:56.632 INFO:teuthology.orchestra.run.smithi132.stdout:/usr/bin/ceph: stderr
2024-04-25T13:16:55.870+0000 7f3309a85700 1 -- --> [v2:172.21.15.132:3300/0,v1:172.21.15.132:6789/0] -- mon_getmap magic: 0 -- 0x7f330410e9f0 con 0x7f330407de70
2024-04-25T13:16:56.632 INFO:teuthology.orchestra.run.smithi132.stdout:/usr/bin/ceph: stderr
2024-04-25T13:16:55.871+0000 7f33037fe700 1 --2- >> [v2:172.21.15.132:3300/0,v1:172.21.15.132:6789/0] conn(0x7f330407de70 0x7f330419e530 unknown :-1 s=BANNER_CONNECTING pgs=0 cs=0 l=1 rev1=0 crypto rx=0 tx=0 comp rx=0 tx=0)._handle_peer_banner_payload supported=3 required=0
2024-04-25T13:16:56.633 INFO:teuthology.orchestra.run.smithi132.stdout:/usr/bin/ceph: stderr
2024-04-25T13:16:55.871+0000 7f33037fe700 1 --2- >> [v2:172.21.15.132:3300/0,v1:172.21.15.132:6789/0] conn(0x7f330407de70 0x7f330419e530 unknown :-1 s=HELLO_CONNECTING pgs=0 cs=0 l=1 rev1=1 crypto rx=0 tx=0 comp rx=0 tx=0).handle_hello peer v2:172.21.15.132:3300/0 says I am v2:172.21.15.132:33572/0 (socket says 172.21.15.132:33572)
2024-04-25T13:16:56.633 INFO:teuthology.orchestra.run.smithi132.stdout:/usr/bin/ceph: stderr
2024-04-25T13:16:55.871+0000 7f33037fe700 1 -- 172.21.15.132:0/2130648277 learned_addr learned my addr 172.21.15.132:0/2130648277 (peer_addr_for_me v2:172.21.15.132:0/0)
2024-04-25T13:16:56.633 INFO:teuthology.orchestra.run.smithi132.stdout:/usr/bin/ceph: stderr
2024-04-25T13:16:55.871+0000 7f33037fe700 1 -- 172.21.15.132:0/2130648277 --> [v2:172.21.15.132:3300/0,v1:172.21.15.132:6789/0] -- mon_subscribe({config=0+,monmap=0+}) -- 0x7f330419ea70 con 0x7f330407de70
2024-04-25T13:16:56.633 INFO:teuthology.orchestra.run.smithi132.stdout:/usr/bin/ceph: stderr
2024-04-25T13:16:55.871+0000 7f33037fe700 1 --2- 172.21.15.132:0/2130648277 >> [v2:172.21.15.132:3300/0,v1:172.21.15.132:6789/0] conn(0x7f330407de70 0x7f330419e530 secure :-1 s=READY pgs=21 cs=0 l=1 rev1=1 crypto rx=0x7f32fc00b7b0 tx=0x7f32fc00be90 comp rx=0 tx=0).ready entity=mon.0 client_cookie=0 server_cookie=0 in_seq=0 out_seq=0
2024-04-25T13:16:56.633 INFO:teuthology.orchestra.run.smithi132.stdout:/usr/bin/ceph: stderr
2024-04-25T13:16:55.871+0000 7f3300ff9700 1 -- 172.21.15.132:0/2130648277 <== mon.0 v2:172.21.15.132:3300/0 1 ==== mon_map magic: 0 ==== 205+0+0 (secure 0 0 0) 0x7f32fc020020 con 0x7f330407de70
2024-04-25T13:16:56.633 INFO:teuthology.orchestra.run.smithi132.stdout:/usr/bin/ceph: stderr
2024-04-25T13:16:55.871+0000 7f3309a85700 1 -- 172.21.15.132:0/2130648277 --> [v2:172.21.15.132:3300/0,v1:172.21.15.132:6789/0] -- mon_subscribe({mgrmap=0+}) -- 0x7f330419ed00 con 0x7f330407de70
2024-04-25T13:16:56.633 INFO:teuthology.orchestra.run.smithi132.stdout:/usr/bin/ceph: stderr
2024-04-25T13:16:55.871+0000 7f3300ff9700 1 -- 172.21.15.132:0/2130648277 <== mon.0 v2:172.21.15.132:3300/0 2 ==== config(26 keys) ==== 1070+0+0 (secure 0 0 0) 0x7f32fc003d10 con 0x7f330407de70
2024-04-25T13:16:56.633 INFO:teuthology.orchestra.run.smithi132.stdout:/usr/bin/ceph: stderr
2024-04-25T13:16:55.871+0000 7f3300ff9700 1 -- 172.21.15.132:0/2130648277 <== mon.0 v2:172.21.15.132:3300/0 3 ==== mon_map magic: 0 ==== 205+0+0 (secure 0 0 0) 0x7f32fc017040 con 0x7f330407de70
2024-04-25T13:16:56.633 INFO:teuthology.orchestra.run.smithi132.stdout:/usr/bin/ceph: stderr
2024-04-25T13:16:55.871+0000 7f3309a85700 1 -- 172.21.15.132:0/2130648277 --> [v2:172.21.15.132:3300/0,v1:172.21.15.132:6789/0] -- mon_subscribe({osdmap=0}) -- 0x7f33041a19f0 con 0x7f330407de70
2024-04-25T13:16:56.633 INFO:teuthology.orchestra.run.smithi132.stdout:/usr/bin/ceph: stderr
2024-04-25T13:16:55.872+0000 7f3300ff9700 1 -- 172.21.15.132:0/2130648277 <== mon.0 v2:172.21.15.132:3300/0 4 ==== mgrmap(e 4) ==== 46547+0+0 (secure 0 0 0) 0x7f32fc023020 con 0x7f330407de70
2024-04-25T13:16:56.634 INFO:teuthology.orchestra.run.smithi132.stdout:/usr/bin/ceph: stderr
2024-04-25T13:16:55.872+0000 7f3300ff9700 1 --2- 172.21.15.132:0/2130648277 >> [v2:172.21.15.132:6800/1609880537,v1:172.21.15.132:6801/1609880537] conn(0x7f32ec039560 0x7f32ec03ba20 unknown :-1 s=NONE pgs=0 cs=0 l=1 rev1=0 crypto rx=0 tx=0 comp rx=0 tx=0).connect
2024-04-25T13:16:56.634 INFO:teuthology.orchestra.run.smithi132.stdout:/usr/bin/ceph: stderr
2024-04-25T13:16:55.872+0000 7f3309a85700 1 -- 172.21.15.132:0/2130648277 --> [v2:172.21.15.132:3300/0,v1:172.21.15.132:6789/0] -- mon_command({"prefix": "get_command_descriptions"} v 0) -- 0x7f33040640a0 con 0x7f330407de70
2024-04-25T13:16:56.634 INFO:teuthology.orchestra.run.smithi132.stdout:/usr/bin/ceph: stderr
2024-04-25T13:16:55.872+0000 7f3300ff9700 1 -- 172.21.15.132:0/2130648277 <== mon.0 v2:172.21.15.132:3300/0 5 ==== osd_map(1..1 src has 1..1) ==== 725+0+0 (secure 0 0 0) 0x7f32fc00f050 con 0x7f330407de70
2024-04-25T13:16:56.634 INFO:teuthology.orchestra.run.smithi132.stdout:/usr/bin/ceph: stderr
2024-04-25T13:16:55.872+0000 7f3302ffd700 1 --2- 172.21.15.132:0/2130648277 >> [v2:172.21.15.132:6800/1609880537,v1:172.21.15.132:6801/1609880537] conn(0x7f32ec039560 0x7f32ec03ba20 unknown :-1 s=BANNER_CONNECTING pgs=0 cs=0 l=1 rev1=0 crypto rx=0 tx=0 comp rx=0 tx=0)._handle_peer_banner_payload supported=3 required=0
2024-04-25T13:16:56.634 INFO:teuthology.orchestra.run.smithi132.stdout:/usr/bin/ceph: stderr
2024-04-25T13:16:55.873+0000 7f3302ffd700 1 --2- 172.21.15.132:0/2130648277 >> [v2:172.21.15.132:6800/1609880537,v1:172.21.15.132:6801/1609880537] conn(0x7f32ec039560 0x7f32ec03ba20 secure :-1 s=READY pgs=7 cs=0 l=1 rev1=1 crypto rx=0x7f32f8006fd0 tx=0x7f32f8006e40 comp rx=0 tx=0).ready entity=mgr.14100 client_cookie=0 server_cookie=0 in_seq=0 out_seq=0
2024-04-25T13:16:56.634 INFO:teuthology.orchestra.run.smithi132.stdout:/usr/bin/ceph: stderr
2024-04-25T13:16:55.877+0000 7f3300ff9700 1 -- 172.21.15.132:0/2130648277 <== mon.0 v2:172.21.15.132:3300/0 6 ==== mon_command_ack([{"prefix": "get_command_descriptions"}]=0 v0) ==== 72+0+188370 (secure 0 0 0) 0x7f32fc02a020 con 0x7f330407de70
2024-04-25T13:16:56.634 INFO:teuthology.orchestra.run.smithi132.stdout:/usr/bin/ceph: stderr
2024-04-25T13:16:56.073+0000 7f3309a85700 1 -- 172.21.15.132:0/2130648277 --> [v2:172.21.15.132:3300/0,v1:172.21.15.132:6789/0] -- mon_command({"prefix": "config assimilate-conf"} v 0) -- 0x7f33041a1bc0 con 0x7f330407de70
2024-04-25T13:16:56.634 INFO:teuthology.orchestra.run.smithi132.stdout:/usr/bin/ceph: stderr
2024-04-25T13:16:56.074+0000 7f3300ff9700 1 -- 172.21.15.132:0/2130648277 <== mon.0 v2:172.21.15.132:3300/0 7 ==== mon_command_ack([{"prefix": "config assimilate-conf"}]=0 v3) ==== 70+0+409 (secure 0 0 0) 0x7f32fc01b730 con 0x7f330407de70
2024-04-25T13:16:56.634 INFO:teuthology.orchestra.run.smithi132.stdout:/usr/bin/ceph: stderr
2024-04-25T13:16:56.077+0000 7f3309a85700 1 -- 172.21.15.132:0/2130648277 >> [v2:172.21.15.132:6800/1609880537,v1:172.21.15.132:6801/1609880537] conn(0x7f32ec039560 msgr2=0x7f32ec03ba20 secure :-1 s=STATE_CONNECTION_ESTABLISHED l=1).mark_down
2024-04-25T13:16:56.634 INFO:teuthology.orchestra.run.smithi132.stdout:/usr/bin/ceph: stderr
2024-04-25T13:16:56.077+0000 7f3309a85700 1 --2- 172.21.15.132:0/2130648277 >> [v2:172.21.15.132:6800/1609880537,v1:172.21.15.132:6801/1609880537] conn(0x7f32ec039560 0x7f32ec03ba20 secure :-1 s=READY pgs=7 cs=0 l=1 rev1=1 crypto rx=0x7f32f8006fd0 tx=0x7f32f8006e40 comp rx=0 tx=0).stop
2024-04-25T13:16:56.634 INFO:teuthology.orchestra.run.smithi132.stdout:/usr/bin/ceph: stderr
2024-04-25T13:16:56.077+0000 7f3309a85700 1 -- 172.21.15.132:0/2130648277 >> [v2:172.21.15.132:3300/0,v1:172.21.15.132:6789/0] conn(0x7f330407de70 msgr2=0x7f330419e530 secure :-1 s=STATE_CONNECTION_ESTABLISHED l=1).mark_down
2024-04-25T13:16:56.634 INFO:teuthology.orchestra.run.smithi132.stdout:/usr/bin/ceph: stderr
2024-04-25T13:16:56.077+0000 7f3309a85700 1 --2- 172.21.15.132:0/2130648277 >> [v2:172.21.15.132:3300/0,v1:172.21.15.132:6789/0] conn(0x7f330407de70 0x7f330419e530 secure :-1 s=READY pgs=21 cs=0 l=1 rev1=1 crypto rx=0x7f32fc00b7b0 tx=0x7f32fc00be90 comp rx=0 tx=0).stop
2024-04-25T13:16:56.635 INFO:teuthology.orchestra.run.smithi132.stdout:/usr/bin/ceph: stderr
2024-04-25T13:16:56.077+0000 7f3309a85700 1 -- 172.21.15.132:0/2130648277 shutdown_connections
2024-04-25T13:16:56.635 INFO:teuthology.orchestra.run.smithi132.stdout:/usr/bin/ceph: stderr
2024-04-25T13:16:56.077+0000 7f3309a85700 1 --2- 172.21.15.132:0/2130648277 >> [v2:172.21.15.132:6800/1609880537,v1:172.21.15.132:6801/1609880537] conn(0x7f32ec039560 0x7f32ec03ba20 unknown :-1 s=CLOSED pgs=7 cs=0 l=1 rev1=1 crypto rx=0 tx=0 comp rx=0 tx=0).stop
2024-04-25T13:16:56.635 INFO:teuthology.orchestra.run.smithi132.stdout:/usr/bin/ceph: stderr
2024-04-25T13:16:56.077+0000 7f3309a85700 1 --2- 172.21.15.132:0/2130648277 >> [v2:172.21.15.132:3300/0,v1:172.21.15.132:6789/0] conn(0x7f330407de70 0x7f330419e530 unknown :-1 s=CLOSED pgs=21 cs=0 l=1 rev1=1 crypto rx=0 tx=0 comp rx=0 tx=0).stop
2024-04-25T13:16:56.635 INFO:teuthology.orchestra.run.smithi132.stdout:/usr/bin/ceph: stderr
2024-04-25T13:16:56.077+0000 7f3309a85700 1 -- 172.21.15.132:0/2130648277 >> 172.21.15.132:0/2130648277 conn(0x7f3304103ac0 msgr2=0x7f3304104560 unknown :-1 s=STATE_NONE l=0).mark_down
2024-04-25T13:16:56.635 INFO:teuthology.orchestra.run.smithi132.stdout:/usr/bin/ceph: stderr
2024-04-25T13:16:56.077+0000 7f3309a85700 1 -- 172.21.15.132:0/2130648277 shutdown_connections
2024-04-25T13:16:56.635 INFO:teuthology.orchestra.run.smithi132.stdout:/usr/bin/ceph: stderr
2024-04-25T13:16:56.077+0000 7f3309a85700 1 -- 172.21.15.132:0/2130648277 wait complete.
2024-04-25T13:16:56.635 INFO:teuthology.orchestra.run.smithi132.stdout:Enabling cephadm module...
2024-04-25T13:16:57.682 INFO:journalctl@ceph.mon.a.smithi132.stdout:Apr 25 13:16:57 smithi132 ceph-mon[29176]: from='client.? 172.21.15.132:0/336866328' entity='client.admin' cmd=[{"prefix": "mgr module enable", "module": "cephadm"}]: dispatch
2024-04-25T13:16:57.683 INFO:journalctl@ceph.mgr.x.smithi132.stdout:Apr 25 13:16:57 smithi132 ceph-e85bb134-0305-11ef-bc93-c7b262605968-mgr-x[29407]: ignoring --setuser ceph since I am not root
2024-04-25T13:16:57.683 INFO:journalctl@ceph.mgr.x.smithi132.stdout:Apr 25 13:16:57 smithi132 ceph-e85bb134-0305-11ef-bc93-c7b262605968-mgr-x[29407]: ignoring --setgroup ceph since I am not root
2024-04-25T13:16:57.683 INFO:journalctl@ceph.mgr.x.smithi132.stdout:Apr 25 13:16:57 smithi132 ceph-e85bb134-0305-11ef-bc93-c7b262605968-mgr-x[29407]:
2024-04-25T13:16:57.524+0000 7f12ef3c8200 -1 mgr[py] Module balancer has missing NOTIFY_TYPES member
2024-04-25T13:16:57.977 INFO:journalctl@ceph.mgr.x.smithi132.stdout:Apr 25 13:16:57 smithi132 ceph-e85bb134-0305-11ef-bc93-c7b262605968-mgr-x[29407]:
2024-04-25T13:16:57.709+0000 7f12ef3c8200 -1 mgr[py] Module orchestrator has missing NOTIFY_TYPES member
2024-04-25T13:16:57.977 INFO:journalctl@ceph.mgr.x.smithi132.stdout:Apr 25 13:16:57 smithi132 ceph-e85bb134-0305-11ef-bc93-c7b262605968-mgr-x[29407]:
2024-04-25T13:16:57.812+0000 7f12ef3c8200 -1 mgr[py] Module snap_schedule has missing NOTIFY_TYPES member
2024-04-25T13:16:57.985 INFO:teuthology.orchestra.run.smithi132.stdout:/usr/bin/ceph: stderr
2024-04-25T13:16:57.040+0000 7f56dc18e700 1 Processor -- start
2024-04-25T13:16:57.985 INFO:teuthology.orchestra.run.smithi132.stdout:/usr/bin/ceph: stderr
2024-04-25T13:16:57.040+0000 7f56dc18e700 1 -- start start
2024-04-25T13:16:57.985 INFO:teuthology.orchestra.run.smithi132.stdout:/usr/bin/ceph: stderr
2024-04-25T13:16:57.040+0000 7f56dc18e700 1 --2- >> [v2:172.21.15.132:3300/0,v1:172.21.15.132:6789/0] conn(0x7f56d407de90 0x7f56d407c340 unknown :-1 s=NONE pgs=0 cs=0 l=0 rev1=0 crypto rx=0 tx=0 comp rx=0 tx=0).connect
2024-04-25T13:16:57.985 INFO:teuthology.orchestra.run.smithi132.stdout:/usr/bin/ceph: stderr
2024-04-25T13:16:57.040+0000 7f56dc18e700 1 -- --> [v2:172.21.15.132:3300/0,v1:172.21.15.132:6789/0] -- mon_getmap magic: 0 -- 0x7f56d407c910 con 0x7f56d407de90
2024-04-25T13:16:57.985 INFO:teuthology.orchestra.run.smithi132.stdout:/usr/bin/ceph: stderr
2024-04-25T13:16:57.040+0000 7f56d9f2a700 1 --2- >> [v2:172.21.15.132:3300/0,v1:172.21.15.132:6789/0] conn(0x7f56d407de90 0x7f56d407c340 unknown :-1 s=BANNER_CONNECTING pgs=0 cs=0 l=0 rev1=0 crypto rx=0 tx=0 comp rx=0 tx=0)._handle_peer_banner_payload supported=3 required=0
2024-04-25T13:16:57.985 INFO:teuthology.orchestra.run.smithi132.stdout:/usr/bin/ceph: stderr
2024-04-25T13:16:57.040+0000 7f56d9f2a700 1 --2- >> [v2:172.21.15.132:3300/0,v1:172.21.15.132:6789/0] conn(0x7f56d407de90 0x7f56d407c340 unknown :-1 s=HELLO_CONNECTING pgs=0 cs=0 l=0 rev1=1 crypto rx=0 tx=0 comp rx=0 tx=0).handle_hello peer v2:172.21.15.132:3300/0 says I am v2:172.21.15.132:33588/0 (socket says 172.21.15.132:33588)
2024-04-25T13:16:57.985 INFO:teuthology.orchestra.run.smithi132.stdout:/usr/bin/ceph: stderr
2024-04-25T13:16:57.040+0000 7f56d9f2a700 1 -- 172.21.15.132:0/640471027 learned_addr learned my addr 172.21.15.132:0/640471027 (peer_addr_for_me v2:172.21.15.132:0/0)
2024-04-25T13:16:57.985 INFO:teuthology.orchestra.run.smithi132.stdout:/usr/bin/ceph: stderr
2024-04-25T13:16:57.041+0000 7f56d9f2a700 1 -- 172.21.15.132:0/640471027 --> [v2:172.21.15.132:3300/0,v1:172.21.15.132:6789/0] -- mon_subscribe({config=0+,monmap=0+}) -- 0x7f56d407ca90 con 0x7f56d407de90
2024-04-25T13:16:57.985 INFO:teuthology.orchestra.run.smithi132.stdout:/usr/bin/ceph: stderr
2024-04-25T13:16:57.041+0000 7f56d9f2a700 1 --2- 172.21.15.132:0/640471027 >> [v2:172.21.15.132:3300/0,v1:172.21.15.132:6789/0] conn(0x7f56d407de90 0x7f56d407c340 secure :-1 s=READY pgs=22 cs=0 l=1 rev1=1 crypto rx=0x7f56d00098a0 tx=0x7f56d0009bb0 comp rx=0 tx=0).ready entity=mon.0 client_cookie=9b17f95799888612 server_cookie=0 in_seq=0 out_seq=0
2024-04-25T13:16:57.985 INFO:teuthology.orchestra.run.smithi132.stdout:/usr/bin/ceph: stderr
2024-04-25T13:16:57.041+0000 7f56d8f28700 1 -- 172.21.15.132:0/640471027 <== mon.0 v2:172.21.15.132:3300/0 1 ==== mon_map magic: 0 ==== 205+0+0 (secure 0 0 0) 0x7f56d0004160 con 0x7f56d407de90
2024-04-25T13:16:57.985 INFO:teuthology.orchestra.run.smithi132.stdout:/usr/bin/ceph: stderr
2024-04-25T13:16:57.041+0000 7f56d8f28700 1 -- 172.21.15.132:0/640471027 <== mon.0 v2:172.21.15.132:3300/0 2 ==== config(26 keys) ==== 1070+0+0 (secure 0 0 0) 0x7f56d0004300 con 0x7f56d407de90
2024-04-25T13:16:57.985 INFO:teuthology.orchestra.run.smithi132.stdout:/usr/bin/ceph: stderr
2024-04-25T13:16:57.041+0000 7f56d8f28700 1 -- 172.21.15.132:0/640471027 <== mon.0 v2:172.21.15.132:3300/0 3 ==== mon_map magic: 0 ==== 205+0+0 (secure 0 0 0) 0x7f56d0011af0 con 0x7f56d407de90
2024-04-25T13:16:57.985 INFO:teuthology.orchestra.run.smithi132.stdout:/usr/bin/ceph: stderr
2024-04-25T13:16:57.041+0000 7f56dc18e700 1 -- 172.21.15.132:0/640471027 >> [v2:172.21.15.132:3300/0,v1:172.21.15.132:6789/0] conn(0x7f56d407de90 msgr2=0x7f56d407c340 secure :-1 s=STATE_CONNECTION_ESTABLISHED l=1).mark_down
2024-04-25T13:16:57.986 INFO:teuthology.orchestra.run.smithi132.stdout:/usr/bin/ceph: stderr
2024-04-25T13:16:57.041+0000 7f56dc18e700 1 --2- 172.21.15.132:0/640471027 >> [v2:172.21.15.132:3300/0,v1:172.21.15.132:6789/0] conn(0x7f56d407de90 0x7f56d407c340 secure :-1 s=READY pgs=22 cs=0 l=1 rev1=1 crypto rx=0x7f56d00098a0 tx=0x7f56d0009bb0 comp rx=0 tx=0).stop
2024-04-25T13:16:57.986 INFO:teuthology.orchestra.run.smithi132.stdout:/usr/bin/ceph: stderr
2024-04-25T13:16:57.041+0000 7f56dc18e700 1 -- 172.21.15.132:0/640471027 shutdown_connections
2024-04-25T13:16:57.986 INFO:teuthology.orchestra.run.smithi132.stdout:/usr/bin/ceph: stderr
2024-04-25T13:16:57.041+0000 7f56dc18e700 1 --2- 172.21.15.132:0/640471027 >> [v2:172.21.15.132:3300/0,v1:172.21.15.132:6789/0] conn(0x7f56d407de90 0x7f56d407c340 unknown :-1 s=CLOSED pgs=22 cs=0 l=1 rev1=1 crypto rx=0 tx=0 comp rx=0 tx=0).stop
2024-04-25T13:16:57.986 INFO:teuthology.orchestra.run.smithi132.stdout:/usr/bin/ceph: stderr
2024-04-25T13:16:57.041+0000 7f56dc18e700 1 -- 172.21.15.132:0/640471027 >> 172.21.15.132:0/640471027 conn(0x7f56d4103ac0 msgr2=0x7f56d4105ee0 unknown :-1 s=STATE_NONE l=0).mark_down
2024-04-25T13:16:57.986 INFO:teuthology.orchestra.run.smithi132.stdout:/usr/bin/ceph: stderr
2024-04-25T13:16:57.042+0000 7f56dc18e700 1 -- 172.21.15.132:0/640471027 shutdown_connections
2024-04-25T13:16:57.986 INFO:teuthology.orchestra.run.smithi132.stdout:/usr/bin/ceph: stderr
2024-04-25T13:16:57.042+0000 7f56dc18e700 1 -- 172.21.15.132:0/640471027 wait complete.
2024-04-25T13:16:57.986 INFO:teuthology.orchestra.run.smithi132.stdout:/usr/bin/ceph: stderr
2024-04-25T13:16:57.042+0000 7f56dc18e700 1 Processor -- start
2024-04-25T13:16:57.986 INFO:teuthology.orchestra.run.smithi132.stdout:/usr/bin/ceph: stderr
2024-04-25T13:16:57.042+0000 7f56dc18e700 1 -- start start
2024-04-25T13:16:57.986 INFO:teuthology.orchestra.run.smithi132.stdout:/usr/bin/ceph: stderr
2024-04-25T13:16:57.042+0000 7f56dc18e700 1 --2- >> [v2:172.21.15.132:3300/0,v1:172.21.15.132:6789/0] conn(0x7f56d407de90 0x7f56d419e5b0 unknown :-1 s=NONE pgs=0 cs=0 l=1 rev1=0 crypto rx=0 tx=0 comp rx=0 tx=0).connect
2024-04-25T13:16:57.986 INFO:teuthology.orchestra.run.smithi132.stdout:/usr/bin/ceph: stderr
2024-04-25T13:16:57.042+0000 7f56dc18e700 1 -- --> [v2:172.21.15.132:3300/0,v1:172.21.15.132:6789/0] -- mon_getmap magic: 0 -- 0x7f56d410e9d0 con 0x7f56d407de90
2024-04-25T13:16:57.987 INFO:teuthology.orchestra.run.smithi132.stdout:/usr/bin/ceph: stderr
2024-04-25T13:16:57.042+0000 7f56d9f2a700 1 --2- >> [v2:172.21.15.132:3300/0,v1:172.21.15.132:6789/0] conn(0x7f56d407de90 0x7f56d419e5b0 unknown :-1 s=BANNER_CONNECTING pgs=0 cs=0 l=1 rev1=0 crypto rx=0 tx=0 comp rx=0 tx=0)._handle_peer_banner_payload supported=3 required=0
2024-04-25T13:16:57.987 INFO:teuthology.orchestra.run.smithi132.stdout:/usr/bin/ceph: stderr
2024-04-25T13:16:57.042+0000 7f56d9f2a700 1 --2- >> [v2:172.21.15.132:3300/0,v1:172.21.15.132:6789/0] conn(0x7f56d407de90 0x7f56d419e5b0 unknown :-1 s=HELLO_CONNECTING pgs=0 cs=0 l=1 rev1=1 crypto rx=0 tx=0 comp rx=0 tx=0).handle_hello peer v2:172.21.15.132:3300/0 says I am v2:172.21.15.132:33590/0 (socket says 172.21.15.132:33590)
2024-04-25T13:16:57.987 INFO:teuthology.orchestra.run.smithi132.stdout:/usr/bin/ceph: stderr
2024-04-25T13:16:57.042+0000 7f56d9f2a700 1 -- 172.21.15.132:0/336866328 learned_addr learned my addr 172.21.15.132:0/336866328 (peer_addr_for_me v2:172.21.15.132:0/0)
2024-04-25T13:16:57.987 INFO:teuthology.orchestra.run.smithi132.stdout:/usr/bin/ceph: stderr
2024-04-25T13:16:57.043+0000 7f56d9f2a700 1 -- 172.21.15.132:0/336866328 --> [v2:172.21.15.132:3300/0,v1:172.21.15.132:6789/0] -- mon_subscribe({config=0+,monmap=0+}) -- 0x7f56d419eaf0 con 0x7f56d407de90
2024-04-25T13:16:57.987 INFO:teuthology.orchestra.run.smithi132.stdout:/usr/bin/ceph: stderr
2024-04-25T13:16:57.043+0000 7f56d9f2a700 1 --2- 172.21.15.132:0/336866328 >> [v2:172.21.15.132:3300/0,v1:172.21.15.132:6789/0] conn(0x7f56d407de90 0x7f56d419e5b0 secure :-1 s=READY pgs=23 cs=0 l=1 rev1=1 crypto rx=0x7f56d0009fb0 tx=0x7f56d0011940 comp rx=0 tx=0).ready entity=mon.0 client_cookie=0 server_cookie=0 in_seq=0 out_seq=0
