2024-04-25T13:17:22.073 INFO:teuthology.orchestra.run.smithi132.stdout:/usr/bin/ceph: stderr
2024-04-25T13:17:20.956+0000 7f97c77fe700 1 --2- 172.21.15.132:0/1202908453 >> [v2:172.21.15.132:3300/0,v1:172.21.15.132:6789/0] conn(0x7f97c8106d20 0x7f97c819e550 secure :-1 s=READY pgs=54 cs=0 l=1 rev1=1 crypto rx=0x7f97b80116e0 tx=0x7f97b8011aa0 comp rx=0 tx=0).ready entity=mon.0 client_cookie=0 server_cookie=0 in_seq=0 out_seq=0
2024-04-25T13:17:22.073 INFO:teuthology.orchestra.run.smithi132.stdout:/usr/bin/ceph: stderr
2024-04-25T13:17:20.956+0000 7f97c4ff9700 1 -- 172.21.15.132:0/1202908453 <== mon.0 v2:172.21.15.132:3300/0 1 ==== mon_map magic: 0 ==== 205+0+0 (secure 0 0 0) 0x7f97b8003b20 con 0x7f97c8106d20
2024-04-25T13:17:22.073 INFO:teuthology.orchestra.run.smithi132.stdout:/usr/bin/ceph: stderr
2024-04-25T13:17:20.956+0000 7f97cdc51700 1 -- 172.21.15.132:0/1202908453 --> [v2:172.21.15.132:3300/0,v1:172.21.15.132:6789/0] -- mon_subscribe({mgrmap=0+}) -- 0x7f97c819ed20 con 0x7f97c8106d20
2024-04-25T13:17:22.074 INFO:teuthology.orchestra.run.smithi132.stdout:/usr/bin/ceph: stderr
2024-04-25T13:17:20.956+0000 7f97c4ff9700 1 -- 172.21.15.132:0/1202908453 <== mon.0 v2:172.21.15.132:3300/0 2 ==== config(26 keys) ==== 1101+0+0 (secure 0 0 0) 0x7f97b801b8f0 con 0x7f97c8106d20
2024-04-25T13:17:22.074 INFO:teuthology.orchestra.run.smithi132.stdout:/usr/bin/ceph: stderr
2024-04-25T13:17:20.956+0000 7f97c4ff9700 1 -- 172.21.15.132:0/1202908453 <== mon.0 v2:172.21.15.132:3300/0 3 ==== mon_map magic: 0 ==== 205+0+0 (secure 0 0 0) 0x7f97b80238c0 con 0x7f97c8106d20
2024-04-25T13:17:22.074 INFO:teuthology.orchestra.run.smithi132.stdout:/usr/bin/ceph: stderr
2024-04-25T13:17:20.956+0000 7f97cdc51700 1 -- 172.21.15.132:0/1202908453 --> [v2:172.21.15.132:3300/0,v1:172.21.15.132:6789/0] -- mon_subscribe({osdmap=0}) -- 0x7f97c81a1a10 con 0x7f97c8106d20
2024-04-25T13:17:22.074 INFO:teuthology.orchestra.run.smithi132.stdout:/usr/bin/ceph: stderr
2024-04-25T13:17:20.957+0000 7f97c4ff9700 1 -- 172.21.15.132:0/1202908453 <== mon.0 v2:172.21.15.132:3300/0 4 ==== mgrmap(e 8) ==== 46558+0+0 (secure 0 0 0) 0x7f97b8023b70 con 0x7f97c8106d20
2024-04-25T13:17:22.074 INFO:teuthology.orchestra.run.smithi132.stdout:/usr/bin/ceph: stderr
2024-04-25T13:17:20.957+0000 7f97c4ff9700 1 --2- 172.21.15.132:0/1202908453 >> [v2:172.21.15.132:6800/3731525834,v1:172.21.15.132:6801/3731525834] conn(0x7f97b0039560 0x7f97b003ba20 unknown :-1 s=NONE pgs=0 cs=0 l=1 rev1=0 crypto rx=0 tx=0 comp rx=0 tx=0).connect
2024-04-25T13:17:22.074 INFO:teuthology.orchestra.run.smithi132.stdout:/usr/bin/ceph: stderr
2024-04-25T13:17:20.957+0000 7f97c4ff9700 1 -- 172.21.15.132:0/1202908453 <== mon.0 v2:172.21.15.132:3300/0 5 ==== osd_map(2..2 src has 1..2) ==== 940+0+0 (secure 0 0 0) 0x7f97b804e360 con 0x7f97c8106d20
2024-04-25T13:17:22.074 INFO:teuthology.orchestra.run.smithi132.stdout:/usr/bin/ceph: stderr
2024-04-25T13:17:20.957+0000 7f97c6ffd700 1 --2- 172.21.15.132:0/1202908453 >> [v2:172.21.15.132:6800/3731525834,v1:172.21.15.132:6801/3731525834] conn(0x7f97b0039560 0x7f97b003ba20 unknown :-1 s=BANNER_CONNECTING pgs=0 cs=0 l=1 rev1=0 crypto rx=0 tx=0 comp rx=0 tx=0)._handle_peer_banner_payload supported=3 required=0
2024-04-25T13:17:22.074 INFO:teuthology.orchestra.run.smithi132.stdout:/usr/bin/ceph: stderr
2024-04-25T13:17:20.957+0000 7f97cdc51700 1 -- 172.21.15.132:0/1202908453 --> [v2:172.21.15.132:3300/0,v1:172.21.15.132:6789/0] -- mon_command({"prefix": "get_command_descriptions"} v 0) -- 0x7f97c80640a0 con 0x7f97c8106d20
2024-04-25T13:17:22.074 INFO:teuthology.orchestra.run.smithi132.stdout:/usr/bin/ceph: stderr
2024-04-25T13:17:20.957+0000 7f97c6ffd700 1 --2- 172.21.15.132:0/1202908453 >> [v2:172.21.15.132:6800/3731525834,v1:172.21.15.132:6801/3731525834] conn(0x7f97b0039560 0x7f97b003ba20 secure :-1 s=READY pgs=15 cs=0 l=1 rev1=1 crypto rx=0x7f97bc006fd0 tx=0x7f97bc006e40 comp rx=0 tx=0).ready entity=mgr.14120 client_cookie=0 server_cookie=0 in_seq=0 out_seq=0
2024-04-25T13:17:22.074 INFO:teuthology.orchestra.run.smithi132.stdout:/usr/bin/ceph: stderr
2024-04-25T13:17:20.962+0000 7f97c4ff9700 1 -- 172.21.15.132:0/1202908453 <== mon.0 v2:172.21.15.132:3300/0 6 ==== mon_command_ack([{"prefix": "get_command_descriptions"}]=0 v0) ==== 72+0+188370 (secure 0 0 0) 0x7f97b801f030 con 0x7f97c8106d20
2024-04-25T13:17:22.074 INFO:teuthology.orchestra.run.smithi132.stdout:/usr/bin/ceph: stderr
2024-04-25T13:17:21.165+0000 7f97cdc51700 1 -- 172.21.15.132:0/1202908453 --> [v2:172.21.15.132:3300/0,v1:172.21.15.132:6789/0] -- mon_command([{prefix=config set, name=mgr/dashboard/ssl_server_port}] v 0) -- 0x7f97c802e150 con 0x7f97c8106d20
2024-04-25T13:17:22.074 INFO:teuthology.orchestra.run.smithi132.stdout:/usr/bin/ceph: stderr
2024-04-25T13:17:21.168+0000 7f97c4ff9700 1 -- 172.21.15.132:0/1202908453 <== mon.0 v2:172.21.15.132:3300/0 7 ==== mon_command_ack([{prefix=config set, name=mgr/dashboard/ssl_server_port}]=0 v8)=0 v8) ==== 130+0+0 (secure 0 0 0) 0x7f97b8018e30 con 0x7f97c8106d20
2024-04-25T13:17:22.074 INFO:teuthology.orchestra.run.smithi132.stdout:/usr/bin/ceph: stderr
2024-04-25T13:17:21.171+0000 7f97cdc51700 1 -- 172.21.15.132:0/1202908453 >> [v2:172.21.15.132:6800/3731525834,v1:172.21.15.132:6801/3731525834] conn(0x7f97b0039560 msgr2=0x7f97b003ba20 secure :-1 s=STATE_CONNECTION_ESTABLISHED l=1).mark_down
2024-04-25T13:17:22.074 INFO:teuthology.orchestra.run.smithi132.stdout:/usr/bin/ceph: stderr
2024-04-25T13:17:21.171+0000 7f97cdc51700 1 --2- 172.21.15.132:0/1202908453 >> [v2:172.21.15.132:6800/3731525834,v1:172.21.15.132:6801/3731525834] conn(0x7f97b0039560 0x7f97b003ba20 secure :-1 s=READY pgs=15 cs=0 l=1 rev1=1 crypto rx=0x7f97bc006fd0 tx=0x7f97bc006e40 comp rx=0 tx=0).stop
2024-04-25T13:17:22.075 INFO:teuthology.orchestra.run.smithi132.stdout:/usr/bin/ceph: stderr
2024-04-25T13:17:21.171+0000 7f97cdc51700 1 -- 172.21.15.132:0/1202908453 >> [v2:172.21.15.132:3300/0,v1:172.21.15.132:6789/0] conn(0x7f97c8106d20 msgr2=0x7f97c819e550 secure :-1 s=STATE_CONNECTION_ESTABLISHED l=1).mark_down
2024-04-25T13:17:22.075 INFO:teuthology.orchestra.run.smithi132.stdout:/usr/bin/ceph: stderr
2024-04-25T13:17:21.171+0000 7f97cdc51700 1 --2- 172.21.15.132:0/1202908453 >> [v2:172.21.15.132:3300/0,v1:172.21.15.132:6789/0] conn(0x7f97c8106d20 0x7f97c819e550 secure :-1 s=READY pgs=54 cs=0 l=1 rev1=1 crypto rx=0x7f97b80116e0 tx=0x7f97b8011aa0 comp rx=0 tx=0).stop
2024-04-25T13:17:22.075 INFO:teuthology.orchestra.run.smithi132.stdout:/usr/bin/ceph: stderr
2024-04-25T13:17:21.171+0000 7f97cdc51700 1 -- 172.21.15.132:0/1202908453 shutdown_connections
2024-04-25T13:17:22.075 INFO:teuthology.orchestra.run.smithi132.stdout:/usr/bin/ceph: stderr
2024-04-25T13:17:21.171+0000 7f97cdc51700 1 --2- 172.21.15.132:0/1202908453 >> [v2:172.21.15.132:6800/3731525834,v1:172.21.15.132:6801/3731525834] conn(0x7f97b0039560 0x7f97b003ba20 unknown :-1 s=CLOSED pgs=15 cs=0 l=1 rev1=1 crypto rx=0 tx=0 comp rx=0 tx=0).stop
2024-04-25T13:17:22.075 INFO:teuthology.orchestra.run.smithi132.stdout:/usr/bin/ceph: stderr
2024-04-25T13:17:21.171+0000 7f97cdc51700 1 --2- 172.21.15.132:0/1202908453 >> [v2:172.21.15.132:3300/0,v1:172.21.15.132:6789/0] conn(0x7f97c8106d20 0x7f97c819e550 unknown :-1 s=CLOSED pgs=54 cs=0 l=1 rev1=1 crypto rx=0 tx=0 comp rx=0 tx=0).stop
2024-04-25T13:17:22.075 INFO:teuthology.orchestra.run.smithi132.stdout:/usr/bin/ceph: stderr
2024-04-25T13:17:21.171+0000 7f97cdc51700 1 -- 172.21.15.132:0/1202908453 >> 172.21.15.132:0/1202908453 conn(0x7f97c8102920 msgr2=0x7f97c8195230 unknown :-1 s=STATE_NONE l=0).mark_down
2024-04-25T13:17:22.075 INFO:teuthology.orchestra.run.smithi132.stdout:/usr/bin/ceph: stderr
2024-04-25T13:17:21.171+0000 7f97cdc51700 1 -- 172.21.15.132:0/1202908453 shutdown_connections
2024-04-25T13:17:22.075 INFO:teuthology.orchestra.run.smithi132.stdout:/usr/bin/ceph: stderr
2024-04-25T13:17:21.171+0000 7f97cdc51700 1 -- 172.21.15.132:0/1202908453 wait complete.
2024-04-25T13:17:22.075 INFO:teuthology.orchestra.run.smithi132.stdout:Enabling the dashboard module...
2024-04-25T13:17:22.332 INFO:journalctl@ceph.mon.a.smithi132.stdout:Apr 25 13:17:22 smithi132 ceph-mon[29176]: from='client.? 172.21.15.132:0/1202908453' entity='client.admin'
2024-04-25T13:17:22.333 INFO:journalctl@ceph.mon.a.smithi132.stdout:Apr 25 13:17:22 smithi132 ceph-mon[29176]: from='mgr.14120 172.21.15.132:0/3128030550' entity='mgr.x'
2024-04-25T13:17:23.900 INFO:journalctl@ceph.mon.a.smithi132.stdout:Apr 25 13:17:23 smithi132 ceph-mon[29176]: from='mgr.14120 172.21.15.132:0/3128030550' entity='mgr.x'
2024-04-25T13:17:23.901 INFO:journalctl@ceph.mon.a.smithi132.stdout:Apr 25 13:17:23 smithi132 ceph-mon[29176]: from='client.? 172.21.15.132:0/2571386387' entity='client.admin' cmd=[{"prefix": "mgr module enable", "module": "dashboard"}]: dispatch
2024-04-25T13:17:23.901 INFO:journalctl@ceph.mgr.x.smithi132.stdout:Apr 25 13:17:23 smithi132 ceph-e85bb134-0305-11ef-bc93-c7b262605968-mgr-x[29407]: ignoring --setuser ceph since I am not root
2024-04-25T13:17:23.901 INFO:journalctl@ceph.mgr.x.smithi132.stdout:Apr 25 13:17:23 smithi132 ceph-e85bb134-0305-11ef-bc93-c7b262605968-mgr-x[29407]: ignoring --setgroup ceph since I am not root
2024-04-25T13:17:23.901 INFO:journalctl@ceph.mgr.x.smithi132.stdout:Apr 25 13:17:23 smithi132 ceph-e85bb134-0305-11ef-bc93-c7b262605968-mgr-x[29407]:
2024-04-25T13:17:23.899+0000 7fdf9e624200 -1 mgr[py] Module balancer has missing NOTIFY_TYPES member
2024-04-25T13:17:24.182 INFO:journalctl@ceph.mgr.x.smithi132.stdout:Apr 25 13:17:24 smithi132 ceph-e85bb134-0305-11ef-bc93-c7b262605968-mgr-x[29407]:
2024-04-25T13:17:24.084+0000 7fdf9e624200 -1 mgr[py] Module orchestrator has missing NOTIFY_TYPES member
2024-04-25T13:17:24.306 INFO:teuthology.orchestra.run.smithi132.stdout:/usr/bin/ceph: stderr
2024-04-25T13:17:22.520+0000 7fd074739700 1 Processor -- start
2024-04-25T13:17:24.306 INFO:teuthology.orchestra.run.smithi132.stdout:/usr/bin/ceph: stderr
2024-04-25T13:17:22.520+0000 7fd074739700 1 -- start start
2024-04-25T13:17:24.306 INFO:teuthology.orchestra.run.smithi132.stdout:/usr/bin/ceph: stderr
2024-04-25T13:17:22.520+0000 7fd074739700 1 --2- >> [v2:172.21.15.132:3300/0,v1:172.21.15.132:6789/0] conn(0x7fd06c108ea0 0x7fd06c10b290 unknown :-1 s=NONE pgs=0 cs=0 l=0 rev1=0 crypto rx=0 tx=0 comp rx=0 tx=0).connect
2024-04-25T13:17:24.306 INFO:teuthology.orchestra.run.smithi132.stdout:/usr/bin/ceph: stderr
2024-04-25T13:17:22.520+0000 7fd074739700 1 -- --> [v2:172.21.15.132:3300/0,v1:172.21.15.132:6789/0] -- mon_getmap magic: 0 -- 0x7fd06c07be90 con 0x7fd06c108ea0
2024-04-25T13:17:24.307 INFO:teuthology.orchestra.run.smithi132.stdout:/usr/bin/ceph: stderr
2024-04-25T13:17:22.521+0000 7fd0724d5700 1 --2- >> [v2:172.21.15.132:3300/0,v1:172.21.15.132:6789/0] conn(0x7fd06c108ea0 0x7fd06c10b290 unknown :-1 s=BANNER_CONNECTING pgs=0 cs=0 l=0 rev1=0 crypto rx=0 tx=0 comp rx=0 tx=0)._handle_peer_banner_payload supported=3 required=0
2024-04-25T13:17:24.307 INFO:teuthology.orchestra.run.smithi132.stdout:/usr/bin/ceph: stderr
2024-04-25T13:17:22.521+0000 7fd0724d5700 1 --2- >> [v2:172.21.15.132:3300/0,v1:172.21.15.132:6789/0] conn(0x7fd06c108ea0 0x7fd06c10b290 unknown :-1 s=HELLO_CONNECTING pgs=0 cs=0 l=0 rev1=1 crypto rx=0 tx=0 comp rx=0 tx=0).handle_hello peer v2:172.21.15.132:3300/0 says I am v2:172.21.15.132:60912/0 (socket says 172.21.15.132:60912)
2024-04-25T13:17:24.307 INFO:teuthology.orchestra.run.smithi132.stdout:/usr/bin/ceph: stderr
2024-04-25T13:17:22.521+0000 7fd0724d5700 1 -- 172.21.15.132:0/2349945877 learned_addr learned my addr 172.21.15.132:0/2349945877 (peer_addr_for_me v2:172.21.15.132:0/0)
2024-04-25T13:17:24.307 INFO:teuthology.orchestra.run.smithi132.stdout:/usr/bin/ceph: stderr
2024-04-25T13:17:22.521+0000 7fd0724d5700 1 -- 172.21.15.132:0/2349945877 --> [v2:172.21.15.132:3300/0,v1:172.21.15.132:6789/0] -- mon_subscribe({config=0+,monmap=0+}) -- 0x7fd06c10b7d0 con 0x7fd06c108ea0
2024-04-25T13:17:24.307 INFO:teuthology.orchestra.run.smithi132.stdout:/usr/bin/ceph: stderr
2024-04-25T13:17:22.521+0000 7fd0724d5700 1 --2- 172.21.15.132:0/2349945877 >> [v2:172.21.15.132:3300/0,v1:172.21.15.132:6789/0] conn(0x7fd06c108ea0 0x7fd06c10b290 secure :-1 s=READY pgs=55 cs=0 l=1 rev1=1 crypto rx=0x7fd05c0098a0 tx=0x7fd05c009bb0 comp rx=0 tx=0).ready entity=mon.0 client_cookie=960422877ae247a server_cookie=0 in_seq=0 out_seq=0
2024-04-25T13:17:24.307 INFO:teuthology.orchestra.run.smithi132.stdout:/usr/bin/ceph: stderr
2024-04-25T13:17:22.521+0000 7fd0714d3700 1 -- 172.21.15.132:0/2349945877 <== mon.0 v2:172.21.15.132:3300/0 1 ==== mon_map magic: 0 ==== 205+0+0 (secure 0 0 0) 0x7fd05c004160 con 0x7fd06c108ea0
2024-04-25T13:17:24.307 INFO:teuthology.orchestra.run.smithi132.stdout:/usr/bin/ceph: stderr
2024-04-25T13:17:22.521+0000 7fd0714d3700 1 -- 172.21.15.132:0/2349945877 <== mon.0 v2:172.21.15.132:3300/0 2 ==== config(26 keys) ==== 1101+0+0 (secure 0 0 0) 0x7fd05c004300 con 0x7fd06c108ea0
2024-04-25T13:17:24.307 INFO:teuthology.orchestra.run.smithi132.stdout:/usr/bin/ceph: stderr
2024-04-25T13:17:22.521+0000 7fd0714d3700 1 -- 172.21.15.132:0/2349945877 <== mon.0 v2:172.21.15.132:3300/0 3 ==== mon_map magic: 0 ==== 205+0+0 (secure 0 0 0) 0x7fd05c011a20 con 0x7fd06c108ea0
2024-04-25T13:17:24.307 INFO:teuthology.orchestra.run.smithi132.stdout:/usr/bin/ceph: stderr
2024-04-25T13:17:22.522+0000 7fd074739700 1 -- 172.21.15.132:0/2349945877 >> [v2:172.21.15.132:3300/0,v1:172.21.15.132:6789/0] conn(0x7fd06c108ea0 msgr2=0x7fd06c10b290 secure :-1 s=STATE_CONNECTION_ESTABLISHED l=1).mark_down
2024-04-25T13:17:24.307 INFO:teuthology.orchestra.run.smithi132.stdout:/usr/bin/ceph: stderr
2024-04-25T13:17:22.522+0000 7fd074739700 1 --2- 172.21.15.132:0/2349945877 >> [v2:172.21.15.132:3300/0,v1:172.21.15.132:6789/0] conn(0x7fd06c108ea0 0x7fd06c10b290 secure :-1 s=READY pgs=55 cs=0 l=1 rev1=1 crypto rx=0x7fd05c0098a0 tx=0x7fd05c009bb0 comp rx=0 tx=0).stop
2024-04-25T13:17:24.307 INFO:teuthology.orchestra.run.smithi132.stdout:/usr/bin/ceph: stderr
2024-04-25T13:17:22.522+0000 7fd074739700 1 -- 172.21.15.132:0/2349945877 shutdown_connections
2024-04-25T13:17:24.307 INFO:teuthology.orchestra.run.smithi132.stdout:/usr/bin/ceph: stderr
2024-04-25T13:17:22.522+0000 7fd074739700 1 --2- 172.21.15.132:0/2349945877 >> [v2:172.21.15.132:3300/0,v1:172.21.15.132:6789/0] conn(0x7fd06c108ea0 0x7fd06c10b290 unknown :-1 s=CLOSED pgs=55 cs=0 l=1 rev1=1 crypto rx=0 tx=0 comp rx=0 tx=0).stop
2024-04-25T13:17:24.307 INFO:teuthology.orchestra.run.smithi132.stdout:/usr/bin/ceph: stderr
2024-04-25T13:17:22.522+0000 7fd074739700 1 -- 172.21.15.132:0/2349945877 >> 172.21.15.132:0/2349945877 conn(0x7fd06c102890 msgr2=0x7fd06c104cd0 unknown :-1 s=STATE_NONE l=0).mark_down
2024-04-25T13:17:24.307 INFO:teuthology.orchestra.run.smithi132.stdout:/usr/bin/ceph: stderr
2024-04-25T13:17:22.522+0000 7fd074739700 1 -- 172.21.15.132:0/2349945877 shutdown_connections
2024-04-25T13:17:24.308 INFO:teuthology.orchestra.run.smithi132.stdout:/usr/bin/ceph: stderr
2024-04-25T13:17:22.522+0000 7fd074739700 1 -- 172.21.15.132:0/2349945877 wait complete.
2024-04-25T13:17:24.308 INFO:teuthology.orchestra.run.smithi132.stdout:/usr/bin/ceph: stderr
2024-04-25T13:17:22.523+0000 7fd074739700 1 Processor -- start
2024-04-25T13:17:24.308 INFO:teuthology.orchestra.run.smithi132.stdout:/usr/bin/ceph: stderr
2024-04-25T13:17:22.523+0000 7fd074739700 1 -- start start
2024-04-25T13:17:24.308 INFO:teuthology.orchestra.run.smithi132.stdout:/usr/bin/ceph: stderr
2024-04-25T13:17:22.523+0000 7fd074739700 1 --2- >> [v2:172.21.15.132:3300/0,v1:172.21.15.132:6789/0] conn(0x7fd06c108ea0 0x7fd06c19c320 unknown :-1 s=NONE pgs=0 cs=0 l=1 rev1=0 crypto rx=0 tx=0 comp rx=0 tx=0).connect
2024-04-25T13:17:24.308 INFO:teuthology.orchestra.run.smithi132.stdout:/usr/bin/ceph: stderr
2024-04-25T13:17:22.523+0000 7fd074739700 1 -- --> [v2:172.21.15.132:3300/0,v1:172.21.15.132:6789/0] -- mon_getmap magic: 0 -- 0x7fd06c10c7d0 con 0x7fd06c108ea0
2024-04-25T13:17:24.308 INFO:teuthology.orchestra.run.smithi132.stdout:/usr/bin/ceph: stderr
2024-04-25T13:17:22.523+0000 7fd0724d5700 1 --2- >> [v2:172.21.15.132:3300/0,v1:172.21.15.132:6789/0] conn(0x7fd06c108ea0 0x7fd06c19c320 unknown :-1 s=BANNER_CONNECTING pgs=0 cs=0 l=1 rev1=0 crypto rx=0 tx=0 comp rx=0 tx=0)._handle_peer_banner_payload supported=3 required=0
2024-04-25T13:17:24.308 INFO:teuthology.orchestra.run.smithi132.stdout:/usr/bin/ceph: stderr
2024-04-25T13:17:22.523+0000 7fd0724d5700 1 --2- >> [v2:172.21.15.132:3300/0,v1:172.21.15.132:6789/0] conn(0x7fd06c108ea0 0x7fd06c19c320 unknown :-1 s=HELLO_CONNECTING pgs=0 cs=0 l=1 rev1=1 crypto rx=0 tx=0 comp rx=0 tx=0).handle_hello peer v2:172.21.15.132:3300/0 says I am v2:172.21.15.132:60920/0 (socket says 172.21.15.132:60920)
2024-04-25T13:17:24.308 INFO:teuthology.orchestra.run.smithi132.stdout:/usr/bin/ceph: stderr
2024-04-25T13:17:22.523+0000 7fd0724d5700 1 -- 172.21.15.132:0/2571386387 learned_addr learned my addr 172.21.15.132:0/2571386387 (peer_addr_for_me v2:172.21.15.132:0/0)
2024-04-25T13:17:24.308 INFO:teuthology.orchestra.run.smithi132.stdout:/usr/bin/ceph: stderr
2024-04-25T13:17:22.523+0000 7fd0724d5700 1 -- 172.21.15.132:0/2571386387 --> [v2:172.21.15.132:3300/0,v1:172.21.15.132:6789/0] -- mon_subscribe({config=0+,monmap=0+}) -- 0x7fd06c19c860 con 0x7fd06c108ea0
2024-04-25T13:17:24.308 INFO:teuthology.orchestra.run.smithi132.stdout:/usr/bin/ceph: stderr
2024-04-25T13:17:22.524+0000 7fd0724d5700 1 --2- 172.21.15.132:0/2571386387 >> [v2:172.21.15.132:3300/0,v1:172.21.15.132:6789/0] conn(0x7fd06c108ea0 0x7fd06c19c320 secure :-1 s=READY pgs=56 cs=0 l=1 rev1=1 crypto rx=0x7fd05c004660 tx=0x7fd05c011aa0 comp rx=0 tx=0).ready entity=mon.0 client_cookie=0 server_cookie=0 in_seq=0 out_seq=0
2024-04-25T13:17:24.308 INFO:teuthology.orchestra.run.smithi132.stdout:/usr/bin/ceph: stderr
2024-04-25T13:17:22.524+0000 7fd0637fe700 1 -- 172.21.15.132:0/2571386387 <== mon.0 v2:172.21.15.132:3300/0 1 ==== mon_map magic: 0 ==== 205+0+0 (secure 0 0 0) 0x7fd05c003aa0 con 0x7fd06c108ea0
2024-04-25T13:17:24.308 INFO:teuthology.orchestra.run.smithi132.stdout:/usr/bin/ceph: stderr
2024-04-25T13:17:22.524+0000 7fd0637fe700 1 -- 172.21.15.132:0/2571386387 <== mon.0 v2:172.21.15.132:3300/0 2 ==== config(26 keys) ==== 1101+0+0 (secure 0 0 0) 0x7fd05c01b8f0 con 0x7fd06c108ea0
2024-04-25T13:17:24.308 INFO:teuthology.orchestra.run.smithi132.stdout:/usr/bin/ceph: stderr
2024-04-25T13:17:22.524+0000 7fd0637fe700 1 -- 172.21.15.132:0/2571386387 <== mon.0 v2:172.21.15.132:3300/0 3 ==== mon_map magic: 0 ==== 205+0+0 (secure 0 0 0) 0x7fd05c023900 con 0x7fd06c108ea0
2024-04-25T13:17:24.308 INFO:teuthology.orchestra.run.smithi132.stdout:/usr/bin/ceph: stderr
2024-04-25T13:17:22.524+0000 7fd074739700 1 -- 172.21.15.132:0/2571386387 --> [v2:172.21.15.132:3300/0,v1:172.21.15.132:6789/0] -- mon_subscribe({mgrmap=0+}) -- 0x7fd06c19caf0 con 0x7fd06c108ea0
2024-04-25T13:17:24.308 INFO:teuthology.orchestra.run.smithi132.stdout:/usr/bin/ceph: stderr
2024-04-25T13:17:22.524+0000 7fd074739700 1 -- 172.21.15.132:0/2571386387 --> [v2:172.21.15.132:3300/0,v1:172.21.15.132:6789/0] -- mon_subscribe({osdmap=0}) -- 0x7fd06c19f7e0 con 0x7fd06c108ea0
2024-04-25T13:17:24.309 INFO:teuthology.orchestra.run.smithi132.stdout:/usr/bin/ceph: stderr
2024-04-25T13:17:22.525+0000 7fd0637fe700 1 -- 172.21.15.132:0/2571386387 <== mon.0 v2:172.21.15.132:3300/0 4 ==== mgrmap(e 8) ==== 46558+0+0 (secure 0 0 0) 0x7fd05c023b70 con 0x7fd06c108ea0
2024-04-25T13:17:24.309 INFO:teuthology.orchestra.run.smithi132.stdout:/usr/bin/ceph: stderr
2024-04-25T13:17:22.525+0000 7fd0637fe700 1 --2- 172.21.15.132:0/2571386387 >> [v2:172.21.15.132:6800/3731525834,v1:172.21.15.132:6801/3731525834] conn(0x7fd058039600 0x7fd05803bac0 unknown :-1 s=NONE pgs=0 cs=0 l=1 rev1=0 crypto rx=0 tx=0 comp rx=0 tx=0).connect
2024-04-25T13:17:24.309 INFO:teuthology.orchestra.run.smithi132.stdout:/usr/bin/ceph: stderr
2024-04-25T13:17:22.525+0000 7fd0637fe700 1 -- 172.21.15.132:0/2571386387 <== mon.0 v2:172.21.15.132:3300/0 5 ==== osd_map(2..2 src has 1..2) ==== 940+0+0 (secure 0 0 0) 0x7fd05c04df80 con 0x7fd06c108ea0
2024-04-25T13:17:24.309 INFO:teuthology.orchestra.run.smithi132.stdout:/usr/bin/ceph: stderr
2024-04-25T13:17:22.525+0000 7fd071cd4700 1 --2- 172.21.15.132:0/2571386387 >> [v2:172.21.15.132:6800/3731525834,v1:172.21.15.132:6801/3731525834] conn(0x7fd058039600 0x7fd05803bac0 unknown :-1 s=BANNER_CONNECTING pgs=0 cs=0 l=1 rev1=0 crypto rx=0 tx=0 comp rx=0 tx=0)._handle_peer_banner_payload supported=3 required=0
2024-04-25T13:17:24.309 INFO:teuthology.orchestra.run.smithi132.stdout:/usr/bin/ceph: stderr
2024-04-25T13:17:22.525+0000 7fd074739700 1 -- 172.21.15.132:0/2571386387 --> [v2:172.21.15.132:3300/0,v1:172.21.15.132:6789/0] -- mon_command({"prefix": "get_command_descriptions"} v 0) -- 0x7fd06c0640a0 con 0x7fd06c108ea0
2024-04-25T13:17:24.309 INFO:teuthology.orchestra.run.smithi132.stdout:/usr/bin/ceph: stderr
2024-04-25T13:17:22.525+0000 7fd071cd4700 1 --2- 172.21.15.132:0/2571386387 >> [v2:172.21.15.132:6800/3731525834,v1:172.21.15.132:6801/3731525834] conn(0x7fd058039600 0x7fd05803bac0 secure :-1 s=READY pgs=16 cs=0 l=1 rev1=1 crypto rx=0x7fd068006fd0 tx=0x7fd068006e40 comp rx=0 tx=0).ready entity=mgr.14120 client_cookie=0 server_cookie=0 in_seq=0 out_seq=0
2024-04-25T13:17:24.309 INFO:teuthology.orchestra.run.smithi132.stdout:/usr/bin/ceph: stderr
2024-04-25T13:17:22.531+0000 7fd0637fe700 1 -- 172.21.15.132:0/2571386387 <== mon.0 v2:172.21.15.132:3300/0 6 ==== mon_command_ack([{"prefix": "get_command_descriptions"}]=0 v0) ==== 72+0+188370 (secure 0 0 0) 0x7fd05c031020 con 0x7fd06c108ea0
2024-04-25T13:17:24.309 INFO:teuthology.orchestra.run.smithi132.stdout:/usr/bin/ceph: stderr
2024-04-25T13:17:22.800+0000 7fd074739700 1 -- 172.21.15.132:0/2571386387 --> [v2:172.21.15.132:3300/0,v1:172.21.15.132:6789/0] -- mon_command({"prefix": "mgr module enable", "module": "dashboard"} v 0) -- 0x7fd06c19fcc0 con 0x7fd06c108ea0
2024-04-25T13:17:24.309 INFO:teuthology.orchestra.run.smithi132.stdout:/usr/bin/ceph: stderr
2024-04-25T13:17:23.717+0000 7fd0637fe700 1 -- 172.21.15.132:0/2571386387 <== mon.0 v2:172.21.15.132:3300/0 7 ==== mon_command_ack([{"prefix": "mgr module enable", "module": "dashboard"}]=0 v9) ==== 88+0+0 (secure 0 0 0) 0x7fd05c01f030 con 0x7fd06c108ea0
2024-04-25T13:17:24.309 INFO:teuthology.orchestra.run.smithi132.stdout:/usr/bin/ceph: stderr
2024-04-25T13:17:23.718+0000 7fd0637fe700 1 -- 172.21.15.132:0/2571386387 <== mon.0 v2:172.21.15.132:3300/0 8 ==== mgrmap(e 9) ==== 46571+0+0 (secure 0 0 0) 0x7fd05c02c910 con 0x7fd06c108ea0
2024-04-25T13:17:24.309 INFO:teuthology.orchestra.run.smithi132.stdout:/usr/bin/ceph: stderr
2024-04-25T13:17:23.720+0000 7fd074739700 1 -- 172.21.15.132:0/2571386387 >> [v2:172.21.15.132:6800/3731525834,v1:172.21.15.132:6801/3731525834] conn(0x7fd058039600 msgr2=0x7fd05803bac0 secure :-1 s=STATE_CONNECTION_ESTABLISHED l=1).mark_down
2024-04-25T13:17:24.309 INFO:teuthology.orchestra.run.smithi132.stdout:/usr/bin/ceph: stderr
2024-04-25T13:17:23.720+0000 7fd074739700 1 --2- 172.21.15.132:0/2571386387 >> [v2:172.21.15.132:6800/3731525834,v1:172.21.15.132:6801/3731525834] conn(0x7fd058039600 0x7fd05803bac0 secure :-1 s=READY pgs=16 cs=0 l=1 rev1=1 crypto rx=0x7fd068006fd0 tx=0x7fd068006e40 comp rx=0 tx=0).stop
2024-04-25T13:17:24.309 INFO:teuthology.orchestra.run.smithi132.stdout:/usr/bin/ceph: stderr
2024-04-25T13:17:23.720+0000 7fd074739700 1 -- 172.21.15.132:0/2571386387 >> [v2:172.21.15.132:3300/0,v1:172.21.15.132:6789/0] conn(0x7fd06c108ea0 msgr2=0x7fd06c19c320 secure :-1 s=STATE_CONNECTION_ESTABLISHED l=1).mark_down
2024-04-25T13:17:24.310 INFO:teuthology.orchestra.run.smithi132.stdout:/usr/bin/ceph: stderr
2024-04-25T13:17:23.720+0000 7fd074739700 1 --2- 172.21.15.132:0/2571386387 >> [v2:172.21.15.132:3300/0,v1:172.21.15.132:6789/0] conn(0x7fd06c108ea0 0x7fd06c19c320 secure :-1 s=READY pgs=56 cs=0 l=1 rev1=1 crypto rx=0x7fd05c004660 tx=0x7fd05c011aa0 comp rx=0 tx=0).stop
2024-04-25T13:17:24.310 INFO:teuthology.orchestra.run.smithi132.stdout:/usr/bin/ceph: stderr
2024-04-25T13:17:23.720+0000 7fd074739700 1 -- 172.21.15.132:0/2571386387 shutdown_connections
2024-04-25T13:17:24.310 INFO:teuthology.orchestra.run.smithi132.stdout:/usr/bin/ceph: stderr
2024-04-25T13:17:23.720+0000 7fd074739700 1 --2- 172.21.15.132:0/2571386387 >> [v2:172.21.15.132:6800/3731525834,v1:172.21.15.132:6801/3731525834] conn(0x7fd058039600 0x7fd05803bac0 unknown :-1 s=CLOSED pgs=16 cs=0 l=1 rev1=1 crypto rx=0 tx=0 comp rx=0 tx=0).stop
2024-04-25T13:17:24.310 INFO:teuthology.orchestra.run.smithi132.stdout:/usr/bin/ceph: stderr
2024-04-25T13:17:23.720+0000 7fd074739700 1 --2- 172.21.15.132:0/2571386387 >> [v2:172.21.15.132:3300/0,v1:172.21.15.132:6789/0] conn(0x7fd06c108ea0 0x7fd06c19c320 unknown :-1 s=CLOSED pgs=56 cs=0 l=1 rev1=1 crypto rx=0 tx=0 comp rx=0 tx=0).stop
2024-04-25T13:17:24.310 INFO:teuthology.orchestra.run.smithi132.stdout:/usr/bin/ceph: stderr
2024-04-25T13:17:23.720+0000 7fd074739700 1 -- 172.21.15.132:0/2571386387 >> 172.21.15.132:0/2571386387 conn(0x7fd06c102890 msgr2=0x7fd06c103360 unknown :-1 s=STATE_NONE l=0).mark_down
2024-04-25T13:17:24.310 INFO:teuthology.orchestra.run.smithi132.stdout:/usr/bin/ceph: stderr
2024-04-25T13:17:23.721+0000 7fd074739700 1 -- 172.21.15.132:0/2571386387 shutdown_connections
2024-04-25T13:17:24.310 INFO:teuthology.orchestra.run.smithi132.stdout:/usr/bin/ceph: stderr
2024-04-25T13:17:23.721+0000 7fd074739700 1 -- 172.21.15.132:0/2571386387 wait complete.
2024-04-25T13:17:24.450 INFO:journalctl@ceph.mgr.x.smithi132.stdout:Apr 25 13:17:24 smithi132 ceph-e85bb134-0305-11ef-bc93-c7b262605968-mgr-x[29407]:
2024-04-25T13:17:24.188+0000 7fdf9e624200 -1 mgr[py] Module snap_schedule has missing NOTIFY_TYPES member
2024-04-25T13:17:24.710 INFO:journalctl@ceph.mgr.x.smithi132.stdout:Apr 25 13:17:24 smithi132 ceph-e85bb134-0305-11ef-bc93-c7b262605968-mgr-x[29407]:
2024-04-25T13:17:24.508+0000 7fdf9e624200 -1 mgr[py] Module progress has missing NOTIFY_TYPES member
2024-04-25T13:17:24.710 INFO:journalctl@ceph.mgr.x.smithi132.stdout:Apr 25 13:17:24 smithi132 ceph-e85bb134-0305-11ef-bc93-c7b262605968-mgr-x[29407]:
2024-04-25T13:17:24.597+0000 7fdf9e624200 -1 mgr[py] Module influx has missing NOTIFY_TYPES member
2024-04-25T13:17:25.003 INFO:journalctl@ceph.mon.a.smithi132.stdout:Apr 25 13:17:24 smithi132 ceph-mon[29176]: from='client.? 172.21.15.132:0/2571386387' entity='client.admin' cmd='[{"prefix": "mgr module enable", "module": "dashboard"}]': finished
2024-04-25T13:17:25.003 INFO:journalctl@ceph.mon.a.smithi132.stdout:Apr 25 13:17:24 smithi132 ceph-mon[29176]: mgrmap e9: x(active, since 19s)
2024-04-25T13:17:25.757 INFO:teuthology.orchestra.run.smithi132.stdout:/usr/bin/ceph: stdout {
2024-04-25T13:17:25.757 INFO:teuthology.orchestra.run.smithi132.stdout:/usr/bin/ceph: stdout "epoch": 9,
2024-04-25T13:17:25.758 INFO:teuthology.orchestra.run.smithi132.stdout:/usr/bin/ceph: stdout "available": true,
2024-04-25T13:17:25.758 INFO:teuthology.orchestra.run.smithi132.stdout:/usr/bin/ceph: stdout "active_name": "x",
2024-04-25T13:17:25.758 INFO:teuthology.orchestra.run.smithi132.stdout:/usr/bin/ceph: stdout "num_standby": 0
2024-04-25T13:17:25.758 INFO:teuthology.orchestra.run.smithi132.stdout:/usr/bin/ceph: stdout }
2024-04-25T13:17:25.758 INFO:teuthology.orchestra.run.smithi132.stdout:/usr/bin/ceph: stderr
2024-04-25T13:17:24.726+0000 7fec62d32700 1 Processor -- start
2024-04-25T13:17:25.758 INFO:teuthology.orchestra.run.smithi132.stdout:/usr/bin/ceph: stderr
2024-04-25T13:17:24.726+0000 7fec62d32700 1 -- start start
2024-04-25T13:17:25.758 INFO:teuthology.orchestra.run.smithi132.stdout:/usr/bin/ceph: stderr
2024-04-25T13:17:24.726+0000 7fec62d32700 1 --2- >> [v2:172.21.15.132:3300/0,v1:172.21.15.132:6789/0] conn(0x7fec5c1088c0 0x7fec5c108ce0 unknown :-1 s=NONE pgs=0 cs=0 l=0 rev1=0 crypto rx=0 tx=0 comp rx=0 tx=0).connect
2024-04-25T13:17:25.758 INFO:teuthology.orchestra.run.smithi132.stdout:/usr/bin/ceph: stderr
2024-04-25T13:17:24.726+0000 7fec62d32700 1 -- --> [v2:172.21.15.132:3300/0,v1:172.21.15.132:6789/0] -- mon_getmap magic: 0 -- 0x7fec5c1092b0 con 0x7fec5c1088c0
2024-04-25T13:17:25.758 INFO:teuthology.orchestra.run.smithi132.stdout:/usr/bin/ceph: stderr
2024-04-25T13:17:24.726+0000 7fec60ace700 1 --2- >> [v2:172.21.15.132:3300/0,v1:172.21.15.132:6789/0] conn(0x7fec5c1088c0 0x7fec5c108ce0 unknown :-1 s=BANNER_CONNECTING pgs=0 cs=0 l=0 rev1=0 crypto rx=0 tx=0 comp rx=0 tx=0)._handle_peer_banner_payload supported=3 required=0
2024-04-25T13:17:25.758 INFO:teuthology.orchestra.run.smithi132.stdout:/usr/bin/ceph: stderr
2024-04-25T13:17:24.726+0000 7fec60ace700 1 --2- >> [v2:172.21.15.132:3300/0,v1:172.21.15.132:6789/0] conn(0x7fec5c1088c0 0x7fec5c108ce0 unknown :-1 s=HELLO_CONNECTING pgs=0 cs=0 l=0 rev1=1 crypto rx=0 tx=0 comp rx=0 tx=0).handle_hello peer v2:172.21.15.132:3300/0 says I am v2:172.21.15.132:60952/0 (socket says 172.21.15.132:60952)
2024-04-25T13:17:25.758 INFO:teuthology.orchestra.run.smithi132.stdout:/usr/bin/ceph: stderr
2024-04-25T13:17:24.726+0000 7fec60ace700 1 -- 172.21.15.132:0/4041168909 learned_addr learned my addr 172.21.15.132:0/4041168909 (peer_addr_for_me v2:172.21.15.132:0/0)
2024-04-25T13:17:25.759 INFO:teuthology.orchestra.run.smithi132.stdout:/usr/bin/ceph: stderr
2024-04-25T13:17:24.727+0000 7fec60ace700 1 -- 172.21.15.132:0/4041168909 --> [v2:172.21.15.132:3300/0,v1:172.21.15.132:6789/0] -- mon_subscribe({config=0+,monmap=0+}) -- 0x7fec5c107520 con 0x7fec5c1088c0
2024-04-25T13:17:25.759 INFO:teuthology.orchestra.run.smithi132.stdout:/usr/bin/ceph: stderr
2024-04-25T13:17:24.727+0000 7fec60ace700 1 --2- 172.21.15.132:0/4041168909 >> [v2:172.21.15.132:3300/0,v1:172.21.15.132:6789/0] conn(0x7fec5c1088c0 0x7fec5c108ce0 secure :-1 s=READY pgs=59 cs=0 l=1 rev1=1 crypto rx=0x7fec500098a0 tx=0x7fec50009bb0 comp rx=0 tx=0).ready entity=mon.0 client_cookie=c081a15dfb0ed37a server_cookie=0 in_seq=0 out_seq=0
2024-04-25T13:17:25.759 INFO:teuthology.orchestra.run.smithi132.stdout:/usr/bin/ceph: stderr
2024-04-25T13:17:24.727+0000 7fec5b7fe700 1 -- 172.21.15.132:0/4041168909 <== mon.0 v2:172.21.15.132:3300/0 1 ==== mon_map magic: 0 ==== 205+0+0 (secure 0 0 0) 0x7fec50004160 con 0x7fec5c1088c0
2024-04-25T13:17:25.759 INFO:teuthology.orchestra.run.smithi132.stdout:/usr/bin/ceph: stderr
2024-04-25T13:17:24.727+0000 7fec5b7fe700 1 -- 172.21.15.132:0/4041168909 <== mon.0 v2:172.21.15.132:3300/0 2 ==== config(26 keys) ==== 1101+0+0 (secure 0 0 0) 0x7fec50004300 con 0x7fec5c1088c0
2024-04-25T13:17:25.759 INFO:teuthology.orchestra.run.smithi132.stdout:/usr/bin/ceph: stderr
2024-04-25T13:17:24.727+0000 7fec5b7fe700 1 -- 172.21.15.132:0/4041168909 <== mon.0 v2:172.21.15.132:3300/0 3 ==== mon_map magic: 0 ==== 205+0+0 (secure 0 0 0) 0x7fec50011a20 con 0x7fec5c1088c0
2024-04-25T13:17:25.759 INFO:teuthology.orchestra.run.smithi132.stdout:/usr/bin/ceph: stderr
2024-04-25T13:17:24.728+0000 7fec62d32700 1 -- 172.21.15.132:0/4041168909 >> [v2:172.21.15.132:3300/0,v1:172.21.15.132:6789/0] conn(0x7fec5c1088c0 msgr2=0x7fec5c108ce0 secure :-1 s=STATE_CONNECTION_ESTABLISHED l=1).mark_down
2024-04-25T13:17:25.759 INFO:teuthology.orchestra.run.smithi132.stdout:/usr/bin/ceph: stderr
2024-04-25T13:17:24.728+0000 7fec62d32700 1 --2- 172.21.15.132:0/4041168909 >> [v2:172.21.15.132:3300/0,v1:172.21.15.132:6789/0] conn(0x7fec5c1088c0 0x7fec5c108ce0 secure :-1 s=READY pgs=59 cs=0 l=1 rev1=1 crypto rx=0x7fec500098a0 tx=0x7fec50009bb0 comp rx=0 tx=0).stop
2024-04-25T13:17:25.759 INFO:teuthology.orchestra.run.smithi132.stdout:/usr/bin/ceph: stderr
2024-04-25T13:17:24.728+0000 7fec62d32700 1 -- 172.21.15.132:0/4041168909 shutdown_connections
2024-04-25T13:17:25.759 INFO:teuthology.orchestra.run.smithi132.stdout:/usr/bin/ceph: stderr
2024-04-25T13:17:24.728+0000 7fec62d32700 1 --2- 172.21.15.132:0/4041168909 >> [v2:172.21.15.132:3300/0,v1:172.21.15.132:6789/0] conn(0x7fec5c1088c0 0x7fec5c108ce0 unknown :-1 s=CLOSED pgs=59 cs=0 l=1 rev1=1 crypto rx=0 tx=0 comp rx=0 tx=0).stop
2024-04-25T13:17:25.759 INFO:teuthology.orchestra.run.smithi132.stdout:/usr/bin/ceph: stderr
2024-04-25T13:17:24.728+0000 7fec62d32700 1 -- 172.21.15.132:0/4041168909 >> 172.21.15.132:0/4041168909 conn(0x7fec5c102030 msgr2=0x7fec5c104470 unknown :-1 s=STATE_NONE l=0).mark_down
2024-04-25T13:17:25.759 INFO:teuthology.orchestra.run.smithi132.stdout:/usr/bin/ceph: stderr
2024-04-25T13:17:24.728+0000 7fec62d32700 1 -- 172.21.15.132:0/4041168909 shutdown_connections
2024-04-25T13:17:25.759 INFO:teuthology.orchestra.run.smithi132.stdout:/usr/bin/ceph: stderr
2024-04-25T13:17:24.728+0000 7fec62d32700 1 -- 172.21.15.132:0/4041168909 wait complete.
2024-04-25T13:17:25.759 INFO:teuthology.orchestra.run.smithi132.stdout:/usr/bin/ceph: stderr
2024-04-25T13:17:24.729+0000 7fec62d32700 1 Processor -- start
2024-04-25T13:17:25.759 INFO:teuthology.orchestra.run.smithi132.stdout:/usr/bin/ceph: stderr
2024-04-25T13:17:24.729+0000 7fec62d32700 1 -- start start
2024-04-25T13:17:25.760 INFO:teuthology.orchestra.run.smithi132.stdout:/usr/bin/ceph: stderr
2024-04-25T13:17:24.729+0000 7fec62d32700 1 --2- >> [v2:172.21.15.132:3300/0,v1:172.21.15.132:6789/0] conn(0x7fec5c1088c0 0x7fec5c1924a0 unknown :-1 s=NONE pgs=0 cs=0 l=1 rev1=0 crypto rx=0 tx=0 comp rx=0 tx=0).connect
2024-04-25T13:17:25.760 INFO:teuthology.orchestra.run.smithi132.stdout:/usr/bin/ceph: stderr
2024-04-25T13:17:24.729+0000 7fec62d32700 1 -- --> [v2:172.21.15.132:3300/0,v1:172.21.15.132:6789/0] -- mon_getmap magic: 0 -- 0x7fec5c10b8e0 con 0x7fec5c1088c0
2024-04-25T13:17:25.760 INFO:teuthology.orchestra.run.smithi132.stdout:/usr/bin/ceph: stderr
2024-04-25T13:17:24.729+0000 7fec60ace700 1 --2- >> [v2:172.21.15.132:3300/0,v1:172.21.15.132:6789/0] conn(0x7fec5c1088c0 0x7fec5c1924a0 unknown :-1 s=BANNER_CONNECTING pgs=0 cs=0 l=1 rev1=0 crypto rx=0 tx=0 comp rx=0 tx=0)._handle_peer_banner_payload supported=3 required=0
2024-04-25T13:17:25.760 INFO:teuthology.orchestra.run.smithi132.stdout:/usr/bin/ceph: stderr
2024-04-25T13:17:24.729+0000 7fec60ace700 1 --2- >> [v2:172.21.15.132:3300/0,v1:172.21.15.132:6789/0] conn(0x7fec5c1088c0 0x7fec5c1924a0 unknown :-1 s=HELLO_CONNECTING pgs=0 cs=0 l=1 rev1=1 crypto rx=0 tx=0 comp rx=0 tx=0).handle_hello peer v2:172.21.15.132:3300/0 says I am v2:172.21.15.132:60954/0 (socket says 172.21.15.132:60954)
2024-04-25T13:17:25.760 INFO:teuthology.orchestra.run.smithi132.stdout:/usr/bin/ceph: stderr
2024-04-25T13:17:24.729+0000 7fec60ace700 1 -- 172.21.15.132:0/2664350234 learned_addr learned my addr 172.21.15.132:0/2664350234 (peer_addr_for_me v2:172.21.15.132:0/0)
2024-04-25T13:17:25.760 INFO:teuthology.orchestra.run.smithi132.stdout:/usr/bin/ceph: stderr
2024-04-25T13:17:24.729+0000 7fec60ace700 1 -- 172.21.15.132:0/2664350234 --> [v2:172.21.15.132:3300/0,v1:172.21.15.132:6789/0] -- mon_subscribe({config=0+,monmap=0+}) -- 0x7fec5c1929e0 con 0x7fec5c1088c0
2024-04-25T13:17:25.760 INFO:teuthology.orchestra.run.smithi132.stdout:/usr/bin/ceph: stderr
2024-04-25T13:17:24.729+0000 7fec60ace700 1 --2- 172.21.15.132:0/2664350234 >> [v2:172.21.15.132:3300/0,v1:172.21.15.132:6789/0] conn(0x7fec5c1088c0 0x7fec5c1924a0 secure :-1 s=READY pgs=60 cs=0 l=1 rev1=1 crypto rx=0x7fec500116e0 tx=0x7fec50011aa0 comp rx=0 tx=0).ready entity=mon.0 client_cookie=0 server_cookie=0 in_seq=0 out_seq=0
2024-04-25T13:17:25.760 INFO:teuthology.orchestra.run.smithi132.stdout:/usr/bin/ceph: stderr
2024-04-25T13:17:24.729+0000 7fec59ffb700 1 -- 172.21.15.132:0/2664350234 <== mon.0 v2:172.21.15.132:3300/0 1 ==== mon_map magic: 0 ==== 205+0+0 (secure 0 0 0) 0x7fec50003b20 con 0x7fec5c1088c0
2024-04-25T13:17:25.760 INFO:teuthology.orchestra.run.smithi132.stdout:/usr/bin/ceph: stderr
2024-04-25T13:17:24.729+0000 7fec59ffb700 1 -- 172.21.15.132:0/2664350234 <== mon.0 v2:172.21.15.132:3300/0 2 ==== config(26 keys) ==== 1101+0+0 (secure 0 0 0) 0x7fec5001b8f0 con 0x7fec5c1088c0
2024-04-25T13:17:25.760 INFO:teuthology.orchestra.run.smithi132.stdout:/usr/bin/ceph: stderr
2024-04-25T13:17:24.729+0000 7fec62d32700 1 -- 172.21.15.132:0/2664350234 --> [v2:172.21.15.132:3300/0,v1:172.21.15.132:6789/0] -- mon_subscribe({mgrmap=0+}) -- 0x7fec5c190bd0 con 0x7fec5c1088c0
2024-04-25T13:17:25.760 INFO:teuthology.orchestra.run.smithi132.stdout:/usr/bin/ceph: stderr
2024-04-25T13:17:24.729+0000 7fec59ffb700 1 -- 172.21.15.132:0/2664350234 <== mon.0 v2:172.21.15.132:3300/0 3 ==== mon_map magic: 0 ==== 205+0+0 (secure 0 0 0) 0x7fec500238c0 con 0x7fec5c1088c0
2024-04-25T13:17:25.760 INFO:teuthology.orchestra.run.smithi132.stdout:/usr/bin/ceph: stderr
2024-04-25T13:17:24.730+0000 7fec62d32700 1 -- 172.21.15.132:0/2664350234 --> [v2:172.21.15.132:3300/0,v1:172.21.15.132:6789/0] -- mon_subscribe({osdmap=0}) -- 0x7fec5c191110 con 0x7fec5c1088c0
2024-04-25T13:17:25.760 INFO:teuthology.orchestra.run.smithi132.stdout:/usr/bin/ceph: stderr
2024-04-25T13:17:24.730+0000 7fec59ffb700 1 -- 172.21.15.132:0/2664350234 <== mon.0 v2:172.21.15.132:3300/0 4 ==== mgrmap(e 9) ==== 46571+0+0 (secure 0 0 0) 0x7fec50023b70 con 0x7fec5c1088c0
2024-04-25T13:17:25.760 INFO:teuthology.orchestra.run.smithi132.stdout:/usr/bin/ceph: stderr
2024-04-25T13:17:24.730+0000 7fec62d32700 1 -- 172.21.15.132:0/2664350234 --> [v2:172.21.15.132:3300/0,v1:172.21.15.132:6789/0] -- mon_command({"prefix": "get_command_descriptions"} v 0) -- 0x7fec5c0640a0 con 0x7fec5c1088c0
2024-04-25T13:17:25.760 INFO:teuthology.orchestra.run.smithi132.stdout:/usr/bin/ceph: stderr
2024-04-25T13:17:24.731+0000 7fec59ffb700 1 --2- 172.21.15.132:0/2664350234 >> [v2:172.21.15.132:6800/3731525834,v1:172.21.15.132:6801/3731525834] conn(0x7fec4c0395b0 0x7fec4c03ba70 unknown :-1 s=NONE pgs=0 cs=0 l=1 rev1=0 crypto rx=0 tx=0 comp rx=0 tx=0).connect
2024-04-25T13:17:25.761 INFO:teuthology.orchestra.run.smithi132.stdout:/usr/bin/ceph: stderr
2024-04-25T13:17:24.731+0000 7fec59ffb700 1 -- 172.21.15.132:0/2664350234 <== mon.0 v2:172.21.15.132:3300/0 5 ==== osd_map(2..2 src has 1..2) ==== 940+0+0 (secure 0 0 0) 0x7fec5004e080 con 0x7fec5c1088c0
2024-04-25T13:17:25.761 INFO:teuthology.orchestra.run.smithi132.stdout:/usr/bin/ceph: stderr
2024-04-25T13:17:24.731+0000 7fec5bfff700 1 -- 172.21.15.132:0/2664350234 >> [v2:172.21.15.132:6800/3731525834,v1:172.21.15.132:6801/3731525834] conn(0x7fec4c0395b0 msgr2=0x7fec4c03ba70 unknown :-1 s=STATE_CONNECTING_RE l=1).process reconnect failed to v2:172.21.15.132:6800/3731525834
2024-04-25T13:17:25.761 INFO:teuthology.orchestra.run.smithi132.stdout:/usr/bin/ceph: stderr
2024-04-25T13:17:24.731+0000 7fec5bfff700 1 --2- 172.21.15.132:0/2664350234 >> [v2:172.21.15.132:6800/3731525834,v1:172.21.15.132:6801/3731525834] conn(0x7fec4c0395b0 0x7fec4c03ba70 unknown :-1 s=START_CONNECT pgs=0 cs=0 l=1 rev1=0 crypto rx=0 tx=0 comp rx=0 tx=0)._fault waiting 0.200000
2024-04-25T13:17:25.761 INFO:teuthology.orchestra.run.smithi132.stdout:/usr/bin/ceph: stderr
2024-04-25T13:17:24.736+0000 7fec59ffb700 1 -- 172.21.15.132:0/2664350234 <== mon.0 v2:172.21.15.132:3300/0 6 ==== mon_command_ack([{"prefix": "get_command_descriptions"}]=0 v0) ==== 72+0+188370 (secure 0 0 0) 0x7fec5001f030 con 0x7fec5c1088c0
2024-04-25T13:17:25.761 INFO:teuthology.orchestra.run.smithi132.stdout:/usr/bin/ceph: stderr
2024-04-25T13:17:24.932+0000 7fec5bfff700 1 -- 172.21.15.132:0/2664350234 >> [v2:172.21.15.132:6800/3731525834,v1:172.21.15.132:6801/3731525834] conn(0x7fec4c0395b0 msgr2=0x7fec4c03ba70 unknown :-1 s=STATE_CONNECTING_RE l=1).process reconnect failed to v2:172.21.15.132:6800/3731525834
2024-04-25T13:17:25.761 INFO:teuthology.orchestra.run.smithi132.stdout:/usr/bin/ceph: stderr
2024-04-25T13:17:24.932+0000 7fec5bfff700 1 --2- 172.21.15.132:0/2664350234 >> [v2:172.21.15.132:6800/3731525834,v1:172.21.15.132:6801/3731525834] conn(0x7fec4c0395b0 0x7fec4c03ba70 unknown :-1 s=START_CONNECT pgs=0 cs=0 l=1 rev1=0 crypto rx=0 tx=0 comp rx=0 tx=0)._fault waiting 0.400000
2024-04-25T13:17:25.761 INFO:teuthology.orchestra.run.smithi132.stdout:/usr/bin/ceph: stderr
2024-04-25T13:17:25.023+0000 7fec62d32700 1 -- 172.21.15.132:0/2664350234 --> [v2:172.21.15.132:3300/0,v1:172.21.15.132:6789/0] -- mon_command({"prefix": "mgr stat"} v 0) -- 0x7fec5c196230 con 0x7fec5c1088c0
2024-04-25T13:17:25.761 INFO:teuthology.orchestra.run.smithi132.stdout:/usr/bin/ceph: stderr
2024-04-25T13:17:25.025+0000 7fec59ffb700 1 -- 172.21.15.132:0/2664350234 <== mon.0 v2:172.21.15.132:3300/0 7 ==== mon_command_ack([{"prefix": "mgr stat"}]=0 v9) ==== 56+0+88 (secure 0 0 0) 0x7fec50010380 con 0x7fec5c1088c0
2024-04-25T13:17:25.761 INFO:teuthology.orchestra.run.smithi132.stdout:/usr/bin/ceph: stderr
2024-04-25T13:17:25.028+0000 7fec62d32700 1 -- 172.21.15.132:0/2664350234 >> [v2:172.21.15.132:6800/3731525834,v1:172.21.15.132:6801/3731525834] conn(0x7fec4c0395b0 msgr2=0x7fec4c03ba70 unknown :-1 s=STATE_CONNECTING l=1).mark_down
2024-04-25T13:17:25.761 INFO:teuthology.orchestra.run.smithi132.stdout:/usr/bin/ceph: stderr
2024-04-25T13:17:25.028+0000 7fec62d32700 1 --2- 172.21.15.132:0/2664350234 >> [v2:172.21.15.132:6800/3731525834,v1:172.21.15.132:6801/3731525834] conn(0x7fec4c0395b0 0x7fec4c03ba70 unknown :-1 s=START_CONNECT pgs=0 cs=0 l=1 rev1=0 crypto rx=0 tx=0 comp rx=0 tx=0).stop
2024-04-25T13:17:25.761 INFO:teuthology.orchestra.run.smithi132.stdout:/usr/bin/ceph: stderr
2024-04-25T13:17:25.028+0000 7fec62d32700 1 -- 172.21.15.132:0/2664350234 >> [v2:172.21.15.132:3300/0,v1:172.21.15.132:6789/0] conn(0x7fec5c1088c0 msgr2=0x7fec5c1924a0 secure :-1 s=STATE_CONNECTION_ESTABLISHED l=1).mark_down
2024-04-25T13:17:25.761 INFO:teuthology.orchestra.run.smithi132.stdout:/usr/bin/ceph: stderr
2024-04-25T13:17:25.028+0000 7fec62d32700 1 --2- 172.21.15.132:0/2664350234 >> [v2:172.21.15.132:3300/0,v1:172.21.15.132:6789/0] conn(0x7fec5c1088c0 0x7fec5c1924a0 secure :-1 s=READY pgs=60 cs=0 l=1 rev1=1 crypto rx=0x7fec500116e0 tx=0x7fec50011aa0 comp rx=0 tx=0).stop
2024-04-25T13:17:25.762 INFO:teuthology.orchestra.run.smithi132.stdout:/usr/bin/ceph: stderr
2024-04-25T13:17:25.029+0000 7fec62d32700 1 -- 172.21.15.132:0/2664350234 shutdown_connections
2024-04-25T13:17:25.762 INFO:teuthology.orchestra.run.smithi132.stdout:/usr/bin/ceph: stderr
2024-04-25T13:17:25.029+0000 7fec62d32700 1 --2- 172.21.15.132:0/2664350234 >> [v2:172.21.15.132:6800/3731525834,v1:172.21.15.132:6801/3731525834] conn(0x7fec4c0395b0 0x7fec4c03ba70 unknown :-1 s=CLOSED pgs=0 cs=0 l=1 rev1=0 crypto rx=0 tx=0 comp rx=0 tx=0).stop
2024-04-25T13:17:25.762 INFO:teuthology.orchestra.run.smithi132.stdout:/usr/bin/ceph: stderr
2024-04-25T13:17:25.029+0000 7fec62d32700 1 --2- 172.21.15.132:0/2664350234 >> [v2:172.21.15.132:3300/0,v1:172.21.15.132:6789/0] conn(0x7fec5c1088c0 0x7fec5c1924a0 unknown :-1 s=CLOSED pgs=60 cs=0 l=1 rev1=1 crypto rx=0 tx=0 comp rx=0 tx=0).stop
2024-04-25T13:17:25.762 INFO:teuthology.orchestra.run.smithi132.stdout:/usr/bin/ceph: stderr
2024-04-25T13:17:25.029+0000 7fec62d32700 1 -- 172.21.15.132:0/2664350234 >> 172.21.15.132:0/2664350234 conn(0x7fec5c102030 msgr2=0x7fec5c102e90 unknown :-1 s=STATE_NONE l=0).mark_down
2024-04-25T13:17:25.762 INFO:teuthology.orchestra.run.smithi132.stdout:/usr/bin/ceph: stderr
2024-04-25T13:17:25.029+0000 7fec62d32700 1 -- 172.21.15.132:0/2664350234 shutdown_connections
2024-04-25T13:17:25.762 INFO:teuthology.orchestra.run.smithi132.stdout:/usr/bin/ceph: stderr
2024-04-25T13:17:25.029+0000 7fec62d32700 1 -- 172.21.15.132:0/2664350234 wait complete.
2024-04-25T13:17:25.762 INFO:teuthology.orchestra.run.smithi132.stdout:Waiting for the mgr to restart...
2024-04-25T13:17:25.762 INFO:teuthology.orchestra.run.smithi132.stdout:Waiting for mgr epoch 9...
2024-04-25T13:17:25.811 INFO:journalctl@ceph.mon.a.smithi132.stdout:Apr 25 13:17:25 smithi132 ceph-mon[29176]: from='client.? 172.21.15.132:0/2664350234' entity='client.admin' cmd=[{"prefix": "mgr stat"}]: dispatch
2024-04-25T13:17:26.094 INFO:journalctl@ceph.mgr.x.smithi132.stdout:Apr 25 13:17:25 smithi132 ceph-e85bb134-0305-11ef-bc93-c7b262605968-mgr-x[29407]:
2024-04-25T13:17:25.810+0000 7fdf9e624200 -1 mgr[py] Module telegraf has missing NOTIFY_TYPES member
2024-04-25T13:17:26.094 INFO:journalctl@ceph.mgr.x.smithi132.stdout:Apr 25 13:17:25 smithi132 ceph-e85bb134-0305-11ef-bc93-c7b262605968-mgr-x[29407]:
2024-04-25T13:17:25.983+0000 7fdf9e624200 -1 mgr[py] Module osd_support has missing NOTIFY_TYPES member
2024-04-25T13:17:26.400 INFO:journalctl@ceph.mgr.x.smithi132.stdout:Apr 25 13:17:26 smithi132 ceph-e85bb134-0305-11ef-bc93-c7b262605968-mgr-x[29407]:
2024-04-25T13:17:26.161+0000 7fdf9e624200 -1 mgr[py] Module iostat has missing NOTIFY_TYPES member
2024-04-25T13:17:26.682 INFO:journalctl@ceph.mgr.x.smithi132.stdout:Apr 25 13:17:26 smithi132 ceph-e85bb134-0305-11ef-bc93-c7b262605968-mgr-x[29407]:
2024-04-25T13:17:26.454+0000 7fdf9e624200 -1 mgr[py] Module alerts has missing NOTIFY_TYPES member
2024-04-25T13:17:26.683 INFO:journalctl@ceph.mgr.x.smithi132.stdout:Apr 25 13:17:26 smithi132 ceph-e85bb134-0305-11ef-bc93-c7b262605968-mgr-x[29407]:
2024-04-25T13:17:26.546+0000 7fdf9e624200 -1 mgr[py] Module selftest has missing NOTIFY_TYPES member
2024-04-25T13:17:27.182 INFO:journalctl@ceph.mgr.x.smithi132.stdout:Apr 25 13:17:26 smithi132 ceph-e85bb134-0305-11ef-bc93-c7b262605968-mgr-x[29407]:
2024-04-25T13:17:26.751+0000 7fdf9e624200 -1 mgr[py] Module pg_autoscaler has missing NOTIFY_TYPES member
2024-04-25T13:17:27.182 INFO:journalctl@ceph.mgr.x.smithi132.stdout:Apr 25 13:17:26 smithi132 ceph-e85bb134-0305-11ef-bc93-c7b262605968-mgr-x[29407]:
2024-04-25T13:17:26.945+0000 7fdf9e624200 -1 mgr[py] Module test_orchestrator has missing NOTIFY_TYPES member
2024-04-25T13:17:27.932 INFO:journalctl@ceph.mgr.x.smithi132.stdout:Apr 25 13:17:27 smithi132 ceph-e85bb134-0305-11ef-bc93-c7b262605968-mgr-x[29407]:
2024-04-25T13:17:27.545+0000 7fdf9e624200 -1 mgr[py] Module rook has missing NOTIFY_TYPES member
2024-04-25T13:17:28.271 INFO:journalctl@ceph.mgr.x.smithi132.stdout:Apr 25 13:17:27 smithi132 ceph-e85bb134-0305-11ef-bc93-c7b262605968-mgr-x[29407]:
2024-04-25T13:17:27.971+0000 7fdf9e624200 -1 mgr[py] Module volumes has missing NOTIFY_TYPES member
2024-04-25T13:17:28.272 INFO:journalctl@ceph.mgr.x.smithi132.stdout:Apr 25 13:17:28 smithi132 ceph-e85bb134-0305-11ef-bc93-c7b262605968-mgr-x[29407]:
2024-04-25T13:17:28.069+0000 7fdf9e624200 -1 mgr[py] Module crash has missing NOTIFY_TYPES member
2024-04-25T13:17:28.272 INFO:journalctl@ceph.mgr.x.smithi132.stdout:Apr 25 13:17:28 smithi132 ceph-e85bb134-0305-11ef-bc93-c7b262605968-mgr-x[29407]:
2024-04-25T13:17:28.271+0000 7fdf9e624200 -1 mgr[py] Module rgw has missing NOTIFY_TYPES member
2024-04-25T13:17:29.142 INFO:journalctl@ceph.mgr.x.smithi132.stdout:Apr 25 13:17:28 smithi132 ceph-e85bb134-0305-11ef-bc93-c7b262605968-mgr-x[29407]:
2024-04-25T13:17:28.800+0000 7fdf9e624200 -1 mgr[py] Module prometheus has missing NOTIFY_TYPES member
2024-04-25T13:17:29.142 INFO:journalctl@ceph.mgr.x.smithi132.stdout:Apr 25 13:17:28 smithi132 ceph-e85bb134-0305-11ef-bc93-c7b262605968-mgr-x[29407]:
2024-04-25T13:17:28.893+0000 7fdf9e624200 -1 mgr[py] Module devicehealth has missing NOTIFY_TYPES member
2024-04-25T13:17:29.432 INFO:journalctl@ceph.mgr.x.smithi132.stdout:Apr 25 13:17:29 smithi132 ceph-e85bb134-0305-11ef-bc93-c7b262605968-mgr-x[29407]:
2024-04-25T13:17:29.141+0000 7fdf9e624200 -1 mgr[py] Module telemetry has missing NOTIFY_TYPES member
2024-04-25T13:17:29.432 INFO:journalctl@ceph.mgr.x.smithi132.stdout:Apr 25 13:17:29 smithi132 ceph-e85bb134-0305-11ef-bc93-c7b262605968-mgr-x[29407]:
2024-04-25T13:17:29.274+0000 7fdf9e624200 -1 mgr[py] Module diskprediction_local has missing NOTIFY_TYPES member
2024-04-25T13:17:29.433 INFO:journalctl@ceph.mgr.x.smithi132.stdout:Apr 25 13:17:29 smithi132 ceph-e85bb134-0305-11ef-bc93-c7b262605968-mgr-x[29407]:
2024-04-25T13:17:29.374+0000 7fdf9e624200 -1 mgr[py] Module osd_perf_query has missing NOTIFY_TYPES member
2024-04-25T13:17:29.830 INFO:journalctl@ceph.mgr.x.smithi132.stdout:Apr 25 13:17:29 smithi132 ceph-e85bb134-0305-11ef-bc93-c7b262605968-mgr-x[29407]:
2024-04-25T13:17:29.493+0000 7fdf9e624200 -1 mgr[py] Module rbd_support has missing NOTIFY_TYPES member
2024-04-25T13:17:29.830 INFO:journalctl@ceph.mgr.x.smithi132.stdout:Apr 25 13:17:29 smithi132 ceph-e85bb134-0305-11ef-bc93-c7b262605968-mgr-x[29407]:
2024-04-25T13:17:29.829+0000 7fdf9e624200 -1 mgr[py] Module zabbix has missing NOTIFY_TYPES member
2024-04-25T13:17:30.703 INFO:journalctl@ceph.mgr.x.smithi132.stdout:Apr 25 13:17:30 smithi132 ceph-e85bb134-0305-11ef-bc93-c7b262605968-mgr-x[29407]:
2024-04-25T13:17:30.436+0000 7fdf9e624200 -1 mgr[py] Module status has missing NOTIFY_TYPES member
2024-04-25T13:17:30.704 INFO:journalctl@ceph.mgr.x.smithi132.stdout:Apr 25 13:17:30 smithi132 ceph-e85bb134-0305-11ef-bc93-c7b262605968-mgr-x[29407]:
2024-04-25T13:17:30.656+0000 7fdf9e624200 -1 mgr[py] Module nfs has missing NOTIFY_TYPES member
2024-04-25T13:17:31.182 INFO:journalctl@ceph.mon.a.smithi132.stdout:Apr 25 13:17:30 smithi132 ceph-mon[29176]: Active manager daemon x restarted
2024-04-25T13:17:31.183 INFO:journalctl@ceph.mon.a.smithi132.stdout:Apr 25 13:17:30 smithi132 ceph-mon[29176]: Activating manager daemon x
2024-04-25T13:17:31.183 INFO:journalctl@ceph.mon.a.smithi132.stdout:Apr 25 13:17:30 smithi132 ceph-mon[29176]: osdmap e3: 0 total, 0 up, 0 in
2024-04-25T13:17:31.183 INFO:journalctl@ceph.mon.a.smithi132.stdout:Apr 25 13:17:30 smithi132 ceph-mon[29176]: mgrmap e10: x(active, starting, since 0.00444168s)
2024-04-25T13:17:31.183 INFO:journalctl@ceph.mon.a.smithi132.stdout:Apr 25 13:17:30 smithi132 ceph-mon[29176]: from='mgr.14152 172.21.15.132:0/1239655688' entity='mgr.x' cmd=[{"prefix": "mon metadata", "id": "a"}]: dispatch
2024-04-25T13:17:31.183 INFO:journalctl@ceph.mon.a.smithi132.stdout:Apr 25 13:17:30 smithi132 ceph-mon[29176]: from='mgr.14152 172.21.15.132:0/1239655688' entity='mgr.x' cmd=[{"prefix": "mgr metadata", "who": "x", "id": "x"}]: dispatch
