2024-04-25T14:12:16.225+0000 7fd2aae00700 1 Processor -- start
2024-04-25T14:12:17.103 INFO:teuthology.orchestra.run.smithi080.stdout:/usr/bin/ceph: stderr
2024-04-25T14:12:16.225+0000 7fd2aae00700 1 -- start start
2024-04-25T14:12:17.103 INFO:teuthology.orchestra.run.smithi080.stdout:/usr/bin/ceph: stderr
2024-04-25T14:12:16.225+0000 7fd2aae00700 1 --2- >> [v2:172.21.15.80:3300/0,v1:172.21.15.80:6789/0] conn(0x7fd2a410f040 0x7fd2a410f460 unknown :-1 s=NONE pgs=0 cs=0 l=0 rev1=0 crypto rx=0 tx=0 comp rx=0 tx=0).connect
2024-04-25T14:12:17.103 INFO:teuthology.orchestra.run.smithi080.stdout:/usr/bin/ceph: stderr
2024-04-25T14:12:16.225+0000 7fd2aae00700 1 -- --> [v2:172.21.15.80:3300/0,v1:172.21.15.80:6789/0] -- mon_getmap magic: 0 -- 0x7fd2a410fa30 con 0x7fd2a410f040
2024-04-25T14:12:17.103 INFO:teuthology.orchestra.run.smithi080.stdout:/usr/bin/ceph: stderr
2024-04-25T14:12:16.226+0000 7fd2a3e00700 1 --2- >> [v2:172.21.15.80:3300/0,v1:172.21.15.80:6789/0] conn(0x7fd2a410f040 0x7fd2a410f460 unknown :-1 s=BANNER_CONNECTING pgs=0 cs=0 l=0 rev1=0 crypto rx=0 tx=0 comp rx=0 tx=0)._handle_peer_banner_payload supported=3 required=0
2024-04-25T14:12:17.103 INFO:teuthology.orchestra.run.smithi080.stdout:/usr/bin/ceph: stderr
2024-04-25T14:12:16.226+0000 7fd2a3e00700 1 --2- >> [v2:172.21.15.80:3300/0,v1:172.21.15.80:6789/0] conn(0x7fd2a410f040 0x7fd2a410f460 unknown :-1 s=HELLO_CONNECTING pgs=0 cs=0 l=0 rev1=1 crypto rx=0 tx=0 comp rx=0 tx=0).handle_hello peer v2:172.21.15.80:3300/0 says I am v2:172.21.15.80:38364/0 (socket says 172.21.15.80:38364)
2024-04-25T14:12:17.103 INFO:teuthology.orchestra.run.smithi080.stdout:/usr/bin/ceph: stderr
2024-04-25T14:12:16.226+0000 7fd2a3e00700 1 -- 172.21.15.80:0/3612832020 learned_addr learned my addr 172.21.15.80:0/3612832020 (peer_addr_for_me v2:172.21.15.80:0/0)
2024-04-25T14:12:17.104 INFO:teuthology.orchestra.run.smithi080.stdout:/usr/bin/ceph: stderr
2024-04-25T14:12:16.226+0000 7fd2a3e00700 1 -- 172.21.15.80:0/3612832020 --> [v2:172.21.15.80:3300/0,v1:172.21.15.80:6789/0] -- mon_subscribe({config=0+,monmap=0+}) -- 0x7fd2a410fdc0 con 0x7fd2a410f040
2024-04-25T14:12:17.104 INFO:teuthology.orchestra.run.smithi080.stdout:/usr/bin/ceph: stderr
2024-04-25T14:12:16.227+0000 7fd2a3e00700 1 --2- 172.21.15.80:0/3612832020 >> [v2:172.21.15.80:3300/0,v1:172.21.15.80:6789/0] conn(0x7fd2a410f040 0x7fd2a410f460 secure :-1 s=READY pgs=43 cs=0 l=1 rev1=1 crypto rx=0x7fd2940098a0 tx=0x7fd294009bb0 comp rx=0 tx=0).ready entity=mon.0 client_cookie=a17ef5ada66d7f7f server_cookie=0 in_seq=0 out_seq=0
2024-04-25T14:12:17.104 INFO:teuthology.orchestra.run.smithi080.stdout:/usr/bin/ceph: stderr
2024-04-25T14:12:16.227+0000 7fd2a2a00700 1 -- 172.21.15.80:0/3612832020 <== mon.0 v2:172.21.15.80:3300/0 1 ==== mon_map magic: 0 ==== 205+0+0 (secure 0 0 0) 0x7fd294004160 con 0x7fd2a410f040
2024-04-25T14:12:17.104 INFO:teuthology.orchestra.run.smithi080.stdout:/usr/bin/ceph: stderr
2024-04-25T14:12:16.227+0000 7fd2a2a00700 1 -- 172.21.15.80:0/3612832020 <== mon.0 v2:172.21.15.80:3300/0 2 ==== config(26 keys) ==== 1070+0+0 (secure 0 0 0) 0x7fd294004300 con 0x7fd2a410f040
2024-04-25T14:12:17.104 INFO:teuthology.orchestra.run.smithi080.stdout:/usr/bin/ceph: stderr
2024-04-25T14:12:16.227+0000 7fd2a2a00700 1 -- 172.21.15.80:0/3612832020 <== mon.0 v2:172.21.15.80:3300/0 3 ==== mon_map magic: 0 ==== 205+0+0 (secure 0 0 0) 0x7fd294011af0 con 0x7fd2a410f040
2024-04-25T14:12:17.104 INFO:teuthology.orchestra.run.smithi080.stdout:/usr/bin/ceph: stderr
2024-04-25T14:12:16.228+0000 7fd2aae00700 1 -- 172.21.15.80:0/3612832020 >> [v2:172.21.15.80:3300/0,v1:172.21.15.80:6789/0] conn(0x7fd2a410f040 msgr2=0x7fd2a410f460 secure :-1 s=STATE_CONNECTION_ESTABLISHED l=1).mark_down
2024-04-25T14:12:17.104 INFO:teuthology.orchestra.run.smithi080.stdout:/usr/bin/ceph: stderr
2024-04-25T14:12:16.228+0000 7fd2aae00700 1 --2- 172.21.15.80:0/3612832020 >> [v2:172.21.15.80:3300/0,v1:172.21.15.80:6789/0] conn(0x7fd2a410f040 0x7fd2a410f460 secure :-1 s=READY pgs=43 cs=0 l=1 rev1=1 crypto rx=0x7fd2940098a0 tx=0x7fd294009bb0 comp rx=0 tx=0).stop
2024-04-25T14:12:17.104 INFO:teuthology.orchestra.run.smithi080.stdout:/usr/bin/ceph: stderr
2024-04-25T14:12:16.228+0000 7fd2aae00700 1 -- 172.21.15.80:0/3612832020 shutdown_connections
2024-04-25T14:12:17.104 INFO:teuthology.orchestra.run.smithi080.stdout:/usr/bin/ceph: stderr
2024-04-25T14:12:16.228+0000 7fd2aae00700 1 --2- 172.21.15.80:0/3612832020 >> [v2:172.21.15.80:3300/0,v1:172.21.15.80:6789/0] conn(0x7fd2a410f040 0x7fd2a410f460 unknown :-1 s=CLOSED pgs=43 cs=0 l=1 rev1=1 crypto rx=0 tx=0 comp rx=0 tx=0).stop
2024-04-25T14:12:17.104 INFO:teuthology.orchestra.run.smithi080.stdout:/usr/bin/ceph: stderr
2024-04-25T14:12:16.228+0000 7fd2aae00700 1 -- 172.21.15.80:0/3612832020 >> 172.21.15.80:0/3612832020 conn(0x7fd2a407ddf0 msgr2=0x7fd2a4080210 unknown :-1 s=STATE_NONE l=0).mark_down
2024-04-25T14:12:17.104 INFO:teuthology.orchestra.run.smithi080.stdout:/usr/bin/ceph: stderr
2024-04-25T14:12:16.228+0000 7fd2aae00700 1 -- 172.21.15.80:0/3612832020 shutdown_connections
2024-04-25T14:12:17.104 INFO:teuthology.orchestra.run.smithi080.stdout:/usr/bin/ceph: stderr
2024-04-25T14:12:16.228+0000 7fd2aae00700 1 -- 172.21.15.80:0/3612832020 wait complete.
2024-04-25T14:12:17.105 INFO:teuthology.orchestra.run.smithi080.stdout:/usr/bin/ceph: stderr
2024-04-25T14:12:16.229+0000 7fd2aae00700 1 Processor -- start
2024-04-25T14:12:17.105 INFO:teuthology.orchestra.run.smithi080.stdout:/usr/bin/ceph: stderr
2024-04-25T14:12:16.229+0000 7fd2aae00700 1 -- start start
2024-04-25T14:12:17.105 INFO:teuthology.orchestra.run.smithi080.stdout:/usr/bin/ceph: stderr
2024-04-25T14:12:16.229+0000 7fd2aae00700 1 --2- >> [v2:172.21.15.80:3300/0,v1:172.21.15.80:6789/0] conn(0x7fd2a410f040 0x7fd2a41a2a60 unknown :-1 s=NONE pgs=0 cs=0 l=1 rev1=0 crypto rx=0 tx=0 comp rx=0 tx=0).connect
2024-04-25T14:12:17.105 INFO:teuthology.orchestra.run.smithi080.stdout:/usr/bin/ceph: stderr
2024-04-25T14:12:16.229+0000 7fd2aae00700 1 -- --> [v2:172.21.15.80:3300/0,v1:172.21.15.80:6789/0] -- mon_getmap magic: 0 -- 0x7fd2a4112ff0 con 0x7fd2a410f040
2024-04-25T14:12:17.105 INFO:teuthology.orchestra.run.smithi080.stdout:/usr/bin/ceph: stderr
2024-04-25T14:12:16.230+0000 7fd2a3e00700 1 --2- >> [v2:172.21.15.80:3300/0,v1:172.21.15.80:6789/0] conn(0x7fd2a410f040 0x7fd2a41a2a60 unknown :-1 s=BANNER_CONNECTING pgs=0 cs=0 l=1 rev1=0 crypto rx=0 tx=0 comp rx=0 tx=0)._handle_peer_banner_payload supported=3 required=0
2024-04-25T14:12:17.105 INFO:teuthology.orchestra.run.smithi080.stdout:/usr/bin/ceph: stderr
2024-04-25T14:12:16.230+0000 7fd2a3e00700 1 --2- >> [v2:172.21.15.80:3300/0,v1:172.21.15.80:6789/0] conn(0x7fd2a410f040 0x7fd2a41a2a60 unknown :-1 s=HELLO_CONNECTING pgs=0 cs=0 l=1 rev1=1 crypto rx=0 tx=0 comp rx=0 tx=0).handle_hello peer v2:172.21.15.80:3300/0 says I am v2:172.21.15.80:38380/0 (socket says 172.21.15.80:38380)
2024-04-25T14:12:17.105 INFO:teuthology.orchestra.run.smithi080.stdout:/usr/bin/ceph: stderr
2024-04-25T14:12:16.230+0000 7fd2a3e00700 1 -- 172.21.15.80:0/3191614777 learned_addr learned my addr 172.21.15.80:0/3191614777 (peer_addr_for_me v2:172.21.15.80:0/0)
2024-04-25T14:12:17.105 INFO:teuthology.orchestra.run.smithi080.stdout:/usr/bin/ceph: stderr
2024-04-25T14:12:16.230+0000 7fd2a3e00700 1 -- 172.21.15.80:0/3191614777 --> [v2:172.21.15.80:3300/0,v1:172.21.15.80:6789/0] -- mon_subscribe({config=0+,monmap=0+}) -- 0x7fd2a41a2fa0 con 0x7fd2a410f040
2024-04-25T14:12:17.105 INFO:teuthology.orchestra.run.smithi080.stdout:/usr/bin/ceph: stderr
2024-04-25T14:12:16.231+0000 7fd2a3e00700 1 --2- 172.21.15.80:0/3191614777 >> [v2:172.21.15.80:3300/0,v1:172.21.15.80:6789/0] conn(0x7fd2a410f040 0x7fd2a41a2a60 secure :-1 s=READY pgs=44 cs=0 l=1 rev1=1 crypto rx=0x7fd294011ac0 tx=0x7fd294011ba0 comp rx=0 tx=0).ready entity=mon.0 client_cookie=0 server_cookie=0 in_seq=0 out_seq=0
2024-04-25T14:12:17.105 INFO:teuthology.orchestra.run.smithi080.stdout:/usr/bin/ceph: stderr
2024-04-25T14:12:16.231+0000 7fd2a0c00700 1 -- 172.21.15.80:0/3191614777 <== mon.0 v2:172.21.15.80:3300/0 1 ==== mon_map magic: 0 ==== 205+0+0 (secure 0 0 0) 0x7fd294003b20 con 0x7fd2a410f040
2024-04-25T14:12:17.105 INFO:teuthology.orchestra.run.smithi080.stdout:/usr/bin/ceph: stderr
2024-04-25T14:12:16.231+0000 7fd2a0c00700 1 -- 172.21.15.80:0/3191614777 <== mon.0 v2:172.21.15.80:3300/0 2 ==== config(26 keys) ==== 1070+0+0 (secure 0 0 0) 0x7fd29401a8c0 con 0x7fd2a410f040
2024-04-25T14:12:17.106 INFO:teuthology.orchestra.run.smithi080.stdout:/usr/bin/ceph: stderr
2024-04-25T14:12:16.231+0000 7fd2a0c00700 1 -- 172.21.15.80:0/3191614777 <== mon.0 v2:172.21.15.80:3300/0 3 ==== mon_map magic: 0 ==== 205+0+0 (secure 0 0 0) 0x7fd2940248d0 con 0x7fd2a410f040
2024-04-25T14:12:17.106 INFO:teuthology.orchestra.run.smithi080.stdout:/usr/bin/ceph: stderr
2024-04-25T14:12:16.231+0000 7fd2aae00700 1 -- 172.21.15.80:0/3191614777 --> [v2:172.21.15.80:3300/0,v1:172.21.15.80:6789/0] -- mon_subscribe({mgrmap=0+}) -- 0x7fd2a41a3230 con 0x7fd2a410f040
2024-04-25T14:12:17.106 INFO:teuthology.orchestra.run.smithi080.stdout:/usr/bin/ceph: stderr
2024-04-25T14:12:16.231+0000 7fd2aae00700 1 -- 172.21.15.80:0/3191614777 --> [v2:172.21.15.80:3300/0,v1:172.21.15.80:6789/0] -- mon_subscribe({osdmap=0}) -- 0x7fd2a41a5f20 con 0x7fd2a410f040
2024-04-25T14:12:17.106 INFO:teuthology.orchestra.run.smithi080.stdout:/usr/bin/ceph: stderr
2024-04-25T14:12:16.232+0000 7fd2a0c00700 1 -- 172.21.15.80:0/3191614777 <== mon.0 v2:172.21.15.80:3300/0 4 ==== mgrmap(e 8) ==== 46558+0+0 (secure 0 0 0) 0x7fd294022020 con 0x7fd2a410f040
2024-04-25T14:12:17.106 INFO:teuthology.orchestra.run.smithi080.stdout:/usr/bin/ceph: stderr
2024-04-25T14:12:16.232+0000 7fd2aae00700 1 -- 172.21.15.80:0/3191614777 --> [v2:172.21.15.80:3300/0,v1:172.21.15.80:6789/0] -- mon_command({"prefix": "get_command_descriptions"} v 0) -- 0x7fd2a4113170 con 0x7fd2a410f040
2024-04-25T14:12:17.106 INFO:teuthology.orchestra.run.smithi080.stdout:/usr/bin/ceph: stderr
2024-04-25T14:12:16.233+0000 7fd2a0c00700 1 --2- 172.21.15.80:0/3191614777 >> [v2:172.21.15.80:6800/1241695893,v1:172.21.15.80:6801/1241695893] conn(0x7fd288039600 0x7fd28803bac0 unknown :-1 s=NONE pgs=0 cs=0 l=1 rev1=0 crypto rx=0 tx=0 comp rx=0 tx=0).connect
2024-04-25T14:12:17.106 INFO:teuthology.orchestra.run.smithi080.stdout:/usr/bin/ceph: stderr
2024-04-25T14:12:16.233+0000 7fd2a0c00700 1 -- 172.21.15.80:0/3191614777 <== mon.0 v2:172.21.15.80:3300/0 5 ==== osd_map(2..2 src has 1..2) ==== 940+0+0 (secure 0 0 0) 0x7fd29404d8d0 con 0x7fd2a410f040
2024-04-25T14:12:17.106 INFO:teuthology.orchestra.run.smithi080.stdout:/usr/bin/ceph: stderr
2024-04-25T14:12:16.233+0000 7fd2a3400700 1 --2- 172.21.15.80:0/3191614777 >> [v2:172.21.15.80:6800/1241695893,v1:172.21.15.80:6801/1241695893] conn(0x7fd288039600 0x7fd28803bac0 unknown :-1 s=BANNER_CONNECTING pgs=0 cs=0 l=1 rev1=0 crypto rx=0 tx=0 comp rx=0 tx=0)._handle_peer_banner_payload supported=3 required=0
2024-04-25T14:12:17.106 INFO:teuthology.orchestra.run.smithi080.stdout:/usr/bin/ceph: stderr
2024-04-25T14:12:16.234+0000 7fd2a3400700 1 --2- 172.21.15.80:0/3191614777 >> [v2:172.21.15.80:6800/1241695893,v1:172.21.15.80:6801/1241695893] conn(0x7fd288039600 0x7fd28803bac0 secure :-1 s=READY pgs=10 cs=0 l=1 rev1=1 crypto rx=0x7fd290006fd0 tx=0x7fd290006e40 comp rx=0 tx=0).ready entity=mgr.14120 client_cookie=0 server_cookie=0 in_seq=0 out_seq=0
2024-04-25T14:12:17.106 INFO:teuthology.orchestra.run.smithi080.stdout:/usr/bin/ceph: stderr
2024-04-25T14:12:16.238+0000 7fd2a0c00700 1 -- 172.21.15.80:0/3191614777 <== mon.0 v2:172.21.15.80:3300/0 6 ==== mon_command_ack([{"prefix": "get_command_descriptions"}]=0 v0) ==== 72+0+188370 (secure 0 0 0) 0x7fd29404d220 con 0x7fd2a410f040
2024-04-25T14:12:17.106 INFO:teuthology.orchestra.run.smithi080.stdout:/usr/bin/ceph: stderr
2024-04-25T14:12:16.464+0000 7fd2aae00700 1 -- 172.21.15.80:0/3191614777 --> [v2:172.21.15.80:6800/1241695893,v1:172.21.15.80:6801/1241695893] -- mgr_command(tid 0: {"prefix": "cephadm get-pub-key", "target": ["mon-mgr", ""]}) -- 0x7fd2a407ffb0 con 0x7fd288039600
2024-04-25T14:12:17.106 INFO:teuthology.orchestra.run.smithi080.stdout:/usr/bin/ceph: stderr
2024-04-25T14:12:16.465+0000 7fd2a0c00700 1 -- 172.21.15.80:0/3191614777 <== mgr.14120 v2:172.21.15.80:6800/1241695893 1 ==== mgr_command_reply(tid 0: 0 ) ==== 8+0+595 (secure 0 0 0) 0x7fd2a407ffb0 con 0x7fd288039600
2024-04-25T14:12:17.107 INFO:teuthology.orchestra.run.smithi080.stdout:/usr/bin/ceph: stderr
2024-04-25T14:12:16.469+0000 7fd2aae00700 1 -- 172.21.15.80:0/3191614777 >> [v2:172.21.15.80:6800/1241695893,v1:172.21.15.80:6801/1241695893] conn(0x7fd288039600 msgr2=0x7fd28803bac0 secure :-1 s=STATE_CONNECTION_ESTABLISHED l=1).mark_down
2024-04-25T14:12:17.107 INFO:teuthology.orchestra.run.smithi080.stdout:/usr/bin/ceph: stderr
2024-04-25T14:12:16.469+0000 7fd2aae00700 1 --2- 172.21.15.80:0/3191614777 >> [v2:172.21.15.80:6800/1241695893,v1:172.21.15.80:6801/1241695893] conn(0x7fd288039600 0x7fd28803bac0 secure :-1 s=READY pgs=10 cs=0 l=1 rev1=1 crypto rx=0x7fd290006fd0 tx=0x7fd290006e40 comp rx=0 tx=0).stop
2024-04-25T14:12:17.107 INFO:teuthology.orchestra.run.smithi080.stdout:/usr/bin/ceph: stderr
2024-04-25T14:12:16.469+0000 7fd2aae00700 1 -- 172.21.15.80:0/3191614777 >> [v2:172.21.15.80:3300/0,v1:172.21.15.80:6789/0] conn(0x7fd2a410f040 msgr2=0x7fd2a41a2a60 secure :-1 s=STATE_CONNECTION_ESTABLISHED l=1).mark_down
2024-04-25T14:12:17.107 INFO:teuthology.orchestra.run.smithi080.stdout:/usr/bin/ceph: stderr
2024-04-25T14:12:16.469+0000 7fd2aae00700 1 --2- 172.21.15.80:0/3191614777 >> [v2:172.21.15.80:3300/0,v1:172.21.15.80:6789/0] conn(0x7fd2a410f040 0x7fd2a41a2a60 secure :-1 s=READY pgs=44 cs=0 l=1 rev1=1 crypto rx=0x7fd294011ac0 tx=0x7fd294011ba0 comp rx=0 tx=0).stop
2024-04-25T14:12:17.107 INFO:teuthology.orchestra.run.smithi080.stdout:/usr/bin/ceph: stderr
2024-04-25T14:12:16.469+0000 7fd2aae00700 1 -- 172.21.15.80:0/3191614777 shutdown_connections
2024-04-25T14:12:17.107 INFO:teuthology.orchestra.run.smithi080.stdout:/usr/bin/ceph: stderr
2024-04-25T14:12:16.469+0000 7fd2aae00700 1 --2- 172.21.15.80:0/3191614777 >> [v2:172.21.15.80:6800/1241695893,v1:172.21.15.80:6801/1241695893] conn(0x7fd288039600 0x7fd28803bac0 unknown :-1 s=CLOSED pgs=10 cs=0 l=1 rev1=1 crypto rx=0 tx=0 comp rx=0 tx=0).stop
2024-04-25T14:12:17.107 INFO:teuthology.orchestra.run.smithi080.stdout:/usr/bin/ceph: stderr
2024-04-25T14:12:16.469+0000 7fd2aae00700 1 --2- 172.21.15.80:0/3191614777 >> [v2:172.21.15.80:3300/0,v1:172.21.15.80:6789/0] conn(0x7fd2a410f040 0x7fd2a41a2a60 unknown :-1 s=CLOSED pgs=44 cs=0 l=1 rev1=1 crypto rx=0 tx=0 comp rx=0 tx=0).stop
2024-04-25T14:12:17.107 INFO:teuthology.orchestra.run.smithi080.stdout:/usr/bin/ceph: stderr
2024-04-25T14:12:16.469+0000 7fd2aae00700 1 -- 172.21.15.80:0/3191614777 >> 172.21.15.80:0/3191614777 conn(0x7fd2a407ddf0 msgr2=0x7fd2a407f8a0 unknown :-1 s=STATE_NONE l=0).mark_down
2024-04-25T14:12:17.107 INFO:teuthology.orchestra.run.smithi080.stdout:/usr/bin/ceph: stderr
2024-04-25T14:12:16.469+0000 7fd2aae00700 1 -- 172.21.15.80:0/3191614777 shutdown_connections
2024-04-25T14:12:17.107 INFO:teuthology.orchestra.run.smithi080.stdout:/usr/bin/ceph: stderr
2024-04-25T14:12:16.469+0000 7fd2aae00700 1 -- 172.21.15.80:0/3191614777 wait complete.
2024-04-25T14:12:17.107 INFO:teuthology.orchestra.run.smithi080.stdout:Wrote public SSH key to /home/ubuntu/cephtest/ceph.pub
2024-04-25T14:12:17.107 INFO:teuthology.orchestra.run.smithi080.stdout:Adding key to root@localhost authorized_keys...
2024-04-25T14:12:17.108 INFO:teuthology.orchestra.run.smithi080.stdout:Adding host smithi080...
2024-04-25T14:12:19.219 INFO:journalctl@ceph.mon.a.smithi080.stdout:Apr 25 14:12:18 smithi080 ceph-mon[28016]: from='client.14140 -' entity='client.admin' cmd=[{"prefix": "orch host add", "hostname": "smithi080", "addr": "172.21.15.80", "target": ["mon-mgr", ""]}]: dispatch
2024-04-25T14:12:20.057 INFO:journalctl@ceph.mon.a.smithi080.stdout:Apr 25 14:12:19 smithi080 ceph-mon[28016]: Deploying cephadm binary to smithi080
2024-04-25T14:12:24.594 INFO:teuthology.orchestra.run.smithi080.stdout:/usr/bin/ceph: stdout Added host 'smithi080' with addr '172.21.15.80'
2024-04-25T14:12:24.594 INFO:teuthology.orchestra.run.smithi080.stdout:/usr/bin/ceph: stderr
2024-04-25T14:12:17.728+0000 7f9efb200700 1 Processor -- start
2024-04-25T14:12:24.594 INFO:teuthology.orchestra.run.smithi080.stdout:/usr/bin/ceph: stderr
2024-04-25T14:12:17.728+0000 7f9efb200700 1 -- start start
2024-04-25T14:12:24.594 INFO:teuthology.orchestra.run.smithi080.stdout:/usr/bin/ceph: stderr
2024-04-25T14:12:17.729+0000 7f9efb200700 1 --2- >> [v2:172.21.15.80:3300/0,v1:172.21.15.80:6789/0] conn(0x7f9ef41085e0 0x7f9ef4108a00 unknown :-1 s=NONE pgs=0 cs=0 l=0 rev1=0 crypto rx=0 tx=0 comp rx=0 tx=0).connect
2024-04-25T14:12:24.594 INFO:teuthology.orchestra.run.smithi080.stdout:/usr/bin/ceph: stderr
2024-04-25T14:12:17.729+0000 7f9efb200700 1 -- --> [v2:172.21.15.80:3300/0,v1:172.21.15.80:6789/0] -- mon_getmap magic: 0 -- 0x7f9ef4108fd0 con 0x7f9ef41085e0
2024-04-25T14:12:24.594 INFO:teuthology.orchestra.run.smithi080.stdout:/usr/bin/ceph: stderr
2024-04-25T14:12:17.729+0000 7f9ef3e00700 1 --2- >> [v2:172.21.15.80:3300/0,v1:172.21.15.80:6789/0] conn(0x7f9ef41085e0 0x7f9ef4108a00 unknown :-1 s=BANNER_CONNECTING pgs=0 cs=0 l=0 rev1=0 crypto rx=0 tx=0 comp rx=0 tx=0)._handle_peer_banner_payload supported=3 required=0
2024-04-25T14:12:24.594 INFO:teuthology.orchestra.run.smithi080.stdout:/usr/bin/ceph: stderr
2024-04-25T14:12:17.729+0000 7f9ef3e00700 1 --2- >> [v2:172.21.15.80:3300/0,v1:172.21.15.80:6789/0] conn(0x7f9ef41085e0 0x7f9ef4108a00 unknown :-1 s=HELLO_CONNECTING pgs=0 cs=0 l=0 rev1=1 crypto rx=0 tx=0 comp rx=0 tx=0).handle_hello peer v2:172.21.15.80:3300/0 says I am v2:172.21.15.80:38392/0 (socket says 172.21.15.80:38392)
2024-04-25T14:12:24.594 INFO:teuthology.orchestra.run.smithi080.stdout:/usr/bin/ceph: stderr
2024-04-25T14:12:17.729+0000 7f9ef3e00700 1 -- 172.21.15.80:0/4109687224 learned_addr learned my addr 172.21.15.80:0/4109687224 (peer_addr_for_me v2:172.21.15.80:0/0)
2024-04-25T14:12:24.595 INFO:teuthology.orchestra.run.smithi080.stdout:/usr/bin/ceph: stderr
2024-04-25T14:12:17.730+0000 7f9ef3e00700 1 -- 172.21.15.80:0/4109687224 --> [v2:172.21.15.80:3300/0,v1:172.21.15.80:6789/0] -- mon_subscribe({config=0+,monmap=0+}) -- 0x7f9ef4109790 con 0x7f9ef41085e0
2024-04-25T14:12:24.595 INFO:teuthology.orchestra.run.smithi080.stdout:/usr/bin/ceph: stderr
2024-04-25T14:12:17.730+0000 7f9ef3e00700 1 --2- 172.21.15.80:0/4109687224 >> [v2:172.21.15.80:3300/0,v1:172.21.15.80:6789/0] conn(0x7f9ef41085e0 0x7f9ef4108a00 secure :-1 s=READY pgs=45 cs=0 l=1 rev1=1 crypto rx=0x7f9ee40098a0 tx=0x7f9ee4009bb0 comp rx=0 tx=0).ready entity=mon.0 client_cookie=c7673250729719cc server_cookie=0 in_seq=0 out_seq=0
2024-04-25T14:12:24.595 INFO:teuthology.orchestra.run.smithi080.stdout:/usr/bin/ceph: stderr
2024-04-25T14:12:17.731+0000 7f9ef2a00700 1 -- 172.21.15.80:0/4109687224 <== mon.0 v2:172.21.15.80:3300/0 1 ==== mon_map magic: 0 ==== 205+0+0 (secure 0 0 0) 0x7f9ee4004160 con 0x7f9ef41085e0
2024-04-25T14:12:24.595 INFO:teuthology.orchestra.run.smithi080.stdout:/usr/bin/ceph: stderr
2024-04-25T14:12:17.731+0000 7f9ef2a00700 1 -- 172.21.15.80:0/4109687224 <== mon.0 v2:172.21.15.80:3300/0 2 ==== config(26 keys) ==== 1070+0+0 (secure 0 0 0) 0x7f9ee4004300 con 0x7f9ef41085e0
2024-04-25T14:12:24.595 INFO:teuthology.orchestra.run.smithi080.stdout:/usr/bin/ceph: stderr
2024-04-25T14:12:17.731+0000 7f9ef2a00700 1 -- 172.21.15.80:0/4109687224 <== mon.0 v2:172.21.15.80:3300/0 3 ==== mon_map magic: 0 ==== 205+0+0 (secure 0 0 0) 0x7f9ee4011af0 con 0x7f9ef41085e0
2024-04-25T14:12:24.595 INFO:teuthology.orchestra.run.smithi080.stdout:/usr/bin/ceph: stderr
2024-04-25T14:12:17.731+0000 7f9efb200700 1 -- 172.21.15.80:0/4109687224 >> [v2:172.21.15.80:3300/0,v1:172.21.15.80:6789/0] conn(0x7f9ef41085e0 msgr2=0x7f9ef4108a00 secure :-1 s=STATE_CONNECTION_ESTABLISHED l=1).mark_down
2024-04-25T14:12:24.595 INFO:teuthology.orchestra.run.smithi080.stdout:/usr/bin/ceph: stderr
2024-04-25T14:12:17.731+0000 7f9efb200700 1 --2- 172.21.15.80:0/4109687224 >> [v2:172.21.15.80:3300/0,v1:172.21.15.80:6789/0] conn(0x7f9ef41085e0 0x7f9ef4108a00 secure :-1 s=READY pgs=45 cs=0 l=1 rev1=1 crypto rx=0x7f9ee40098a0 tx=0x7f9ee4009bb0 comp rx=0 tx=0).stop
2024-04-25T14:12:24.595 INFO:teuthology.orchestra.run.smithi080.stdout:/usr/bin/ceph: stderr
2024-04-25T14:12:17.732+0000 7f9efb200700 1 -- 172.21.15.80:0/4109687224 shutdown_connections
2024-04-25T14:12:24.595 INFO:teuthology.orchestra.run.smithi080.stdout:/usr/bin/ceph: stderr
2024-04-25T14:12:17.732+0000 7f9efb200700 1 --2- 172.21.15.80:0/4109687224 >> [v2:172.21.15.80:3300/0,v1:172.21.15.80:6789/0] conn(0x7f9ef41085e0 0x7f9ef4108a00 unknown :-1 s=CLOSED pgs=45 cs=0 l=1 rev1=1 crypto rx=0 tx=0 comp rx=0 tx=0).stop
2024-04-25T14:12:24.595 INFO:teuthology.orchestra.run.smithi080.stdout:/usr/bin/ceph: stderr
2024-04-25T14:12:17.732+0000 7f9efb200700 1 -- 172.21.15.80:0/4109687224 >> 172.21.15.80:0/4109687224 conn(0x7f9ef4103c60 msgr2=0x7f9ef4106080 unknown :-1 s=STATE_NONE l=0).mark_down
2024-04-25T14:12:24.595 INFO:teuthology.orchestra.run.smithi080.stdout:/usr/bin/ceph: stderr
2024-04-25T14:12:17.732+0000 7f9efb200700 1 -- 172.21.15.80:0/4109687224 shutdown_connections
2024-04-25T14:12:24.595 INFO:teuthology.orchestra.run.smithi080.stdout:/usr/bin/ceph: stderr
2024-04-25T14:12:17.732+0000 7f9efb200700 1 -- 172.21.15.80:0/4109687224 wait complete.
2024-04-25T14:12:24.595 INFO:teuthology.orchestra.run.smithi080.stdout:/usr/bin/ceph: stderr
2024-04-25T14:12:17.733+0000 7f9efb200700 1 Processor -- start
2024-04-25T14:12:24.596 INFO:teuthology.orchestra.run.smithi080.stdout:/usr/bin/ceph: stderr
2024-04-25T14:12:17.733+0000 7f9efb200700 1 -- start start
2024-04-25T14:12:24.596 INFO:teuthology.orchestra.run.smithi080.stdout:/usr/bin/ceph: stderr
2024-04-25T14:12:17.733+0000 7f9efb200700 1 --2- >> [v2:172.21.15.80:3300/0,v1:172.21.15.80:6789/0] conn(0x7f9ef41085e0 0x7f9ef419e740 unknown :-1 s=NONE pgs=0 cs=0 l=1 rev1=0 crypto rx=0 tx=0 comp rx=0 tx=0).connect
2024-04-25T14:12:24.596 INFO:teuthology.orchestra.run.smithi080.stdout:/usr/bin/ceph: stderr
2024-04-25T14:12:17.733+0000 7f9efb200700 1 -- --> [v2:172.21.15.80:3300/0,v1:172.21.15.80:6789/0] -- mon_getmap magic: 0 -- 0x7f9ef410c9c0 con 0x7f9ef41085e0
2024-04-25T14:12:24.596 INFO:teuthology.orchestra.run.smithi080.stdout:/usr/bin/ceph: stderr
2024-04-25T14:12:17.734+0000 7f9ef3e00700 1 --2- >> [v2:172.21.15.80:3300/0,v1:172.21.15.80:6789/0] conn(0x7f9ef41085e0 0x7f9ef419e740 unknown :-1 s=BANNER_CONNECTING pgs=0 cs=0 l=1 rev1=0 crypto rx=0 tx=0 comp rx=0 tx=0)._handle_peer_banner_payload supported=3 required=0
2024-04-25T14:12:24.596 INFO:teuthology.orchestra.run.smithi080.stdout:/usr/bin/ceph: stderr
2024-04-25T14:12:17.734+0000 7f9ef3e00700 1 --2- >> [v2:172.21.15.80:3300/0,v1:172.21.15.80:6789/0] conn(0x7f9ef41085e0 0x7f9ef419e740 unknown :-1 s=HELLO_CONNECTING pgs=0 cs=0 l=1 rev1=1 crypto rx=0 tx=0 comp rx=0 tx=0).handle_hello peer v2:172.21.15.80:3300/0 says I am v2:172.21.15.80:38404/0 (socket says 172.21.15.80:38404)
2024-04-25T14:12:24.596 INFO:teuthology.orchestra.run.smithi080.stdout:/usr/bin/ceph: stderr
2024-04-25T14:12:17.734+0000 7f9ef3e00700 1 -- 172.21.15.80:0/1777037828 learned_addr learned my addr 172.21.15.80:0/1777037828 (peer_addr_for_me v2:172.21.15.80:0/0)
2024-04-25T14:12:24.596 INFO:teuthology.orchestra.run.smithi080.stdout:/usr/bin/ceph: stderr
2024-04-25T14:12:17.734+0000 7f9ef3e00700 1 -- 172.21.15.80:0/1777037828 --> [v2:172.21.15.80:3300/0,v1:172.21.15.80:6789/0] -- mon_subscribe({config=0+,monmap=0+}) -- 0x7f9ef419ec80 con 0x7f9ef41085e0
2024-04-25T14:12:24.596 INFO:teuthology.orchestra.run.smithi080.stdout:/usr/bin/ceph: stderr
2024-04-25T14:12:17.734+0000 7f9ef3e00700 1 --2- 172.21.15.80:0/1777037828 >> [v2:172.21.15.80:3300/0,v1:172.21.15.80:6789/0] conn(0x7f9ef41085e0 0x7f9ef419e740 secure :-1 s=READY pgs=46 cs=0 l=1 rev1=1 crypto rx=0x7f9ee40117b0 tx=0x7f9ee4011b70 comp rx=0 tx=0).ready entity=mon.0 client_cookie=0 server_cookie=0 in_seq=0 out_seq=0
2024-04-25T14:12:24.596 INFO:teuthology.orchestra.run.smithi080.stdout:/usr/bin/ceph: stderr
2024-04-25T14:12:17.735+0000 7f9ef0c00700 1 -- 172.21.15.80:0/1777037828 <== mon.0 v2:172.21.15.80:3300/0 1 ==== mon_map magic: 0 ==== 205+0+0 (secure 0 0 0) 0x7f9ee4003af0 con 0x7f9ef41085e0
2024-04-25T14:12:24.596 INFO:teuthology.orchestra.run.smithi080.stdout:/usr/bin/ceph: stderr
2024-04-25T14:12:17.735+0000 7f9ef0c00700 1 -- 172.21.15.80:0/1777037828 <== mon.0 v2:172.21.15.80:3300/0 2 ==== config(26 keys) ==== 1070+0+0 (secure 0 0 0) 0x7f9ee4020070 con 0x7f9ef41085e0
2024-04-25T14:12:24.596 INFO:teuthology.orchestra.run.smithi080.stdout:/usr/bin/ceph: stderr
2024-04-25T14:12:17.735+0000 7f9ef0c00700 1 -- 172.21.15.80:0/1777037828 <== mon.0 v2:172.21.15.80:3300/0 3 ==== mon_map magic: 0 ==== 205+0+0 (secure 0 0 0) 0x7f9ee4019630 con 0x7f9ef41085e0
2024-04-25T14:12:24.596 INFO:teuthology.orchestra.run.smithi080.stdout:/usr/bin/ceph: stderr
2024-04-25T14:12:17.735+0000 7f9efb200700 1 -- 172.21.15.80:0/1777037828 --> [v2:172.21.15.80:3300/0,v1:172.21.15.80:6789/0] -- mon_subscribe({mgrmap=0+}) -- 0x7f9ef419ef10 con 0x7f9ef41085e0
2024-04-25T14:12:24.596 INFO:teuthology.orchestra.run.smithi080.stdout:/usr/bin/ceph: stderr
2024-04-25T14:12:17.735+0000 7f9efb200700 1 -- 172.21.15.80:0/1777037828 --> [v2:172.21.15.80:3300/0,v1:172.21.15.80:6789/0] -- mon_subscribe({osdmap=0}) -- 0x7f9ef41a1c00 con 0x7f9ef41085e0
2024-04-25T14:12:24.597 INFO:teuthology.orchestra.run.smithi080.stdout:/usr/bin/ceph: stderr
2024-04-25T14:12:17.736+0000 7f9ef0c00700 1 -- 172.21.15.80:0/1777037828 <== mon.0 v2:172.21.15.80:3300/0 4 ==== mgrmap(e 8) ==== 46558+0+0 (secure 0 0 0) 0x7f9ee401a9c0 con 0x7f9ef41085e0
2024-04-25T14:12:24.597 INFO:teuthology.orchestra.run.smithi080.stdout:/usr/bin/ceph: stderr
2024-04-25T14:12:17.736+0000 7f9efb200700 1 -- 172.21.15.80:0/1777037828 --> [v2:172.21.15.80:3300/0,v1:172.21.15.80:6789/0] -- mon_command({"prefix": "get_command_descriptions"} v 0) -- 0x7f9ef410cb40 con 0x7f9ef41085e0
2024-04-25T14:12:24.597 INFO:teuthology.orchestra.run.smithi080.stdout:/usr/bin/ceph: stderr
2024-04-25T14:12:17.736+0000 7f9ef0c00700 1 --2- 172.21.15.80:0/1777037828 >> [v2:172.21.15.80:6800/1241695893,v1:172.21.15.80:6801/1241695893] conn(0x7f9ed8039600 0x7f9ed803bac0 unknown :-1 s=NONE pgs=0 cs=0 l=1 rev1=0 crypto rx=0 tx=0 comp rx=0 tx=0).connect
2024-04-25T14:12:24.597 INFO:teuthology.orchestra.run.smithi080.stdout:/usr/bin/ceph: stderr
2024-04-25T14:12:17.736+0000 7f9ef0c00700 1 -- 172.21.15.80:0/1777037828 <== mon.0 v2:172.21.15.80:3300/0 5 ==== osd_map(2..2 src has 1..2) ==== 940+0+0 (secure 0 0 0) 0x7f9ee404dbf0 con 0x7f9ef41085e0
2024-04-25T14:12:24.597 INFO:teuthology.orchestra.run.smithi080.stdout:/usr/bin/ceph: stderr
2024-04-25T14:12:17.737+0000 7f9ef3400700 1 --2- 172.21.15.80:0/1777037828 >> [v2:172.21.15.80:6800/1241695893,v1:172.21.15.80:6801/1241695893] conn(0x7f9ed8039600 0x7f9ed803bac0 unknown :-1 s=BANNER_CONNECTING pgs=0 cs=0 l=1 rev1=0 crypto rx=0 tx=0 comp rx=0 tx=0)._handle_peer_banner_payload supported=3 required=0
2024-04-25T14:12:24.597 INFO:teuthology.orchestra.run.smithi080.stdout:/usr/bin/ceph: stderr
2024-04-25T14:12:17.737+0000 7f9ef3400700 1 --2- 172.21.15.80:0/1777037828 >> [v2:172.21.15.80:6800/1241695893,v1:172.21.15.80:6801/1241695893] conn(0x7f9ed8039600 0x7f9ed803bac0 secure :-1 s=READY pgs=11 cs=0 l=1 rev1=1 crypto rx=0x7f9ee0006fd0 tx=0x7f9ee0006e40 comp rx=0 tx=0).ready entity=mgr.14120 client_cookie=0 server_cookie=0 in_seq=0 out_seq=0
2024-04-25T14:12:24.597 INFO:teuthology.orchestra.run.smithi080.stdout:/usr/bin/ceph: stderr
2024-04-25T14:12:17.742+0000 7f9ef0c00700 1 -- 172.21.15.80:0/1777037828 <== mon.0 v2:172.21.15.80:3300/0 6 ==== mon_command_ack([{"prefix": "get_command_descriptions"}]=0 v0) ==== 72+0+188370 (secure 0 0 0) 0x7f9ee400e260 con 0x7f9ef41085e0
2024-04-25T14:12:24.597 INFO:teuthology.orchestra.run.smithi080.stdout:/usr/bin/ceph: stderr
2024-04-25T14:12:17.969+0000 7f9efb200700 1 -- 172.21.15.80:0/1777037828 --> [v2:172.21.15.80:6800/1241695893,v1:172.21.15.80:6801/1241695893] -- mgr_command(tid 0: {"prefix": "orch host add", "hostname": "smithi080", "addr": "172.21.15.80", "target": ["mon-mgr", ""]}) -- 0x7f9ef4104e60 con 0x7f9ed8039600
2024-04-25T14:12:24.597 INFO:teuthology.orchestra.run.smithi080.stdout:/usr/bin/ceph: stderr
2024-04-25T14:12:23.899+0000 7f9ef0c00700 1 -- 172.21.15.80:0/1777037828 <== mgr.14120 v2:172.21.15.80:6800/1241695893 1 ==== mgr_command_reply(tid 0: 0 ) ==== 8+0+48 (secure 0 0 0) 0x7f9ef4104e60 con 0x7f9ed8039600
2024-04-25T14:12:24.597 INFO:teuthology.orchestra.run.smithi080.stdout:/usr/bin/ceph: stderr
2024-04-25T14:12:23.903+0000 7f9efb200700 1 -- 172.21.15.80:0/1777037828 >> [v2:172.21.15.80:6800/1241695893,v1:172.21.15.80:6801/1241695893] conn(0x7f9ed8039600 msgr2=0x7f9ed803bac0 secure :-1 s=STATE_CONNECTION_ESTABLISHED l=1).mark_down
2024-04-25T14:12:24.597 INFO:teuthology.orchestra.run.smithi080.stdout:/usr/bin/ceph: stderr
2024-04-25T14:12:23.903+0000 7f9efb200700 1 --2- 172.21.15.80:0/1777037828 >> [v2:172.21.15.80:6800/1241695893,v1:172.21.15.80:6801/1241695893] conn(0x7f9ed8039600 0x7f9ed803bac0 secure :-1 s=READY pgs=11 cs=0 l=1 rev1=1 crypto rx=0x7f9ee0006fd0 tx=0x7f9ee0006e40 comp rx=0 tx=0).stop
2024-04-25T14:12:24.597 INFO:teuthology.orchestra.run.smithi080.stdout:/usr/bin/ceph: stderr
2024-04-25T14:12:23.903+0000 7f9efb200700 1 -- 172.21.15.80:0/1777037828 >> [v2:172.21.15.80:3300/0,v1:172.21.15.80:6789/0] conn(0x7f9ef41085e0 msgr2=0x7f9ef419e740 secure :-1 s=STATE_CONNECTION_ESTABLISHED l=1).mark_down
2024-04-25T14:12:24.597 INFO:teuthology.orchestra.run.smithi080.stdout:/usr/bin/ceph: stderr
2024-04-25T14:12:23.903+0000 7f9efb200700 1 --2- 172.21.15.80:0/1777037828 >> [v2:172.21.15.80:3300/0,v1:172.21.15.80:6789/0] conn(0x7f9ef41085e0 0x7f9ef419e740 secure :-1 s=READY pgs=46 cs=0 l=1 rev1=1 crypto rx=0x7f9ee40117b0 tx=0x7f9ee4011b70 comp rx=0 tx=0).stop
2024-04-25T14:12:24.597 INFO:teuthology.orchestra.run.smithi080.stdout:/usr/bin/ceph: stderr
2024-04-25T14:12:23.904+0000 7f9efb200700 1 -- 172.21.15.80:0/1777037828 shutdown_connections
2024-04-25T14:12:24.598 INFO:teuthology.orchestra.run.smithi080.stdout:/usr/bin/ceph: stderr
2024-04-25T14:12:23.904+0000 7f9efb200700 1 --2- 172.21.15.80:0/1777037828 >> [v2:172.21.15.80:6800/1241695893,v1:172.21.15.80:6801/1241695893] conn(0x7f9ed8039600 0x7f9ed803bac0 unknown :-1 s=CLOSED pgs=11 cs=0 l=1 rev1=1 crypto rx=0 tx=0 comp rx=0 tx=0).stop
2024-04-25T14:12:24.598 INFO:teuthology.orchestra.run.smithi080.stdout:/usr/bin/ceph: stderr
2024-04-25T14:12:23.904+0000 7f9efb200700 1 --2- 172.21.15.80:0/1777037828 >> [v2:172.21.15.80:3300/0,v1:172.21.15.80:6789/0] conn(0x7f9ef41085e0 0x7f9ef419e740 unknown :-1 s=CLOSED pgs=46 cs=0 l=1 rev1=1 crypto rx=0 tx=0 comp rx=0 tx=0).stop
2024-04-25T14:12:24.598 INFO:teuthology.orchestra.run.smithi080.stdout:/usr/bin/ceph: stderr
2024-04-25T14:12:23.904+0000 7f9efb200700 1 -- 172.21.15.80:0/1777037828 >> 172.21.15.80:0/1777037828 conn(0x7f9ef4103c60 msgr2=0x7f9ef4104750 unknown :-1 s=STATE_NONE l=0).mark_down
2024-04-25T14:12:24.598 INFO:teuthology.orchestra.run.smithi080.stdout:/usr/bin/ceph: stderr
2024-04-25T14:12:23.904+0000 7f9efb200700 1 -- 172.21.15.80:0/1777037828 shutdown_connections
2024-04-25T14:12:24.598 INFO:teuthology.orchestra.run.smithi080.stdout:/usr/bin/ceph: stderr
2024-04-25T14:12:23.904+0000 7f9efb200700 1 -- 172.21.15.80:0/1777037828 wait complete.
2024-04-25T14:12:24.598 INFO:teuthology.orchestra.run.smithi080.stdout:Deploying unmanaged mon service...
2024-04-25T14:12:25.255 INFO:journalctl@ceph.mon.a.smithi080.stdout:Apr 25 14:12:24 smithi080 ceph-mon[28016]: from='mgr.14120 172.21.15.80:0/4195892000' entity='mgr.x'
2024-04-25T14:12:25.255 INFO:journalctl@ceph.mon.a.smithi080.stdout:Apr 25 14:12:24 smithi080 ceph-mon[28016]: Added host smithi080
2024-04-25T14:12:25.255 INFO:journalctl@ceph.mon.a.smithi080.stdout:Apr 25 14:12:24 smithi080 ceph-mon[28016]: from='mgr.14120 172.21.15.80:0/4195892000' entity='mgr.x' cmd=[{"prefix": "config dump", "format": "json"}]: dispatch
2024-04-25T14:12:26.826 INFO:journalctl@ceph.mon.a.smithi080.stdout:Apr 25 14:12:26 smithi080 ceph-mon[28016]: from='client.14142 -' entity='client.admin' cmd=[{"prefix": "orch apply", "service_type": "mon", "unmanaged": true, "target": ["mon-mgr", ""]}]: dispatch
2024-04-25T14:12:26.826 INFO:journalctl@ceph.mon.a.smithi080.stdout:Apr 25 14:12:26 smithi080 ceph-mon[28016]: Saving service mon spec with placement count:5
2024-04-25T14:12:26.826 INFO:journalctl@ceph.mon.a.smithi080.stdout:Apr 25 14:12:26 smithi080 ceph-mon[28016]: from='mgr.14120 172.21.15.80:0/4195892000' entity='mgr.x'
2024-04-25T14:12:26.928 INFO:teuthology.orchestra.run.smithi080.stdout:/usr/bin/ceph: stdout Scheduled mon update...
2024-04-25T14:12:26.931 INFO:teuthology.orchestra.run.smithi080.stdout:/usr/bin/ceph: stderr
2024-04-25T14:12:25.268+0000 7f8dc8000700 1 Processor -- start
2024-04-25T14:12:26.931 INFO:teuthology.orchestra.run.smithi080.stdout:/usr/bin/ceph: stderr
2024-04-25T14:12:25.268+0000 7f8dc8000700 1 -- start start
2024-04-25T14:12:26.931 INFO:teuthology.orchestra.run.smithi080.stdout:/usr/bin/ceph: stderr
2024-04-25T14:12:25.269+0000 7f8dc8000700 1 --2- >> [v2:172.21.15.80:3300/0,v1:172.21.15.80:6789/0] conn(0x7f8dc01090e0 0x7f8dc010b4d0 unknown :-1 s=NONE pgs=0 cs=0 l=0 rev1=0 crypto rx=0 tx=0 comp rx=0 tx=0).connect
2024-04-25T14:12:26.931 INFO:teuthology.orchestra.run.smithi080.stdout:/usr/bin/ceph: stderr
2024-04-25T14:12:25.269+0000 7f8dc8000700 1 -- --> [v2:172.21.15.80:3300/0,v1:172.21.15.80:6789/0] -- mon_getmap magic: 0 -- 0x7f8dc007bdf0 con 0x7f8dc01090e0
2024-04-25T14:12:26.931 INFO:teuthology.orchestra.run.smithi080.stdout:/usr/bin/ceph: stderr
2024-04-25T14:12:25.269+0000 7f8dc5600700 1 --2- >> [v2:172.21.15.80:3300/0,v1:172.21.15.80:6789/0] conn(0x7f8dc01090e0 0x7f8dc010b4d0 unknown :-1 s=BANNER_CONNECTING pgs=0 cs=0 l=0 rev1=0 crypto rx=0 tx=0 comp rx=0 tx=0)._handle_peer_banner_payload supported=3 required=0
2024-04-25T14:12:26.931 INFO:teuthology.orchestra.run.smithi080.stdout:/usr/bin/ceph: stderr
2024-04-25T14:12:25.269+0000 7f8dc5600700 1 --2- >> [v2:172.21.15.80:3300/0,v1:172.21.15.80:6789/0] conn(0x7f8dc01090e0 0x7f8dc010b4d0 unknown :-1 s=HELLO_CONNECTING pgs=0 cs=0 l=0 rev1=1 crypto rx=0 tx=0 comp rx=0 tx=0).handle_hello peer v2:172.21.15.80:3300/0 says I am v2:172.21.15.80:37734/0 (socket says 172.21.15.80:37734)
2024-04-25T14:12:26.931 INFO:teuthology.orchestra.run.smithi080.stdout:/usr/bin/ceph: stderr
2024-04-25T14:12:25.269+0000 7f8dc5600700 1 -- 172.21.15.80:0/1388359085 learned_addr learned my addr 172.21.15.80:0/1388359085 (peer_addr_for_me v2:172.21.15.80:0/0)
2024-04-25T14:12:26.931 INFO:teuthology.orchestra.run.smithi080.stdout:/usr/bin/ceph: stderr
2024-04-25T14:12:25.270+0000 7f8dc5600700 1 -- 172.21.15.80:0/1388359085 --> [v2:172.21.15.80:3300/0,v1:172.21.15.80:6789/0] -- mon_subscribe({config=0+,monmap=0+}) -- 0x7f8dc010ba10 con 0x7f8dc01090e0
2024-04-25T14:12:26.931 INFO:teuthology.orchestra.run.smithi080.stdout:/usr/bin/ceph: stderr
2024-04-25T14:12:25.270+0000 7f8dc5600700 1 --2- 172.21.15.80:0/1388359085 >> [v2:172.21.15.80:3300/0,v1:172.21.15.80:6789/0] conn(0x7f8dc01090e0 0x7f8dc010b4d0 secure :-1 s=READY pgs=47 cs=0 l=1 rev1=1 crypto rx=0x7f8db40098a0 tx=0x7f8db4009bb0 comp rx=0 tx=0).ready entity=mon.0 client_cookie=3a8b7a604bf180bf server_cookie=0 in_seq=0 out_seq=0
2024-04-25T14:12:26.931 INFO:teuthology.orchestra.run.smithi080.stdout:/usr/bin/ceph: stderr
2024-04-25T14:12:25.270+0000 7f8dbfe00700 1 -- 172.21.15.80:0/1388359085 <== mon.0 v2:172.21.15.80:3300/0 1 ==== mon_map magic: 0 ==== 205+0+0 (secure 0 0 0) 0x7f8db4004160 con 0x7f8dc01090e0
2024-04-25T14:12:26.931 INFO:teuthology.orchestra.run.smithi080.stdout:/usr/bin/ceph: stderr
2024-04-25T14:12:25.270+0000 7f8dbfe00700 1 -- 172.21.15.80:0/1388359085 <== mon.0 v2:172.21.15.80:3300/0 2 ==== config(26 keys) ==== 1070+0+0 (secure 0 0 0) 0x7f8db4004300 con 0x7f8dc01090e0
2024-04-25T14:12:26.931 INFO:teuthology.orchestra.run.smithi080.stdout:/usr/bin/ceph: stderr
2024-04-25T14:12:25.270+0000 7f8dbfe00700 1 -- 172.21.15.80:0/1388359085 <== mon.0 v2:172.21.15.80:3300/0 3 ==== mon_map magic: 0 ==== 205+0+0 (secure 0 0 0) 0x7f8db4011af0 con 0x7f8dc01090e0
2024-04-25T14:12:26.932 INFO:teuthology.orchestra.run.smithi080.stdout:/usr/bin/ceph: stderr
2024-04-25T14:12:25.271+0000 7f8dc8000700 1 -- 172.21.15.80:0/1388359085 >> [v2:172.21.15.80:3300/0,v1:172.21.15.80:6789/0] conn(0x7f8dc01090e0 msgr2=0x7f8dc010b4d0 secure :-1 s=STATE_CONNECTION_ESTABLISHED l=1).mark_down
2024-04-25T14:12:26.932 INFO:teuthology.orchestra.run.smithi080.stdout:/usr/bin/ceph: stderr
2024-04-25T14:12:25.271+0000 7f8dc8000700 1 --2- 172.21.15.80:0/1388359085 >> [v2:172.21.15.80:3300/0,v1:172.21.15.80:6789/0] conn(0x7f8dc01090e0 0x7f8dc010b4d0 secure :-1 s=READY pgs=47 cs=0 l=1 rev1=1 crypto rx=0x7f8db40098a0 tx=0x7f8db4009bb0 comp rx=0 tx=0).stop
2024-04-25T14:12:26.932 INFO:teuthology.orchestra.run.smithi080.stdout:/usr/bin/ceph: stderr
2024-04-25T14:12:25.271+0000 7f8dc8000700 1 -- 172.21.15.80:0/1388359085 shutdown_connections
2024-04-25T14:12:26.932 INFO:teuthology.orchestra.run.smithi080.stdout:/usr/bin/ceph: stderr
2024-04-25T14:12:25.271+0000 7f8dc8000700 1 --2- 172.21.15.80:0/1388359085 >> [v2:172.21.15.80:3300/0,v1:172.21.15.80:6789/0] conn(0x7f8dc01090e0 0x7f8dc010b4d0 unknown :-1 s=CLOSED pgs=47 cs=0 l=1 rev1=1 crypto rx=0 tx=0 comp rx=0 tx=0).stop
2024-04-25T14:12:26.932 INFO:teuthology.orchestra.run.smithi080.stdout:/usr/bin/ceph: stderr
2024-04-25T14:12:25.271+0000 7f8dc8000700 1 -- 172.21.15.80:0/1388359085 >> 172.21.15.80:0/1388359085 conn(0x7f8dc0102ad0 msgr2=0x7f8dc0104ef0 unknown :-1 s=STATE_NONE l=0).mark_down
2024-04-25T14:12:26.932 INFO:teuthology.orchestra.run.smithi080.stdout:/usr/bin/ceph: stderr
2024-04-25T14:12:25.271+0000 7f8dc8000700 1 -- 172.21.15.80:0/1388359085 shutdown_connections
2024-04-25T14:12:26.932 INFO:teuthology.orchestra.run.smithi080.stdout:/usr/bin/ceph: stderr
2024-04-25T14:12:25.271+0000 7f8dc8000700 1 -- 172.21.15.80:0/1388359085 wait complete.
2024-04-25T14:12:26.932 INFO:teuthology.orchestra.run.smithi080.stdout:/usr/bin/ceph: stderr
2024-04-25T14:12:25.272+0000 7f8dc8000700 1 Processor -- start
2024-04-25T14:12:26.932 INFO:teuthology.orchestra.run.smithi080.stdout:/usr/bin/ceph: stderr
2024-04-25T14:12:25.273+0000 7f8dc8000700 1 -- start start
2024-04-25T14:12:26.932 INFO:teuthology.orchestra.run.smithi080.stdout:/usr/bin/ceph: stderr
2024-04-25T14:12:25.273+0000 7f8dc8000700 1 --2- >> [v2:172.21.15.80:3300/0,v1:172.21.15.80:6789/0] conn(0x7f8dc01090e0 0x7f8dc0108960 unknown :-1 s=NONE pgs=0 cs=0 l=1 rev1=0 crypto rx=0 tx=0 comp rx=0 tx=0).connect
2024-04-25T14:12:26.932 INFO:teuthology.orchestra.run.smithi080.stdout:/usr/bin/ceph: stderr
2024-04-25T14:12:25.273+0000 7f8dc8000700 1 -- --> [v2:172.21.15.80:3300/0,v1:172.21.15.80:6789/0] -- mon_getmap magic: 0 -- 0x7f8dc010c900 con 0x7f8dc01090e0
2024-04-25T14:12:26.932 INFO:teuthology.orchestra.run.smithi080.stdout:/usr/bin/ceph: stderr
2024-04-25T14:12:25.273+0000 7f8dc5600700 1 --2- >> [v2:172.21.15.80:3300/0,v1:172.21.15.80:6789/0] conn(0x7f8dc01090e0 0x7f8dc0108960 unknown :-1 s=BANNER_CONNECTING pgs=0 cs=0 l=1 rev1=0 crypto rx=0 tx=0 comp rx=0 tx=0)._handle_peer_banner_payload supported=3 required=0
2024-04-25T14:12:26.932 INFO:teuthology.orchestra.run.smithi080.stdout:/usr/bin/ceph: stderr
2024-04-25T14:12:25.273+0000 7f8dc5600700 1 --2- >> [v2:172.21.15.80:3300/0,v1:172.21.15.80:6789/0] conn(0x7f8dc01090e0 0x7f8dc0108960 unknown :-1 s=HELLO_CONNECTING pgs=0 cs=0 l=1 rev1=1 crypto rx=0 tx=0 comp rx=0 tx=0).handle_hello peer v2:172.21.15.80:3300/0 says I am v2:172.21.15.80:37736/0 (socket says 172.21.15.80:37736)
2024-04-25T14:12:26.932 INFO:teuthology.orchestra.run.smithi080.stdout:/usr/bin/ceph: stderr
2024-04-25T14:12:25.273+0000 7f8dc5600700 1 -- 172.21.15.80:0/558406883 learned_addr learned my addr 172.21.15.80:0/558406883 (peer_addr_for_me v2:172.21.15.80:0/0)
2024-04-25T14:12:26.936 INFO:teuthology.orchestra.run.smithi080.stdout:/usr/bin/ceph: stderr
2024-04-25T14:12:25.274+0000 7f8dc5600700 1 -- 172.21.15.80:0/558406883 --> [v2:172.21.15.80:3300/0,v1:172.21.15.80:6789/0] -- mon_subscribe({config=0+,monmap=0+}) -- 0x7f8dc0108ea0 con 0x7f8dc01090e0
2024-04-25T14:12:26.936 INFO:teuthology.orchestra.run.smithi080.stdout:/usr/bin/ceph: stderr
2024-04-25T14:12:25.274+0000 7f8dc5600700 1 --2- 172.21.15.80:0/558406883 >> [v2:172.21.15.80:3300/0,v1:172.21.15.80:6789/0] conn(0x7f8dc01090e0 0x7f8dc0108960 secure :-1 s=READY pgs=48 cs=0 l=1 rev1=1 crypto rx=0x7f8db4011ac0 tx=0x7f8db4011ba0 comp rx=0 tx=0).ready entity=mon.0 client_cookie=0 server_cookie=0 in_seq=0 out_seq=0
2024-04-25T14:12:26.936 INFO:teuthology.orchestra.run.smithi080.stdout:/usr/bin/ceph: stderr
2024-04-25T14:12:25.274+0000 7f8dbe000700 1 -- 172.21.15.80:0/558406883 <== mon.0 v2:172.21.15.80:3300/0 1 ==== mon_map magic: 0 ==== 205+0+0 (secure 0 0 0) 0x7f8db4003b20 con 0x7f8dc01090e0
2024-04-25T14:12:26.936 INFO:teuthology.orchestra.run.smithi080.stdout:/usr/bin/ceph: stderr
2024-04-25T14:12:25.274+0000 7f8dbe000700 1 -- 172.21.15.80:0/558406883 <== mon.0 v2:172.21.15.80:3300/0 2 ==== config(26 keys) ==== 1070+0+0 (secure 0 0 0) 0x7f8db401a8c0 con 0x7f8dc01090e0
2024-04-25T14:12:26.936 INFO:teuthology.orchestra.run.smithi080.stdout:/usr/bin/ceph: stderr
2024-04-25T14:12:25.274+0000 7f8dc8000700 1 -- 172.21.15.80:0/558406883 --> [v2:172.21.15.80:3300/0,v1:172.21.15.80:6789/0] -- mon_subscribe({mgrmap=0+}) -- 0x7f8dc0107090 con 0x7f8dc01090e0
2024-04-25T14:12:26.936 INFO:teuthology.orchestra.run.smithi080.stdout:/usr/bin/ceph: stderr
2024-04-25T14:12:25.274+0000 7f8dbe000700 1 -- 172.21.15.80:0/558406883 <== mon.0 v2:172.21.15.80:3300/0 3 ==== mon_map magic: 0 ==== 205+0+0 (secure 0 0 0) 0x7f8db40248d0 con 0x7f8dc01090e0
2024-04-25T14:12:26.937 INFO:teuthology.orchestra.run.smithi080.stdout:/usr/bin/ceph: stderr
2024-04-25T14:12:25.275+0000 7f8dc8000700 1 -- 172.21.15.80:0/558406883 --> [v2:172.21.15.80:3300/0,v1:172.21.15.80:6789/0] -- mon_subscribe({osdmap=0}) -- 0x7f8dc01075d0 con 0x7f8dc01090e0
2024-04-25T14:12:26.937 INFO:teuthology.orchestra.run.smithi080.stdout:/usr/bin/ceph: stderr
2024-04-25T14:12:25.276+0000 7f8dbe000700 1 -- 172.21.15.80:0/558406883 <== mon.0 v2:172.21.15.80:3300/0 4 ==== mgrmap(e 8) ==== 46558+0+0 (secure 0 0 0) 0x7f8db4022020 con 0x7f8dc01090e0
2024-04-25T14:12:26.937 INFO:teuthology.orchestra.run.smithi080.stdout:/usr/bin/ceph: stderr
2024-04-25T14:12:25.276+0000 7f8db3400700 1 -- 172.21.15.80:0/558406883 --> [v2:172.21.15.80:3300/0,v1:172.21.15.80:6789/0] -- mon_command({"prefix": "get_command_descriptions"} v 0) -- 0x7f8dc00640a0 con 0x7f8dc01090e0
2024-04-25T14:12:26.937 INFO:teuthology.orchestra.run.smithi080.stdout:/usr/bin/ceph: stderr
2024-04-25T14:12:25.276+0000 7f8dbe000700 1 --2- 172.21.15.80:0/558406883 >> [v2:172.21.15.80:6800/1241695893,v1:172.21.15.80:6801/1241695893] conn(0x7f8da8039600 0x7f8da803bac0 unknown :-1 s=NONE pgs=0 cs=0 l=1 rev1=0 crypto rx=0 tx=0 comp rx=0 tx=0).connect
2024-04-25T14:12:26.937 INFO:teuthology.orchestra.run.smithi080.stdout:/usr/bin/ceph: stderr
2024-04-25T14:12:25.276+0000 7f8dbe000700 1 -- 172.21.15.80:0/558406883 <== mon.0 v2:172.21.15.80:3300/0 5 ==== osd_map(2..2 src has 1..2) ==== 940+0+0 (secure 0 0 0) 0x7f8db404d860 con 0x7f8dc01090e0
2024-04-25T14:12:26.937 INFO:teuthology.orchestra.run.smithi080.stdout:/usr/bin/ceph: stderr
2024-04-25T14:12:25.276+0000 7f8dc4c00700 1 --2- 172.21.15.80:0/558406883 >> [v2:172.21.15.80:6800/1241695893,v1:172.21.15.80:6801/1241695893] conn(0x7f8da8039600 0x7f8da803bac0 unknown :-1 s=BANNER_CONNECTING pgs=0 cs=0 l=1 rev1=0 crypto rx=0 tx=0 comp rx=0 tx=0)._handle_peer_banner_payload supported=3 required=0
2024-04-25T14:12:26.937 INFO:teuthology.orchestra.run.smithi080.stdout:/usr/bin/ceph: stderr
2024-04-25T14:12:25.277+0000 7f8dc4c00700 1 --2- 172.21.15.80:0/558406883 >> [v2:172.21.15.80:6800/1241695893,v1:172.21.15.80:6801/1241695893] conn(0x7f8da8039600 0x7f8da803bac0 secure :-1 s=READY pgs=12 cs=0 l=1 rev1=1 crypto rx=0x7f8dac006fd0 tx=0x7f8dac006e40 comp rx=0 tx=0).ready entity=mgr.14120 client_cookie=0 server_cookie=0 in_seq=0 out_seq=0
2024-04-25T14:12:26.937 INFO:teuthology.orchestra.run.smithi080.stdout:/usr/bin/ceph: stderr
2024-04-25T14:12:25.282+0000 7f8dbe000700 1 -- 172.21.15.80:0/558406883 <== mon.0 v2:172.21.15.80:3300/0 6 ==== mon_command_ack([{"prefix": "get_command_descriptions"}]=0 v0) ==== 72+0+188370 (secure 0 0 0) 0x7f8db400f2e0 con 0x7f8dc01090e0
2024-04-25T14:12:26.937 INFO:teuthology.orchestra.run.smithi080.stdout:/usr/bin/ceph: stderr
2024-04-25T14:12:25.526+0000 7f8db3400700 1 -- 172.21.15.80:0/558406883 --> [v2:172.21.15.80:6800/1241695893,v1:172.21.15.80:6801/1241695893] -- mgr_command(tid 0: {"prefix": "orch apply", "service_type": "mon", "unmanaged": true, "target": ["mon-mgr", ""]}) -- 0x7f8dc0107850 con 0x7f8da8039600
2024-04-25T14:12:26.937 INFO:teuthology.orchestra.run.smithi080.stdout:/usr/bin/ceph: stderr
2024-04-25T14:12:25.532+0000 7f8dbe000700 1 -- 172.21.15.80:0/558406883 <== mgr.14120 v2:172.21.15.80:6800/1241695893 1 ==== mgr_command_reply(tid 0: 0 ) ==== 8+0+24 (secure 0 0 0) 0x7f8dc0107850 con 0x7f8da8039600
2024-04-25T14:12:26.938 INFO:teuthology.orchestra.run.smithi080.stdout:/usr/bin/ceph: stderr
2024-04-25T14:12:25.536+0000 7f8db3400700 1 -- 172.21.15.80:0/558406883 >> [v2:172.21.15.80:6800/1241695893,v1:172.21.15.80:6801/1241695893] conn(0x7f8da8039600 msgr2=0x7f8da803bac0 secure :-1 s=STATE_CONNECTION_ESTABLISHED l=1).mark_down
2024-04-25T14:12:26.938 INFO:teuthology.orchestra.run.smithi080.stdout:/usr/bin/ceph: stderr
2024-04-25T14:12:25.536+0000 7f8db3400700 1 --2- 172.21.15.80:0/558406883 >> [v2:172.21.15.80:6800/1241695893,v1:172.21.15.80:6801/1241695893] conn(0x7f8da8039600 0x7f8da803bac0 secure :-1 s=READY pgs=12 cs=0 l=1 rev1=1 crypto rx=0x7f8dac006fd0 tx=0x7f8dac006e40 comp rx=0 tx=0).stop
2024-04-25T14:12:26.938 INFO:teuthology.orchestra.run.smithi080.stdout:/usr/bin/ceph: stderr
2024-04-25T14:12:25.536+0000 7f8db3400700 1 -- 172.21.15.80:0/558406883 >> [v2:172.21.15.80:3300/0,v1:172.21.15.80:6789/0] conn(0x7f8dc01090e0 msgr2=0x7f8dc0108960 secure :-1 s=STATE_CONNECTION_ESTABLISHED l=1).mark_down
2024-04-25T14:12:26.938 INFO:teuthology.orchestra.run.smithi080.stdout:/usr/bin/ceph: stderr
2024-04-25T14:12:25.536+0000 7f8db3400700 1 --2- 172.21.15.80:0/558406883 >> [v2:172.21.15.80:3300/0,v1:172.21.15.80:6789/0] conn(0x7f8dc01090e0 0x7f8dc0108960 secure :-1 s=READY pgs=48 cs=0 l=1 rev1=1 crypto rx=0x7f8db4011ac0 tx=0x7f8db4011ba0 comp rx=0 tx=0).stop
2024-04-25T14:12:26.938 INFO:teuthology.orchestra.run.smithi080.stdout:/usr/bin/ceph: stderr
2024-04-25T14:12:25.536+0000 7f8db3400700 1 -- 172.21.15.80:0/558406883 shutdown_connections
2024-04-25T14:12:26.938 INFO:teuthology.orchestra.run.smithi080.stdout:/usr/bin/ceph: stderr
2024-04-25T14:12:25.536+0000 7f8db3400700 1 --2- 172.21.15.80:0/558406883 >> [v2:172.21.15.80:6800/1241695893,v1:172.21.15.80:6801/1241695893] conn(0x7f8da8039600 0x7f8da803bac0 unknown :-1 s=CLOSED pgs=12 cs=0 l=1 rev1=1 crypto rx=0 tx=0 comp rx=0 tx=0).stop
2024-04-25T14:12:26.938 INFO:teuthology.orchestra.run.smithi080.stdout:/usr/bin/ceph: stderr
2024-04-25T14:12:25.536+0000 7f8db3400700 1 --2- 172.21.15.80:0/558406883 >> [v2:172.21.15.80:3300/0,v1:172.21.15.80:6789/0] conn(0x7f8dc01090e0 0x7f8dc0108960 unknown :-1 s=CLOSED pgs=48 cs=0 l=1 rev1=1 crypto rx=0 tx=0 comp rx=0 tx=0).stop
2024-04-25T14:12:26.938 INFO:teuthology.orchestra.run.smithi080.stdout:/usr/bin/ceph: stderr
2024-04-25T14:12:25.536+0000 7f8db3400700 1 -- 172.21.15.80:0/558406883 >> 172.21.15.80:0/558406883 conn(0x7f8dc0102ad0 msgr2=0x7f8dc0103610 unknown :-1 s=STATE_NONE l=0).mark_down
2024-04-25T14:12:26.938 INFO:teuthology.orchestra.run.smithi080.stdout:/usr/bin/ceph: stderr
2024-04-25T14:12:25.536+0000 7f8db3400700 1 -- 172.21.15.80:0/558406883 shutdown_connections
2024-04-25T14:12:26.938 INFO:teuthology.orchestra.run.smithi080.stdout:/usr/bin/ceph: stderr
2024-04-25T14:12:25.536+0000 7f8db3400700 1 -- 172.21.15.80:0/558406883 wait complete.
2024-04-25T14:12:26.938 INFO:teuthology.orchestra.run.smithi080.stdout:Deploying unmanaged mgr service...
2024-04-25T14:12:28.573 INFO:journalctl@ceph.mon.a.smithi080.stdout:Apr 25 14:12:28 smithi080 ceph-mon[28016]: from='mgr.14120 172.21.15.80:0/4195892000' entity='mgr.x'
2024-04-25T14:12:28.573 INFO:journalctl@ceph.mon.a.smithi080.stdout:Apr 25 14:12:28 smithi080 ceph-mon[28016]: from='mgr.14120 172.21.15.80:0/4195892000' entity='mgr.x'
2024-04-25T14:12:28.573 INFO:journalctl@ceph.mon.a.smithi080.stdout:Apr 25 14:12:28 smithi080 ceph-mon[28016]: from='mgr.14120 172.21.15.80:0/4195892000' entity='mgr.x'
2024-04-25T14:12:28.942 INFO:teuthology.orchestra.run.smithi080.stdout:/usr/bin/ceph: stdout Scheduled mgr update...
2024-04-25T14:12:28.942 INFO:teuthology.orchestra.run.smithi080.stdout:/usr/bin/ceph: stderr
2024-04-25T14:12:27.936+0000 7f5dcd200700 1 Processor -- start
2024-04-25T14:12:28.942 INFO:teuthology.orchestra.run.smithi080.stdout:/usr/bin/ceph: stderr
2024-04-25T14:12:27.936+0000 7f5dcd200700 1 -- start start
2024-04-25T14:12:28.942 INFO:teuthology.orchestra.run.smithi080.stdout:/usr/bin/ceph: stderr
2024-04-25T14:12:27.937+0000 7f5dcd200700 1 --2- >> [v2:172.21.15.80:3300/0,v1:172.21.15.80:6789/0] conn(0x7f5dc81074d0 0x7f5dc81078f0 unknown :-1 s=NONE pgs=0 cs=0 l=0 rev1=0 crypto rx=0 tx=0 comp rx=0 tx=0).connect
2024-04-25T14:12:28.942 INFO:teuthology.orchestra.run.smithi080.stdout:/usr/bin/ceph: stderr
