2024-04-25T14:12:27.937+0000 7f5dcd200700 1 -- --> [v2:172.21.15.80:3300/0,v1:172.21.15.80:6789/0] -- mon_getmap magic: 0 -- 0x7f5dc8107ec0 con 0x7f5dc81074d0
2024-04-25T14:12:28.942 INFO:teuthology.orchestra.run.smithi080.stdout:/usr/bin/ceph: stderr
2024-04-25T14:12:27.937+0000 7f5dc5e00700 1 --2- >> [v2:172.21.15.80:3300/0,v1:172.21.15.80:6789/0] conn(0x7f5dc81074d0 0x7f5dc81078f0 unknown :-1 s=BANNER_CONNECTING pgs=0 cs=0 l=0 rev1=0 crypto rx=0 tx=0 comp rx=0 tx=0)._handle_peer_banner_payload supported=3 required=0
2024-04-25T14:12:28.942 INFO:teuthology.orchestra.run.smithi080.stdout:/usr/bin/ceph: stderr
2024-04-25T14:12:27.937+0000 7f5dc5e00700 1 --2- >> [v2:172.21.15.80:3300/0,v1:172.21.15.80:6789/0] conn(0x7f5dc81074d0 0x7f5dc81078f0 unknown :-1 s=HELLO_CONNECTING pgs=0 cs=0 l=0 rev1=1 crypto rx=0 tx=0 comp rx=0 tx=0).handle_hello peer v2:172.21.15.80:3300/0 says I am v2:172.21.15.80:37738/0 (socket says 172.21.15.80:37738)
2024-04-25T14:12:28.942 INFO:teuthology.orchestra.run.smithi080.stdout:/usr/bin/ceph: stderr
2024-04-25T14:12:27.937+0000 7f5dc5e00700 1 -- 172.21.15.80:0/3370500909 learned_addr learned my addr 172.21.15.80:0/3370500909 (peer_addr_for_me v2:172.21.15.80:0/0)
2024-04-25T14:12:28.942 INFO:teuthology.orchestra.run.smithi080.stdout:/usr/bin/ceph: stderr
2024-04-25T14:12:27.938+0000 7f5dc5e00700 1 -- 172.21.15.80:0/3370500909 --> [v2:172.21.15.80:3300/0,v1:172.21.15.80:6789/0] -- mon_subscribe({config=0+,monmap=0+}) -- 0x7f5dc81086d0 con 0x7f5dc81074d0
2024-04-25T14:12:28.942 INFO:teuthology.orchestra.run.smithi080.stdout:/usr/bin/ceph: stderr
2024-04-25T14:12:27.938+0000 7f5dc5e00700 1 --2- 172.21.15.80:0/3370500909 >> [v2:172.21.15.80:3300/0,v1:172.21.15.80:6789/0] conn(0x7f5dc81074d0 0x7f5dc81078f0 secure :-1 s=READY pgs=49 cs=0 l=1 rev1=1 crypto rx=0x7f5db80098a0 tx=0x7f5db8009bb0 comp rx=0 tx=0).ready entity=mon.0 client_cookie=490848f859bd5132 server_cookie=0 in_seq=0 out_seq=0
2024-04-25T14:12:28.942 INFO:teuthology.orchestra.run.smithi080.stdout:/usr/bin/ceph: stderr
2024-04-25T14:12:27.938+0000 7f5dc4a00700 1 -- 172.21.15.80:0/3370500909 <== mon.0 v2:172.21.15.80:3300/0 1 ==== mon_map magic: 0 ==== 205+0+0 (secure 0 0 0) 0x7f5db8004160 con 0x7f5dc81074d0
2024-04-25T14:12:28.943 INFO:teuthology.orchestra.run.smithi080.stdout:/usr/bin/ceph: stderr
2024-04-25T14:12:27.938+0000 7f5dc4a00700 1 -- 172.21.15.80:0/3370500909 <== mon.0 v2:172.21.15.80:3300/0 2 ==== config(26 keys) ==== 1101+0+0 (secure 0 0 0) 0x7f5db8004300 con 0x7f5dc81074d0
2024-04-25T14:12:28.943 INFO:teuthology.orchestra.run.smithi080.stdout:/usr/bin/ceph: stderr
2024-04-25T14:12:27.938+0000 7f5dc4a00700 1 -- 172.21.15.80:0/3370500909 <== mon.0 v2:172.21.15.80:3300/0 3 ==== mon_map magic: 0 ==== 205+0+0 (secure 0 0 0) 0x7f5db8011a20 con 0x7f5dc81074d0
2024-04-25T14:12:28.943 INFO:teuthology.orchestra.run.smithi080.stdout:/usr/bin/ceph: stderr
2024-04-25T14:12:27.939+0000 7f5dcd200700 1 -- 172.21.15.80:0/3370500909 >> [v2:172.21.15.80:3300/0,v1:172.21.15.80:6789/0] conn(0x7f5dc81074d0 msgr2=0x7f5dc81078f0 secure :-1 s=STATE_CONNECTION_ESTABLISHED l=1).mark_down
2024-04-25T14:12:28.943 INFO:teuthology.orchestra.run.smithi080.stdout:/usr/bin/ceph: stderr
2024-04-25T14:12:27.939+0000 7f5dcd200700 1 --2- 172.21.15.80:0/3370500909 >> [v2:172.21.15.80:3300/0,v1:172.21.15.80:6789/0] conn(0x7f5dc81074d0 0x7f5dc81078f0 secure :-1 s=READY pgs=49 cs=0 l=1 rev1=1 crypto rx=0x7f5db80098a0 tx=0x7f5db8009bb0 comp rx=0 tx=0).stop
2024-04-25T14:12:28.943 INFO:teuthology.orchestra.run.smithi080.stdout:/usr/bin/ceph: stderr
2024-04-25T14:12:27.939+0000 7f5dcd200700 1 -- 172.21.15.80:0/3370500909 shutdown_connections
2024-04-25T14:12:28.943 INFO:teuthology.orchestra.run.smithi080.stdout:/usr/bin/ceph: stderr
2024-04-25T14:12:27.939+0000 7f5dcd200700 1 --2- 172.21.15.80:0/3370500909 >> [v2:172.21.15.80:3300/0,v1:172.21.15.80:6789/0] conn(0x7f5dc81074d0 0x7f5dc81078f0 unknown :-1 s=CLOSED pgs=49 cs=0 l=1 rev1=1 crypto rx=0 tx=0 comp rx=0 tx=0).stop
2024-04-25T14:12:28.943 INFO:teuthology.orchestra.run.smithi080.stdout:/usr/bin/ceph: stderr
2024-04-25T14:12:27.939+0000 7f5dcd200700 1 -- 172.21.15.80:0/3370500909 >> 172.21.15.80:0/3370500909 conn(0x7f5dc8102ab0 msgr2=0x7f5dc8104ed0 unknown :-1 s=STATE_NONE l=0).mark_down
2024-04-25T14:12:28.943 INFO:teuthology.orchestra.run.smithi080.stdout:/usr/bin/ceph: stderr
2024-04-25T14:12:27.939+0000 7f5dcd200700 1 -- 172.21.15.80:0/3370500909 shutdown_connections
2024-04-25T14:12:28.943 INFO:teuthology.orchestra.run.smithi080.stdout:/usr/bin/ceph: stderr
2024-04-25T14:12:27.939+0000 7f5dcd200700 1 -- 172.21.15.80:0/3370500909 wait complete.
2024-04-25T14:12:28.943 INFO:teuthology.orchestra.run.smithi080.stdout:/usr/bin/ceph: stderr
2024-04-25T14:12:27.940+0000 7f5dcd200700 1 Processor -- start
2024-04-25T14:12:28.943 INFO:teuthology.orchestra.run.smithi080.stdout:/usr/bin/ceph: stderr
2024-04-25T14:12:27.941+0000 7f5dcd200700 1 -- start start
2024-04-25T14:12:28.943 INFO:teuthology.orchestra.run.smithi080.stdout:/usr/bin/ceph: stderr
2024-04-25T14:12:27.941+0000 7f5dcd200700 1 --2- >> [v2:172.21.15.80:3300/0,v1:172.21.15.80:6789/0] conn(0x7f5dc81074d0 0x7f5dc810d390 unknown :-1 s=NONE pgs=0 cs=0 l=1 rev1=0 crypto rx=0 tx=0 comp rx=0 tx=0).connect
2024-04-25T14:12:28.943 INFO:teuthology.orchestra.run.smithi080.stdout:/usr/bin/ceph: stderr
2024-04-25T14:12:27.941+0000 7f5dcd200700 1 -- --> [v2:172.21.15.80:3300/0,v1:172.21.15.80:6789/0] -- mon_getmap magic: 0 -- 0x7f5dc8062e80 con 0x7f5dc81074d0
2024-04-25T14:12:28.943 INFO:teuthology.orchestra.run.smithi080.stdout:/usr/bin/ceph: stderr
2024-04-25T14:12:27.941+0000 7f5dc5e00700 1 --2- >> [v2:172.21.15.80:3300/0,v1:172.21.15.80:6789/0] conn(0x7f5dc81074d0 0x7f5dc810d390 unknown :-1 s=BANNER_CONNECTING pgs=0 cs=0 l=1 rev1=0 crypto rx=0 tx=0 comp rx=0 tx=0)._handle_peer_banner_payload supported=3 required=0
2024-04-25T14:12:28.944 INFO:teuthology.orchestra.run.smithi080.stdout:/usr/bin/ceph: stderr
2024-04-25T14:12:27.941+0000 7f5dc5e00700 1 --2- >> [v2:172.21.15.80:3300/0,v1:172.21.15.80:6789/0] conn(0x7f5dc81074d0 0x7f5dc810d390 unknown :-1 s=HELLO_CONNECTING pgs=0 cs=0 l=1 rev1=1 crypto rx=0 tx=0 comp rx=0 tx=0).handle_hello peer v2:172.21.15.80:3300/0 says I am v2:172.21.15.80:37740/0 (socket says 172.21.15.80:37740)
2024-04-25T14:12:28.944 INFO:teuthology.orchestra.run.smithi080.stdout:/usr/bin/ceph: stderr
2024-04-25T14:12:27.941+0000 7f5dc5e00700 1 -- 172.21.15.80:0/4276985576 learned_addr learned my addr 172.21.15.80:0/4276985576 (peer_addr_for_me v2:172.21.15.80:0/0)
2024-04-25T14:12:28.944 INFO:teuthology.orchestra.run.smithi080.stdout:/usr/bin/ceph: stderr
2024-04-25T14:12:27.942+0000 7f5dc5e00700 1 -- 172.21.15.80:0/4276985576 --> [v2:172.21.15.80:3300/0,v1:172.21.15.80:6789/0] -- mon_subscribe({config=0+,monmap=0+}) -- 0x7f5dc810d8d0 con 0x7f5dc81074d0
2024-04-25T14:12:28.944 INFO:teuthology.orchestra.run.smithi080.stdout:/usr/bin/ceph: stderr
2024-04-25T14:12:27.942+0000 7f5dc5e00700 1 --2- 172.21.15.80:0/4276985576 >> [v2:172.21.15.80:3300/0,v1:172.21.15.80:6789/0] conn(0x7f5dc81074d0 0x7f5dc810d390 secure :-1 s=READY pgs=50 cs=0 l=1 rev1=1 crypto rx=0x7f5db8009520 tx=0x7f5db8011aa0 comp rx=0 tx=0).ready entity=mon.0 client_cookie=0 server_cookie=0 in_seq=0 out_seq=0
2024-04-25T14:12:28.944 INFO:teuthology.orchestra.run.smithi080.stdout:/usr/bin/ceph: stderr
2024-04-25T14:12:27.942+0000 7f5dbea00700 1 -- 172.21.15.80:0/4276985576 <== mon.0 v2:172.21.15.80:3300/0 1 ==== mon_map magic: 0 ==== 205+0+0 (secure 0 0 0) 0x7f5db80039e0 con 0x7f5dc81074d0
2024-04-25T14:12:28.944 INFO:teuthology.orchestra.run.smithi080.stdout:/usr/bin/ceph: stderr
2024-04-25T14:12:27.942+0000 7f5dbea00700 1 -- 172.21.15.80:0/4276985576 <== mon.0 v2:172.21.15.80:3300/0 2 ==== config(26 keys) ==== 1101+0+0 (secure 0 0 0) 0x7f5db801b8f0 con 0x7f5dc81074d0
2024-04-25T14:12:28.944 INFO:teuthology.orchestra.run.smithi080.stdout:/usr/bin/ceph: stderr
2024-04-25T14:12:27.943+0000 7f5dcd200700 1 -- 172.21.15.80:0/4276985576 --> [v2:172.21.15.80:3300/0,v1:172.21.15.80:6789/0] -- mon_subscribe({mgrmap=0+}) -- 0x7f5dc810bac0 con 0x7f5dc81074d0
2024-04-25T14:12:28.944 INFO:teuthology.orchestra.run.smithi080.stdout:/usr/bin/ceph: stderr
2024-04-25T14:12:27.943+0000 7f5dbea00700 1 -- 172.21.15.80:0/4276985576 <== mon.0 v2:172.21.15.80:3300/0 3 ==== mon_map magic: 0 ==== 205+0+0 (secure 0 0 0) 0x7f5db8019770 con 0x7f5dc81074d0
2024-04-25T14:12:28.944 INFO:teuthology.orchestra.run.smithi080.stdout:/usr/bin/ceph: stderr
2024-04-25T14:12:27.943+0000 7f5dcd200700 1 -- 172.21.15.80:0/4276985576 --> [v2:172.21.15.80:3300/0,v1:172.21.15.80:6789/0] -- mon_subscribe({osdmap=0}) -- 0x7f5dc810c000 con 0x7f5dc81074d0
2024-04-25T14:12:28.944 INFO:teuthology.orchestra.run.smithi080.stdout:/usr/bin/ceph: stderr
2024-04-25T14:12:27.944+0000 7f5dbea00700 1 -- 172.21.15.80:0/4276985576 <== mon.0 v2:172.21.15.80:3300/0 4 ==== mgrmap(e 8) ==== 46558+0+0 (secure 0 0 0) 0x7f5db8019a70 con 0x7f5dc81074d0
2024-04-25T14:12:28.944 INFO:teuthology.orchestra.run.smithi080.stdout:/usr/bin/ceph: stderr
2024-04-25T14:12:27.944+0000 7f5dcd200700 1 -- 172.21.15.80:0/4276985576 --> [v2:172.21.15.80:3300/0,v1:172.21.15.80:6789/0] -- mon_command({"prefix": "get_command_descriptions"} v 0) -- 0x7f5dc80640a0 con 0x7f5dc81074d0
2024-04-25T14:12:28.944 INFO:teuthology.orchestra.run.smithi080.stdout:/usr/bin/ceph: stderr
2024-04-25T14:12:27.944+0000 7f5dbea00700 1 --2- 172.21.15.80:0/4276985576 >> [v2:172.21.15.80:6800/1241695893,v1:172.21.15.80:6801/1241695893] conn(0x7f5dac0395b0 0x7f5dac03ba70 unknown :-1 s=NONE pgs=0 cs=0 l=1 rev1=0 crypto rx=0 tx=0 comp rx=0 tx=0).connect
2024-04-25T14:12:28.944 INFO:teuthology.orchestra.run.smithi080.stdout:/usr/bin/ceph: stderr
2024-04-25T14:12:27.944+0000 7f5dbea00700 1 -- 172.21.15.80:0/4276985576 <== mon.0 v2:172.21.15.80:3300/0 5 ==== osd_map(2..2 src has 1..2) ==== 940+0+0 (secure 0 0 0) 0x7f5db804def0 con 0x7f5dc81074d0
2024-04-25T14:12:28.945 INFO:teuthology.orchestra.run.smithi080.stdout:/usr/bin/ceph: stderr
2024-04-25T14:12:27.945+0000 7f5dc5400700 1 --2- 172.21.15.80:0/4276985576 >> [v2:172.21.15.80:6800/1241695893,v1:172.21.15.80:6801/1241695893] conn(0x7f5dac0395b0 0x7f5dac03ba70 unknown :-1 s=BANNER_CONNECTING pgs=0 cs=0 l=1 rev1=0 crypto rx=0 tx=0 comp rx=0 tx=0)._handle_peer_banner_payload supported=3 required=0
2024-04-25T14:12:28.945 INFO:teuthology.orchestra.run.smithi080.stdout:/usr/bin/ceph: stderr
2024-04-25T14:12:27.945+0000 7f5dc5400700 1 --2- 172.21.15.80:0/4276985576 >> [v2:172.21.15.80:6800/1241695893,v1:172.21.15.80:6801/1241695893] conn(0x7f5dac0395b0 0x7f5dac03ba70 secure :-1 s=READY pgs=13 cs=0 l=1 rev1=1 crypto rx=0x7f5db4006fd0 tx=0x7f5db4006e40 comp rx=0 tx=0).ready entity=mgr.14120 client_cookie=0 server_cookie=0 in_seq=0 out_seq=0
2024-04-25T14:12:28.945 INFO:teuthology.orchestra.run.smithi080.stdout:/usr/bin/ceph: stderr
2024-04-25T14:12:27.950+0000 7f5dbea00700 1 -- 172.21.15.80:0/4276985576 <== mon.0 v2:172.21.15.80:3300/0 6 ==== mon_command_ack([{"prefix": "get_command_descriptions"}]=0 v0) ==== 72+0+188370 (secure 0 0 0) 0x7f5db801f030 con 0x7f5dc81074d0
2024-04-25T14:12:28.945 INFO:teuthology.orchestra.run.smithi080.stdout:/usr/bin/ceph: stderr
2024-04-25T14:12:28.190+0000 7f5dcd200700 1 -- 172.21.15.80:0/4276985576 --> [v2:172.21.15.80:6800/1241695893,v1:172.21.15.80:6801/1241695893] -- mgr_command(tid 0: {"prefix": "orch apply", "service_type": "mgr", "unmanaged": true, "target": ["mon-mgr", ""]}) -- 0x7f5dc8195e40 con 0x7f5dac0395b0
2024-04-25T14:12:28.945 INFO:teuthology.orchestra.run.smithi080.stdout:/usr/bin/ceph: stderr
2024-04-25T14:12:28.202+0000 7f5dbea00700 1 -- 172.21.15.80:0/4276985576 <== mgr.14120 v2:172.21.15.80:6800/1241695893 1 ==== mgr_command_reply(tid 0: 0 ) ==== 8+0+24 (secure 0 0 0) 0x7f5dc8195e40 con 0x7f5dac0395b0
2024-04-25T14:12:28.945 INFO:teuthology.orchestra.run.smithi080.stdout:/usr/bin/ceph: stderr
2024-04-25T14:12:28.204+0000 7f5dcd200700 1 -- 172.21.15.80:0/4276985576 >> [v2:172.21.15.80:6800/1241695893,v1:172.21.15.80:6801/1241695893] conn(0x7f5dac0395b0 msgr2=0x7f5dac03ba70 secure :-1 s=STATE_CONNECTION_ESTABLISHED l=1).mark_down
2024-04-25T14:12:28.945 INFO:teuthology.orchestra.run.smithi080.stdout:/usr/bin/ceph: stderr
2024-04-25T14:12:28.204+0000 7f5dcd200700 1 --2- 172.21.15.80:0/4276985576 >> [v2:172.21.15.80:6800/1241695893,v1:172.21.15.80:6801/1241695893] conn(0x7f5dac0395b0 0x7f5dac03ba70 secure :-1 s=READY pgs=13 cs=0 l=1 rev1=1 crypto rx=0x7f5db4006fd0 tx=0x7f5db4006e40 comp rx=0 tx=0).stop
2024-04-25T14:12:28.945 INFO:teuthology.orchestra.run.smithi080.stdout:/usr/bin/ceph: stderr
2024-04-25T14:12:28.204+0000 7f5dcd200700 1 -- 172.21.15.80:0/4276985576 >> [v2:172.21.15.80:3300/0,v1:172.21.15.80:6789/0] conn(0x7f5dc81074d0 msgr2=0x7f5dc810d390 secure :-1 s=STATE_CONNECTION_ESTABLISHED l=1).mark_down
2024-04-25T14:12:28.945 INFO:teuthology.orchestra.run.smithi080.stdout:/usr/bin/ceph: stderr
2024-04-25T14:12:28.204+0000 7f5dcd200700 1 --2- 172.21.15.80:0/4276985576 >> [v2:172.21.15.80:3300/0,v1:172.21.15.80:6789/0] conn(0x7f5dc81074d0 0x7f5dc810d390 secure :-1 s=READY pgs=50 cs=0 l=1 rev1=1 crypto rx=0x7f5db8009520 tx=0x7f5db8011aa0 comp rx=0 tx=0).stop
2024-04-25T14:12:28.945 INFO:teuthology.orchestra.run.smithi080.stdout:/usr/bin/ceph: stderr
2024-04-25T14:12:28.204+0000 7f5dcd200700 1 -- 172.21.15.80:0/4276985576 shutdown_connections
2024-04-25T14:12:28.945 INFO:teuthology.orchestra.run.smithi080.stdout:/usr/bin/ceph: stderr
2024-04-25T14:12:28.205+0000 7f5dcd200700 1 --2- 172.21.15.80:0/4276985576 >> [v2:172.21.15.80:6800/1241695893,v1:172.21.15.80:6801/1241695893] conn(0x7f5dac0395b0 0x7f5dac03ba70 unknown :-1 s=CLOSED pgs=13 cs=0 l=1 rev1=1 crypto rx=0 tx=0 comp rx=0 tx=0).stop
2024-04-25T14:12:28.945 INFO:teuthology.orchestra.run.smithi080.stdout:/usr/bin/ceph: stderr
2024-04-25T14:12:28.205+0000 7f5dcd200700 1 --2- 172.21.15.80:0/4276985576 >> [v2:172.21.15.80:3300/0,v1:172.21.15.80:6789/0] conn(0x7f5dc81074d0 0x7f5dc810d390 unknown :-1 s=CLOSED pgs=50 cs=0 l=1 rev1=1 crypto rx=0 tx=0 comp rx=0 tx=0).stop
2024-04-25T14:12:28.945 INFO:teuthology.orchestra.run.smithi080.stdout:/usr/bin/ceph: stderr
2024-04-25T14:12:28.205+0000 7f5dcd200700 1 -- 172.21.15.80:0/4276985576 >> 172.21.15.80:0/4276985576 conn(0x7f5dc8102ab0 msgr2=0x7f5dc8103610 unknown :-1 s=STATE_NONE l=0).mark_down
2024-04-25T14:12:28.945 INFO:teuthology.orchestra.run.smithi080.stdout:/usr/bin/ceph: stderr
2024-04-25T14:12:28.205+0000 7f5dcd200700 1 -- 172.21.15.80:0/4276985576 shutdown_connections
2024-04-25T14:12:28.946 INFO:teuthology.orchestra.run.smithi080.stdout:/usr/bin/ceph: stderr
2024-04-25T14:12:28.205+0000 7f5dcd200700 1 -- 172.21.15.80:0/4276985576 wait complete.
2024-04-25T14:12:29.822 INFO:journalctl@ceph.mon.a.smithi080.stdout:Apr 25 14:12:29 smithi080 ceph-mon[28016]: from='client.14144 -' entity='client.admin' cmd=[{"prefix": "orch apply", "service_type": "mgr", "unmanaged": true, "target": ["mon-mgr", ""]}]: dispatch
2024-04-25T14:12:29.822 INFO:journalctl@ceph.mon.a.smithi080.stdout:Apr 25 14:12:29 smithi080 ceph-mon[28016]: Saving service mgr spec with placement count:2
2024-04-25T14:12:29.822 INFO:journalctl@ceph.mon.a.smithi080.stdout:Apr 25 14:12:29 smithi080 ceph-mon[28016]: pgmap v3: 0 pgs: ; 0 B data, 0 B used, 0 B / 0 B avail
2024-04-25T14:12:30.846 INFO:teuthology.orchestra.run.smithi080.stdout:/usr/bin/ceph: stderr
2024-04-25T14:12:29.557+0000 7f86a6e00700 1 Processor -- start
2024-04-25T14:12:30.846 INFO:teuthology.orchestra.run.smithi080.stdout:/usr/bin/ceph: stderr
2024-04-25T14:12:29.557+0000 7f86a6e00700 1 -- start start
2024-04-25T14:12:30.846 INFO:teuthology.orchestra.run.smithi080.stdout:/usr/bin/ceph: stderr
2024-04-25T14:12:29.558+0000 7f86a6e00700 1 --2- >> [v2:172.21.15.80:3300/0,v1:172.21.15.80:6789/0] conn(0x7f86a010ffe0 0x7f86a0110400 unknown :-1 s=NONE pgs=0 cs=0 l=0 rev1=0 crypto rx=0 tx=0 comp rx=0 tx=0).connect
2024-04-25T14:12:30.851 INFO:teuthology.orchestra.run.smithi080.stdout:/usr/bin/ceph: stderr
2024-04-25T14:12:29.558+0000 7f86a6e00700 1 -- --> [v2:172.21.15.80:3300/0,v1:172.21.15.80:6789/0] -- mon_getmap magic: 0 -- 0x7f86a01109d0 con 0x7f86a010ffe0
2024-04-25T14:12:30.851 INFO:teuthology.orchestra.run.smithi080.stdout:/usr/bin/ceph: stderr
2024-04-25T14:12:29.558+0000 7f869fe00700 1 --2- >> [v2:172.21.15.80:3300/0,v1:172.21.15.80:6789/0] conn(0x7f86a010ffe0 0x7f86a0110400 unknown :-1 s=BANNER_CONNECTING pgs=0 cs=0 l=0 rev1=0 crypto rx=0 tx=0 comp rx=0 tx=0)._handle_peer_banner_payload supported=3 required=0
2024-04-25T14:12:30.851 INFO:teuthology.orchestra.run.smithi080.stdout:/usr/bin/ceph: stderr
2024-04-25T14:12:29.558+0000 7f869fe00700 1 --2- >> [v2:172.21.15.80:3300/0,v1:172.21.15.80:6789/0] conn(0x7f86a010ffe0 0x7f86a0110400 unknown :-1 s=HELLO_CONNECTING pgs=0 cs=0 l=0 rev1=1 crypto rx=0 tx=0 comp rx=0 tx=0).handle_hello peer v2:172.21.15.80:3300/0 says I am v2:172.21.15.80:37756/0 (socket says 172.21.15.80:37756)
2024-04-25T14:12:30.851 INFO:teuthology.orchestra.run.smithi080.stdout:/usr/bin/ceph: stderr
2024-04-25T14:12:29.558+0000 7f869fe00700 1 -- 172.21.15.80:0/3995042352 learned_addr learned my addr 172.21.15.80:0/3995042352 (peer_addr_for_me v2:172.21.15.80:0/0)
2024-04-25T14:12:30.851 INFO:teuthology.orchestra.run.smithi080.stdout:/usr/bin/ceph: stderr
2024-04-25T14:12:29.559+0000 7f869fe00700 1 -- 172.21.15.80:0/3995042352 --> [v2:172.21.15.80:3300/0,v1:172.21.15.80:6789/0] -- mon_subscribe({config=0+,monmap=0+}) -- 0x7f86a0110b50 con 0x7f86a010ffe0
2024-04-25T14:12:30.851 INFO:teuthology.orchestra.run.smithi080.stdout:/usr/bin/ceph: stderr
2024-04-25T14:12:29.559+0000 7f869fe00700 1 --2- 172.21.15.80:0/3995042352 >> [v2:172.21.15.80:3300/0,v1:172.21.15.80:6789/0] conn(0x7f86a010ffe0 0x7f86a0110400 secure :-1 s=READY pgs=51 cs=0 l=1 rev1=1 crypto rx=0x7f86900098a0 tx=0x7f8690009bb0 comp rx=0 tx=0).ready entity=mon.0 client_cookie=4221f7d8ffa6fa29 server_cookie=0 in_seq=0 out_seq=0
2024-04-25T14:12:30.851 INFO:teuthology.orchestra.run.smithi080.stdout:/usr/bin/ceph: stderr
2024-04-25T14:12:29.559+0000 7f869ea00700 1 -- 172.21.15.80:0/3995042352 <== mon.0 v2:172.21.15.80:3300/0 1 ==== mon_map magic: 0 ==== 205+0+0 (secure 0 0 0) 0x7f8690004160 con 0x7f86a010ffe0
2024-04-25T14:12:30.852 INFO:teuthology.orchestra.run.smithi080.stdout:/usr/bin/ceph: stderr
2024-04-25T14:12:29.559+0000 7f869ea00700 1 -- 172.21.15.80:0/3995042352 <== mon.0 v2:172.21.15.80:3300/0 2 ==== config(26 keys) ==== 1101+0+0 (secure 0 0 0) 0x7f8690004300 con 0x7f86a010ffe0
2024-04-25T14:12:30.852 INFO:teuthology.orchestra.run.smithi080.stdout:/usr/bin/ceph: stderr
2024-04-25T14:12:29.559+0000 7f869ea00700 1 -- 172.21.15.80:0/3995042352 <== mon.0 v2:172.21.15.80:3300/0 3 ==== mon_map magic: 0 ==== 205+0+0 (secure 0 0 0) 0x7f8690011a20 con 0x7f86a010ffe0
2024-04-25T14:12:30.852 INFO:teuthology.orchestra.run.smithi080.stdout:/usr/bin/ceph: stderr
2024-04-25T14:12:29.560+0000 7f86a6e00700 1 -- 172.21.15.80:0/3995042352 >> [v2:172.21.15.80:3300/0,v1:172.21.15.80:6789/0] conn(0x7f86a010ffe0 msgr2=0x7f86a0110400 secure :-1 s=STATE_CONNECTION_ESTABLISHED l=1).mark_down
2024-04-25T14:12:30.852 INFO:teuthology.orchestra.run.smithi080.stdout:/usr/bin/ceph: stderr
2024-04-25T14:12:29.560+0000 7f86a6e00700 1 --2- 172.21.15.80:0/3995042352 >> [v2:172.21.15.80:3300/0,v1:172.21.15.80:6789/0] conn(0x7f86a010ffe0 0x7f86a0110400 secure :-1 s=READY pgs=51 cs=0 l=1 rev1=1 crypto rx=0x7f86900098a0 tx=0x7f8690009bb0 comp rx=0 tx=0).stop
2024-04-25T14:12:30.852 INFO:teuthology.orchestra.run.smithi080.stdout:/usr/bin/ceph: stderr
2024-04-25T14:12:29.560+0000 7f86a6e00700 1 -- 172.21.15.80:0/3995042352 shutdown_connections
2024-04-25T14:12:30.852 INFO:teuthology.orchestra.run.smithi080.stdout:/usr/bin/ceph: stderr
2024-04-25T14:12:29.560+0000 7f86a6e00700 1 --2- 172.21.15.80:0/3995042352 >> [v2:172.21.15.80:3300/0,v1:172.21.15.80:6789/0] conn(0x7f86a010ffe0 0x7f86a0110400 unknown :-1 s=CLOSED pgs=51 cs=0 l=1 rev1=1 crypto rx=0 tx=0 comp rx=0 tx=0).stop
2024-04-25T14:12:30.852 INFO:teuthology.orchestra.run.smithi080.stdout:/usr/bin/ceph: stderr
2024-04-25T14:12:29.560+0000 7f86a6e00700 1 -- 172.21.15.80:0/3995042352 >> 172.21.15.80:0/3995042352 conn(0x7f86a006f2a0 msgr2=0x7f86a00716c0 unknown :-1 s=STATE_NONE l=0).mark_down
2024-04-25T14:12:30.852 INFO:teuthology.orchestra.run.smithi080.stdout:/usr/bin/ceph: stderr
2024-04-25T14:12:29.560+0000 7f86a6e00700 1 -- 172.21.15.80:0/3995042352 shutdown_connections
2024-04-25T14:12:30.852 INFO:teuthology.orchestra.run.smithi080.stdout:/usr/bin/ceph: stderr
2024-04-25T14:12:29.560+0000 7f86a6e00700 1 -- 172.21.15.80:0/3995042352 wait complete.
2024-04-25T14:12:30.852 INFO:teuthology.orchestra.run.smithi080.stdout:/usr/bin/ceph: stderr
2024-04-25T14:12:29.561+0000 7f86a6e00700 1 Processor -- start
2024-04-25T14:12:30.852 INFO:teuthology.orchestra.run.smithi080.stdout:/usr/bin/ceph: stderr
2024-04-25T14:12:29.561+0000 7f86a6e00700 1 -- start start
2024-04-25T14:12:30.853 INFO:teuthology.orchestra.run.smithi080.stdout:/usr/bin/ceph: stderr
2024-04-25T14:12:29.562+0000 7f86a6e00700 1 --2- >> [v2:172.21.15.80:3300/0,v1:172.21.15.80:6789/0] conn(0x7f86a010ffe0 0x7f86a0112920 unknown :-1 s=NONE pgs=0 cs=0 l=1 rev1=0 crypto rx=0 tx=0 comp rx=0 tx=0).connect
2024-04-25T14:12:30.853 INFO:teuthology.orchestra.run.smithi080.stdout:/usr/bin/ceph: stderr
2024-04-25T14:12:29.562+0000 7f86a6e00700 1 -- --> [v2:172.21.15.80:3300/0,v1:172.21.15.80:6789/0] -- mon_getmap magic: 0 -- 0x7f86a0074ac0 con 0x7f86a010ffe0
2024-04-25T14:12:30.853 INFO:teuthology.orchestra.run.smithi080.stdout:/usr/bin/ceph: stderr
2024-04-25T14:12:29.562+0000 7f869fe00700 1 --2- >> [v2:172.21.15.80:3300/0,v1:172.21.15.80:6789/0] conn(0x7f86a010ffe0 0x7f86a0112920 unknown :-1 s=BANNER_CONNECTING pgs=0 cs=0 l=1 rev1=0 crypto rx=0 tx=0 comp rx=0 tx=0)._handle_peer_banner_payload supported=3 required=0
2024-04-25T14:12:30.853 INFO:teuthology.orchestra.run.smithi080.stdout:/usr/bin/ceph: stderr
2024-04-25T14:12:29.562+0000 7f869fe00700 1 --2- >> [v2:172.21.15.80:3300/0,v1:172.21.15.80:6789/0] conn(0x7f86a010ffe0 0x7f86a0112920 unknown :-1 s=HELLO_CONNECTING pgs=0 cs=0 l=1 rev1=1 crypto rx=0 tx=0 comp rx=0 tx=0).handle_hello peer v2:172.21.15.80:3300/0 says I am v2:172.21.15.80:37768/0 (socket says 172.21.15.80:37768)
2024-04-25T14:12:30.853 INFO:teuthology.orchestra.run.smithi080.stdout:/usr/bin/ceph: stderr
2024-04-25T14:12:29.562+0000 7f869fe00700 1 -- 172.21.15.80:0/1118668840 learned_addr learned my addr 172.21.15.80:0/1118668840 (peer_addr_for_me v2:172.21.15.80:0/0)
2024-04-25T14:12:30.853 INFO:teuthology.orchestra.run.smithi080.stdout:/usr/bin/ceph: stderr
2024-04-25T14:12:29.562+0000 7f869fe00700 1 -- 172.21.15.80:0/1118668840 --> [v2:172.21.15.80:3300/0,v1:172.21.15.80:6789/0] -- mon_subscribe({config=0+,monmap=0+}) -- 0x7f86a0112e60 con 0x7f86a010ffe0
2024-04-25T14:12:30.853 INFO:teuthology.orchestra.run.smithi080.stdout:/usr/bin/ceph: stderr
2024-04-25T14:12:29.563+0000 7f869fe00700 1 --2- 172.21.15.80:0/1118668840 >> [v2:172.21.15.80:3300/0,v1:172.21.15.80:6789/0] conn(0x7f86a010ffe0 0x7f86a0112920 secure :-1 s=READY pgs=52 cs=0 l=1 rev1=1 crypto rx=0x7f8690009520 tx=0x7f8690011aa0 comp rx=0 tx=0).ready entity=mon.0 client_cookie=0 server_cookie=0 in_seq=0 out_seq=0
2024-04-25T14:12:30.853 INFO:teuthology.orchestra.run.smithi080.stdout:/usr/bin/ceph: stderr
2024-04-25T14:12:29.563+0000 7f869cc00700 1 -- 172.21.15.80:0/1118668840 <== mon.0 v2:172.21.15.80:3300/0 1 ==== mon_map magic: 0 ==== 205+0+0 (secure 0 0 0) 0x7f86900039e0 con 0x7f86a010ffe0
2024-04-25T14:12:30.853 INFO:teuthology.orchestra.run.smithi080.stdout:/usr/bin/ceph: stderr
2024-04-25T14:12:29.563+0000 7f869cc00700 1 -- 172.21.15.80:0/1118668840 <== mon.0 v2:172.21.15.80:3300/0 2 ==== config(26 keys) ==== 1101+0+0 (secure 0 0 0) 0x7f869001b8f0 con 0x7f86a010ffe0
2024-04-25T14:12:30.853 INFO:teuthology.orchestra.run.smithi080.stdout:/usr/bin/ceph: stderr
2024-04-25T14:12:29.563+0000 7f869cc00700 1 -- 172.21.15.80:0/1118668840 <== mon.0 v2:172.21.15.80:3300/0 3 ==== mon_map magic: 0 ==== 205+0+0 (secure 0 0 0) 0x7f8690019770 con 0x7f86a010ffe0
2024-04-25T14:12:30.853 INFO:teuthology.orchestra.run.smithi080.stdout:/usr/bin/ceph: stderr
2024-04-25T14:12:29.563+0000 7f86a6e00700 1 -- 172.21.15.80:0/1118668840 --> [v2:172.21.15.80:3300/0,v1:172.21.15.80:6789/0] -- mon_subscribe({mgrmap=0+}) -- 0x7f86a0111050 con 0x7f86a010ffe0
2024-04-25T14:12:30.853 INFO:teuthology.orchestra.run.smithi080.stdout:/usr/bin/ceph: stderr
2024-04-25T14:12:29.563+0000 7f86a6e00700 1 -- 172.21.15.80:0/1118668840 --> [v2:172.21.15.80:3300/0,v1:172.21.15.80:6789/0] -- mon_subscribe({osdmap=0}) -- 0x7f86a0111590 con 0x7f86a010ffe0
2024-04-25T14:12:30.853 INFO:teuthology.orchestra.run.smithi080.stdout:/usr/bin/ceph: stderr
2024-04-25T14:12:29.564+0000 7f86a6e00700 1 -- 172.21.15.80:0/1118668840 --> [v2:172.21.15.80:3300/0,v1:172.21.15.80:6789/0] -- mon_command({"prefix": "get_command_descriptions"} v 0) -- 0x7f86a00640a0 con 0x7f86a010ffe0
2024-04-25T14:12:30.854 INFO:teuthology.orchestra.run.smithi080.stdout:/usr/bin/ceph: stderr
2024-04-25T14:12:29.564+0000 7f869cc00700 1 -- 172.21.15.80:0/1118668840 <== mon.0 v2:172.21.15.80:3300/0 4 ==== mgrmap(e 8) ==== 46558+0+0 (secure 0 0 0) 0x7f869001b440 con 0x7f86a010ffe0
2024-04-25T14:12:30.854 INFO:teuthology.orchestra.run.smithi080.stdout:/usr/bin/ceph: stderr
2024-04-25T14:12:29.565+0000 7f869cc00700 1 --2- 172.21.15.80:0/1118668840 >> [v2:172.21.15.80:6800/1241695893,v1:172.21.15.80:6801/1241695893] conn(0x7f8684039600 0x7f868403bac0 unknown :-1 s=NONE pgs=0 cs=0 l=1 rev1=0 crypto rx=0 tx=0 comp rx=0 tx=0).connect
2024-04-25T14:12:30.854 INFO:teuthology.orchestra.run.smithi080.stdout:/usr/bin/ceph: stderr
2024-04-25T14:12:29.565+0000 7f869cc00700 1 -- 172.21.15.80:0/1118668840 <== mon.0 v2:172.21.15.80:3300/0 5 ==== osd_map(2..2 src has 1..2) ==== 940+0+0 (secure 0 0 0) 0x7f869004def0 con 0x7f86a010ffe0
2024-04-25T14:12:30.854 INFO:teuthology.orchestra.run.smithi080.stdout:/usr/bin/ceph: stderr
2024-04-25T14:12:29.565+0000 7f869f400700 1 --2- 172.21.15.80:0/1118668840 >> [v2:172.21.15.80:6800/1241695893,v1:172.21.15.80:6801/1241695893] conn(0x7f8684039600 0x7f868403bac0 unknown :-1 s=BANNER_CONNECTING pgs=0 cs=0 l=1 rev1=0 crypto rx=0 tx=0 comp rx=0 tx=0)._handle_peer_banner_payload supported=3 required=0
2024-04-25T14:12:30.854 INFO:teuthology.orchestra.run.smithi080.stdout:/usr/bin/ceph: stderr
2024-04-25T14:12:29.566+0000 7f869f400700 1 --2- 172.21.15.80:0/1118668840 >> [v2:172.21.15.80:6800/1241695893,v1:172.21.15.80:6801/1241695893] conn(0x7f8684039600 0x7f868403bac0 secure :-1 s=READY pgs=14 cs=0 l=1 rev1=1 crypto rx=0x7f868c006fd0 tx=0x7f868c006e40 comp rx=0 tx=0).ready entity=mgr.14120 client_cookie=0 server_cookie=0 in_seq=0 out_seq=0
2024-04-25T14:12:30.854 INFO:teuthology.orchestra.run.smithi080.stdout:/usr/bin/ceph: stderr
2024-04-25T14:12:29.570+0000 7f869cc00700 1 -- 172.21.15.80:0/1118668840 <== mon.0 v2:172.21.15.80:3300/0 6 ==== mon_command_ack([{"prefix": "get_command_descriptions"}]=0 v0) ==== 72+0+188370 (secure 0 0 0) 0x7f869001f030 con 0x7f86a010ffe0
2024-04-25T14:12:30.854 INFO:teuthology.orchestra.run.smithi080.stdout:/usr/bin/ceph: stderr
2024-04-25T14:12:29.795+0000 7f86a6e00700 1 -- 172.21.15.80:0/1118668840 --> [v2:172.21.15.80:3300/0,v1:172.21.15.80:6789/0] -- mon_command([{prefix=config set, name=mgr/cephadm/container_init}] v 0) -- 0x7f86a0111d30 con 0x7f86a010ffe0
2024-04-25T14:12:30.854 INFO:teuthology.orchestra.run.smithi080.stdout:/usr/bin/ceph: stderr
2024-04-25T14:12:29.801+0000 7f869cc00700 1 -- 172.21.15.80:0/1118668840 <== mon.0 v2:172.21.15.80:3300/0 7 ==== mon_command_ack([{prefix=config set, name=mgr/cephadm/container_init}]=0 v7)=0 v7) ==== 142+0+0 (secure 0 0 0) 0x7f8690010380 con 0x7f86a010ffe0
2024-04-25T14:12:30.854 INFO:teuthology.orchestra.run.smithi080.stdout:/usr/bin/ceph: stderr
2024-04-25T14:12:29.804+0000 7f86a6e00700 1 -- 172.21.15.80:0/1118668840 >> [v2:172.21.15.80:6800/1241695893,v1:172.21.15.80:6801/1241695893] conn(0x7f8684039600 msgr2=0x7f868403bac0 secure :-1 s=STATE_CONNECTION_ESTABLISHED l=1).mark_down
2024-04-25T14:12:30.854 INFO:teuthology.orchestra.run.smithi080.stdout:/usr/bin/ceph: stderr
2024-04-25T14:12:29.804+0000 7f86a6e00700 1 --2- 172.21.15.80:0/1118668840 >> [v2:172.21.15.80:6800/1241695893,v1:172.21.15.80:6801/1241695893] conn(0x7f8684039600 0x7f868403bac0 secure :-1 s=READY pgs=14 cs=0 l=1 rev1=1 crypto rx=0x7f868c006fd0 tx=0x7f868c006e40 comp rx=0 tx=0).stop
2024-04-25T14:12:30.854 INFO:teuthology.orchestra.run.smithi080.stdout:/usr/bin/ceph: stderr
2024-04-25T14:12:29.804+0000 7f86a6e00700 1 -- 172.21.15.80:0/1118668840 >> [v2:172.21.15.80:3300/0,v1:172.21.15.80:6789/0] conn(0x7f86a010ffe0 msgr2=0x7f86a0112920 secure :-1 s=STATE_CONNECTION_ESTABLISHED l=1).mark_down
2024-04-25T14:12:30.854 INFO:teuthology.orchestra.run.smithi080.stdout:/usr/bin/ceph: stderr
2024-04-25T14:12:29.804+0000 7f86a6e00700 1 --2- 172.21.15.80:0/1118668840 >> [v2:172.21.15.80:3300/0,v1:172.21.15.80:6789/0] conn(0x7f86a010ffe0 0x7f86a0112920 secure :-1 s=READY pgs=52 cs=0 l=1 rev1=1 crypto rx=0x7f8690009520 tx=0x7f8690011aa0 comp rx=0 tx=0).stop
2024-04-25T14:12:30.855 INFO:teuthology.orchestra.run.smithi080.stdout:/usr/bin/ceph: stderr
2024-04-25T14:12:29.804+0000 7f86a6e00700 1 -- 172.21.15.80:0/1118668840 shutdown_connections
2024-04-25T14:12:30.855 INFO:teuthology.orchestra.run.smithi080.stdout:/usr/bin/ceph: stderr
2024-04-25T14:12:29.804+0000 7f86a6e00700 1 --2- 172.21.15.80:0/1118668840 >> [v2:172.21.15.80:6800/1241695893,v1:172.21.15.80:6801/1241695893] conn(0x7f8684039600 0x7f868403bac0 unknown :-1 s=CLOSED pgs=14 cs=0 l=1 rev1=1 crypto rx=0 tx=0 comp rx=0 tx=0).stop
2024-04-25T14:12:30.855 INFO:teuthology.orchestra.run.smithi080.stdout:/usr/bin/ceph: stderr
2024-04-25T14:12:29.804+0000 7f86a6e00700 1 --2- 172.21.15.80:0/1118668840 >> [v2:172.21.15.80:3300/0,v1:172.21.15.80:6789/0] conn(0x7f86a010ffe0 0x7f86a0112920 unknown :-1 s=CLOSED pgs=52 cs=0 l=1 rev1=1 crypto rx=0 tx=0 comp rx=0 tx=0).stop
2024-04-25T14:12:30.855 INFO:teuthology.orchestra.run.smithi080.stdout:/usr/bin/ceph: stderr
2024-04-25T14:12:29.804+0000 7f86a6e00700 1 -- 172.21.15.80:0/1118668840 >> 172.21.15.80:0/1118668840 conn(0x7f86a006f2a0 msgr2=0x7f86a0070d90 unknown :-1 s=STATE_NONE l=0).mark_down
2024-04-25T14:12:30.855 INFO:teuthology.orchestra.run.smithi080.stdout:/usr/bin/ceph: stderr
2024-04-25T14:12:29.805+0000 7f86a6e00700 1 -- 172.21.15.80:0/1118668840 shutdown_connections
2024-04-25T14:12:30.855 INFO:teuthology.orchestra.run.smithi080.stdout:/usr/bin/ceph: stderr
2024-04-25T14:12:29.805+0000 7f86a6e00700 1 -- 172.21.15.80:0/1118668840 wait complete.
2024-04-25T14:12:31.075 INFO:journalctl@ceph.mon.a.smithi080.stdout:Apr 25 14:12:30 smithi080 ceph-mon[28016]: from='client.? 172.21.15.80:0/1118668840' entity='client.admin'
2024-04-25T14:12:31.076 INFO:journalctl@ceph.mon.a.smithi080.stdout:Apr 25 14:12:30 smithi080 ceph-mon[28016]: from='mgr.14120 172.21.15.80:0/4195892000' entity='mgr.x'
2024-04-25T14:12:32.076 INFO:journalctl@ceph.mon.a.smithi080.stdout:Apr 25 14:12:31 smithi080 ceph-mon[28016]: pgmap v4: 0 pgs: ; 0 B data, 0 B used, 0 B / 0 B avail
2024-04-25T14:12:32.076 INFO:journalctl@ceph.mon.a.smithi080.stdout:Apr 25 14:12:31 smithi080 ceph-mon[28016]: from='client.? 172.21.15.80:0/3393192183' entity='client.admin'
2024-04-25T14:12:32.455 INFO:teuthology.orchestra.run.smithi080.stdout:/usr/bin/ceph: stderr
2024-04-25T14:12:31.483+0000 7f1802a00700 1 Processor -- start
2024-04-25T14:12:32.455 INFO:teuthology.orchestra.run.smithi080.stdout:/usr/bin/ceph: stderr
2024-04-25T14:12:31.483+0000 7f1802a00700 1 -- start start
2024-04-25T14:12:32.455 INFO:teuthology.orchestra.run.smithi080.stdout:/usr/bin/ceph: stderr
2024-04-25T14:12:31.483+0000 7f1802a00700 1 --2- >> [v2:172.21.15.80:3300/0,v1:172.21.15.80:6789/0] conn(0x7f17fc1085c0 0x7f17fc1089e0 unknown :-1 s=NONE pgs=0 cs=0 l=0 rev1=0 crypto rx=0 tx=0 comp rx=0 tx=0).connect
2024-04-25T14:12:32.455 INFO:teuthology.orchestra.run.smithi080.stdout:/usr/bin/ceph: stderr
2024-04-25T14:12:31.483+0000 7f1802a00700 1 -- --> [v2:172.21.15.80:3300/0,v1:172.21.15.80:6789/0] -- mon_getmap magic: 0 -- 0x7f17fc108fb0 con 0x7f17fc1085c0
2024-04-25T14:12:32.455 INFO:teuthology.orchestra.run.smithi080.stdout:/usr/bin/ceph: stderr
2024-04-25T14:12:31.484+0000 7f17fbe00700 1 --2- >> [v2:172.21.15.80:3300/0,v1:172.21.15.80:6789/0] conn(0x7f17fc1085c0 0x7f17fc1089e0 unknown :-1 s=BANNER_CONNECTING pgs=0 cs=0 l=0 rev1=0 crypto rx=0 tx=0 comp rx=0 tx=0)._handle_peer_banner_payload supported=3 required=0
2024-04-25T14:12:32.456 INFO:teuthology.orchestra.run.smithi080.stdout:/usr/bin/ceph: stderr
2024-04-25T14:12:31.484+0000 7f17fbe00700 1 --2- >> [v2:172.21.15.80:3300/0,v1:172.21.15.80:6789/0] conn(0x7f17fc1085c0 0x7f17fc1089e0 unknown :-1 s=HELLO_CONNECTING pgs=0 cs=0 l=0 rev1=1 crypto rx=0 tx=0 comp rx=0 tx=0).handle_hello peer v2:172.21.15.80:3300/0 says I am v2:172.21.15.80:37782/0 (socket says 172.21.15.80:37782)
2024-04-25T14:12:32.456 INFO:teuthology.orchestra.run.smithi080.stdout:/usr/bin/ceph: stderr
2024-04-25T14:12:31.484+0000 7f17fbe00700 1 -- 172.21.15.80:0/1750170099 learned_addr learned my addr 172.21.15.80:0/1750170099 (peer_addr_for_me v2:172.21.15.80:0/0)
2024-04-25T14:12:32.456 INFO:teuthology.orchestra.run.smithi080.stdout:/usr/bin/ceph: stderr
2024-04-25T14:12:31.484+0000 7f17fbe00700 1 -- 172.21.15.80:0/1750170099 --> [v2:172.21.15.80:3300/0,v1:172.21.15.80:6789/0] -- mon_subscribe({config=0+,monmap=0+}) -- 0x7f17fc109770 con 0x7f17fc1085c0
2024-04-25T14:12:32.456 INFO:teuthology.orchestra.run.smithi080.stdout:/usr/bin/ceph: stderr
2024-04-25T14:12:31.485+0000 7f17fbe00700 1 --2- 172.21.15.80:0/1750170099 >> [v2:172.21.15.80:3300/0,v1:172.21.15.80:6789/0] conn(0x7f17fc1085c0 0x7f17fc1089e0 secure :-1 s=READY pgs=53 cs=0 l=1 rev1=1 crypto rx=0x7f17ec0098a0 tx=0x7f17ec009bb0 comp rx=0 tx=0).ready entity=mon.0 client_cookie=dbaae6e6739223f1 server_cookie=0 in_seq=0 out_seq=0
2024-04-25T14:12:32.456 INFO:teuthology.orchestra.run.smithi080.stdout:/usr/bin/ceph: stderr
2024-04-25T14:12:31.485+0000 7f17faa00700 1 -- 172.21.15.80:0/1750170099 <== mon.0 v2:172.21.15.80:3300/0 1 ==== mon_map magic: 0 ==== 205+0+0 (secure 0 0 0) 0x7f17ec004160 con 0x7f17fc1085c0
2024-04-25T14:12:32.456 INFO:teuthology.orchestra.run.smithi080.stdout:/usr/bin/ceph: stderr
2024-04-25T14:12:31.485+0000 7f17faa00700 1 -- 172.21.15.80:0/1750170099 <== mon.0 v2:172.21.15.80:3300/0 2 ==== config(26 keys) ==== 1101+0+0 (secure 0 0 0) 0x7f17ec004300 con 0x7f17fc1085c0
2024-04-25T14:12:32.456 INFO:teuthology.orchestra.run.smithi080.stdout:/usr/bin/ceph: stderr
2024-04-25T14:12:31.485+0000 7f17faa00700 1 -- 172.21.15.80:0/1750170099 <== mon.0 v2:172.21.15.80:3300/0 3 ==== mon_map magic: 0 ==== 205+0+0 (secure 0 0 0) 0x7f17ec011a20 con 0x7f17fc1085c0
2024-04-25T14:12:32.456 INFO:teuthology.orchestra.run.smithi080.stdout:/usr/bin/ceph: stderr
2024-04-25T14:12:31.485+0000 7f1802a00700 1 -- 172.21.15.80:0/1750170099 >> [v2:172.21.15.80:3300/0,v1:172.21.15.80:6789/0] conn(0x7f17fc1085c0 msgr2=0x7f17fc1089e0 secure :-1 s=STATE_CONNECTION_ESTABLISHED l=1).mark_down
2024-04-25T14:12:32.456 INFO:teuthology.orchestra.run.smithi080.stdout:/usr/bin/ceph: stderr
2024-04-25T14:12:31.485+0000 7f1802a00700 1 --2- 172.21.15.80:0/1750170099 >> [v2:172.21.15.80:3300/0,v1:172.21.15.80:6789/0] conn(0x7f17fc1085c0 0x7f17fc1089e0 secure :-1 s=READY pgs=53 cs=0 l=1 rev1=1 crypto rx=0x7f17ec0098a0 tx=0x7f17ec009bb0 comp rx=0 tx=0).stop
2024-04-25T14:12:32.456 INFO:teuthology.orchestra.run.smithi080.stdout:/usr/bin/ceph: stderr
2024-04-25T14:12:31.486+0000 7f1802a00700 1 -- 172.21.15.80:0/1750170099 shutdown_connections
2024-04-25T14:12:32.456 INFO:teuthology.orchestra.run.smithi080.stdout:/usr/bin/ceph: stderr
2024-04-25T14:12:31.486+0000 7f1802a00700 1 --2- 172.21.15.80:0/1750170099 >> [v2:172.21.15.80:3300/0,v1:172.21.15.80:6789/0] conn(0x7f17fc1085c0 0x7f17fc1089e0 unknown :-1 s=CLOSED pgs=53 cs=0 l=1 rev1=1 crypto rx=0 tx=0 comp rx=0 tx=0).stop
2024-04-25T14:12:32.456 INFO:teuthology.orchestra.run.smithi080.stdout:/usr/bin/ceph: stderr
2024-04-25T14:12:31.486+0000 7f1802a00700 1 -- 172.21.15.80:0/1750170099 >> 172.21.15.80:0/1750170099 conn(0x7f17fc103ba0 msgr2=0x7f17fc105fc0 unknown :-1 s=STATE_NONE l=0).mark_down
2024-04-25T14:12:32.456 INFO:teuthology.orchestra.run.smithi080.stdout:/usr/bin/ceph: stderr
2024-04-25T14:12:31.486+0000 7f1802a00700 1 -- 172.21.15.80:0/1750170099 shutdown_connections
2024-04-25T14:12:32.457 INFO:teuthology.orchestra.run.smithi080.stdout:/usr/bin/ceph: stderr
2024-04-25T14:12:31.486+0000 7f1802a00700 1 -- 172.21.15.80:0/1750170099 wait complete.
2024-04-25T14:12:32.457 INFO:teuthology.orchestra.run.smithi080.stdout:/usr/bin/ceph: stderr
2024-04-25T14:12:31.487+0000 7f1802a00700 1 Processor -- start
2024-04-25T14:12:32.457 INFO:teuthology.orchestra.run.smithi080.stdout:/usr/bin/ceph: stderr
2024-04-25T14:12:31.487+0000 7f1802a00700 1 -- start start
2024-04-25T14:12:32.457 INFO:teuthology.orchestra.run.smithi080.stdout:/usr/bin/ceph: stderr
2024-04-25T14:12:31.487+0000 7f1802a00700 1 --2- >> [v2:172.21.15.80:3300/0,v1:172.21.15.80:6789/0] conn(0x7f17fc1085c0 0x7f17fc19c440 unknown :-1 s=NONE pgs=0 cs=0 l=1 rev1=0 crypto rx=0 tx=0 comp rx=0 tx=0).connect
2024-04-25T14:12:32.457 INFO:teuthology.orchestra.run.smithi080.stdout:/usr/bin/ceph: stderr
2024-04-25T14:12:31.487+0000 7f1802a00700 1 -- --> [v2:172.21.15.80:3300/0,v1:172.21.15.80:6789/0] -- mon_getmap magic: 0 -- 0x7f17fc10cb20 con 0x7f17fc1085c0
2024-04-25T14:12:32.457 INFO:teuthology.orchestra.run.smithi080.stdout:/usr/bin/ceph: stderr
2024-04-25T14:12:31.487+0000 7f17fbe00700 1 --2- >> [v2:172.21.15.80:3300/0,v1:172.21.15.80:6789/0] conn(0x7f17fc1085c0 0x7f17fc19c440 unknown :-1 s=BANNER_CONNECTING pgs=0 cs=0 l=1 rev1=0 crypto rx=0 tx=0 comp rx=0 tx=0)._handle_peer_banner_payload supported=3 required=0
2024-04-25T14:12:32.457 INFO:teuthology.orchestra.run.smithi080.stdout:/usr/bin/ceph: stderr
2024-04-25T14:12:31.487+0000 7f17fbe00700 1 --2- >> [v2:172.21.15.80:3300/0,v1:172.21.15.80:6789/0] conn(0x7f17fc1085c0 0x7f17fc19c440 unknown :-1 s=HELLO_CONNECTING pgs=0 cs=0 l=1 rev1=1 crypto rx=0 tx=0 comp rx=0 tx=0).handle_hello peer v2:172.21.15.80:3300/0 says I am v2:172.21.15.80:37792/0 (socket says 172.21.15.80:37792)
2024-04-25T14:12:32.457 INFO:teuthology.orchestra.run.smithi080.stdout:/usr/bin/ceph: stderr
2024-04-25T14:12:31.488+0000 7f17fbe00700 1 -- 172.21.15.80:0/3393192183 learned_addr learned my addr 172.21.15.80:0/3393192183 (peer_addr_for_me v2:172.21.15.80:0/0)
2024-04-25T14:12:32.457 INFO:teuthology.orchestra.run.smithi080.stdout:/usr/bin/ceph: stderr
2024-04-25T14:12:31.488+0000 7f17fbe00700 1 -- 172.21.15.80:0/3393192183 --> [v2:172.21.15.80:3300/0,v1:172.21.15.80:6789/0] -- mon_subscribe({config=0+,monmap=0+}) -- 0x7f17fc19c980 con 0x7f17fc1085c0
2024-04-25T14:12:32.457 INFO:teuthology.orchestra.run.smithi080.stdout:/usr/bin/ceph: stderr
2024-04-25T14:12:31.488+0000 7f17fbe00700 1 --2- 172.21.15.80:0/3393192183 >> [v2:172.21.15.80:3300/0,v1:172.21.15.80:6789/0] conn(0x7f17fc1085c0 0x7f17fc19c440 secure :-1 s=READY pgs=54 cs=0 l=1 rev1=1 crypto rx=0x7f17ec009520 tx=0x7f17ec011aa0 comp rx=0 tx=0).ready entity=mon.0 client_cookie=0 server_cookie=0 in_seq=0 out_seq=0
2024-04-25T14:12:32.457 INFO:teuthology.orchestra.run.smithi080.stdout:/usr/bin/ceph: stderr
2024-04-25T14:12:31.488+0000 7f17f8c00700 1 -- 172.21.15.80:0/3393192183 <== mon.0 v2:172.21.15.80:3300/0 1 ==== mon_map magic: 0 ==== 205+0+0 (secure 0 0 0) 0x7f17ec0039e0 con 0x7f17fc1085c0
2024-04-25T14:12:32.457 INFO:teuthology.orchestra.run.smithi080.stdout:/usr/bin/ceph: stderr
2024-04-25T14:12:31.488+0000 7f17f8c00700 1 -- 172.21.15.80:0/3393192183 <== mon.0 v2:172.21.15.80:3300/0 2 ==== config(26 keys) ==== 1101+0+0 (secure 0 0 0) 0x7f17ec01b8f0 con 0x7f17fc1085c0
2024-04-25T14:12:32.458 INFO:teuthology.orchestra.run.smithi080.stdout:/usr/bin/ceph: stderr
2024-04-25T14:12:31.488+0000 7f1802a00700 1 -- 172.21.15.80:0/3393192183 --> [v2:172.21.15.80:3300/0,v1:172.21.15.80:6789/0] -- mon_subscribe({mgrmap=0+}) -- 0x7f17fc19cc10 con 0x7f17fc1085c0
2024-04-25T14:12:32.458 INFO:teuthology.orchestra.run.smithi080.stdout:/usr/bin/ceph: stderr
2024-04-25T14:12:31.489+0000 7f17f8c00700 1 -- 172.21.15.80:0/3393192183 <== mon.0 v2:172.21.15.80:3300/0 3 ==== mon_map magic: 0 ==== 205+0+0 (secure 0 0 0) 0x7f17ec019770 con 0x7f17fc1085c0
2024-04-25T14:12:32.458 INFO:teuthology.orchestra.run.smithi080.stdout:/usr/bin/ceph: stderr
2024-04-25T14:12:31.489+0000 7f1802a00700 1 -- 172.21.15.80:0/3393192183 --> [v2:172.21.15.80:3300/0,v1:172.21.15.80:6789/0] -- mon_subscribe({osdmap=0}) -- 0x7f17fc19f900 con 0x7f17fc1085c0
2024-04-25T14:12:32.458 INFO:teuthology.orchestra.run.smithi080.stdout:/usr/bin/ceph: stderr
2024-04-25T14:12:31.490+0000 7f1802a00700 1 -- 172.21.15.80:0/3393192183 --> [v2:172.21.15.80:3300/0,v1:172.21.15.80:6789/0] -- mon_command({"prefix": "get_command_descriptions"} v 0) -- 0x7f17fc10cca0 con 0x7f17fc1085c0
2024-04-25T14:12:32.458 INFO:teuthology.orchestra.run.smithi080.stdout:/usr/bin/ceph: stderr
2024-04-25T14:12:31.490+0000 7f17f8c00700 1 -- 172.21.15.80:0/3393192183 <== mon.0 v2:172.21.15.80:3300/0 4 ==== mgrmap(e 8) ==== 46558+0+0 (secure 0 0 0) 0x7f17ec01b440 con 0x7f17fc1085c0
2024-04-25T14:12:32.458 INFO:teuthology.orchestra.run.smithi080.stdout:/usr/bin/ceph: stderr
2024-04-25T14:12:31.490+0000 7f17f8c00700 1 --2- 172.21.15.80:0/3393192183 >> [v2:172.21.15.80:6800/1241695893,v1:172.21.15.80:6801/1241695893] conn(0x7f17e0039600 0x7f17e003bac0 unknown :-1 s=NONE pgs=0 cs=0 l=1 rev1=0 crypto rx=0 tx=0 comp rx=0 tx=0).connect
2024-04-25T14:12:32.458 INFO:teuthology.orchestra.run.smithi080.stdout:/usr/bin/ceph: stderr
2024-04-25T14:12:31.490+0000 7f17f8c00700 1 -- 172.21.15.80:0/3393192183 <== mon.0 v2:172.21.15.80:3300/0 5 ==== osd_map(2..2 src has 1..2) ==== 940+0+0 (secure 0 0 0) 0x7f17ec04df10 con 0x7f17fc1085c0
2024-04-25T14:12:32.458 INFO:teuthology.orchestra.run.smithi080.stdout:/usr/bin/ceph: stderr
2024-04-25T14:12:31.491+0000 7f17fb400700 1 --2- 172.21.15.80:0/3393192183 >> [v2:172.21.15.80:6800/1241695893,v1:172.21.15.80:6801/1241695893] conn(0x7f17e0039600 0x7f17e003bac0 unknown :-1 s=BANNER_CONNECTING pgs=0 cs=0 l=1 rev1=0 crypto rx=0 tx=0 comp rx=0 tx=0)._handle_peer_banner_payload supported=3 required=0
2024-04-25T14:12:32.458 INFO:teuthology.orchestra.run.smithi080.stdout:/usr/bin/ceph: stderr
2024-04-25T14:12:31.491+0000 7f17fb400700 1 --2- 172.21.15.80:0/3393192183 >> [v2:172.21.15.80:6800/1241695893,v1:172.21.15.80:6801/1241695893] conn(0x7f17e0039600 0x7f17e003bac0 secure :-1 s=READY pgs=15 cs=0 l=1 rev1=1 crypto rx=0x7f17e8006fd0 tx=0x7f17e8006e40 comp rx=0 tx=0).ready entity=mgr.14120 client_cookie=0 server_cookie=0 in_seq=0 out_seq=0
2024-04-25T14:12:32.458 INFO:teuthology.orchestra.run.smithi080.stdout:/usr/bin/ceph: stderr
2024-04-25T14:12:31.495+0000 7f17f8c00700 1 -- 172.21.15.80:0/3393192183 <== mon.0 v2:172.21.15.80:3300/0 6 ==== mon_command_ack([{"prefix": "get_command_descriptions"}]=0 v0) ==== 72+0+188370 (secure 0 0 0) 0x7f17ec01f030 con 0x7f17fc1085c0
2024-04-25T14:12:32.458 INFO:teuthology.orchestra.run.smithi080.stdout:/usr/bin/ceph: stderr
2024-04-25T14:12:31.713+0000 7f1802a00700 1 -- 172.21.15.80:0/3393192183 --> [v2:172.21.15.80:3300/0,v1:172.21.15.80:6789/0] -- mon_command([{prefix=config set, name=mgr/dashboard/ssl_server_port}] v 0) -- 0x7f17fc19fea0 con 0x7f17fc1085c0
2024-04-25T14:12:32.458 INFO:teuthology.orchestra.run.smithi080.stdout:/usr/bin/ceph: stderr
2024-04-25T14:12:31.720+0000 7f17f8c00700 1 -- 172.21.15.80:0/3393192183 <== mon.0 v2:172.21.15.80:3300/0 7 ==== mon_command_ack([{prefix=config set, name=mgr/dashboard/ssl_server_port}]=0 v8)=0 v8) ==== 130+0+0 (secure 0 0 0) 0x7f17ec04f030 con 0x7f17fc1085c0
2024-04-25T14:12:32.458 INFO:teuthology.orchestra.run.smithi080.stdout:/usr/bin/ceph: stderr
2024-04-25T14:12:31.724+0000 7f1802a00700 1 -- 172.21.15.80:0/3393192183 >> [v2:172.21.15.80:6800/1241695893,v1:172.21.15.80:6801/1241695893] conn(0x7f17e0039600 msgr2=0x7f17e003bac0 secure :-1 s=STATE_CONNECTION_ESTABLISHED l=1).mark_down
2024-04-25T14:12:32.459 INFO:teuthology.orchestra.run.smithi080.stdout:/usr/bin/ceph: stderr
2024-04-25T14:12:31.724+0000 7f1802a00700 1 --2- 172.21.15.80:0/3393192183 >> [v2:172.21.15.80:6800/1241695893,v1:172.21.15.80:6801/1241695893] conn(0x7f17e0039600 0x7f17e003bac0 secure :-1 s=READY pgs=15 cs=0 l=1 rev1=1 crypto rx=0x7f17e8006fd0 tx=0x7f17e8006e40 comp rx=0 tx=0).stop
2024-04-25T14:12:32.459 INFO:teuthology.orchestra.run.smithi080.stdout:/usr/bin/ceph: stderr
2024-04-25T14:12:31.724+0000 7f1802a00700 1 -- 172.21.15.80:0/3393192183 >> [v2:172.21.15.80:3300/0,v1:172.21.15.80:6789/0] conn(0x7f17fc1085c0 msgr2=0x7f17fc19c440 secure :-1 s=STATE_CONNECTION_ESTABLISHED l=1).mark_down
2024-04-25T14:12:32.459 INFO:teuthology.orchestra.run.smithi080.stdout:/usr/bin/ceph: stderr
2024-04-25T14:12:31.724+0000 7f1802a00700 1 --2- 172.21.15.80:0/3393192183 >> [v2:172.21.15.80:3300/0,v1:172.21.15.80:6789/0] conn(0x7f17fc1085c0 0x7f17fc19c440 secure :-1 s=READY pgs=54 cs=0 l=1 rev1=1 crypto rx=0x7f17ec009520 tx=0x7f17ec011aa0 comp rx=0 tx=0).stop
2024-04-25T14:12:32.459 INFO:teuthology.orchestra.run.smithi080.stdout:/usr/bin/ceph: stderr
2024-04-25T14:12:31.724+0000 7f1802a00700 1 -- 172.21.15.80:0/3393192183 shutdown_connections
2024-04-25T14:12:32.459 INFO:teuthology.orchestra.run.smithi080.stdout:/usr/bin/ceph: stderr
2024-04-25T14:12:31.724+0000 7f1802a00700 1 --2- 172.21.15.80:0/3393192183 >> [v2:172.21.15.80:6800/1241695893,v1:172.21.15.80:6801/1241695893] conn(0x7f17e0039600 0x7f17e003bac0 unknown :-1 s=CLOSED pgs=15 cs=0 l=1 rev1=1 crypto rx=0 tx=0 comp rx=0 tx=0).stop
2024-04-25T14:12:32.459 INFO:teuthology.orchestra.run.smithi080.stdout:/usr/bin/ceph: stderr
2024-04-25T14:12:31.724+0000 7f1802a00700 1 --2- 172.21.15.80:0/3393192183 >> [v2:172.21.15.80:3300/0,v1:172.21.15.80:6789/0] conn(0x7f17fc1085c0 0x7f17fc19c440 unknown :-1 s=CLOSED pgs=54 cs=0 l=1 rev1=1 crypto rx=0 tx=0 comp rx=0 tx=0).stop
2024-04-25T14:12:32.459 INFO:teuthology.orchestra.run.smithi080.stdout:/usr/bin/ceph: stderr
2024-04-25T14:12:31.724+0000 7f1802a00700 1 -- 172.21.15.80:0/3393192183 >> 172.21.15.80:0/3393192183 conn(0x7f17fc103ba0 msgr2=0x7f17fc104690 unknown :-1 s=STATE_NONE l=0).mark_down
2024-04-25T14:12:32.459 INFO:teuthology.orchestra.run.smithi080.stdout:/usr/bin/ceph: stderr
2024-04-25T14:12:31.724+0000 7f1802a00700 1 -- 172.21.15.80:0/3393192183 shutdown_connections
2024-04-25T14:12:32.459 INFO:teuthology.orchestra.run.smithi080.stdout:/usr/bin/ceph: stderr
2024-04-25T14:12:31.725+0000 7f1802a00700 1 -- 172.21.15.80:0/3393192183 wait complete.
2024-04-25T14:12:32.459 INFO:teuthology.orchestra.run.smithi080.stdout:Enabling the dashboard module...
2024-04-25T14:12:34.076 INFO:journalctl@ceph.mon.a.smithi080.stdout:Apr 25 14:12:33 smithi080 ceph-mon[28016]: pgmap v5: 0 pgs: ; 0 B data, 0 B used, 0 B / 0 B avail
2024-04-25T14:12:34.076 INFO:journalctl@ceph.mon.a.smithi080.stdout:Apr 25 14:12:33 smithi080 ceph-mon[28016]: from='mgr.14120 172.21.15.80:0/4195892000' entity='mgr.x'
2024-04-25T14:12:34.076 INFO:journalctl@ceph.mon.a.smithi080.stdout:Apr 25 14:12:33 smithi080 ceph-mon[28016]: from='client.? 172.21.15.80:0/3905530244' entity='client.admin' cmd=[{"prefix": "mgr module enable", "module": "dashboard"}]: dispatch
2024-04-25T14:12:34.077 INFO:journalctl@ceph.mgr.x.smithi080.stdout:Apr 25 14:12:33 smithi080 ceph-90574aae-030d-11ef-bc93-c7b262605968-mgr-x[28246]: ignoring --setuser ceph since I am not root
2024-04-25T14:12:34.077 INFO:journalctl@ceph.mgr.x.smithi080.stdout:Apr 25 14:12:33 smithi080 ceph-90574aae-030d-11ef-bc93-c7b262605968-mgr-x[28246]: ignoring --setgroup ceph since I am not root
2024-04-25T14:12:34.537 INFO:journalctl@ceph.mgr.x.smithi080.stdout:Apr 25 14:12:34 smithi080 ceph-90574aae-030d-11ef-bc93-c7b262605968-mgr-x[28246]:
2024-04-25T14:12:34.164+0000 7f1e90cde200 -1 mgr[py] Module balancer has missing NOTIFY_TYPES member
2024-04-25T14:12:34.537 INFO:journalctl@ceph.mgr.x.smithi080.stdout:Apr 25 14:12:34 smithi080 ceph-90574aae-030d-11ef-bc93-c7b262605968-mgr-x[28246]:
2024-04-25T14:12:34.406+0000 7f1e90cde200 -1 mgr[py] Module orchestrator has missing NOTIFY_TYPES member
2024-04-25T14:12:34.537 INFO:journalctl@ceph.mgr.x.smithi080.stdout:Apr 25 14:12:34 smithi080 ceph-90574aae-030d-11ef-bc93-c7b262605968-mgr-x[28246]:
2024-04-25T14:12:34.536+0000 7f1e90cde200 -1 mgr[py] Module snap_schedule has missing NOTIFY_TYPES member
2024-04-25T14:12:34.989 INFO:teuthology.orchestra.run.smithi080.stdout:/usr/bin/ceph: stderr
2024-04-25T14:12:33.092+0000 7f1dcda00700 1 Processor -- start
2024-04-25T14:12:34.989 INFO:teuthology.orchestra.run.smithi080.stdout:/usr/bin/ceph: stderr
2024-04-25T14:12:33.092+0000 7f1dcda00700 1 -- start start
2024-04-25T14:12:34.989 INFO:teuthology.orchestra.run.smithi080.stdout:/usr/bin/ceph: stderr
2024-04-25T14:12:33.092+0000 7f1dcda00700 1 --2- >> [v2:172.21.15.80:3300/0,v1:172.21.15.80:6789/0] conn(0x7f1dc807cd70 0x7f1dc807b1d0 unknown :-1 s=NONE pgs=0 cs=0 l=0 rev1=0 crypto rx=0 tx=0 comp rx=0 tx=0).connect
2024-04-25T14:12:34.989 INFO:teuthology.orchestra.run.smithi080.stdout:/usr/bin/ceph: stderr
2024-04-25T14:12:33.092+0000 7f1dcda00700 1 -- --> [v2:172.21.15.80:3300/0,v1:172.21.15.80:6789/0] -- mon_getmap magic: 0 -- 0x7f1dc807b7a0 con 0x7f1dc807cd70
2024-04-25T14:12:34.989 INFO:teuthology.orchestra.run.smithi080.stdout:/usr/bin/ceph: stderr
2024-04-25T14:12:33.093+0000 7f1dc6a00700 1 --2- >> [v2:172.21.15.80:3300/0,v1:172.21.15.80:6789/0] conn(0x7f1dc807cd70 0x7f1dc807b1d0 unknown :-1 s=BANNER_CONNECTING pgs=0 cs=0 l=0 rev1=0 crypto rx=0 tx=0 comp rx=0 tx=0)._handle_peer_banner_payload supported=3 required=0
