2024-04-25T14:12:01.220+0000 7fec8ac00700 1 -- --> [v2:172.21.15.80:3300/0,v1:172.21.15.80:6789/0] -- mon_getmap magic: 0 -- 0x7fec8407b760 con 0x7fec8407cd30
2024-04-25T14:12:02.268 INFO:teuthology.orchestra.run.smithi080.stdout:/usr/bin/ceph: stderr
2024-04-25T14:12:01.220+0000 7fec83e00700 1 --2- >> [v2:172.21.15.80:3300/0,v1:172.21.15.80:6789/0] conn(0x7fec8407cd30 0x7fec8407b190 unknown :-1 s=BANNER_CONNECTING pgs=0 cs=0 l=0 rev1=0 crypto rx=0 tx=0 comp rx=0 tx=0)._handle_peer_banner_payload supported=3 required=0
2024-04-25T14:12:02.268 INFO:teuthology.orchestra.run.smithi080.stdout:/usr/bin/ceph: stderr
2024-04-25T14:12:01.220+0000 7fec83e00700 1 --2- >> [v2:172.21.15.80:3300/0,v1:172.21.15.80:6789/0] conn(0x7fec8407cd30 0x7fec8407b190 unknown :-1 s=HELLO_CONNECTING pgs=0 cs=0 l=0 rev1=1 crypto rx=0 tx=0 comp rx=0 tx=0).handle_hello peer v2:172.21.15.80:3300/0 says I am v2:172.21.15.80:41414/0 (socket says 172.21.15.80:41414)
2024-04-25T14:12:02.268 INFO:teuthology.orchestra.run.smithi080.stdout:/usr/bin/ceph: stderr
2024-04-25T14:12:01.220+0000 7fec83e00700 1 -- 172.21.15.80:0/4243565323 learned_addr learned my addr 172.21.15.80:0/4243565323 (peer_addr_for_me v2:172.21.15.80:0/0)
2024-04-25T14:12:02.268 INFO:teuthology.orchestra.run.smithi080.stdout:/usr/bin/ceph: stderr
2024-04-25T14:12:01.221+0000 7fec83e00700 1 -- 172.21.15.80:0/4243565323 --> [v2:172.21.15.80:3300/0,v1:172.21.15.80:6789/0] -- mon_subscribe({config=0+,monmap=0+}) -- 0x7fec8407b8e0 con 0x7fec8407cd30
2024-04-25T14:12:02.268 INFO:teuthology.orchestra.run.smithi080.stdout:/usr/bin/ceph: stderr
2024-04-25T14:12:01.221+0000 7fec83e00700 1 --2- 172.21.15.80:0/4243565323 >> [v2:172.21.15.80:3300/0,v1:172.21.15.80:6789/0] conn(0x7fec8407cd30 0x7fec8407b190 secure :-1 s=READY pgs=26 cs=0 l=1 rev1=1 crypto rx=0x7fec740098a0 tx=0x7fec74009bb0 comp rx=0 tx=0).ready entity=mon.0 client_cookie=118be4522846495a server_cookie=0 in_seq=0 out_seq=0
2024-04-25T14:12:02.268 INFO:teuthology.orchestra.run.smithi080.stdout:/usr/bin/ceph: stderr
2024-04-25T14:12:01.221+0000 7fec82a00700 1 -- 172.21.15.80:0/4243565323 <== mon.0 v2:172.21.15.80:3300/0 1 ==== mon_map magic: 0 ==== 205+0+0 (secure 0 0 0) 0x7fec74004160 con 0x7fec8407cd30
2024-04-25T14:12:02.268 INFO:teuthology.orchestra.run.smithi080.stdout:/usr/bin/ceph: stderr
2024-04-25T14:12:01.221+0000 7fec82a00700 1 -- 172.21.15.80:0/4243565323 <== mon.0 v2:172.21.15.80:3300/0 2 ==== config(26 keys) ==== 1070+0+0 (secure 0 0 0) 0x7fec74004300 con 0x7fec8407cd30
2024-04-25T14:12:02.268 INFO:teuthology.orchestra.run.smithi080.stdout:/usr/bin/ceph: stderr
2024-04-25T14:12:01.221+0000 7fec82a00700 1 -- 172.21.15.80:0/4243565323 <== mon.0 v2:172.21.15.80:3300/0 3 ==== mon_map magic: 0 ==== 205+0+0 (secure 0 0 0) 0x7fec74011af0 con 0x7fec8407cd30
2024-04-25T14:12:02.268 INFO:teuthology.orchestra.run.smithi080.stdout:/usr/bin/ceph: stderr
2024-04-25T14:12:01.222+0000 7fec8ac00700 1 -- 172.21.15.80:0/4243565323 >> [v2:172.21.15.80:3300/0,v1:172.21.15.80:6789/0] conn(0x7fec8407cd30 msgr2=0x7fec8407b190 secure :-1 s=STATE_CONNECTION_ESTABLISHED l=1).mark_down
2024-04-25T14:12:02.268 INFO:teuthology.orchestra.run.smithi080.stdout:/usr/bin/ceph: stderr
2024-04-25T14:12:01.222+0000 7fec8ac00700 1 --2- 172.21.15.80:0/4243565323 >> [v2:172.21.15.80:3300/0,v1:172.21.15.80:6789/0] conn(0x7fec8407cd30 0x7fec8407b190 secure :-1 s=READY pgs=26 cs=0 l=1 rev1=1 crypto rx=0x7fec740098a0 tx=0x7fec74009bb0 comp rx=0 tx=0).stop
2024-04-25T14:12:02.268 INFO:teuthology.orchestra.run.smithi080.stdout:/usr/bin/ceph: stderr
2024-04-25T14:12:01.222+0000 7fec8ac00700 1 -- 172.21.15.80:0/4243565323 shutdown_connections
2024-04-25T14:12:02.268 INFO:teuthology.orchestra.run.smithi080.stdout:/usr/bin/ceph: stderr
2024-04-25T14:12:01.222+0000 7fec8ac00700 1 --2- 172.21.15.80:0/4243565323 >> [v2:172.21.15.80:3300/0,v1:172.21.15.80:6789/0] conn(0x7fec8407cd30 0x7fec8407b190 unknown :-1 s=CLOSED pgs=26 cs=0 l=1 rev1=1 crypto rx=0 tx=0 comp rx=0 tx=0).stop
2024-04-25T14:12:02.268 INFO:teuthology.orchestra.run.smithi080.stdout:/usr/bin/ceph: stderr
2024-04-25T14:12:01.222+0000 7fec8ac00700 1 -- 172.21.15.80:0/4243565323 >> 172.21.15.80:0/4243565323 conn(0x7fec84103be0 msgr2=0x7fec84106000 unknown :-1 s=STATE_NONE l=0).mark_down
2024-04-25T14:12:02.268 INFO:teuthology.orchestra.run.smithi080.stdout:/usr/bin/ceph: stderr
2024-04-25T14:12:01.222+0000 7fec8ac00700 1 -- 172.21.15.80:0/4243565323 shutdown_connections
2024-04-25T14:12:02.269 INFO:teuthology.orchestra.run.smithi080.stdout:/usr/bin/ceph: stderr
2024-04-25T14:12:01.223+0000 7fec8ac00700 1 -- 172.21.15.80:0/4243565323 wait complete.
2024-04-25T14:12:02.269 INFO:teuthology.orchestra.run.smithi080.stdout:/usr/bin/ceph: stderr
2024-04-25T14:12:01.224+0000 7fec8ac00700 1 Processor -- start
2024-04-25T14:12:02.269 INFO:teuthology.orchestra.run.smithi080.stdout:/usr/bin/ceph: stderr
2024-04-25T14:12:01.224+0000 7fec8ac00700 1 -- start start
2024-04-25T14:12:02.269 INFO:teuthology.orchestra.run.smithi080.stdout:/usr/bin/ceph: stderr
2024-04-25T14:12:01.224+0000 7fec8ac00700 1 --2- >> [v2:172.21.15.80:3300/0,v1:172.21.15.80:6789/0] conn(0x7fec8407cd30 0x7fec8419e6f0 unknown :-1 s=NONE pgs=0 cs=0 l=1 rev1=0 crypto rx=0 tx=0 comp rx=0 tx=0).connect
2024-04-25T14:12:02.269 INFO:teuthology.orchestra.run.smithi080.stdout:/usr/bin/ceph: stderr
2024-04-25T14:12:01.224+0000 7fec8ac00700 1 -- --> [v2:172.21.15.80:3300/0,v1:172.21.15.80:6789/0] -- mon_getmap magic: 0 -- 0x7fec8410eaf0 con 0x7fec8407cd30
2024-04-25T14:12:02.269 INFO:teuthology.orchestra.run.smithi080.stdout:/usr/bin/ceph: stderr
2024-04-25T14:12:01.224+0000 7fec83e00700 1 --2- >> [v2:172.21.15.80:3300/0,v1:172.21.15.80:6789/0] conn(0x7fec8407cd30 0x7fec8419e6f0 unknown :-1 s=BANNER_CONNECTING pgs=0 cs=0 l=1 rev1=0 crypto rx=0 tx=0 comp rx=0 tx=0)._handle_peer_banner_payload supported=3 required=0
2024-04-25T14:12:02.269 INFO:teuthology.orchestra.run.smithi080.stdout:/usr/bin/ceph: stderr
2024-04-25T14:12:01.224+0000 7fec83e00700 1 --2- >> [v2:172.21.15.80:3300/0,v1:172.21.15.80:6789/0] conn(0x7fec8407cd30 0x7fec8419e6f0 unknown :-1 s=HELLO_CONNECTING pgs=0 cs=0 l=1 rev1=1 crypto rx=0 tx=0 comp rx=0 tx=0).handle_hello peer v2:172.21.15.80:3300/0 says I am v2:172.21.15.80:41424/0 (socket says 172.21.15.80:41424)
2024-04-25T14:12:02.269 INFO:teuthology.orchestra.run.smithi080.stdout:/usr/bin/ceph: stderr
2024-04-25T14:12:01.224+0000 7fec83e00700 1 -- 172.21.15.80:0/1678732243 learned_addr learned my addr 172.21.15.80:0/1678732243 (peer_addr_for_me v2:172.21.15.80:0/0)
2024-04-25T14:12:02.269 INFO:teuthology.orchestra.run.smithi080.stdout:/usr/bin/ceph: stderr
2024-04-25T14:12:01.225+0000 7fec83e00700 1 -- 172.21.15.80:0/1678732243 --> [v2:172.21.15.80:3300/0,v1:172.21.15.80:6789/0] -- mon_subscribe({config=0+,monmap=0+}) -- 0x7fec8419ec30 con 0x7fec8407cd30
2024-04-25T14:12:02.269 INFO:teuthology.orchestra.run.smithi080.stdout:/usr/bin/ceph: stderr
2024-04-25T14:12:01.225+0000 7fec83e00700 1 --2- 172.21.15.80:0/1678732243 >> [v2:172.21.15.80:3300/0,v1:172.21.15.80:6789/0] conn(0x7fec8407cd30 0x7fec8419e6f0 secure :-1 s=READY pgs=27 cs=0 l=1 rev1=1 crypto rx=0x7fec74011ac0 tx=0x7fec74011ba0 comp rx=0 tx=0).ready entity=mon.0 client_cookie=0 server_cookie=0 in_seq=0 out_seq=0
2024-04-25T14:12:02.269 INFO:teuthology.orchestra.run.smithi080.stdout:/usr/bin/ceph: stderr
2024-04-25T14:12:01.225+0000 7fec80c00700 1 -- 172.21.15.80:0/1678732243 <== mon.0 v2:172.21.15.80:3300/0 1 ==== mon_map magic: 0 ==== 205+0+0 (secure 0 0 0) 0x7fec74003970 con 0x7fec8407cd30
2024-04-25T14:12:02.269 INFO:teuthology.orchestra.run.smithi080.stdout:/usr/bin/ceph: stderr
2024-04-25T14:12:01.225+0000 7fec80c00700 1 -- 172.21.15.80:0/1678732243 <== mon.0 v2:172.21.15.80:3300/0 2 ==== config(26 keys) ==== 1070+0+0 (secure 0 0 0) 0x7fec74003b10 con 0x7fec8407cd30
2024-04-25T14:12:02.269 INFO:teuthology.orchestra.run.smithi080.stdout:/usr/bin/ceph: stderr
2024-04-25T14:12:01.225+0000 7fec8ac00700 1 -- 172.21.15.80:0/1678732243 --> [v2:172.21.15.80:3300/0,v1:172.21.15.80:6789/0] -- mon_subscribe({mgrmap=0+}) -- 0x7fec8419eec0 con 0x7fec8407cd30
2024-04-25T14:12:02.269 INFO:teuthology.orchestra.run.smithi080.stdout:/usr/bin/ceph: stderr
2024-04-25T14:12:01.225+0000 7fec80c00700 1 -- 172.21.15.80:0/1678732243 <== mon.0 v2:172.21.15.80:3300/0 3 ==== mon_map magic: 0 ==== 205+0+0 (secure 0 0 0) 0x7fec74024610 con 0x7fec8407cd30
2024-04-25T14:12:02.270 INFO:teuthology.orchestra.run.smithi080.stdout:/usr/bin/ceph: stderr
2024-04-25T14:12:01.225+0000 7fec8ac00700 1 -- 172.21.15.80:0/1678732243 --> [v2:172.21.15.80:3300/0,v1:172.21.15.80:6789/0] -- mon_subscribe({osdmap=0}) -- 0x7fec841a1bb0 con 0x7fec8407cd30
2024-04-25T14:12:02.270 INFO:teuthology.orchestra.run.smithi080.stdout:/usr/bin/ceph: stderr
2024-04-25T14:12:01.227+0000 7fec8ac00700 1 -- 172.21.15.80:0/1678732243 --> [v2:172.21.15.80:3300/0,v1:172.21.15.80:6789/0] -- mon_command({"prefix": "get_command_descriptions"} v 0) -- 0x7fec840640a0 con 0x7fec8407cd30
2024-04-25T14:12:02.270 INFO:teuthology.orchestra.run.smithi080.stdout:/usr/bin/ceph: stderr
2024-04-25T14:12:01.227+0000 7fec80c00700 1 -- 172.21.15.80:0/1678732243 <== mon.0 v2:172.21.15.80:3300/0 4 ==== mgrmap(e 5) ==== 46558+0+0 (secure 0 0 0) 0x7fec74024890 con 0x7fec8407cd30
2024-04-25T14:12:02.270 INFO:teuthology.orchestra.run.smithi080.stdout:/usr/bin/ceph: stderr
2024-04-25T14:12:01.227+0000 7fec80c00700 1 --2- 172.21.15.80:0/1678732243 >> [v2:172.21.15.80:6800/311156835,v1:172.21.15.80:6801/311156835] conn(0x7fec680395b0 0x7fec6803ba70 unknown :-1 s=NONE pgs=0 cs=0 l=1 rev1=0 crypto rx=0 tx=0 comp rx=0 tx=0).connect
2024-04-25T14:12:02.270 INFO:teuthology.orchestra.run.smithi080.stdout:/usr/bin/ceph: stderr
2024-04-25T14:12:01.227+0000 7fec80c00700 1 -- 172.21.15.80:0/1678732243 <== mon.0 v2:172.21.15.80:3300/0 5 ==== osd_map(1..1 src has 1..1) ==== 725+0+0 (secure 0 0 0) 0x7fec7404d920 con 0x7fec8407cd30
2024-04-25T14:12:02.270 INFO:teuthology.orchestra.run.smithi080.stdout:/usr/bin/ceph: stderr
2024-04-25T14:12:01.227+0000 7fec83400700 1 -- 172.21.15.80:0/1678732243 >> [v2:172.21.15.80:6800/311156835,v1:172.21.15.80:6801/311156835] conn(0x7fec680395b0 msgr2=0x7fec6803ba70 unknown :-1 s=STATE_CONNECTING_RE l=1).process reconnect failed to v2:172.21.15.80:6800/311156835
2024-04-25T14:12:02.270 INFO:teuthology.orchestra.run.smithi080.stdout:/usr/bin/ceph: stderr
2024-04-25T14:12:01.227+0000 7fec83400700 1 --2- 172.21.15.80:0/1678732243 >> [v2:172.21.15.80:6800/311156835,v1:172.21.15.80:6801/311156835] conn(0x7fec680395b0 0x7fec6803ba70 unknown :-1 s=START_CONNECT pgs=0 cs=0 l=1 rev1=0 crypto rx=0 tx=0 comp rx=0 tx=0)._fault waiting 0.200000
2024-04-25T14:12:02.270 INFO:teuthology.orchestra.run.smithi080.stdout:/usr/bin/ceph: stderr
2024-04-25T14:12:01.232+0000 7fec80c00700 1 -- 172.21.15.80:0/1678732243 <== mon.0 v2:172.21.15.80:3300/0 6 ==== mon_command_ack([{"prefix": "get_command_descriptions"}]=0 v0) ==== 72+0+188370 (secure 0 0 0) 0x7fec740172b0 con 0x7fec8407cd30
2024-04-25T14:12:02.270 INFO:teuthology.orchestra.run.smithi080.stdout:/usr/bin/ceph: stderr
2024-04-25T14:12:01.428+0000 7fec83400700 1 -- 172.21.15.80:0/1678732243 >> [v2:172.21.15.80:6800/311156835,v1:172.21.15.80:6801/311156835] conn(0x7fec680395b0 msgr2=0x7fec6803ba70 unknown :-1 s=STATE_CONNECTING_RE l=1).process reconnect failed to v2:172.21.15.80:6800/311156835
2024-04-25T14:12:02.270 INFO:teuthology.orchestra.run.smithi080.stdout:/usr/bin/ceph: stderr
2024-04-25T14:12:01.428+0000 7fec83400700 1 --2- 172.21.15.80:0/1678732243 >> [v2:172.21.15.80:6800/311156835,v1:172.21.15.80:6801/311156835] conn(0x7fec680395b0 0x7fec6803ba70 unknown :-1 s=START_CONNECT pgs=0 cs=0 l=1 rev1=0 crypto rx=0 tx=0 comp rx=0 tx=0)._fault waiting 0.400000
2024-04-25T14:12:02.270 INFO:teuthology.orchestra.run.smithi080.stdout:/usr/bin/ceph: stderr
2024-04-25T14:12:01.537+0000 7fec8ac00700 1 -- 172.21.15.80:0/1678732243 --> [v2:172.21.15.80:3300/0,v1:172.21.15.80:6789/0] -- mon_command({"prefix": "mgr stat"} v 0) -- 0x7fec841a1d80 con 0x7fec8407cd30
2024-04-25T14:12:02.270 INFO:teuthology.orchestra.run.smithi080.stdout:/usr/bin/ceph: stderr
2024-04-25T14:12:01.538+0000 7fec80c00700 1 -- 172.21.15.80:0/1678732243 <== mon.0 v2:172.21.15.80:3300/0 7 ==== mon_command_ack([{"prefix": "mgr stat"}]=0 v5) ==== 56+0+88 (secure 0 0 0) 0x7fec7404d340 con 0x7fec8407cd30
2024-04-25T14:12:02.270 INFO:teuthology.orchestra.run.smithi080.stdout:/usr/bin/ceph: stderr
2024-04-25T14:12:01.541+0000 7fec8ac00700 1 -- 172.21.15.80:0/1678732243 >> [v2:172.21.15.80:6800/311156835,v1:172.21.15.80:6801/311156835] conn(0x7fec680395b0 msgr2=0x7fec6803ba70 unknown :-1 s=STATE_CONNECTING l=1).mark_down
2024-04-25T14:12:02.270 INFO:teuthology.orchestra.run.smithi080.stdout:/usr/bin/ceph: stderr
2024-04-25T14:12:01.541+0000 7fec8ac00700 1 --2- 172.21.15.80:0/1678732243 >> [v2:172.21.15.80:6800/311156835,v1:172.21.15.80:6801/311156835] conn(0x7fec680395b0 0x7fec6803ba70 unknown :-1 s=START_CONNECT pgs=0 cs=0 l=1 rev1=0 crypto rx=0 tx=0 comp rx=0 tx=0).stop
2024-04-25T14:12:02.271 INFO:teuthology.orchestra.run.smithi080.stdout:/usr/bin/ceph: stderr
2024-04-25T14:12:01.541+0000 7fec8ac00700 1 -- 172.21.15.80:0/1678732243 >> [v2:172.21.15.80:3300/0,v1:172.21.15.80:6789/0] conn(0x7fec8407cd30 msgr2=0x7fec8419e6f0 secure :-1 s=STATE_CONNECTION_ESTABLISHED l=1).mark_down
2024-04-25T14:12:02.271 INFO:teuthology.orchestra.run.smithi080.stdout:/usr/bin/ceph: stderr
2024-04-25T14:12:01.541+0000 7fec8ac00700 1 --2- 172.21.15.80:0/1678732243 >> [v2:172.21.15.80:3300/0,v1:172.21.15.80:6789/0] conn(0x7fec8407cd30 0x7fec8419e6f0 secure :-1 s=READY pgs=27 cs=0 l=1 rev1=1 crypto rx=0x7fec74011ac0 tx=0x7fec74011ba0 comp rx=0 tx=0).stop
2024-04-25T14:12:02.271 INFO:teuthology.orchestra.run.smithi080.stdout:/usr/bin/ceph: stderr
2024-04-25T14:12:01.541+0000 7fec8ac00700 1 -- 172.21.15.80:0/1678732243 shutdown_connections
2024-04-25T14:12:02.271 INFO:teuthology.orchestra.run.smithi080.stdout:/usr/bin/ceph: stderr
2024-04-25T14:12:01.541+0000 7fec8ac00700 1 --2- 172.21.15.80:0/1678732243 >> [v2:172.21.15.80:6800/311156835,v1:172.21.15.80:6801/311156835] conn(0x7fec680395b0 0x7fec6803ba70 unknown :-1 s=CLOSED pgs=0 cs=0 l=1 rev1=0 crypto rx=0 tx=0 comp rx=0 tx=0).stop
2024-04-25T14:12:02.271 INFO:teuthology.orchestra.run.smithi080.stdout:/usr/bin/ceph: stderr
2024-04-25T14:12:01.541+0000 7fec8ac00700 1 --2- 172.21.15.80:0/1678732243 >> [v2:172.21.15.80:3300/0,v1:172.21.15.80:6789/0] conn(0x7fec8407cd30 0x7fec8419e6f0 unknown :-1 s=CLOSED pgs=27 cs=0 l=1 rev1=1 crypto rx=0 tx=0 comp rx=0 tx=0).stop
2024-04-25T14:12:02.271 INFO:teuthology.orchestra.run.smithi080.stdout:/usr/bin/ceph: stderr
2024-04-25T14:12:01.541+0000 7fec8ac00700 1 -- 172.21.15.80:0/1678732243 >> 172.21.15.80:0/1678732243 conn(0x7fec84103be0 msgr2=0x7fec84104770 unknown :-1 s=STATE_NONE l=0).mark_down
2024-04-25T14:12:02.271 INFO:teuthology.orchestra.run.smithi080.stdout:/usr/bin/ceph: stderr
2024-04-25T14:12:01.541+0000 7fec8ac00700 1 -- 172.21.15.80:0/1678732243 shutdown_connections
2024-04-25T14:12:02.271 INFO:teuthology.orchestra.run.smithi080.stdout:/usr/bin/ceph: stderr
2024-04-25T14:12:01.542+0000 7fec8ac00700 1 -- 172.21.15.80:0/1678732243 wait complete.
2024-04-25T14:12:02.271 INFO:teuthology.orchestra.run.smithi080.stdout:Waiting for the mgr to restart...
2024-04-25T14:12:02.271 INFO:teuthology.orchestra.run.smithi080.stdout:Waiting for mgr epoch 5...
2024-04-25T14:12:02.825 INFO:journalctl@ceph.mgr.x.smithi080.stdout:Apr 25 14:12:02 smithi080 ceph-90574aae-030d-11ef-bc93-c7b262605968-mgr-x[28246]:
2024-04-25T14:12:02.561+0000 7f7204c1d200 -1 mgr[py] Module telegraf has missing NOTIFY_TYPES member
2024-04-25T14:12:02.826 INFO:journalctl@ceph.mgr.x.smithi080.stdout:Apr 25 14:12:02 smithi080 ceph-90574aae-030d-11ef-bc93-c7b262605968-mgr-x[28246]:
2024-04-25T14:12:02.796+0000 7f7204c1d200 -1 mgr[py] Module osd_support has missing NOTIFY_TYPES member
2024-04-25T14:12:03.326 INFO:journalctl@ceph.mgr.x.smithi080.stdout:Apr 25 14:12:03 smithi080 ceph-90574aae-030d-11ef-bc93-c7b262605968-mgr-x[28246]:
2024-04-25T14:12:03.011+0000 7f7204c1d200 -1 mgr[py] Module iostat has missing NOTIFY_TYPES member
2024-04-25T14:12:03.780 INFO:journalctl@ceph.mgr.x.smithi080.stdout:Apr 25 14:12:03 smithi080 ceph-90574aae-030d-11ef-bc93-c7b262605968-mgr-x[28246]:
2024-04-25T14:12:03.394+0000 7f7204c1d200 -1 mgr[py] Module alerts has missing NOTIFY_TYPES member
2024-04-25T14:12:03.780 INFO:journalctl@ceph.mgr.x.smithi080.stdout:Apr 25 14:12:03 smithi080 ceph-90574aae-030d-11ef-bc93-c7b262605968-mgr-x[28246]:
2024-04-25T14:12:03.514+0000 7f7204c1d200 -1 mgr[py] Module selftest has missing NOTIFY_TYPES member
2024-04-25T14:12:04.031 INFO:journalctl@ceph.mgr.x.smithi080.stdout:Apr 25 14:12:03 smithi080 ceph-90574aae-030d-11ef-bc93-c7b262605968-mgr-x[28246]:
2024-04-25T14:12:03.779+0000 7f7204c1d200 -1 mgr[py] Module pg_autoscaler has missing NOTIFY_TYPES member
2024-04-25T14:12:04.032 INFO:journalctl@ceph.mgr.x.smithi080.stdout:Apr 25 14:12:04 smithi080 ceph-90574aae-030d-11ef-bc93-c7b262605968-mgr-x[28246]:
2024-04-25T14:12:04.031+0000 7f7204c1d200 -1 mgr[py] Module test_orchestrator has missing NOTIFY_TYPES member
2024-04-25T14:12:05.076 INFO:journalctl@ceph.mgr.x.smithi080.stdout:Apr 25 14:12:04 smithi080 ceph-90574aae-030d-11ef-bc93-c7b262605968-mgr-x[28246]:
2024-04-25T14:12:04.804+0000 7f7204c1d200 -1 mgr[py] Module rook has missing NOTIFY_TYPES member
2024-04-25T14:12:05.732 INFO:journalctl@ceph.mgr.x.smithi080.stdout:Apr 25 14:12:05 smithi080 ceph-90574aae-030d-11ef-bc93-c7b262605968-mgr-x[28246]:
2024-04-25T14:12:05.346+0000 7f7204c1d200 -1 mgr[py] Module volumes has missing NOTIFY_TYPES member
2024-04-25T14:12:05.732 INFO:journalctl@ceph.mgr.x.smithi080.stdout:Apr 25 14:12:05 smithi080 ceph-90574aae-030d-11ef-bc93-c7b262605968-mgr-x[28246]:
2024-04-25T14:12:05.469+0000 7f7204c1d200 -1 mgr[py] Module crash has missing NOTIFY_TYPES member
2024-04-25T14:12:05.732 INFO:journalctl@ceph.mgr.x.smithi080.stdout:Apr 25 14:12:05 smithi080 ceph-90574aae-030d-11ef-bc93-c7b262605968-mgr-x[28246]:
2024-04-25T14:12:05.731+0000 7f7204c1d200 -1 mgr[py] Module rgw has missing NOTIFY_TYPES member
2024-04-25T14:12:06.813 INFO:journalctl@ceph.mgr.x.smithi080.stdout:Apr 25 14:12:06 smithi080 ceph-90574aae-030d-11ef-bc93-c7b262605968-mgr-x[28246]:
2024-04-25T14:12:06.369+0000 7f7204c1d200 -1 mgr[py] Module prometheus has missing NOTIFY_TYPES member
2024-04-25T14:12:06.813 INFO:journalctl@ceph.mgr.x.smithi080.stdout:Apr 25 14:12:06 smithi080 ceph-90574aae-030d-11ef-bc93-c7b262605968-mgr-x[28246]:
2024-04-25T14:12:06.494+0000 7f7204c1d200 -1 mgr[py] Module devicehealth has missing NOTIFY_TYPES member
2024-04-25T14:12:06.813 INFO:journalctl@ceph.mgr.x.smithi080.stdout:Apr 25 14:12:06 smithi080 ceph-90574aae-030d-11ef-bc93-c7b262605968-mgr-x[28246]:
2024-04-25T14:12:06.812+0000 7f7204c1d200 -1 mgr[py] Module telemetry has missing NOTIFY_TYPES member
2024-04-25T14:12:07.075 INFO:journalctl@ceph.mgr.x.smithi080.stdout:Apr 25 14:12:06 smithi080 ceph-90574aae-030d-11ef-bc93-c7b262605968-mgr-x[28246]:
2024-04-25T14:12:06.988+0000 7f7204c1d200 -1 mgr[py] Module diskprediction_local has missing NOTIFY_TYPES member
2024-04-25T14:12:07.576 INFO:journalctl@ceph.mgr.x.smithi080.stdout:Apr 25 14:12:07 smithi080 ceph-90574aae-030d-11ef-bc93-c7b262605968-mgr-x[28246]:
2024-04-25T14:12:07.114+0000 7f7204c1d200 -1 mgr[py] Module osd_perf_query has missing NOTIFY_TYPES member
2024-04-25T14:12:07.576 INFO:journalctl@ceph.mgr.x.smithi080.stdout:Apr 25 14:12:07 smithi080 ceph-90574aae-030d-11ef-bc93-c7b262605968-mgr-x[28246]:
2024-04-25T14:12:07.263+0000 7f7204c1d200 -1 mgr[py] Module rbd_support has missing NOTIFY_TYPES member
2024-04-25T14:12:08.076 INFO:journalctl@ceph.mgr.x.smithi080.stdout:Apr 25 14:12:07 smithi080 ceph-90574aae-030d-11ef-bc93-c7b262605968-mgr-x[28246]:
2024-04-25T14:12:07.632+0000 7f7204c1d200 -1 mgr[py] Module zabbix has missing NOTIFY_TYPES member
2024-04-25T14:12:08.659 INFO:journalctl@ceph.mgr.x.smithi080.stdout:Apr 25 14:12:08 smithi080 ceph-90574aae-030d-11ef-bc93-c7b262605968-mgr-x[28246]:
2024-04-25T14:12:08.378+0000 7f7204c1d200 -1 mgr[py] Module status has missing NOTIFY_TYPES member
2024-04-25T14:12:09.076 INFO:journalctl@ceph.mgr.x.smithi080.stdout:Apr 25 14:12:08 smithi080 ceph-90574aae-030d-11ef-bc93-c7b262605968-mgr-x[28246]:
2024-04-25T14:12:08.658+0000 7f7204c1d200 -1 mgr[py] Module nfs has missing NOTIFY_TYPES member
2024-04-25T14:12:09.076 INFO:journalctl@ceph.mon.a.smithi080.stdout:Apr 25 14:12:08 smithi080 ceph-mon[28016]: Active manager daemon x restarted
2024-04-25T14:12:09.076 INFO:journalctl@ceph.mon.a.smithi080.stdout:Apr 25 14:12:08 smithi080 ceph-mon[28016]: Activating manager daemon x
2024-04-25T14:12:09.076 INFO:journalctl@ceph.mon.a.smithi080.stdout:Apr 25 14:12:08 smithi080 ceph-mon[28016]: osdmap e2: 0 total, 0 up, 0 in
2024-04-25T14:12:09.076 INFO:journalctl@ceph.mon.a.smithi080.stdout:Apr 25 14:12:08 smithi080 ceph-mon[28016]: mgrmap e6: x(active, starting, since 0.00991996s)
2024-04-25T14:12:09.076 INFO:journalctl@ceph.mon.a.smithi080.stdout:Apr 25 14:12:08 smithi080 ceph-mon[28016]: from='mgr.14120 172.21.15.80:0/4195892000' entity='mgr.x' cmd=[{"prefix": "mon metadata", "id": "a"}]: dispatch
2024-04-25T14:12:09.077 INFO:journalctl@ceph.mon.a.smithi080.stdout:Apr 25 14:12:08 smithi080 ceph-mon[28016]: from='mgr.14120 172.21.15.80:0/4195892000' entity='mgr.x' cmd=[{"prefix": "mgr metadata", "who": "x", "id": "x"}]: dispatch
2024-04-25T14:12:09.077 INFO:journalctl@ceph.mon.a.smithi080.stdout:Apr 25 14:12:08 smithi080 ceph-mon[28016]: from='mgr.14120 172.21.15.80:0/4195892000' entity='mgr.x' cmd=[{"prefix": "mds metadata"}]: dispatch
2024-04-25T14:12:09.077 INFO:journalctl@ceph.mon.a.smithi080.stdout:Apr 25 14:12:08 smithi080 ceph-mon[28016]: from='mgr.14120 172.21.15.80:0/4195892000' entity='mgr.x' cmd=[{"prefix": "osd metadata"}]: dispatch
2024-04-25T14:12:09.077 INFO:journalctl@ceph.mon.a.smithi080.stdout:Apr 25 14:12:08 smithi080 ceph-mon[28016]: from='mgr.14120 172.21.15.80:0/4195892000' entity='mgr.x' cmd=[{"prefix": "mon metadata"}]: dispatch
2024-04-25T14:12:09.077 INFO:journalctl@ceph.mon.a.smithi080.stdout:Apr 25 14:12:08 smithi080 ceph-mon[28016]: Manager daemon x is now available
2024-04-25T14:12:09.077 INFO:journalctl@ceph.mon.a.smithi080.stdout:Apr 25 14:12:08 smithi080 ceph-mon[28016]: from='mgr.14120 172.21.15.80:0/4195892000' entity='mgr.x'
2024-04-25T14:12:10.042 INFO:journalctl@ceph.mon.a.smithi080.stdout:Apr 25 14:12:09 smithi080 ceph-mon[28016]: Found migration_current of "None". Setting to last migration.
2024-04-25T14:12:10.042 INFO:journalctl@ceph.mon.a.smithi080.stdout:Apr 25 14:12:09 smithi080 ceph-mon[28016]: from='mgr.14120 172.21.15.80:0/4195892000' entity='mgr.x'
2024-04-25T14:12:10.042 INFO:journalctl@ceph.mon.a.smithi080.stdout:Apr 25 14:12:09 smithi080 ceph-mon[28016]: from='mgr.14120 172.21.15.80:0/4195892000' entity='mgr.x' cmd=[{"prefix": "config dump", "format": "json"}]: dispatch
2024-04-25T14:12:10.042 INFO:journalctl@ceph.mon.a.smithi080.stdout:Apr 25 14:12:09 smithi080 ceph-mon[28016]: from='mgr.14120 172.21.15.80:0/4195892000' entity='mgr.x' cmd=[{"prefix": "config dump", "format": "json"}]: dispatch
2024-04-25T14:12:10.042 INFO:journalctl@ceph.mon.a.smithi080.stdout:Apr 25 14:12:09 smithi080 ceph-mon[28016]: from='mgr.14120 172.21.15.80:0/4195892000' entity='mgr.x' cmd=[{"prefix":"config rm","who":"mgr","name":"mgr/rbd_support/x/mirror_snapshot_schedule"}]: dispatch
2024-04-25T14:12:10.042 INFO:journalctl@ceph.mon.a.smithi080.stdout:Apr 25 14:12:09 smithi080 ceph-mon[28016]: from='mgr.14120 172.21.15.80:0/4195892000' entity='mgr.x' cmd=[{"prefix":"config rm","who":"mgr","name":"mgr/rbd_support/x/trash_purge_schedule"}]: dispatch
2024-04-25T14:12:10.042 INFO:journalctl@ceph.mon.a.smithi080.stdout:Apr 25 14:12:09 smithi080 ceph-mon[28016]: from='mgr.14120 172.21.15.80:0/4195892000' entity='mgr.x'
2024-04-25T14:12:10.042 INFO:journalctl@ceph.mon.a.smithi080.stdout:Apr 25 14:12:09 smithi080 ceph-mon[28016]: from='mgr.14120 172.21.15.80:0/4195892000' entity='mgr.x'
2024-04-25T14:12:10.042 INFO:journalctl@ceph.mon.a.smithi080.stdout:Apr 25 14:12:09 smithi080 ceph-mon[28016]: mgrmap e7: x(active, since 1.01061s)
2024-04-25T14:12:10.400 INFO:teuthology.orchestra.run.smithi080.stdout:/usr/bin/ceph: stdout {
2024-04-25T14:12:10.405 INFO:teuthology.orchestra.run.smithi080.stdout:/usr/bin/ceph: stdout "mgrmap_epoch": 7,
2024-04-25T14:12:10.405 INFO:teuthology.orchestra.run.smithi080.stdout:/usr/bin/ceph: stdout "initialized": true
2024-04-25T14:12:10.405 INFO:teuthology.orchestra.run.smithi080.stdout:/usr/bin/ceph: stdout }
2024-04-25T14:12:10.405 INFO:teuthology.orchestra.run.smithi080.stdout:/usr/bin/ceph: stderr
2024-04-25T14:12:02.847+0000 7f613e000700 1 Processor -- start
2024-04-25T14:12:10.405 INFO:teuthology.orchestra.run.smithi080.stdout:/usr/bin/ceph: stderr
2024-04-25T14:12:02.848+0000 7f613e000700 1 -- start start
2024-04-25T14:12:10.405 INFO:teuthology.orchestra.run.smithi080.stdout:/usr/bin/ceph: stderr
2024-04-25T14:12:02.848+0000 7f613e000700 1 --2- >> [v2:172.21.15.80:3300/0,v1:172.21.15.80:6789/0] conn(0x7f6138106e70 0x7f6138107290 unknown :-1 s=NONE pgs=0 cs=0 l=0 rev1=0 crypto rx=0 tx=0 comp rx=0 tx=0).connect
2024-04-25T14:12:10.405 INFO:teuthology.orchestra.run.smithi080.stdout:/usr/bin/ceph: stderr
2024-04-25T14:12:02.848+0000 7f613e000700 1 -- --> [v2:172.21.15.80:3300/0,v1:172.21.15.80:6789/0] -- mon_getmap magic: 0 -- 0x7f6138063d20 con 0x7f6138106e70
2024-04-25T14:12:10.405 INFO:teuthology.orchestra.run.smithi080.stdout:/usr/bin/ceph: stderr
2024-04-25T14:12:02.849+0000 7f6137400700 1 --2- >> [v2:172.21.15.80:3300/0,v1:172.21.15.80:6789/0] conn(0x7f6138106e70 0x7f6138107290 unknown :-1 s=BANNER_CONNECTING pgs=0 cs=0 l=0 rev1=0 crypto rx=0 tx=0 comp rx=0 tx=0)._handle_peer_banner_payload supported=3 required=0
2024-04-25T14:12:10.405 INFO:teuthology.orchestra.run.smithi080.stdout:/usr/bin/ceph: stderr
2024-04-25T14:12:02.849+0000 7f6137400700 1 --2- >> [v2:172.21.15.80:3300/0,v1:172.21.15.80:6789/0] conn(0x7f6138106e70 0x7f6138107290 unknown :-1 s=HELLO_CONNECTING pgs=0 cs=0 l=0 rev1=1 crypto rx=0 tx=0 comp rx=0 tx=0).handle_hello peer v2:172.21.15.80:3300/0 says I am v2:172.21.15.80:41428/0 (socket says 172.21.15.80:41428)
2024-04-25T14:12:10.405 INFO:teuthology.orchestra.run.smithi080.stdout:/usr/bin/ceph: stderr
2024-04-25T14:12:02.849+0000 7f6137400700 1 -- 172.21.15.80:0/1061469626 learned_addr learned my addr 172.21.15.80:0/1061469626 (peer_addr_for_me v2:172.21.15.80:0/0)
2024-04-25T14:12:10.406 INFO:teuthology.orchestra.run.smithi080.stdout:/usr/bin/ceph: stderr
2024-04-25T14:12:02.849+0000 7f6137400700 1 -- 172.21.15.80:0/1061469626 --> [v2:172.21.15.80:3300/0,v1:172.21.15.80:6789/0] -- mon_subscribe({config=0+,monmap=0+}) -- 0x7f61381077d0 con 0x7f6138106e70
2024-04-25T14:12:10.406 INFO:teuthology.orchestra.run.smithi080.stdout:/usr/bin/ceph: stderr
2024-04-25T14:12:02.849+0000 7f6137400700 1 --2- 172.21.15.80:0/1061469626 >> [v2:172.21.15.80:3300/0,v1:172.21.15.80:6789/0] conn(0x7f6138106e70 0x7f6138107290 secure :-1 s=READY pgs=28 cs=0 l=1 rev1=1 crypto rx=0x7f61280098a0 tx=0x7f6128009bb0 comp rx=0 tx=0).ready entity=mon.0 client_cookie=50c7e97da64651f server_cookie=0 in_seq=0 out_seq=0
2024-04-25T14:12:10.406 INFO:teuthology.orchestra.run.smithi080.stdout:/usr/bin/ceph: stderr
2024-04-25T14:12:02.850+0000 7f6136000700 1 -- 172.21.15.80:0/1061469626 <== mon.0 v2:172.21.15.80:3300/0 1 ==== mon_map magic: 0 ==== 205+0+0 (secure 0 0 0) 0x7f6128004160 con 0x7f6138106e70
2024-04-25T14:12:10.406 INFO:teuthology.orchestra.run.smithi080.stdout:/usr/bin/ceph: stderr
2024-04-25T14:12:02.850+0000 7f6136000700 1 -- 172.21.15.80:0/1061469626 <== mon.0 v2:172.21.15.80:3300/0 2 ==== config(26 keys) ==== 1070+0+0 (secure 0 0 0) 0x7f6128004300 con 0x7f6138106e70
2024-04-25T14:12:10.406 INFO:teuthology.orchestra.run.smithi080.stdout:/usr/bin/ceph: stderr
2024-04-25T14:12:02.850+0000 7f6136000700 1 -- 172.21.15.80:0/1061469626 <== mon.0 v2:172.21.15.80:3300/0 3 ==== mon_map magic: 0 ==== 205+0+0 (secure 0 0 0) 0x7f6128011af0 con 0x7f6138106e70
2024-04-25T14:12:10.406 INFO:teuthology.orchestra.run.smithi080.stdout:/usr/bin/ceph: stderr
2024-04-25T14:12:02.850+0000 7f613e000700 1 -- 172.21.15.80:0/1061469626 >> [v2:172.21.15.80:3300/0,v1:172.21.15.80:6789/0] conn(0x7f6138106e70 msgr2=0x7f6138107290 secure :-1 s=STATE_CONNECTION_ESTABLISHED l=1).mark_down
2024-04-25T14:12:10.406 INFO:teuthology.orchestra.run.smithi080.stdout:/usr/bin/ceph: stderr
2024-04-25T14:12:02.850+0000 7f613e000700 1 --2- 172.21.15.80:0/1061469626 >> [v2:172.21.15.80:3300/0,v1:172.21.15.80:6789/0] conn(0x7f6138106e70 0x7f6138107290 secure :-1 s=READY pgs=28 cs=0 l=1 rev1=1 crypto rx=0x7f61280098a0 tx=0x7f6128009bb0 comp rx=0 tx=0).stop
2024-04-25T14:12:10.406 INFO:teuthology.orchestra.run.smithi080.stdout:/usr/bin/ceph: stderr
2024-04-25T14:12:02.851+0000 7f613e000700 1 -- 172.21.15.80:0/1061469626 shutdown_connections
2024-04-25T14:12:10.406 INFO:teuthology.orchestra.run.smithi080.stdout:/usr/bin/ceph: stderr
2024-04-25T14:12:02.851+0000 7f613e000700 1 --2- 172.21.15.80:0/1061469626 >> [v2:172.21.15.80:3300/0,v1:172.21.15.80:6789/0] conn(0x7f6138106e70 0x7f6138107290 unknown :-1 s=CLOSED pgs=28 cs=0 l=1 rev1=1 crypto rx=0 tx=0 comp rx=0 tx=0).stop
2024-04-25T14:12:10.406 INFO:teuthology.orchestra.run.smithi080.stdout:/usr/bin/ceph: stderr
2024-04-25T14:12:02.851+0000 7f613e000700 1 -- 172.21.15.80:0/1061469626 >> 172.21.15.80:0/1061469626 conn(0x7f6138102ab0 msgr2=0x7f6138104ed0 unknown :-1 s=STATE_NONE l=0).mark_down
2024-04-25T14:12:10.406 INFO:teuthology.orchestra.run.smithi080.stdout:/usr/bin/ceph: stderr
2024-04-25T14:12:02.851+0000 7f613e000700 1 -- 172.21.15.80:0/1061469626 shutdown_connections
2024-04-25T14:12:10.406 INFO:teuthology.orchestra.run.smithi080.stdout:/usr/bin/ceph: stderr
2024-04-25T14:12:02.851+0000 7f613e000700 1 -- 172.21.15.80:0/1061469626 wait complete.
2024-04-25T14:12:10.406 INFO:teuthology.orchestra.run.smithi080.stdout:/usr/bin/ceph: stderr
2024-04-25T14:12:02.852+0000 7f613e000700 1 Processor -- start
2024-04-25T14:12:10.407 INFO:teuthology.orchestra.run.smithi080.stdout:/usr/bin/ceph: stderr
2024-04-25T14:12:02.852+0000 7f613e000700 1 -- start start
2024-04-25T14:12:10.407 INFO:teuthology.orchestra.run.smithi080.stdout:/usr/bin/ceph: stderr
2024-04-25T14:12:02.852+0000 7f613e000700 1 --2- >> [v2:172.21.15.80:3300/0,v1:172.21.15.80:6789/0] conn(0x7f6138106e70 0x7f613819e6a0 unknown :-1 s=NONE pgs=0 cs=0 l=1 rev1=0 crypto rx=0 tx=0 comp rx=0 tx=0).connect
2024-04-25T14:12:10.407 INFO:teuthology.orchestra.run.smithi080.stdout:/usr/bin/ceph: stderr
2024-04-25T14:12:02.852+0000 7f613e000700 1 -- --> [v2:172.21.15.80:3300/0,v1:172.21.15.80:6789/0] -- mon_getmap magic: 0 -- 0x7f6138108790 con 0x7f6138106e70
2024-04-25T14:12:10.407 INFO:teuthology.orchestra.run.smithi080.stdout:/usr/bin/ceph: stderr
2024-04-25T14:12:02.853+0000 7f6137400700 1 --2- >> [v2:172.21.15.80:3300/0,v1:172.21.15.80:6789/0] conn(0x7f6138106e70 0x7f613819e6a0 unknown :-1 s=BANNER_CONNECTING pgs=0 cs=0 l=1 rev1=0 crypto rx=0 tx=0 comp rx=0 tx=0)._handle_peer_banner_payload supported=3 required=0
2024-04-25T14:12:10.407 INFO:teuthology.orchestra.run.smithi080.stdout:/usr/bin/ceph: stderr
2024-04-25T14:12:02.853+0000 7f6137400700 1 --2- >> [v2:172.21.15.80:3300/0,v1:172.21.15.80:6789/0] conn(0x7f6138106e70 0x7f613819e6a0 unknown :-1 s=HELLO_CONNECTING pgs=0 cs=0 l=1 rev1=1 crypto rx=0 tx=0 comp rx=0 tx=0).handle_hello peer v2:172.21.15.80:3300/0 says I am v2:172.21.15.80:41436/0 (socket says 172.21.15.80:41436)
2024-04-25T14:12:10.407 INFO:teuthology.orchestra.run.smithi080.stdout:/usr/bin/ceph: stderr
2024-04-25T14:12:02.853+0000 7f6137400700 1 -- 172.21.15.80:0/2620659091 learned_addr learned my addr 172.21.15.80:0/2620659091 (peer_addr_for_me v2:172.21.15.80:0/0)
2024-04-25T14:12:10.407 INFO:teuthology.orchestra.run.smithi080.stdout:/usr/bin/ceph: stderr
2024-04-25T14:12:02.853+0000 7f6137400700 1 -- 172.21.15.80:0/2620659091 --> [v2:172.21.15.80:3300/0,v1:172.21.15.80:6789/0] -- mon_subscribe({config=0+,monmap=0+}) -- 0x7f613819ebe0 con 0x7f6138106e70
2024-04-25T14:12:10.407 INFO:teuthology.orchestra.run.smithi080.stdout:/usr/bin/ceph: stderr
2024-04-25T14:12:02.853+0000 7f6137400700 1 --2- 172.21.15.80:0/2620659091 >> [v2:172.21.15.80:3300/0,v1:172.21.15.80:6789/0] conn(0x7f6138106e70 0x7f613819e6a0 secure :-1 s=READY pgs=29 cs=0 l=1 rev1=1 crypto rx=0x7f6128011ac0 tx=0x7f6128011ba0 comp rx=0 tx=0).ready entity=mon.0 client_cookie=0 server_cookie=0 in_seq=0 out_seq=0
2024-04-25T14:12:10.407 INFO:teuthology.orchestra.run.smithi080.stdout:/usr/bin/ceph: stderr
2024-04-25T14:12:02.853+0000 7f612fe00700 1 -- 172.21.15.80:0/2620659091 <== mon.0 v2:172.21.15.80:3300/0 1 ==== mon_map magic: 0 ==== 205+0+0 (secure 0 0 0) 0x7f6128003b20 con 0x7f6138106e70
2024-04-25T14:12:10.407 INFO:teuthology.orchestra.run.smithi080.stdout:/usr/bin/ceph: stderr
2024-04-25T14:12:02.854+0000 7f612fe00700 1 -- 172.21.15.80:0/2620659091 <== mon.0 v2:172.21.15.80:3300/0 2 ==== config(26 keys) ==== 1070+0+0 (secure 0 0 0) 0x7f612801a8c0 con 0x7f6138106e70
2024-04-25T14:12:10.407 INFO:teuthology.orchestra.run.smithi080.stdout:/usr/bin/ceph: stderr
2024-04-25T14:12:02.854+0000 7f613e000700 1 -- 172.21.15.80:0/2620659091 --> [v2:172.21.15.80:3300/0,v1:172.21.15.80:6789/0] -- mon_subscribe({mgrmap=0+}) -- 0x7f613819ee70 con 0x7f6138106e70
2024-04-25T14:12:10.407 INFO:teuthology.orchestra.run.smithi080.stdout:/usr/bin/ceph: stderr
2024-04-25T14:12:02.854+0000 7f612fe00700 1 -- 172.21.15.80:0/2620659091 <== mon.0 v2:172.21.15.80:3300/0 3 ==== mon_map magic: 0 ==== 205+0+0 (secure 0 0 0) 0x7f61280248d0 con 0x7f6138106e70
2024-04-25T14:12:10.411 INFO:teuthology.orchestra.run.smithi080.stdout:/usr/bin/ceph: stderr
2024-04-25T14:12:02.854+0000 7f613e000700 1 -- 172.21.15.80:0/2620659091 --> [v2:172.21.15.80:3300/0,v1:172.21.15.80:6789/0] -- mon_subscribe({osdmap=0}) -- 0x7f61381a1b60 con 0x7f6138106e70
2024-04-25T14:12:10.412 INFO:teuthology.orchestra.run.smithi080.stdout:/usr/bin/ceph: stderr
2024-04-25T14:12:02.855+0000 7f612fe00700 1 -- 172.21.15.80:0/2620659091 <== mon.0 v2:172.21.15.80:3300/0 4 ==== mgrmap(e 5) ==== 46558+0+0 (secure 0 0 0) 0x7f6128022020 con 0x7f6138106e70
2024-04-25T14:12:10.412 INFO:teuthology.orchestra.run.smithi080.stdout:/usr/bin/ceph: stderr
2024-04-25T14:12:02.855+0000 7f612fe00700 1 --2- 172.21.15.80:0/2620659091 >> [v2:172.21.15.80:6800/311156835,v1:172.21.15.80:6801/311156835] conn(0x7f611c0395b0 0x7f611c03ba70 unknown :-1 s=NONE pgs=0 cs=0 l=1 rev1=0 crypto rx=0 tx=0 comp rx=0 tx=0).connect
2024-04-25T14:12:10.412 INFO:teuthology.orchestra.run.smithi080.stdout:/usr/bin/ceph: stderr
2024-04-25T14:12:02.855+0000 7f612fe00700 1 -- 172.21.15.80:0/2620659091 --> [v2:172.21.15.80:6800/311156835,v1:172.21.15.80:6801/311156835] -- command(tid 0: {"prefix": "get_command_descriptions"}) -- 0x7f611c03c180 con 0x7f611c0395b0
2024-04-25T14:12:10.412 INFO:teuthology.orchestra.run.smithi080.stdout:/usr/bin/ceph: stderr
2024-04-25T14:12:02.855+0000 7f612fe00700 1 -- 172.21.15.80:0/2620659091 <== mon.0 v2:172.21.15.80:3300/0 5 ==== osd_map(1..1 src has 1..1) ==== 725+0+0 (secure 0 0 0) 0x7f612804d570 con 0x7f6138106e70
2024-04-25T14:12:10.412 INFO:teuthology.orchestra.run.smithi080.stdout:/usr/bin/ceph: stderr
2024-04-25T14:12:02.856+0000 7f6136a00700 1 -- 172.21.15.80:0/2620659091 >> [v2:172.21.15.80:6800/311156835,v1:172.21.15.80:6801/311156835] conn(0x7f611c0395b0 msgr2=0x7f611c03ba70 unknown :-1 s=STATE_CONNECTING_RE l=1).process reconnect failed to v2:172.21.15.80:6800/311156835
2024-04-25T14:12:10.412 INFO:teuthology.orchestra.run.smithi080.stdout:/usr/bin/ceph: stderr
2024-04-25T14:12:02.856+0000 7f6136a00700 1 --2- 172.21.15.80:0/2620659091 >> [v2:172.21.15.80:6800/311156835,v1:172.21.15.80:6801/311156835] conn(0x7f611c0395b0 0x7f611c03ba70 unknown :-1 s=START_CONNECT pgs=0 cs=0 l=1 rev1=0 crypto rx=0 tx=0 comp rx=0 tx=0)._fault waiting 0.200000
2024-04-25T14:12:10.412 INFO:teuthology.orchestra.run.smithi080.stdout:/usr/bin/ceph: stderr
2024-04-25T14:12:03.057+0000 7f6136a00700 1 -- 172.21.15.80:0/2620659091 >> [v2:172.21.15.80:6800/311156835,v1:172.21.15.80:6801/311156835] conn(0x7f611c0395b0 msgr2=0x7f611c03ba70 unknown :-1 s=STATE_CONNECTING_RE l=1).process reconnect failed to v2:172.21.15.80:6800/311156835
2024-04-25T14:12:10.412 INFO:teuthology.orchestra.run.smithi080.stdout:/usr/bin/ceph: stderr
2024-04-25T14:12:03.057+0000 7f6136a00700 1 --2- 172.21.15.80:0/2620659091 >> [v2:172.21.15.80:6800/311156835,v1:172.21.15.80:6801/311156835] conn(0x7f611c0395b0 0x7f611c03ba70 unknown :-1 s=START_CONNECT pgs=0 cs=0 l=1 rev1=0 crypto rx=0 tx=0 comp rx=0 tx=0)._fault waiting 0.400000
2024-04-25T14:12:10.412 INFO:teuthology.orchestra.run.smithi080.stdout:/usr/bin/ceph: stderr
2024-04-25T14:12:03.458+0000 7f6136a00700 1 -- 172.21.15.80:0/2620659091 >> [v2:172.21.15.80:6800/311156835,v1:172.21.15.80:6801/311156835] conn(0x7f611c0395b0 msgr2=0x7f611c03ba70 unknown :-1 s=STATE_CONNECTING_RE l=1).process reconnect failed to v2:172.21.15.80:6800/311156835
2024-04-25T14:12:10.412 INFO:teuthology.orchestra.run.smithi080.stdout:/usr/bin/ceph: stderr
2024-04-25T14:12:03.458+0000 7f6136a00700 1 --2- 172.21.15.80:0/2620659091 >> [v2:172.21.15.80:6800/311156835,v1:172.21.15.80:6801/311156835] conn(0x7f611c0395b0 0x7f611c03ba70 unknown :-1 s=START_CONNECT pgs=0 cs=0 l=1 rev1=0 crypto rx=0 tx=0 comp rx=0 tx=0)._fault waiting 0.800000
2024-04-25T14:12:10.412 INFO:teuthology.orchestra.run.smithi080.stdout:/usr/bin/ceph: stderr
2024-04-25T14:12:04.259+0000 7f6136a00700 1 -- 172.21.15.80:0/2620659091 >> [v2:172.21.15.80:6800/311156835,v1:172.21.15.80:6801/311156835] conn(0x7f611c0395b0 msgr2=0x7f611c03ba70 unknown :-1 s=STATE_CONNECTING_RE l=1).process reconnect failed to v2:172.21.15.80:6800/311156835
2024-04-25T14:12:10.412 INFO:teuthology.orchestra.run.smithi080.stdout:/usr/bin/ceph: stderr
2024-04-25T14:12:04.259+0000 7f6136a00700 1 --2- 172.21.15.80:0/2620659091 >> [v2:172.21.15.80:6800/311156835,v1:172.21.15.80:6801/311156835] conn(0x7f611c0395b0 0x7f611c03ba70 unknown :-1 s=START_CONNECT pgs=0 cs=0 l=1 rev1=0 crypto rx=0 tx=0 comp rx=0 tx=0)._fault waiting 1.600000
2024-04-25T14:12:10.412 INFO:teuthology.orchestra.run.smithi080.stdout:/usr/bin/ceph: stderr
2024-04-25T14:12:05.861+0000 7f6136a00700 1 -- 172.21.15.80:0/2620659091 >> [v2:172.21.15.80:6800/311156835,v1:172.21.15.80:6801/311156835] conn(0x7f611c0395b0 msgr2=0x7f611c03ba70 unknown :-1 s=STATE_CONNECTING_RE l=1).process reconnect failed to v2:172.21.15.80:6800/311156835
2024-04-25T14:12:10.412 INFO:teuthology.orchestra.run.smithi080.stdout:/usr/bin/ceph: stderr
2024-04-25T14:12:05.861+0000 7f6136a00700 1 --2- 172.21.15.80:0/2620659091 >> [v2:172.21.15.80:6800/311156835,v1:172.21.15.80:6801/311156835] conn(0x7f611c0395b0 0x7f611c03ba70 unknown :-1 s=START_CONNECT pgs=0 cs=0 l=1 rev1=0 crypto rx=0 tx=0 comp rx=0 tx=0)._fault waiting 3.200000
2024-04-25T14:12:10.413 INFO:teuthology.orchestra.run.smithi080.stdout:/usr/bin/ceph: stderr
2024-04-25T14:12:08.668+0000 7f612fe00700 1 -- 172.21.15.80:0/2620659091 <== mon.0 v2:172.21.15.80:3300/0 6 ==== mgrmap(e 6) ==== 46325+0+0 (secure 0 0 0) 0x7f612802d3f0 con 0x7f6138106e70
2024-04-25T14:12:10.413 INFO:teuthology.orchestra.run.smithi080.stdout:/usr/bin/ceph: stderr
2024-04-25T14:12:08.669+0000 7f612fe00700 1 -- 172.21.15.80:0/2620659091 >> [v2:172.21.15.80:6800/311156835,v1:172.21.15.80:6801/311156835] conn(0x7f611c0395b0 msgr2=0x7f611c03ba70 unknown :-1 s=STATE_CONNECTING l=1).mark_down
2024-04-25T14:12:10.413 INFO:teuthology.orchestra.run.smithi080.stdout:/usr/bin/ceph: stderr
2024-04-25T14:12:08.669+0000 7f612fe00700 1 --2- 172.21.15.80:0/2620659091 >> [v2:172.21.15.80:6800/311156835,v1:172.21.15.80:6801/311156835] conn(0x7f611c0395b0 0x7f611c03ba70 unknown :-1 s=START_CONNECT pgs=0 cs=0 l=1 rev1=0 crypto rx=0 tx=0 comp rx=0 tx=0).stop
2024-04-25T14:12:10.413 INFO:teuthology.orchestra.run.smithi080.stdout:/usr/bin/ceph: stderr
2024-04-25T14:12:09.671+0000 7f612fe00700 1 -- 172.21.15.80:0/2620659091 <== mon.0 v2:172.21.15.80:3300/0 7 ==== mgrmap(e 7) ==== 46452+0+0 (secure 0 0 0) 0x7f612804f430 con 0x7f6138106e70
2024-04-25T14:12:10.413 INFO:teuthology.orchestra.run.smithi080.stdout:/usr/bin/ceph: stderr
2024-04-25T14:12:09.671+0000 7f612fe00700 1 --2- 172.21.15.80:0/2620659091 >> [v2:172.21.15.80:6800/1241695893,v1:172.21.15.80:6801/1241695893] conn(0x7f611c03cea0 0x7f611c03f290 unknown :-1 s=NONE pgs=0 cs=0 l=1 rev1=0 crypto rx=0 tx=0 comp rx=0 tx=0).connect
2024-04-25T14:12:10.413 INFO:teuthology.orchestra.run.smithi080.stdout:/usr/bin/ceph: stderr
2024-04-25T14:12:09.671+0000 7f612fe00700 1 -- 172.21.15.80:0/2620659091 --> [v2:172.21.15.80:6800/1241695893,v1:172.21.15.80:6801/1241695893] -- command(tid 0: {"prefix": "get_command_descriptions"}) -- 0x7f612804cfc0 con 0x7f611c03cea0
2024-04-25T14:12:10.413 INFO:teuthology.orchestra.run.smithi080.stdout:/usr/bin/ceph: stderr
2024-04-25T14:12:09.672+0000 7f6136a00700 1 --2- 172.21.15.80:0/2620659091 >> [v2:172.21.15.80:6800/1241695893,v1:172.21.15.80:6801/1241695893] conn(0x7f611c03cea0 0x7f611c03f290 unknown :-1 s=BANNER_CONNECTING pgs=0 cs=0 l=1 rev1=0 crypto rx=0 tx=0 comp rx=0 tx=0)._handle_peer_banner_payload supported=3 required=0
2024-04-25T14:12:10.413 INFO:teuthology.orchestra.run.smithi080.stdout:/usr/bin/ceph: stderr
2024-04-25T14:12:09.675+0000 7f6136a00700 1 --2- 172.21.15.80:0/2620659091 >> [v2:172.21.15.80:6800/1241695893,v1:172.21.15.80:6801/1241695893] conn(0x7f611c03cea0 0x7f611c03f290 secure :-1 s=READY pgs=1 cs=0 l=1 rev1=1 crypto rx=0x7f6124003a10 tx=0x7f6124009290 comp rx=0 tx=0).ready entity=mgr.14120 client_cookie=0 server_cookie=0 in_seq=0 out_seq=0
2024-04-25T14:12:10.413 INFO:teuthology.orchestra.run.smithi080.stdout:/usr/bin/ceph: stderr
2024-04-25T14:12:09.676+0000 7f612fe00700 1 -- 172.21.15.80:0/2620659091 <== mgr.14120 v2:172.21.15.80:6800/1241695893 1 ==== command_reply(tid 0: 0 ) ==== 8+0+7774 (secure 0 0 0) 0x7f612804cfc0 con 0x7f611c03cea0
2024-04-25T14:12:10.413 INFO:teuthology.orchestra.run.smithi080.stdout:/usr/bin/ceph: stderr
2024-04-25T14:12:09.683+0000 7f613e000700 1 -- 172.21.15.80:0/2620659091 --> [v2:172.21.15.80:6800/1241695893,v1:172.21.15.80:6801/1241695893] -- command(tid 1: {"prefix": "mgr_status"}) -- 0x7f613819f350 con 0x7f611c03cea0
2024-04-25T14:12:10.413 INFO:teuthology.orchestra.run.smithi080.stdout:/usr/bin/ceph: stderr
2024-04-25T14:12:09.684+0000 7f612fe00700 1 -- 172.21.15.80:0/2620659091 <== mgr.14120 v2:172.21.15.80:6800/1241695893 2 ==== command_reply(tid 1: 0 ) ==== 8+0+51 (secure 0 0 0) 0x7f613819f350 con 0x7f611c03cea0
2024-04-25T14:12:10.413 INFO:teuthology.orchestra.run.smithi080.stdout:/usr/bin/ceph: stderr
2024-04-25T14:12:09.684+0000 7f613e000700 1 -- 172.21.15.80:0/2620659091 >> [v2:172.21.15.80:6800/1241695893,v1:172.21.15.80:6801/1241695893] conn(0x7f611c03cea0 msgr2=0x7f611c03f290 secure :-1 s=STATE_CONNECTION_ESTABLISHED l=1).mark_down
2024-04-25T14:12:10.413 INFO:teuthology.orchestra.run.smithi080.stdout:/usr/bin/ceph: stderr
2024-04-25T14:12:09.684+0000 7f613e000700 1 --2- 172.21.15.80:0/2620659091 >> [v2:172.21.15.80:6800/1241695893,v1:172.21.15.80:6801/1241695893] conn(0x7f611c03cea0 0x7f611c03f290 secure :-1 s=READY pgs=1 cs=0 l=1 rev1=1 crypto rx=0x7f6124003a10 tx=0x7f6124009290 comp rx=0 tx=0).stop
2024-04-25T14:12:10.414 INFO:teuthology.orchestra.run.smithi080.stdout:/usr/bin/ceph: stderr
2024-04-25T14:12:09.684+0000 7f613e000700 1 -- 172.21.15.80:0/2620659091 >> [v2:172.21.15.80:3300/0,v1:172.21.15.80:6789/0] conn(0x7f6138106e70 msgr2=0x7f613819e6a0 secure :-1 s=STATE_CONNECTION_ESTABLISHED l=1).mark_down
2024-04-25T14:12:10.414 INFO:teuthology.orchestra.run.smithi080.stdout:/usr/bin/ceph: stderr
2024-04-25T14:12:09.684+0000 7f613e000700 1 --2- 172.21.15.80:0/2620659091 >> [v2:172.21.15.80:3300/0,v1:172.21.15.80:6789/0] conn(0x7f6138106e70 0x7f613819e6a0 secure :-1 s=READY pgs=29 cs=0 l=1 rev1=1 crypto rx=0x7f6128011ac0 tx=0x7f6128011ba0 comp rx=0 tx=0).stop
2024-04-25T14:12:10.414 INFO:teuthology.orchestra.run.smithi080.stdout:/usr/bin/ceph: stderr
2024-04-25T14:12:09.684+0000 7f613e000700 1 -- 172.21.15.80:0/2620659091 shutdown_connections
2024-04-25T14:12:10.414 INFO:teuthology.orchestra.run.smithi080.stdout:/usr/bin/ceph: stderr
2024-04-25T14:12:09.684+0000 7f613e000700 1 --2- 172.21.15.80:0/2620659091 >> [v2:172.21.15.80:6800/1241695893,v1:172.21.15.80:6801/1241695893] conn(0x7f611c03cea0 0x7f611c03f290 unknown :-1 s=CLOSED pgs=1 cs=0 l=1 rev1=1 crypto rx=0 tx=0 comp rx=0 tx=0).stop
2024-04-25T14:12:10.414 INFO:teuthology.orchestra.run.smithi080.stdout:/usr/bin/ceph: stderr
2024-04-25T14:12:09.684+0000 7f613e000700 1 --2- 172.21.15.80:0/2620659091 >> [v2:172.21.15.80:3300/0,v1:172.21.15.80:6789/0] conn(0x7f6138106e70 0x7f613819e6a0 unknown :-1 s=CLOSED pgs=29 cs=0 l=1 rev1=1 crypto rx=0 tx=0 comp rx=0 tx=0).stop
2024-04-25T14:12:10.414 INFO:teuthology.orchestra.run.smithi080.stdout:/usr/bin/ceph: stderr
2024-04-25T14:12:09.684+0000 7f613e000700 1 --2- 172.21.15.80:0/2620659091 >> [v2:172.21.15.80:6800/311156835,v1:172.21.15.80:6801/311156835] conn(0x7f611c0395b0 0x7f611c03ba70 unknown :-1 s=CLOSED pgs=0 cs=0 l=1 rev1=0 crypto rx=0 tx=0 comp rx=0 tx=0).stop
2024-04-25T14:12:10.414 INFO:teuthology.orchestra.run.smithi080.stdout:/usr/bin/ceph: stderr
2024-04-25T14:12:09.684+0000 7f613e000700 1 -- 172.21.15.80:0/2620659091 >> 172.21.15.80:0/2620659091 conn(0x7f6138102ab0 msgr2=0x7f6138195280 unknown :-1 s=STATE_NONE l=0).mark_down
2024-04-25T14:12:10.414 INFO:teuthology.orchestra.run.smithi080.stdout:/usr/bin/ceph: stderr
2024-04-25T14:12:09.685+0000 7f613e000700 1 -- 172.21.15.80:0/2620659091 shutdown_connections
2024-04-25T14:12:10.414 INFO:teuthology.orchestra.run.smithi080.stdout:/usr/bin/ceph: stderr
2024-04-25T14:12:09.685+0000 7f613e000700 1 -- 172.21.15.80:0/2620659091 wait complete.
2024-04-25T14:12:10.414 INFO:teuthology.orchestra.run.smithi080.stdout:mgr epoch 5 is available
2024-04-25T14:12:10.414 INFO:teuthology.orchestra.run.smithi080.stdout:Setting orchestrator backend to cephadm...
2024-04-25T14:12:10.869 INFO:journalctl@ceph.mon.a.smithi080.stdout:Apr 25 14:12:10 smithi080 ceph-mon[28016]: [25/Apr/2024:14:12:09] ENGINE Bus STARTING
2024-04-25T14:12:10.869 INFO:journalctl@ceph.mon.a.smithi080.stdout:Apr 25 14:12:10 smithi080 ceph-mon[28016]: [25/Apr/2024:14:12:09] ENGINE Serving on https://172.21.15.80:7150
2024-04-25T14:12:10.869 INFO:journalctl@ceph.mon.a.smithi080.stdout:Apr 25 14:12:10 smithi080 ceph-mon[28016]: from='client.14124 -' entity='client.admin' cmd=[{"prefix": "get_command_descriptions"}]: dispatch
2024-04-25T14:12:10.869 INFO:journalctl@ceph.mon.a.smithi080.stdout:Apr 25 14:12:10 smithi080 ceph-mon[28016]: from='client.14124 -' entity='client.admin' cmd=[{"prefix": "mgr_status"}]: dispatch
2024-04-25T14:12:10.869 INFO:journalctl@ceph.mon.a.smithi080.stdout:Apr 25 14:12:10 smithi080 ceph-mon[28016]: [25/Apr/2024:14:12:09] ENGINE Serving on http://172.21.15.80:8765
2024-04-25T14:12:10.869 INFO:journalctl@ceph.mon.a.smithi080.stdout:Apr 25 14:12:10 smithi080 ceph-mon[28016]: [25/Apr/2024:14:12:09] ENGINE Bus STARTED
2024-04-25T14:12:10.869 INFO:journalctl@ceph.mon.a.smithi080.stdout:Apr 25 14:12:10 smithi080 ceph-mon[28016]: from='mgr.14120 172.21.15.80:0/4195892000' entity='mgr.x' cmd=[{"prefix": "config dump", "format": "json"}]: dispatch
2024-04-25T14:12:11.962 INFO:journalctl@ceph.mon.a.smithi080.stdout:Apr 25 14:12:11 smithi080 ceph-mon[28016]: mgrmap e8: x(active, since 2s)
2024-04-25T14:12:11.962 INFO:journalctl@ceph.mon.a.smithi080.stdout:Apr 25 14:12:11 smithi080 ceph-mon[28016]: from='mgr.14120 172.21.15.80:0/4195892000' entity='mgr.x'
2024-04-25T14:12:11.962 INFO:journalctl@ceph.mon.a.smithi080.stdout:Apr 25 14:12:11 smithi080 ceph-mon[28016]: from='mgr.14120 172.21.15.80:0/4195892000' entity='mgr.x' cmd=[{"prefix": "config dump", "format": "json"}]: dispatch
2024-04-25T14:12:11.983 INFO:teuthology.orchestra.run.smithi080.stdout:/usr/bin/ceph: stderr
2024-04-25T14:12:11.034+0000 7fdf6f400700 1 Processor -- start
2024-04-25T14:12:11.984 INFO:teuthology.orchestra.run.smithi080.stdout:/usr/bin/ceph: stderr
2024-04-25T14:12:11.034+0000 7fdf6f400700 1 -- start start
2024-04-25T14:12:11.985 INFO:teuthology.orchestra.run.smithi080.stdout:/usr/bin/ceph: stderr
2024-04-25T14:12:11.035+0000 7fdf6f400700 1 --2- >> [v2:172.21.15.80:3300/0,v1:172.21.15.80:6789/0] conn(0x7fdf681085c0 0x7fdf681089e0 unknown :-1 s=NONE pgs=0 cs=0 l=0 rev1=0 crypto rx=0 tx=0 comp rx=0 tx=0).connect
2024-04-25T14:12:11.985 INFO:teuthology.orchestra.run.smithi080.stdout:/usr/bin/ceph: stderr
2024-04-25T14:12:11.035+0000 7fdf6f400700 1 -- --> [v2:172.21.15.80:3300/0,v1:172.21.15.80:6789/0] -- mon_getmap magic: 0 -- 0x7fdf68108fb0 con 0x7fdf681085c0
2024-04-25T14:12:11.985 INFO:teuthology.orchestra.run.smithi080.stdout:/usr/bin/ceph: stderr
2024-04-25T14:12:11.035+0000 7fdf6ca00700 1 --2- >> [v2:172.21.15.80:3300/0,v1:172.21.15.80:6789/0] conn(0x7fdf681085c0 0x7fdf681089e0 unknown :-1 s=BANNER_CONNECTING pgs=0 cs=0 l=0 rev1=0 crypto rx=0 tx=0 comp rx=0 tx=0)._handle_peer_banner_payload supported=3 required=0
2024-04-25T14:12:11.985 INFO:teuthology.orchestra.run.smithi080.stdout:/usr/bin/ceph: stderr
2024-04-25T14:12:11.036+0000 7fdf6ca00700 1 --2- >> [v2:172.21.15.80:3300/0,v1:172.21.15.80:6789/0] conn(0x7fdf681085c0 0x7fdf681089e0 unknown :-1 s=HELLO_CONNECTING pgs=0 cs=0 l=0 rev1=1 crypto rx=0 tx=0 comp rx=0 tx=0).handle_hello peer v2:172.21.15.80:3300/0 says I am v2:172.21.15.80:48210/0 (socket says 172.21.15.80:48210)
2024-04-25T14:12:11.985 INFO:teuthology.orchestra.run.smithi080.stdout:/usr/bin/ceph: stderr
